03-24 04:14:02.603 W/View ( 1990): requestLayout() improperly called by com.android.systemui.statusbar.AlphaOptimizedImageView{7aad581 VFED..C.. ......ID 0,0-140,132} during second layout pass: posting in next frame
03-24 04:14:02.626 W/View ( 1990): requestLayout() improperly called by android.widget.FrameLayout{3906626 I.E...... ......ID 0,0-780,182 #2bc} during layout: running second layout pass
03-24 04:14:02.626 W/View ( 1990): requestLayout() improperly called by com.android.systemui.statusbar.AlphaOptimizedImageView{7aad581 VFED..C.. ......ID 0,0-140,132} during layout: running second layout pass
03-24 04:14:02.879 I/OMX-VENC: venc_dev( 1210): stats: avg. fps 11.95, bitrate 489142
03-24 04:14:03.167 W/View ( 1990): requestLayout() improperly called by android.widget.FrameLayout{3906626 I.E...... ......ID 0,0-780,182 #2bc} during second layout pass: posting in next frame
03-24 04:14:03.167 W/View ( 1990): requestLayout() improperly called by com.android.systemui.statusbar.AlphaOptimizedImageView{7aad581 VFED..C.. ......ID 0,0-140,132} during second layout pass: posting in next frame
03-24 04:14:03.172 W/View ( 1990): requestLayout() improperly called by android.widget.FrameLayout{3906626 I.E...... ......ID 0,0-780,182 #2bc} during layout: running second layout pass
03-24 04:14:03.172 W/View ( 1990): requestLayout() improperly called by com.android.systemui.statusbar.AlphaOptimizedImageView{7aad581 VFED..C.. ......ID 0,0-140,132} during layout: running second layout pass
03-24 04:14:03.210 I/OMX-VENC: venc_dev( 1210): stats: avg. fps 3.94, bitrate 166514
03-24 04:14:03.248 W/hpplay-java( 2725): [main]:IPManager:getActiveNets invalid networkInfo:null
03-24 04:14:03.248 I/hpplay-java( 2725): [main]:IPManager:getActiveNets eth0:false wifi:false mobile:false ap:false
03-24 04:14:03.248 I/hpplay-java( 2725): [main]:ServerTaskManager:get local ip:null
03-24 04:14:03.506 I/mpu_uart( 646): [MSG-P:RECV]:No message received in 1000 ms
03-24 04:14:03.605 W/View ( 1990): requestLayout() improperly called by android.widget.FrameLayout{3906626 I.E...... ......ID 0,0-780,182 #2bc} during second layout pass: posting in next frame
03-24 04:14:03.605 W/View ( 1990): requestLayout() improperly called by com.android.systemui.statusbar.AlphaOptimizedImageView{7aad581 VFED..C.. ......ID 0,0-140,132} during second layout pass: posting in next frame
03-24 04:14:03.628 W/View ( 1990): requestLayout() improperly called by android.widget.FrameLayout{3906626 I.E...... ......ID 0,0-780,182 #2bc} during layout: running second layout pass
03-24 04:14:03.628 W/View ( 1990): requestLayout() improperly called by com.android.systemui.statusbar.AlphaOptimizedImageView{7aad581 VFED..C.. ......ID 0,0-140,132} during layout: running second layout pass
03-24 04:14:03.882 I/OMX-VENC: venc_dev( 1210): stats: avg. fps 12.96, bitrate 529968
03-24 04:14:04.171 W/View ( 1990): requestLayout() improperly called by android.widget.FrameLayout{3906626 I.E...... ......ID 0,0-780,182 #2bc} during second layout pass: posting in next frame
03-24 04:14:04.171 W/View ( 1990): requestLayout() improperly called by com.android.systemui.statusbar.AlphaOptimizedImageView{7aad581 VFED..C.. ......ID 0,0-140,132} during second layout pass: posting in next frame
03-24 04:14:04.195 W/View ( 1990): requestLayout() improperly called by android.widget.FrameLayout{3906626 I.E...... ......ID 0,0-780,182 #2bc} during layout: running second layout pass
03-24 04:14:04.196 W/View ( 1990): requestLayout() improperly called by com.android.systemui.statusbar.AlphaOptimizedImageView{7aad581 VFED..C.. ......ID 0,0-140,132} during layout: running second layout pass
03-24 04:14:04.222 I/OMX-VENC: venc_dev( 1210): stats: avg. fps 3.95, bitrate 166749
03-24 04:14:04.250 W/hpplay-java( 2725): [main]:IPManager:getActiveNets invalid networkInfo:null
03-24 04:14:04.251 I/hpplay-java( 2725): [main]:IPManager:getActiveNets eth0:false wifi:false mobile:false ap:false
03-24 04:14:04.251 I/hpplay-java( 2725): [main]:ServerTaskManager:get local ip:null
03-24 04:14:04.506 I/mpu_uart( 646): [MSG-P:RECV]:No message received in 1000 ms
03-24 04:14:04.590 W/View ( 1990): requestLayout() improperly called by android.widget.FrameLayout{3906626 I.E...... ......ID 0,0-780,182 #2bc} during second layout pass: posting in next frame
03-24 04:14:04.590 W/View ( 1990): requestLayout() improperly called by com.android.systemui.statusbar.AlphaOptimizedImageView{7aad581 VFED..C.. ......ID 0,0-140,132} during second layout pass: posting in next frame
03-24 04:14:04.614 W/View ( 1990): requestLayout() improperly called by android.widget.FrameLayout{3906626 I.E...... ......ID 0,0-780,182 #2bc} during layout: running second layout pass
03-24 04:14:04.614 W/View ( 1990): requestLayout() improperly called by com.android.systemui.statusbar.AlphaOptimizedImageView{7aad581 VFED..C.. ......ID 0,0-140,132} during layout: running second layout pass
03-24 04:14:04.639 I/mpu_uart( 646): [MSG-P:R]:recv sync frame timeout
03-24 04:14:04.967 I/OMX-VENC: venc_dev( 1210): stats: avg. fps 11.98, bitrate 490070
03-24 04:14:05.173 W/View ( 1990): requestLayout() improperly called by android.widget.FrameLayout{3906626 I.E...... ......ID 0,0-780,182 #2bc} during second layout pass: posting in next frame
03-24 04:14:05.173 W/View ( 1990): requestLayout() improperly called by com.android.systemui.statusbar.AlphaOptimizedImageView{7aad581 VFED..C.. ......ID 0,0-140,132} during second layout pass: posting in next frame
03-24 04:14:05.197 W/View ( 1990): requestLayout() improperly called by android.widget.FrameLayout{3906626 I.E...... ......ID 0,0-780,182 #2bc} during layout: running second layout pass
03-24 04:14:05.197 W/View ( 1990): requestLayout() improperly called by com.android.systemui.statusbar.AlphaOptimizedImageView{7aad581 VFED..C.. ......ID 0,0-140,132} during layout: running second layout pass
03-24 04:14:05.248 I/OMX-VENC: venc_dev( 1210): stats: avg. fps 4.88, bitrate 205627
03-24 04:14:05.253 W/hpplay-java( 2725): [main]:IPManager:getActiveNets invalid networkInfo:null
03-24 04:14:05.253 I/hpplay-java( 2725): [main]:IPManager:getActiveNets eth0:false wifi:false mobile:false ap:false
03-24 04:14:05.253 I/hpplay-java( 2725): [main]:ServerTaskManager:get local ip:null
03-24 04:14:05.507 I/mpu_uart( 646): [MSG-P:RECV]:No message received in 1000 ms
03-24 04:14:05.593 W/View ( 1990): requestLayout() improperly called by android.widget.FrameLayout{3906626 I.E...... ......ID 0,0-780,182 #2bc} during second layout pass: posting in next frame
03-24 04:14:05.593 W/View ( 1990): requestLayout() improperly called by com.android.systemui.statusbar.AlphaOptimizedImageView{7aad581 VFED..C.. ......ID 0,0-140,132} during second layout pass: posting in next frame
03-24 04:14:05.604 E/tlogd ( 1344): [TzLogger](isPathReadable) file /sys/kernel/debug/tzdbg/qsee_log isn't exist or no permission, err: No such file or directory
03-24 04:14:05.604 E/tlogd ( 1344): [TzLogger](saveTzlogAsync) /sys/kernel/debug/tzdbg/qsee_log can not read.
03-24 04:14:05.604 E/tlogd ( 1344): [TzLogger](isPathReadable) file /sys/kernel/debug/tzdbg/log isn't exist or no permission, err: No such file or directory
03-24 04:14:05.604 E/tlogd ( 1344): [TzLogger](saveTzlogAsync) /sys/kernel/debug/tzdbg/log can not read.
03-24 04:14:05.616 W/View ( 1990): requestLayout() improperly called by android.widget.FrameLayout{3906626 I.E...... ......ID 0,0-780,182 #2bc} during layout: running second layout pass
03-24 04:14:05.616 W/View ( 1990): requestLayout() improperly called by com.android.systemui.statusbar.AlphaOptimizedImageView{7aad581 VFED..C.. ......ID 0,0-140,132} during layout: running second layout pass
03-24 04:14:05.974 I/OMX-VENC: venc_dev( 1210): stats: avg. fps 11.91, bitrate 488160
03-24 04:14:06.175 W/View ( 1990): requestLayout() improperly called by android.widget.FrameLayout{3906626 I.E...... ......ID 0,0-780,182 #2bc} during second layout pass: posting in next frame
03-24 04:14:06.176 W/View ( 1990): requestLayout() improperly called by com.android.systemui.statusbar.AlphaOptimizedImageView{7aad581 VFED..C.. ......ID 0,0-140,132} during second layout pass: posting in next frame
03-24 04:14:06.197 W/View ( 1990): requestLayout() improperly called by android.widget.FrameLayout{3906626 I.E...... ......ID 0,0-780,182 #2bc} during layout: running second layout pass
03-24 04:14:06.197 W/View ( 1990): requestLayout() improperly called by com.android.systemui.statusbar.AlphaOptimizedImageView{7aad581 VFED..C.. ......ID 0,0-140,132} during layout: running second layout pass
03-24 04:14:06.212 I/selfinstaller( 1192): create socket failed: Network is unreachable 101
03-24 04:14:06.227 I/OpenGLRenderer( 1990): Davey! duration=9223370258809ms; Flags=0, FrameTimelineVsyncId=21538, IntendedVsync=1778045073973, Vsync=1778045073973, InputEventId=0, HandleInputStart=1778045534945, AnimationStart=1778045538226, PerformTraversalsStart=1778045540466, DrawStart=1778054304684, FrameDeadline=1778083073971, FrameInterval=1778045529737, FrameStartTime=16666666, SyncQueued=1778054694684, SyncStart=1778054814893, IssueDrawCommandsStart=1778055684684, SwapBuffers=1778060858226, FrameCompleted=9223372036854775807, DequeueBufferDuration=30417, QueueBufferDuration=980052, GpuCompleted=9223372036854775807, SwapBuffersCompleted=1778062272497, DisplayPresentTime=0,
03-24 04:14:06.255 W/hpplay-java( 2725): [main]:IPManager:getActiveNets invalid networkInfo:null
03-24 04:14:06.256 I/hpplay-java( 2725): [main]:IPManager:getActiveNets eth0:false wifi:false mobile:false ap:false
03-24 04:14:06.256 I/hpplay-java( 2725): [main]:ServerTaskManager:get local ip:null
03-24 04:14:06.507 I/mpu_uart( 646): [MSG-P:RECV]:No message received in 1000 ms
03-24 04:14:06.595 W/View ( 1990): requestLayout() improperly called by android.widget.FrameLayout{3906626 I.E...... ......ID 0,0-780,182 #2bc} during second layout pass: posting in next frame
03-24 04:14:06.596 W/View ( 1990): requestLayout() improperly called by com.android.systemui.statusbar.AlphaOptimizedImageView{7aad581 VFED..C.. ......ID 0,0-140,132} during second layout pass: posting in next frame
03-24 04:14:06.619 W/View ( 1990): requestLayout() improperly called by android.widget.FrameLayout{3906626 I.E...... ......ID 0,0-780,182 #2bc} during layout: running second layout pass
03-24 04:14:06.619 W/View ( 1990): requestLayout() improperly called by com.android.systemui.statusbar.AlphaOptimizedImageView{7aad581 VFED..C.. ......ID 0,0-140,132} during layout: running second layout pass
03-24 04:14:06.641 I/OMX-VENC: venc_dev( 1210): stats: avg. fps 3.59, bitrate 150162
03-24 04:14:07.071 I/OMX-VENC: venc_dev( 1210): stats: avg. fps 12.75, bitrate 522725
03-24 04:14:07.107 D/RemoteControlService( 2327): startVlanDispatchThread
03-24 04:14:07.178 W/View ( 1990): requestLayout() improperly called by android.widget.FrameLayout{3906626 I.E...... ......ID 0,0-780,182 #2bc} during second layout pass: posting in next frame
03-24 04:14:07.178 W/View ( 1990): requestLayout() improperly called by com.android.systemui.statusbar.AlphaOptimizedImageView{7aad581 VFED..C.. ......ID 0,0-140,132} during second layout pass: posting in next frame
03-24 04:14:07.202 W/View ( 1990): requestLayout() improperly called by android.widget.FrameLayout{3906626 I.E...... ......ID 0,0-780,182 #2bc} during layout: running second layout pass
03-24 04:14:07.202 W/View ( 1990): requestLayout() improperly called by com.android.systemui.statusbar.AlphaOptimizedImageView{7aad581 VFED..C.. ......ID 0,0-140,132} during layout: running second layout pass
03-24 04:14:07.258 W/hpplay-java( 2725): [main]:IPManager:getActiveNets invalid networkInfo:null
03-24 04:14:07.258 I/hpplay-java( 2725): [main]:IPManager:getActiveNets eth0:false wifi:false mobile:false ap:false
03-24 04:14:07.258 I/hpplay-java( 2725): [main]:ServerTaskManager:get local ip:null
03-24 04:14:07.507 I/mpu_uart( 646): [MSG-P:RECV]:No message received in 1000 ms
03-24 04:14:07.598 W/View ( 1990): requestLayout() improperly called by android.widget.FrameLayout{3906626 I.E...... ......ID 0,0-780,182 #2bc} during second layout pass: posting in next frame
03-24 04:14:07.598 W/View ( 1990): requestLayout() improperly called by com.android.systemui.statusbar.AlphaOptimizedImageView{7aad581 VFED..C.. ......ID 0,0-140,132} during second layout pass: posting in next frame
03-24 04:14:07.618 W/View ( 1990): requestLayout() improperly called by android.widget.FrameLayout{3906626 I.E...... ......ID 0,0-780,182 #2bc} during layout: running second layout pass
03-24 04:14:07.618 W/View ( 1990): requestLayout() improperly called by com.android.systemui.statusbar.AlphaOptimizedImageView{7aad581 VFED..C.. ......ID 0,0-140,132} during layout: running second layout pass
03-24 04:14:07.635 W/View ( 1990): requestLayout() improperly called by android.widget.FrameLayout{3906626 I.E...... ......ID 0,0-780,182 #2bc} during second layout pass: posting in next frame
03-24 04:14:07.635 W/View ( 1990): requestLayout() improperly called by com.android.systemui.statusbar.AlphaOptimizedImageView{7aad581 VFED..C.. ......ID 0,0-140,132} during second layout pass: posting in next frame
03-24 04:14:07.642 I/mpu_uart( 646): [MSG-P:R]:recv sync frame timeout
03-24 04:14:07.646 I/OMX-VENC: venc_dev( 1210): stats: avg. fps 3.98, bitrate 166753
03-24 04:14:07.651 W/View ( 1990): requestLayout() improperly called by android.widget.FrameLayout{3906626 I.E...... ......ID 0,0-780,182 #2bc} during layout: running second layout pass
03-24 04:14:07.651 W/View ( 1990): requestLayout() improperly called by com.android.systemui.statusbar.AlphaOptimizedImageView{7aad581 VFED..C.. ......ID 0,0-140,132} during layout: running second layout pass
03-24 04:14:07.652 I/OpenGLRenderer( 1990): Davey! duration=9223370257389ms; Flags=0, FrameTimelineVsyncId=21559, IntendedVsync=1779465164569, Vsync=1779465164569, InputEventId=722226122, HandleInputStart=1779465496767, AnimationStart=1779465533538, PerformTraversalsStart=1779465535309, DrawStart=1779475989059, FrameDeadline=1779503164567, FrameInterval=1779465493746, FrameStartTime=16666666, SyncQueued=1779476448538, SyncStart=1779476583278, IssueDrawCommandsStart=1779477663746, SwapBuffers=1779484600413, FrameCompleted=9223372036854775807, DequeueBufferDuration=40261, QueueBufferDuration=1308438, GpuCompleted=9223372036854775807, SwapBuffersCompleted=1779486484059, DisplayPresentTime=0,
03-24 04:14:07.663 I/sysui_multi_action( 1990): [757,925,758,4,759,113,927,1,928,0,1592,0,1593,1]
03-24 04:14:07.664 D/BluetoothManagerService( 1526): enable(com.android.systemui): mBluetooth =null mBinding = false mState = OFF
03-24 04:14:07.664 D/BluetoothManagerService( 1526): MESSAGE_ENABLE(0): mBluetooth = null
03-24 04:14:07.664 D/BluetoothManagerService( 1526): MESSAGE_ENABLE: handleEnable
03-24 04:14:07.664 D/BluetoothManagerService( 1526): binding Bluetooth service
03-24 04:14:07.664 D/BluetoothManagerService( 1526): enable returning
03-24 04:14:07.665 W/View ( 1990): requestLayout() improperly called by android.widget.FrameLayout{3906626 I.E...... ......ID 0,0-780,182 #2bc} during second layout pass: posting in next frame
03-24 04:14:07.665 W/View ( 1990): requestLayout() improperly called by com.android.systemui.statusbar.AlphaOptimizedImageView{7aad581 VFED..C.. ......ID 0,0-140,132} during second layout pass: posting in next frame
03-24 04:14:07.666 I/am_uid_running( 1526): 1002
03-24 04:14:07.667 D/CompatibilityChangeReporter( 1526): Compat change id reported: 135634846; UID 1002; state: DISABLED
03-24 04:14:07.667 D/CompatibilityChangeReporter( 1526): Compat change id reported: 177438394; UID 1002; state: DISABLED
03-24 04:14:07.667 D/CompatibilityChangeReporter( 1526): Compat change id reported: 135772972; UID 1002; state: DISABLED
03-24 04:14:07.667 D/CompatibilityChangeReporter( 1526): Compat change id reported: 135754954; UID 1002; state: ENABLED
03-24 04:14:07.668 D/BluetoothManagerService( 1526): Binding BT service. Current user: 0
03-24 04:14:07.682 W/View ( 1990): requestLayout() improperly called by android.widget.FrameLayout{3906626 I.E...... ......ID 0,0-780,182 #2bc} during layout: running second layout pass
03-24 04:14:07.682 W/View ( 1990): requestLayout() improperly called by com.android.systemui.statusbar.AlphaOptimizedImageView{7aad581 VFED..C.. ......ID 0,0-140,132} during layout: running second layout pass
03-24 04:14:07.682 D/Zygote ( 667): Forked child process 5359
03-24 04:14:07.683 I/am_proc_start( 1526): [0,5359,1002,com.android.bluetooth,service,{com.android.bluetooth/com.android.bluetooth.btservice.AdapterService}]
03-24 04:14:07.683 I/ActivityManager( 1526): Start proc 5359:com.android.bluetooth/1002 for service {com.android.bluetooth/com.android.bluetooth.btservice.AdapterService}
03-24 04:14:07.698 E/droid.bluetoot( 5359): Not starting debugger since process cannot load the jdwp agent.
03-24 04:14:07.700 D/ProcessState( 5359): Binder ioctl to enable oneway spam detection failed: Invalid argument
03-24 04:14:07.704 W/View ( 1990): requestLayout() improperly called by android.widget.FrameLayout{3906626 I.E...... ......ID 0,0-780,182 #2bc} during second layout pass: posting in next frame
03-24 04:14:07.705 W/View ( 1990): requestLayout() improperly called by com.android.systemui.statusbar.AlphaOptimizedImageView{7aad581 VFED..C.. ......ID 0,0-140,132} during second layout pass: posting in next frame
01-01 08:29:41.875 I/binder ( 0): 5359:5359 ioctl 40046210 7fe4c06fb4 returned -22
03-24 04:14:07.710 I/am_proc_bound( 1526): [0,5359,com.android.bluetooth]
03-24 04:14:07.712 D/CompatibilityChangeReporter( 1526): Compat change id reported: 168419799; UID 1002; state: DISABLED
03-24 04:14:07.712 D/CompatibilityInfo( 1526): mCompatibilityFlags - 4
03-24 04:14:07.712 D/CompatibilityInfo( 1526): applicationDensity - 240
03-24 04:14:07.712 D/CompatibilityInfo( 1526): applicationScale - 1.0
03-24 04:14:07.715 W/View ( 1990): requestLayout() improperly called by android.widget.FrameLayout{3906626 I.E...... ......ID 0,0-780,182 #2bc} during layout: running second layout pass
03-24 04:14:07.715 W/View ( 1990): requestLayout() improperly called by com.android.systemui.statusbar.AlphaOptimizedImageView{7aad581 VFED..C.. ......ID 0,0-140,132} during layout: running second layout pass
03-24 04:14:07.715 I/am_uid_active( 1526): 1002
03-24 04:14:07.724 D/CompatibilityInfo( 1526): mCompatibilityFlags - 4
03-24 04:14:07.724 D/CompatibilityInfo( 1526): applicationDensity - 240
03-24 04:14:07.724 D/CompatibilityInfo( 1526): applicationScale - 1.0
03-24 04:14:07.726 D/CompatibilityChangeReporter( 5359): Compat change id reported: 171979766; UID 1002; state: ENABLED
03-24 04:14:07.730 W/View ( 1990): requestLayout() improperly called by android.widget.FrameLayout{3906626 I.E...... ......ID 0,0-780,182 #2bc} during second layout pass: posting in next frame
03-24 04:14:07.730 W/View ( 1990): requestLayout() improperly called by com.android.systemui.statusbar.AlphaOptimizedImageView{7aad581 VFED..C.. ......ID 0,0-140,132} during second layout pass: posting in next frame
03-24 04:14:07.745 I/Perf ( 5359): Connecting to perf service.
03-24 04:14:07.747 W/View ( 1990): requestLayout() improperly called by android.widget.FrameLayout{3906626 I.E...... ......ID 0,0-780,182 #2bc} during layout: running second layout pass
03-24 04:14:07.747 W/View ( 1990): requestLayout() improperly called by com.android.systemui.statusbar.AlphaOptimizedImageView{7aad581 VFED..C.. ......ID 0,0-140,132} during layout: running second layout pass
03-24 04:14:07.748 V/GraphicsEnvironment( 5359): ANGLE Developer option for 'com.android.bluetooth' set to: 'default'
03-24 04:14:07.748 V/GraphicsEnvironment( 5359): ANGLE GameManagerService for com.android.bluetooth: false
03-24 04:14:07.749 D/NetworkSecurityConfig( 5359): No Network Security Config specified, using platform default
03-24 04:14:07.749 D/NetworkSecurityConfig( 5359): No Network Security Config specified, using platform default
03-24 04:14:07.752 E/BluetoothVendorHfJni( 5359): register_com_android_bluetooth_hfp_vendorhfservice:
03-24 04:14:07.754 E/BluetoothVendorJni( 5359): register_com_android_bluetooth_btservice_vendor:
03-24 04:14:07.754 E/BluetoothVendorSocketJni( 5359): register_com_android_bluetooth_btservice_vendor_socket:
03-24 04:14:07.754 E/droid.bluetoot( 5359): register_com_android_bluetooth_adv_audio_profiles
03-24 04:14:07.754 E/BluetoothCsipClientJni( 5359): register_com_android_bluetooth_csip_client
03-24 04:14:07.756 D/BluetoothOppFileProvider( 5359): Initialized
03-24 04:14:07.760 I/BluetoothBATServiceJni( 5359): classInitNative: Enter
03-24 04:14:07.760 I/BluetoothBATServiceJni( 5359): classInitNative: succeeds
03-24 04:14:07.763 W/View ( 1990): requestLayout() improperly called by android.widget.FrameLayout{3906626 I.E...... ......ID 0,0-780,182 #2bc} during second layout pass: posting in next frame
03-24 04:14:07.763 W/View ( 1990): requestLayout() improperly called by com.android.systemui.statusbar.AlphaOptimizedImageView{7aad581 VFED..C.. ......ID 0,0-140,132} during second layout pass: posting in next frame
03-24 04:14:07.764 I/droid.bluetoot( 5359): [0324/041407.764360:INFO:com_android_bluetooth_btservice_AdapterService.cpp(814)] hal_util_load_bt_library loaded HAL: btinterface=0x72427677b8, handle=0xec77ddf2b75bcdc9
03-24 04:14:07.764 D/BluetoothAdapterService( 5359): setAdvanceAudioSupport
03-24 04:14:07.764 D/BluetoothGroupService( 5359): setAdvanceAudioSupport: Setting support from LEA Module
03-24 04:14:07.765 D/AdapterServiceConfig( 5359): initAdvAudioConfig: adv_audio_feature_mask = 0
03-24 04:14:07.780 W/AdapterServiceConfig( 5359): LC3 Codec is not supported. adv_audio_feature_mask = 0
03-24 04:14:07.780 E/AdapterServiceConfig( 5359): adapterService is null
03-24 04:14:07.780 D/AdapterServiceConfig( 5359): getAudioProperties mIsA2dpSink false mIsBAEnabled false mIsSplitA2dpEnabled true
03-24 04:14:07.781 W/View ( 1990): requestLayout() improperly called by android.widget.FrameLayout{3906626 I.E...... ......ID 0,0-780,182 #2bc} during layout: running second layout pass
03-24 04:14:07.781 W/View ( 1990): requestLayout() improperly called by com.android.systemui.statusbar.AlphaOptimizedImageView{7aad581 VFED..C.. ......ID 0,0-140,132} during layout: running second layout pass
03-24 04:14:07.782 V/AdapterServiceConfig( 5359): Adding HeadsetService
03-24 04:14:07.782 V/AdapterServiceConfig( 5359): Adding A2dpService
03-24 04:14:07.782 I/AdapterServiceConfig( 5359): Profile A2dpSinkService Not added
03-24 04:14:07.782 V/AdapterServiceConfig( 5359): Adding HidHostService
03-24 04:14:07.782 V/AdapterServiceConfig( 5359): Adding PanService
03-24 04:14:07.782 V/AdapterServiceConfig( 5359): Adding GattService
03-24 04:14:07.782 V/AdapterServiceConfig( 5359): Adding BluetoothMapService
03-24 04:14:07.782 V/AdapterServiceConfig( 5359): Adding AvrcpControllerService
03-24 04:14:07.782 V/AdapterServiceConfig( 5359): Adding SapService
03-24 04:14:07.782 V/AdapterServiceConfig( 5359): Adding BluetoothOppService
03-24 04:14:07.782 V/AdapterServiceConfig( 5359): Adding BluetoothPbapService
03-24 04:14:07.783 V/AdapterServiceConfig( 5359): Feature Flag enables support for HearingAidService
03-24 04:14:07.783 V/AdapterServiceConfig( 5359): Adding HearingAidService
03-24 04:14:07.783 I/AdapterServiceConfig( 5359): Profile BATService Not added
03-24 04:14:07.784 D/BluetoothAdapterService( 5359): onCreate()
03-24 04:14:07.795 I/BluetoothVendorJni( 5359): classInitNative: succeeds
03-24 04:14:07.796 D/AdapterState( 5359): make() - Creating AdapterState
03-24 04:14:07.796 W/View ( 1990): requestLayout() improperly called by android.widget.FrameLayout{3906626 I.E...... ......ID 0,0-780,182 #2bc} during second layout pass: posting in next frame
03-24 04:14:07.796 W/View ( 1990): requestLayout() improperly called by com.android.systemui.statusbar.AlphaOptimizedImageView{7aad581 VFED..C.. ......ID 0,0-140,132} during second layout pass: posting in next frame
03-24 04:14:07.797 I/BluetoothVendorSocketJni( 5359): classInitNative: succeeds
03-24 04:14:07.797 I/AdapterState( 5359): OFF : entered
03-24 04:14:07.797 D/AdapterProperties( 5359): Setting state to OFF
03-24 04:14:07.798 D/BluetoothKeystoreService( 5359): new BluetoothKeystoreService isCommonCriteriaMode: false
03-24 04:14:07.798 D/BluetoothKeystoreService( 5359): start
03-24 04:14:07.799 I/droid.bluetoot( 5359): [0324/041407.799403:INFO:com_android_bluetooth_btservice_BluetoothKeystore.cpp(97)] classInitNative: succeeds
03-24 04:14:07.799 D/BluetoothKeystoreService( 5359): setBluetoothKeystoreService(): set to: com.android.bluetooth.btservice.bluetoothkeystore.BluetoothKeystoreService@6fd707e
03-24 04:14:07.801 D/BluetoothKeystoreService( 5359): loadConfigData
03-24 04:14:07.812 D/BluetoothKeystoreService( 5359): getCompareResult: 0
03-24 04:14:07.813 I/bt_btif ( 5359): QTI OMR1 stack: init: start restricted = 0 : common criteria mode = 0, config compare result = 0
03-24 04:14:07.814 I/bt_osi_thread( 5359): run_thread: thread id 5379, thread name stack_manager started
03-24 04:14:07.814 I/bt_stack_manager( 5359): event_init_stack is initializing the stack
03-24 04:14:07.814 W/View ( 1990): requestLayout() improperly called by android.widget.FrameLayout{3906626 I.E...... ......ID 0,0-780,182 #2bc} during layout: running second layout pass
03-24 04:14:07.815 W/View ( 1990): requestLayout() improperly called by com.android.systemui.statusbar.AlphaOptimizedImageView{7aad581 VFED..C.. ......ID 0,0-140,132} during layout: running second layout pass
03-24 04:14:07.829 I/bt_osi_thread( 5359): run_thread: thread id 5382, thread name alarm_default_ca started
03-24 04:14:07.829 I/bt_osi_thread( 5359): run_thread: thread id 5383, thread name alarm_dispatcher started
03-24 04:14:07.830 W/View ( 1990): requestLayout() improperly called by android.widget.FrameLayout{3906626 I.E...... ......ID 0,0-780,182 #2bc} during second layout pass: posting in next frame
03-24 04:14:07.830 W/View ( 1990): requestLayout() improperly called by com.android.systemui.statusbar.AlphaOptimizedImageView{7aad581 VFED..C.. ......ID 0,0-140,132} during second layout pass: posting in next frame
03-24 04:14:07.830 I/bt_config_source( 5359): 1
03-24 04:14:07.830 W/droid.bluetoot( 5359): [0324/041407.830495:WARNING:stack_interface.cc(101)] btif_stack_state OnStackState 0000
03-24 04:14:07.830 I/bt_config_source( 5359): 1
03-24 04:14:07.830 I/bt_btif_core( 5359): btif_init_bluetooth entered
03-24 04:14:07.831 D/bt_device_interop( 5359): interop_init_feature_name_id_map
03-24 04:14:07.836 D/bt_osi_config( 5359): config_parse no key/value separator found on line 492.
03-24 04:14:07.841 D/bt_device_interop( 5359): feature:: 0, key :: 08:62:66, value :: Address_Based
03-24 04:14:07.841 D/bt_device_interop( 5359): feature:: 0, key :: 38:2C:4A:C9, value :: Address_Based
03-24 04:14:07.841 D/bt_device_interop( 5359): feature:: 0, key :: 38:2C:4A:E6, value :: Address_Based
03-24 04:14:07.841 D/bt_device_interop( 5359): feature:: 0, key :: 54:A0:50:D9, value :: Address_Based
03-24 04:14:07.841 D/bt_device_interop( 5359): feature:: 0, key :: AC:9E:17, value :: Address_Based
03-24 04:14:07.841 D/bt_device_interop( 5359): feature:: 0, key :: F0:79:59, value :: Address_Based
03-24 04:14:07.841 D/bt_device_interop( 5359): feature:: 0, key :: 80:E4:DA:70, value :: Address_Based
03-24 04:14:07.841 D/bt_device_interop( 5359): feature:: 0, key :: 1C:96:5A, value :: Address_Based
03-24 04:14:07.841 D/bt_device_interop( 5359): feature:: 0, key :: 80:EA:CA, value :: Address_Based
03-24 04:14:07.841 D/bt_device_interop( 5359): feature:: 0, key :: 51:01:00, value :: Address_Based
03-24 04:14:07.841 D/bt_device_interop( 5359): feature:: 0, key :: 61:01:00, value :: Address_Based
03-24 04:14:07.841 D/bt_device_interop( 5359): feature:: 2, key :: A0:E9:DB, value :: Address_Based
03-24 04:14:07.841 D/bt_device_interop( 5359): feature:: 2, key :: 00:14:02, value :: Address_Based
03-24 04:14:07.841 D/bt_device_interop( 5359): feature:: 2, key :: 1C:48:F9, value :: Address_Based
03-24 04:14:07.841 D/bt_device_interop( 5359): feature:: 2, key :: 44:5E:F3, value :: Address_Based
03-24 04:14:07.841 D/bt_device_interop( 5359): feature:: 2, key :: D4:9C:28, value :: Address_Based
03-24 04:14:07.841 D/bt_device_interop( 5359): feature:: 2, key :: 00:18:6B, value :: Address_Based
03-24 04:14:07.841 D/bt_device_interop( 5359): feature:: 2, key :: B8:AD:3E, value :: Address_Based
03-24 04:14:07.841 D/bt_device_interop( 5359): feature:: 2, key :: 00:11:B1, value :: Address_Based
03-24 04:14:07.841 D/bt_device_interop( 5359): feature:: 2, key :: A4:15:66, value :: Address_Based
03-24 04:14:07.841 D/bt_device_interop( 5359): feature:: 2, key :: 00:14:F1, value :: Address_Based
03-24 04:14:07.841 D/bt_device_interop( 5359): feature:: 2, key :: 00:26:7E, value :: Address_Based
03-24 04:14:07.841 D/bt_device_interop( 5359): feature:: 2, key :: 90:03:B7, value :: Address_Based
03-24 04:14:07.841 D/bt_device_interop( 5359): feature:: 2, key :: 04:F8:C2, value :: Address_Based
03-24 04:14:07.841 D/bt_device_interop( 5359): feature:: 2, key :: 00:18:91, value :: Address_Based
03-24 04:14:07.841 D/bt_device_interop( 5359): feature:: 2, key :: 00:24:1C, value :: Address_Based
03-24 04:14:07.841 D/bt_device_interop( 5359): feature:: 2, key :: 00:08:8b, value :: Address_Based
03-24 04:14:07.841 D/bt_device_interop( 5359): feature:: 2, key :: 94:16:25, value :: Address_Based
03-24 04:14:07.841 D/bt_device_interop( 5359): feature:: 2, key :: 00:25:DB, value :: Address_Based
03-24 04:14:07.841 D/bt_device_interop( 5359): feature:: 2, key :: A0:C9:A0, value :: Address_Based
03-24 04:14:07.841 D/bt_device_interop( 5359): feature:: 2, key :: 4C:BC:42, value :: Address_Based
03-24 04:14:07.841 D/bt_device_interop( 5359): feature:: 2, key :: EC:41:18, value :: Address_Based
03-24 04:14:07.841 D/bt_device_interop( 5359): feature:: 2, key :: C8:FD:19, value :: Address_Based
03-24 04:14:07.841 D/bt_device_interop( 5359): feature:: 2, key :: 04:7F:0E, value :: Address_Based
03-24 04:14:07.842 D/bt_device_interop( 5359): feature:: 3, key :: 34:C7:31, value :: Address_Based
03-24 04:14:07.842 D/bt_device_interop( 5359): feature:: 3, key :: 00:07:04, value :: Address_Based
03-24 04:14:07.842 D/bt_device_interop( 5359): feature:: 3, key :: E0:75:0A, value :: Address_Based
03-24 04:14:07.842 D/bt_device_interop( 5359): feature:: 3, key :: Audi, value :: Name_Based
03-24 04:14:07.842 D/bt_device_interop( 5359): feature:: 3, key :: BMW, value :: Name_Based
03-24 04:14:07.842 D/bt_device_interop( 5359): feature:: 3, key :: Parrot, value :: Name_Based
03-24 04:14:07.842 D/bt_device_interop( 5359): feature:: 3, key :: Car, value :: Name_Based
03-24 04:14:07.842 D/bt_device_interop( 5359): feature:: 3, key :: NISSAN, value :: Name_Based
03-24 04:14:07.842 D/bt_device_interop( 5359): feature:: 4, key :: 00:0F:F6, value :: Address_Based
03-24 04:14:07.842 D/bt_device_interop( 5359): feature:: 5, key :: 00:18:91, value :: Address_Based
03-24 04:14:07.842 D/bt_device_interop( 5359): feature:: 5, key :: 00:21:4F, value :: Address_Based
03-24 04:14:07.842 D/bt_device_interop( 5359): feature:: 5, key :: 20:15:06, value :: Address_Based
03-24 04:14:07.842 D/bt_device_interop( 5359): feature:: 5, key :: 9C:DF:03, value :: Address_Based
03-24 04:14:07.842 D/bt_device_interop( 5359): feature:: 5, key :: 04:52:C7, value :: Address_Based
03-24 04:14:07.842 D/bt_device_interop( 5359): feature:: 5, key :: 30:14:4A, value :: Address_Based
03-24 04:14:07.842 D/bt_device_interop( 5359): feature:: 5, key :: 00:54:AF, value :: Address_Based
03-24 04:14:07.842 D/bt_device_interop( 5359): feature:: 5, key :: 7C:1C:4E, value :: Address_Based
03-24 04:14:07.842 D/bt_device_interop( 5359): feature:: 5, key :: 50:65:83, value :: Address_Based
03-24 04:14:07.842 D/bt_device_interop( 5359): feature:: 5, key :: 00:1E:7C, value :: Address_Based
03-24 04:14:07.842 D/bt_device_interop( 5359): feature:: 5, key :: C8:84:47, value :: Address_Based
03-24 04:14:07.842 D/bt_device_interop( 5359): feature:: 5, key :: D0:8A:55, value :: Address_Based
03-24 04:14:07.842 D/bt_device_interop( 5359): feature:: 5, key :: 48:F0:7B, value :: Address_Based
03-24 04:14:07.842 D/bt_device_interop( 5359): feature:: 5, key :: 00:0A:08, value :: Address_Based
03-24 04:14:07.842 D/bt_device_interop( 5359): feature:: 5, key :: 00:11:2D, value :: Address_Based
03-24 04:14:07.842 D/bt_device_interop( 5359): feature:: 5, key :: A8:54:B2, value :: Address_Based
03-24 04:14:07.842 D/bt_device_interop( 5359): feature:: 5, key :: AC:7A:4D, value :: Address_Based
03-24 04:14:07.842 D/bt_device_interop( 5359): feature:: 5, key :: E8:EC:A3, value :: Address_Based
03-24 04:14:07.842 D/bt_device_interop( 5359): feature:: 5, key :: 98:52:3D, value :: Address_Based
03-24 04:14:07.842 D/bt_device_interop( 5359): feature:: 22, key :: 00:12:A1, value :: Address_Based
03-24 04:14:07.842 D/bt_device_interop( 5359): feature:: 22, key :: Targus BT Laser Notebook Mouse, value :: Name_Based
03-24 04:14:07.842 D/bt_device_interop( 5359): feature:: 7, key :: Motorola Keyboard KZ500, value :: Name_Based
03-24 04:14:07.842 D/bt_device_interop( 5359): Entry is already present in the list
03-24 04:14:07.842 D/bt_device_interop( 5359): feature:: 7, key :: Motorola Keyboard KZ500 v122, value :: Name_Based
03-24 04:14:07.842 D/bt_device_interop( 5359): feature:: 7, key :: 0x22b8-0x093D, value :: Vndr_Prdt_Based
03-24 04:14:07.842 D/bt_device_interop( 5359): feature:: 8, key :: 20:4C:10, value :: Address_Based
03-24 04:14:07.842 D/bt_device_interop( 5359): feature:: 8, key :: 0x004C, value :: Manufacturer_Based
03-24 04:14:07.842 D/bt_device_interop( 5359): feature:: 11, key :: 00:14:09, value :: Address_Based
03-24 04:14:07.842 D/bt_device_interop( 5359): feature:: 11, key :: 00:06:F5, value :: Address_Based
03-24 04:14:07.842 D/bt_device_interop( 5359): feature:: 12, key :: BSMBB09DS, value :: Name_Based
03-24 04:14:07.842 D/bt_device_interop( 5359): feature:: 12, key :: ELECOM, value :: Name_Based
03-24 04:14:07.842 D/bt_device_interop( 5359): feature:: 26, key :: FC:C2:DE, value :: Address_Based
03-24 04:14:07.842 D/bt_device_interop( 5359): feature:: 26, key :: 00:26:B4, value :: Address_Based
03-24 04:14:07.842 D/bt_device_interop( 5359): feature:: 26, key :: 00:04:3E, value :: Address_Based
03-24 04:14:07.842 D/bt_device_interop( 5359): feature:: 26, key :: 00:23:01, value :: Address_Based
03-24 04:14:07.842 D/bt_device_interop( 5359): feature:: 26, key :: 1C:48:F9, value :: Address_Based
03-24 04:14:07.842 D/bt_device_interop( 5359): feature:: 26, key :: 00:54:AF, value :: Address_Based
03-24 04:14:07.843 D/bt_device_interop( 5359): feature:: 26, key :: 00:26:E8, value :: Address_Based
03-24 04:14:07.843 D/bt_device_interop( 5359): feature:: 26, key :: 00:37:6D, value :: Address_Based
03-24 04:14:07.843 D/bt_device_interop( 5359): feature:: 26, key :: 9C:3A:AF, value :: Address_Based
03-24 04:14:07.843 D/bt_device_interop( 5359): feature:: 26, key :: 00:18:91, value :: Address_Based
03-24 04:14:07.843 D/bt_device_interop( 5359): feature:: 26, key :: 0C:E0:E4, value :: Address_Based
03-24 04:14:07.843 D/bt_device_interop( 5359): feature:: 26, key :: 00:07:04, value :: Address_Based
03-24 04:14:07.843 D/bt_device_interop( 5359): feature:: 26, key :: A4:15:66, value :: Address_Based
03-24 04:14:07.843 D/bt_device_interop( 5359): feature:: 26, key :: D0:13:1E, value :: Address_Based
03-24 04:14:07.843 D/bt_device_interop( 5359): feature:: 26, key :: 8F:20:B4, value :: Address_Based
03-24 04:14:07.843 D/bt_device_interop( 5359): feature:: 26, key :: A8:B9:B3, value :: Address_Based
03-24 04:14:07.843 D/bt_device_interop( 5359): feature:: 26, key :: 00:0D:F0, value :: Address_Based
03-24 04:14:07.843 D/bt_device_interop( 5359): feature:: 26, key :: 00:08:E0, value :: Address_Based
03-24 04:14:07.843 D/bt_device_interop( 5359): feature:: 26, key :: 00:25:52, value :: Address_Based
03-24 04:14:07.843 D/bt_device_interop( 5359): feature:: 26, key :: 1C:52:16, value :: Address_Based
03-24 04:14:07.843 D/bt_device_interop( 5359): feature:: 26, key :: 00:06:66, value :: Address_Based
03-24 04:14:07.843 D/bt_device_interop( 5359): feature:: 26, key :: 00:24:E4, value :: address_Based
03-24 04:14:07.843 D/bt_device_interop( 5359): feature:: 26, key :: 00:1C:D8, value :: Address_Based
03-24 04:14:07.843 D/bt_device_interop( 5359): feature:: 26, key :: AC:FD:CE, value :: Address_Based
03-24 04:14:07.843 D/bt_device_interop( 5359): feature:: 26, key :: 08:76:95, value :: Address_Based
03-24 04:14:07.843 D/bt_device_interop( 5359): feature:: 26, key :: 00:00:45, value :: Address_Based
03-24 04:14:07.843 D/bt_device_interop( 5359): feature:: 26, key :: EB:06:EF, value :: Address_Based
03-24 04:14:07.843 D/bt_device_interop( 5359): feature:: 26, key :: 74:95:EC, value :: Address_Based
03-24 04:14:07.843 D/bt_device_interop( 5359): feature:: 26, key :: AC:FD:93, value :: Address_Based
03-24 04:14:07.843 D/bt_device_interop( 5359): feature:: 26, key :: AA:A8:AC, value :: Address_Based
03-24 04:14:07.843 D/bt_device_interop( 5359): feature:: 26, key :: B8:D5:0B, value :: Address_Based
03-24 04:14:07.843 D/bt_device_interop( 5359): feature:: 26, key :: 50:1A:A5, value :: Address_Based
03-24 04:14:07.843 D/bt_device_interop( 5359): feature:: 26, key :: E4:22:A5, value :: Address_Based
03-24 04:14:07.843 D/bt_device_interop( 5359): feature:: 26, key :: 4C:BC:42, value :: Address_Based
03-24 04:14:07.843 D/bt_device_interop( 5359): feature:: 17, key :: 00:0D:FD, value :: Address_Based
03-24 04:14:07.843 D/bt_device_interop( 5359): feature:: 17, key :: 00:1B:DC, value :: Address_Based
03-24 04:14:07.843 D/bt_device_interop( 5359): feature:: 17, key :: 00:07:04, value :: Address_Based
03-24 04:14:07.843 D/bt_device_interop( 5359): feature:: 17, key :: A4:15:66, value :: Address_Based
03-24 04:14:07.843 D/bt_device_interop( 5359): feature:: 17, key :: 00:54:AF, value :: Address_Based
03-24 04:14:07.843 D/bt_device_interop( 5359): feature:: 17, key :: 00:23:7F, value :: Address_Based
03-24 04:14:07.843 D/bt_device_interop( 5359): feature:: 17, key :: B8:69:C2, value :: Address_Based
03-24 04:14:07.843 D/bt_device_interop( 5359): feature:: 14, key :: 28:A1:83, value :: Address_Based
03-24 04:14:07.843 D/bt_device_interop( 5359): feature:: 14, key :: A0:14:3D, value :: Address_Based
03-24 04:14:07.843 D/bt_device_interop( 5359): feature:: 14, key :: 90:03:B7, value :: Address_Based
03-24 04:14:07.843 D/bt_device_interop( 5359): feature:: 14, key :: 00:21:3c, value :: Address_Based
03-24 04:14:07.844 D/bt_device_interop( 5359): feature:: 14, key :: 9C:DF:03, value :: Address_Based
03-24 04:14:07.844 D/bt_device_interop( 5359): feature:: 14, key :: E0:75:0A, value :: Address_Based
03-24 04:14:07.844 D/bt_device_interop( 5359): feature:: 14, key :: 48:F0:7B, value :: Address_Based
03-24 04:14:07.844 D/bt_device_interop( 5359): feature:: 14, key :: 04:52:C7, value :: Address_Based
03-24 04:14:07.844 D/bt_device_interop( 5359): feature:: 14, key :: 30:C3:D9, value :: Address_Based
03-24 04:14:07.844 D/bt_device_interop( 5359): feature:: 14, key :: 00:E0:4C, value :: Address_Based
03-24 04:14:07.844 D/bt_device_interop( 5359): feature:: 14, key :: abramtek M1, value :: Name_Based
03-24 04:14:07.844 D/bt_device_interop( 5359): feature:: 14, key :: Buick Verano, value :: Name_Based
03-24 04:14:07.844 D/bt_device_interop( 5359): feature:: 15, key :: B0:00:73, value :: Address_Based
03-24 04:14:07.844 D/bt_device_interop( 5359): feature:: 15, key :: Audi_MMI_2781, value :: Name_Based
03-24 04:14:07.844 D/bt_device_interop( 5359): feature:: 15, key :: 28:83:35, value :: Address_Based
03-24 04:14:07.844 D/bt_device_interop( 5359): feature:: 16, key :: B8:AD:3E, value :: Address_Based
03-24 04:14:07.844 D/bt_device_interop( 5359): feature:: 16, key :: LG HBSA100, value :: Name_Based
03-24 04:14:07.844 D/bt_device_interop( 5359): feature:: 16, key :: LG HBS1100, value :: Name_Based
03-24 04:14:07.844 D/bt_device_interop( 5359): feature:: 16, key :: 00:18:09, value :: Address_Based
03-24 04:14:07.844 D/bt_device_interop( 5359): feature:: 16, key :: MDR-XB80BS, value :: Name_Based
03-24 04:14:07.844 D/bt_device_interop( 5359): feature:: 16, key :: 7C:04:D0, value :: Address_Based
03-24 04:14:07.844 D/bt_device_interop( 5359): feature:: 16, key :: 24:F6:77, value :: Address_Based
03-24 04:14:07.844 D/bt_device_interop( 5359): feature:: 16, key :: AirPods, value :: Name_Based
03-24 04:14:07.844 D/bt_device_interop( 5359): feature:: 16, key :: 48:D6:D5, value :: Address_Based
03-24 04:14:07.844 D/bt_device_interop( 5359): feature:: 16, key :: Pixel Buds 7943, value :: Name_Based
03-24 04:14:07.844 D/bt_device_interop( 5359): feature:: 16, key :: 8C:DE:52, value :: Address_Based
03-24 04:14:07.844 D/bt_device_interop( 5359): feature:: 16, key :: SRS-X33, value :: Name_Based
03-24 04:14:07.844 D/bt_device_interop( 5359): feature:: 16, key :: 04:5D:4B, value :: Address_Based
03-24 04:14:07.844 D/bt_device_interop( 5359): feature:: 16, key :: WH-1000XM2, value :: Name_Based
03-24 04:14:07.844 D/bt_device_interop( 5359): feature:: 16, key :: h.ear (MDR-100ABN), value :: Name_Based
03-24 04:14:07.844 D/bt_device_interop( 5359): feature:: 16, key :: WI-1000X, value :: Name_Based
03-24 04:14:07.844 D/bt_device_interop( 5359): feature:: 16, key :: WH-H800 (h.ear), value :: Name_Based
03-24 04:14:07.844 D/bt_device_interop( 5359): feature:: 16, key :: MDR-1000X, value :: Name_Based
03-24 04:14:07.844 D/bt_device_interop( 5359): feature:: 16, key :: WI-H700 (h.ear), value :: Name_Based
03-24 04:14:07.844 D/bt_device_interop( 5359): feature:: 16, key :: WH-H900N (h.ear), value :: Name_Based
03-24 04:14:07.844 D/bt_device_interop( 5359): feature:: 16, key :: 10:4F:A8, value :: Address_Based
03-24 04:14:07.844 D/bt_device_interop( 5359): feature:: 16, key :: MDR-1ABT, value :: Name_Based
03-24 04:14:07.844 D/bt_device_interop( 5359): feature:: 16, key :: h.ear (MDR-EX750BT), value :: Name_Based
03-24 04:14:07.844 D/bt_device_interop( 5359): feature:: 16, key :: AC:9B:0A, value :: Address_Based
03-24 04:14:07.844 D/bt_device_interop( 5359): feature:: 16, key :: MDR-ZX770BN, value :: Name_Based
03-24 04:14:07.844 D/bt_device_interop( 5359): feature:: 16, key :: 04:52:C7, value :: Address_Based
03-24 04:14:07.844 D/bt_device_interop( 5359): feature:: 16, key :: Bose QuietComfort 35, value :: Name_Based
03-24 04:14:07.844 D/bt_device_interop( 5359): feature:: 16, key :: 94:B2:CC, value :: Address_Based
03-24 04:14:07.845 D/bt_device_interop( 5359): feature:: 16, key :: AVH-X5890BT, value :: Name_Based
03-24 04:14:07.845 D/bt_device_interop( 5359): feature:: 16, key :: AVH-A208BT, value :: Name_Based
03-24 04:14:07.845 D/bt_device_interop( 5359): feature:: 16, key :: 74:5E:1C, value :: Address_Based
03-24 04:14:07.845 D/bt_device_interop( 5359): feature:: 16, key :: AVH-X5790BT, value :: Name_Based
03-24 04:14:07.845 D/bt_device_interop( 5359): feature:: 16, key :: 00:1D:86, value :: Address_Based
03-24 04:14:07.845 D/bt_device_interop( 5359): feature:: 16, key :: Car Multimedia, value :: Name_Based
03-24 04:14:07.845 D/bt_device_interop( 5359): feature:: 16, key :: DDX6, value :: Name_Based
03-24 04:14:07.845 D/bt_device_interop( 5359): feature:: 16, key :: 90:03:B7, value :: Address_Based
03-24 04:14:07.845 D/bt_device_interop( 5359): feature:: 16, key :: Parrot ASTEROID, value :: Name_Based
03-24 04:14:07.845 D/bt_device_interop( 5359): feature:: 16, key :: 0C:E0:E4, value :: Address_Based
03-24 04:14:07.845 D/bt_device_interop( 5359): feature:: 16, key :: PLT_BBTPRO, value :: Name_Based
03-24 04:14:07.845 D/bt_device_interop( 5359): feature:: 16, key :: A4:15:66, value :: Address_Based
03-24 04:14:07.845 D/bt_device_interop( 5359): feature:: 16, key :: Tracks Air, value :: Name_Based
03-24 04:14:07.845 D/bt_device_interop( 5359): feature:: 16, key :: 00:1A:7D, value :: Address_Based
03-24 04:14:07.845 D/bt_device_interop( 5359): feature:: 16, key :: 66 Audio BTS, value :: Name_Based
03-24 04:14:07.845 D/bt_device_interop( 5359): feature:: 16, key :: 88:E6:03, value :: Address_Based
03-24 04:14:07.845 D/bt_device_interop( 5359): feature:: 16, key :: XB10, value :: Name_Based
03-24 04:14:07.845 D/bt_device_interop( 5359): feature:: 16, key :: B8:69:C2, value :: Address_Based
03-24 04:14:07.845 D/bt_device_interop( 5359): feature:: 16, key :: SRS-XB3, value :: Name_Based
03-24 04:14:07.845 D/bt_device_interop( 5359): feature:: 16, key :: 30:C3:D9, value :: Address_Based
03-24 04:14:07.845 D/bt_device_interop( 5359): feature:: 16, key :: MB Bluetooth 84389, value :: Name_Based
03-24 04:14:07.845 D/bt_device_interop( 5359): feature:: 16, key :: 00:02:5B, value :: Address_Based
03-24 04:14:07.845 D/bt_device_interop( 5359): feature:: 16, key :: HATS_00025B0085E9, value :: Name_Based
03-24 04:14:07.845 D/bt_device_interop( 5359): feature:: 16, key :: A8:BE:27, value :: Address_Based
03-24 04:14:07.845 D/bt_device_interop( 5359): feature:: 16, key :: BeatsX, value :: Name_Based
03-24 04:14:07.845 D/bt_device_interop( 5359): feature:: 16, key :: E0:D1:E6, value :: Address_Based
03-24 04:14:07.845 D/bt_device_interop( 5359): feature:: 16, key :: MINIJAMBOX by Jawbone, value :: Name_Based
03-24 04:14:07.845 D/bt_device_interop( 5359): feature:: 16, key :: 2C:41:A1, value :: Address_Based
03-24 04:14:07.845 D/bt_device_interop( 5359): feature:: 16, key :: Bose SoundSport, value :: Name_Based
03-24 04:14:07.845 D/bt_device_interop( 5359): feature:: 16, key :: Bose QC35 II, value :: Name_Based
03-24 04:14:07.845 D/bt_device_interop( 5359): feature:: 16, key :: DC:A4:CA, value :: Address_Based
03-24 04:14:07.845 D/bt_device_interop( 5359): feature:: 16, key :: Beats Solo鲁, value :: Name_Based
03-24 04:14:07.845 D/bt_device_interop( 5359): feature:: 16, key :: 58:E2:8F, value :: Address_Based
03-24 04:14:07.845 D/bt_device_interop( 5359): feature:: 16, key :: BeatsStudio Wireless, value :: Name_Based
03-24 04:14:07.845 D/bt_device_interop( 5359): feature:: 16, key :: FC:4B:BC, value :: Address_Based
03-24 04:14:07.845 D/bt_device_interop( 5359): feature:: 16, key :: XAV-AX100, value :: Name_Based
03-24 04:14:07.845 D/bt_device_interop( 5359): feature:: 16, key :: 00:18:6b, value :: Address_Based
03-24 04:14:07.845 D/bt_device_interop( 5359): feature:: 16, key :: LG HBS730, value :: Name_Based
03-24 04:14:07.845 D/bt_device_interop( 5359): feature:: 16, key :: 8C:57:9B, value :: Address_Based
03-24 04:14:07.845 D/bt_device_interop( 5359): feature:: 16, key :: h.ear go (SRS-HG1), value :: Name_Based
03-24 04:14:07.846 D/bt_device_interop( 5359): feature:: 16, key :: 40:ED:98, value :: Address_Based
03-24 04:14:07.846 D/bt_device_interop( 5359): feature:: 16, key :: FiiO BTR1K, value :: Name_Based
03-24 04:14:07.846 D/bt_device_interop( 5359): feature:: 16, key :: 0C:A6:94, value :: Address_Based
03-24 04:14:07.846 D/bt_device_interop( 5359): feature:: 16, key :: HK Soho Wireless, value :: Name_Based
03-24 04:14:07.846 D/bt_device_interop( 5359): feature:: 16, key :: 00:09:A7, value :: Address_Based
03-24 04:14:07.846 D/bt_device_interop( 5359): feature:: 16, key :: Beoplay H4, value :: Name_Based
03-24 04:14:07.846 D/bt_device_interop( 5359): feature:: 16, key :: 70:26:05, value :: Address_Based
03-24 04:14:07.846 D/bt_device_interop( 5359): feature:: 16, key :: WF-SP700N, value :: Name_Based
03-24 04:14:07.846 D/bt_device_interop( 5359): feature:: 16, key :: Pixel Buds, value :: Name_Based
03-24 04:14:07.846 D/bt_device_interop( 5359): Entry is already present in the list
03-24 04:14:07.846 D/bt_device_interop( 5359): feature:: 16, key :: 00:09:a7, value :: Address_Based
03-24 04:14:07.846 D/bt_device_interop( 5359): feature:: 16, key :: Beoplay E8, value :: Name_Based
03-24 04:14:07.846 D/bt_device_interop( 5359): feature:: 16, key :: Bose SoundWear, value :: Name_Based
03-24 04:14:07.846 D/bt_device_interop( 5359): feature:: 16, key :: Bose Free SoundSport, value :: Name_Based
03-24 04:14:07.846 D/bt_device_interop( 5359): feature:: 16, key :: Samsung Level On, value :: Name_Based
03-24 04:14:07.846 D/bt_device_interop( 5359): feature:: 16, key :: a0:56:b2, value :: Address_Based
03-24 04:14:07.846 D/bt_device_interop( 5359): feature:: 16, key :: BMW 08939, value :: Name_Based
03-24 04:14:07.846 D/bt_device_interop( 5359): feature:: 16, key :: MB Bluetooth, value :: Name_Based
03-24 04:14:07.846 D/bt_device_interop( 5359): feature:: 16, key :: 94:e3:6d, value :: Address_Based
03-24 04:14:07.846 D/bt_device_interop( 5359): feature:: 16, key :: BMW 99999, value :: Name_Based
03-24 04:14:07.846 D/bt_device_interop( 5359): feature:: 16, key :: E4:19:C1, value :: Address_Based
03-24 04:14:07.846 D/bt_device_interop( 5359): feature:: 16, key :: FreeBuds 3, value :: Name_Based
03-24 04:14:07.846 D/bt_device_interop( 5359): feature:: 16, key :: 28:83:35, value :: Address_Based
03-24 04:14:07.846 D/bt_device_interop( 5359): feature:: 16, key :: Level U Pro (5F23), value :: Name_Based
03-24 04:14:07.846 D/bt_device_interop( 5359): feature:: 33, key :: AC:FD:CE, value :: Address_Based
03-24 04:14:07.846 D/bt_device_interop( 5359): feature:: 21, key :: 00:1B:DC-0x0012, value :: SSR_Max_Lat_Based
03-24 04:14:07.846 D/bt_device_interop( 5359): feature:: 21, key :: DC:2C:26-0x0000, value :: SSR_Max_Lat_Based
03-24 04:14:07.846 D/bt_device_interop( 5359): feature:: 21, key :: 54:46:6B-0x0001, value :: SSR_Max_Lat_Based
03-24 04:14:07.846 D/bt_device_interop( 5359): feature:: 25, key :: 98:7b:f3, value :: Address_Based
03-24 04:14:07.846 D/bt_device_interop( 5359): feature:: 27, key :: 04:52:c7, value :: Address_Based
03-24 04:14:07.846 D/bt_device_interop( 5359): feature:: 27, key :: AirPods Pro, value :: Name_Based
03-24 04:14:07.846 D/bt_device_interop( 5359): feature:: 27, key :: 24:A8:7D, value :: Address_Based
