03-24 04:14:18.607 W/View ( 1990): requestLayout() improperly called by com.android.systemui.statusbar.AlphaOptimizedImageView{7aad581 VFED..C.. ......ID 0,0-140,132} during layout: running second layout pass
03-24 04:14:18.610 I/Telecom ( 1526): WiredHeadsetManager: ACTION_HEADSET_PLUG event, plugged in: false, : WHC.oADR@AGc
03-24 04:14:18.612 D/BluetoothSap( 2390): getConnectionState(14:3F:A6:D2:4D:63)
03-24 04:14:18.618 W/BluetoothDatabase( 5359): Invalid metadata key 17
03-24 04:14:18.618 E/BluetoothDatabase( 5359): getCustomMeta: meta key invalid 17
03-24 04:14:18.619 D/AdaptiveHomepageIcon( 2390): Setting background color -69693
03-24 04:14:18.622 D/BluetoothSap( 2390): getConnectionState(14:3F:A6:D2:4D:63)
03-24 04:14:18.622 W/bt_l2cap( 5359): L2CAP - LCID: 0x0046 st: W4_L2CAP_DISC_RSP evt: PEER_DISCONNECT_RSP
03-24 04:14:18.622 I/bt_snoop( 5359): L2CAP channel is closed: handle=2(0x2), lcid=70(0x46), rcid=70(0x46)
03-24 04:14:18.622 I/bt_stack( 5359): [INFO:btsnoop.cc(651)] clear_l2cap_whitelist: Clearing whitelist from l2cap channel. conn_handle=2 cid=70:70
03-24 04:14:18.622 E/bt_l2cap( 5359): L2CA_SetMediaStreamChannel: The channel 70 not found in active media channels
03-24 04:14:18.622 D/MicroService( 2177): getEvent: clientSocket = Socket[address=/192.168.4.4,port=46666,localPort=9999]
03-24 04:14:18.622 D/MicroService( 2177): run: called
03-24 04:14:18.622 D/MicroService( 2177): getEvent: start waiting...
03-24 04:14:18.623 W/bt_l2cap( 5359): L2CAP - LCID: 0x0045 st: W4_L2CAP_DISC_RSP evt: PEER_DISCONNECT_RSP
03-24 04:14:18.623 I/bt_snoop( 5359): L2CAP channel is closed: handle=2(0x2), lcid=69(0x45), rcid=69(0x45)
03-24 04:14:18.623 I/bt_stack( 5359): [INFO:btsnoop.cc(651)] clear_l2cap_whitelist: Clearing whitelist from l2cap channel. conn_handle=2 cid=69:69
03-24 04:14:18.623 E/bt_l2cap( 5359): L2CA_SetMediaStreamChannel: The channel 69 not found in active media channels
03-24 04:14:18.623 D/bt_btif ( 5359): bta_av_sig_chg:event: 17, conn_acp: 0 addr 14:3f:a6:d2:4d:63
03-24 04:14:18.624 I/MicroService( 2177): getStringByData(noZero): IDCM_CarAudioService
03-24 04:14:18.624 I/MicroService( 2177): getStringByData(noZero): FSEM_AudioService
03-24 04:14:18.624 I/MicroService( 2177): getStringByData: {"srcService":"IDCM_CarAudioService","dstService":"FSEM_AudioService","methodName":"abandonAudioFocus","messageType":1,"uuid":1679602458597222232,"parameters":{"functionInfo":{"IDCM_AudioFocus":"AudioFocus_Media","IDCM_AudioFocus_Result":"AUDIOFOCUS_REQUEST_GRANTED"}}}
03-24 04:14:18.624 I/MicroService( 2177): Receive message: SocketMessageBean{businessData='21930', srcService='IDCM_CarAudioService', destService='FSEM_AudioService', messageType='1', uuid='1679602458597222232', payloadData={"srcService":"IDCM_CarAudioService","dstService":"FSEM_AudioService","methodName":"abandonAudioFocus","messageType":1,"uuid":1679602458597222232,"parameters":{"functionInfo":{"IDCM_AudioFocus":"AudioFocus_Media","IDCM_AudioFocus_Result":"AUDIOFOCUS_REQUEST_GRANTED"}}}}
03-24 04:14:18.624 I/MicroService( 2177): dealMessage: 1
03-24 04:14:18.624 I/MicroService( 2177): onResponse(abandonAudioFocus): {"functionInfo":{"IDCM_AudioFocus":"AudioFocus_Media","IDCM_AudioFocus_Result":"AUDIOFOCUS_REQUEST_GRANTED"}}
03-24 04:14:18.626 W/ConstraintSet( 1990): id unknown center_vertical_guideline
03-24 04:14:18.626 W/ConstraintSet( 1990): id unknown center_horizontal_guideline
03-24 04:14:18.626 W/ConstraintSet( 1990): id unknown media_action_barrier
03-24 04:14:18.626 W/ConstraintSet( 1990): id unknown remove_text
03-24 04:14:18.626 W/ConstraintSet( 1990): id unknown settings
03-24 04:14:18.626 W/ConstraintSet( 1990): id unknown cancel
03-24 04:14:18.626 W/ConstraintSet( 1990): id unknown dismiss
03-24 04:14:18.632 W/View ( 1990): requestLayout() improperly called by android.widget.FrameLayout{3906626 I.E...... ......ID 0,0-780,182 #2bc} during second layout pass: posting in next frame
03-24 04:14:18.632 W/View ( 1990): requestLayout() improperly called by com.android.systemui.statusbar.AlphaOptimizedImageView{7aad581 VFED..C.. ......ID 0,0-140,132} during second layout pass: posting in next frame
03-24 04:14:18.642 W/View ( 1990): requestLayout() improperly called by android.widget.FrameLayout{3906626 I.E...... ......ID 0,0-780,182 #2bc} during layout: running second layout pass
03-24 04:14:18.642 W/View ( 1990): requestLayout() improperly called by com.android.systemui.statusbar.AlphaOptimizedImageView{7aad581 VFED..C.. ......ID 0,0-140,132} during layout: running second layout pass
03-24 04:14:18.651 W/bt_rfcomm( 5359): rfc_port_sm_disc_wait_ua, RFC_EVENT_DM|RFC_EVENT_UA[1], index=18
03-24 04:14:18.651 W/bt_rfcomm( 5359): rfc_port_closed
03-24 04:14:18.651 I/bt_snoop( 5359): RFCOMM port is closed: handle=2(0x2), lcid=65(0x41), dlci=2(0x2), uuid=4383(0x111f)
03-24 04:14:18.651 W/bt_rfcomm( 5359): port_rfc_closed: RFCOMM connection closed, index=18, state=3 reason=Closed[19], UUID=111F, bd_addr=14:3f:a6:d2:4d:63, is_server=0
03-24 04:14:18.651 D/bt_btif ( 5359): bta_ag_hdl_event: p_scb 0x4276cd68
03-24 04:14:18.651 W/bt_l2cap( 5359): L2CA_SetDesireRole() new:x0, disallow_switch:0
03-24 04:14:18.651 V/bt_stack( 5359): [VERBOSE1:btm_acl.cc(654)] BTM_SwitchRole BDA: 14:3f:a6:d2:4d:63
03-24 04:14:18.651 E/bt_btif ( 5359): 14:3f:a6:d2:4d:63
03-24 04:14:18.651 E/bt_rfcomm( 5359): RFCOMM_RemoveServer() handle:18, port state 0
03-24 04:14:18.651 D/bt_btif ( 5359): btif_hf_upstreams_evt: event=BTA_AG_CLOSE_EVT
03-24 04:14:18.651 I/bt_btif_queue( 5359): btif_disconnect_queue_advance_by_uuid: UUID=111F, bd_addr=14:3f:a6:d2:4d:63
03-24 04:14:18.651 E/bt_btif_hf( 5359): ### ASSERT : vendor/qcom/opensource/commonsys/system/bt/btif/src/btif_hf.cc btif_hf_upstreams_evt line 605 Callback is NULL (0) ###
03-24 04:14:18.651 D/bt_btif ( 5359): btif_hf_upstreams_evt: Active device is disconnected, clear the active device 00:00:00:00:00:00
03-24 04:14:18.651 D/bt_btif ( 5359): btif_hf_upstreams_evt: event=BTA_AG_DISABLE_EVT
03-24 04:14:18.651 W/bt_btif ( 5359): bta_ag_api_set_active_device: empty active device, clearing active device
03-24 04:14:18.651 I/bt_btif_queue( 5359): disconnect_queue_int_advance_by_uuid: UUID=111F, bd_addr=14:3f:a6:d2:4d:63
03-24 04:14:18.651 I/bt_btif_queue( 5359): disconnect_queue_int_advance_by_uuid: no addr 14:3f:a6:d2:4d:63
03-24 04:14:18.651 I/bt_btif_queue( 5359): disconnect_queue_int_disconnect_next: no addr 14:3f:a6:d2:4d:63
03-24 04:14:18.656 W/View ( 1990): requestLayout() improperly called by android.widget.FrameLayout{3906626 I.E...... ......ID 0,0-780,182 #2bc} during second layout pass: posting in next frame
03-24 04:14:18.656 W/View ( 1990): requestLayout() improperly called by com.android.systemui.statusbar.AlphaOptimizedImageView{7aad581 VFED..C.. ......ID 0,0-140,132} during second layout pass: posting in next frame
03-24 04:14:18.675 W/View ( 1990): requestLayout() improperly called by android.widget.FrameLayout{3906626 I.E...... ......ID 0,0-780,182 #2bc} during layout: running second layout pass
03-24 04:14:18.675 W/View ( 1990): requestLayout() improperly called by com.android.systemui.statusbar.AlphaOptimizedImageView{7aad581 VFED..C.. ......ID 0,0-140,132} during layout: running second layout pass
03-24 04:14:18.680 I/OMX-VENC: venc_dev( 1210): stats: avg. fps 29.70, bitrate 1933868
03-24 04:14:18.689 W/View ( 1990): requestLayout() improperly called by android.widget.FrameLayout{3906626 I.E...... ......ID 0,0-780,182 #2bc} during second layout pass: posting in next frame
03-24 04:14:18.689 W/View ( 1990): requestLayout() improperly called by com.android.systemui.statusbar.AlphaOptimizedImageView{7aad581 VFED..C.. ......ID 0,0-140,132} during second layout pass: posting in next frame
03-24 04:14:18.708 W/View ( 1990): requestLayout() improperly called by android.widget.FrameLayout{3906626 I.E...... ......ID 0,0-780,182 #2bc} during layout: running second layout pass
03-24 04:14:18.708 W/View ( 1990): requestLayout() improperly called by com.android.systemui.statusbar.AlphaOptimizedImageView{7aad581 VFED..C.. ......ID 0,0-140,132} during layout: running second layout pass
03-24 04:14:18.723 W/View ( 1990): requestLayout() improperly called by android.widget.FrameLayout{3906626 I.E...... ......ID 0,0-780,182 #2bc} during second layout pass: posting in next frame
03-24 04:14:18.723 W/View ( 1990): requestLayout() improperly called by com.android.systemui.statusbar.AlphaOptimizedImageView{7aad581 VFED..C.. ......ID 0,0-140,132} during second layout pass: posting in next frame
03-24 04:14:18.728 W/bt_l2cap( 5359): L2CA_DisconnectReq() CID: 0x0041
03-24 04:14:18.735 W/bt_l2cap( 5359): L2CAP - LCID: 0x0041 st: W4_L2CAP_DISC_RSP evt: PEER_DISCONNECT_RSP
03-24 04:14:18.735 I/bt_snoop( 5359): L2CAP channel is closed: handle=2(0x2), lcid=65(0x41), rcid=65(0x41)
03-24 04:14:18.736 I/bt_stack( 5359): [INFO:btsnoop.cc(651)] clear_l2cap_whitelist: Clearing whitelist from l2cap channel. conn_handle=2 cid=65:65
03-24 04:14:18.741 W/View ( 1990): requestLayout() improperly called by android.widget.FrameLayout{3906626 I.E...... ......ID 0,0-780,182 #2bc} during layout: running second layout pass
03-24 04:14:18.741 W/View ( 1990): requestLayout() improperly called by com.android.systemui.statusbar.AlphaOptimizedImageView{7aad581 VFED..C.. ......ID 0,0-140,132} during layout: running second layout pass
03-24 04:14:18.756 W/View ( 1990): requestLayout() improperly called by android.widget.FrameLayout{3906626 I.E...... ......ID 0,0-780,182 #2bc} during second layout pass: posting in next frame
03-24 04:14:18.756 W/View ( 1990): requestLayout() improperly called by com.android.systemui.statusbar.AlphaOptimizedImageView{7aad581 VFED..C.. ......ID 0,0-140,132} during second layout pass: posting in next frame
03-24 04:14:18.775 W/View ( 1990): requestLayout() improperly called by android.widget.FrameLayout{3906626 I.E...... ......ID 0,0-780,182 #2bc} during layout: running second layout pass
03-24 04:14:18.775 W/View ( 1990): requestLayout() improperly called by com.android.systemui.statusbar.AlphaOptimizedImageView{7aad581 VFED..C.. ......ID 0,0-140,132} during layout: running second layout pass
03-24 04:14:18.789 W/View ( 1990): requestLayout() improperly called by android.widget.FrameLayout{3906626 I.E...... ......ID 0,0-780,182 #2bc} during second layout pass: posting in next frame
03-24 04:14:18.790 W/View ( 1990): requestLayout() improperly called by com.android.systemui.statusbar.AlphaOptimizedImageView{7aad581 VFED..C.. ......ID 0,0-140,132} during second layout pass: posting in next frame
03-24 04:14:18.808 W/View ( 1990): requestLayout() improperly called by android.widget.FrameLayout{3906626 I.E...... ......ID 0,0-780,182 #2bc} during layout: running second layout pass
03-24 04:14:18.808 W/View ( 1990): requestLayout() improperly called by com.android.systemui.statusbar.AlphaOptimizedImageView{7aad581 VFED..C.. ......ID 0,0-140,132} during layout: running second layout pass
03-24 04:14:18.817 I/vendor.qti.bluetooth@1.0-ibs_handler( 801): ProcessIbsCmd: Received IBS_SLEEP_IND: 0xFE
03-24 04:14:18.820 I/vendor.qti.bluetooth@1.0-ibs_handler( 801): ProcessIbsCmd: Received IBS_WAKE_IND: 0xFD
03-24 04:14:18.820 I/vendor.qti.bluetooth@1.0-ibs_handler( 801): ProcessIbsCmd: Writing IBS_WAKE_ACK
03-24 04:14:18.821 I/bt_btm_sec( 5359): btm_sec_disconnected clearing pending flag handle:2 reason:22
03-24 04:14:18.821 I/bt_stack( 5359): [INFO:btm_ble_bgconn.cc(429)] Already connection initiated (or) No Pending connections(or) Resources of lcb are exhausted
03-24 04:14:18.821 W/bt_l2cap( 5359): L2CA_SetDesireRole() new:x1, disallow_switch:0
03-24 04:14:18.821 D/bt_btif ( 5359): btif_av_move_idle: Already in IDLE
03-24 04:14:18.823 W/View ( 1990): requestLayout() improperly called by android.widget.FrameLayout{3906626 I.E...... ......ID 0,0-780,182 #2bc} during second layout pass: posting in next frame
03-24 04:14:18.823 W/View ( 1990): requestLayout() improperly called by com.android.systemui.statusbar.AlphaOptimizedImageView{7aad581 VFED..C.. ......ID 0,0-140,132} during second layout pass: posting in next frame
03-24 04:14:18.824 D/BluetoothRemoteDevices( 5359): Reset battery level, device=14:3F:A6:D2:4D:63
03-24 04:14:18.824 D/BluetoothRemoteDevices( 5359): aclStateChangeCallback: Adapter State: TURNING_OFF Disconnected: 14:3F:A6:D2:4D:63
03-24 04:14:18.827 D/CompanionDeviceManagerService( 1526): 14:3F:A6:D2:4D:63 disconnected w/ reason: (1100) Local request
03-24 04:14:18.827 D/CompanionDeviceManagerService( 1526): onDeviceDisconnected(address = 14:3F:A6:D2:4D:63)
03-24 04:14:18.827 W/BluetoothDatabase( 5359): Invalid metadata key 17
03-24 04:14:18.827 E/BluetoothDatabase( 5359): getCustomMeta: meta key invalid 17
03-24 04:14:18.827 W/BluetoothDatabase( 5359): Invalid metadata key 17
03-24 04:14:18.827 E/BluetoothDatabase( 5359): getCustomMeta: meta key invalid 17
03-24 04:14:18.831 W/BluetoothDatabase( 5359): Invalid metadata key 17
03-24 04:14:18.831 E/BluetoothDatabase( 5359): getCustomMeta: meta key invalid 17
03-24 04:14:18.832 D/AdaptiveHomepageIcon( 2390): Setting background color -69693
03-24 04:14:18.836 D/BluetoothSap( 2390): getConnectionState(14:3F:A6:D2:4D:63)
03-24 04:14:18.839 D/BluetoothManagerService( 1526): MESSAGE_HANDLE_DISABLE_DELAYED: disabling:true
03-24 04:14:18.839 D/BluetoothManagerService( 1526): Handle disable is finished
03-24 04:14:18.842 W/View ( 1990): requestLayout() improperly called by android.widget.FrameLayout{3906626 I.E...... ......ID 0,0-780,182 #2bc} during layout: running second layout pass
03-24 04:14:18.842 W/View ( 1990): requestLayout() improperly called by com.android.systemui.statusbar.AlphaOptimizedImageView{7aad581 VFED..C.. ......ID 0,0-140,132} during layout: running second layout pass
03-24 04:14:18.856 W/View ( 1990): requestLayout() improperly called by android.widget.FrameLayout{3906626 I.E...... ......ID 0,0-780,182 #2bc} during second layout pass: posting in next frame
03-24 04:14:18.856 W/View ( 1990): requestLayout() improperly called by com.android.systemui.statusbar.AlphaOptimizedImageView{7aad581 VFED..C.. ......ID 0,0-140,132} during second layout pass: posting in next frame
03-24 04:14:18.875 W/View ( 1990): requestLayout() improperly called by android.widget.FrameLayout{3906626 I.E...... ......ID 0,0-780,182 #2bc} during layout: running second layout pass
03-24 04:14:18.875 W/View ( 1990): requestLayout() improperly called by com.android.systemui.statusbar.AlphaOptimizedImageView{7aad581 VFED..C.. ......ID 0,0-140,132} during layout: running second layout pass
03-24 04:14:18.890 W/View ( 1990): requestLayout() improperly called by android.widget.FrameLayout{3906626 I.E...... ......ID 0,0-780,182 #2bc} during second layout pass: posting in next frame
03-24 04:14:18.890 W/View ( 1990): requestLayout() improperly called by com.android.systemui.statusbar.AlphaOptimizedImageView{7aad581 VFED..C.. ......ID 0,0-140,132} during second layout pass: posting in next frame
03-24 04:14:18.900 I/vendor.qti.bluetooth@1.0-ibs_handler( 801): ProcessIbsCmd: Received IBS_SLEEP_IND: 0xFE
03-24 04:14:18.908 W/View ( 1990): requestLayout() improperly called by android.widget.FrameLayout{3906626 I.E...... ......ID 0,0-780,182 #2bc} during layout: running second layout pass
03-24 04:14:18.908 W/View ( 1990): requestLayout() improperly called by com.android.systemui.statusbar.AlphaOptimizedImageView{7aad581 VFED..C.. ......ID 0,0-140,132} during layout: running second layout pass
03-24 04:14:19.058 W/View ( 1990): requestLayout() improperly called by android.widget.FrameLayout{3906626 I.E...... ......ID 0,0-780,182 #2bc} during second layout pass: posting in next frame
03-24 04:14:19.058 W/View ( 1990): requestLayout() improperly called by com.android.systemui.statusbar.AlphaOptimizedImageView{7aad581 VFED..C.. ......ID 0,0-140,132} during second layout pass: posting in next frame
03-24 04:14:19.076 W/View ( 1990): requestLayout() improperly called by android.widget.FrameLayout{3906626 I.E...... ......ID 0,0-780,182 #2bc} during layout: running second layout pass
03-24 04:14:19.076 W/View ( 1990): requestLayout() improperly called by com.android.systemui.statusbar.AlphaOptimizedImageView{7aad581 VFED..C.. ......ID 0,0-140,132} during layout: running second layout pass
03-24 04:14:19.190 W/View ( 1990): requestLayout() improperly called by android.widget.FrameLayout{3906626 I.E...... ......ID 0,0-780,182 #2bc} during second layout pass: posting in next frame
03-24 04:14:19.190 W/View ( 1990): requestLayout() improperly called by com.android.systemui.statusbar.AlphaOptimizedImageView{7aad581 VFED..C.. ......ID 0,0-140,132} during second layout pass: posting in next frame
03-24 04:14:19.197 W/AudioIDCMicroNegotiator( 1526): idcm_warn: timeout for obtainFocusState: null
03-24 04:14:19.198 W/AS.AudioService( 1526): idcm_warn: onAudioFocusIDCMicroChanged: info is null return
03-24 04:14:19.200 I/AS.AudioDeviceBroker( 1526): handleBluetoothA2dpActiveDeviceChangeExt state=0 addr=14:3F:A6:D2:4D:63 prof=2 supprNoisy=false vol=-1
03-24 04:14:19.201 I/BluetoothA2dpServiceJni( 5359): setActiveDeviceNative: sBluetoothA2dpInterface: 0x724275dcd0
03-24 04:14:19.201 W/bt_btif ( 5359): set_active_device: BTAV not initialized
03-24 04:14:19.201 E/BluetoothA2dpServiceJni( 5359): setActiveDeviceNative: Failed A2DP set_active_device, status: 2
03-24 04:14:19.201 W/A2dpService( 5359): setActiveDevice(null): Cannot remove active device in native layer
03-24 04:14:19.201 D/A2dpService( 5359): setA2dpService(): set to: null
03-24 04:14:19.206 I/bt_btif_queue( 5359): btif_disconnect_queue_cleanup: UUID=110A
03-24 04:14:19.206 I/bt_btif_queue( 5359): queue_int_cleanup: UUID=110A
03-24 04:14:19.206 I/bt_btif_queue( 5359): disconnect_queue_int_cleanup: UUID=110A
03-24 04:14:19.206 D/bt_btif ( 5359): btif_dispatch_sm_event: event: 41, len: 0
03-24 04:14:19.206 D/bt_btif ( 5359): btif_dispatch_sm_event: event 41 sent
03-24 04:14:19.206 W/bt_btif ( 5359): btif_a2dp_command_ack: ## a2dp ack : A2DP_CTRL_CMD_NONE, queued : A2DP_CTRL_CMD_NONE, status 0 ##
03-24 04:14:19.207 E/bt_btif ( 5359): btif_a2dp_command_ack: warning : no command pending, ignore ack
03-24 04:14:19.207 D/A2dpStateMachine( 5359): doQuit for device 14:3F:A6:D2:4D:63
03-24 04:14:19.207 W/bt_stack( 5359): [WARNING:a2dp_encoding.cc(2360)] cleanup: end_session has been called.
03-24 04:14:19.207 D/A2dpStateMachine( 5359): quitNow:
03-24 04:14:19.207 W/bt_stack( 5359): [WARNING:a2dp_encoding.cc(2579)] end_session
03-24 04:14:19.207 D/A2dpStateMachine( 5359): cleanup for device 14:3F:A6:D2:4D:63
03-24 04:14:19.207 D/A2dpStateMachine( 5359): handleMessage: E msg.what=-1
03-24 04:14:19.207 D/Avrcp_ext( 5359): doQuit
03-24 04:14:19.208 D/A2dpStateMachine( 5359): processMsg: Connected
03-24 04:14:19.208 D/A2dpStateMachine( 5359): transitionTo: destState=QuittingState
03-24 04:14:19.208 D/A2dpStateMachine( 5359): handleMessage: new destination call exit/enter
03-24 04:14:19.208 D/A2dpStateMachine( 5359): setupTempStateStackWithStatesToEnter: X mTempStateStackCount=1,curStateInfo: null
03-24 04:14:19.208 D/A2dpStateMachine( 5359): invokeExitMethods: Connected
03-24 04:14:19.208 D/A2dpStateMachine( 5359): Exit Connected(14:3F:A6:D2:4D:63): -1
03-24 04:14:19.208 D/A2dpStateMachine( 5359): moveTempStackToStateStack: i=0,j=0
03-24 04:14:19.208 D/A2dpStateMachine( 5359): moveTempStackToStateStack: X mStateStackTop=0,startingIndex=0,Top=QuittingState
03-24 04:14:19.208 D/A2dpStateMachine( 5359): invokeEnterMethods: QuittingState
03-24 04:14:19.209 V/Avrcp_ext( 5359): AvrcpMessageHandler: received message=21
03-24 04:14:19.209 V/Avrcp_ext( 5359): MESSAGE_DEVICE_RC_CLEANUP
03-24 04:14:19.209 D/Avrcp_ext( 5359): Enter clearDeviceDependentFeature()
03-24 04:14:19.209 D/Avrcp_ext( 5359): Exit clearDeviceDependentFeature()
03-24 04:14:19.209 I/Avrcp_ext( 5359): cleanupDeviceFeaturesIndex index:0
03-24 04:14:19.210 I/Avrcp_ext( 5359): cleanupDeviceFeaturesIndex index:1
03-24 04:14:19.210 I/Avrcp_ext( 5359): cleanupDeviceFeaturesIndex index:2
03-24 04:14:19.210 I/Avrcp_ext( 5359): cleanupDeviceFeaturesIndex index:3
03-24 04:14:19.210 I/BTAudioProviderStub( 795): endSession - SessionType=A2DP_HARDWARE_OFFLOAD_DATAPATH
03-24 04:14:19.210 I/Avrcp_ext( 5359): cleanupDeviceFeaturesIndex index:4
03-24 04:14:19.210 V/Avrcp_ext( 5359): Exit handleMessage
03-24 04:14:19.210 I/BTAudioProviderSession( 795): ReportSessionStatus - SessionType=A2DP_HARDWARE_OFFLOAD_DATAPATH notify to bluetooth_audio=0x0200
03-24 04:14:19.210 D/MediaSessionService( 1526): The MediaKeyEventSessionChangedListener (android.os.BinderProxy@2729b76) is removed by com.android.bluetooth
03-24 04:14:19.210 I/btaudio_offload_qti( 795): session_resp_cb
03-24 04:14:19.210 I/btaudio_offload_qti( 795): session_resp_cb: session ready = 1
03-24 04:14:19.210 I/btaudio_offload_qti( 795): session_resp_cb: end session session ready = 0
03-24 04:14:19.210 D/btaudio_offload_qti( 795): session_resp_cb: state = AUDIO_A2DP_STATE_STANDBY
03-24 04:14:19.210 W/bt_osi_thread( 5359): run_thread: thread id 5427, thread name media_worker exited
03-24 04:14:19.211 E/bt_btif ( 5359): BTA AV is already disabled, ignoring ...
03-24 04:14:19.211 I/bt_btif_storage( 5359): btif_storage_get_adapter_property service_mask:0x0
03-24 04:14:19.211 W/bt_l2cap( 5359): L2CAP - L2CA_Deregister() called for PSM: 0x0019
03-24 04:14:19.211 W/bt_l2cap( 5359): L2CAP - PSM: 0x0019 not found for deregistration
03-24 04:14:19.211 W/bt_l2cap( 5359): L2CAP - L2CA_Deregister() called for PSM: 0x001b
03-24 04:14:19.211 W/bt_l2cap( 5359): L2CAP - PSM: 0x001b not found for deregistration
03-24 04:14:19.211 W/bt_l2cap( 5359): L2CAP - L2CA_Deregister() called for PSM: 0x0017
03-24 04:14:19.211 W/bt_l2cap( 5359): L2CAP - PSM: 0x0017 not found for deregistration
03-24 04:14:19.211 I/bt_btif_storage( 5359): btif_storage_get_adapter_property service_mask:0x0
03-24 04:14:19.211 W/bt_l2cap( 5359): L2CAP - L2CA_Deregister() called for PSM: 0x0019
03-24 04:14:19.211 W/bt_l2cap( 5359): L2CAP - PSM: 0x0019 not found for deregistration
03-24 04:14:19.211 W/bt_l2cap( 5359): L2CAP - L2CA_Deregister() called for PSM: 0x001b
03-24 04:14:19.211 W/bt_l2cap( 5359): L2CAP - PSM: 0x001b not found for deregistration
03-24 04:14:19.211 W/bt_l2cap( 5359): L2CAP - L2CA_Deregister() called for PSM: 0x0017
03-24 04:14:19.211 W/bt_l2cap( 5359): L2CAP - PSM: 0x0017 not found for deregistration
03-24 04:14:19.211 W/bt_l2cap( 5359): L2CAP - L2CA_Deregister() called for PSM: 0x0019
03-24 04:14:19.211 W/bt_l2cap( 5359): L2CAP - PSM: 0x0019 not found for deregistration
03-24 04:14:19.211 W/bt_l2cap( 5359): L2CAP - L2CA_Deregister() called for PSM: 0x001b
03-24 04:14:19.211 W/bt_l2cap( 5359): L2CAP - PSM: 0x001b not found for deregistration
03-24 04:14:19.211 W/bt_l2cap( 5359): L2CAP - L2CA_Deregister() called for PSM: 0x0017
03-24 04:14:19.211 W/bt_l2cap( 5359): L2CAP - PSM: 0x0017 not found for deregistration
03-24 04:14:19.211 W/bt_l2cap( 5359): L2CAP - L2CA_Deregister() called for PSM: 0x0019
03-24 04:14:19.211 W/bt_l2cap( 5359): L2CAP - PSM: 0x0019 not found for deregistration
03-24 04:14:19.211 W/bt_l2cap( 5359): L2CAP - L2CA_Deregister() called for PSM: 0x001b
03-24 04:14:19.211 W/bt_l2cap( 5359): L2CAP - PSM: 0x001b not found for deregistration
03-24 04:14:19.211 W/bt_l2cap( 5359): L2CAP - L2CA_Deregister() called for PSM: 0x0017
03-24 04:14:19.211 W/bt_l2cap( 5359): L2CAP - PSM: 0x0017 not found for deregistration
03-24 04:14:19.211 W/bt_l2cap( 5359): L2CAP - L2CA_Deregister() called for PSM: 0x0019
03-24 04:14:19.211 W/bt_l2cap( 5359): L2CAP - PSM: 0x0019 not found for deregistration
03-24 04:14:19.211 W/bt_l2cap( 5359): L2CAP - L2CA_Deregister() called for PSM: 0x001b
03-24 04:14:19.211 W/bt_l2cap( 5359): L2CAP - PSM: 0x001b not found for deregistration
03-24 04:14:19.211 W/bt_l2cap( 5359): L2CAP - L2CA_Deregister() called for PSM: 0x0017
03-24 04:14:19.211 W/bt_l2cap( 5359): L2CAP - PSM: 0x0017 not found for deregistration
03-24 04:14:19.212 V/AvrcpPlayerAppSettings( 5359): Stop
03-24 04:14:19.213 W/AS.BtHelper( 1526): SetA2dpActiveDevice for TWS+ pair as null
03-24 04:14:19.213 I/AS.AudioDeviceBroker( 1526): msg: setBluetoothA2dpDeviceConnectionStateSuppressNoisyIntent state=0 addr=14:3F:A6:D2:4D:63 prof=2 supprNoisy=false vol=-1
03-24 04:14:19.213 I/AS.AudioDeviceInventory( 1526): dropping ACTION_AUDIO_BECOMING_NOISY
03-24 04:14:19.213 D/AvrcpBipRsp( 5359): stop()
03-24 04:14:19.213 D/AvrcpBipRsp( 5359): already stopped, returning
03-24 04:14:19.214 I/AS.BtHelper( 1526): setAvrcpAbsoluteVolumeSupported supported=false
03-24 04:14:19.215 V/AddressedMediaPlayer_ext( 5359): cleanup
03-24 04:14:19.215 I/sysui_multi_action( 1526): [757,856,758,2,806,com.android.bluetooth,857,avrcp_notification,858,3]
03-24 04:14:19.216 W/NotificationHistory( 1526): Attempted to remove channel for locked/gone/disabled user 0
03-24 04:14:19.216 D/audio_hw_primary( 795): adev_set_parameters: enter: 14:3F:A6:D2:4D:63=;disconnect=128
03-24 04:14:19.216 D/audio_hw_hfp( 795): hfp_set_parameters: enter
03-24 04:14:19.216 D/a2dp_offload( 795): calling BT source stream close
03-24 04:14:19.216 I/btaudio_offload_qti( 795): audio_stream_close_qti
03-24 04:14:19.216 I/btaudio_offload_qti( 795): btapoffload_port_deinit start
03-24 04:14:19.216 W/btaudio_offload_qti( 795): audio_stream_close_qti: return
03-24 04:14:19.216 D/Avrcp_ext( 5359): Exit doQuit
03-24 04:14:19.216 D/Avrcp_ext( 5359): cleanup
03-24 04:14:19.216 D/Avrcp_ext( 5359): Exit cleanup()
03-24 04:14:19.216 D/bt_btif ( 5359): btif_rc_handler: event: BTIF_AV_CLEANUP_REQ_EVT
03-24 04:14:19.216 V/Avrcp_ext( 5359): clearing mAvrcp instatncecom.android.bluetooth.avrcp.Avrcp_ext@6b750e6
03-24 04:14:19.216 V/Avrcp_ext( 5359): After clearing mAvrcp instatnce null
03-24 04:14:19.216 D/A2dpService( 5359): profile stopped successfully
03-24 04:14:19.217 D/a2dp_offload( 795): a2dp_set_bit_format: set AFE input bit format = 16
03-24 04:14:19.217 I/notification_cancel_all( 1526): [1000,1526,com.android.bluetooth,0,0,0,20,NULL]
03-24 04:14:19.218 D/a2dp_offload( 795): a2dp_reset_backend_cfg: reset source backend sample rate =KHZ_8
03-24 04:14:19.218 D/a2dp_offload( 795): a2dp_reset_backend_cfg: reset afe source channels =Zero
03-24 04:14:19.218 D/audio_hw_extn( 795): audio_extn_fm_set_parameters: Enter
03-24 04:14:19.220 D/HidHostService( 5359): : Received stop request...Stopping profile...
03-24 04:14:19.220 D/BluetoothHidHostService( 5359): Stopping Bluetooth HidHostService
03-24 04:14:19.220 D/HidHostService( 5359): profile stopped successfully
03-24 04:14:19.220 D/BluetoothA2dp( 1526): Proxy object disconnected
03-24 04:14:19.220 D/BluetoothA2dp( 1526): Unbinding service...
03-24 04:14:19.221 D/BluetoothA2dp( 1526): Proxy object disconnected
03-24 04:14:19.221 D/BluetoothA2dp( 1526): Unbinding service...
03-24 04:14:19.221 W/View ( 1990): requestLayout() improperly called by android.widget.FrameLayout{3906626 I.E...... ......ID 0,0-780,182 #2bc} during layout: running second layout pass
03-24 04:14:19.222 W/View ( 1990): requestLayout() improperly called by com.android.systemui.statusbar.AlphaOptimizedImageView{7aad581 VFED..C.. ......ID 0,0-140,132} during layout: running second layout pass
03-24 04:14:19.222 D/BluetoothHidHost( 2390): Proxy object disconnected
03-24 04:14:19.222 D/BluetoothHidHost( 2390): Unbinding service...
03-24 04:14:19.222 D/BluetoothA2dp( 1526): Proxy object disconnected
03-24 04:14:19.223 D/BluetoothA2dp( 1526): Unbinding service...
03-24 04:14:19.223 D/PanService( 5359): : Received stop request...Stopping profile...
03-24 04:14:19.223 I/PanService( 5359): stop
03-24 04:14:19.223 D/PanService( 5359): profile stopped successfully
03-24 04:14:19.225 D/BluetoothMapService( 5359): : Received stop request...Stopping profile...
03-24 04:14:19.225 D/BluetoothMapService( 5359): stop()
03-24 04:14:19.225 D/BluetoothMapService( 5359): setBluetoothMapService(): set to: null
03-24 04:14:19.225 D/BluetoothA2dp( 2390): Proxy object disconnected
03-24 04:14:19.225 D/BluetoothA2dp( 2390): Unbinding service...
03-24 04:14:19.226 D/BluetoothPan( 2390): Proxy object disconnected
03-24 04:14:19.226 D/BluetoothPan( 2390): Unbinding service...
03-24 04:14:19.226 D/BluetoothMapAppObserver( 5359): deinitObservers()
03-24 04:14:19.226 D/BluetoothMapAppObserver( 5359): removeReceiver()
03-24 04:14:19.227 D/BluetoothMapService( 5359): profile stopped successfully
03-24 04:14:19.227 V/BluetoothMapService( 5359): Handler(): got msg=4
03-24 04:14:19.227 D/BluetoothMapService( 5359): closeService() in
03-24 04:14:19.227 D/BluetoothMapMasInstance0( 5359): MAP Service shutdown
03-24 04:14:19.227 D/BluetoothSdpJni( 5359): sdpRemoveSdpRecordNative
03-24 04:14:19.227 D/BluetoothSdpJni( 5359): SDP Remove record success - handle: 1
03-24 04:14:19.228 D/BluetoothMapMasInstance0( 5359): RemoveSDPrecord returns true
03-24 04:14:19.228 D/ObexServerSockets1( 5359): shutdown(block = false)
03-24 04:14:19.228 D/BluetoothSocket( 5359): close() this: android.bluetooth.BluetoothSocket@e97b627, channel: 26, mSocketIS: android.net.LocalSocketImpl$SocketInputStream@942a0d4, mSocketOS: android.net.LocalSocketImpl$SocketOutputStream@657427dmSocket: android.net.LocalSocket@3179572 impl:android.net.LocalSocketImpl@8bf8dc3 fd:java.io.FileDescriptor@e92f640, mSocketState: LISTENING
03-24 04:14:19.228 D/ObexServerSockets1( 5359): shutdown called from another thread - interrupt().
03-24 04:14:19.228 D/ObexServerSockets1( 5359): AcceptThread ended for: ServerSocket: Type: TYPE_RFCOMM Channel: 26
03-24 04:14:19.228 D/BluetoothSocket( 5359): close() this: android.bluetooth.BluetoothSocket@11a8979, channel: 4137, mSocketIS: android.net.LocalSocketImpl$SocketInputStream@ac596be, mSocketOS: android.net.LocalSocketImpl$SocketOutputStream@f03431fmSocket: android.net.LocalSocket@bd1366c impl:android.net.LocalSocketImpl@a314435 fd:java.io.FileDescriptor@fc060ca, mSocketState: LISTENING
03-24 04:14:19.228 D/ObexServerSockets1( 5359): shutdown called from another thread - interrupt().
03-24 04:14:19.228 V/BluetoothMapService( 5359): MAP Service closeService out
03-24 04:14:19.228 D/ObexServerSockets1( 5359): AcceptThread ended for: ServerSocket: Type: TYPE_L2CAP Channel: 4137
03-24 04:14:19.228 D/BluetoothMap( 2390): Proxy object disconnected
03-24 04:14:19.229 D/BluetoothMap( 2390): Unbinding service...
03-24 04:14:19.229 E/bt_btif ( 5359): SOCK_LIST: free(id = 2) - NO app_fd!
03-24 04:14:19.229 W/bt_l2cap( 5359): L2CAP - L2CA_Deregister() called for PSM: 0x1029
03-24 04:14:19.229 D/AvrcpControllerService( 5359): : Received stop request...Stopping profile...
03-24 04:14:19.230 D/AvrcpControllerService( 5359): profile stopped successfully
03-24 04:14:19.231 D/BluetoothRemoteDevices( 5359): Battery level was never set or is already reset, device=14:3F:A6:D2:4D:63
03-24 04:14:19.232 D/AdapterProperties( 5359): PROFILE_CONNECTION_STATE_CHANGE: profile=1, device=14:3F:A6:D2:4D:63, 2 -> 0
03-24 04:14:19.232 D/BluetoothA2dp( 1990): Proxy object disconnected
03-24 04:14:19.232 D/BluetoothA2dp( 1990): Unbinding service...
03-24 04:14:19.232 W/APM::Devices( 945): DeviceVector::remove device 00000080 not in
03-24 04:14:19.232 D/BluetoothActiveDeviceManager( 5359): handleMessage(MESSAGE_HFP_ACTION_CONNECTION_STATE_CHANGED): device 14:3F:A6:D2:4D:63 disconnected
03-24 04:14:19.232 W/HeadsetService( 5359): getHeadsetService(): service is NULL
03-24 04:14:19.232 D/BluetoothActiveDeviceManager( 5359): setHfpActiveDevice(null)
03-24 04:14:19.232 W/HeadsetService( 5359): getHeadsetService(): service is NULL
03-24 04:14:19.232 W/AdapterProperties( 5359): PROFILE_CONNECTION_STATE_CHANGE: unexpected transition for profile=1, device=14:3F:A6:D2:4D:63, 2 -> 0
03-24 04:14:19.232 I/AS.AudioDeviceInventory( 1526): A2DP device addr=14:3F:A6:D2:4D:63 made unavailable
03-24 04:14:19.232 D/BluetoothPan( 1990): Proxy object disconnected
03-24 04:14:19.232 D/BluetoothPan( 1990): Unbinding service...
03-24 04:14:19.233 D/BluetoothHidHost( 1990): Proxy object disconnected
03-24 04:14:19.233 D/BluetoothHidHost( 1990): Unbinding service...
03-24 04:14:19.233 V/MediaRouter( 1526): Selecting route: RouteInfo{ name=骞虫澘鐢佃剳, description=null, status=null, category=RouteCategory{ name=绯荤粺 types=ROUTE_TYPE_LIVE_AUDIO ROUTE_TYPE_LIVE_VIDEO groupable=false }, supportedTypes=ROUTE_TYPE_LIVE_AUDIO ROUTE_TYPE_LIVE_VIDEO , presentationDisplay=Display id 2: DisplayInfo{"Recording Display", displayId 2", displayGroupId 0, FLAG_PRIVATE, FLAG_PRESENTATION, real 2380 x 1020, largest app 2380 x 2380, smallest app 1020 x 1020, appVsyncOff 0, presDeadline 16666666, mode 4, defaultMode 4, modes [{id=4, width=2380, height=1020, fps=60.0, alternativeRefreshRates=[]}], hdrCapabilities null, userDisabledHdrTypes [], minimalPostProcessingSupported false, rotation 0, state ON, type VIRTUAL, uniqueId "virtual:com.android.systemui,10078,Recording Display,0", app 2380 x 1020, density 240 (240.0 x 240.0) dpi, layerStack 2, colorMode 0, supportedColorModes [0], deviceProductInfo null, owner com.android.systemui (uid 10078), removeMode 1, refreshRateOverride 0.0, brightnessMinimum 0.0, brightnessMaximum 0.0, brightnessDefault 0.0}, DisplayMetrics{density=1.5, width=2380, height=1020, scaledDensity=1.5, xdpi=240.0, ydpi=240.0}, isValid=true }
03-24 04:14:19.233 I/MediaRouter( 1526): Skip setBluetoothA2dpOn(): types=8388615, isPlaybackActive()=false, BT route=null
03-24 04:14:19.233 V/MediaRouter( 1526): Audio routes updated: AudioRoutesInfo{ type=SPEAKER }, a2dp=false
03-24 04:14:19.233 V/MediaRouter( 2390): Selecting route: RouteInfo{ name=骞虫澘鐢佃剳, description=null, status=null, category=RouteCategory{ name=绯荤粺 types=ROUTE_TYPE_LIVE_AUDIO ROUTE_TYPE_LIVE_VIDEO groupable=false }, supportedTypes=ROUTE_TYPE_LIVE_AUDIO ROUTE_TYPE_LIVE_VIDEO , presentationDisplay=Display id 2: DisplayInfo{"Recording Display", displayId 2", displayGroupId 0, FLAG_PRIVATE, FLAG_PRESENTATION, real 2380 x 1020, largest app 2380 x 2380, smallest app 1020 x 1020, appVsyncOff 0, presDeadline 16666666, mode 4, defaultMode 4, modes [{id=4, width=2380, height=1020, fps=60.0, alternativeRefreshRates=[]}], hdrCapabilities null, userDisabledHdrTypes [], minimalPostProcessingSupported false, rotation 0, state ON, type VIRTUAL, uniqueId "virtual:com.android.systemui,10078,Recording Display,0", app 2380 x 1020, density 240 (240.0 x 240.0) dpi, layerStack 2, colorMode 0, supportedColorModes [0], deviceProductInfo null, owner com.android.systemui (uid 10078), removeMode 1, refreshRateOverride 0.0, brightnessMinimum 0.0, brightnessMaximum 0.0, brightnessDefault 0.0}, DisplayMetrics{density=1.5, width=2380, height=1020, scaledDensity=1.5, xdpi=240.0, ydpi=240.0}, isValid=true }
03-24 04:14:19.233 D/BluetoothMap( 1990): Proxy object disconnected
03-24 04:14:19.233 D/BluetoothMap( 1990): Unbinding service...
03-24 04:14:19.233 V/MediaRouter( 1526): Selecting route: RouteInfo{ name=骞虫澘鐢佃剳, description=null, status=null, category=RouteCategory{ name=绯荤粺 types=ROUTE_TYPE_LIVE_AUDIO ROUTE_TYPE_LIVE_VIDEO groupable=false }, supportedTypes=ROUTE_TYPE_LIVE_AUDIO ROUTE_TYPE_LIVE_VIDEO , presentationDisplay=Display id 2: DisplayInfo{"Recording Display", displayId 2", displayGroupId 0, FLAG_PRIVATE, FLAG_PRESENTATION, real 2380 x 1020, largest app 2380 x 2380, smallest app 1020 x 1020, appVsyncOff 0, presDeadline 16666666, mode 4, defaultMode 4, modes [{id=4, width=2380, height=1020, fps=60.0, alternativeRefreshRates=[]}], hdrCapabilities null, userDisabledHdrTypes [], minimalPostProcessingSupported false, rotation 0, state ON, type VIRTUAL, uniqueId "virtual:com.android.systemui,10078,Recording Display,0", app 2380 x 1020, density 240 (240.0 x 240.0) dpi, layerStack 2, colorMode 0, supportedColorModes [0], deviceProductInfo null, owner com.android.systemui (uid 10078), removeMode 1, refreshRateOverride 0.0, brightnessMinimum 0.0, brightnessMaximum 0.0, brightnessDefault 0.0}, DisplayMetrics{density=1.5, width=2380, height=1020, scaledDensity=1.5, xdpi=240.0, ydpi=240.0}, isValid=true }
03-24 04:14:19.234 I/MediaRouter( 2390): Skip setBluetoothA2dpOn(): types=8388615, isPlaybackActive()=false, BT route=null
03-24 04:14:19.234 V/MediaRouter( 1990): Selecting route: RouteInfo{ name=骞虫澘鐢佃剳, description=null, status=null, category=RouteCategory{ name=绯荤粺 types=ROUTE_TYPE_LIVE_AUDIO ROUTE_TYPE_LIVE_VIDEO groupable=false }, supportedTypes=ROUTE_TYPE_LIVE_AUDIO ROUTE_TYPE_LIVE_VIDEO , presentationDisplay=Display id 2: DisplayInfo{"Recording Display", displayId 2", displayGroupId 0, FLAG_PRIVATE, FLAG_PRESENTATION, real 2380 x 1020, largest app 2380 x 2380, smallest app 1020 x 1020, appVsyncOff 0, presDeadline 16666666, mode 4, defaultMode 4, modes [{id=4, width=2380, height=1020, fps=60.0, alternativeRefreshRates=[]}], hdrCapabilities null, userDisabledHdrTypes [], minimalPostProcessingSupported false, rotation 0, state ON}, DisplayMetrics{density=1.5, width=2380, height=1020, scaledDensity=1.5, xdpi=240.0, ydpi=240.0}, isValid=true }
03-24 04:14:19.234 V/MediaRouter( 2390): Audio routes updated: AudioRoutesInfo{ type=SPEAKER }, a2dp=false
03-24 04:14:19.234 I/MediaRouter( 1990): Skip setBluetoothA2dpOn(): types=8388615, isPlaybackActive()=false, BT route=null
03-24 04:14:19.234 V/MediaRouter( 2390): Selecting route: RouteInfo{ name=骞虫澘鐢佃剳, description=null, status=null, category=RouteCategory{ name=绯荤粺 types=ROUTE_TYPE_LIVE_AUDIO ROUTE_TYPE_LIVE_VIDEO groupable=false }, supportedTypes=ROUTE_TYPE_LIVE_AUDIO ROUTE_TYPE_LIVE_VIDEO , presentationDisplay=Display id 2: DisplayInfo{"Recording Display", displayId 2", displayGroupId 0, FLAG_PRIVATE, FLAG_PRESENTATION, real 2380 x 1020, largest app 2380 x 2380, smallest app 1020 x 1020, appVsyncOff 0, presDeadline 16666666, mode 4, defaultMode 4, modes [{id=4, width=2380, height=1020, fps=60.0, alternativeRefreshRates=[]}], hdrCapabilities null, userDisabledHdrTypes [], minimalPostProcessingSupported false, rotation 0, state ON, type VIRTUAL, uniqueId "virtual:com.android.systemui,10078,Recording Display,0", app 2380 x 1020, density 240 (240.0 x 240.0) dpi, layerStack 2, colorMode 0, supportedColorModes [0], deviceProductInfo null, owner com.android.systemui (uid 10078), removeMode 1, refreshRateOverride 0.0, brightnessMinimum 0.0, brightnessMaximum 0.0, brightnessDefault 0.0}, DisplayMetrics{density=1.5, width=2380, height=1020, scaledDensity=1.5, xdpi=240.0, ydpi=240.0}, isValid=true }
03-24 04:14:19.234 V/MediaRouter( 1990): Audio routes updated: AudioRoutesInfo{ type=SPEAKER }, a2dp=false
03-24 04:14:19.234 V/MediaRouter( 1990): Selecting route: RouteInfo{ name=骞虫澘鐢佃剳, description=null, status=null, category=RouteCategory{ name=绯荤粺 types=ROUTE_TYPE_LIVE_AUDIO ROUTE_TYPE_LIVE_VIDEO groupable=false }, supportedTypes=ROUTE_TYPE_LIVE_AUDIO ROUTE_TYPE_LIVE_VIDEO , presentationDisplay=Display id 2: DisplayInfo{"Recording Display", displayId 2", displayGroupId 0, FLAG_PRIVATE, FLAG_PRESENTATION, real 2380 x 1020, largest app 2380 x 2380, smallest app 1020 x 1020, appVsyncOff 0, presDeadline 16666666, mode 4, defaultMode 4, modes [{id=4, width=2380, height=1020, fps=60.0, alternativeRefreshRates=[]}], hdrCapabilities null, userDisabledHdrTypes [], minimalPostProcessingSupported false, rotation 0, state ON}, DisplayMetrics{density=1.5, width=2380, height=1020, scaledDensity=1.5, xdpi=240.0, ydpi=240.0}, isValid=true }
03-24 04:14:19.234 D/SapService( 5359): : Received stop request...Stopping profile...
03-24 04:14:19.235 V/SapService( 5359): stop()
03-24 04:14:19.235 D/SapService( 5359): setSapService(): set to: null
03-24 04:14:19.235 D/BluetoothSdpJni( 5359): sdpRemoveSdpRecordNative
03-24 04:14:19.235 D/BluetoothSdpJni( 5359): SDP Remove record success - handle: 0
03-24 04:14:19.235 D/SapService( 5359): profile stopped successfully
03-24 04:14:19.236 D/BluetoothSap( 1990): Proxy object disconnected
03-24 04:14:19.236 D/BluetoothSap( 1990): Unbinding service...
03-24 04:14:19.236 D/BluetoothSap( 2390): Proxy object disconnected
03-24 04:14:19.237 D/BluetoothSap( 2390): Unbinding service...
03-24 04:14:19.237 D/BluetoothOppService( 5359): : Received stop request...Stopping profile...
03-24 04:14:19.237 D/BtOppService( 5359): stop
03-24 04:14:19.237 D/BtOppService( 5359): setBluetoothOppService(): set to: null
03-24 04:14:19.237 D/BluetoothOppService( 5359): profile stopped successfully
03-24 04:14:19.240 I/Telecom ( 1526): WiredHeadsetManager: ACTION_HEADSET_PLUG event, plugged in: false, : WHC.oADR@AGg
03-24 04:14:19.241 I/HeadsetService( 5359): cleanup
03-24 04:14:19.241 W/BluetoothVendorHfJni( 5359): Cleaning up Bluetooth Vendor Interface...
03-24 04:14:19.241 I/bt_btif_vendor_hf( 5359): cleanup
03-24 04:14:19.241 W/BluetoothVendorHfJni( 5359): Cleaning up Bluetooth Vendor callback object
03-24 04:14:19.241 D/BluetoothPbapService( 5359): : Received stop request...Stopping profile...
03-24 04:14:19.241 D/BluetoothPbapService( 5359): setBluetoothPbapService(): set to: null
03-24 04:14:19.242 D/BluetoothPbapService( 5359): cleanUpSdpRecord, mSdpHandle=2
03-24 04:14:19.242 D/BluetoothSdpJni( 5359): sdpRemoveSdpRecordNative
03-24 04:14:19.242 D/BluetoothPbapService( 5359): profile stopped successfully
03-24 04:14:19.242 D/BluetoothSdpJni( 5359): SDP Remove record success - handle: 2
03-24 04:14:19.242 D/ObexServerSockets0( 5359): shutdown(block = false)
03-24 04:14:19.242 D/BluetoothSocket( 5359): close() this: android.bluetooth.BluetoothSocket@b9e704, channel: 19, mSocketIS: android.net.LocalSocketImpl$SocketInputStream@4a2c4ed, mSocketOS: android.net.LocalSocketImpl$SocketOutputStream@d9c3f22mSocket: android.net.LocalSocket@d0f6db3 impl:android.net.LocalSocketImpl@e706f70 fd:java.io.FileDescriptor@873c2e9, mSocketState: LISTENING
03-24 04:14:19.242 D/ObexServerSockets0( 5359): shutdown called from another thread - interrupt().
03-24 04:14:19.242 D/ObexServerSockets0( 5359): AcceptThread ended for: ServerSocket: Type: TYPE_RFCOMM Channel: 19
03-24 04:14:19.242 D/BluetoothSocket( 5359): close() this: android.bluetooth.BluetoothSocket@7e32b6e, channel: 4133, mSocketIS: android.net.LocalSocketImpl$SocketInputStream@809320f, mSocketOS: android.net.LocalSocketImpl$SocketOutputStream@fc5129cmSocket: android.net.LocalSocket@33ca4a5 impl:android.net.LocalSocketImpl@79a907a fd:java.io.FileDescriptor@d30e02b, mSocketState: LISTENING
03-24 04:14:19.242 D/ObexServerSockets0( 5359): shutdown called from another thread - interrupt().
03-24 04:14:19.242 D/ObexServerSockets0( 5359): AcceptThread ended for: ServerSocket: Type: TYPE_L2CAP Channel: 4133
03-24 04:14:19.244 E/bt_btif ( 5359): SOCK_LIST: free(id = 1) - NO app_fd!
03-24 04:14:19.244 W/bt_l2cap( 5359): L2CAP - L2CA_Deregister() called for PSM: 0x1025
03-24 04:14:19.245 D/HearingAidService( 5359): : Received stop request...Stopping profile...
03-24 04:14:19.245 D/HearingAidService( 5359): stop()
03-24 04:14:19.245 D/HearingAidService( 5359): setHearingAidService(): set to: null
03-24 04:14:19.245 I/bt_stack( 5359): [INFO:hearing_aid_audio_source.cc(365)] Stop: Hearing Aid Source Close
03-24 04:14:19.245 I/bt_stack( 5359): [INFO:hearing_aid_software_encoding.cc(414)] end_session
03-24 04:14:19.245 I/bt_stack( 5359): [INFO:client_interface.cc(656)] EndSession: sessoin ended already
03-24 04:14:19.245 I/bt_stack( 5359): [INFO:hearing_aid_software_encoding.cc(367)] cleanup
03-24 04:14:19.246 I/bt_stack( 5359): [INFO:client_interface.cc(656)] EndSession: sessoin ended already
03-24 04:14:19.246 V/bt_stack( 5359): [VERBOSE1:gatt_api.cc(1270)] GATT_Deregister gatt_if=5
03-24 04:14:19.246 V/bt_stack( 5359): [VERBOSE1:connection_manager.cc(161)] on_app_deregistered : app_id 0x05
03-24 04:14:19.246 D/HearingAidService( 5359): profile stopped successfully
03-24 04:14:19.246 D/BluetoothHearingAid( 1526): Proxy object disconnected
03-24 04:14:19.246 D/BluetoothHearingAid( 1526): Unbinding service...
03-24 04:14:19.247 D/BluetoothHearingAid( 1990): Proxy object disconnected
03-24 04:14:19.247 D/BluetoothHearingAid( 1990): Unbinding service...
03-24 04:14:19.247 D/AdapterProperties( 5359): PROFILE_CONNECTION_STATE_CHANGE: profile=12, device=14:3F:A6:D2:4D:63, 2 -> 3
03-24 04:14:19.247 D/BluetoothHearingAid( 1526): Proxy object disconnected
03-24 04:14:19.247 D/BluetoothHearingAid( 1526): Unbinding service...
03-24 04:14:19.248 I/Telecom ( 1526): BluetoothDeviceManager: Lost BluetoothHearingAid service. Removing all tracked devices.: BMSL.oSD@AGk
03-24 04:14:19.248 D/BluetoothHearingAid( 1526): Proxy object disconnected
03-24 04:14:19.248 D/BluetoothHearingAid( 1526): Unbinding service...
03-24 04:14:19.248 D/AdapterProperties( 5359): PROFILE_CONNECTION_STATE_CHANGE: profile=12, device=14:3F:A6:D2:4D:63, 3 -> 0
03-24 04:14:19.248 D/BluetoothHearingAid( 1526): Proxy object disconnected
03-24 04:14:19.248 D/BluetoothHearingAid( 1526): Unbinding service...
03-24 04:14:19.249 D/BluetoothActiveDeviceManager( 5359): handleMessage(MESSAGE_A2DP_ACTION_ACTIVE_DEVICE_CHANGED): device= null
03-24 04:14:19.249 D/BluetoothHearingAid( 2390): Proxy object disconnected
03-24 04:14:19.249 D/BluetoothHearingAid( 2390): Unbinding service...
03-24 04:14:19.249 D/BluetoothActiveDeviceManager( 5359): set mA2dpActiveDevice to null
03-24 04:14:19.250 I/A2dpService( 5359): cleanup()
03-24 04:14:19.250 D/BluetoothHidHostService( 5359): Stopping Bluetooth HidHostService
03-24 04:14:19.250 W/BluetoothHidHostServiceJni( 5359): Cleaning up Bluetooth HID Interface...
03-24 04:14:19.250 W/bt_btif ( 5359): cleanup: HH disabling or disabled already, status = 0
03-24 04:14:19.250 W/BluetoothHidHostServiceJni( 5359): Cleaning up Bluetooth GID callback object
03-24 04:14:19.250 D/BluetoothHidHostService( 5359): setHidHostService(): set to: null
03-24 04:14:19.250 W/BluetoothPanServiceJni( 5359): Cleaning up Bluetooth PAN Interface...
03-24 04:14:19.250 W/BluetoothPanServiceJni( 5359): Cleaning up Bluetooth PAN callback object
03-24 04:14:19.250 W/bt_l2cap( 5359): L2CAP - L2CA_Deregister() called for PSM: 0x000f
03-24 04:14:19.250 I/PanService( 5359): cleanup
03-24 04:14:19.251 I/BluetoothPhonePolicy( 5359): processProfileStateChanged, device=14:3F:A6:D2:4D:63, profile=1, 2 -> 0
03-24 04:14:19.251 W/HeadsetService( 5359): getHeadsetService(): service is NULL
03-24 04:14:19.251 W/A2dpService( 5359): getA2dpService(): service is null
03-24 04:14:19.251 W/PanService( 5359): getPanService(): service is null
03-24 04:14:19.251 I/BluetoothPhonePolicy( 5359): handleAllProfilesDisconnected: all profiles disconnected for 14:3F:A6:D2:4D:63
03-24 04:14:19.251 I/BluetoothPhonePolicy( 5359): handleAllProfilesDisconnected: all profiles disconnected for all devices
03-24 04:14:19.251 D/BluetoothSocket( 5359): close() this: android.bluetooth.BluetoothSocket@db5407, channel: 16, mSocketIS: android.net.LocalSocketImpl$SocketInputStream@5671934, mSocketOS: android.net.LocalSocketImpl$SocketOutputStream@8cbc35dmSocket: android.net.LocalSocket@b36b4d2 impl:android.net.LocalSocketImpl@dcf29a3 fd:java.io.FileDescriptor@6f694a0, mSocketState: LISTENING
03-24 04:14:19.251 I/BtOppService( 5359): handleMessage :200
03-24 04:14:19.252 V/BtOppService( 5359): onDestroy
03-24 04:14:19.252 D/BtOppService( 5359): stopListeners: mServerSocket is null
03-24 04:14:19.253 W/BluetoothAdapterService( 5359): onProfileServiceStateChange() - All profile services except gatt stopped..
03-24 04:14:19.253 I/BluetoothPhonePolicy( 5359): processActiveDeviceChanged, device=null, profile=2
03-24 04:14:19.253 I/AdapterState( 5359): BLE_ON : entered
03-24 04:14:19.253 D/AdapterProperties( 5359): Setting state to BLE_ON
03-24 04:14:19.253 D/HearingAidService( 5359): cleanup()
03-24 04:14:19.253 D/BluetoothAdapterService( 5359): updateAdapterState() - Broadcasting state BLE_ON to 1 receivers.
03-24 04:14:19.253 D/BluetoothManagerService( 1526): MESSAGE_BLUETOOTH_STATE_CHANGE: TURNING_OFF > BLE_ON
03-24 04:14:19.254 D/BluetoothManagerService( 1526): Intermediate off, back to LE only mode
03-24 04:14:19.254 D/BluetoothManagerService( 1526): Sending BLE State Change: TURNING_OFF > BLE_ON
03-24 04:14:19.254 D/BluetoothManagerService( 1526): Broadcasting onBluetoothStateChange(false) to 25 receivers.
03-24 04:14:19.254 D/BluetoothHeadset( 1990): onBluetoothStateChange: up=false
03-24 04:14:19.254 D/BluetoothHeadset( 1990): Unbinding service...
03-24 04:14:19.254 D/BluetoothHeadset( 1526): onBluetoothStateChange: up=false
03-24 04:14:19.254 D/BluetoothHeadset( 1526): Unbinding service...
03-24 04:14:19.254 W/BluetoothManagerService( 1526): unbindBluetoothProfileService: calling psc.removeProxy
03-24 04:14:19.255 D/BluetoothHeadset( 1526): Proxy object disconnected
03-24 04:14:19.255 W/BluetoothManagerService( 1526): removing the proxy, count is 3
03-24 04:14:19.255 D/BluetoothHeadset( 1526): onBluetoothStateChange: up=false
03-24 04:14:19.255 D/BluetoothHeadset( 1526): Unbinding service...
03-24 04:14:19.255 W/BluetoothManagerService( 1526): unbindBluetoothProfileService: calling psc.removeProxy
03-24 04:14:19.255 D/BluetoothHeadset( 1526): Proxy object disconnected
03-24 04:14:19.255 W/BluetoothManagerService( 1526): removing the proxy, count is 2
03-24 04:14:19.255 D/BluetoothManagerService( 1526): Calling sendBrEdrDownCallback callbacks
03-24 04:14:19.255 D/BluetoothManagerService( 1526): isBleAppPresent() count: 0
03-24 04:14:19.255 I/Telecom ( 1526): BluetoothDeviceManager: Lost BluetoothHeadset service. Removing all tracked devices: BMSL.oSD@AGo
03-24 04:14:19.255 D/BluetoothHeadset( 2390): onBluetoothStateChange: up=false
03-24 04:14:19.255 W/BluetoothManagerService( 1526): unbindBluetoothProfileService: calling psc.removeProxy
03-24 04:14:19.255 W/BluetoothManagerService( 1526): removing the proxy, count is 1
03-24 04:14:19.255 I/AS.BtHelper( 1526): setBtScoActiveDevice: (null) -> (null)
03-24 04:14:19.255 D/CompanionDeviceManagerService( 1526): Received BT state transition broadcast: TURNING_OFF -> BLE_ON
03-24 04:14:19.255 D/BluetoothHeadset( 1990): Proxy object disconnected
