03-24 04:13:42.493 I/mpu_uart( 646): [MSG-P:RECV]:No message received in 1000 ms
03-24 04:13:42.511 I/OMX-VENC: venc_dev( 1210): stats: avg. fps 29.59, bitrate 555201
03-24 04:13:42.521 W/View ( 1990): requestLayout() improperly called by android.widget.FrameLayout{3906626 I.E...... ......ID 0,0-780,182 #2bc} during second layout pass: posting in next frame
03-24 04:13:42.521 W/View ( 1990): requestLayout() improperly called by com.android.systemui.statusbar.AlphaOptimizedImageView{7aad581 VFED..C.. ......ID 0,0-140,132} during second layout pass: posting in next frame
03-24 04:13:42.545 W/View ( 1990): requestLayout() improperly called by android.widget.FrameLayout{3906626 I.E...... ......ID 0,0-780,182 #2bc} during layout: running second layout pass
03-24 04:13:42.545 W/View ( 1990): requestLayout() improperly called by com.android.systemui.statusbar.AlphaOptimizedImageView{7aad581 VFED..C.. ......ID 0,0-140,132} during layout: running second layout pass
03-24 04:13:42.552 D/vendor.qti.vibrator( 865): QTI Vibrator off
03-24 04:13:42.554 D/vendor.qti.vibrator( 865): Notifying on complete
03-24 04:13:42.567 I/OMX-VENC: venc_dev( 1210): stats: avg. fps 29.80, bitrate 1482081
03-24 04:13:42.803 D/vendor.qti.vibrator( 865): Vibrator on for timeoutMs: 350
03-24 04:13:42.803 D/vendor.qti.vibrator( 865): Starting on on another thread
03-24 04:13:43.154 D/vendor.qti.vibrator( 865): Notifying on complete
03-24 04:13:43.154 D/vendor.qti.vibrator( 865): QTI Vibrator off
03-24 04:13:43.199 W/hpplay-java( 2725): [main]:IPManager:getActiveNets invalid networkInfo:null
03-24 04:13:43.199 I/hpplay-java( 2725): [main]:IPManager:getActiveNets eth0:false wifi:false mobile:false ap:false
03-24 04:13:43.200 I/hpplay-java( 2725): [main]:ServerTaskManager:get local ip:null
03-24 04:13:43.494 I/mpu_uart( 646): [MSG-P:RECV]:No message received in 1000 ms
03-24 04:13:43.520 W/View ( 1990): requestLayout() improperly called by android.widget.FrameLayout{3906626 I.E...... ......ID 0,0-780,182 #2bc} during second layout pass: posting in next frame
03-24 04:13:43.520 W/View ( 1990): requestLayout() improperly called by com.android.systemui.statusbar.AlphaOptimizedImageView{7aad581 VFED..C.. ......ID 0,0-140,132} during second layout pass: posting in next frame
03-24 04:13:43.540 W/View ( 1990): requestLayout() improperly called by android.widget.FrameLayout{3906626 I.E...... ......ID 0,0-780,182 #2bc} during layout: running second layout pass
03-24 04:13:43.540 W/View ( 1990): requestLayout() improperly called by com.android.systemui.statusbar.AlphaOptimizedImageView{7aad581 VFED..C.. ......ID 0,0-140,132} during layout: running second layout pass
03-24 04:13:43.551 I/OMX-VENC: venc_dev( 1210): stats: avg. fps 10.58, bitrate 197678
03-24 04:13:43.606 I/system_server( 1526): Explicit concurrent copying GC freed 33241(1980KB) AllocSpace objects, 2(72KB) LOS objects, 49% free, 10MB/21MB, paused 296us,58us total 113.169ms
03-24 04:13:43.607 W/System ( 1526): A resource failed to call close.
03-24 04:13:43.618 I/mpu_uart( 646): [MSG-P:R]:recv sync frame timeout
03-24 04:13:44.202 W/hpplay-java( 2725): [main]:IPManager:getActiveNets invalid networkInfo:null
03-24 04:13:44.202 I/hpplay-java( 2725): [main]:IPManager:getActiveNets eth0:false wifi:false mobile:false ap:false
03-24 04:13:44.202 I/hpplay-java( 2725): [main]:ServerTaskManager:get local ip:null
03-24 04:13:44.494 I/mpu_uart( 646): [MSG-P:RECV]:No message received in 1000 ms
03-24 04:13:44.523 W/View ( 1990): requestLayout() improperly called by android.widget.FrameLayout{3906626 I.E...... ......ID 0,0-780,182 #2bc} during second layout pass: posting in next frame
03-24 04:13:44.523 W/View ( 1990): requestLayout() improperly called by com.android.systemui.statusbar.AlphaOptimizedImageView{7aad581 VFED..C.. ......ID 0,0-140,132} during second layout pass: posting in next frame
03-24 04:13:44.546 W/View ( 1990): requestLayout() improperly called by android.widget.FrameLayout{3906626 I.E...... ......ID 0,0-780,182 #2bc} during layout: running second layout pass
03-24 04:13:44.547 W/View ( 1990): requestLayout() improperly called by com.android.systemui.statusbar.AlphaOptimizedImageView{7aad581 VFED..C.. ......ID 0,0-140,132} during layout: running second layout pass
03-24 04:13:44.559 I/OMX-VENC: venc_dev( 1210): stats: avg. fps 9.92, bitrate 185396
03-24 04:13:44.562 I/OMX-VENC: venc_dev( 1210): stats: avg. fps 1.00, bitrate 50342
03-24 04:13:44.904 I/am_uid_idle( 1526): 10020
03-24 04:13:45.204 W/hpplay-java( 2725): [main]:IPManager:getActiveNets invalid networkInfo:null
03-24 04:13:45.205 I/hpplay-java( 2725): [main]:IPManager:getActiveNets eth0:false wifi:false mobile:false ap:false
03-24 04:13:45.205 I/hpplay-java( 2725): [main]:ServerTaskManager:get local ip:null
03-24 04:13:45.494 I/mpu_uart( 646): [MSG-P:RECV]:No message received in 1000 ms
03-24 04:13:45.525 W/View ( 1990): requestLayout() improperly called by android.widget.FrameLayout{3906626 I.E...... ......ID 0,0-780,182 #2bc} during second layout pass: posting in next frame
03-24 04:13:45.526 W/View ( 1990): requestLayout() improperly called by com.android.systemui.statusbar.AlphaOptimizedImageView{7aad581 VFED..C.. ......ID 0,0-140,132} during second layout pass: posting in next frame
03-24 04:13:45.549 W/View ( 1990): requestLayout() improperly called by android.widget.FrameLayout{3906626 I.E...... ......ID 0,0-780,182 #2bc} during layout: running second layout pass
03-24 04:13:45.549 W/View ( 1990): requestLayout() improperly called by com.android.systemui.statusbar.AlphaOptimizedImageView{7aad581 VFED..C.. ......ID 0,0-140,132} during layout: running second layout pass
03-24 04:13:45.564 I/OMX-VENC: venc_dev( 1210): stats: avg. fps 1.00, bitrate 50125
03-24 04:13:45.568 I/OMX-VENC: venc_dev( 1210): stats: avg. fps 10.90, bitrate 203756
03-24 04:13:45.602 E/tlogd ( 1344): [TzLogger](isPathReadable) file /sys/kernel/debug/tzdbg/qsee_log isn't exist or no permission, err: No such file or directory
03-24 04:13:45.602 E/tlogd ( 1344): [TzLogger](saveTzlogAsync) /sys/kernel/debug/tzdbg/qsee_log can not read.
03-24 04:13:45.602 E/tlogd ( 1344): [TzLogger](isPathReadable) file /sys/kernel/debug/tzdbg/log isn't exist or no permission, err: No such file or directory
03-24 04:13:45.602 E/tlogd ( 1344): [TzLogger](saveTzlogAsync) /sys/kernel/debug/tzdbg/log can not read.
03-24 04:13:45.713 D/MicroService( 2177): getEvent: clientSocket = Socket[address=/192.168.4.4,port=46600,localPort=9999]
03-24 04:13:45.714 D/MicroService( 2177): run: called
03-24 04:13:45.714 D/MicroService( 2177): getEvent: start waiting...
03-24 04:13:45.715 I/MicroService( 2177): getStringByData(noZero): IDCM_CarAudioService
03-24 04:13:45.715 I/MicroService( 2177): getStringByData(noZero): FSEM_AudioService
03-24 04:13:45.715 I/MicroService( 2177): getStringByData: {"srcService":"IDCM_CarAudioService","dstService":"FSEM_AudioService","methodName":"setVolume","messageType":0,"uuid":62113260338648,"parameters":{"functionInfo":{"IDCM_VolumeValue_Media":"0"}}}
03-24 04:13:45.715 I/MicroService( 2177): Receive message: SocketMessageBean{businessData='21930', srcService='IDCM_CarAudioService', destService='FSEM_AudioService', messageType='0', uuid='62113260338648', payloadData={"srcService":"IDCM_CarAudioService","dstService":"FSEM_AudioService","methodName":"setVolume","messageType":0,"uuid":62113260338648,"parameters":{"functionInfo":{"IDCM_VolumeValue_Media":"0"}}}}
03-24 04:13:45.715 I/MicroService( 2177): dealMessage: 0
03-24 04:13:45.715 I/MicroService( 2177): onRequest(setVolume): {"functionInfo":{"IDCM_VolumeValue_Media":"0"}}
03-24 04:13:45.720 I/hpplay-java( 2725): [main]:IMTask:getIMRoot
03-24 04:13:45.727 W/hpplay-java( 2725): [AsyncTask #99]:HttpRequest:
03-24 04:13:45.729 W/hpplay-java( 2725): [AsyncTask #99]:HttpRequest:
03-24 04:13:45.730 W/hpplay-java( 2725): [AsyncTask #99]:HttpRequest:
03-24 04:13:45.730 E/hpplay-java( 2725): [main]:IMTask:getIMRoot failed
03-24 04:13:46.206 W/hpplay-java( 2725): [main]:IPManager:getActiveNets invalid networkInfo:null
03-24 04:13:46.207 I/hpplay-java( 2725): [main]:IPManager:getActiveNets eth0:false wifi:false mobile:false ap:false
03-24 04:13:46.207 I/hpplay-java( 2725): [main]:ServerTaskManager:get local ip:null
03-24 04:13:46.275 I/GameModeConfig( 1526): isGameModeOn = false
03-24 04:13:46.299 D/InterruptionStateProvider( 1990): No bubble up: not allowed to bubble: 0|com.android.systemui|4274|null|10078
03-24 04:13:46.299 D/InterruptionStateProvider( 1990): No bubble up: not allowed to bubble: -1|android|26|null|1000
03-24 04:13:46.299 D/InterruptionStateProvider( 1990): No alerting: filtered notification: 0|com.android.systemui|1|empty_media|10078
03-24 04:13:46.300 D/InterruptionStateProvider( 1990): No bubble up: not allowed to bubble: 0|com.android.systemui|2048|null|10078
03-24 04:13:46.300 D/InterruptionStateProvider( 1990): No bubble up: not allowed to bubble: 0|android|17303299|com.android.wifi|1000
03-24 04:13:46.300 D/InterruptionStateProvider( 1990): No bubble up: not allowed to bubble: -1|android|32|null|1000
03-24 04:13:46.308 W/View ( 1990): requestLayout() improperly called by android.widget.FrameLayout{3906626 I.E...... ......ID 0,0-780,182 #2bc} during second layout pass: posting in next frame
03-24 04:13:46.309 W/View ( 1990): requestLayout() improperly called by com.android.systemui.statusbar.AlphaOptimizedImageView{7aad581 VFED..C.. ......ID 0,0-140,132} during second layout pass: posting in next frame
03-24 04:13:46.336 W/View ( 1990): requestLayout() improperly called by android.widget.FrameLayout{3906626 I.E...... ......ID 0,0-780,182 #2bc} during layout: running second layout pass
03-24 04:13:46.336 W/View ( 1990): requestLayout() improperly called by com.android.systemui.statusbar.AlphaOptimizedImageView{7aad581 VFED..C.. ......ID 0,0-140,132} during layout: running second layout pass
03-24 04:13:46.495 I/mpu_uart( 646): [MSG-P:RECV]:No message received in 1000 ms
03-24 04:13:46.530 W/View ( 1990): requestLayout() improperly called by android.widget.FrameLayout{3906626 I.E...... ......ID 0,0-780,182 #2bc} during second layout pass: posting in next frame
03-24 04:13:46.531 W/View ( 1990): requestLayout() improperly called by com.android.systemui.statusbar.AlphaOptimizedImageView{7aad581 VFED..C.. ......ID 0,0-140,132} during second layout pass: posting in next frame
03-24 04:13:46.552 W/View ( 1990): requestLayout() improperly called by android.widget.FrameLayout{3906626 I.E...... ......ID 0,0-780,182 #2bc} during layout: running second layout pass
03-24 04:13:46.553 W/View ( 1990): requestLayout() improperly called by com.android.systemui.statusbar.AlphaOptimizedImageView{7aad581 VFED..C.. ......ID 0,0-140,132} during layout: running second layout pass
03-24 04:13:46.571 I/OMX-VENC: venc_dev( 1210): stats: avg. fps 1.99, bitrate 99714
03-24 04:13:46.575 I/OMX-VENC: venc_dev( 1210): stats: avg. fps 10.92, bitrate 204087
03-24 04:13:46.621 I/mpu_uart( 646): [MSG-P:R]:recv sync frame timeout
03-24 04:13:47.061 D/RemoteControlService( 2327): startVlanDispatchThread
03-24 04:13:47.209 W/hpplay-java( 2725): [main]:IPManager:getActiveNets invalid networkInfo:null
03-24 04:13:47.209 I/hpplay-java( 2725): [main]:IPManager:getActiveNets eth0:false wifi:false mobile:false ap:false
03-24 04:13:47.209 I/hpplay-java( 2725): [main]:ServerTaskManager:get local ip:null
03-24 04:13:47.495 I/mpu_uart( 646): [MSG-P:RECV]:No message received in 1000 ms
03-24 04:13:47.534 W/View ( 1990): requestLayout() improperly called by android.widget.FrameLayout{3906626 I.E...... ......ID 0,0-780,182 #2bc} during second layout pass: posting in next frame
03-24 04:13:47.535 W/View ( 1990): requestLayout() improperly called by com.android.systemui.statusbar.AlphaOptimizedImageView{7aad581 VFED..C.. ......ID 0,0-140,132} during second layout pass: posting in next frame
03-24 04:13:47.553 W/View ( 1990): requestLayout() improperly called by android.widget.FrameLayout{3906626 I.E...... ......ID 0,0-780,182 #2bc} during layout: running second layout pass
03-24 04:13:47.554 W/View ( 1990): requestLayout() improperly called by com.android.systemui.statusbar.AlphaOptimizedImageView{7aad581 VFED..C.. ......ID 0,0-140,132} during layout: running second layout pass
03-24 04:13:47.674 I/OMX-VENC: venc_dev( 1210): stats: avg. fps 10.01, bitrate 187104
03-24 04:13:47.957 I/input_interaction( 1526): Interaction with: 2c21551 StatusBar (server), edge-swipe (server), swipe-up (server), PointerEventDispatcher0 (server),
03-24 04:13:47.966 I/sysui_multi_action( 1990): [757,803,799,panel_open,802,1]
03-24 04:13:47.967 I/sysui_multi_action( 1990): [757,1328,758,4,1326,60,1327,1,1329,0]
03-24 04:13:48.018 D/StatusBar( 1990): disable disable2
03-24 04:13:48.018 I/sysui_multi_action( 1526): [757,127,758,1]
03-24 04:13:48.019 I/sysui_multi_action( 1526): [757,804,799,note_load,801,4,802,1]
03-24 04:13:48.019 I/notification_panel_revealed( 1526): 4
03-24 04:13:48.031 I/input_focus( 1526): [Focus request 6c18c NotificationShade,reason=UpdateInputWindows]
03-24 04:13:48.041 I/sysui_multi_action( 1526): [757,128,758,1,793,1748966,794,0,795,1748966,796,26,798,1,806,android,857,DEVELOPER_IMPORTANT,858,4,947,0,1395,4,1500,1748605,1688,1]
03-24 04:13:48.041 I/sysui_multi_action( 1526): [757,804,799,note_freshness,801,1748966,802,1]
03-24 04:13:48.041 I/notification_visibility( 1526): [-1|android|26|null|1000,1,1748966,1748966,0,1]
03-24 04:13:48.041 I/sysui_multi_action( 1526): [757,128,758,1,793,1744264,794,0,795,1744264,796,17303299,797,com.android.wifi,798,2,806,android,857,NETWORK_AVAILABLE,858,2,947,0,1395,4,1500,1744061,1688,1]
03-24 04:13:48.041 I/sysui_multi_action( 1526): [757,804,799,note_freshness,801,1744264,802,1]
03-24 04:13:48.041 I/notification_visibility( 1526): [0|android|17303299|com.android.wifi|1000,1,1744264,1744264,0,2]
03-24 04:13:48.042 I/sysui_multi_action( 1526): [757,128,758,1,793,6552,794,0,795,6552,796,4274,798,0,806,com.android.systemui,857,screen_record,858,3,947,0,1395,4,1500,6348,1688,1]
03-24 04:13:48.042 I/sysui_multi_action( 1526): [757,804,799,note_freshness,801,6552,802,1]
03-24 04:13:48.042 I/notification_visibility( 1526): [0|com.android.systemui|4274|null|10078,1,6552,6552,0,0]
03-24 04:13:48.042 I/sysui_multi_action( 1526): [757,128,758,1,793,1749717,794,0,795,1749717,796,32,798,3,806,android,857,USB,858,1,947,0,1395,4,1500,1749477,1688,1]
03-24 04:13:48.042 I/sysui_multi_action( 1526): [757,804,799,note_freshness,801,1749717,802,1]
03-24 04:13:48.042 I/notification_visibility( 1526): [-1|android|32|null|1000,1,1749717,1749717,0,3]
03-24 04:13:48.043 W/View ( 1990): requestLayout() improperly called by android.widget.FrameLayout{3906626 I.E...... ......ID 0,0-780,182 #2bc} during second layout pass: posting in next frame
03-24 04:13:48.043 W/View ( 1990): requestLayout() improperly called by com.android.systemui.statusbar.AlphaOptimizedImageView{7aad581 VFED..C.. ......ID 0,0-140,132} during second layout pass: posting in next frame
03-24 04:13:48.048 W/View ( 1990): requestLayout() improperly called by android.widget.FrameLayout{3906626 I.E...... ......ID 0,0-780,182 #2bc} during layout: running second layout pass
03-24 04:13:48.048 W/View ( 1990): requestLayout() improperly called by com.android.systemui.statusbar.AlphaOptimizedImageView{7aad581 VFED..C.. ......ID 0,0-140,132} during layout: running second layout pass
03-24 04:13:48.055 I/input_focus( 1526): [Focus leaving d2645fe com.android.launcher3/com.android.launcher3.uioverrides.QuickstepLauncher (server),reason=setFocusedWindow]
03-24 04:13:48.055 I/input_focus( 1526): [Focus entering 6c18c NotificationShade (server),reason=setFocusedWindow]
03-24 04:13:48.060 W/View ( 1990): requestLayout() improperly called by android.widget.FrameLayout{3906626 I.E...... ......ID 0,0-780,182 #2bc} during second layout pass: posting in next frame
03-24 04:13:48.060 W/View ( 1990): requestLayout() improperly called by com.android.systemui.statusbar.AlphaOptimizedImageView{7aad581 VFED..C.. ......ID 0,0-140,132} during second layout pass: posting in next frame
03-24 04:13:48.063 I/OMX-VENC: venc_dev( 1210): stats: avg. fps 2.01, bitrate 100962
03-24 04:13:48.067 W/View ( 1990): requestLayout() improperly called by android.widget.FrameLayout{3906626 I.E...... ......ID 0,0-780,182 #2bc} during layout: running second layout pass
03-24 04:13:48.067 W/View ( 1990): requestLayout() improperly called by com.android.systemui.statusbar.AlphaOptimizedImageView{7aad581 VFED..C.. ......ID 0,0-140,132} during layout: running second layout pass
03-24 04:13:48.081 W/Choreographer( 2550): Frame time is 0.029893 ms in the future! Check that graphics HAL is generating vsync timestamps using the correct timebase.
03-24 04:13:48.102 W/View ( 1990): requestLayout() improperly called by android.widget.FrameLayout{3906626 I.E...... ......ID 0,0-780,182 #2bc} during second layout pass: posting in next frame
03-24 04:13:48.102 W/View ( 1990): requestLayout() improperly called by com.android.systemui.statusbar.AlphaOptimizedImageView{7aad581 VFED..C.. ......ID 0,0-140,132} during second layout pass: posting in next frame
03-24 04:13:48.107 W/View ( 1990): requestLayout() improperly called by android.widget.FrameLayout{3906626 I.E...... ......ID 0,0-780,182 #2bc} during layout: running second layout pass
03-24 04:13:48.107 W/View ( 1990): requestLayout() improperly called by com.android.systemui.statusbar.AlphaOptimizedImageView{7aad581 VFED..C.. ......ID 0,0-140,132} during layout: running second layout pass
03-24 04:13:48.125 I/sysui_multi_action( 1990): [757,111,758,1]
03-24 04:13:48.125 I/sysui_multi_action( 1990): [757,126,758,1,759,126,927,0,928,1,1593,0]
03-24 04:13:48.125 I/sysui_multi_action( 1990): [757,113,758,1,759,113,927,1,928,1,1593,0]
03-24 04:13:48.125 I/sysui_multi_action( 1990): [757,0,758,1,759,0,927,2,928,0,1593,0]
03-24 04:13:48.125 I/sysui_multi_action( 1990): [757,0,758,1,759,0,927,3,928,1,1593,0]
03-24 04:13:48.126 I/sysui_multi_action( 1990): [757,491,758,1,759,491,927,4,928,0,1311,-1,1593,0]
03-24 04:13:48.127 I/sysui_multi_action( 1990): [757,0,758,1,759,0,927,5,928,0,1593,0]
03-24 04:13:48.127 I/sysui_multi_action( 1990): [757,111,758,1]
03-24 04:13:48.127 I/sysui_multi_action( 1990): [757,126,758,1,759,126,927,0,928,1,1593,0]
03-24 04:13:48.127 I/sysui_multi_action( 1990): [757,113,758,1,759,113,927,1,928,1,1593,0]
03-24 04:13:48.127 I/sysui_multi_action( 1990): [757,0,758,1,759,0,927,2,928,0,1593,0]
03-24 04:13:48.127 I/sysui_multi_action( 1990): [757,0,758,1,759,0,927,3,928,1,1593,0]
03-24 04:13:48.156 W/View ( 1990): requestLayout() improperly called by android.widget.FrameLayout{3906626 I.E...... ......ID 0,0-780,182 #2bc} during second layout pass: posting in next frame
03-24 04:13:48.156 W/View ( 1990): requestLayout() improperly called by com.android.systemui.statusbar.AlphaOptimizedImageView{7aad581 VFED..C.. ......ID 0,0-140,132} during second layout pass: posting in next frame
03-24 04:13:48.161 W/View ( 1990): requestLayout() improperly called by android.widget.FrameLayout{3906626 I.E...... ......ID 0,0-780,182 #2bc} during layout: running second layout pass
03-24 04:13:48.161 W/View ( 1990): requestLayout() improperly called by com.android.systemui.statusbar.AlphaOptimizedImageView{7aad581 VFED..C.. ......ID 0,0-140,132} during layout: running second layout pass
03-24 04:13:48.185 W/View ( 1990): requestLayout() improperly called by android.widget.FrameLayout{3906626 I.E...... ......ID 0,0-780,182 #2bc} during second layout pass: posting in next frame
03-24 04:13:48.185 W/View ( 1990): requestLayout() improperly called by com.android.systemui.statusbar.AlphaOptimizedImageView{7aad581 VFED..C.. ......ID 0,0-140,132} during second layout pass: posting in next frame
03-24 04:13:48.189 W/View ( 1990): requestLayout() improperly called by android.widget.FrameLayout{3906626 I.E...... ......ID 0,0-780,182 #2bc} during layout: running second layout pass
03-24 04:13:48.189 W/View ( 1990): requestLayout() improperly called by com.android.systemui.statusbar.AlphaOptimizedImageView{7aad581 VFED..C.. ......ID 0,0-140,132} during layout: running second layout pass
03-24 04:13:48.211 W/hpplay-java( 2725): [main]:IPManager:getActiveNets invalid networkInfo:null
03-24 04:13:48.211 I/hpplay-java( 2725): [main]:IPManager:getActiveNets eth0:false wifi:false mobile:false ap:false
03-24 04:13:48.211 I/hpplay-java( 2725): [main]:ServerTaskManager:get local ip:null
03-24 04:13:48.218 W/View ( 1990): requestLayout() improperly called by android.widget.FrameLayout{3906626 I.E...... ......ID 0,0-780,182 #2bc} during second layout pass: posting in next frame
03-24 04:13:48.218 W/View ( 1990): requestLayout() improperly called by com.android.systemui.statusbar.AlphaOptimizedImageView{7aad581 VFED..C.. ......ID 0,0-140,132} during second layout pass: posting in next frame
03-24 04:13:48.222 W/View ( 1990): requestLayout() improperly called by android.widget.FrameLayout{3906626 I.E...... ......ID 0,0-780,182 #2bc} during layout: running second layout pass
03-24 04:13:48.222 W/View ( 1990): requestLayout() improperly called by com.android.systemui.statusbar.AlphaOptimizedImageView{7aad581 VFED..C.. ......ID 0,0-140,132} during layout: running second layout pass
03-24 04:13:48.240 W/View ( 1990): requestLayout() improperly called by android.widget.FrameLayout{3906626 I.E...... ......ID 0,0-780,182 #2bc} during second layout pass: posting in next frame
03-24 04:13:48.240 W/View ( 1990): requestLayout() improperly called by com.android.systemui.statusbar.AlphaOptimizedImageView{7aad581 VFED..C.. ......ID 0,0-140,132} during second layout pass: posting in next frame
03-24 04:13:48.251 W/View ( 1990): requestLayout() improperly called by android.widget.FrameLayout{3906626 I.E...... ......ID 0,0-780,182 #2bc} during layout: running second layout pass
03-24 04:13:48.251 W/View ( 1990): requestLayout() improperly called by com.android.systemui.statusbar.AlphaOptimizedImageView{7aad581 VFED..C.. ......ID 0,0-140,132} during layout: running second layout pass
03-24 04:13:48.276 W/View ( 1990): requestLayout() improperly called by android.widget.FrameLayout{3906626 I.E...... ......ID 0,0-780,182 #2bc} during second layout pass: posting in next frame
03-24 04:13:48.276 W/View ( 1990): requestLayout() improperly called by com.android.systemui.statusbar.AlphaOptimizedImageView{7aad581 VFED..C.. ......ID 0,0-140,132} during second layout pass: posting in next frame
03-24 04:13:48.285 W/View ( 1990): requestLayout() improperly called by android.widget.FrameLayout{3906626 I.E...... ......ID 0,0-780,182 #2bc} during layout: running second layout pass
03-24 04:13:48.285 W/View ( 1990): requestLayout() improperly called by com.android.systemui.statusbar.AlphaOptimizedImageView{7aad581 VFED..C.. ......ID 0,0-140,132} during layout: running second layout pass
03-24 04:13:48.301 W/View ( 1990): requestLayout() improperly called by android.widget.FrameLayout{3906626 I.E...... ......ID 0,0-780,182 #2bc} during second layout pass: posting in next frame
03-24 04:13:48.302 W/View ( 1990): requestLayout() improperly called by com.android.systemui.statusbar.AlphaOptimizedImageView{7aad581 VFED..C.. ......ID 0,0-140,132} during second layout pass: posting in next frame
03-24 04:13:48.318 W/View ( 1990): requestLayout() improperly called by android.widget.FrameLayout{3906626 I.E...... ......ID 0,0-780,182 #2bc} during layout: running second layout pass
03-24 04:13:48.318 W/View ( 1990): requestLayout() improperly called by com.android.systemui.statusbar.AlphaOptimizedImageView{7aad581 VFED..C.. ......ID 0,0-140,132} during layout: running second layout pass
03-24 04:13:48.338 W/View ( 1990): requestLayout() improperly called by android.widget.FrameLayout{3906626 I.E...... ......ID 0,0-780,182 #2bc} during second layout pass: posting in next frame
03-24 04:13:48.338 W/View ( 1990): requestLayout() improperly called by com.android.systemui.statusbar.AlphaOptimizedImageView{7aad581 VFED..C.. ......ID 0,0-140,132} during second layout pass: posting in next frame
03-24 04:13:48.352 W/View ( 1990): requestLayout() improperly called by android.widget.FrameLayout{3906626 I.E...... ......ID 0,0-780,182 #2bc} during layout: running second layout pass
03-24 04:13:48.352 W/View ( 1990): requestLayout() improperly called by com.android.systemui.statusbar.AlphaOptimizedImageView{7aad581 VFED..C.. ......ID 0,0-140,132} during layout: running second layout pass
03-24 04:13:48.371 W/View ( 1990): requestLayout() improperly called by android.widget.FrameLayout{3906626 I.E...... ......ID 0,0-780,182 #2bc} during second layout pass: posting in next frame
03-24 04:13:48.371 W/View ( 1990): requestLayout() improperly called by com.android.systemui.statusbar.AlphaOptimizedImageView{7aad581 VFED..C.. ......ID 0,0-140,132} during second layout pass: posting in next frame
03-24 04:13:48.385 W/View ( 1990): requestLayout() improperly called by android.widget.FrameLayout{3906626 I.E...... ......ID 0,0-780,182 #2bc} during layout: running second layout pass
03-24 04:13:48.385 W/View ( 1990): requestLayout() improperly called by com.android.systemui.statusbar.AlphaOptimizedImageView{7aad581 VFED..C.. ......ID 0,0-140,132} during layout: running second layout pass
03-24 04:13:48.403 W/View ( 1990): requestLayout() improperly called by android.widget.FrameLayout{3906626 I.E...... ......ID 0,0-780,182 #2bc} during second layout pass: posting in next frame
03-24 04:13:48.404 W/View ( 1990): requestLayout() improperly called by com.android.systemui.statusbar.AlphaOptimizedImageView{7aad581 VFED..C.. ......ID 0,0-140,132} during second layout pass: posting in next frame
03-24 04:13:48.418 W/View ( 1990): requestLayout() improperly called by android.widget.FrameLayout{3906626 I.E...... ......ID 0,0-780,182 #2bc} during layout: running second layout pass
03-24 04:13:48.418 W/View ( 1990): requestLayout() improperly called by com.android.systemui.statusbar.AlphaOptimizedImageView{7aad581 VFED..C.. ......ID 0,0-140,132} during layout: running second layout pass
03-24 04:13:48.438 W/View ( 1990): requestLayout() improperly called by android.widget.FrameLayout{3906626 I.E...... ......ID 0,0-780,182 #2bc} during second layout pass: posting in next frame
03-24 04:13:48.439 W/View ( 1990): requestLayout() improperly called by com.android.systemui.statusbar.AlphaOptimizedImageView{7aad581 VFED..C.. ......ID 0,0-140,132} during second layout pass: posting in next frame
03-24 04:13:48.452 W/View ( 1990): requestLayout() improperly called by android.widget.FrameLayout{3906626 I.E...... ......ID 0,0-780,182 #2bc} during layout: running second layout pass
03-24 04:13:48.452 W/View ( 1990): requestLayout() improperly called by com.android.systemui.statusbar.AlphaOptimizedImageView{7aad581 VFED..C.. ......ID 0,0-140,132} during layout: running second layout pass
03-24 04:13:48.493 W/View ( 1990): requestLayout() improperly called by android.widget.FrameLayout{3906626 I.E...... ......ID 0,0-780,182 #2bc} during second layout pass: posting in next frame
03-24 04:13:48.493 W/View ( 1990): requestLayout() improperly called by com.android.systemui.statusbar.AlphaOptimizedImageView{7aad581 VFED..C.. ......ID 0,0-140,132} during second layout pass: posting in next frame
03-24 04:13:48.495 I/mpu_uart( 646): [MSG-P:RECV]:No message received in 1000 ms
03-24 04:13:48.496 W/View ( 1990): requestLayout() improperly called by android.widget.FrameLayout{3906626 I.E...... ......ID 0,0-780,182 #2bc} during layout: running second layout pass
03-24 04:13:48.496 W/View ( 1990): requestLayout() improperly called by com.android.systemui.statusbar.AlphaOptimizedImageView{7aad581 VFED..C.. ......ID 0,0-140,132} during layout: running second layout pass
03-24 04:13:48.506 W/View ( 1990): requestLayout() improperly called by android.widget.FrameLayout{3906626 I.E...... ......ID 0,0-780,182 #2bc} during second layout pass: posting in next frame
03-24 04:13:48.506 W/View ( 1990): requestLayout() improperly called by com.android.systemui.statusbar.AlphaOptimizedImageView{7aad581 VFED..C.. ......ID 0,0-140,132} during second layout pass: posting in next frame
03-24 04:13:48.518 W/View ( 1990): requestLayout() improperly called by android.widget.FrameLayout{3906626 I.E...... ......ID 0,0-780,182 #2bc} during layout: running second layout pass
03-24 04:13:48.518 W/View ( 1990): requestLayout() improperly called by com.android.systemui.statusbar.AlphaOptimizedImageView{7aad581 VFED..C.. ......ID 0,0-140,132} during layout: running second layout pass
03-24 04:13:48.541 W/View ( 1990): requestLayout() improperly called by android.widget.FrameLayout{3906626 I.E...... ......ID 0,0-780,182 #2bc} during second layout pass: posting in next frame
03-24 04:13:48.542 W/View ( 1990): requestLayout() improperly called by com.android.systemui.statusbar.AlphaOptimizedImageView{7aad581 VFED..C.. ......ID 0,0-140,132} during second layout pass: posting in next frame
03-24 04:13:48.552 W/View ( 1990): requestLayout() improperly called by android.widget.FrameLayout{3906626 I.E...... ......ID 0,0-780,182 #2bc} during layout: running second layout pass
03-24 04:13:48.552 W/View ( 1990): requestLayout() improperly called by com.android.systemui.statusbar.AlphaOptimizedImageView{7aad581 VFED..C.. ......ID 0,0-140,132} during layout: running second layout pass
03-24 04:13:48.575 W/View ( 1990): requestLayout() improperly called by android.widget.FrameLayout{3906626 I.E...... ......ID 0,0-780,182 #2bc} during second layout pass: posting in next frame
03-24 04:13:48.575 W/View ( 1990): requestLayout() improperly called by com.android.systemui.statusbar.AlphaOptimizedImageView{7aad581 VFED..C.. ......ID 0,0-140,132} during second layout pass: posting in next frame
03-24 04:13:48.585 W/View ( 1990): requestLayout() improperly called by android.widget.FrameLayout{3906626 I.E...... ......ID 0,0-780,182 #2bc} during layout: running second layout pass
03-24 04:13:48.585 W/View ( 1990): requestLayout() improperly called by com.android.systemui.statusbar.AlphaOptimizedImageView{7aad581 VFED..C.. ......ID 0,0-140,132} during layout: running second layout pass
03-24 04:13:48.608 W/View ( 1990): requestLayout() improperly called by android.widget.FrameLayout{3906626 I.E...... ......ID 0,0-780,182 #2bc} during second layout pass: posting in next frame
03-24 04:13:48.608 W/View ( 1990): requestLayout() improperly called by com.android.systemui.statusbar.AlphaOptimizedImageView{7aad581 VFED..C.. ......ID 0,0-140,132} during second layout pass: posting in next frame
03-24 04:13:48.619 W/View ( 1990): requestLayout() improperly called by android.widget.FrameLayout{3906626 I.E...... ......ID 0,0-780,182 #2bc} during layout: running second layout pass
03-24 04:13:48.619 W/View ( 1990): requestLayout() improperly called by com.android.systemui.statusbar.AlphaOptimizedImageView{7aad581 VFED..C.. ......ID 0,0-140,132} during layout: running second layout pass
03-24 04:13:48.639 W/View ( 1990): requestLayout() improperly called by android.widget.FrameLayout{3906626 I.E...... ......ID 0,0-780,182 #2bc} during second layout pass: posting in next frame
03-24 04:13:48.639 W/View ( 1990): requestLayout() improperly called by com.android.systemui.statusbar.AlphaOptimizedImageView{7aad581 VFED..C.. ......ID 0,0-140,132} during second layout pass: posting in next frame
03-24 04:13:48.652 W/View ( 1990): requestLayout() improperly called by android.widget.FrameLayout{3906626 I.E...... ......ID 0,0-780,182 #2bc} during layout: running second layout pass
03-24 04:13:48.652 W/View ( 1990): requestLayout() improperly called by com.android.systemui.statusbar.AlphaOptimizedImageView{7aad581 VFED..C.. ......ID 0,0-140,132} during layout: running second layout pass
03-24 04:13:48.672 W/View ( 1990): requestLayout() improperly called by android.widget.FrameLayout{3906626 I.E...... ......ID 0,0-780,182 #2bc} during second layout pass: posting in next frame
03-24 04:13:48.672 W/View ( 1990): requestLayout() improperly called by com.android.systemui.statusbar.AlphaOptimizedImageView{7aad581 VFED..C.. ......ID 0,0-140,132} during second layout pass: posting in next frame
03-24 04:13:48.685 W/View ( 1990): requestLayout() improperly called by android.widget.FrameLayout{3906626 I.E...... ......ID 0,0-780,182 #2bc} during layout: running second layout pass
03-24 04:13:48.685 W/View ( 1990): requestLayout() improperly called by com.android.systemui.statusbar.AlphaOptimizedImageView{7aad581 VFED..C.. ......ID 0,0-140,132} during layout: running second layout pass
03-24 04:13:48.687 I/OMX-VENC: venc_dev( 1210): stats: avg. fps 36.52, bitrate 2308853
03-24 04:13:48.706 W/View ( 1990): requestLayout() improperly called by android.widget.FrameLayout{3906626 I.E...... ......ID 0,0-780,182 #2bc} during second layout pass: posting in next frame
03-24 04:13:48.706 W/View ( 1990): requestLayout() improperly called by com.android.systemui.statusbar.AlphaOptimizedImageView{7aad581 VFED..C.. ......ID 0,0-140,132} during second layout pass: posting in next frame
03-24 04:13:48.718 W/View ( 1990): requestLayout() improperly called by android.widget.FrameLayout{3906626 I.E...... ......ID 0,0-780,182 #2bc} during layout: running second layout pass
03-24 04:13:48.718 W/View ( 1990): requestLayout() improperly called by com.android.systemui.statusbar.AlphaOptimizedImageView{7aad581 VFED..C.. ......ID 0,0-140,132} during layout: running second layout pass
03-24 04:13:48.739 W/View ( 1990): requestLayout() improperly called by android.widget.FrameLayout{3906626 I.E...... ......ID 0,0-780,182 #2bc} during second layout pass: posting in next frame
03-24 04:13:48.739 W/View ( 1990): requestLayout() improperly called by com.android.systemui.statusbar.AlphaOptimizedImageView{7aad581 VFED..C.. ......ID 0,0-140,132} during second layout pass: posting in next frame
03-24 04:13:48.752 W/View ( 1990): requestLayout() improperly called by android.widget.FrameLayout{3906626 I.E...... ......ID 0,0-780,182 #2bc} during layout: running second layout pass
03-24 04:13:48.752 W/View ( 1990): requestLayout() improperly called by com.android.systemui.statusbar.AlphaOptimizedImageView{7aad581 VFED..C.. ......ID 0,0-140,132} during layout: running second layout pass
03-24 04:13:48.773 W/View ( 1990): requestLayout() improperly called by android.widget.FrameLayout{3906626 I.E...... ......ID 0,0-780,182 #2bc} during second layout pass: posting in next frame
03-24 04:13:48.773 W/View ( 1990): requestLayout() improperly called by com.android.systemui.statusbar.AlphaOptimizedImageView{7aad581 VFED..C.. ......ID 0,0-140,132} during second layout pass: posting in next frame
03-24 04:13:48.785 W/View ( 1990): requestLayout() improperly called by android.widget.FrameLayout{3906626 I.E...... ......ID 0,0-780,182 #2bc} during layout: running second layout pass
03-24 04:13:48.785 W/View ( 1990): requestLayout() improperly called by com.android.systemui.statusbar.AlphaOptimizedImageView{7aad581 VFED..C.. ......ID 0,0-140,132} during layout: running second layout pass
03-24 04:13:48.807 W/View ( 1990): requestLayout() improperly called by android.widget.FrameLayout{3906626 I.E...... ......ID 0,0-780,182 #2bc} during second layout pass: posting in next frame
03-24 04:13:48.807 W/View ( 1990): requestLayout() improperly called by com.android.systemui.statusbar.AlphaOptimizedImageView{7aad581 VFED..C.. ......ID 0,0-140,132} during second layout pass: posting in next frame
03-24 04:13:48.819 W/View ( 1990): requestLayout() improperly called by android.widget.FrameLayout{3906626 I.E...... ......ID 0,0-780,182 #2bc} during layout: running second layout pass
03-24 04:13:48.819 W/View ( 1990): requestLayout() improperly called by com.android.systemui.statusbar.AlphaOptimizedImageView{7aad581 VFED..C.. ......ID 0,0-140,132} during layout: running second layout pass
03-24 04:13:48.840 W/View ( 1990): requestLayout() improperly called by android.widget.FrameLayout{3906626 I.E...... ......ID 0,0-780,182 #2bc} during second layout pass: posting in next frame
03-24 04:13:48.840 W/View ( 1990): requestLayout() improperly called by com.android.systemui.statusbar.AlphaOptimizedImageView{7aad581 VFED..C.. ......ID 0,0-140,132} during second layout pass: posting in next frame
03-24 04:13:48.852 W/View ( 1990): requestLayout() improperly called by android.widget.FrameLayout{3906626 I.E...... ......ID 0,0-780,182 #2bc} during layout: running second layout pass
03-24 04:13:48.852 W/View ( 1990): requestLayout() improperly called by com.android.systemui.statusbar.AlphaOptimizedImageView{7aad581 VFED..C.. ......ID 0,0-140,132} during layout: running second layout pass
03-24 04:13:48.874 W/View ( 1990): requestLayout() improperly called by android.widget.FrameLayout{3906626 I.E...... ......ID 0,0-780,182 #2bc} during second layout pass: posting in next frame
03-24 04:13:48.874 W/View ( 1990): requestLayout() improperly called by com.android.systemui.statusbar.AlphaOptimizedImageView{7aad581 VFED..C.. ......ID 0,0-140,132} during second layout pass: posting in next frame
03-24 04:13:48.887 W/View ( 1990): requestLayout() improperly called by android.widget.FrameLayout{3906626 I.E...... ......ID 0,0-780,182 #2bc} during layout: running second layout pass
03-24 04:13:48.887 W/View ( 1990): requestLayout() improperly called by com.android.systemui.statusbar.AlphaOptimizedImageView{7aad581 VFED..C.. ......ID 0,0-140,132} during layout: running second layout pass
03-24 04:13:48.901 W/View ( 1990): requestLayout() improperly called by android.widget.FrameLayout{3906626 I.E...... ......ID 0,0-780,182 #2bc} during second layout pass: posting in next frame
03-24 04:13:48.901 W/View ( 1990): requestLayout() improperly called by com.android.systemui.statusbar.AlphaOptimizedImageView{7aad581 VFED..C.. ......ID 0,0-140,132} during second layout pass: posting in next frame
03-24 04:13:48.919 W/View ( 1990): requestLayout() improperly called by android.widget.FrameLayout{3906626 I.E...... ......ID 0,0-780,182 #2bc} during layout: running second layout pass
03-24 04:13:48.919 W/View ( 1990): requestLayout() improperly called by com.android.systemui.statusbar.AlphaOptimizedImageView{7aad581 VFED..C.. ......ID 0,0-140,132} during layout: running second layout pass
03-24 04:13:49.038 W/View ( 1990): requestLayout() improperly called by android.widget.FrameLayout{3906626 I.E...... ......ID 0,0-780,182 #2bc} during second layout pass: posting in next frame
03-24 04:13:49.039 W/View ( 1990): requestLayout() improperly called by com.android.systemui.statusbar.AlphaOptimizedImageView{7aad581 VFED..C.. ......ID 0,0-140,132} during second layout pass: posting in next frame
03-24 04:13:49.053 W/View ( 1990): requestLayout() improperly called by android.widget.FrameLayout{3906626 I.E...... ......ID 0,0-780,182 #2bc} during layout: running second layout pass
03-24 04:13:49.053 W/View ( 1990): requestLayout() improperly called by com.android.systemui.statusbar.AlphaOptimizedImageView{7aad581 VFED..C.. ......ID 0,0-140,132} during layout: running second layout pass
03-24 04:13:49.076 I/OMX-VENC: venc_dev( 1210): stats: avg. fps 52.29, bitrate 4158440
03-24 04:13:49.213 W/hpplay-java( 2725): [main]:IPManager:getActiveNets invalid networkInfo:null
03-24 04:13:49.213 I/hpplay-java( 2725): [main]:IPManager:getActiveNets eth0:false wifi:false mobile:false ap:false
03-24 04:13:49.213 I/hpplay-java( 2725): [main]:ServerTaskManager:get local ip:null
03-24 04:13:49.495 I/mpu_uart( 646): [MSG-P:RECV]:No message received in 1000 ms
03-24 04:13:49.553 W/View ( 1990): requestLayout() improperly called by android.widget.FrameLayout{3906626 I.E...... ......ID 0,0-780,182 #2bc} during second layout pass: posting in next frame
03-24 04:13:49.554 W/View ( 1990): requestLayout() improperly called by com.android.systemui.statusbar.AlphaOptimizedImageView{7aad581 VFED..C.. ......ID 0,0-140,132} during second layout pass: posting in next frame
03-24 04:13:49.574 W/View ( 1990): requestLayout() improperly called by android.widget.FrameLayout{3906626 I.E...... ......ID 0,0-780,182 #2bc} during layout: running second layout pass
03-24 04:13:49.575 W/View ( 1990): requestLayout() improperly called by com.android.systemui.statusbar.AlphaOptimizedImageView{7aad581 VFED..C.. ......ID 0,0-140,132} during layout: running second layout pass
03-24 04:13:49.606 I/OpenGLRenderer( 1990): Davey! duration=9223370275432ms; Flags=0, FrameTimelineVsyncId=21243, IntendedVsync=1761421742427, Vsync=1761421742427, InputEventId=0, HandleInputStart=1761422108076, AnimationStart=1761422110107, PerformTraversalsStart=1761422112035, DrawStart=1761432850160, FrameDeadline=1761443075759, FrameInterval=1761422103180, FrameStartTime=16666666, SyncQueued=1761433254587, SyncStart=1761433366097, IssueDrawCommandsStart=1761434533910, SwapBuffers=1761438593285, FrameCompleted=9223372036854775807, DequeueBufferDuration=37396, QueueBufferDuration=1926198, GpuCompleted=9223372036854775807, SwapBuffersCompleted=1761440858910, DisplayPresentTime=0,
03-24 04:13:49.625 I/mpu_uart( 646): [MSG-P:R]:recv sync frame timeout
03-24 04:13:49.708 I/OMX-VENC: venc_dev( 1210): stats: avg. fps 26.44, bitrate 1411126
03-24 04:13:50.053 W/View ( 1990): requestLayout() improperly called by android.widget.FrameLayout{3906626 I.E...... ......ID 0,0-780,182 #2bc} during second layout pass: posting in next frame
03-24 04:13:50.053 W/View ( 1990): requestLayout() improperly called by com.android.systemui.statusbar.AlphaOptimizedImageView{7aad581 VFED..C.. ......ID 0,0-140,132} during second layout pass: posting in next frame
03-24 04:13:50.077 W/View ( 1990): requestLayout() improperly called by android.widget.FrameLayout{3906626 I.E...... ......ID 0,0-780,182 #2bc} during layout: running second layout pass
03-24 04:13:50.077 W/View ( 1990): requestLayout() improperly called by com.android.systemui.statusbar.AlphaOptimizedImageView{7aad581 VFED..C.. ......ID 0,0-140,132} during layout: running second layout pass
03-24 04:13:50.100 I/OMX-VENC: venc_dev( 1210): stats: avg. fps 3.91, bitrate 232941
03-24 04:13:50.216 W/hpplay-java( 2725): [main]:IPManager:getActiveNets invalid networkInfo:null
03-24 04:13:50.216 I/hpplay-java( 2725): [main]:IPManager:getActiveNets eth0:false wifi:false mobile:false ap:false
03-24 04:13:50.216 I/hpplay-java( 2725): [main]:ServerTaskManager:get local ip:null
03-24 04:13:50.495 I/mpu_uart( 646): [MSG-P:RECV]:No message received in 1000 ms
03-24 04:13:50.557 W/View ( 1990): requestLayout() improperly called by android.widget.FrameLayout{3906626 I.E...... ......ID 0,0-780,182 #2bc} during second layout pass: posting in next frame
03-24 04:13:50.557 W/View ( 1990): requestLayout() improperly called by com.android.systemui.statusbar.AlphaOptimizedImageView{7aad581 VFED..C.. ......ID 0,0-140,132} during second layout pass: posting in next frame
03-24 04:13:50.580 W/View ( 1990): requestLayout() improperly called by android.widget.FrameLayout{3906626 I.E...... ......ID 0,0-780,182 #2bc} during layout: running second layout pass
03-24 04:13:50.580 W/View ( 1990): requestLayout() improperly called by com.android.systemui.statusbar.AlphaOptimizedImageView{7aad581 VFED..C.. ......ID 0,0-140,132} during layout: running second layout pass
03-24 04:13:50.602 E/tlogd ( 1344): [TzLogger](isPathReadable) file /sys/kernel/debug/tzdbg/qsee_log isn't exist or no permission, err: No such file or directory
03-24 04:13:50.603 E/tlogd ( 1344): [TzLogger](saveTzlogAsync) /sys/kernel/debug/tzdbg/qsee_log can not read.
03-24 04:13:50.603 E/tlogd ( 1344): [TzLogger](isPathReadable) file /sys/kernel/debug/tzdbg/log isn't exist or no permission, err: No such file or directory
03-24 04:13:50.603 E/tlogd ( 1344): [TzLogger](saveTzlogAsync) /sys/kernel/debug/tzdbg/log can not read.
03-24 04:13:50.726 I/OMX-VENC: venc_dev( 1210): stats: avg. fps 11.79, bitrate 482136
03-24 04:13:50.797 I/input_interaction( 1526): Interaction with: 6c18c NotificationShade (server), edge-swipe (server), swipe-up (server), PointerEventDispatcher0 (server),
03-24 04:13:50.911 W/View ( 1990): requestLayout() improperly called by android.widget.FrameLayout{3906626 I.E...... ......ID 0,0-780,182 #2bc} during second layout pass: posting in next frame
03-24 04:13:50.911 W/View ( 1990): requestLayout() improperly called by com.android.systemui.statusbar.AlphaOptimizedImageView{7aad581 VFED..C.. ......ID 0,0-140,132} during second layout pass: posting in next frame
03-24 04:13:50.930 W/View ( 1990): requestLayout() improperly called by android.widget.FrameLayout{3906626 I.E...... ......ID 0,0-780,182 #2bc} during layout: running second layout pass
03-24 04:13:50.930 W/View ( 1990): requestLayout() improperly called by com.android.systemui.statusbar.AlphaOptimizedImageView{7aad581 VFED..C.. ......ID 0,0-140,132} during layout: running second layout pass
03-24 04:13:50.947 I/OpenGLRenderer( 1990): Davey! duration=9223370274096ms; Flags=0, FrameTimelineVsyncId=21264, IntendedVsync=1762758317732, Vsync=1762758317732, InputEventId=1031041890, HandleInputStart=1762758888857, AnimationStart=1762758924638, PerformTraversalsStart=1762758926461, DrawStart=1762759023388, FrameDeadline=1762796317730, FrameInterval=1762758885107, FrameStartTime=16666666, SyncQueued=1762762898024, SyncStart=1762762967607, IssueDrawCommandsStart=1762764128284, SwapBuffers=1762771096617, FrameCompleted=9223372036854775807, DequeueBufferDuration=45833, QueueBufferDuration=971875, GpuCompleted=9223372036854775807, SwapBuffersCompleted=1762772594326, DisplayPresentTime=0,
03-24 04:13:50.959 I/sysui_multi_action( 1990): [757,925,758,4,759,113,927,1,928,1,1592,0,1593,1]
03-24 04:13:50.962 W/View ( 1990): requestLayout() improperly called by android.widget.FrameLayout{3906626 I.E...... ......ID 0,0-780,182 #2bc} during second layout pass: posting in next frame
03-24 04:13:50.962 W/View ( 1990): requestLayout() improperly called by com.android.systemui.statusbar.AlphaOptimizedImageView{7aad581 VFED..C.. ......ID 0,0-140,132} during second layout pass: posting in next frame
03-24 04:13:50.963 D/BluetoothManagerService( 1526): disable(com.android.systemui): mBluetooth = android.bluetooth.IBluetooth$Stub$Proxy@6e01332 mBinding = false
03-24 04:13:50.963 D/BluetoothManagerService( 1526): Bluetooth persisted state: 1
03-24 04:13:50.963 D/BluetoothManagerService( 1526): Persisting Bluetooth Setting: 0
03-24 04:13:50.965 D/BluetoothManagerService( 1526): MESSAGE_DISABLE: mBluetooth = android.bluetooth.IBluetooth$Stub$Proxy@6e01332, mBinding = false mEnable = true
03-24 04:13:50.965 D/BluetoothManagerService( 1526): Re-Queue MESSAGE_HANDLE_DISABLE_DELAYED(0)
03-24 04:13:50.968 W/View ( 1990): requestLayout() improperly called by android.widget.FrameLayout{3906626 I.E...... ......ID 0,0-780,182 #2bc} during layout: running second layout pass
03-24 04:13:50.968 W/View ( 1990): requestLayout() improperly called by com.android.systemui.statusbar.AlphaOptimizedImageView{7aad581 VFED..C.. ......ID 0,0-140,132} during layout: running second layout pass
03-24 04:13:50.974 I/OpenGLRenderer( 1990): Davey! duration=9223370274079ms; Flags=0, FrameTimelineVsyncId=21265, IntendedVsync=1762775024866, Vsync=1762775024866, InputEventId=0, HandleInputStart=1762775296930, AnimationStart=1762775299378, PerformTraversalsStart=1762775455159, DrawStart=1762793621044, FrameDeadline=1762813024864, FrameInterval=1762775293336, FrameStartTime=16666666, SyncQueued=1762794660159, SyncStart=1762794748753, IssueDrawCommandsStart=1762796143753, SwapBuffers=1762806763128, FrameCompleted=9223372036854775807, DequeueBufferDuration=5125625, QueueBufferDuration=1076927, GpuCompleted=9223372036854775807, SwapBuffersCompleted=1762808302242, DisplayPresentTime=0,
03-24 04:13:50.990 W/View ( 1990): requestLayout() improperly called by android.widget.FrameLayout{3906626 I.E...... ......ID 0,0-780,182 #2bc} during second layout pass: posting in next frame
03-24 04:13:50.990 W/View ( 1990): requestLayout() improperly called by com.android.systemui.statusbar.AlphaOptimizedImageView{7aad581 VFED..C.. ......ID 0,0-140,132} during second layout pass: posting in next frame
03-24 04:13:51.011 W/View ( 1990): requestLayout() improperly called by android.widget.FrameLayout{3906626 I.E...... ......ID 0,0-780,182 #2bc} during layout: running second layout pass
03-24 04:13:51.012 W/View ( 1990): requestLayout() improperly called by com.android.systemui.statusbar.AlphaOptimizedImageView{7aad581 VFED..C.. ......ID 0,0-140,132} during layout: running second layout pass
03-24 04:13:51.025 W/View ( 1990): requestLayout() improperly called by android.widget.FrameLayout{3906626 I.E...... ......ID 0,0-780,182 #2bc} during second layout pass: posting in next frame
03-24 04:13:51.025 W/View ( 1990): requestLayout() improperly called by com.android.systemui.statusbar.AlphaOptimizedImageView{7aad581 VFED..C.. ......ID 0,0-140,132} during second layout pass: posting in next frame
03-24 04:13:51.043 W/View ( 1990): requestLayout() improperly called by android.widget.FrameLayout{3906626 I.E...... ......ID 0,0-780,182 #2bc} during layout: running second layout pass
03-24 04:13:51.043 W/View ( 1990): requestLayout() improperly called by com.android.systemui.statusbar.AlphaOptimizedImageView{7aad581 VFED..C.. ......ID 0,0-140,132} during layout: running second layout pass
03-24 04:13:51.067 W/View ( 1990): requestLayout() improperly called by android.widget.FrameLayout{3906626 I.E...... ......ID 0,0-780,182 #2bc} during second layout pass: posting in next frame
03-24 04:13:51.067 W/View ( 1990): requestLayout() improperly called by com.android.systemui.statusbar.AlphaOptimizedImageView{7aad581 VFED..C.. ......ID 0,0-140,132} during second layout pass: posting in next frame
