03-24 04:13:51.077 W/View ( 1990): requestLayout() improperly called by android.widget.FrameLayout{3906626 I.E...... ......ID 0,0-780,182 #2bc} during layout: running second layout pass
03-24 04:13:51.077 W/View ( 1990): requestLayout() improperly called by com.android.systemui.statusbar.AlphaOptimizedImageView{7aad581 VFED..C.. ......ID 0,0-140,132} during layout: running second layout pass
03-24 04:13:51.112 I/OMX-VENC: venc_dev( 1210): stats: avg. fps 12.84, bitrate 543496
03-24 04:13:51.171 I/commit_sys_config_file( 1526): [settings-0-0,7]
03-24 04:13:51.219 W/hpplay-java( 2725): [main]:IPManager:getActiveNets invalid networkInfo:null
03-24 04:13:51.219 I/hpplay-java( 2725): [main]:IPManager:getActiveNets eth0:false wifi:false mobile:false ap:false
03-24 04:13:51.219 I/hpplay-java( 2725): [main]:ServerTaskManager:get local ip:null
03-24 04:13:51.265 D/BluetoothManagerService( 1526): MESSAGE_HANDLE_DISABLE_DELAYED: disabling:false
03-24 04:13:51.265 D/BluetoothManagerService( 1526): MESSAGE_HANDLE_DISABLE_DELAYED: handleDisable
03-24 04:13:51.265 D/BluetoothManagerService( 1526): Sending off request.
03-24 04:13:51.268 D/BluetoothAdapterService( 5148): disable() called with mRunningProfiles.size() = 11
03-24 04:13:51.269 D/BluetoothManagerService( 1526): Re-Queue MESSAGE_HANDLE_DISABLE_DELAYED(1)
03-24 04:13:51.272 I/AdapterState( 5148): TURNING_OFF : entered
03-24 04:13:51.272 D/AdapterProperties( 5148): Setting state to TURNING_OFF
03-24 04:13:51.273 D/BluetoothAdapterService( 5148): updateAdapterState() - Broadcasting state TURNING_OFF to 1 receivers.
03-24 04:13:51.274 D/BluetoothManagerService( 1526): MESSAGE_BLUETOOTH_STATE_CHANGE: ON > TURNING_OFF
03-24 04:13:51.274 W/AdapterState( 5148): Calling startBrEdrCleanup
03-24 04:13:51.274 D/BluetoothManagerService( 1526): Sending BLE State Change: ON > TURNING_OFF
03-24 04:13:51.274 D/AdapterProperties( 5148): onBluetoothDisable()
03-24 04:13:51.274 D/BluetoothAdapterService( 5148): cancelDiscovery
03-24 04:13:51.274 I/BluetoothAdapterService( 5148): discovery not active, ignore cancelDiscovery
03-24 04:13:51.275 I/BluetoothVendorJni( 5148): bredrcleanupNative
03-24 04:13:51.275 I/bt_btif_vendor( 5148): bredrcleanup
03-24 04:13:51.276 D/vendor.qti.bluetooth@1.0-ibs_handler( 801): SerialClockVote: vote for UART CLK ON
03-24 04:13:51.276 D/BluetoothManagerService( 1526): Sending State Change: ON > TURNING_OFF
03-24 04:13:51.278 D/CompanionDeviceManagerService( 1526): Received BT state transition broadcast: ON -> TURNING_OFF
03-24 04:13:51.278 D/vendor.qti.bluetooth@1.0-wake_lock( 801): Acquire wakelock is acquired
03-24 04:13:51.278 I/vendor.qti.bluetooth@1.0-ibs_handler( 801): DeviceWakeUp: Writing IBS_WAKE_IND
03-24 04:13:51.284 I/vendor.qti.bluetooth@1.0-ibs_handler( 801): ProcessIbsCmd: Received IBS_WAKE_ACK: 0xFC
03-24 04:13:51.284 I/vendor.qti.bluetooth@1.0-ibs_handler( 801): ProcessIbsCmd: Signal wack_cond_
03-24 04:13:51.284 D/vendor.qti.bluetooth@1.0-ibs_handler( 801): DeviceWakeUp: Unblocked from waiting for FC, pthread_cond_timedwait ret = 0
03-24 04:13:51.285 D/AvrcpBipRsp( 5148): action: android.bluetooth.adapter.action.STATE_CHANGED
03-24 04:13:51.285 D/BluetoothActiveDeviceManager( 5148): handleMessage(MESSAGE_ADAPTER_ACTION_STATE_CHANGED): newState=13
03-24 04:13:51.286 D/AvrcpBipRsp( 5148): state:13
03-24 04:13:51.286 D/AvrcpBipRsp( 5148): stop()
03-24 04:13:51.286 D/AvrcpBipRsp( 5148): returning from stop()
03-24 04:13:51.286 D/BtOppService( 5148): action : android.bluetooth.adapter.action.STATE_CHANGED
03-24 04:13:51.286 D/AvrcpBipRsp( 5148): Handler(): got msg=2
03-24 04:13:51.286 D/AvrcpBipRsp( 5148): closeServerSocket
03-24 04:13:51.287 D/ObexServerSockets2( 5148): shutdown(block = false)
03-24 04:13:51.287 D/BluetoothSocket( 5148): close() this: android.bluetooth.BluetoothSocket@a69d874, channel: 4129, mSocketIS: android.net.LocalSocketImpl$SocketInputStream@cbcb19d, mSocketOS: android.net.LocalSocketImpl$SocketOutputStream@6e3a612mSocket: android.net.LocalSocket@f7361e3 impl:android.net.LocalSocketImpl@48607e0 fd:java.io.FileDescriptor@ab7ca99, mSocketState: LISTENING
03-24 04:13:51.287 D/ObexServerSockets2( 5148): shutdown called from another thread - interrupt().
03-24 04:13:51.288 D/ObexServerSockets2( 5148): AcceptThread ended for: ServerSocket: Type: TYPE_L2CAP Channel: 4129
03-24 04:13:51.288 I/vendor.qti.bluetooth@1.0-ibs_handler( 801): ProcessIbsCmd: Received IBS_WAKE_IND: 0xFD
03-24 04:13:51.288 I/vendor.qti.bluetooth@1.0-ibs_handler( 801): ProcessIbsCmd: Writing IBS_WAKE_ACK
03-24 04:13:51.288 I/BtOppService( 5148): handleMessage :200
03-24 04:13:51.288 E/bt_btif ( 5148): SOCK_LIST: free(id = 3) - NO app_fd!
03-24 04:13:51.288 D/BtOppService( 5148): Removing SDP record mOppSdpHandle :3
03-24 04:13:51.288 W/bt_l2cap( 5148): L2CAP - L2CA_Deregister() called for PSM: 0x1021
03-24 04:13:51.288 D/BluetoothSdpJni( 5148): sdpRemoveSdpRecordNative
03-24 04:13:51.289 D/BluetoothSdpJni( 5148): SDP Remove record success - handle: 3
03-24 04:13:51.289 D/AdapterProperties( 5148): Scan Mode:20
03-24 04:13:51.289 D/BtOppService( 5148): RemoveSDPrecord returns true
03-24 04:13:51.289 D/ObexServerSockets3( 5148): shutdown(block = false)
03-24 04:13:51.289 I/bt_btif_queue( 5148): btif_disconnect_queue_advance_by_uuid: UUID=110A, bd_addr=14:3f:a6:d2:4d:63
03-24 04:13:51.289 I/btif_av ( 5148): isBATEnabled: 0
03-24 04:13:51.289 D/BluetoothSocket( 5148): close() this: android.bluetooth.BluetoothSocket@b52115e, channel: 12, mSocketIS: android.net.LocalSocketImpl$SocketInputStream@ff0393f, mSocketOS: android.net.LocalSocketImpl$SocketOutputStream@73c20cmSocket: android.net.LocalSocket@7b17755 impl:android.net.LocalSocketImpl@9a9e56a fd:java.io.FileDescriptor@b392a5b, mSocketState: LISTENING
03-24 04:13:51.289 D/ObexServerSockets3( 5148): shutdown called from another thread - interrupt().
03-24 04:13:51.289 D/BluetoothSocket( 5148): close() this: android.bluetooth.BluetoothSocket@fa0f2f8, channel: 4131, mSocketIS: android.net.LocalSocketImpl$SocketInputStream@55f33d1, mSocketOS: android.net.LocalSocketImpl$SocketOutputStream@ff8ee36mSocket: android.net.LocalSocket@9561137 impl:android.net.LocalSocketImpl@a6e46a4 fd:java.io.FileDescriptor@1523c0d, mSocketState: LISTENING
03-24 04:13:51.289 E/bt_btif ( 5148): bta_av_co_get_active_peer: active peer index: 0
03-24 04:13:51.289 E/bt_btif ( 5148): bta_av_co_get_active_peer: active peer index: 0
03-24 04:13:51.289 D/bt_btif ( 5148): btif_av_state_opened_handler: event: BTIF_SM_EXIT_EVT, flags: 0, peer_sep: 1, index: 0 reconfig_event: 0, codec_cfg_change: 0, reconfig_pending: 0, reconfig_a2dp: 0, is_retry_reconfig: 0
03-24 04:13:51.289 D/ObexServerSockets3( 5148): AcceptThread ended for: ServerSocket: Type: TYPE_L2CAP Channel: 4131
03-24 04:13:51.289 D/ObexServerSockets3( 5148): AcceptThread ended for: ServerSocket: Type: TYPE_RFCOMM Channel: 12
03-24 04:13:51.290 D/ObexServerSockets3( 5148): shutdown called from another thread - interrupt().
03-24 04:13:51.290 D/BtOppService( 5148): stopListeners: mServerSocket is null
03-24 04:13:51.290 E/bt_btif ( 5148): SOCK_LIST: free(id = 4) - NO app_fd!
03-24 04:13:51.290 W/bt_l2cap( 5148): L2CAP - L2CA_Deregister() called for PSM: 0x1023
03-24 04:13:51.291 D/BtOppService( 5148): clear batches
03-24 04:13:51.291 I/notification_cancel_all( 1526): [1002,5148,com.android.bluetooth,0,0,64,9,NULL]
03-24 04:13:51.292 D/bt_btif ( 5148): btif_av_state_idle_handler: event:BTIF_SM_ENTER_EVT flags: 0 on index: 0, codec_cfg_change: 0
03-24 04:13:51.292 I/btif_av ( 5148): isBATEnabled: 0
03-24 04:13:51.292 E/bt_btif ( 5148): bta_av_co_get_active_peer: active peer index: 0
03-24 04:13:51.292 E/bt_btif ( 5148): bta_av_co_get_active_peer: active peer index: 0
03-24 04:13:51.292 D/a2dp_codec( 5148): init
03-24 04:13:51.292 D/a2dp_codec( 5148): createCodec: codec SBC
03-24 04:13:51.292 D/a2dp_codec( 5148): setCodecPriority: codec_priority_: 1001
03-24 04:13:51.292 D/a2dp_codec( 5148): A2dpCodecConfig: init all codec caps info
03-24 04:13:51.292 D/a2dp_sbc( 5148): A2dpCodecConfigSbc
03-24 04:13:51.292 D/a2dp_sbc( 5148): init: SBC enabled in HW mode
03-24 04:13:51.292 I/a2dp_codec( 5148): init: updated SBC codec priority to 1001
03-24 04:13:51.292 D/a2dp_codec( 5148): createCodec: codec AAC
03-24 04:13:51.292 D/a2dp_codec( 5148): setCodecPriority: codec_priority_: 2001
03-24 04:13:51.292 D/a2dp_codec( 5148): A2dpCodecConfig: init all codec caps info
03-24 04:13:51.292 D/a2dp_aac( 5148): A2dpCodecConfigAac: AAC VBR is enabled for this target
03-24 04:13:51.292 D/a2dp_aac( 5148): init: AAC enabled in HW mode
03-24 04:13:51.292 I/a2dp_codec( 5148): init: updated AAC codec priority to 2001
03-24 04:13:51.292 D/a2dp_codec( 5148): createCodec: codec aptX
03-24 04:13:51.292 D/a2dp_codec( 5148): setCodecPriority: codec_priority_: -1
03-24 04:13:51.292 D/a2dp_codec( 5148): A2dpCodecConfig: init all codec caps info
03-24 04:13:51.292 D/a2dp_vendor_aptx( 5148): init: APTX enabled in HW mode
03-24 04:13:51.292 I/a2dp_codec( 5148): init: updated aptX codec priority to -1
03-24 04:13:51.292 D/a2dp_codec( 5148): createCodec: codec aptX-HD
03-24 04:13:51.292 D/a2dp_codec( 5148): setCodecPriority: codec_priority_: -1
03-24 04:13:51.292 D/a2dp_codec( 5148): A2dpCodecConfig: init all codec caps info
03-24 04:13:51.292 D/a2dp_vendor_aptx_hd( 5148): init: APTX-HD enabled in HW mode
03-24 04:13:51.292 I/a2dp_codec( 5148): init: updated aptX-HD codec priority to -1
03-24 04:13:51.292 D/a2dp_codec( 5148): createCodec: codec LDAC
03-24 04:13:51.292 D/a2dp_codec( 5148): setCodecPriority: codec_priority_: -1
03-24 04:13:51.292 D/a2dp_codec( 5148): A2dpCodecConfig: init all codec caps info
03-24 04:13:51.292 D/a2dp_vendor_ldac( 5148): init: LDAC enabled in HW mode
03-24 04:13:51.292 I/a2dp_codec( 5148): init: updated LDAC codec priority to -1
03-24 04:13:51.292 D/a2dp_codec( 5148): createCodec: codec aptX-adaptive
03-24 04:13:51.292 D/a2dp_codec( 5148): setCodecPriority: codec_priority_: -1
03-24 04:13:51.292 D/a2dp_codec( 5148): A2dpCodecConfig: init all codec caps info
03-24 04:13:51.292 I/a2dp_vendor_aptx_adaptive( 5148): A2dpCodecConfigAptxAdaptive: Using Aptx Adaptive R1 config
03-24 04:13:51.292 D/a2dp_vendor_aptx_adaptive( 5148): init: APTX-Adaptive enabled in HW mode
03-24 04:13:51.292 I/a2dp_codec( 5148): init: updated aptX-adaptive codec priority to -1
03-24 04:13:51.292 D/a2dp_codec( 5148): createCodec: codec aptX-TWS
03-24 04:13:51.292 D/a2dp_codec( 5148): setCodecPriority: codec_priority_: -1
03-24 04:13:51.292 D/a2dp_codec( 5148): A2dpCodecConfig: init all codec caps info
03-24 04:13:51.292 E/a2dp_vendor_aptx_tws( 5148): init: APTX-Tws enabled in HW mode
03-24 04:13:51.292 I/a2dp_codec( 5148): init: updated aptX-TWS codec priority to -1
03-24 04:13:51.292 D/a2dp_codec( 5148): createCodec: codec SBC SINK
03-24 04:13:51.292 D/a2dp_codec( 5148): setDefaultCodecPriority: default_codec_priority_: 0
03-24 04:13:51.292 D/a2dp_codec( 5148): setDefaultCodecPriority: Compute the default codec priority
03-24 04:13:51.292 D/a2dp_codec( 5148): setDefaultCodecPriority: codec_priority_: 8001
03-24 04:13:51.292 D/a2dp_codec( 5148): setCodecPriority: codec_priority_: 8001
03-24 04:13:51.292 D/a2dp_codec( 5148): A2dpCodecConfig: init all codec caps info
03-24 04:13:51.292 D/a2dp_codec( 5148): createCodec: codec UNKNOWN CODEC INDEX
03-24 04:13:51.292 D/a2dp_codec( 5148): createCodec: codec UNKNOWN CODEC INDEX
03-24 04:13:51.292 I/a2dp_codec( 5148): init: initialized Source codec AAC
03-24 04:13:51.292 I/a2dp_codec( 5148): init: initialized Source codec SBC
03-24 04:13:51.292 I/a2dp_codec( 5148): init: initialized Sink codec SBC(Sink)
03-24 04:13:51.292 E/bt_btif ( 5148): btif_media_send_reset_vendor_state:
03-24 04:13:51.292 D/bt_btif_a2dp_source( 5148): btif_a2dp_source_command_ready: event: 7 BTIF_MEDIA_RESET_VS_STATE
03-24 04:13:51.292 D/bt_btif_a2dp_source( 5148): btif_a2dp_source_command_ready: event: 2 BTIF_MEDIA_AUDIO_TX_STOP
03-24 04:13:51.292 I/btif_av ( 5148): isBATEnabled: 0
03-24 04:13:51.292 E/bt_btif ( 5148): bta_av_co_get_active_peer: active peer index: 0
03-24 04:13:51.292 E/bt_btif ( 5148): bta_av_co_get_active_peer: active peer index: 0
03-24 04:13:51.292 E/bt_btif ( 5148): btif_media_send_reset_vendor_state:
03-24 04:13:51.292 E/bt_stack( 5148): [ERROR:a2dp_encoding.cc(2721)] read: session_type=A2DP_HARDWARE_OFFLOAD_DATAPATH is not A2DP_SOFTWARE_ENCODING_DATAPATH
03-24 04:13:51.292 I/bt_btif_queue( 5148): btif_queue_release
03-24 04:13:51.292 D/bt_btif ( 5148): bta_av_ssm_execute(): AV Sevent(0x41)=0x120a(API_CLOSE) state=3(OPEN)
03-24 04:13:51.293 E/bt_btif ( 5148): Invalid cmd pending for ack
03-24 04:13:51.293 W/a2dp_aac_encoder( 5148): a2dp_aac_feeding_reset: AAC encoder is not configured
03-24 04:13:51.293 I/a2dp_aac_encoder( 5148): a2dp_aac_feeding_reset:aac is running offload mode
03-24 04:13:51.293 D/bt_btif_a2dp_source( 5148): btif_a2dp_source_command_ready: event: 7 BTIF_MEDIA_RESET_VS_STATE
03-24 04:13:51.293 D/bt_btif ( 5148): bta_av_ssm_execute(): AV Sevent(0x42)=0x120a(API_CLOSE) state=0(INIT)
03-24 04:13:51.293 I/BluetoothVendorJni( 5148): bredr_cleanup_callback
03-24 04:13:51.293 D/bt_btif ( 5148): bta_av_ssm_execute(): AV Sevent(0x43)=0x120a(API_CLOSE) state=0(INIT)
03-24 04:13:51.293 D/BluetoothVendorService( 5148): BREDR cleanup done
03-24 04:13:51.293 D/bt_btif ( 5148): bta_av_ssm_execute(): AV Sevent(0x44)=0x120a(API_CLOSE) state=0(INIT)
03-24 04:13:51.293 I/bt_btif_queue( 5148): disconnect_queue_int_advance_by_uuid: UUID=110A, bd_addr=14:3f:a6:d2:4d:63
03-24 04:13:51.293 D/bt_btif ( 5148): bta_av_ssm_execute(): AV Sevent(0x45)=0x120a(API_CLOSE) state=0(INIT)
03-24 04:13:51.293 W/bt_btif ( 5148): bta_av_disable
03-24 04:13:51.293 D/bt_btif ( 5148): bta_av_del_rc: handle: 0 status=0x30, rc_acp_handle:1, idx:2
03-24 04:13:51.293 D/bt_btif ( 5148): AVRC_Close handle:0, clean up all system resources
03-24 04:13:51.293 D/bt_btif ( 5148): LCB lcb=1 event=UL_UNBIND_EVT state=LCB_OPEN_ST
03-24 04:13:51.293 W/bt_avp ( 5148): avct_lcb_chk_disc
03-24 04:13:51.293 W/bt_avp ( 5148): avct_lcb_last_ccb
03-24 04:13:51.293 W/bt_avp ( 5148): 0: aloc:3, lcb:0x43013f30/0x43013f30, ccb:0x43014170/0x43014170
03-24 04:13:51.293 W/bt_avp ( 5148): 1: aloc:1, lcb:0x0/0x43013f30, ccb:0x430141a0/0x43014170
03-24 04:13:51.293 W/bt_avp ( 5148): 2: aloc:0, lcb:0x0/0x43013f30, ccb:0x430141d0/0x43014170
03-24 04:13:51.293 W/bt_avp ( 5148): 3: aloc:0, lcb:0x0/0x43013f30, ccb:0x43014200/0x43014170
03-24 04:13:51.293 W/bt_avp ( 5148): 4: aloc:0, lcb:0x0/0x43013f30, ccb:0x43014230/0x43014170
03-24 04:13:51.293 W/bt_avp ( 5148): 5: aloc:0, lcb:0x0/0x43013f30, ccb:0x43014260/0x43014170
03-24 04:13:51.293 W/bt_avp ( 5148): 6: aloc:0, lcb:0x0/0x43013f30, ccb:0x43014290/0x43014170
03-24 04:13:51.293 W/bt_avp ( 5148): 7: aloc:0, lcb:0x0/0x43013f30, ccb:0x430142c0/0x43014170
03-24 04:13:51.293 W/bt_avp ( 5148): avct_lcb_chk_disc: closing
03-24 04:13:51.293 D/bt_btif ( 5148): LCB lcb=1 event=INT_CLOSE_EVT state=LCB_OPEN_ST
03-24 04:13:51.293 W/bt_l2cap( 5148): L2CA_DisconnectReq() CID: 0x0048
03-24 04:13:51.293 D/bt_btif ( 5148): bta_av_del_rc: handle: 1 status=0x10, rc_acp_handle:1, idx:2
03-24 04:13:51.293 D/bt_btif ( 5148): AVRC_Close handle:1, clean up all system resources
03-24 04:13:51.293 D/bt_btif ( 5148): bta_av_ssm_execute(): AV Sevent(0x41)=0x120a(API_CLOSE) state=5(CLOSING)
03-24 04:13:51.293 W/bt_btif ( 5148): bta_av_disconnect_req: conn_lcb: 0x1 peer_addr: 14:3f:a6:d2:4d:63
03-24 04:13:51.294 I/bt_btif_queue( 5148): disconnect_queue_int_advance_by_uuid: no addr 14:3f:a6:d2:4d:63
03-24 04:13:51.294 W/bt_btif ( 5148): bta_av_get_rcb_by_shdl: shdl = 1, rcb[i].shdl = 1, rcb[i].handle = 0, rcb[i].lidx = 6
03-24 04:13:51.294 D/bt_btif ( 5148): bta_av_del_rc: handle: 0 status=0x30, rc_acp_handle:255, idx:2
03-24 04:13:51.294 D/bt_btif ( 5148): AVRC_Close handle:0, clean up all system resources
03-24 04:13:51.294 D/bt_btif ( 5148): LCB lcb=1 event=UL_UNBIND_EVT state=LCB_CLOSING_ST
03-24 04:13:51.294 W/bt_avp ( 5148): AVDT_DisconnectReq: address=14:3f:a6:d2:4d:63
03-24 04:13:51.294 W/bt_l2cap( 5148): L2CA_DisconnectReq() CID: 0x0046
03-24 04:13:51.294 D/BluetoothAdapterService( 5148): Calling setProfileServiceState for: HeadsetService
03-24 04:13:51.294 W/bt_avp ( 5148): avdt_scb_hdl_close_rsp: err_code: 7
03-24 04:13:51.294 W/bt_l2cap( 5148): L2CA_DisconnectReq() CID: 0x0045
03-24 04:13:51.294 W/bt_btif ( 5148): bta_av_str_closed: peer_addr=14:3f:a6:d2:4d:63 open_status=0 chnl=64 hndl=65 co_started=0
03-24 04:13:51.294 W/bt_l2cap( 5148): L2CA_SetDesireRole() new:x80, disallow_switch:0
03-24 04:13:51.294 W/bt_btif ( 5148): bta_av_str_closed Open success !!!
03-24 04:13:51.294 I/btif_av ( 5148): isBATEnabled: 0
03-24 04:13:51.294 E/bt_btif ( 5148): bta_av_co_get_active_peer: peer index out of bounds: 5
03-24 04:13:51.294 E/bt_btif ( 5148): btif_av_is_split_a2dp_enabled: No active peer codec config found, by default splitmode
03-24 04:13:51.294 D/a2dp_codec( 5148): init
03-24 04:13:51.294 D/a2dp_codec( 5148): createCodec: codec SBC
03-24 04:13:51.294 D/a2dp_codec( 5148): setCodecPriority: codec_priority_: 1001
03-24 04:13:51.294 D/a2dp_codec( 5148): A2dpCodecConfig: init all codec caps info
03-24 04:13:51.294 D/a2dp_sbc( 5148): A2dpCodecConfigSbc
03-24 04:13:51.294 D/a2dp_sbc( 5148): init: SBC enabled in HW mode
03-24 04:13:51.294 I/a2dp_codec( 5148): init: updated SBC codec priority to 1001
03-24 04:13:51.294 D/a2dp_codec( 5148): createCodec: codec AAC
03-24 04:13:51.294 D/a2dp_codec( 5148): setCodecPriority: codec_priority_: 2001
03-24 04:13:51.294 D/a2dp_codec( 5148): A2dpCodecConfig: init all codec caps info
03-24 04:13:51.294 D/a2dp_aac( 5148): A2dpCodecConfigAac: AAC VBR is enabled for this target
03-24 04:13:51.294 D/a2dp_aac( 5148): init: AAC enabled in HW mode
03-24 04:13:51.294 I/a2dp_codec( 5148): init: updated AAC codec priority to 2001
03-24 04:13:51.294 D/a2dp_codec( 5148): createCodec: codec aptX
03-24 04:13:51.294 D/a2dp_codec( 5148): setCodecPriority: codec_priority_: -1
03-24 04:13:51.294 D/a2dp_codec( 5148): A2dpCodecConfig: init all codec caps info
03-24 04:13:51.294 D/a2dp_vendor_aptx( 5148): init: APTX enabled in HW mode
03-24 04:13:51.294 I/a2dp_codec( 5148): init: updated aptX codec priority to -1
03-24 04:13:51.294 D/a2dp_codec( 5148): createCodec: codec aptX-HD
03-24 04:13:51.294 D/a2dp_codec( 5148): setCodecPriority: codec_priority_: -1
03-24 04:13:51.294 D/a2dp_codec( 5148): A2dpCodecConfig: init all codec caps info
03-24 04:13:51.294 D/a2dp_vendor_aptx_hd( 5148): init: APTX-HD enabled in HW mode
03-24 04:13:51.294 I/a2dp_codec( 5148): init: updated aptX-HD codec priority to -1
03-24 04:13:51.294 D/a2dp_codec( 5148): createCodec: codec LDAC
03-24 04:13:51.294 D/a2dp_codec( 5148): setCodecPriority: codec_priority_: -1
03-24 04:13:51.294 D/a2dp_codec( 5148): A2dpCodecConfig: init all codec caps info
03-24 04:13:51.294 D/a2dp_vendor_ldac( 5148): init: LDAC enabled in HW mode
03-24 04:13:51.294 I/a2dp_codec( 5148): init: updated LDAC codec priority to -1
03-24 04:13:51.294 D/a2dp_codec( 5148): createCodec: codec aptX-adaptive
03-24 04:13:51.294 D/a2dp_codec( 5148): setCodecPriority: codec_priority_: -1
03-24 04:13:51.294 D/a2dp_codec( 5148): A2dpCodecConfig: init all codec caps info
03-24 04:13:51.294 I/a2dp_vendor_aptx_adaptive( 5148): A2dpCodecConfigAptxAdaptive: Using Aptx Adaptive R1 config
03-24 04:13:51.294 D/a2dp_vendor_aptx_adaptive( 5148): init: APTX-Adaptive enabled in HW mode
03-24 04:13:51.294 I/a2dp_codec( 5148): init: updated aptX-adaptive codec priority to -1
03-24 04:13:51.294 D/a2dp_codec( 5148): createCodec: codec aptX-TWS
03-24 04:13:51.294 D/a2dp_codec( 5148): setCodecPriority: codec_priority_: -1
03-24 04:13:51.294 D/a2dp_codec( 5148): A2dpCodecConfig: init all codec caps info
03-24 04:13:51.294 E/a2dp_vendor_aptx_tws( 5148): init: APTX-Tws enabled in HW mode
03-24 04:13:51.294 I/a2dp_codec( 5148): init: updated aptX-TWS codec priority to -1
03-24 04:13:51.294 D/a2dp_codec( 5148): createCodec: codec SBC SINK
03-24 04:13:51.294 D/a2dp_codec( 5148): setDefaultCodecPriority: default_codec_priority_: 0
03-24 04:13:51.294 D/a2dp_codec( 5148): setDefaultCodecPriority: Compute the default codec priority
03-24 04:13:51.294 D/a2dp_codec( 5148): setDefaultCodecPriority: codec_priority_: 8001
03-24 04:13:51.294 D/a2dp_codec( 5148): setCodecPriority: codec_priority_: 8001
03-24 04:13:51.294 D/a2dp_codec( 5148): A2dpCodecConfig: init all codec caps info
03-24 04:13:51.294 D/a2dp_codec( 5148): createCodec: codec UNKNOWN CODEC INDEX
03-24 04:13:51.294 D/a2dp_codec( 5148): createCodec: codec UNKNOWN CODEC INDEX
03-24 04:13:51.294 I/a2dp_codec( 5148): init: initialized Source codec AAC
03-24 04:13:51.294 I/a2dp_codec( 5148): init: initialized Source codec SBC
03-24 04:13:51.294 I/a2dp_codec( 5148): init: initialized Sink codec SBC(Sink)
03-24 04:13:51.294 W/bt_btif ( 5148): bta_dm_rm_cback:0, status:1
03-24 04:13:51.294 W/bt_l2cap( 5148): L2CA_SetDesireRole() new:x0, disallow_switch:0
03-24 04:13:51.295 V/bt_stack( 5148): [VERBOSE1:btm_acl.cc(654)] BTM_SwitchRole BDA: 14:3f:a6:d2:4d:63
03-24 04:13:51.295 W/bt_btif ( 5148): bta_dm_act no entry for connected service cbs
03-24 04:13:51.295 W/bt_btif ( 5148): bta_dm_rm_cback:0, status:1
03-24 04:13:51.295 W/bt_l2cap( 5148): L2CA_SetDesireRole() new:x0, disallow_switch:0
03-24 04:13:51.295 V/bt_stack( 5148): [VERBOSE1:btm_acl.cc(654)] BTM_SwitchRole BDA: 14:3f:a6:d2:4d:63
03-24 04:13:51.295 W/bt_l2cap( 5148): L2CAP - L2CA_Deregister() called for PSM: 0x0019
03-24 04:13:51.295 W/bt_l2cap( 5148): L2CAP - L2CA_Deregister() called for PSM: 0x001b
03-24 04:13:51.295 W/bt_l2cap( 5148): L2CAP - L2CA_Deregister() called for PSM: 0x0017
03-24 04:13:51.295 D/bt_btif ( 5148): bta_ag_hdl_event: p_scb 0x42fd6d68
03-24 04:13:51.295 W/bt_btif ( 5148): bta_ag_start_close: SLC is up, probably user initiated HF disconnection setting L2CAP idle timer to 0 from AG
03-24 04:13:51.295 E/bt_btif ( 5148): 14:3f:a6:d2:4d:63
03-24 04:13:51.295 E/bt_btif ( 5148): 14:3f:a6:d2:4d:63
03-24 04:13:51.295 D/bt_btif ( 5148): bta_ag_sco_event: index=0xffff, device=14:3f:a6:d2:4d:63, state=BTA_AG_SCO_LISTEN_ST[1], event=BTA_AG_SCO_SHUTDOWN_E[6]
03-24 04:13:51.295 E/bt_btif ( 5148): 14:3f:a6:d2:4d:63
03-24 04:13:51.295 D/bt_btif ( 5148): BTA AG SCO State Change: [BTA_AG_SCO_LISTEN_ST] -> [BTA_AG_SCO_SHUTDOWN_ST] after Event [BTA_AG_SCO_SHUTDOWN_E]
03-24 04:13:51.295 D/bt_btif ( 5148): bta_ag_hdl_event: p_scb 0x42fd7148
03-24 04:13:51.295 D/bt_btif ( 5148): bta_ag_hdl_event: p_scb 0x42fd7528
03-24 04:13:51.295 D/bt_btif ( 5148): bta_ag_hdl_event: p_scb 0x42fd7908
03-24 04:13:51.295 D/bt_btif ( 5148): bta_ag_hdl_event: p_scb 0x42fd7ce8
03-24 04:13:51.295 D/bt_btif ( 5148): bta_ag_hdl_event: p_scb 0x42fd80c8
03-24 04:13:51.295 W/bt_l2cap( 5148): L2CAP - L2CA_Deregister() called for PSM: 0x0011
03-24 04:13:51.295 W/bt_l2cap( 5148): L2CAP - L2CA_Deregister() called for PSM: 0x0013
03-24 04:13:51.296 V/bt_stack( 5148): [VERBOSE1:gatt_api.cc(1270)] GATT_Deregister gatt_if=4
03-24 04:13:51.296 D/HeadsetService( 5148): : Received stop request...Stopping profile...
03-24 04:13:51.296 V/bt_stack( 5148): [VERBOSE1:connection_manager.cc(161)] on_app_deregistered : app_id 0x04
03-24 04:13:51.296 I/HeadsetService( 5148): stop()
03-24 04:13:51.296 D/HeadsetService( 5148): setHeadsetService(): set to: null
03-24 04:13:51.296 D/BluetoothAdapterService( 5148): Calling setProfileServiceState for: A2dpService
03-24 04:13:51.296 I/HeadsetStateMachine( 5148): destroy
03-24 04:13:51.296 E/HeadsetStateMachine( 5148): returning mCurrentState as Connected
03-24 04:13:51.296 I/HeadsetStateMachine( 5148): destroy, current state Connected
03-24 04:13:51.296 I/bt_btif_queue( 5148): disconnect_queue_int_disconnect_next: no addr 14:3f:a6:d2:4d:63
03-24 04:13:51.296 E/bt_btif ( 5148): btif_sm_dispatch : Invalid handle
03-24 04:13:51.297 E/HeadsetStateMachine( 5148): returning mCurrentState as Connected
03-24 04:13:51.297 E/HeadsetStateMachine( 5148): returning mCurrentState as Connected
03-24 04:13:51.297 D/HeadsetStateMachine( 5148): Connected: currentDevice=14:3F:A6:D2:4D:63, msg=broadcastConnectionState 14:3F:A6:D2:4D:63: 2->0
03-24 04:13:51.297 E/HeadsetStateMachine( 5148): returning mCurrentState as Connected
03-24 04:13:51.297 D/BluetoothAdapterService( 5148): Calling setProfileServiceState for: HidHostService
03-24 04:13:51.300 D/BluetoothAdapterService( 5148): Calling setProfileServiceState for: PanService
03-24 04:13:51.301 D/BluetoothAdapterService( 5148): Calling setProfileServiceState for: BluetoothMapService
03-24 04:13:51.302 E/HeadsetStateMachine( 5148): returning mCurrentState as Connected
03-24 04:13:51.302 E/HeadsetStateMachine( 5148): returning mCurrentState as Connected
03-24 04:13:51.303 D/BluetoothAdapterService( 5148): Calling setProfileServiceState for: AvrcpControllerService
03-24 04:13:51.303 I/Telecom ( 1526): BluetoothStateReceiver: Device 14:3F:A6:D2:4D:63 changed state to 0: BSR.oR@AFY
03-24 04:13:51.303 D/HeadsetStateMachine( 5148): quitNow:
03-24 04:13:51.303 D/HeadsetService( 5148): setting A2dpSuspended=false during BT off
03-24 04:13:51.304 I/Telecom ( 1526): CallAudioRouteStateMachine: Message received: BLUETOOTH_DEVICE_LIST_CHANGED=7, arg1=0: BSR.oR->CARSM.pM_BLUETOOTH_DEVICE_LIST_CHANGED@AFY
03-24 04:13:51.304 D/audio_hw_primary( 795): adev_set_parameters: enter: A2dpSuspended=false
03-24 04:13:51.304 I/Telecom ( 1526): QuiescentEarpieceRoute: Processing message BLUETOOTH_DEVICE_LIST_CHANGED: BSR.oR->CARSM.pM_BLUETOOTH_DEVICE_LIST_CHANGED@AFY
03-24 04:13:51.304 I/Telecom ( 1526): Logging.Events: Non-call EVENT: AUDIO_ROUTE, Bluetooth device list changed: BSR.oR->CARSM.pM_BLUETOOTH_DEVICE_LIST_CHANGED@AFY
03-24 04:13:51.304 D/audio_hw_hfp( 795): hfp_set_parameters: enter
03-24 04:13:51.304 D/audio_hw_extn( 795): audio_extn_fm_set_parameters: Enter
03-24 04:13:51.304 I/Telecom ( 1526): BluetoothRouteManager: Message received: LOST_DEVICE.: BSR.oR->BRM.pM_2@AFY
03-24 04:13:51.304 D/HeadsetStateMachine( 5148): handleMessage: E msg.what=-1
03-24 04:13:51.304 D/HeadsetStateMachine( 5148): processMsg: Connected
03-24 04:13:51.305 D/HeadsetStateMachine( 5148): transitionTo: destState=QuittingState
03-24 04:13:51.305 D/HeadsetStateMachine( 5148): handleMessage: new destination call exit/enter
03-24 04:13:51.305 D/HeadsetStateMachine( 5148): setupTempStateStackWithStatesToEnter: X mTempStateStackCount=1,curStateInfo: null
03-24 04:13:51.305 D/HeadsetStateMachine( 5148): invokeExitMethods: Connected
03-24 04:13:51.305 W/BluetoothUtils( 5148): HeadsetService - Not available
03-24 04:13:51.305 D/HeadsetStateMachine( 5148): moveTempStackToStateStack: i=0,j=0
03-24 04:13:51.305 D/HeadsetStateMachine( 5148): moveTempStackToStateStack: X mStateStackTop=0,startingIndex=0,Top=QuittingState
03-24 04:13:51.305 D/HeadsetStateMachine( 5148): invokeEnterMethods: QuittingState
03-24 04:13:51.305 I/BluetoothHeadsetServiceJni( 5148): cleanupNative: Cleaning up Bluetooth Handsfree Interface
03-24 04:13:51.305 I/bt_btif_queue( 5148): btif_disconnect_queue_cleanup: UUID=111F
03-24 04:13:51.305 I/BluetoothHeadsetServiceJni( 5148): cleanupNative: Cleaning up Bluetooth Handsfree callback object
03-24 04:13:51.305 E/HeadsetSystemInterface( 5148): No Cleanup, as BluetoothInCallService is null
03-24 04:13:51.305 I/HeadsetPhoneState( 5148): stopListenForPhoneState(), no listener indicates nothing is listening
03-24 04:13:51.305 I/bt_btif_queue( 5148): queue_int_cleanup: UUID=111F
03-24 04:13:51.305 I/bt_btif_queue( 5148): disconnect_queue_int_cleanup: UUID=111F
03-24 04:13:51.305 I/EthernetNetworkFactory( 1526): networkForRequest, request: NetworkRequest [ REQUEST id=69, [ Capabilities: INTERNET&NOT_RESTRICTED&TRUSTED&NOT_VCN_MANAGED Uid: 1002 RequestorUid: 1002 RequestorPkg: com.android.bluetooth] ], network: NetworkInterfaceState{ refCount: 1, iface: eth0, up: true, hwAddress: 36:7c:7c:00:00:0f, networkCapabilities: [ Transports: ETHERNET Capabilities: NOT_METERED&INTERNET&NOT_RESTRICTED&TRUSTED&NOT_VPN&NOT_ROAMING&NOT_CONGESTED&NOT_SUSPENDED&NOT_VCN_MANAGED LinkUpBandwidth>=100000Kbps LinkDnBandwidth>=100000Kbps], networkAgent: null, score: 70, ipClient: android.net.ip.IIpClient$Stub$Proxy@20b3a2b,linkProperties: {InterfaceName: eth0 LinkAddresses: [ fe80::bc16:a050:cf99:e405/64 ] DnsAddresses: [ ] Domains: null MTU: 0 TcpBufferSizes: 524288,1048576,3145728,524288,1048576,2097152 Routes: [ fe80::/64 -> :: eth0 mtu 0 ]}}
03-24 04:13:51.305 I/bt_btif_storage( 5148): btif_storage_get_adapter_property service_mask:0x0
03-24 04:13:51.306 D/bt_btif ( 5148): bta_ag_hdl_event: p_scb 0x42fd6d68
03-24 04:13:51.306 W/bt_btif ( 5148): ag scb idx 2 not allocated
03-24 04:13:51.306 W/bt_btif ( 5148): ag scb idx 3 not allocated
03-24 04:13:51.306 W/bt_btif ( 5148): ag scb idx 4 not allocated
03-24 04:13:51.306 W/bt_btif ( 5148): ag scb idx 5 not allocated
03-24 04:13:51.306 W/bt_btif ( 5148): ag scb idx 6 not allocated
03-24 04:13:51.306 E/bt_btif ( 5148): BTA AG is already disabled, ignoring ...
03-24 04:13:51.306 D/BluetoothAdapterService( 5148): Calling setProfileServiceState for: SapService
03-24 04:13:51.307 D/CachedBluetoothDevice( 1990): onProfileStateChanged: profile HEADSET, device WH-H910N (h.ear), newProfileState 0
03-24 04:13:51.307 D/CachedBluetoothDevice( 1990): BT Turninig Off...Profile conn state change ignored...
03-24 04:13:51.307 D/BluetoothAdapterService( 5148): Calling setProfileServiceState for: BluetoothOppService
03-24 04:13:51.307 I/LocalBluetoothProfileManager( 1990): Show-toast: cachedDevice=14:3F:A6:D2:4D:63 oldState=2 newState=0 mNeedCheck=false
03-24 04:13:51.308 D/BluetoothAdapterService( 5148): Calling setProfileServiceState for: BluetoothPbapService
03-24 04:13:51.309 D/BluetoothAdapterService( 5148): Calling setProfileServiceState for: HearingAidService
03-24 04:13:51.310 D/HeadsetService( 5148): profile stopped successfully
03-24 04:13:51.311 W/BluetoothDatabase( 5148): Invalid metadata key 17
03-24 04:13:51.311 E/BluetoothDatabase( 5148): getCustomMeta: meta key invalid 17
03-24 04:13:51.312 D/BluetoothHeadset( 1526): Proxy object disconnected
03-24 04:13:51.312 D/BluetoothHeadset( 1526): Proxy object disconnected
03-24 04:13:51.312 D/A2dpService( 5148): : Received stop request...Stopping profile...
03-24 04:13:51.312 I/A2dpService( 5148): stop()
03-24 04:13:51.312 D/A2dpService( 5148): removeActiveDevice(): forceStopPlayingAudio: true
03-24 04:13:51.312 I/Telecom ( 1526): BluetoothDeviceManager: Lost BluetoothHeadset service. Removing all tracked devices: BMSL.oSD@AFc
03-24 04:13:51.312 D/BluetoothHeadset( 2390): Proxy object disconnected
03-24 04:13:51.312 I/Avrcp_ext( 5148): device found at index 0
03-24 04:13:51.312 I/Telecom ( 1526): CallAudioRouteStateMachine: Message received: BT_ACTIVE_DEVICE_GONE=9, arg1=0: BMSL.oSD->CARSM.pM_BT_ACTIVE_DEVICE_GONE@AFc
03-24 04:13:51.312 I/Avrcp_ext( 5148): storeVolume: Storing stream volume level for device 14:3F:A6:D2:4D:63 : 19
03-24 04:13:51.312 I/Telecom ( 1526): QuiescentEarpieceRoute: Processing message BT_ACTIVE_DEVICE_GONE: BMSL.oSD->CARSM.pM_BT_ACTIVE_DEVICE_GONE@AFc
03-24 04:13:51.312 D/HearingAidService( 5148): getActiveDevices
03-24 04:13:51.313 I/Telecom ( 1526): Logging.Events: Non-call EVENT: AUDIO_ROUTE, Bluetooth active device gone: BMSL.oSD->CARSM.pM_BT_ACTIVE_DEVICE_GONE@AFc
03-24 04:13:51.313 D/A2dpService( 5148): updateAndBroadcastActiveDevice(null)
03-24 04:13:51.314 I/AS.BtHelper( 1526): setBtScoActiveDevice: XX:XX:XX:D2:4D:63 -> (null)
03-24 04:13:51.314 D/BluetoothHeadset( 1990): Proxy object disconnected
03-24 04:13:51.315 I/A2dpService( 5148): removeActiveDevice: suppressNoisyIntent = false
03-24 04:13:51.315 D/BATService( 5148): getBATService(): service is NULL
03-24 04:13:51.315 D/A2dpService( 5148): removeActiveDevice: BA active false
03-24 04:13:51.315 I/MicroServiceManager( 1526): requestResult(abandonAudioFocus) parameters is{"functionInfo":{"IDCM_AudioFocus":"AudioFocus_Media"}}.
03-24 04:13:51.317 D/CachedBluetoothDevice( 2390): onProfileStateChanged: profile HEADSET, device WH-H910N (h.ear), newProfileState 0
03-24 04:13:51.317 D/CachedBluetoothDevice( 2390): BT Turninig Off...Profile conn state change ignored...
03-24 04:13:51.317 I/LocalBluetoothProfileManager( 2390): Show-toast: cachedDevice=14:3F:A6:D2:4D:63 oldState=2 newState=0 mNeedCheck=false
03-24 04:13:51.318 D/audio_hw_primary( 795): adev_set_parameters: enter: 00:00:00:00:00:00=;disconnect=16
03-24 04:13:51.318 D/audio_hw_hfp( 795): hfp_set_parameters: enter
03-24 04:13:51.318 D/audio_hw_extn( 795): audio_extn_fm_set_parameters: Enter
03-24 04:13:51.320 W/View ( 1990): requestLayout() improperly called by android.widget.FrameLayout{3906626 I.E...... ......ID 0,0-780,182 #2bc} during second layout pass: posting in next frame
03-24 04:13:51.320 W/View ( 1990): requestLayout() improperly called by com.android.systemui.statusbar.AlphaOptimizedImageView{7aad581 VFED..C.. ......ID 0,0-140,132} during second layout pass: posting in next frame
03-24 04:13:51.321 W/AS.AudioDeviceInventory( 1526): handleDeviceConnection() failed, deviceKey=0x20:00:00:00:00:00:00, deviceSpec=null, connect=false
03-24 04:13:51.321 W/AS.AudioDeviceInventory( 1526): handleDeviceConnection() failed, deviceKey=0x40:00:00:00:00:00:00, deviceSpec=null, connect=false
03-24 04:13:51.321 D/MicroService( 2177): createClientSocket: clientSocket new
03-24 04:13:51.321 D/MicroService( 2177): createClientSocket: IP = 192.168.4.4, PORT 9999localAddress = /192.168.4.16
03-24 04:13:51.321 D/MicroService( 2177): Launching the I/O handler
03-24 04:13:51.321 D/MicroService( 2177): createClientSocket: clientSocket = Socket[address=/192.168.4.4,port=9999,localPort=37227]
03-24 04:13:51.321 D/MicroService( 2177): Send message to IDCM:SocketMessageBean{businessData='21930', srcService='FSEM_AudioService', destService='IDCM_CarAudioService', messageType='0', uuid='1679602431315796148', payloadData={"srcService":"FSEM_AudioService","dstService":"IDCM_CarAudioService","messageType":0,"uuid":1679602431315796148,"methodName":"abandonAudioFocus","parameters":{"functionInfo":{"IDCM_AudioFocus":"AudioFocus_Media"}}}}
03-24 04:13:51.321 W/BluetoothDatabase( 5148): Invalid metadata key 17
03-24 04:13:51.322 D/MicroService( 2177): Payload data length: 215
03-24 04:13:51.322 E/BluetoothDatabase( 5148): getCustomMeta: meta key invalid 17
03-24 04:13:51.322 D/audio_hw_primary( 795): adev_set_parameters: enter: 00:00:00:00:00:00=;disconnect=-2147483640
03-24 04:13:51.322 D/audio_hw_hfp( 795): hfp_set_parameters: enter
03-24 04:13:51.322 D/audio_hw_extn( 795): audio_extn_fm_set_parameters: Enter
03-24 04:13:51.322 D/sound_trigger_platform( 795): platform_stdev_get_capture_device: Device = 0x80000004
03-24 04:13:51.322 D/sound_trigger_platform( 795): platform_stdev_get_capture_device: Available device = 0x80000004
03-24 04:13:51.322 D/sound_trigger_hw( 795): handle_device_switch: device 0x80000008 Disconnected
03-24 04:13:51.323 W/BluetoothDatabase( 5148): Invalid metadata key 17
03-24 04:13:51.323 E/BluetoothDatabase( 5148): getCustomMeta: meta key invalid 17
03-24 04:13:51.326 W/View ( 1990): requestLayout() improperly called by android.widget.FrameLayout{3906626 I.E...... ......ID 0,0-780,182 #2bc} during layout: running second layout pass
03-24 04:13:51.326 W/View ( 1990): requestLayout() improperly called by com.android.systemui.statusbar.AlphaOptimizedImageView{7aad581 VFED..C.. ......ID 0,0-140,132} during layout: running second layout pass
03-24 04:13:51.326 I/AS.BtHelper( 1526): In setBtScoActiveDevice(), calling resetBluetoothSco()
03-24 04:13:51.326 I/AS.BtHelper( 1526): In resetBluetoothSco(), calling clearAllScoClients()
03-24 04:13:51.328 D/AdaptiveHomepageIcon( 2390): Setting background color -69693
03-24 04:13:51.328 D/audio_hw_primary( 795): adev_set_parameters: enter: BT_SCO=off
03-24 04:13:51.328 D/audio_hw_hfp( 795): hfp_set_parameters: enter
03-24 04:13:51.328 D/audio_hw_extn( 795): audio_extn_fm_set_parameters: Enter
03-24 04:13:51.328 I/AS.AudioDeviceInventory( 1526): removePreferredDevicesForStrategySync, strategy: 15
03-24 04:13:51.332 I/Telecom ( 1526): WiredHeadsetManager: ACTION_HEADSET_PLUG event, plugged in: false, : WHC.oADR@AFg
03-24 04:13:51.333 W/ConstraintSet( 1990): id unknown center_vertical_guideline
03-24 04:13:51.333 W/ConstraintSet( 1990): id unknown center_horizontal_guideline
03-24 04:13:51.333 W/ConstraintSet( 1990): id unknown media_action_barrier
03-24 04:13:51.333 W/ConstraintSet( 1990): id unknown remove_text
03-24 04:13:51.333 W/ConstraintSet( 1990): id unknown settings
03-24 04:13:51.333 W/ConstraintSet( 1990): id unknown cancel
03-24 04:13:51.333 W/ConstraintSet( 1990): id unknown dismiss
03-24 04:13:51.335 D/BluetoothSap( 2390): getConnectionState(14:3F:A6:D2:4D:63)
03-24 04:13:51.343 W/View ( 1990): requestLayout() improperly called by android.widget.FrameLayout{3906626 I.E...... ......ID 0,0-780,182 #2bc} during second layout pass: posting in next frame
03-24 04:13:51.343 W/View ( 1990): requestLayout() improperly called by com.android.systemui.statusbar.AlphaOptimizedImageView{7aad581 VFED..C.. ......ID 0,0-140,132} during second layout pass: posting in next frame
03-24 04:13:51.344 W/BluetoothDatabase( 5148): Invalid metadata key 17
03-24 04:13:51.345 E/BluetoothDatabase( 5148): getCustomMeta: meta key invalid 17
03-24 04:13:51.345 D/AdaptiveHomepageIcon( 2390): Setting background color -69693
03-24 04:13:51.350 D/BluetoothSap( 2390): getConnectionState(14:3F:A6:D2:4D:63)
03-24 04:13:51.357 W/View ( 1990): requestLayout() improperly called by android.widget.FrameLayout{3906626 I.E...... ......ID 0,0-780,182 #2bc} during layout: running second layout pass
03-24 04:13:51.357 W/View ( 1990): requestLayout() improperly called by com.android.systemui.statusbar.AlphaOptimizedImageView{7aad581 VFED..C.. ......ID 0,0-140,132} during layout: running second layout pass
03-24 04:13:51.368 D/MicroService( 2177): getEvent: clientSocket = Socket[address=/192.168.4.4,port=46606,localPort=9999]
03-24 04:13:51.368 D/MicroService( 2177): run: called
03-24 04:13:51.369 D/MicroService( 2177): getEvent: start waiting...
03-24 04:13:51.370 I/MicroService( 2177): getStringByData(noZero): IDCM_CarAudioService
03-24 04:13:51.370 I/MicroService( 2177): getStringByData(noZero): FSEM_AudioService
03-24 04:13:51.370 I/MicroService( 2177): getStringByData: {"srcService":"IDCM_CarAudioService","dstService":"FSEM_AudioService","methodName":"abandonAudioFocus","messageType":1,"uuid":1679602431315796148,"parameters":{"functionInfo":{"IDCM_AudioFocus":"AudioFocus_Media","IDCM_AudioFocus_Result":"AUDIOFOCUS_REQUEST_GRANTED"}}}
03-24 04:13:51.370 I/MicroService( 2177): Receive message: SocketMessageBean{businessData='21930', srcService='IDCM_CarAudioService', destService='FSEM_AudioService', messageType='1', uuid='1679602431315796148', payloadData={"srcService":"IDCM_CarAudioService","dstService":"FSEM_AudioService","methodName":"abandonAudioFocus","messageType":1,"uuid":1679602431315796148,"parameters":{"functionInfo":{"IDCM_AudioFocus":"AudioFocus_Media","IDCM_AudioFocus_Result":"AUDIOFOCUS_REQUEST_GRANTED"}}}}
03-24 04:13:51.371 I/MicroService( 2177): dealMessage: 1
03-24 04:13:51.371 I/MicroService( 2177): onResponse(abandonAudioFocus): {"functionInfo":{"IDCM_AudioFocus":"AudioFocus_Media","IDCM_AudioFocus_Result":"AUDIOFOCUS_REQUEST_GRANTED"}}
03-24 04:13:51.372 I/commit_sys_config_file( 1526): [appops,1743614]
03-24 04:13:51.374 W/View ( 1990): requestLayout() improperly called by android.widget.FrameLayout{3906626 I.E...... ......ID 0,0-780,182 #2bc} during second layout pass: posting in next frame
03-24 04:13:51.374 W/View ( 1990): requestLayout() improperly called by com.android.systemui.statusbar.AlphaOptimizedImageView{7aad581 VFED..C.. ......ID 0,0-140,132} during second layout pass: posting in next frame
03-24 04:13:51.392 W/View ( 1990): requestLayout() improperly called by android.widget.FrameLayout{3906626 I.E...... ......ID 0,0-780,182 #2bc} during layout: running second layout pass
03-24 04:13:51.392 W/View ( 1990): requestLayout() improperly called by com.android.systemui.statusbar.AlphaOptimizedImageView{7aad581 VFED..C.. ......ID 0,0-140,132} during layout: running second layout pass
03-24 04:13:51.407 W/View ( 1990): requestLayout() improperly called by android.widget.FrameLayout{3906626 I.E...... ......ID 0,0-780,182 #2bc} during second layout pass: posting in next frame
03-24 04:13:51.407 W/View ( 1990): requestLayout() improperly called by com.android.systemui.statusbar.AlphaOptimizedImageView{7aad581 VFED..C.. ......ID 0,0-140,132} during second layout pass: posting in next frame
03-24 04:13:51.407 W/bt_l2cap( 5148): L2CAP - LCID: 0x0045 st: W4_L2CAP_DISC_RSP evt: PEER_DATA
03-24 04:13:51.412 W/bt_l2cap( 5148): L2CAP - LCID: 0x0048 st: W4_L2CAP_DISC_RSP evt: PEER_DISCONNECT_RSP
03-24 04:13:51.412 I/bt_snoop( 5148): L2CAP channel is closed: handle=2(0x2), lcid=72(0x48), rcid=71(0x47)
03-24 04:13:51.412 I/bt_stack( 5148): [INFO:btsnoop.cc(651)] clear_l2cap_whitelist: Clearing whitelist from l2cap channel. conn_handle=2 cid=72:71
03-24 04:13:51.412 D/bt_btif ( 5148): LCB lcb=1 event=LL_CLOSE_EVT state=LCB_CLOSING_ST
03-24 04:13:51.412 D/bt_btif ( 5148): bta_av_rc_ctrl_cback handle: 0, result 0, event=0x1
03-24 04:13:51.413 D/bt_btif ( 5148): bta_av_del_rc: handle: 0 status=0x10, rc_acp_handle:255, idx:2
03-24 04:13:51.413 D/bt_btif ( 5148): AVRC_Close handle:0, clean up all system resources
03-24 04:13:51.413 D/bt_btif ( 5148): btif_rc_handler: event: BTA_AV_RC_CLOSE_EVT
03-24 04:13:51.413 D/bt_btif ( 5148): handle_rc_disconnect: rc_handle: 0
03-24 04:13:51.413 I/BluetoothAvrcpControllerJni( 5148): btavrcp_connection_state_callback: conn state: rc: 0 br: 0
03-24 04:13:51.414 D/AvrcpControllerService( 5148): onConnectionStateChanged false false14:3F:A6:D2:4D:63
03-24 04:13:51.414 I/BluetoothAvrcpServiceJni( 5148): btavrcp_connection_state_callback: conn state: rc: 0 br: 0
03-24 04:13:51.414 D/AvrcpControllerStateMachine( 5148): handleMessage: E msg.what=2
03-24 04:13:51.414 D/AvrcpControllerStateMachine( 5148): processMsg: Connected
03-24 04:13:51.414 D/Avrcp_ext( 5148): onConnectionStateChanged false false Addr:14:3F:A6:D2:4D:63
03-24 04:13:51.414 D/AvrcpControllerStateMachine( 5148): Avrcp.ConnectedAvrcpController processMessage 2
03-24 04:13:51.414 D/AvrcpControllerStateMachine( 5148): transitionTo: destState=Disconnecting
03-24 04:13:51.414 D/AvrcpControllerStateMachine( 5148): handleMessage: new destination call exit/enter
03-24 04:13:51.414 V/Avrcp_ext( 5148): Exit onConnectionStateChanged
03-24 04:13:51.415 E/bt_btif ( 5148): Unhandled Index = 5
03-24 04:13:51.416 D/AvrcpControllerStateMachine( 5148): setupTempStateStackWithStatesToEnter: X mTempStateStackCount=1,curStateInfo: null
03-24 04:13:51.416 V/Avrcp_ext( 5148): AvrcpMessageHandler: received message=25
03-24 04:13:51.416 D/AvrcpControllerStateMachine( 5148): invokeExitMethods: Connected
03-24 04:13:51.416 D/AvrcpControllerStateMachine( 5148): moveTempStackToStateStack: i=0,j=0
03-24 04:13:51.416 D/AvrcpControllerStateMachine( 5148): moveTempStackToStateStack: X mStateStackTop=0,startingIndex=0,Top=Disconnecting
03-24 04:13:51.416 D/AvrcpControllerStateMachine( 5148): invokeEnterMethods: Disconnecting
03-24 04:13:51.416 D/Avrcp_ext( 5148): mAvrcpBipRsp :com.android.bluetooth.avrcp.AvrcpBipRsp@b9e704
03-24 04:13:51.416 D/AvrcpControllerStateMachine( 5148): Connection state 14:3F:A6:D2:4D:63: 2->3
03-24 04:13:51.417 D/AvrcpBipRsp( 5148): disconnect device :14:3F:A6:D2:4D:63 bipSm :null
03-24 04:13:51.417 I/Avrcp_ext( 5148): Enter setAvrcpDisconnectedDevice
03-24 04:13:51.417 I/Avrcp_ext( 5148): cleanupDeviceFeaturesIndex index:0
03-24 04:13:51.417 I/Avrcp_ext( 5148): Device removed is 14:3F:A6:D2:4D:63at index0
03-24 04:13:51.417 D/BATService( 5148): getBATService(): service is NULL
03-24 04:13:51.417 V/Avrcp_ext( 5148): Exit setAvrcpDisconnectedDevice
03-24 04:13:51.417 V/Avrcp_ext( 5148): Exit handleMessage
03-24 04:13:51.419 D/AvrcpControllerStateMachine( 5148): transitionTo: destState=Disconnected
03-24 04:13:51.419 D/AvrcpControllerStateMachine( 5148): handleMessage: new destination call exit/enter
03-24 04:13:51.419 D/AvrcpControllerStateMachine( 5148): setupTempStateStackWithStatesToEnter: X mTempStateStackCount=1,curStateInfo: null
03-24 04:13:51.419 D/AvrcpControllerStateMachine( 5148): invokeExitMethods: Disconnecting
03-24 04:13:51.419 D/AvrcpControllerStateMachine( 5148): moveTempStackToStateStack: i=0,j=0
03-24 04:13:51.419 D/AvrcpControllerStateMachine( 5148): moveTempStackToStateStack: X mStateStackTop=0,startingIndex=0,Top=Disconnected
03-24 04:13:51.419 D/AvrcpControllerStateMachine( 5148): invokeEnterMethods: Disconnected
03-24 04:13:51.420 D/AvrcpControllerStateMachine( 5148): Enter Disconnected mDevice:14:3F:A6:D2:4D:63
03-24 04:13:51.420 D/AvrcpControllerStateMachine( 5148): Connection state 14:3F:A6:D2:4D:63: 3->0
03-24 04:13:51.421 D/AvrcpControllerStateMachine( 5148): handleMessage: X
03-24 04:13:51.421 D/AvrcpControllerStateMachine( 5148): handleMessage: E msg.what=100
03-24 04:13:51.421 D/AvrcpControllerStateMachine( 5148): processMsg: Disconnected
03-24 04:13:51.421 D/AvrcpControllerStateMachine( 5148): doQuit()
03-24 04:13:51.422 D/AvrcpControllerStateMachine( 5148): quitNow:
03-24 04:13:51.422 D/AvrcpControllerStateMachine( 5148): handleMessage: X
03-24 04:13:51.422 D/AvrcpControllerStateMachine( 5148): handleMessage: E msg.what=-1
03-24 04:13:51.422 D/AvrcpControllerStateMachine( 5148): processMsg: Disconnected
03-24 04:13:51.422 D/AvrcpControllerStateMachine( 5148): transitionTo: destState=QuittingState
03-24 04:13:51.422 D/AvrcpControllerStateMachine( 5148): handleMessage: new destination call exit/enter
03-24 04:13:51.422 D/AvrcpControllerStateMachine( 5148): setupTempStateStackWithStatesToEnter: X mTempStateStackCount=1,curStateInfo: null
03-24 04:13:51.422 D/AvrcpControllerStateMachine( 5148): invokeExitMethods: Disconnected
03-24 04:13:51.424 D/AvrcpControllerStateMachine( 5148): moveTempStackToStateStack: i=0,j=0
03-24 04:13:51.424 D/AvrcpControllerStateMachine( 5148): moveTempStackToStateStack: X mStateStackTop=0,startingIndex=0,Top=QuittingState
03-24 04:13:51.424 D/AvrcpControllerStateMachine( 5148): invokeEnterMethods: QuittingState
03-24 04:13:51.426 W/View ( 1990): requestLayout() improperly called by android.widget.FrameLayout{3906626 I.E...... ......ID 0,0-780,182 #2bc} during layout: running second layout pass
03-24 04:13:51.426 W/View ( 1990): requestLayout() improperly called by com.android.systemui.statusbar.AlphaOptimizedImageView{7aad581 VFED..C.. ......ID 0,0-140,132} during layout: running second layout pass
03-24 04:13:51.440 W/View ( 1990): requestLayout() improperly called by android.widget.FrameLayout{3906626 I.E...... ......ID 0,0-780,182 #2bc} during second layout pass: posting in next frame
03-24 04:13:51.441 W/View ( 1990): requestLayout() improperly called by com.android.systemui.statusbar.AlphaOptimizedImageView{7aad581 VFED..C.. ......ID 0,0-140,132} during second layout pass: posting in next frame
03-24 04:13:51.451 W/bt_l2cap( 5148): L2CAP - LCID: 0x0046 st: W4_L2CAP_DISC_RSP evt: PEER_DISCONNECT_RSP
03-24 04:13:51.451 I/bt_snoop( 5148): L2CAP channel is closed: handle=2(0x2), lcid=70(0x46), rcid=70(0x46)
03-24 04:13:51.451 I/bt_stack( 5148): [INFO:btsnoop.cc(651)] clear_l2cap_whitelist: Clearing whitelist from l2cap channel. conn_handle=2 cid=70:70
03-24 04:13:51.451 E/bt_l2cap( 5148): L2CA_SetMediaStreamChannel: The channel 70 not found in active media channels
03-24 04:13:51.453 W/bt_l2cap( 5148): L2CAP - LCID: 0x0045 st: W4_L2CAP_DISC_RSP evt: PEER_DISCONNECT_RSP
03-24 04:13:51.454 I/bt_snoop( 5148): L2CAP channel is closed: handle=2(0x2), lcid=69(0x45), rcid=69(0x45)
03-24 04:13:51.454 I/bt_stack( 5148): [INFO:btsnoop.cc(651)] clear_l2cap_whitelist: Clearing whitelist from l2cap channel. conn_handle=2 cid=69:69
03-24 04:13:51.454 E/bt_l2cap( 5148): L2CA_SetMediaStreamChannel: The channel 69 not found in active media channels
03-24 04:13:51.454 D/bt_btif ( 5148): bta_av_sig_chg:event: 17, conn_acp: 0 addr 14:3f:a6:d2:4d:63
03-24 04:13:51.459 W/View ( 1990): requestLayout() improperly called by android.widget.FrameLayout{3906626 I.E...... ......ID 0,0-780,182 #2bc} during layout: running second layout pass
03-24 04:13:51.459 W/View ( 1990): requestLayout() improperly called by com.android.systemui.statusbar.AlphaOptimizedImageView{7aad581 VFED..C.. ......ID 0,0-140,132} during layout: running second layout pass
03-24 04:13:51.474 W/View ( 1990): requestLayout() improperly called by android.widget.FrameLayout{3906626 I.E...... ......ID 0,0-780,182 #2bc} during second layout pass: posting in next frame
03-24 04:13:51.474 W/View ( 1990): requestLayout() improperly called by com.android.systemui.statusbar.AlphaOptimizedImageView{7aad581 VFED..C.. ......ID 0,0-140,132} during second layout pass: posting in next frame
03-24 04:13:51.493 W/View ( 1990): requestLayout() improperly called by android.widget.FrameLayout{3906626 I.E...... ......ID 0,0-780,182 #2bc} during layout: running second layout pass
03-24 04:13:51.493 W/View ( 1990): requestLayout() improperly called by com.android.systemui.statusbar.AlphaOptimizedImageView{7aad581 VFED..C.. ......ID 0,0-140,132} during layout: running second layout pass
03-24 04:13:51.503 I/mpu_uart( 646): [MSG-P:RECV]:No message received in 1000 ms
03-24 04:13:51.507 W/View ( 1990): requestLayout() improperly called by android.widget.FrameLayout{3906626 I.E...... ......ID 0,0-780,182 #2bc} during second layout pass: posting in next frame
03-24 04:13:51.507 W/View ( 1990): requestLayout() improperly called by com.android.systemui.statusbar.AlphaOptimizedImageView{7aad581 VFED..C.. ......ID 0,0-140,132} during second layout pass: posting in next frame
