03-24 04:14:07.846 D/bt_device_interop( 5359): feature:: 27, key :: f0:45:da, value :: Address_Based
03-24 04:14:07.847 D/bt_device_interop( 5359): feature:: 28, key :: 00:08:8a, value :: Address_Based
03-24 04:14:07.847 D/bt_device_interop( 5359): feature:: 28, key :: JABRA EASYGO, value :: Name_Based
03-24 04:14:07.847 D/bt_device_interop( 5359): feature:: 28, key :: 55:55:55, value :: Address_Based
03-24 04:14:07.847 D/bt_device_interop( 5359): feature:: 28, key :: LG HBSF110 Master, value :: Name_Based
03-24 04:14:07.847 D/bt_device_interop( 5359): feature:: 29, key :: 00:09:93, value :: Address_Based
03-24 04:14:07.847 D/bt_device_interop( 5359): feature:: 29, key :: 74:6f:f7, value :: Address_Based
03-24 04:14:07.847 D/bt_device_interop( 5359): feature:: 29, key :: A0:56:B2:4F, value :: Address_Based
03-24 04:14:07.847 D/bt_device_interop( 5359): feature:: 29, key :: 00:54:AF, value :: Address_Based
03-24 04:14:07.847 D/bt_device_interop( 5359): feature:: 29, key :: 00:00:2E, value :: Address_Based
03-24 04:14:07.847 D/bt_device_interop( 5359): feature:: 29, key :: A0:56:B2:5A, value :: Address_Based
03-24 04:14:07.847 D/bt_device_interop( 5359): feature:: 9, key :: 08:62:66, value :: Address_Based
03-24 04:14:07.847 D/bt_device_interop( 5359): feature:: 9, key :: 38:2C:4A:C9, value :: Address_Based
03-24 04:14:07.847 D/bt_device_interop( 5359): feature:: 9, key :: 38:2C:4A:E6, value :: Address_Based
03-24 04:14:07.847 D/bt_device_interop( 5359): feature:: 9, key :: 54:A0:50:D9, value :: Address_Based
03-24 04:14:07.847 D/bt_device_interop( 5359): feature:: 9, key :: AC:9E:17, value :: Address_Based
03-24 04:14:07.847 D/bt_device_interop( 5359): feature:: 9, key :: F0:79:59, value :: Address_Based
03-24 04:14:07.847 D/bt_device_interop( 5359): feature:: 23, key :: 00:1D:86, value :: Address_Based
03-24 04:14:07.847 D/bt_device_interop( 5359): feature:: 23, key :: KMM-BT51*HD, value :: Name_Based
03-24 04:14:07.847 D/bt_device_interop( 5359): feature:: 10, key :: Pixel C Keyboard, value :: Name_Based
03-24 04:14:07.847 D/bt_device_interop( 5359): feature:: 10, key :: MiMouse, value :: Name_Based
03-24 04:14:07.847 D/bt_device_interop( 5359): feature:: 10, key :: HTC Fetch, value :: Name_Based
03-24 04:14:07.847 D/bt_device_interop( 5359): feature:: 31, key :: LG Lighting, value :: Name_Based
03-24 04:14:07.847 D/bt_device_interop( 5359): feature:: 31, key :: KS_5w4Zu, value :: Name_Based
03-24 04:14:07.847 D/bt_device_interop( 5359): feature:: 31, key :: ZUK, value :: Name_Based
03-24 04:14:07.847 D/bt_device_interop( 5359): feature:: 31, key :: ITAG, value :: Name_Based
03-24 04:14:07.847 D/bt_device_interop( 5359): feature:: 31, key :: Pokemon GO Plus, value :: Name_Based
03-24 04:14:07.847 D/bt_device_interop( 5359): feature:: 31, key :: FeiZhiX8/X8Pro, value :: Name_Based
03-24 04:14:07.847 D/bt_device_interop( 5359): feature:: 31, key :: FeiZhiAPEX, value :: Name_Based
03-24 04:14:07.847 D/bt_device_interop( 5359): feature:: 31, key :: FeiZhiWee, value :: Name_Based
03-24 04:14:07.847 D/bt_device_interop( 5359): feature:: 31, key :: FeiZhi Wee 2T, value :: Name_Based
03-24 04:14:07.848 D/bt_device_interop( 5359): feature:: 34, key :: 2c:dc:ad:08, value :: Address_Based
03-24 04:14:07.848 D/bt_device_interop( 5359): feature:: 34, key :: 74:6f:f7, value :: Address_Based
03-24 04:14:07.848 D/bt_device_interop( 5359): feature:: 34, key :: 90:03:b7, value :: Address_Based
03-24 04:14:07.848 D/bt_device_interop( 5359): feature:: 34, key :: 00:06:F5, value :: Address_Based
03-24 04:14:07.848 D/bt_device_interop( 5359): feature:: 35, key :: 50:65:83, value :: Address_Based
03-24 04:14:07.848 D/bt_device_interop( 5359): feature:: 35, key :: 28:3f:69, value :: Address_Based
03-24 04:14:07.848 D/bt_device_interop( 5359): feature:: 35, key :: AirPods, value :: Name_Based
03-24 04:14:07.848 D/bt_device_interop( 5359): feature:: 35, key :: 0x0094, value :: Manufacturer_Based
03-24 04:14:07.848 D/bt_device_interop( 5359): feature:: 37, key :: 10:b7:f6, value :: Address_Based
03-24 04:14:07.848 D/bt_device_interop( 5359): feature:: 37, key :: AirPods, value :: Name_Based
03-24 04:14:07.848 D/bt_device_interop( 5359): feature:: 42, key :: 00:0E:9F, value :: Address_Based
03-24 04:14:07.848 D/bt_device_interop( 5359): feature:: 38, key :: 98:B6:E9, value :: Address_Based
03-24 04:14:07.848 D/bt_device_interop( 5359): feature:: 40, key :: 04:4E:AF, value :: Address_Based
03-24 04:14:07.848 D/bt_device_interop( 5359): feature:: 40, key :: HB20, value :: Name_Based
03-24 04:14:07.848 D/bt_device_interop( 5359): feature:: 40, key :: HB 20, value :: Name_Based
03-24 04:14:07.848 D/bt_device_interop( 5359): feature:: 41, key :: com.google.android.apps.youtube.music, value :: Name_Based
03-24 04:14:07.848 D/bt_device_interop( 5359): feature:: 41, key :: com.gaana, value :: Name_Based
03-24 04:14:07.848 D/bt_device_interop( 5359): feature:: 43, key :: BC:30:7E, value :: Address_Based
03-24 04:14:07.848 D/bt_device_interop( 5359): feature:: 43, key :: 2C:DC:AD, value :: Address_Based
03-24 04:14:07.848 D/bt_device_interop( 5359): feature:: 43, key :: 00:1E:43, value :: Address_Based
03-24 04:14:07.848 D/bt_device_interop( 5359): feature:: 43, key :: 9C:DF:03, value :: Address_Based
03-24 04:14:07.848 D/bt_device_interop( 5359): feature:: 43, key :: 00:0A:08, value :: Address_Based
03-24 04:14:07.848 D/bt_device_interop( 5359): feature:: 43, key :: 00:04:79, value :: Address_Based
03-24 04:14:07.848 D/bt_device_interop( 5359): feature:: 43, key :: 28:A1:83, value :: Address_Based
03-24 04:14:07.848 W/View ( 1990): requestLayout() improperly called by android.widget.FrameLayout{3906626 I.E...... ......ID 0,0-780,182 #2bc} during layout: running second layout pass
03-24 04:14:07.848 D/bt_device_interop( 5359): feature:: 43, key :: 24:df:6a, value :: Address_Based
03-24 04:14:07.848 D/bt_device_interop( 5359): feature:: 43, key :: 30:C3:D9, value :: Address_Based
03-24 04:14:07.848 W/View ( 1990): requestLayout() improperly called by com.android.systemui.statusbar.AlphaOptimizedImageView{7aad581 VFED..C.. ......ID 0,0-140,132} during layout: running second layout pass
03-24 04:14:07.848 D/bt_device_interop( 5359): feature:: 43, key :: Audi, value :: Name_Based
03-24 04:14:07.848 D/bt_device_interop( 5359): feature:: 43, key :: Porsche, value :: Name_Based
03-24 04:14:07.849 D/bt_device_interop( 5359): feature:: 44, key :: 00:23:3D, value :: Address_Based
03-24 04:14:07.849 D/bt_device_interop( 5359): feature:: 45, key :: 10:4F:A8, value :: Address_Based
03-24 04:14:07.849 D/bt_device_interop( 5359): feature:: 46, key :: 00:15:83, value :: Address_Based
03-24 04:14:07.849 D/bt_device_interop( 5359): feature:: 46, key :: 2a:eb:00, value :: Address_Based
03-24 04:14:07.849 D/bt_device_interop( 5359): feature:: 46, key :: 30:53:00, value :: Address_Based
03-24 04:14:07.849 D/bt_device_interop( 5359): feature:: 46, key :: 00:17:53, value :: Address_Based
03-24 04:14:07.849 D/bt_device_interop( 5359): feature:: 46, key :: 40:ef:4c, value :: Address_Based
03-24 04:14:07.849 D/bt_device_interop( 5359): feature:: 46, key :: 00:07:04, value :: Address_Based
03-24 04:14:07.849 D/bt_device_interop( 5359): feature:: 46, key :: 18:48:ca, value :: Address_Based
03-24 04:14:07.849 D/bt_device_interop( 5359): feature:: 47, key :: f4:15:fd, value :: Address_Based
03-24 04:14:07.849 D/bt_device_interop( 5359): feature:: 47, key :: 94:B2:CC:52, value :: Address_Based
03-24 04:14:07.849 D/bt_device_interop( 5359): feature:: 48, key :: Geely_BT, value :: Name_Based
03-24 04:14:07.849 D/bt_device_interop( 5359): feature:: 49, key :: Microsoft Bluetooth Mouse, value :: Name_Based
03-24 04:14:07.849 D/bt_device_interop( 5359): feature:: 50, key :: Bose Mini II SoundLink, value :: Name_Based
03-24 04:14:07.849 D/bt_device_interop( 5359): feature:: 50, key :: Honda HFT, value :: Name_Based
03-24 04:14:07.849 D/bt_device_interop( 5359): feature:: 50, key :: HAVAL M6, value :: Name_Based
03-24 04:14:07.849 D/bt_device_interop( 5359): feature:: 51, key :: 00:09:93, value :: Address_Based
03-24 04:14:07.849 D/bt_device_interop( 5359): feature:: 52, key :: 4c:fc:aa, value :: Address_Based
03-24 04:14:07.849 D/bt_device_interop( 5359): feature:: 18, key :: 14:3f:a6, value :: Address_Based
03-24 04:14:07.850 W/bt_device_profile( 5359): profile_config_init load config file succesful : /data/misc/bluedroid/bt_profile.conf
03-24 04:14:07.850 W/bt_device_profile( 5359): AVRCP_ID: key :: avrcp_0103_support, value :: false
03-24 04:14:07.850 W/bt_device_profile( 5359): AVRCP_ID: entry->profile_feature_type.avrcp_feature_entry.avrcp_0103_support false
03-24 04:14:07.850 W/bt_device_profile( 5359): AVRCP_ID: key :: avrcp_coverart_support, value :: true
03-24 04:14:07.850 W/bt_device_profile( 5359): AVRCP_ID: &entry->profile_feature_type.avrcp_feature_entry.avrcp_coverart_support true
03-24 04:14:07.850 D/bt_device_profile( 5359): Entry is already present in the list
03-24 04:14:07.850 W/bt_device_profile( 5359): PBAP_ID: key :: pbap_0102_support, value :: true
03-24 04:14:07.850 W/bt_device_profile( 5359): PBAP_ID: key :: use_sim_support, value :: true
03-24 04:14:07.850 D/bt_device_profile( 5359): Entry is already present in the list
03-24 04:14:07.850 W/bt_device_profile( 5359): MAP_ID: key :: map_email_support, value :: true
03-24 04:14:07.850 W/bt_device_profile( 5359): MAP_ID: key :: map_0104_support, value :: true
03-24 04:14:07.850 D/bt_device_profile( 5359): Entry is already present in the list
03-24 04:14:07.850 W/bt_device_profile( 5359): MAX_POW_ID: key :: BLE_max_pow_support, value :: 0x80
03-24 04:14:07.850 W/bt_device_profile( 5359): MAX_POW_ID: BLE_pow :: 80
03-24 04:14:07.850 W/bt_device_profile( 5359): OPP_ID: key :: opp_0100_support, value :: false
03-24 04:14:07.850 W/bt_device_profile( 5359): RF_PATH_LOSS_ID: key :: RF_TX_Path_Compensation_Value, value :: 0x0000
03-24 04:14:07.850 W/bt_device_profile( 5359): RF_PATH_LOSS_ID: key :: RF_RX_Path_Compensation_Value, value :: 0x0000
03-24 04:14:07.850 D/bt_device_profile( 5359): Entry is already present in the list
03-24 04:14:07.850 I/bt_stack_config( 5359): init attempt to load stack conf from /etc/bluetooth/bt_stack.conf
03-24 04:14:07.851 I/bt_osi_thread( 5359): run_thread: thread id 5384, thread name bt_jni_workqueue started
03-24 04:14:07.856 I/bt_btif_core( 5359): btif_init_bluetooth finished
03-24 04:14:07.856 I/bt_btif_core( 5359): run_message_loop entered
03-24 04:14:07.856 W/droid.bluetoot( 5359): [0324/041407.856780:WARNING:stack_interface.cc(101)] btif_stack_state OnStackState 0x01
03-24 04:14:07.856 I/bt_stack_manager( 5359): event_init_stack finished
03-24 04:14:07.857 I/bt_btif ( 5359): get_profile_interface: id = socket
03-24 04:14:07.857 E/bt_btif_storage( 5359): btif_storage_get_adapter_property: Controller not ready! Unable to return Bluetooth Address
03-24 04:14:07.857 E/BluetoothServiceJni( 5359): adapter_properties_callback: Status 1 is incorrect
03-24 04:14:07.859 D/AdapterProperties( 5359): Name is: 楂樺悎濞变箰鍓睆
03-24 04:14:07.862 D/BluetoothKeystoreService( 5359): initJni()
03-24 04:14:07.863 I/bt_btif ( 5359): get_profile_interface: id = bluetooth_keystore
03-24 04:14:07.863 W/View ( 1990): requestLayout() improperly called by android.widget.FrameLayout{3906626 I.E...... ......ID 0,0-780,182 #2bc} during second layout pass: posting in next frame
03-24 04:14:07.863 I/bt_btif ( 5359): get_profile_interface: id = sdp
03-24 04:14:07.863 W/View ( 1990): requestLayout() improperly called by com.android.systemui.statusbar.AlphaOptimizedImageView{7aad581 VFED..C.. ......ID 0,0-140,132} during second layout pass: posting in next frame
03-24 04:14:07.864 D/BluetoothManagerService( 1526): Bluetooth Adapter name changed to 楂樺悎濞变箰鍓睆 by android
03-24 04:14:07.864 D/BluetoothManagerService( 1526): Stored Bluetooth name: 楂樺悎濞变箰鍓睆
03-24 04:14:07.867 D/BluetoothDatabase( 5359): start()
03-24 04:14:07.868 D/BluetoothDatabase( 5359): Load Database
03-24 04:14:07.868 D/BluetoothAdapterService( 5359): Phone policy enabled
03-24 04:14:07.869 D/BluetoothBondStateMachine( 5359): make
03-24 04:14:07.869 I/BluetoothBondStateMachine( 5359): StableState(): Entering Off State
03-24 04:14:07.869 D/BluetoothActiveDeviceManager( 5359): start()
03-24 04:14:07.873 D/BluetoothActiveDeviceManager( 5359): onAudioDevicesAdded
03-24 04:14:07.873 D/BluetoothActiveDeviceManager( 5359): Audio device added: figure type: 1
03-24 04:14:07.873 D/BluetoothActiveDeviceManager( 5359): Audio device added: figure type: 2
03-24 04:14:07.873 D/BluetoothActiveDeviceManager( 5359): Audio device added: figure type: 18
03-24 04:14:07.873 D/BluetoothActiveDeviceManager( 5359): Audio device added: figure type: 15
03-24 04:14:07.873 D/BluetoothActiveDeviceManager( 5359): Audio device added: figure type: 18
03-24 04:14:07.873 D/BluetoothActiveDeviceManager( 5359): Audio device added: figure type: 15
03-24 04:14:07.873 D/BluetoothActiveDeviceManager( 5359): Audio device added: figure type: 25
03-24 04:14:07.873 D/BluetoothActiveDeviceManager( 5359): Audio device added: figure type: 16
03-24 04:14:07.873 D/BluetoothAdapterService( 5359): setAdapterService com.android.bluetooth.btservice.AdapterService@830130b
03-24 04:14:07.875 I/droid.bluetoot( 5359): [0324/041407.875384:INFO:com_android_bluetooth_btservice_vendor.cpp(869)] load_bt_configstore_lib loaded HAL: bt_configstore_interface_t=0x7244895970, bt_configstore_lib_handle=0x3122cbb62c1db66f
03-24 04:14:07.875 I/bt_config_store( 5359): getVendorProperties
01-01 08:29:42.050 I/binder ( 0): 5359:5359 ioctl 40046210 7fe4c06624 returned -22
03-24 04:14:07.875 D/hw-ProcessState( 5359): Binder ioctl to enable oneway spam detection failed: Invalid argument
03-24 04:14:07.876 I/vendor.qti.hardware.btconfigstore@2.0-BTConfigStore( 801): getVendorProperties:: Bluetooth soc type set to: hastings, ret: 8
03-24 04:14:07.876 I/vendor.qti.hardware.btconfigstore@2.0-BTConfigStore( 801): getVendorProperties:: persist.vendor.qcom.bluetooth.enable.splita2dp: true, ret: 4
03-24 04:14:07.876 I/vendor.qti.hardware.btconfigstore@2.0-BTConfigStore( 801): getVendorProperties:: persist.vendor.qcom.bluetooth.a2dp_offload_cap: sbc-aac, ret: 7
03-24 04:14:07.876 I/vendor.qti.hardware.btconfigstore@2.0-BTConfigStore( 801): getVendorProperties:: ro.vendor.bluetooth.wipower: false, ret: 5
03-24 04:14:07.876 I/vendor.qti.hardware.btconfigstore@2.0-BTConfigStore( 801): getVendorProperties:: persist.vendor.qcom.bluetooth.aac_frm_ctl.enabled: true, ret: 4
03-24 04:14:07.876 I/vendor.qti.hardware.btconfigstore@2.0-BTConfigStore( 801): getVendorProperties:: persist.vendor.qcom.bluetooth.enable.swb: true, ret: 4
03-24 04:14:07.876 I/vendor.qti.hardware.btconfigstore@2.0-BTConfigStore( 801): getVendorProperties:: persist.vendor.qcom.bluetooth.enable.swbpm: true, ret: 4
03-24 04:14:07.876 I/vendor.qti.hardware.btconfigstore@2.0-BTConfigStore( 801): getVendorProperties:: persist.vendor.qcom.bluetooth.a2dp_mcast_test.enabled: false, ret: 5
03-24 04:14:07.876 I/vendor.qti.hardware.btconfigstore@2.0-BTConfigStore( 801): getVendorProperties:: persist.vendor.qcom.bluetooth.twsp_state.enabled: false, ret: 5
03-24 04:14:07.876 I/vendor.qti.hardware.btconfigstore@2.0-BTConfigStore( 801): getVendorProperties:: persist.vendor.qcom.bluetooth.max_power_support: false, ret: 5
03-24 04:14:07.876 I/bt_config_store( 5359): prop type: BT_PROP_SOC_TYPE, prop_value: hastings
03-24 04:14:07.876 I/bt_config_store( 5359): prop type: BT_PROP_SPILT_A2DP, prop_value: true
03-24 04:14:07.876 I/bt_config_store( 5359): prop type: BT_PROP_A2DP_OFFLOAD_CAP, prop_value: sbc-aac
03-24 04:14:07.876 I/bt_config_store( 5359): prop type: BT_PROP_WIPOWER, prop_value: false
03-24 04:14:07.876 I/bt_config_store( 5359): prop type: BT_PROP_AAC_FRAME_CTL, prop_value: true
03-24 04:14:07.876 I/bt_config_store( 5359): not handled propType = 6
03-24 04:14:07.876 I/bt_config_store( 5359): prop type: not handled, prop_value: true
03-24 04:14:07.876 I/bt_config_store( 5359): not handled propType = 7
03-24 04:14:07.876 I/bt_config_store( 5359): prop type: not handled, prop_value: true
03-24 04:14:07.876 I/bt_config_store( 5359): not handled propType = 8
03-24 04:14:07.876 I/bt_config_store( 5359): prop type: not handled, prop_value: false
03-24 04:14:07.876 I/bt_config_store( 5359): not handled propType = 9
03-24 04:14:07.876 I/bt_config_store( 5359): prop type: not handled, prop_value: false
03-24 04:14:07.876 I/bt_config_store( 5359): not handled propType = 11
03-24 04:14:07.876 I/bt_config_store( 5359): prop type: not handled, prop_value: false
03-24 04:14:07.876 I/BluetoothVendorJni( 5359): initNative:: soc_name = hastings
03-24 04:14:07.876 I/BluetoothVendorJni( 5359): initNative:: a2dp_offload_Cap = sbc-aac
03-24 04:14:07.876 I/bt_btif ( 5359): get_profile_interface: id = vendor
03-24 04:14:07.877 I/bt_btif_vendor( 5359): init
03-24 04:14:07.877 I/bt_btif_vendor( 5359): init done
03-24 04:14:07.877 D/BluetoothDatabase( 5359): compactLastConnectionTime: Compacting metadata after load
03-24 04:14:07.877 D/BluetoothDatabase( 5359): compactLastConnectionTime: Setting last_active_item for device: 14:3F:A6:D2:4D:63 from 4 to 0
03-24 04:14:07.877 D/BluetoothDatabase( 5359): updateDatabase 14:3F:A6:D2:4D:63
03-24 04:14:07.877 I/BluetoothDatabase( 5359): cacheMetadata
03-24 04:14:07.877 V/BluetoothDatabase( 5359): cacheMetadata: found device 14:3F:A6:D2:4D:63
03-24 04:14:07.877 V/BluetoothDatabase( 5359): cacheMetadata: found device LocalStorage
03-24 04:14:07.877 V/BluetoothDatabase( 5359): cacheMetadata: Database is ready
03-24 04:14:07.878 D/BluetoothVendorService( 5359): Qti Stack enabled status: true
03-24 04:14:07.878 I/BluetoothVendorJni( 5359): getSocNameNative
03-24 04:14:07.878 D/BluetoothVendorService( 5359): socName: hastings
03-24 04:14:07.878 I/BluetoothVendorJni( 5359): getA2apOffloadCapabilityNative
03-24 04:14:07.878 D/BluetoothVendorService( 5359): a2dpOffloadCap: sbc-aac
03-24 04:14:07.878 I/BluetoothVendorJni( 5359): isSplitA2dpEnabledNative
03-24 04:14:07.878 D/BluetoothVendorService( 5359): splitA2dpEnabled: true
03-24 04:14:07.878 I/BluetoothVendorJni( 5359): isSwbEnabledNative
03-24 04:14:07.878 D/BluetoothVendorService( 5359): isSwbEnabled: true
03-24 04:14:07.878 I/BluetoothVendorJni( 5359): isSwbPmEnabledNative
03-24 04:14:07.878 D/BluetoothVendorService( 5359): isSwbPmEnabled: true
03-24 04:14:07.879 I/bt_btif ( 5359): get_profile_interface: id = vendorSocket
03-24 04:14:07.880 I/AdapterProperties( 5359): init(), maxConnectedAudioDevices, default=5, propertyOverlayed=5, finalValue=5
03-24 04:14:07.881 W/View ( 1990): requestLayout() improperly called by android.widget.FrameLayout{3906626 I.E...... ......ID 0,0-780,182 #2bc} during layout: running second layout pass
03-24 04:14:07.881 W/View ( 1990): requestLayout() improperly called by com.android.systemui.statusbar.AlphaOptimizedImageView{7aad581 VFED..C.. ......ID 0,0-140,132} during layout: running second layout pass
03-24 04:14:07.881 D/BluetoothAdapterService( 5359): onBind()
03-24 04:14:07.882 D/BluetoothManagerService( 1526): BluetoothServiceConnection: com.android.bluetooth.btservice.AdapterService
03-24 04:14:07.882 D/BluetoothManagerService( 1526): MESSAGE_BLUETOOTH_SERVICE_CONNECTED: 1
03-24 04:14:07.882 D/BluetoothAdapterService( 5359): android.net.wifi.WIFI_STATE_CHANGED
03-24 04:14:07.891 D/BluetoothAdapterService( 5359): enable() - Enable called with quiet mode status = false
03-24 04:14:07.891 D/BluetoothManagerService( 1526): MESSAGE_INFORM_ADAPTER_SERVICE_UP
03-24 04:14:07.891 D/BluetoothManagerService( 1526): Broadcasting onBluetoothServiceUp() to 5 receivers.
03-24 04:14:07.891 I/AdapterState( 5359): BLE_TURNING_ON : entered
03-24 04:14:07.891 D/AdapterProperties( 5359): Setting state to BLE_TURNING_ON
03-24 04:14:07.891 D/BluetoothAdapter( 1526): onBluetoothServiceUp: android.bluetooth.IBluetooth$Stub$Proxy@64607c1
03-24 04:14:07.892 D/BluetoothAdapter( 2725): onBluetoothServiceUp: android.bluetooth.IBluetooth$Stub$Proxy@f7e2758
03-24 04:14:07.892 D/BluetoothAdapterService( 5359): updateAdapterState() - Broadcasting state BLE_TURNING_ON to 1 receivers.
03-24 04:14:07.893 D/BluetoothManagerService( 1526): MESSAGE_BLUETOOTH_STATE_CHANGE: OFF > BLE_TURNING_ON
03-24 04:14:07.893 D/BluetoothAdapter( 5359): onBluetoothServiceUp: com.android.bluetooth.btservice.AdapterService$AdapterServiceBinder@a75c119
03-24 04:14:07.893 D/BluetoothManagerService( 1526): Sending BLE State Change: OFF > BLE_TURNING_ON
03-24 04:14:07.893 D/BluetoothAdapter( 2390): onBluetoothServiceUp: android.bluetooth.IBluetooth$Stub$Proxy@3f44419
03-24 04:14:07.893 D/BluetoothAdapter( 1990): onBluetoothServiceUp: android.bluetooth.IBluetooth$Stub$Proxy@f949380
03-24 04:14:07.894 D/CompanionDeviceManagerService( 1526): Received BT state transition broadcast: OFF -> BLE_TURNING_ON
03-24 04:14:07.896 W/View ( 1990): requestLayout() improperly called by android.widget.FrameLayout{3906626 I.E...... ......ID 0,0-780,182 #2bc} during second layout pass: posting in next frame
03-24 04:14:07.896 W/View ( 1990): requestLayout() improperly called by com.android.systemui.statusbar.AlphaOptimizedImageView{7aad581 VFED..C.. ......ID 0,0-140,132} during second layout pass: posting in next frame
03-24 04:14:07.899 D/BluetoothAdapterService( 5359): bleOnProcessStart()
03-24 04:14:07.899 D/BluetoothAdapterService( 5359): setAdvanceAudioSupport
03-24 04:14:07.899 D/BluetoothGroupService( 5359): setAdvanceAudioSupport: Setting support from LEA Module
03-24 04:14:07.899 D/AdapterServiceConfig( 5359): initAdvAudioConfig: adv_audio_feature_mask = 0
03-24 04:14:07.915 W/View ( 1990): requestLayout() improperly called by android.widget.FrameLayout{3906626 I.E...... ......ID 0,0-780,182 #2bc} during layout: running second layout pass
03-24 04:14:07.915 W/View ( 1990): requestLayout() improperly called by com.android.systemui.statusbar.AlphaOptimizedImageView{7aad581 VFED..C.. ......ID 0,0-140,132} during layout: running second layout pass
03-24 04:14:07.923 W/AdapterServiceConfig( 5359): LC3 Codec is not supported. adv_audio_feature_mask = 0
03-24 04:14:07.923 D/AdapterServiceConfig( 5359): getAudioProperties mIsA2dpSink false mIsBAEnabled false mIsSplitA2dpEnabled true
03-24 04:14:07.923 V/AdapterServiceConfig( 5359): Adding HeadsetService
03-24 04:14:07.923 V/AdapterServiceConfig( 5359): Adding A2dpService
03-24 04:14:07.923 I/AdapterServiceConfig( 5359): Profile A2dpSinkService Not added
03-24 04:14:07.923 V/AdapterServiceConfig( 5359): Adding HidHostService
03-24 04:14:07.923 V/AdapterServiceConfig( 5359): Adding PanService
03-24 04:14:07.923 V/AdapterServiceConfig( 5359): Adding GattService
03-24 04:14:07.923 V/AdapterServiceConfig( 5359): Adding BluetoothMapService
03-24 04:14:07.923 V/AdapterServiceConfig( 5359): Adding AvrcpControllerService
03-24 04:14:07.924 V/AdapterServiceConfig( 5359): Adding SapService
03-24 04:14:07.924 V/AdapterServiceConfig( 5359): Adding BluetoothOppService
03-24 04:14:07.924 V/AdapterServiceConfig( 5359): Adding BluetoothPbapService
03-24 04:14:07.924 V/AdapterServiceConfig( 5359): Feature Flag enables support for HearingAidService
03-24 04:14:07.924 V/AdapterServiceConfig( 5359): Adding HearingAidService
03-24 04:14:07.924 I/AdapterServiceConfig( 5359): Profile BATService Not added
03-24 04:14:07.924 D/BluetoothAdapterService( 5359): BleOnProcessStart() - Make Bond State Machine
03-24 04:14:07.930 W/View ( 1990): requestLayout() improperly called by android.widget.FrameLayout{3906626 I.E...... ......ID 0,0-780,182 #2bc} during second layout pass: posting in next frame
03-24 04:14:07.930 W/View ( 1990): requestLayout() improperly called by com.android.systemui.statusbar.AlphaOptimizedImageView{7aad581 VFED..C.. ......ID 0,0-140,132} during second layout pass: posting in next frame
03-24 04:14:07.932 D/CompatibilityInfo( 1526): mCompatibilityFlags - 4
03-24 04:14:07.932 D/CompatibilityInfo( 1526): applicationDensity - 240
03-24 04:14:07.932 D/CompatibilityInfo( 1526): applicationScale - 1.0
03-24 04:14:07.934 D/BtGatt.GattService( 5359): classInitNative called
03-24 04:14:07.935 I/BtGatt.JNI( 5359): classInitNative(L1125): classInitNative: Success!
03-24 04:14:07.937 D/BtGatt.DebugUtils( 5359): handleDebugAction() action=null
03-24 04:14:07.938 D/GattService( 5359): Received start request. Starting profile...
03-24 04:14:07.939 D/BtGatt.GattService( 5359): start()
03-24 04:14:07.939 I/bt_btif ( 5359): get_profile_interface: id = gatt
03-24 04:14:07.942 D/BtGatt.AdvertiseManager( 5359): advertise manager created
03-24 04:14:07.943 D/CompatibilityChangeReporter( 5359): Compat change id reported: 160794467; UID 1002; state: ENABLED
03-24 04:14:07.946 D/BtGatt.SyncManager( 5359): advertise manager created
03-24 04:14:07.947 I/ScanResultHandler( 5359): ScanResultHandler
03-24 04:14:07.947 D/BtGatt.GattService( 5359): setGattService(): set to: com.android.bluetooth.gatt.GattService@f490a8c
03-24 04:14:07.947 D/GattService( 5359): profile started successfully
03-24 04:14:07.948 W/BluetoothAdapterService( 5359): onProfileServiceStateChange() - Gatt profile service started..
03-24 04:14:07.948 I/bt_btif ( 5359): QTI OMR1 stack: enable
03-24 04:14:07.948 E/bt_vnd_log( 5359): init_vnd_Logger, Logger Not enabled from config file
03-24 04:14:07.948 I/bt_stack_manager( 5359): event_start_up_stack is bringing up the stack
03-24 04:14:07.948 I/bt_core_module( 5359): module_start_up Starting module "btif_config_module"
03-24 04:14:07.948 I/bt_core_module( 5359): module_start_up Started module "btif_config_module"
03-24 04:14:07.948 W/droid.bluetoot( 5359): [0324/041407.948639:WARNING:stack_interface.cc(101)] btif_stack_state OnStackState 0x02
03-24 04:14:07.948 I/bt_core_module( 5359): module_start_up Starting module "btif_bap_config_module"
03-24 04:14:07.948 I/bt_core_module( 5359): module_start_up Started module "btif_bap_config_module"
03-24 04:14:07.948 I/bt_core_module( 5359): module_start_up Starting module "device_iot_config_module"
03-24 04:14:07.948 I/bt_core_module( 5359): module_start_up Started module "device_iot_config_module"
03-24 04:14:07.948 I/bt_core_module( 5359): module_start_up Starting module "btsnoop_module"
03-24 04:14:07.949 I/droid.bluetoot( 5359): [0324/041407.948981:INFO:btsnoop.cc(444)] start_up: Snoop Logs disabled
03-24 04:14:07.949 I/droid.bluetoot( 5359): [0324/041407.949020:INFO:btsnoop.cc(895)] delete_btsnoop_files: Deleting snoop logs if they exist. filtered = 1
03-24 04:14:07.949 I/droid.bluetoot( 5359): [0324/041407.949101:INFO:btsnoop.cc(895)] delete_btsnoop_files: Deleting snoop logs if they exist. filtered = 0
03-24 04:14:07.949 W/View ( 1990): requestLayout() improperly called by android.widget.FrameLayout{3906626 I.E...... ......ID 0,0-780,182 #2bc} during layout: running second layout pass
03-24 04:14:07.949 W/View ( 1990): requestLayout() improperly called by com.android.systemui.statusbar.AlphaOptimizedImageView{7aad581 VFED..C.. ......ID 0,0-140,132} during layout: running second layout pass
03-24 04:14:07.956 D/bt_snoop( 5359): start_up: vendor_logging_level values is 65535
03-24 04:14:07.956 I/bt_core_module( 5359): module_start_up Started module "btsnoop_module"
03-24 04:14:07.956 I/bt_core_module( 5359): module_start_up Starting module "hci_module"
03-24 04:14:07.956 I/bt_hci ( 5359): hci_module_start_up
03-24 04:14:07.957 I/bt_osi_thread( 5359): run_thread: thread id 5400, thread name hci_thread started
03-24 04:14:07.957 D/bt_osi_wakelock( 5359): wakelock_initialize_native opening wake locks
03-24 04:14:07.958 D/bt_hci ( 5359): hci_module_start_up starting async portion
03-24 04:14:07.958 I/bt_hci ( 5359): hci_initialize
03-24 04:14:07.959 I/bt_hci ( 5359): hci_initialize: IBluetoothHci::getService() returned 0xb40000736d5ef350 (remote)
03-24 04:14:07.959 W/vendor.qti.bluetooth@1.0-bluetooth_hci( 801): BluetoothHci::initialize()
03-24 04:14:07.959 W/vendor.qti.bluetooth@1.0-data_handler( 801): DataHandler:: Init()
03-24 04:14:07.959 W/vendor.qti.bluetooth@1.0-data_handler( 801): SOC property set to hastings
03-24 04:14:07.959 I/vendor.qti.bluetooth@1.0-data_handler( 801): data_service_setup_sighandler: Entry
03-24 04:14:07.959 D/vendor.qti.bluetooth@1.0-data_handler( 801): isProtocolAdded:
03-24 04:14:07.959 I/vendor.qti.bluetooth@1.0-data_handler( 801): isProtocolAdded: status:0
03-24 04:14:07.959 I/vendor.qti.bluetooth@1.0-data_handler( 801): Open init_status 0
03-24 04:14:07.959 I/vendor.qti.bluetooth@1.0-data_handler( 801): Open: soc_need_reload_patch = 1
03-24 04:14:07.960 D/vendor.qti.bluetooth@1.0-wake_lock( 801): Init wakelock is initiated
03-24 04:14:07.960 I/vendor.qti.bluetooth@1.0-bluetooth_hci( 801): initialize: linking to deathRecipient
03-24 04:14:07.960 D/vendor.qti.bluetooth@1.0-data_handler( 801): IsXMEMEnabled : XMEM property value = 0
03-24 04:14:07.960 D/vendor.qti.bluetooth@1.0-data_handler( 801): StartInitTimer: Init timer started
03-24 04:14:07.960 D/vendor.qti.bluetooth@1.0-uart_controller( 801): StartRecoveryStuckTimer
03-24 04:14:07.960 D/vendor.qti.bluetooth@1.0-uart_controller( 801): StartRecoveryStuckTimer:Stuck recovery timer started
03-24 04:14:07.961 D/vendor.qti.bluetooth@1.0-uart_controller( 801): StartRecoveryStuckTimer: Stuck recovery timer started
03-24 04:14:07.961 I/vendor.qti.bluetooth@1.0-uart_controller( 801): soc need reload patch = 1
03-24 04:14:07.961 D/vendor.qti.bluetooth@1.0-power_manager( 801): SetPower: enable: 0
03-24 04:14:07.961 E/vendor.qti.bluetooth@1.0-power_manager( 801):
03-24 04:14:07.961 E/vendor.qti.bluetooth@1.0-power_manager( 801): PowerUpChip enable(0) retentionMode(0)
03-24 04:14:07.961 D/vendor.qti.bluetooth@1.0-power_manager( 801): SetPower: enable: 1
03-24 04:14:07.961 E/vendor.qti.bluetooth@1.0-power_manager( 801):
03-24 04:14:07.961 E/vendor.qti.bluetooth@1.0-power_manager( 801): PowerUpChip enable(1) retentionMode(0)
01-01 08:29:42.135 E/bt_ioctl( 0): BT_CMD_PWR_CTRL pwr_cntrl:0
01-01 08:29:42.135 E/bt_ioctl( 0): BT state already:0 no change done
01-01 08:29:42.135 E/bt_ioctl( 0): BT_CMD_PWR_CTRL pwr_cntrl:1
01-01 08:29:42.135 E/bt_vreg_enable( 0): vreg_en successful for : qca,bt-vdd-aon
01-01 08:29:42.136 E/bt_vreg_enable( 0): vreg_en successful for : qca,bt-vdd-dig
01-01 08:29:42.136 E/bt_vreg_enable( 0): vreg_en successful for : qca,bt-vdd-rfa1
01-01 08:29:42.136 E/bt_vreg_enable( 0): vreg_en successful for : qca,bt-vdd-rfa2
01-01 08:29:42.136 E/bt_vreg_enable( 0): vreg_en successful for : qca,bt-vdd-asd
03-24 04:14:07.964 W/View ( 1990): requestLayout() improperly called by android.widget.FrameLayout{3906626 I.E...... ......ID 0,0-780,182 #2bc} during second layout pass: posting in next frame
03-24 04:14:07.964 W/View ( 1990): requestLayout() improperly called by com.android.systemui.statusbar.AlphaOptimizedImageView{7aad581 VFED..C.. ......ID 0,0-140,132} during second layout pass: posting in next frame
03-24 04:14:07.982 W/View ( 1990): requestLayout() improperly called by android.widget.FrameLayout{3906626 I.E...... ......ID 0,0-780,182 #2bc} during layout: running second layout pass
03-24 04:14:07.982 W/View ( 1990): requestLayout() improperly called by com.android.systemui.statusbar.AlphaOptimizedImageView{7aad581 VFED..C.. ......ID 0,0-140,132} during layout: running second layout pass
03-24 04:14:07.997 W/View ( 1990): requestLayout() improperly called by android.widget.FrameLayout{3906626 I.E...... ......ID 0,0-780,182 #2bc} during second layout pass: posting in next frame
03-24 04:14:07.997 W/View ( 1990): requestLayout() improperly called by com.android.systemui.statusbar.AlphaOptimizedImageView{7aad581 VFED..C.. ......ID 0,0-140,132} during second layout pass: posting in next frame
03-24 04:14:08.016 W/View ( 1990): requestLayout() improperly called by android.widget.FrameLayout{3906626 I.E...... ......ID 0,0-780,182 #2bc} during layout: running second layout pass
03-24 04:14:08.016 W/View ( 1990): requestLayout() improperly called by com.android.systemui.statusbar.AlphaOptimizedImageView{7aad581 VFED..C.. ......ID 0,0-140,132} during layout: running second layout pass
01-01 08:29:42.189 I/bt_configure_gpios( 0): BTON:Turn Bt Off bt-reset-gpio(1121) value(0)
01-01 08:29:42.189 I/bt_configure_gpios( 0): BTON:Turn Bt Off
01-01 08:29:42.189 I/bt_configure_gpios( 0): bt-sw-ctrl-gpio(1224) value(0)
01-01 08:29:42.189 I/bt_enable_bt_reset_gpios_safely( 0): bt_enable_bt_reset_gpios_safely: BTON:Turn Bt On
01-01 08:29:42.189 I/bt_enable_bt_reset_gpios_safely( 0): bt_enable_bt_reset_gpios_safely: wl-reset-gpio(1120) value(1)
01-01 08:29:42.189 I/bt_enable_bt_reset_gpios_safely( 0): bt_enable_bt_reset_gpios_safely: BTON: Asserting BT_EN
03-24 04:14:08.031 W/View ( 1990): requestLayout() improperly called by android.widget.FrameLayout{3906626 I.E...... ......ID 0,0-780,182 #2bc} during second layout pass: posting in next frame
03-24 04:14:08.032 W/View ( 1990): requestLayout() improperly called by com.android.systemui.statusbar.AlphaOptimizedImageView{7aad581 VFED..C.. ......ID 0,0-140,132} during second layout pass: posting in next frame
03-24 04:14:08.050 W/View ( 1990): requestLayout() improperly called by android.widget.FrameLayout{3906626 I.E...... ......ID 0,0-780,182 #2bc} during layout: running second layout pass
03-24 04:14:08.050 W/View ( 1990): requestLayout() improperly called by com.android.systemui.statusbar.AlphaOptimizedImageView{7aad581 VFED..C.. ......ID 0,0-140,132} during layout: running second layout pass
03-24 04:14:08.071 D/vendor.qti.bluetooth@1.0-wake_lock( 801): Acquire wakelock is acquired
01-01 08:29:42.245 I/bt_configure_gpios( 0): BTON:Turn Bt On bt-reset-gpio(1121) value(1)
03-24 04:14:08.072 D/vendor.qti.bluetooth@1.0-uart_transport( 801): Init:> soc_type: 4, need_reload: 1
03-24 04:14:08.073 D/vendor.qti.bluetooth@1.0-uart_transport( 801): ConfigUart: fd: 8, p_cfg: 0x78229db7e4
03-24 04:14:08.073 D/vendor.qti.bluetooth@1.0-uart_transport( 801): ConfigUart: baud {0x0, 0x1002}, fmt: 0x8209
03-24 04:14:08.073 D/vendor.qti.bluetooth@1.0-uart_transport( 801): ConfigUart: data_bits: 0x30, parity: 0x0, stop_bits: 0x0
03-24 04:14:08.073 I/vendor.qti.bluetooth@1.0-uart_transport( 801): ConfigUart: HW flow control enabled
01-01 08:29:42.245 I/bt_configure_gpios( 0): BTON:Turn Bt On
01-01 08:29:42.245 I/bt_configure_gpios( 0): bt-sw-ctrl-gpio(1224) value(1)
01-01 08:29:42.245 I/bt_configure_gpios( 0): bt_gpio= 1121 on: 1 is successful
03-24 04:14:08.076 I/OMX-VENC: venc_dev( 1210): stats: avg. fps 31.86, bitrate 1376532
03-24 04:14:08.083 D/vendor.qti.bluetooth@1.0-uart_transport( 801): OpenUart: succeed to open /dev/ttyHS0, fd: 8
03-24 04:14:08.083 D/vendor.qti.bluetooth@1.0-uart_transport( 801): InitTransport: soc_type(4), opening '/dev/ttyHS0' return fd=8
03-24 04:14:08.083 D/vendor.qti.bluetooth@1.0-patch_dl_manager( 801): PatchDLManager
03-24 04:14:08.083 D/vendor.qti.bluetooth@1.0-ibs_handler( 801): IsEnabled: SIBS enabled: true
03-24 04:14:08.083 D/vendor.qti.bluetooth@1.0-ibs_handler( 801): IbsHandler
03-24 04:14:08.083 D/vendor.qti.bluetooth@1.0-ibs_handler( 801): InitInt: tty_fd = 8
03-24 04:14:08.084 D/vendor.qti.bluetooth@1.0-bluetooth_address( 801): GetLocalAddress
03-24 04:14:08.084 E/vendor.qti.bluetooth@1.0-bluetooth_address( 801): CMD result: 1
03-24 04:14:08.084 I/vendor.qti.bluetooth@1.0-uart_transport( 801): ## userial_vendor_ioctl: UART Flow On
03-24 04:14:08.084 I/vendor.qti.bluetooth@1.0-patch_dl_manager( 801): Wipower not enabled
03-24 04:14:08.084 I/vendor.qti.bluetooth@1.0-patch_dl_manager( 801): SocInit
03-24 04:14:08.084 D/vendor.qti.bluetooth@1.0-patch_dl_manager( 801): PatchVerReq: Sending Get Version CMD to SOC
03-24 04:14:08.084 D/vendor.qti.bluetooth@1.0-patch_dl_manager( 801): HciSendVsCmd: Get Version Cmd sent to SOC
03-24 04:14:08.088 I/vendor.qti.bluetooth@1.0-patch_dl_manager( 801): ReadVsHciEvent: Expected CC
03-24 04:14:08.088 I/vendor.qti.bluetooth@1.0-patch_dl_manager( 801): HCI Unified command interface supported
03-24 04:14:08.088 I/vendor.qti.bluetooth@1.0-patch_dl_manager( 801): unified Current Product ID : 0x00000010
03-24 04:14:08.088 I/vendor.qti.bluetooth@1.0-patch_dl_manager( 801): unified Current Patch Version : 0x0d2b
03-24 04:14:08.088 I/vendor.qti.bluetooth@1.0-patch_dl_manager( 801): unified Current ROM Build Version : 0x0200
03-24 04:14:08.088 I/vendor.qti.bluetooth@1.0-patch_dl_manager( 801): unified Current SOC Version : 0x400a0200
03-24 04:14:08.088 E/vendor.qti.bluetooth@1.0-power_manager( 801):
03-24 04:14:08.088 E/vendor.qti.bluetooth@1.0-power_manager( 801): bt soc version (1074397696)
03-24 04:14:08.089 E/vendor.qti.bluetooth@1.0-patch_dl_manager( 801): PatchVerReq: rsp[CMD_RSP_OFFSET] = 1 , rsp[RSP_TYPE_OFFSET] = 0
03-24 04:14:08.089 I/vendor.qti.bluetooth@1.0-patch_dl_manager( 801): SocInit: Chipset Version (0x400a020000100200)
03-24 04:14:08.089 D/vendor.qti.bluetooth@1.0-patch_dl_manager( 801): FormRegularPaths: Checking and Setting proper Rampatch and NVM path
03-24 04:14:08.089 D/vendor.qti.bluetooth@1.0-patch_dl_manager( 801): FormRegularPaths: Done checking and setting proper Rampatch and NVM path
03-24 04:14:08.089 I/vendor.qti.bluetooth@1.0-uart_transport( 801): ## userial_vendor_ioctl: UART Flow Off
01-01 08:29:42.263 E/bt_ioctl( 0): unified Current SOC Version : 400a0200
03-24 04:14:08.097 W/View ( 1990): requestLayout() improperly called by android.widget.FrameLayout{3906626 I.E...... ......ID 0,0-780,182 #2bc} during second layout pass: posting in next frame
03-24 04:14:08.097 W/View ( 1990): requestLayout() improperly called by com.android.systemui.statusbar.AlphaOptimizedImageView{7aad581 VFED..C.. ......ID 0,0-140,132} during second layout pass: posting in next frame
03-24 04:14:08.109 I/vendor.qti.bluetooth@1.0-uart_transport( 801): ## userial_vendor_set_baud: 17
03-24 04:14:08.116 W/View ( 1990): requestLayout() improperly called by android.widget.FrameLayout{3906626 I.E...... ......ID 0,0-780,182 #2bc} during layout: running second layout pass
03-24 04:14:08.116 W/View ( 1990): requestLayout() improperly called by com.android.systemui.statusbar.AlphaOptimizedImageView{7aad581 VFED..C.. ......ID 0,0-140,132} during layout: running second layout pass
03-24 04:14:08.120 I/vendor.qti.bluetooth@1.0-uart_transport( 801): SetBaudRate: in BOTHER
03-24 04:14:08.120 I/vendor.qti.bluetooth@1.0-uart_transport( 801): GetBaudRate: Current Baudrate = 3200000 bps
03-24 04:14:08.120 I/vendor.qti.bluetooth@1.0-uart_transport( 801): ## userial_vendor_ioctl: UART Flow On
03-24 04:14:08.120 D/vendor.qti.bluetooth@1.0-patch_dl_manager( 801): ReadHciEvent: Expected CC
03-24 04:14:08.120 I/vendor.qti.bluetooth@1.0-patch_dl_manager( 801): SocInit: Baud rate changed successfully
03-24 04:14:08.120 E/vendor.qti.bluetooth@1.0-patch_dl_manager( 801): /bt_firmware/image/htbtfw20.tlv File Open Fail No such file or directory (2)
03-24 04:14:08.120 I/vendor.qti.bluetooth@1.0-patch_dl_manager( 801): File open /vendor/bt_firmware/image/htbtfw20.tlv succeeded
03-24 04:14:08.120 I/vendor.qti.bluetooth@1.0-patch_dl_manager( 801): ====================================================
03-24 04:14:08.120 I/vendor.qti.bluetooth@1.0-patch_dl_manager( 801): TLV Type : 0x1
03-24 04:14:08.120 I/vendor.qti.bluetooth@1.0-patch_dl_manager( 801): Length : 205716 bytes
03-24 04:14:08.120 I/vendor.qti.bluetooth@1.0-patch_dl_manager( 801): Total Length : 205684 bytes
03-24 04:14:08.120 I/vendor.qti.bluetooth@1.0-patch_dl_manager( 801): Patch Data Length : 205648 bytes
03-24 04:14:08.120 I/vendor.qti.bluetooth@1.0-patch_dl_manager( 801): Signing Format Version : 0x1
03-24 04:14:08.120 I/vendor.qti.bluetooth@1.0-patch_dl_manager( 801): Signature Algorithm : 0x0
03-24 04:14:08.120 I/vendor.qti.bluetooth@1.0-patch_dl_manager( 801): Event Handling : 0x3
03-24 04:14:08.120 I/vendor.qti.bluetooth@1.0-patch_dl_manager( 801): Reserved : 0x0
03-24 04:14:08.120 I/vendor.qti.bluetooth@1.0-patch_dl_manager( 801): Product ID : 0x0010
03-24 04:14:08.120 I/vendor.qti.bluetooth@1.0-patch_dl_manager( 801): Rom Build Version : 0x0200
03-24 04:14:08.120 I/vendor.qti.bluetooth@1.0-patch_dl_manager( 801): Patch Version : 0x45df
03-24 04:14:08.120 I/vendor.qti.bluetooth@1.0-patch_dl_manager( 801): Reserved : 0x0
03-24 04:14:08.120 I/vendor.qti.bluetooth@1.0-patch_dl_manager( 801): Patch Entry Address : 0x0
03-24 04:14:08.120 I/vendor.qti.bluetooth@1.0-patch_dl_manager( 801): ====================================================
03-24 04:14:08.120 I/vendor.qti.bluetooth@1.0-patch_dl_manager( 801): TlvDnldReq: TLV size: 205720, Total Seg num: 846, remain size: 142
03-24 04:14:08.120 I/vendor.qti.bluetooth@1.0-patch_dl_manager( 801): Event handling type: SKIP_EVT_VSE_CC
03-24 04:14:08.172 W/View ( 1990): requestLayout() improperly called by android.widget.FrameLayout{3906626 I.E...... ......ID 0,0-780,182 #2bc} during second layout pass: posting in next frame
03-24 04:14:08.172 W/View ( 1990): requestLayout() improperly called by com.android.systemui.statusbar.AlphaOptimizedImageView{7aad581 VFED..C.. ......ID 0,0-140,132} during second layout pass: posting in next frame
03-24 04:14:08.185 W/View ( 1990): requestLayout() improperly called by android.widget.FrameLayout{3906626 I.E...... ......ID 0,0-780,182 #2bc} during layout: running second layout pass
03-24 04:14:08.185 W/View ( 1990): requestLayout() improperly called by com.android.systemui.statusbar.AlphaOptimizedImageView{7aad581 VFED..C.. ......ID 0,0-140,132} during layout: running second layout pass
03-24 04:14:08.260 W/hpplay-java( 2725): [main]:IPManager:getActiveNets invalid networkInfo:null
03-24 04:14:08.260 I/hpplay-java( 2725): [main]:IPManager:getActiveNets eth0:false wifi:false mobile:false ap:false
03-24 04:14:08.260 I/hpplay-java( 2725): [main]:ServerTaskManager:get local ip:null
03-24 04:14:08.483 W/View ( 1990): requestLayout() improperly called by android.widget.FrameLayout{3906626 I.E...... ......ID 0,0-780,182 #2bc} during second layout pass: posting in next frame
03-24 04:14:08.483 W/View ( 1990): requestLayout() improperly called by com.android.systemui.statusbar.AlphaOptimizedImageView{7aad581 VFED..C.. ......ID 0,0-140,132} during second layout pass: posting in next frame
03-24 04:14:08.504 W/View ( 1990): requestLayout() improperly called by android.widget.FrameLayout{3906626 I.E...... ......ID 0,0-780,182 #2bc} during layout: running second layout pass
03-24 04:14:08.504 W/View ( 1990): requestLayout() improperly called by com.android.systemui.statusbar.AlphaOptimizedImageView{7aad581 VFED..C.. ......ID 0,0-140,132} during layout: running second layout pass
03-24 04:14:08.507 I/mpu_uart( 646): [MSG-P:RECV]:No message received in 1000 ms
03-24 04:14:08.600 W/View ( 1990): requestLayout() improperly called by android.widget.FrameLayout{3906626 I.E...... ......ID 0,0-780,182 #2bc} during second layout pass: posting in next frame
03-24 04:14:08.600 W/View ( 1990): requestLayout() improperly called by com.android.systemui.statusbar.AlphaOptimizedImageView{7aad581 VFED..C.. ......ID 0,0-140,132} during second layout pass: posting in next frame
03-24 04:14:08.623 W/View ( 1990): requestLayout() improperly called by android.widget.FrameLayout{3906626 I.E...... ......ID 0,0-780,182 #2bc} during layout: running second layout pass
03-24 04:14:08.623 W/View ( 1990): requestLayout() improperly called by com.android.systemui.statusbar.AlphaOptimizedImageView{7aad581 VFED..C.. ......ID 0,0-140,132} during layout: running second layout pass
03-24 04:14:08.647 I/OMX-VENC: venc_dev( 1210): stats: avg. fps 55.92, bitrate 3081116
03-24 04:14:08.824 D/vendor.qti.bluetooth@1.0-patch_dl_manager( 801): TlvDnldReq: Updating seg len to 142 as last segment
03-24 04:14:08.935 D/vendor.qti.bluetooth@1.0-patch_dl_manager( 801): ReadHciEvent: Expected CC
03-24 04:14:08.935 D/vendor.qti.bluetooth@1.0-patch_dl_manager( 801): FrameHciCmdPkt: Sending EDL_GET_BOARD_ID
03-24 04:14:08.935 D/vendor.qti.bluetooth@1.0-patch_dl_manager( 801): HCI-CMD -1: 0x1 0x0 0xfc 0x1 0x23
03-24 04:14:08.935 I/vendor.qti.bluetooth@1.0-patch_dl_manager( 801): GetBoardIdReq: Sending EDL_GET_BOARD_ID
03-24 04:14:08.936 D/vendor.qti.bluetooth@1.0-patch_dl_manager( 801): ReadHciEvent: Expected CC
03-24 04:14:08.936 I/vendor.qti.bluetooth@1.0-patch_dl_manager( 801): HandleEdlCmdResEvt: Board Id 0 0!!
03-24 04:14:08.936 E/vendor.qti.bluetooth@1.0-patch_dl_manager( 801): /bt_firmware/image/htnv20.b00 File Open Fail No such file or directory (2)
03-24 04:14:08.936 E/vendor.qti.bluetooth@1.0-patch_dl_manager( 801): /vendor/bt_firmware/image/htnv20.b00 File Opening from alternate path: Fail No such file or directory (2)
03-24 04:14:08.936 I/vendor.qti.bluetooth@1.0-patch_dl_manager( 801): DownloadTlvFile: /bt_firmware/image/htnv20.b00: file doesn't exist, falling back to default file
03-24 04:14:08.936 E/vendor.qti.bluetooth@1.0-patch_dl_manager( 801): /bt_firmware/image/htnv20.bin File Open Fail No such file or directory (2)
03-24 04:14:08.936 I/vendor.qti.bluetooth@1.0-patch_dl_manager( 801): File open /vendor/bt_firmware/image/htnv20.bin succeeded
03-24 04:14:08.936 I/vendor.qti.bluetooth@1.0-patch_dl_manager( 801): ====================================================
03-24 04:14:08.936 I/vendor.qti.bluetooth@1.0-patch_dl_manager( 801): TLV Type : 0x2
03-24 04:14:08.936 I/vendor.qti.bluetooth@1.0-patch_dl_manager( 801): Length : 5821 bytes
03-24 04:14:08.936 I/vendor.qti.bluetooth@1.0-patch_dl_manager( 801): ====================================================
03-24 04:14:08.936 I/vendor.qti.bluetooth@1.0-patch_dl_manager( 801): BD Address: 4a:b1:5a:b9:22:22
03-24 04:14:08.936 I/vendor.qti.bluetooth@1.0-patch_dl_manager( 801): UpdateNewNvmFormat: baudrate 11
03-24 04:14:08.937 D/vendor.qti.bluetooth@1.0-ibs_handler( 801): IsEnabled: SIBS enabled: true
03-24 04:14:08.937 D/vendor.qti.bluetooth@1.0-patch_dl_manager( 801): CheckForWakeupMechanism: Wakeup source config : 0
03-24 04:14:08.937 I/vendor.qti.bluetooth@1.0-patch_dl_manager( 801): UpdateNewNvmFormat: SIBS Enable
03-24 04:14:08.946 I/vendor.qti.bluetooth@1.0-patch_dl_manager( 801): ====================================================
03-24 04:14:08.946 I/vendor.qti.bluetooth@1.0-patch_dl_manager( 801): TlvDnldReq: TLV size: 5825, Total Seg num: 23, remain size: 236
03-24 04:14:08.947 D/vendor.qti.bluetooth@1.0-patch_dl_manager( 801): ReadHciEvent: Expected CC
03-24 04:14:08.948 D/vendor.qti.bluetooth@1.0-patch_dl_manager( 801): ReadHciEvent: Expected CC
03-24 04:14:08.949 D/vendor.qti.bluetooth@1.0-patch_dl_manager( 801): ReadHciEvent: Expected CC
03-24 04:14:08.951 D/vendor.qti.bluetooth@1.0-patch_dl_manager( 801): ReadHciEvent: Expected CC
03-24 04:14:08.952 D/vendor.qti.bluetooth@1.0-patch_dl_manager( 801): ReadHciEvent: Expected CC
03-24 04:14:08.953 D/vendor.qti.bluetooth@1.0-patch_dl_manager( 801): ReadHciEvent: Expected CC
03-24 04:14:08.955 D/vendor.qti.bluetooth@1.0-patch_dl_manager( 801): ReadHciEvent: Expected CC
03-24 04:14:08.956 D/vendor.qti.bluetooth@1.0-patch_dl_manager( 801): ReadHciEvent: Expected CC
03-24 04:14:08.957 D/vendor.qti.bluetooth@1.0-patch_dl_manager( 801): ReadHciEvent: Expected CC
03-24 04:14:08.959 D/vendor.qti.bluetooth@1.0-patch_dl_manager( 801): ReadHciEvent: Expected CC
03-24 04:14:08.960 D/vendor.qti.bluetooth@1.0-patch_dl_manager( 801): ReadHciEvent: Expected CC
03-24 04:14:08.961 D/vendor.qti.bluetooth@1.0-patch_dl_manager( 801): ReadHciEvent: Expected CC
03-24 04:14:08.962 D/vendor.qti.bluetooth@1.0-patch_dl_manager( 801): ReadHciEvent: Expected CC
03-24 04:14:08.963 D/vendor.qti.bluetooth@1.0-patch_dl_manager( 801): ReadHciEvent: Expected CC
03-24 04:14:08.965 D/vendor.qti.bluetooth@1.0-patch_dl_manager( 801): ReadHciEvent: Expected CC
03-24 04:14:08.966 D/vendor.qti.bluetooth@1.0-patch_dl_manager( 801): ReadHciEvent: Expected CC
03-24 04:14:08.967 D/vendor.qti.bluetooth@1.0-patch_dl_manager( 801): ReadHciEvent: Expected CC
03-24 04:14:08.968 D/vendor.qti.bluetooth@1.0-patch_dl_manager( 801): ReadHciEvent: Expected CC
03-24 04:14:08.970 D/vendor.qti.bluetooth@1.0-patch_dl_manager( 801): ReadHciEvent: Expected CC
03-24 04:14:08.971 D/vendor.qti.bluetooth@1.0-patch_dl_manager( 801): ReadHciEvent: Expected CC
03-24 04:14:08.972 D/vendor.qti.bluetooth@1.0-patch_dl_manager( 801): ReadHciEvent: Expected CC
03-24 04:14:08.973 D/vendor.qti.bluetooth@1.0-patch_dl_manager( 801): ReadHciEvent: Expected CC
03-24 04:14:08.975 D/vendor.qti.bluetooth@1.0-patch_dl_manager( 801): ReadHciEvent: Expected CC
03-24 04:14:08.975 D/vendor.qti.bluetooth@1.0-patch_dl_manager( 801): TlvDnldReq: Updating seg len to 236 as last segment
03-24 04:14:09.079 I/OMX-VENC: venc_dev( 1210): stats: avg. fps 27.90, bitrate 1177590
03-24 04:14:09.082 D/vendor.qti.bluetooth@1.0-patch_dl_manager( 801): ReadHciEvent: Expected CC
03-24 04:14:09.082 I/vendor.qti.bluetooth@1.0-patch_dl_manager( 801): SocInit: Download TLV file successfully
03-24 04:14:09.082 D/vendor.qti.bluetooth@1.0-patch_dl_manager( 801): ReadHciEvent: Expected CC
03-24 04:14:09.083 I/vendor.qti.bluetooth@1.0-patch_dl_manager( 801): HandleEdlCmdResEvt: BT SoC FW SU Build info: BTFM.HST.2.0.0.c3-00477-QCACHROMZ-1, 35
03-24 04:14:09.083 D/vendor.qti.bluetooth@1.0-patch_dl_manager( 801): GetAddOnFeatureList: Sending HCI_VS_GET_ADDON_FEATURES_SUPPORT
03-24 04:14:09.083 D/vendor.qti.bluetooth@1.0-patch_dl_manager( 801): HCI-CMD: 0x1 0x1d 0xfc 0x0
03-24 04:14:09.151 D/vendor.qti.bluetooth@1.0-patch_dl_manager( 801): ReadHciEvent: Expected CC
03-24 04:14:09.151 I/vendor.qti.bluetooth@1.0-patch_dl_manager( 801): GetAddOnFeatureList: param_len 13, cmd_status = 0
03-24 04:14:09.151 I/vendor.qti.bluetooth@1.0-patch_dl_manager( 801): GetAddOnFeatureList: feat_mask_len 5 product_id = 16, rsp_version = 1
03-24 04:14:09.151 I/vendor.qti.bluetooth@1.0-patch_dl_manager( 801): GetOTPBytesInfo: Sending HCI_VS_PERSIST_ACCESS_OTP_GET cmd
03-24 04:14:09.152 D/vendor.qti.bluetooth@1.0-patch_dl_manager( 801): ReadHciEvent: Expected CC
