01-01 08:00:10.375 I/auditd ( 567): type=1400 audit(0.0:213): avc: denied { read } for comm="Binder:567_2" name="wakeup21" dev="sysfs" ino=52623 scontext=u:r:system_suspend:s0 tcontext=u:object_r:sysfs:s0 tclass=dir permissive=0
01-01 08:00:10.375 I/auditd ( 567): type=1400 audit(0.0:214): avc: denied { read } for comm="Binder:567_2" name="wakeup6" dev="sysfs" ino=51989 scontext=u:r:system_suspend:s0 tcontext=u:object_r:sysfs:s0 tclass=dir permissive=0
01-01 08:00:10.375 I/auditd ( 567): type=1400 audit(0.0:215): avc: denied { read } for comm="Binder:567_2" name="wakeup78" dev="sysfs" ino=76911 scontext=u:r:system_suspend:s0 tcontext=u:object_r:sysfs:s0 tclass=dir permissive=0
01-01 08:00:10.375 I/auditd ( 567): type=1400 audit(0.0:216): avc: denied { read } for comm="Binder:567_2" name="wakeup11" dev="sysfs" ino=52179 scontext=u:r:system_suspend:s0 tcontext=u:object_r:sysfs:s0 tclass=dir permissive=0
01-01 08:00:10.381 I/commit_sys_config_file( 1526): [batterystats,1]
01-01 08:00:10.381 I/commit_sys_config_file( 1526): [batterystats,1]
01-01 08:00:10.405 I/service_manager_stats( 1526): [100,6,8083]
01-01 08:00:10.423 I/rescue_note( 1526): [0,1,8101]
01-01 08:00:10.440 I/am_wtf ( 1526): [0,1526,system_server,-1,DisplayDeviceConfig,requesting nits when no mapping exists.]
01-01 08:00:10.440 I/am_wtf ( 1526): [0,1526,system_server,-1,DisplayDeviceConfig,requesting nits when no mapping exists.]
01-01 08:00:10.446 I/boot_progress_pms_start( 1526): 8125
01-01 08:00:10.471 I/auditd ( 962): type=1400 audit(0.0:217): avc: denied { read write } for comm="sensors.qti" name="diag" dev="tmpfs" ino=1084 scontext=u:r:vendor_sensors_qti:s0 tcontext=u:object_r:vendor_diag_device:s0 tclass=chr_file permissive=0
01-01 08:00:10.526 I/boot_progress_pms_system_scan_start( 1526): 8204
01-01 08:00:10.534 I/liblog ( 795): 21
01-01 08:00:10.671 I/auditd ( 962): type=1400 audit(0.0:218): avc: denied { read write } for comm="sensors.qti" name="diag" dev="tmpfs" ino=1084 scontext=u:r:vendor_sensors_qti:s0 tcontext=u:object_r:vendor_diag_device:s0 tclass=chr_file permissive=0
01-01 08:00:10.871 I/auditd ( 962): type=1400 audit(0.0:219): avc: denied { read write } for comm="sensors.qti" name="diag" dev="tmpfs" ino=1084 scontext=u:r:vendor_sensors_qti:s0 tcontext=u:object_r:vendor_diag_device:s0 tclass=chr_file permissive=0
01-01 08:00:10.967 I/boot_progress_pms_data_scan_start( 1526): 8646
01-01 08:00:10.969 I/boot_progress_pms_scan_end( 1526): 8648
01-01 08:00:11.030 I/commit_sys_config_file( 1526): [package-user-0,1]
01-01 08:00:11.030 I/commit_sys_config_file( 1526): [package,17]
01-01 08:00:11.030 I/boot_progress_pms_ready( 1526): 8709
01-01 08:00:11.045 I/am_uid_running( 1526): 1000
01-01 08:00:11.050 I/am_uid_active( 1526): 1000
01-01 08:00:11.070 I/commit_sys_config_file( 1526): [overlays,1]
01-01 08:00:11.071 I/auditd ( 962): type=1400 audit(0.0:220): avc: denied { read write } for comm="sensors.qti" name="diag" dev="tmpfs" ino=1084 scontext=u:r:vendor_sensors_qti:s0 tcontext=u:object_r:vendor_diag_device:s0 tclass=chr_file permissive=0
01-01 08:00:11.085 I/battery_status( 1526): [1,1,0,0,]
01-01 08:00:11.091 I/auditd ( 1188): type=1400 audit(0.0:221): avc: denied { read } for comm="Binder:1188_1" name="persist" dev="tmpfs" ino=12661 scontext=u:r:installd:s0 tcontext=u:object_r:tmpfs:s0 tclass=lnk_file permissive=0
01-01 08:00:11.091 I/auditd ( 1188): type=1400 audit(0.0:222): avc: denied { read } for comm="Binder:1188_1" name="persist" dev="tmpfs" ino=12661 scontext=u:r:installd:s0 tcontext=u:object_r:tmpfs:s0 tclass=lnk_file permissive=0
03-24 03:44:37.031 I/wm_task_created( 1526): [1,-1]
03-24 03:44:37.034 I/sysui_multi_action( 1526): [757,1594,758,4,759,0,806,NULL]
03-24 03:44:37.039 I/auditd ( 1526): type=1400 audit(0.0:223): avc: denied { read } for comm="InputReader" name="virtualkeys.cyttsp7_mt" dev="sysfs" ino=62945 scontext=u:r:system_server:s0 tcontext=u:object_r:sysfs:s0 tclass=file permissive=0
03-24 03:44:37.058 I/configuration_changed( 1526): 536894968
03-24 03:44:37.059 I/sysui_multi_action( 1526): [757,1659,758,4,759,2,1660,0]
03-24 03:44:37.061 I/configuration_changed( 1526): 8
03-24 03:44:37.063 I/auditd ( 1188): type=1400 audit(0.0:224): avc: denied { read } for comm="Binder:1188_2" name="persist" dev="tmpfs" ino=12661 scontext=u:r:installd:s0 tcontext=u:object_r:tmpfs:s0 tclass=lnk_file permissive=0
03-24 03:44:37.063 I/auditd ( 1188): type=1400 audit(0.0:225): avc: denied { read } for comm="Binder:1188_2" name="persist" dev="tmpfs" ino=12661 scontext=u:r:installd:s0 tcontext=u:object_r:tmpfs:s0 tclass=lnk_file permissive=0
03-24 03:44:37.063 I/auditd ( 1188): type=1400 audit(0.0:226): avc: denied { read } for comm="Binder:1188_2" name="persist" dev="tmpfs" ino=12661 scontext=u:r:installd:s0 tcontext=u:object_r:tmpfs:s0 tclass=lnk_file permissive=0
03-24 03:44:37.063 I/auditd ( 1188): type=1400 audit(0.0:227): avc: denied { read } for comm="Binder:1188_2" name="persist" dev="tmpfs" ino=12661 scontext=u:r:installd:s0 tcontext=u:object_r:tmpfs:s0 tclass=lnk_file permissive=0
03-24 03:44:37.067 I/auditd ( 1188): type=1400 audit(0.0:228): avc: denied { read } for comm="Binder:1188_2" name="persist" dev="tmpfs" ino=12661 scontext=u:r:installd:s0 tcontext=u:object_r:tmpfs:s0 tclass=lnk_file permissive=0
03-24 03:44:37.067 I/auditd ( 1188): type=1400 audit(0.0:229): avc: denied { read } for comm="Binder:1188_2" name="persist" dev="tmpfs" ino=12661 scontext=u:r:installd:s0 tcontext=u:object_r:tmpfs:s0 tclass=lnk_file permissive=0
03-24 03:44:37.095 I/auditd ( 962): type=1400 audit(0.0:230): avc: denied { read write } for comm="sensors.qti" name="diag" dev="tmpfs" ino=1084 scontext=u:r:vendor_sensors_qti:s0 tcontext=u:object_r:vendor_diag_device:s0 tclass=chr_file permissive=0 --------- beginning of radio
03-24 03:44:37.212 D/TelephonyRegistry( 1526): listen oscl: mHasNotifySubscriptionInfoChangedOccurred==false no callback
03-24 03:44:37.282 I/storage_state( 1526): [41217664-9172-527a-b3d5-edabb50a7d69,0,0,116248801280,118610538496]
03-24 03:44:37.295 I/auditd ( 962): type=1400 audit(0.0:231): avc: denied { read write } for comm="sensors.qti" name="diag" dev="tmpfs" ino=1084 scontext=u:r:vendor_sensors_qti:s0 tcontext=u:object_r:vendor_diag_device:s0 tclass=chr_file permissive=0
03-24 03:44:37.477 I/commit_sys_config_file( 1526): [settings-2-0,1]
03-24 03:44:37.495 I/auditd ( 962): type=1400 audit(0.0:232): avc: denied { read write } for comm="sensors.qti" name="diag" dev="tmpfs" ino=1084 scontext=u:r:vendor_sensors_qti:s0 tcontext=u:object_r:vendor_diag_device:s0 tclass=chr_file permissive=0
03-24 03:44:37.519 I/auditd ( 1526): type=1400 audit(0.0:233): avc: denied { read } for comm="system_server" name="u:object_r:vendor_default_prop:s0" dev="tmpfs" ino=12949 scontext=u:r:system_server:s0 tcontext=u:object_r:vendor_default_prop:s0 tclass=file permissive=0
03-24 03:44:37.527 I/commit_sys_config_file( 1526): [notification-policy,2]
03-24 03:44:37.562 I/stream_devices_changed( 1526): [3,0,2]
03-24 03:44:37.573 I/stream_devices_changed( 1526): [6,0,1]
03-24 03:44:37.580 I/am_wtf ( 1526): [0,1526,system_server,-1,LazyAlarmStore,Removed TIME_TICK alarm]
03-24 03:44:37.586 I/configuration_changed( 1526): 512
03-24 03:44:37.686 I/commit_sys_config_file( 1526): [package-session,1]
03-24 03:44:37.695 I/auditd ( 962): type=1400 audit(0.0:234): avc: denied { read write } for comm="sensors.qti" name="diag" dev="tmpfs" ino=1084 scontext=u:r:vendor_sensors_qti:s0 tcontext=u:object_r:vendor_diag_device:s0 tclass=chr_file permissive=0
03-24 03:44:37.703 I/auditd ( 1526): type=1400 audit(0.0:235): avc: denied { read } for comm="android.display" name="u:object_r:vendor_wfd_sys_debug_prop:s0" dev="tmpfs" ino=13016 scontext=u:r:system_server:s0 tcontext=u:object_r:vendor_wfd_sys_debug_prop:s0 tclass=file permissive=0
03-24 03:44:37.703 I/auditd ( 1526): type=1400 audit(0.0:236): avc: denied { read } for comm="android.display" name="u:object_r:vendor_wfd_sys_debug_prop:s0" dev="tmpfs" ino=13016 scontext=u:r:system_server:s0 tcontext=u:object_r:vendor_wfd_sys_debug_prop:s0 tclass=file permissive=0
03-24 03:44:37.758 I/boot_progress_ams_ready( 1526): 9611
03-24 03:44:37.761 I/configuration_changed( 1526): 268435456
03-24 03:44:37.770 I/am_uid_running( 1526): 1002
03-24 03:44:37.775 I/am_proc_start( 1526): [0,1972,1002,com.android.bluetooth,service,{com.android.bluetooth/com.android.bluetooth.btservice.AdapterService}]
03-24 03:44:37.785 I/am_proc_bound( 1526): [0,1972,com.android.bluetooth]
03-24 03:44:37.790 I/am_uid_active( 1526): 1002
03-24 03:44:37.793 I/am_uid_running( 1526): 10078
03-24 03:44:37.797 I/am_proc_start( 1526): [0,1990,10078,com.android.systemui,service,{com.android.systemui/com.android.systemui.ImageWallpaper}]
03-24 03:44:37.815 I/am_proc_bound( 1526): [0,1990,com.android.systemui]
03-24 03:44:37.822 I/am_uid_active( 1526): 10078
03-24 03:44:37.833 I/am_uid_running( 1526): 1037
03-24 03:44:37.835 I/commit_sys_config_file( 1526): [net-policy,0]
03-24 03:44:37.841 D/TelephonyRegistry( 1526): listen oscl: mHasNotifySubscriptionInfoChangedOccurred==false no callback
03-24 03:44:37.854 D/TelephonyRegistry( 1526): listen oscl: mHasNotifySubscriptionInfoChangedOccurred==false no callback
03-24 03:44:37.858 D/TelephonyRegistry( 1526): listen oscl: mHasNotifySubscriptionInfoChangedOccurred==false no callback
03-24 03:44:37.890 D/TelephonyRegistry( 1526): listen oscl: mHasNotifySubscriptionInfoChangedOccurred==false no callback
03-24 03:44:37.895 I/auditd ( 962): type=1400 audit(0.0:237): avc: denied { read write } for comm="sensors.qti" name="diag" dev="tmpfs" ino=1084 scontext=u:r:vendor_sensors_qti:s0 tcontext=u:object_r:vendor_diag_device:s0 tclass=chr_file permissive=0
03-24 03:44:37.903 W/CarrierConfigManager( 1526): Error getting config for subId -1 ICarrierConfigLoader is null
03-24 03:44:37.914 I/am_uid_running( 1526): 1073
03-24 03:44:37.915 I/am_proc_start( 1526): [0,2042,1037,WebViewLoader-armeabi-v7a,NULL,]
03-24 03:44:37.919 I/am_proc_start( 1526): [0,2043,1037,WebViewLoader-arm64-v8a,NULL,]
03-24 03:44:37.927 I/am_proc_start( 1526): [0,2049,1073,com.android.networkstack.process,service,{com.android.networkstack/com.android.server.NetworkStackService}]
03-24 03:44:37.929 I/netstats_mobile_sample( 1526): [0,0,0,0,0,0,0,0,0,0,0,0,1679600677924]
03-24 03:44:37.929 I/netstats_wifi_sample( 1526): [0,0,0,0,0,0,0,0,0,0,0,0,1679600677924]
03-24 03:44:37.929 I/configuration_changed( 1526): 16384
03-24 03:44:37.935 D/TelephonyRegistry( 1526): systemRunning register for intents
03-24 03:44:37.941 I/ssm_user_starting( 1526): 0
03-24 03:44:37.947 I/netstats_mobile_sample( 1526): [0,0,0,0,0,0,0,0,0,0,0,0,1679600677946]
03-24 03:44:37.947 I/netstats_wifi_sample( 1526): [0,0,0,0,0,0,0,0,0,0,0,0,1679600677946]
03-24 03:44:37.950 I/am_proc_bound( 1526): [0,2042,WebViewLoader-armeabi-v7a]
03-24 03:44:37.951 I/am_uid_active( 1526): 1037
03-24 03:44:37.951 I/netstats_mobile_sample( 1526): [0,0,0,0,0,0,0,0,0,0,0,0,1679600677951]
03-24 03:44:37.951 I/netstats_wifi_sample( 1526): [0,0,0,0,0,0,0,0,0,0,0,0,1679600677951]
03-24 03:44:37.958 I/am_proc_bound( 1526): [0,2049,com.android.networkstack.process]
03-24 03:44:37.960 I/bt_config_source( 1972): 1
03-24 03:44:37.961 I/netstats_mobile_sample( 1526): [0,0,0,0,0,0,0,0,0,0,0,0,1679600677960]
03-24 03:44:37.961 I/bt_config_source( 1972): 3
03-24 03:44:37.961 I/netstats_wifi_sample( 1526): [0,0,0,0,0,0,0,0,0,0,0,0,1679600677960]
03-24 03:44:37.961 I/am_uid_active( 1526): 1073
03-24 03:44:37.967 I/wm_task_created( 1526): [2,-1]
03-24 03:44:37.968 I/netstats_mobile_sample( 1526): [0,0,0,0,0,0,0,0,0,0,0,0,1679600677968]
03-24 03:44:37.968 I/netstats_wifi_sample( 1526): [0,0,0,0,0,0,0,0,0,0,0,0,1679600677968]
03-24 03:44:37.969 I/am_proc_bound( 1526): [0,2043,WebViewLoader-arm64-v8a]
03-24 03:44:37.972 I/wm_task_created( 1526): [3,-1]
03-24 03:44:37.979 I/am_uid_running( 1526): 1001
03-24 03:44:37.980 I/am_uid_running( 1526): 10052
03-24 03:44:37.984 I/am_uid_running( 1526): 10086
03-24 03:44:37.985 I/netstats_mobile_sample( 1526): [0,0,0,0,0,0,0,0,0,0,0,0,1679600677985]
03-24 03:44:37.985 I/netstats_wifi_sample( 1526): [0,0,0,0,0,0,0,0,0,0,0,0,1679600677985]
03-24 03:44:37.986 I/am_uid_running( 1526): 1068
03-24 03:44:37.995 I/am_uid_running( 1526): 10063
03-24 03:44:37.996 I/netstats_mobile_sample( 1526): [0,0,0,0,0,0,0,0,0,0,0,0,1679600677995]
03-24 03:44:37.996 I/netstats_wifi_sample( 1526): [0,0,0,0,0,0,0,0,0,0,0,0,1679600677995]
03-24 03:44:38.004 I/netstats_mobile_sample( 1526): [0,0,0,0,0,0,0,0,0,0,0,0,1679600678004]
03-24 03:44:38.004 I/netstats_wifi_sample( 1526): [0,0,0,0,0,0,0,0,0,0,0,0,1679600678004]
03-24 03:44:38.011 I/netstats_mobile_sample( 1526): [0,0,0,0,0,0,0,0,0,0,0,0,1679600678010]
03-24 03:44:38.011 I/netstats_wifi_sample( 1526): [0,0,0,0,0,0,0,0,0,0,0,0,1679600678010]
03-24 03:44:38.019 I/netstats_mobile_sample( 1526): [0,0,0,0,0,0,0,0,0,0,0,0,1679600678019]
03-24 03:44:38.019 I/netstats_wifi_sample( 1526): [0,0,0,0,0,0,0,0,0,0,0,0,1679600678019]
03-24 03:44:38.020 I/wm_task_created( 1526): [4,-1]
03-24 03:44:38.021 I/wm_task_moved( 1526): [4,1,2147483647]
03-24 03:44:38.022 I/wm_task_moved( 1526): [1,1,2]
03-24 03:44:38.022 I/wm_create_task( 1526): [0,4]
03-24 03:44:38.022 I/wm_create_activity( 1526): [0,37042857,4,com.android.settings/.FallbackHome,android.intent.action.MAIN,NULL,NULL,276824320]
03-24 03:44:38.022 I/wm_task_moved( 1526): [1,1,2]
03-24 03:44:38.022 I/wm_task_moved( 1526): [4,1,2147483647]
03-24 03:44:38.022 I/wm_task_to_front( 1526): [0,4]
03-24 03:44:38.024 I/netstats_mobile_sample( 1526): [0,0,0,0,0,0,0,0,0,0,0,0,1679600678024]
03-24 03:44:38.024 I/netstats_wifi_sample( 1526): [0,0,0,0,0,0,0,0,0,0,0,0,1679600678024]
03-24 03:44:38.030 I/netstats_mobile_sample( 1526): [0,0,0,0,0,0,0,0,0,0,0,0,1679600678030]
03-24 03:44:38.030 I/netstats_wifi_sample( 1526): [0,0,0,0,0,0,0,0,0,0,0,0,1679600678030]
03-24 03:44:38.036 I/netstats_mobile_sample( 1526): [0,0,0,0,0,0,0,0,0,0,0,0,1679600678036]
03-24 03:44:38.036 I/netstats_wifi_sample( 1526): [0,0,0,0,0,0,0,0,0,0,0,0,1679600678036]
03-24 03:44:38.038 I/netstats_mobile_sample( 1526): [0,0,0,0,0,0,0,0,0,0,0,0,1679600678038]
03-24 03:44:38.038 I/netstats_wifi_sample( 1526): [0,0,0,0,0,0,0,0,0,0,0,0,1679600678038]
03-24 03:44:38.040 I/netstats_mobile_sample( 1526): [0,0,0,0,0,0,0,0,0,0,0,0,1679600678040]
03-24 03:44:38.040 I/netstats_wifi_sample( 1526): [0,0,0,0,0,0,0,0,0,0,0,0,1679600678040]
03-24 03:44:38.040 D/TelephonyRegistry( 1526): listen oscl: mHasNotifySubscriptionInfoChangedOccurred==false no callback
03-24 03:44:38.064 I/commit_sys_config_file( 1526): [settings-0-0,1]
03-24 03:44:38.067 I/uc_send_user_broadcast( 1526): [0,android.intent.action.USER_FOREGROUND]
03-24 03:44:38.067 I/uc_send_user_broadcast( 1526): [0,android.intent.action.USER_SWITCHED]
03-24 03:44:38.068 I/am_proc_start( 1526): [0,2108,1000,com.thundercomm.gamemode,added application,com.thundercomm.gamemode]
03-24 03:44:38.069 I/am_proc_bound( 1526): [0,2108,com.thundercomm.gamemode]
03-24 03:44:38.072 I/am_proc_died( 1526): [0,2042,WebViewLoader-armeabi-v7a,-700,0]
03-24 03:44:38.073 I/am_low_memory( 1526): 6
03-24 03:44:38.075 I/am_proc_died( 1526): [0,2043,WebViewLoader-arm64-v8a,-700,0]
03-24 03:44:38.075 I/am_uid_stopped( 1526): 1037
03-24 03:44:38.076 I/am_low_memory( 1526): 5
03-24 03:44:38.084 I/am_proc_start( 1526): [0,2177,1000,com.thundercomm.microservice,added application,com.thundercomm.microservice]
03-24 03:44:38.090 I/am_proc_start( 1526): [0,2178,1000,com.thundercomm.microsettings,added application,com.thundercomm.microsettings]
03-24 03:44:38.091 I/notification_cancel_all( 1526): [1000,1526,android,0,0,0,20,NULL]
03-24 03:44:38.092 I/am_uid_running( 1526): 10092
03-24 03:44:38.095 I/auditd ( 962): type=1400 audit(0.0:238): avc: denied { read write } for comm="sensors.qti" name="diag" dev="tmpfs" ino=1084 scontext=u:r:vendor_sensors_qti:s0 tcontext=u:object_r:vendor_diag_device:s0 tclass=chr_file permissive=0
03-24 03:44:38.099 I/am_proc_start( 1526): [0,2185,1001,.dataservices,added application,.dataservices]
03-24 03:44:38.099 I/wm_task_created( 1526): [5,-1]
03-24 03:44:38.101 I/wm_task_created( 1526): [6,-1]
03-24 03:44:38.102 I/wm_task_created( 1526): [7,-1]
03-24 03:44:38.112 I/am_proc_start( 1526): [0,2198,10052,.qtidataservices,added application,.qtidataservices]
03-24 03:44:38.118 I/am_proc_bound( 1526): [0,2178,com.thundercomm.microsettings]
03-24 03:44:38.122 I/am_proc_start( 1526): [0,2220,1000,com.thundercomm.tchttpserver,added application,com.thundercomm.tchttpserver]
03-24 03:44:38.127 I/am_proc_bound( 1526): [0,2185,.dataservices]
03-24 03:44:38.128 I/service_manager_slow( 2177): [10,activity]
03-24 03:44:38.129 I/am_uid_active( 1526): 1001
03-24 03:44:38.132 I/am_proc_bound( 1526): [0,2177,com.thundercomm.microservice]
03-24 03:44:38.135 I/am_proc_start( 1526): [0,2243,1000,com.tc.logclient,added application,com.tc.logclient]
03-24 03:44:38.143 I/am_proc_start( 1526): [0,2252,1000,com.thundercomm.tcsetupwizard,added application,com.thundercomm.tcsetupwizard]
03-24 03:44:38.147 I/am_proc_bound( 1526): [0,2198,.qtidataservices]
03-24 03:44:38.155 I/am_uid_active( 1526): 10052
03-24 03:44:38.157 I/am_proc_start( 1526): [0,2271,1000,vendor.qti.qesdk.sysservice,added application,vendor.qti.qesdk.sysservice]
03-24 03:44:38.164 I/am_proc_start( 1526): [0,2282,10086,com.qti.qualcomm.mstatssystemservice,added application,com.qti.qualcomm.mstatssystemservice]
03-24 03:44:38.166 I/am_uid_running( 1526): 10064
03-24 03:44:38.173 I/am_proc_bound( 1526): [0,2252,com.thundercomm.tcsetupwizard]
03-24 03:44:38.178 I/am_proc_bound( 1526): [0,2243,com.tc.logclient]
03-24 03:44:38.180 I/am_proc_bound( 1526): [0,2220,com.thundercomm.tchttpserver]
03-24 03:44:38.184 I/am_proc_start( 1526): [0,2301,1068,com.android.se,added application,com.android.se]
03-24 03:44:38.192 I/am_proc_start( 1526): [0,2327,1000,com.thundercomm.remotecontrolservice,added application,com.thundercomm.remotecontrolservice]
03-24 03:44:38.199 I/am_proc_start( 1526): [0,2333,1000,com.thundercomm.tcservice,added application,com.thundercomm.tcservice]
03-24 03:44:38.206 I/am_proc_bound( 1526): [0,2282,com.qti.qualcomm.mstatssystemservice]
03-24 03:44:38.210 I/am_uid_active( 1526): 10086
03-24 03:44:38.216 I/am_proc_bound( 1526): [0,2271,vendor.qti.qesdk.sysservice]
03-24 03:44:38.220 I/am_proc_start( 1526): [0,2369,10063,com.qualcomm.qti.devicestatisticsservice,added application,com.qualcomm.qti.devicestatisticsservice]
03-24 03:44:38.222 I/am_proc_bound( 1526): [0,2301,com.android.se]
03-24 03:44:38.227 I/am_uid_active( 1526): 1068
03-24 03:44:38.228 I/am_proc_start( 1526): [0,2383,1000,com.qualcomm.qti.qdma,added application,com.qualcomm.qti.qdma]
03-24 03:44:38.234 I/am_proc_start( 1526): [0,2390,1000,com.android.settings,top-activity,{com.android.settings/com.android.settings.FallbackHome}]
03-24 03:44:38.238 I/am_proc_bound( 1526): [0,2333,com.thundercomm.tcservice]
03-24 03:44:38.240 I/am_proc_start( 1526): [0,2400,10092,android.ext.services,service,{android.ext.services/android.ext.services.autofill.InlineSuggestionRenderServiceImpl}]
03-24 03:44:38.252 I/service_manager_slow( 2327): [21,activity]
03-24 03:44:38.252 I/am_proc_bound( 1526): [0,2327,com.thundercomm.remotecontrolservice]
03-24 03:44:38.252 I/service_manager_slow( 2271): [15,vendor.perfservice]
03-24 03:44:38.254 D/TelephonyRegistry( 1526): listen oscl: mHasNotifySubscriptionInfoChangedOccurred==false no callback
03-24 03:44:38.258 I/am_proc_start( 1526): [0,2444,10064,com.thundercomm.gamemode.provider,content provider,{com.thundercomm.gamemode.provider/com.thundercomm.gamemode.provider.SettingsProvider}]
03-24 03:44:38.259 I/am_proc_bound( 1526): [0,2390,com.android.settings]
03-24 03:44:38.261 I/wm_restart_activity( 1526): [0,37042857,4,com.android.settings/.FallbackHome]
03-24 03:44:38.262 I/wm_set_resumed_activity( 1526): [0,com.android.settings/.FallbackHome,minimalResumeActivityLocked]
03-24 03:44:38.268 I/am_proc_bound( 1526): [0,2369,com.qualcomm.qti.devicestatisticsservice]
03-24 03:44:38.270 I/am_uid_active( 1526): 10063
03-24 03:44:38.276 I/service_manager_slow( 2383): [12,activity]
03-24 03:44:38.276 I/am_proc_bound( 1526): [0,2400,android.ext.services]
03-24 03:44:38.279 I/am_uid_active( 1526): 10092
03-24 03:44:38.282 I/am_proc_bound( 1526): [0,2383,com.qualcomm.qti.qdma]
03-24 03:44:38.295 I/auditd ( 962): type=1400 audit(0.0:239): avc: denied { read write } for comm="sensors.qti" name="diag" dev="tmpfs" ino=1084 scontext=u:r:vendor_sensors_qti:s0 tcontext=u:object_r:vendor_diag_device:s0 tclass=chr_file permissive=0
03-24 03:44:38.301 I/am_proc_bound( 1526): [0,2444,com.thundercomm.gamemode.provider]
03-24 03:44:38.303 I/am_uid_active( 1526): 10064
03-24 03:44:38.356 D/TelephonyRegistry( 1526): listen oscl: mHasNotifySubscriptionInfoChangedOccurred==false no callback
03-24 03:44:38.361 D/TelephonyRegistry( 1526): notifyCellLocationForSubscriber: subId=2147483647 cellIdentity=null
03-24 03:44:38.362 I/notification_enqueue( 1526): [10078,1990,com.android.systemui,1,empty_media,0,Notification(channel=empty_media_style_id shortcut=null contentView=null vibrate=null sound=null defaults=0x0 flags=0x20 color=0x00000000 category=transport groupKey=empty_media actions=5 vis=PRIVATE),0]
03-24 03:44:38.362 I/notification_enqueue( 1526): [1000,1526,android,32,NULL,-1,Notification(channel=USB shortcut=null contentView=null vibrate=null sound=null tick defaults=0x0 flags=0x2 color=0x00000000 vis=PUBLIC),0]
03-24 03:44:38.367 I/notification_cancel_all( 1526): [1000,1526,com.android.systemui,0,0,0,20,NULL]
03-24 03:44:38.374 I/wm_on_create_called( 2390): [37042857,com.android.settings.FallbackHome,performCreate]
03-24 03:44:38.375 I/wm_on_start_called( 2390): [37042857,com.android.settings.FallbackHome,handleStartActivity]
03-24 03:44:38.375 I/wm_on_resume_called( 2390): [37042857,com.android.settings.FallbackHome,RESUME_ACTIVITY]
03-24 03:44:38.381 I/wm_on_top_resumed_gained_called( 2390): [37042857,com.android.settings.FallbackHome,topStateChangedWhenResumed]
03-24 03:44:38.385 I/am_uid_running( 1526): 10073
03-24 03:44:38.392 I/am_proc_start( 1526): [0,2550,10073,com.android.launcher3,service,{com.android.launcher3/com.android.quickstep.TouchInteractionService}]
03-24 03:44:38.398 I/input_focus( 1526): [Focus request 987a966 com.android.settings/com.android.settings.FallbackHome,reason=UpdateInputWindows]
03-24 03:44:38.414 I/am_uid_running( 1526): 10083
03-24 03:44:38.422 I/am_proc_start( 1526): [0,2574,10083,com.qualcomm.qti.qccauthmgr,content provider,{com.qualcomm.qti.qccauthmgr/com.qualcomm.qti.qccauthmgr.providers.SMQContentProvider}]
03-24 03:44:38.434 I/boot_progress_enable_screen( 1526): 10287
03-24 03:44:38.435 I/am_proc_bound( 1526): [0,2550,com.android.launcher3]
03-24 03:44:38.441 I/screen_toggled( 1526): 1
03-24 03:44:38.444 I/am_uid_active( 1526): 10073
03-24 03:44:38.454 I/sysui_multi_action( 1990): [757,213,758,4,759,-1]
03-24 03:44:38.462 I/am_proc_bound( 1526): [0,2574,com.qualcomm.qti.qccauthmgr]
03-24 03:44:38.464 I/am_uid_active( 1526): 10083
03-24 03:44:38.483 W/CarrierConfigManager( 1990): Error getting config for subId -1 ICarrierConfigLoader is null
03-24 03:44:38.488 D/TelephonyRegistry( 1526): listen oscl: mHasNotifySubscriptionInfoChangedOccurred==false no callback
03-24 03:44:38.495 I/auditd ( 962): type=1400 audit(0.0:240): avc: denied { read write } for comm="sensors.qti" name="diag" dev="tmpfs" ino=1084 scontext=u:r:vendor_sensors_qti:s0 tcontext=u:object_r:vendor_diag_device:s0 tclass=chr_file permissive=0
03-24 03:44:38.562 I/sysui_multi_action( 1526): [757,1501,758,1,793,237,794,0,795,237,796,1,797,empty_media,806,com.android.systemui,857,empty_media_style_id,858,4,946,empty_media,947,0,1500,0,1641,transport,1688,1,1745,1043716538]
03-24 03:44:38.562 I/sysui_multi_action( 1526): [757,804,799,note_interruptive,801,0,802,1]
03-24 03:44:38.565 I/sysui_multi_action( 1526): [757,1501,758,1,793,240,794,0,795,240,796,32,806,android,857,USB,858,1,947,0,1500,0]
03-24 03:44:38.565 I/sysui_multi_action( 1526): [757,804,799,note_interruptive,801,0,802,1]
03-24 03:44:38.695 I/auditd ( 962): type=1400 audit(0.0:241): avc: denied { read write } for comm="sensors.qti" name="diag" dev="tmpfs" ino=1084 scontext=u:r:vendor_sensors_qti:s0 tcontext=u:object_r:vendor_diag_device:s0 tclass=chr_file permissive=0
03-24 03:44:38.895 I/auditd ( 962): type=1400 audit(0.0:242): avc: denied { read write } for comm="sensors.qti" name="diag" dev="tmpfs" ino=1084 scontext=u:r:vendor_sensors_qti:s0 tcontext=u:object_r:vendor_diag_device:s0 tclass=chr_file permissive=0
03-24 03:44:39.044 I/wm_boot_animation_done( 1526): 10897
03-24 03:44:39.075 I/notification_enqueue( 1526): [1000,1526,android,26,NULL,-1,Notification(channel=DEVELOPER_IMPORTANT shortcut=null contentView=null vibrate=null sound=null tick defaults=0x0 flags=0x2 color=0x00000000 vis=PUBLIC),0]
03-24 03:44:39.083 I/uc_finish_user_boot( 1526): 0
03-24 03:44:39.083 I/am_user_state_changed( 1526): [0,1]
03-24 03:44:39.084 I/uc_send_user_broadcast( 1526): [0,android.intent.action.LOCKED_BOOT_COMPLETED]
03-24 03:44:39.095 I/auditd ( 2659): type=1400 audit(0.0:243): avc: denied { ptrace } for comm="crash_dump64" scontext=u:r:crash_dump:s0 tcontext=u:r:init:s0 tclass=process permissive=0
03-24 03:44:39.095 I/auditd ( 962): type=1400 audit(0.0:244): avc: denied { read write } for comm="sensors.qti" name="diag" dev="tmpfs" ino=1084 scontext=u:r:vendor_sensors_qti:s0 tcontext=u:object_r:vendor_diag_device:s0 tclass=chr_file permissive=0
03-24 03:44:39.102 I/uc_finish_user_unlocking( 1526): 0
03-24 03:44:39.108 I/am_uid_running( 1526): 10068
03-24 03:44:39.117 I/am_proc_start( 1526): [0,2663,10068,com.qualcomm.location,broadcast,{com.qualcomm.location/com.qualcomm.location.LocationServiceReceiver}]
03-24 03:44:39.152 I/am_proc_bound( 1526): [0,2663,com.qualcomm.location]
03-24 03:44:39.154 I/am_uid_active( 1526): 10068
03-24 03:44:39.232 I/am_user_state_changed( 1526): [0,2]
03-24 03:44:39.233 I/ssm_user_unlocking( 1526): 0
03-24 03:44:39.253 I/uc_finish_user_unlocked( 1526): 0
03-24 03:44:39.253 I/am_user_state_changed( 1526): [0,3]
03-24 03:44:39.266 I/wm_task_created( 1526): [14,-1]
03-24 03:44:39.269 I/am_uid_running( 1526): 10082
03-24 03:44:39.270 I/am_uid_running( 1526): 10056
03-24 03:44:39.271 I/am_uid_running( 1526): 10054
03-24 03:44:39.272 I/am_uid_running( 1526): 10070
03-24 03:44:39.273 I/am_uid_running( 1526): 10079
03-24 03:44:39.276 I/am_uid_running( 1526): 10084
03-24 03:44:39.282 I/uc_send_user_broadcast( 1526): [0,android.intent.action.USER_UNLOCKED]
03-24 03:44:39.283 I/am_proc_start( 1526): [0,2725,10082,com.hht.lebocast,added application,com.hht.lebocast]
03-24 03:44:39.287 I/uc_finish_user_unlocked_completed( 1526): 0
03-24 03:44:39.289 I/ssm_user_unlocked( 1526): 0
03-24 03:44:39.289 I/uc_send_user_broadcast( 1526): [0,android.intent.action.BOOT_COMPLETED]
03-24 03:44:39.294 I/wm_finish_activity( 1526): [0,37042857,4,com.android.settings/.FallbackHome,app-request]
03-24 03:44:39.295 I/wm_pause_activity( 1526): [0,37042857,com.android.settings/.FallbackHome,userLeaving=false,finish]
03-24 03:44:39.297 I/wm_on_top_resumed_lost_called( 2390): [37042857,com.android.settings.FallbackHome,topStateChangedWhenResumed]
03-24 03:44:39.295 I/auditd ( 962): type=1400 audit(0.0:245): avc: denied { read write } for comm="sensors.qti" name="diag" dev="tmpfs" ino=1084 scontext=u:r:vendor_sensors_qti:s0 tcontext=u:object_r:vendor_diag_device:s0 tclass=chr_file permissive=0
03-24 03:44:39.305 I/sysui_multi_action( 1526): [757,1144,758,7,806,com.android.settings,871,com.android.settings.FallbackHome]
03-24 03:44:39.306 I/wm_on_paused_called( 2390): [37042857,com.android.settings.FallbackHome,performPause]
03-24 03:44:39.339 I/wm_task_created( 1526): [15,-1]
03-24 03:44:39.340 I/wm_task_moved( 1526): [15,1,2147483647]
03-24 03:44:39.341 I/wm_task_moved( 1526): [1,1,5]
03-24 03:44:39.341 I/wm_create_task( 1526): [0,15]
03-24 03:44:39.341 I/wm_create_activity( 1526): [0,116754269,15,com.android.launcher3/.uioverrides.QuickstepLauncher,android.intent.action.MAIN,NULL,NULL,268435712]
03-24 03:44:39.341 I/wm_task_moved( 1526): [1,1,5]
03-24 03:44:39.341 I/wm_task_moved( 1526): [15,1,2147483647]
03-24 03:44:39.341 I/wm_task_to_front( 1526): [0,15]
03-24 03:44:39.355 I/wm_restart_activity( 1526): [0,116754269,15,com.android.launcher3/.uioverrides.QuickstepLauncher]
03-24 03:44:39.355 I/wm_set_resumed_activity( 1526): [0,com.android.launcher3/.uioverrides.QuickstepLauncher,minimalResumeActivityLocked]
03-24 03:44:39.360 I/am_proc_start( 1526): [0,2748,10056,ts.car.uart,added application,ts.car.uart]
03-24 03:44:39.361 I/am_proc_bound( 1526): [0,2725,com.hht.lebocast]
03-24 03:44:39.363 I/am_uid_active( 1526): 10082
03-24 03:44:39.365 I/am_proc_bound( 1526): [0,2748,ts.car.uart]
03-24 03:44:39.369 I/am_uid_active( 1526): 10056
03-24 03:44:39.386 I/am_uid_running( 1526): 10091
03-24 03:44:39.390 I/sysui_multi_action( 1526): [757,803,799,window_time_0,802,3]
03-24 03:44:39.390 I/am_proc_start( 1526): [0,2789,1000,com.hryt.hiphishowfsecontrol,added application,com.hryt.hiphishowfsecontrol]
03-24 03:44:39.406 I/am_proc_bound( 1526): [0,2789,com.hryt.hiphishowfsecontrol]
03-24 03:44:39.411 I/am_proc_start( 1526): [0,2807,10054,.pasr,added application,.pasr]
03-24 03:44:39.414 I/am_uid_running( 1526): 10080
03-24 03:44:39.423 I/am_proc_start( 1526): [0,2828,10070,com.qualcomm.qti.services.systemhelper:systemhelper_service,added application,com.qualcomm.qti.services.systemhelper:systemhelper_service]
03-24 03:44:39.427 I/am_uid_running( 1526): 10071
03-24 03:44:39.430 I/am_proc_bound( 1526): [0,2807,.pasr]
03-24 03:44:39.432 I/am_uid_active( 1526): 10054
03-24 03:44:39.436 I/sysui_multi_action( 1526): [757,1501,758,1,793,361,794,0,795,361,796,26,806,android,857,DEVELOPER_IMPORTANT,858,4,947,0,1500,0]
03-24 03:44:39.437 I/sysui_multi_action( 1526): [757,804,799,note_interruptive,801,0,802,1]
03-24 03:44:39.444 I/am_proc_start( 1526): [0,2867,10079,com.qualcomm.qti.qccnetstat,added application,com.qualcomm.qti.qccnetstat]
03-24 03:44:39.445 I/am_proc_bound( 1526): [0,2828,com.qualcomm.qti.services.systemhelper:systemhelper_service]
03-24 03:44:39.449 I/am_uid_active( 1526): 10070
03-24 03:44:39.462 I/am_proc_start( 1526): [0,2883,10084,com.qualcomm.qti.workloadclassifier,added application,com.qualcomm.qti.workloadclassifier]
03-24 03:44:39.473 I/am_proc_start( 1526): [0,2889,10091,com.android.providers.media.module,service,{com.android.providers.media.module/com.android.providers.media.fuse.ExternalStorageServiceImpl}]
03-24 03:44:39.481 I/am_proc_bound( 1526): [0,2867,com.qualcomm.qti.qccnetstat]
03-24 03:44:39.484 I/am_uid_active( 1526): 10079
03-24 03:44:39.492 I/am_proc_start( 1526): [0,2917,10080,com.qualcomm.qtil.aptxui,broadcast,{com.qualcomm.qtil.aptxui/com.qualcomm.qtil.aptxui.aptxuiBootReceiver}]
03-24 03:44:39.493 I/am_proc_bound( 1526): [0,2883,com.qualcomm.qti.workloadclassifier]
03-24 03:44:39.496 I/am_uid_active( 1526): 10084
03-24 03:44:39.501 I/am_proc_start( 1526): [0,2929,10071,com.qualcomm.location.XT,service,{com.qualcomm.location.XT/com.qualcomm.location.XT.XTSrv}]
03-24 03:44:39.504 I/am_proc_bound( 1526): [0,2889,com.android.providers.media.module]
03-24 03:44:39.506 I/am_uid_active( 1526): 10091
03-24 03:44:39.515 I/am_proc_start( 1526): [0,2933,1000,com.android.keychain,service,{com.android.keychain/com.android.keychain.KeyChainService}]
03-24 03:44:39.529 I/am_proc_bound( 1526): [0,2917,com.qualcomm.qtil.aptxui]
03-24 03:44:39.531 I/auditd ( 2958): type=1400 audit(0.0:246): avc: denied { read } for comm="ip" name="rt_tables" dev="dm-10" ino=332 scontext=u:r:ethernet:s0 tcontext=u:object_r:net_data_file:s0 tclass=file permissive=0
03-24 03:44:39.547 I/auditd ( 2973): type=1400 audit(0.0:247): avc: denied { read } for comm="ip" name="rt_tables" dev="dm-10" ino=332 scontext=u:r:ethernet:s0 tcontext=u:object_r:net_data_file:s0 tclass=file permissive=0
03-24 03:44:39.532 I/am_uid_active( 1526): 10080
03-24 03:44:39.536 I/am_proc_bound( 1526): [0,2929,com.qualcomm.location.XT]
03-24 03:44:39.538 I/am_uid_active( 1526): 10071
03-24 03:44:39.543 I/am_proc_bound( 1526): [0,2933,com.android.keychain]
03-24 03:44:39.555 I/auditd ( 809): type=1400 audit(0.0:248): avc: denied { read } for comm="Loc_hal_worker" name="u:object_r:vendor_pd_locater_dbg_prop:s0" dev="tmpfs" ino=12980 scontext=u:r:vendor_hal_gnss_qti:s0 tcontext=u:object_r:vendor_pd_locater_dbg_prop:s0 tclass=file permissive=0
03-24 03:44:39.563 I/auditd ( 801): type=1400 audit(0.0:249): avc: denied { read write } for comm="bluetooth@1.0-s" name="diag" dev="tmpfs" ino=1084 scontext=u:r:hal_bluetooth_default:s0 tcontext=u:object_r:vendor_diag_device:s0 tclass=chr_file permissive=0
03-24 03:44:39.596 D/TelephonyRegistry( 1526): listen oscl: mHasNotifySubscriptionInfoChangedOccurred==false no callback
03-24 03:44:39.652 I/am_uid_running( 1526): 10031
03-24 03:44:39.660 I/am_proc_start( 1526): [0,3041,10031,com.android.traceur,broadcast,{com.android.traceur/com.android.traceur.Receiver}]
03-24 03:44:39.679 I/am_uid_running( 1526): 10023
03-24 03:44:39.680 I/am_proc_bound( 1526): [0,3041,com.android.traceur]
03-24 03:44:39.683 I/am_uid_active( 1526): 10031
03-24 03:44:39.688 I/am_proc_start( 1526): [0,3073,10023,android.process.media,broadcast,{com.android.mtp/com.android.mtp.MtpReceiver}]
03-24 03:44:39.713 I/am_proc_bound( 1526): [0,3073,android.process.media]
03-24 03:44:39.737 I/wm_on_create_called( 2550): [116754269,com.android.launcher3.uioverrides.QuickstepLauncher,performCreate]
03-24 03:44:39.739 I/wm_on_start_called( 2550): [116754269,com.android.launcher3.uioverrides.QuickstepLauncher,handleStartActivity]
03-24 03:44:39.739 I/wm_on_resume_called( 2550): [116754269,com.android.launcher3.uioverrides.QuickstepLauncher,RESUME_ACTIVITY]
03-24 03:44:39.746 I/wm_on_top_resumed_gained_called( 2550): [116754269,com.android.launcher3.uioverrides.QuickstepLauncher,topStateChangedWhenResumed]
03-24 03:44:39.762 I/input_focus( 1526): [Focus request d2645fe com.android.launcher3/com.android.launcher3.uioverrides.QuickstepLauncher,reason=UpdateInputWindows]
03-24 03:44:39.783 I/am_crash( 1526): [2369,0,com.qualcomm.qti.devicestatisticsservice,814235213,java.lang.ClassNotFoundException,android.hidl.manager.V1_0.IServiceNotification$Stub,DeviceStatisticsService.java,83]
03-24 03:44:39.788 I/sysui_multi_action( 1526): [757,316,758,4,759,-1]
03-24 03:44:39.797 I/sf_stop_bootanim( 954): 11650
03-24 03:44:39.798 I/am_proc_died( 1526): [0,2369,com.qualcomm.qti.devicestatisticsservice,-800,0]
03-24 03:44:39.803 I/am_schedule_service_restart( 1526): [0,com.qualcomm.qti.devicestatisticsservice/.DeviceStatisticsService,0]
03-24 03:44:39.804 I/am_uid_stopped( 1526): 10063
03-24 03:44:39.804 I/am_uid_running( 1526): 10063
03-24 03:44:39.806 I/am_uid_active( 1526): 10063
03-24 03:44:39.812 I/am_proc_start( 1526): [0,3114,10063,com.qualcomm.qti.devicestatisticsservice,restart,com.qualcomm.qti.devicestatisticsservice]
03-24 03:44:39.818 I/sysui_multi_action( 1526): [319,475,322,468,325,11,757,761,758,8,759,2,806,com.android.launcher3,871,com.android.launcher3.uioverrides.QuickstepLauncher,905,0,1320,4,1321,1]
03-24 03:44:39.820 I/wm_activity_launch_time( 1526): [0,116754269,com.android.launcher3/.uioverrides.QuickstepLauncher,468]
03-24 03:44:39.821 I/input_focus( 1526): [Focus entering d2645fe com.android.launcher3/com.android.launcher3.uioverrides.QuickstepLauncher (server),reason=Window became focusable. Previous reason: NOT_VISIBLE]
03-24 03:44:39.832 I/am_proc_bound( 1526): [0,3114,com.qualcomm.qti.devicestatisticsservice]
03-24 03:44:39.843 I/am_wtf ( 1526): [0,1526,system_server,-1,BootReceiver,open failed: ENOENT (No such file or directory)]
03-24 03:44:39.848 I/am_uid_running( 1526): 10029
03-24 03:44:39.859 I/am_proc_start( 1526): [0,3147,10029,com.baidu.input,service,{com.baidu.input/com.baidu.input.ImeService}]
03-24 03:44:39.860 I/wm_destroy_activity( 1526): [0,37042857,4,com.android.settings/.FallbackHome,finish-idle]
03-24 03:44:39.851 I/auditd ( 3145): type=1400 audit(0.0:251): avc: denied { read } for comm="ip" name="rt_tables" dev="dm-10" ino=332 scontext=u:r:ethernet:s0 tcontext=u:object_r:net_data_file:s0 tclass=file permissive=0
03-24 03:44:39.864 I/wm_on_stop_called( 2390): [37042857,com.android.settings.FallbackHome,LIFECYCLER_STOP_ACTIVITY]
03-24 03:44:39.874 D/TelephonyRegistry( 1526): listen oscl: mHasNotifySubscriptionInfoChangedOccurred==false no callback
03-24 03:44:39.878 I/commit_sys_config_file( 1526): [log-files,2]
03-24 03:44:39.887 I/am_uid_active( 1526): 10023
03-24 03:44:39.895 I/am_proc_bound( 1526): [0,3147,com.baidu.input]
03-24 03:44:39.896 I/wm_on_destroy_called( 2390): [37042857,com.android.settings.FallbackHome,performDestroy]
03-24 03:44:39.901 I/am_uid_active( 1526): 10029
03-24 03:44:39.908 D/TelephonyRegistry( 1526): listen oscl: mHasNotifySubscriptionInfoChangedOccurred==false no callback
03-24 03:44:39.925 I/am_proc_start( 1526): [0,3182,1000,com.qti.diagservices,broadcast,{com.qti.diagservices/com.qti.diagservices.Diag_OnBoot}]
03-24 03:44:39.950 I/liblog ( 1972): 152
03-24 03:44:39.950 I/liblog ( 1972): 3
03-24 03:44:39.950 I/liblog ( 1972): 1
03-24 03:44:39.950 I/liblog ( 1972): 1
03-24 03:44:39.950 I/liblog ( 1972): 1
03-24 03:44:39.950 I/liblog ( 1972): 1
03-24 03:44:39.950 I/liblog ( 1972): 1
03-24 03:44:39.950 I/liblog ( 1972): 1
03-24 03:44:39.950 I/liblog ( 1972): 1
03-24 03:44:39.954 I/am_proc_bound( 1526): [0,3182,com.qti.diagservices]
03-24 03:44:39.985 I/am_uid_running( 1526): 10020
03-24 03:44:39.991 I/notification_cancel_all( 1526): [1002,1972,com.android.bluetooth,0,0,64,9,NULL]
03-24 03:44:39.995 I/am_proc_start( 1526): [0,3217,10020,android.process.acore,content provider,{com.android.providers.contacts/com.android.providers.contacts.ContactsProvider2}]
03-24 03:44:40.013 I/am_proc_bound( 1526): [0,3217,android.process.acore]
03-24 03:44:40.016 I/am_uid_active( 1526): 10020
03-24 03:44:40.019 I/auditd ( 3182): type=1400 audit(0.0:252): avc: denied { read write } for comm="ti.diagservices" name="diag" dev="tmpfs" ino=1084 scontext=u:r:system_app:s0 tcontext=u:object_r:vendor_diag_device:s0 tclass=chr_file permissive=0
03-24 03:44:40.099 I/wm_task_removed( 1526): [4,cleanUpResourcesForDestroy]
03-24 03:44:40.099 I/wm_task_removed( 1526): [4,removeChild:removeChild last r=ActivityRecord{2353aa9 u0 com.android.settings/.FallbackHome t-1 f}} in t=Task{1ca8d79 #4 type=home A=1000:com.android.settings.FallbackHome U=0 visible=false mode=fullscreen translucent=true sz=0}]
03-24 03:44:40.099 I/wm_task_removed( 1526): [4,removeChild]
03-24 03:44:40.107 I/auditd ( 3253): type=1400 audit(0.0:253): avc: denied { read } for comm="ip" name="rt_tables" dev="dm-10" ino=332 scontext=u:r:ethernet:s0 tcontext=u:object_r:net_data_file:s0 tclass=file permissive=0
03-24 03:44:40.116 I/am_meminfo( 1526): [964550656,4854505472,12288,314093568,606340096]
03-24 03:44:40.121 I/am_pss ( 1526): [2444,10064,com.thundercomm.gamemode.provider,8042496,5685248,0,95690752,2,5,5]
03-24 03:44:40.126 I/am_pss ( 1526): [2400,10092,android.ext.services,9988096,4947968,0,103055360,2,5,4]
03-24 03:44:40.131 I/am_pss ( 1526): [2574,10083,com.qualcomm.qti.qccauthmgr,6572032,4165632,0,95051776,2,5,4]
03-24 03:44:40.138 I/am_pss ( 1526): [1972,1002,com.android.bluetooth,28734464,21839872,0,137572352,2,0,7]
03-24 03:44:40.144 I/am_pss ( 1526): [2383,1000,com.qualcomm.qti.qdma,11005952,7323648,0,106049536,2,0,5]
03-24 03:44:40.149 I/am_pss ( 1526): [2327,1000,com.thundercomm.remotecontrolservice,9622528,6799360,0,101265408,2,0,5]
03-24 03:44:40.155 I/am_pss ( 1526): [2333,1000,com.thundercomm.tcservice,7941120,5689344,0,94801920,2,0,5]
03-24 03:44:40.161 I/am_pss ( 1526): [2301,1068,com.android.se,5941248,3829760,0,91299840,2,0,5]
03-24 03:44:40.167 I/am_pss ( 1526): [2271,1000,vendor.qti.qesdk.sysservice,5700608,3575808,0,91103232,2,0,5]
03-24 03:44:40.172 I/am_pss ( 1526): [2282,10086,com.qti.qualcomm.mstatssystemservice,5597184,3559424,0,89550848,2,0,5]
03-24 03:44:40.178 I/am_pss ( 1526): [2220,1000,com.thundercomm.tchttpserver,7604224,5537792,0,91746304,2,0,4]
03-24 03:44:40.184 I/am_pss ( 1526): [2243,1000,com.tc.logclient,6761472,4726784,0,90865664,2,0,5]
03-24 03:44:40.189 I/am_pss ( 1526): [2252,1000,com.thundercomm.tcsetupwizard,7134208,5091328,0,91541504,2,0,4]
03-24 03:44:40.194 I/am_pss ( 1526): [2198,10052,.qtidataservices,6244352,4145152,0,91525120,2,0,5]
03-24 03:44:40.199 I/am_pss ( 1526): [2177,1000,com.thundercomm.microservice,9031680,6840320,0,95367168,2,0,5]
03-24 03:44:40.205 I/am_pss ( 1526): [2185,1001,.dataservices,8100864,5885952,0,94093312,2,0,5]
03-24 03:44:40.211 I/am_pss ( 1526): [2178,1000,com.thundercomm.microsettings,26515456,23277568,0,115240960,2,0,5]
03-24 03:44:40.216 I/am_pss ( 1526): [2108,1000,com.thundercomm.gamemode,9070592,6901760,0,95191040,2,0,5]
03-24 03:44:40.222 I/am_pss ( 1526): [2049,1073,com.android.networkstack.process,10369024,7331840,0,103362560,2,0,5]
03-24 03:44:40.233 I/am_pss ( 1526): [1990,10078,com.android.systemui,156101632,133558272,0,309882880,2,0,9]
03-24 03:44:40.249 I/am_pss ( 1526): [1526,1000,system,197041152,99049472,0,508334080,2,0,15]
03-24 03:44:40.699 I/auditd ( 1188): type=1400 audit(0.0:259): avc: denied { read } for comm="Binder:1188_1" name="persist" dev="tmpfs" ino=12661 scontext=u:r:installd:s0 tcontext=u:object_r:tmpfs:s0 tclass=lnk_file permissive=0
03-24 03:44:40.699 I/auditd ( 1188): type=1400 audit(0.0:260): avc: denied { read } for comm="Binder:1188_1" name="persist" dev="tmpfs" ino=12661 scontext=u:r:installd:s0 tcontext=u:object_r:tmpfs:s0 tclass=lnk_file permissive=0
03-24 03:44:40.731 I/auditd ( 3373): type=1400 audit(0.0:261): avc: denied { read } for comm="ip" name="rt_tables" dev="dm-10" ino=332 scontext=u:r:ethernet:s0 tcontext=u:object_r:net_data_file:s0 tclass=file permissive=0
03-24 03:44:40.747 I/auditd ( 3374): type=1400 audit(0.0:262): avc: denied { read } for comm="ip" name="rt_tables" dev="dm-10" ino=332 scontext=u:r:ethernet:s0 tcontext=u:object_r:net_data_file:s0 tclass=file permissive=0
03-24 03:44:40.751 I/auditd ( 2729): type=1400 audit(0.0:263): avc: denied { write } for comm="sh" name="ip_forward" dev="proc" ino=3563 scontext=u:r:ethernet:s0 tcontext=u:object_r:proc_net:s0 tclass=file permissive=0
03-24 03:44:41.243 I/commit_sys_config_file( 1526): [jobs,4]
03-24 03:44:41.799 I/service_manager_stats( 1526): [687,288,5569]
03-24 03:44:41.805 I/netstats_mobile_sample( 1526): [0,0,0,0,0,0,0,0,0,0,0,0,1679600681805]
03-24 03:44:41.805 I/netstats_wifi_sample( 1526): [0,0,0,0,0,0,0,0,0,0,0,0,1679600681805]
03-24 03:44:41.814 I/netstats_mobile_sample( 1526): [0,0,0,0,0,0,0,0,0,0,0,0,1679600681814]
03-24 03:44:41.814 I/netstats_wifi_sample( 1526): [0,0,0,0,0,0,0,0,0,0,0,0,1679600681814]
03-24 03:44:42.317 I/sysui_multi_action( 1526): [757,1717,758,1,759,0]
03-24 03:44:42.317 I/sysui_multi_action( 1526): [757,1717,758,2,759,0]
03-24 03:44:42.317 I/sysui_multi_action( 1526): [757,1717,758,3,759,0]
03-24 03:44:42.407 I/backup_transport_lifecycle( 1526): [com.android.localtransport/.LocalTransportService,1]
03-24 03:44:42.415 I/am_proc_start( 1526): [0,3448,1000,com.android.localtransport,service,{com.android.localtransport/com.android.localtransport.LocalTransportService}]
03-24 03:44:42.454 I/am_proc_bound( 1526): [0,3448,com.android.localtransport]
03-24 03:44:42.545 I/backup_transport_connection( 1526): [com.android.localtransport/.LocalTransportService,1]
03-24 03:44:42.551 I/backup_transport_lifecycle( 1526): [com.android.localtransport/.LocalTransportService,0]
03-24 03:44:42.551 I/backup_transport_connection( 1526): [com.android.localtransport/.LocalTransportService,0]
03-24 03:44:42.564 I/am_proc_start( 1526): [0,3465,1000,com.android.dynsystem,broadcast,{com.android.dynsystem/com.android.dynsystem.BootCompletedReceiver}]
03-24 03:44:42.582 I/am_proc_bound( 1526): [0,3465,com.android.dynsystem]
03-24 03:44:42.626 I/am_uid_running( 1526): 10067
03-24 03:44:42.632 I/am_proc_start( 1526): [0,3487,1000,com.android.dynsystem:dynsystem,service,{com.android.dynsystem/com.android.dynsystem.DynamicSystemInstallationService}]
03-24 03:44:42.639 I/am_proc_start( 1526): [0,3488,10067,com.android.inputmethod.latin,broadcast,{com.android.inputmethod.latin/com.android.inputmethod.latin.SystemBroadcastReceiver}]
03-24 03:44:42.651 I/am_proc_bound( 1526): [0,3487,com.android.dynsystem:dynsystem]
03-24 03:44:42.665 I/am_proc_bound( 1526): [0,3488,com.android.inputmethod.latin]
03-24 03:44:42.667 I/am_uid_active( 1526): 10067
03-24 03:44:42.750 I/sysui_multi_action( 1990): [757,803,799,note_peek,802,1]
03-24 03:44:42.754 I/sysui_multi_action( 1526): [757,127,758,1]
03-24 03:44:42.754 I/sysui_multi_action( 1526): [757,804,799,note_load,801,1,802,1]
03-24 03:44:42.754 I/notification_panel_revealed( 1526): 1
03-24 03:44:42.755 I/sysui_heads_up_status( 1990): [-1|android|26|null|1000,1]
03-24 03:44:42.773 I/am_proc_died( 1526): [0,3488,com.android.inputmethod.latin,0,11]
03-24 03:44:42.773 I/am_broadcast_discard_app( 1526): [0,148455441,android.intent.action.BOOT_COMPLETED,15,ResolveInfo{5f0f460 com.android.inputmethod.latin/.SystemBroadcastReceiver m=0x108000}]
03-24 03:44:42.774 I/am_uid_stopped( 1526): 10067
03-24 03:44:42.776 I/am_uid_running( 1526): 10019
03-24 03:44:42.785 I/am_proc_start( 1526): [0,3523,10019,com.android.managedprovisioning,broadcast,{com.android.managedprovisioning/com.android.managedprovisioning.BootReminder}]
03-24 03:44:42.810 I/am_proc_bound( 1526): [0,3523,com.android.managedprovisioning]
03-24 03:44:42.814 I/am_uid_active( 1526): 10019
03-24 03:44:42.907 I/am_uid_running( 1526): 10085
03-24 03:44:42.914 I/am_proc_start( 1526): [0,3541,10085,com.android.music,broadcast,{com.android.music/com.android.music.MediaPlaybackReceiver}]
03-24 03:44:42.929 I/am_proc_bound( 1526): [0,3541,com.android.music]
03-24 03:44:42.933 I/am_uid_active( 1526): 10085
03-24 03:44:42.998 I/am_uid_running( 1526): 10059
03-24 03:44:43.008 I/am_proc_start( 1526): [0,3557,10059,com.android.onetimeinitializer,broadcast,{com.android.onetimeinitializer/com.android.onetimeinitializer.OneTimeInitializerReceiver}]
03-24 03:44:43.032 I/am_proc_bound( 1526): [0,3557,com.android.onetimeinitializer]
03-24 03:44:43.035 I/am_uid_active( 1526): 10059
03-24 03:44:43.069 I/am_uid_running( 1526): 10034
03-24 03:44:43.079 I/am_proc_start( 1526): [0,3574,10034,com.android.packageinstaller,broadcast,{com.android.packageinstaller/com.android.packageinstaller.TemporaryFileManager}]
03-24 03:44:43.102 I/am_proc_bound( 1526): [0,3574,com.android.packageinstaller]
03-24 03:44:43.105 I/am_uid_active( 1526): 10034
03-24 03:44:43.155 I/am_uid_running( 1526): 10090
03-24 03:44:43.167 I/am_proc_start( 1526): [0,3589,10090,com.android.permissioncontroller,broadcast,{com.android.permissioncontroller/com.android.permissioncontroller.permission.service.LocationAccessCheck$SetupPeriodicBackgroundLocationAccessCheck}]
03-24 03:44:43.188 I/am_proc_bound( 1526): [0,3589,com.android.permissioncontroller]
03-24 03:44:43.191 I/am_uid_active( 1526): 10090
03-24 03:44:43.260 I/sysui_multi_action( 1526): [757,128,758,1,793,4185,794,0,795,4185,796,26,798,0,806,android,857,DEVELOPER_IMPORTANT,858,4,947,0,1395,2,1500,3824,1688,1]
03-24 03:44:43.261 I/sysui_multi_action( 1526): [757,804,799,note_freshness,801,4185,802,1]
03-24 03:44:43.261 I/notification_visibility( 1526): [-1|android|26|null|1000,1,4185,4185,0,0]
03-24 03:44:43.318 I/am_uid_running( 1526): 10024
03-24 03:44:43.332 I/am_proc_start( 1526): [0,3605,10024,com.android.providers.calendar,broadcast,{com.android.providers.calendar/com.android.providers.calendar.CalendarReceiver}]
03-24 03:44:43.360 I/am_proc_bound( 1526): [0,3605,com.android.providers.calendar]
03-24 03:44:43.364 I/am_uid_active( 1526): 10024
03-24 03:44:43.484 I/am_uid_running( 1526): 2000
03-24 03:44:43.498 I/am_proc_start( 1526): [0,3626,2000,com.android.shell,broadcast,{com.android.shell/com.android.shell.HeapDumpReceiver}]
03-24 03:44:43.525 I/am_proc_bound( 1526): [0,3626,com.android.shell]
03-24 03:44:43.529 I/am_uid_active( 1526): 2000
03-24 03:44:43.597 I/am_uid_running( 1526): 10074
03-24 03:44:43.607 I/am_proc_start( 1526): [0,3642,10074,com.qti.ltebc,broadcast,{com.qti.ltebc/com.qualcomm.ltebc.LTEBroadcastBootReceiver}]
03-24 03:44:43.626 I/am_proc_bound( 1526): [0,3642,com.qti.ltebc]
03-24 03:44:43.632 I/am_uid_active( 1526): 10074
03-24 03:44:43.715 I/liblog ( 1410): 94
03-24 03:44:43.716 I/liblog ( 1410): 5
03-24 03:44:43.778 I/notification_enqueue( 1526): [1000,1526,android,17303299,com.android.wifi,0,Notification(channel=NETWORK_AVAILABLE shortcut=null contentView=null vibrate=null sound=null tick defaults=0x0 flags=0x100 color=0x00000000 actions=2 vis=PRIVATE),0]
03-24 03:44:43.911 I/auditd ( 3684): type=1400 audit(0.0:281): avc: denied { read } for comm="cat" name="address" dev="sysfs" ino=69107 scontext=u:r:platform_app:s0:c512,c768 tcontext=u:object_r:sysfs:s0 tclass=file permissive=0 app=com.hht.lebocast
03-24 03:44:43.980 I/sysui_multi_action( 1526): [757,1501,758,1,793,203,794,0,795,203,796,17303299,797,com.android.wifi,806,android,857,NETWORK_AVAILABLE,858,2,947,0,1500,0,1688,1]
03-24 03:44:43.981 I/sysui_multi_action( 1526): [757,804,799,note_interruptive,801,0,802,1]
03-24 03:44:44.099 I/am_uid_running( 1526): 10057
03-24 03:44:44.102 I/am_proc_died( 1526): [0,3642,com.qti.ltebc,905,19]
03-24 03:44:44.103 I/am_uid_stopped( 1526): 10074
03-24 03:44:44.105 I/am_uid_active( 1526): 10057
03-24 03:44:44.107 I/am_proc_start( 1526): [0,3692,10057,com.qualcomm.qti.qms.service.connectionsecurity,broadcast,{com.qualcomm.qti.qms.service.connectionsecurity/com.qualcomm.qti.qms.service.connectionsecurity.ConnSecBroadcastReceiver}]
