03-24 04:14:25.727 I/MediaCodecSource( 1191): encoder (video) stopped
03-24 04:14:25.727 I/MediaCodecSource( 1191): source (video) stopped
03-24 04:14:25.728 D/MPEG4Writer( 1191): Video track source stopped
03-24 04:14:25.728 D/MPEG4Writer( 1191): Video track stopped. Status:0. Stop source
03-24 04:14:25.728 D/MPEG4Writer( 1191): 0 chunks are written in the last batch
03-24 04:14:25.728 D/MPEG4Writer( 1191): WriterThread stopped. Status:0
03-24 04:14:25.728 I/MPEG4Writer( 1191): Adjust the moov start time from 47884 us -> 47884 us
03-24 04:14:25.728 I/MPEG4Writer( 1191): MOOV atom was written to the file
03-24 04:14:25.728 D/MPEG4Writer( 1191): release()
03-24 04:14:25.728 D/MPEG4Writer( 1191): ftruncate mPreAllocateFileEndOffset:3501009 mOffset:6006 mMdatEndOffset:3494377 diff:6632
03-24 04:14:25.734 D/MPEG4Writer( 1191): final fsync() takes 6 ms, file size 3494377
03-24 04:14:25.736 D/MPEG4Writer( 1191): MP4WtrCtrlHlpLooper stopped
03-24 04:14:25.736 D/MPEG4Writer( 1191): Top 5 write durations(microseconds): #1:303 #2:367 #3:558 #4:649 #5:695
03-24 04:14:25.736 D/MPEG4Writer( 1191): reset()
03-24 04:14:25.736 D/MPEG4Writer( 1191): Video track stopping. Stop source
03-24 04:14:25.736 E/MPEG4Writer( 1191): Stop() called but track is not started or stopped
03-24 04:14:25.737 W/StagefrightRecorder( 1191): stop while neither recording nor paused
03-24 04:14:25.739 I/DisplayDeviceRepository( 1526): Display device removed: DisplayDeviceInfo{"Recording Display": uniqueId="virtual:com.android.systemui,10078,Recording Display,0", 2380 x 1020, modeId 4, defaultModeId 4, supportedModes [{id=4, width=2380, height=1020, fps=60.0, alternativeRefreshRates=[]}], colorMode 0, supportedColorModes [0], hdrCapabilities null, allmSupported false, gameContentTypeSupported false, density 240, 240.0 x 240.0 dpi, appVsyncOff 0, presDeadline 16666666, touch NONE, rotation 0, type VIRTUAL, deviceProductInfo null, state ON, owner com.android.systemui (uid 10078), frameRateOverride , brightnessMinimum 0.0, brightnessMaximum 0.0, brightnessDefault 0.0, FLAG_PRIVATE, FLAG_PRESENTATION}
03-24 04:14:25.740 I/LogicalDisplayMapper( 1526): Removing display: 2
03-24 04:14:25.742 W/InputManager-JNI( 1526): Input channel object 'ea1612f ShellDropTarget (client)' was disposed without first being removed with the input manager!
03-24 04:14:25.743 D/ScreenMediaRecorder( 1990): end recording
03-24 04:14:25.745 I/notification_enqueue( 1526): [10078,1990,com.android.systemui,4275,NULL,0,Notification(channel=screen_record shortcut=null contentView=null vibrate=null sound=null defaults=0x0 flags=0x0 color=0x00000000 vis=PRIVATE),0]
03-24 04:14:25.749 I/InputDispatcher( 1526): Erasing monitor PointerEventDispatcher2 (server) on display 2, pid=1526
03-24 04:14:25.752 D/RecordingService( 1990): saving recording
03-24 04:14:25.753 E/ActivityManager( 1526): Sending non-protected broadcast com.android.systemui.screenrecord.UPDATE_STATE_OUTSIDE from system 1990:com.android.systemui/u0a78 pkg com.android.systemui
03-24 04:14:25.753 E/ActivityManager( 1526): java.lang.Throwable
03-24 04:14:25.753 E/ActivityManager( 1526): at com.android.server.am.ActivityManagerService.checkBroadcastFromSystem(ActivityManagerService.java:12877)
03-24 04:14:25.753 E/ActivityManager( 1526): at com.android.server.am.ActivityManagerService.broadcastIntentLocked(ActivityManagerService.java:13477)
03-24 04:14:25.753 E/ActivityManager( 1526): at com.android.server.am.ActivityManagerService.broadcastIntentLocked(ActivityManagerService.java:12894)
03-24 04:14:25.753 E/ActivityManager( 1526): at com.android.server.am.ActivityManagerService.broadcastIntentWithFeature(ActivityManagerService.java:13729)
03-24 04:14:25.753 E/ActivityManager( 1526): at android.app.IActivityManager$Stub.onTransact(IActivityManager.java:2326)
03-24 04:14:25.753 E/ActivityManager( 1526): at com.android.server.am.ActivityManagerService.onTransact(ActivityManagerService.java:2528)
03-24 04:14:25.753 E/ActivityManager( 1526): at android.os.Binder.execTransactInternal(Binder.java:1184)
03-24 04:14:25.753 E/ActivityManager( 1526): at android.os.Binder.execTransact(Binder.java:1143)
03-24 04:14:25.753 I/am_wtf ( 1526): [0,1526,system_server,-1,ActivityManager,Sending non-protected broadcast com.android.systemui.screenrecord.UPDATE_STATE_OUTSIDE from system 1990:com.android.systemui/u0a78 pkg com.android.systemui]
03-24 04:14:25.753 E/ActivityManager( 1526): Sending non-protected broadcast com.android.systemui.screenrecord.UPDATE_STATE_OUTSIDE from system 1990:com.android.systemui/u0a78 pkg com.android.systemui
03-24 04:14:25.753 E/ActivityManager( 1526): java.lang.Throwable
03-24 04:14:25.753 E/ActivityManager( 1526): at com.android.server.am.ActivityManagerService.checkBroadcastFromSystem(ActivityManagerService.java:12877)
03-24 04:14:25.753 E/ActivityManager( 1526): at com.android.server.am.ActivityManagerService.broadcastIntentLocked(ActivityManagerService.java:13572)
03-24 04:14:25.753 E/ActivityManager( 1526): at com.android.server.am.ActivityManagerService.broadcastIntentLocked(ActivityManagerService.java:12894)
03-24 04:14:25.753 E/ActivityManager( 1526): at com.android.server.am.ActivityManagerService.broadcastIntentWithFeature(ActivityManagerService.java:13729)
03-24 04:14:25.753 E/ActivityManager( 1526): at android.app.IActivityManager$Stub.onTransact(IActivityManager.java:2326)
03-24 04:14:25.753 E/ActivityManager( 1526): at com.android.server.am.ActivityManagerService.onTransact(ActivityManagerService.java:2528)
03-24 04:14:25.753 E/ActivityManager( 1526): at android.os.Binder.execTransactInternal(Binder.java:1184)
03-24 04:14:25.753 E/ActivityManager( 1526): at android.os.Binder.execTransact(Binder.java:1143)
03-24 04:14:25.754 I/DropBoxManagerService( 1526): add tag=system_server_wtf isTagEnabled=true flags=0x2
03-24 04:14:25.755 D/CompatibilityChangeReporter( 1990): Compat change id reported: 147798919; UID 10078; state: ENABLED
03-24 04:14:25.755 I/am_wtf ( 1526): [0,1526,system_server,-1,ActivityManager,Sending non-protected broadcast com.android.systemui.screenrecord.UPDATE_STATE_OUTSIDE from system 1990:com.android.systemui/u0a78 pkg com.android.systemui]
03-24 04:14:25.756 D/GameMode_DndItemViewHolder( 2108): updateScreenRecordState:2
03-24 04:14:25.757 I/DropBoxManagerService( 1526): add tag=system_server_wtf isTagEnabled=true flags=0x2
03-24 04:14:25.759 D/GameMode_GameModeService( 2108): Received recording state : 2
03-24 04:14:25.761 I/sysui_multi_action( 1526): [757,128,758,5,759,8,793,44272,794,37720,795,44272,796,4274,806,com.android.systemui,857,screen_record,858,3,947,0,1500,44068,1688,1]
03-24 04:14:25.761 I/notification_canceled( 1526): [0|com.android.systemui|4274|null|10078,8,44272,44272,37720,-1,-1,NULL]
03-24 04:14:25.762 D/CompatibilityChangeReporter( 1526): Compat change id reported: 175319604; UID 10078; state: ENABLED
03-24 04:14:25.767 D/CompatibilityChangeReporter( 1526): Compat change id reported: 175319604; UID 1000; state: ENABLED
03-24 04:14:25.768 W/InputManager-JNI( 1526): Input channel object 'b336a3f systemui.screen.recording (client)' was disposed without first being removed with the input manager!
03-24 04:14:25.768 D/CompatibilityChangeReporter( 1526): Compat change id reported: 175319604; UID 1000; state: DISABLED
03-24 04:14:25.769 D/CompatibilityChangeReporter( 1526): Compat change id reported: 175319604; UID 10092; state: DISABLED
03-24 04:14:25.770 D/CompatibilityChangeReporter( 1526): Compat change id reported: 149924527; UID 10078; state: ENABLED
03-24 04:14:25.770 D/CompatibilityChangeReporter( 1526): Compat change id reported: 132649864; UID 10078; state: DISABLED
03-24 04:14:25.770 W/MediaRecorder( 1990): mediarecorder went away with unhandled events
03-24 04:14:25.771 D/CompatibilityChangeReporter( 1526): Compat change id reported: 182734110; UID 10078; state: ENABLED
03-24 04:14:25.772 W/WindowManager( 1526): Failed looking up window session=Session{de612d3 1990:u0a10078} callers=com.android.server.wm.WindowManagerService.windowForClientLocked:5628 com.android.server.wm.WindowManagerService.removeWindow:2033 com.android.server.wm.Session.remove:218
03-24 04:14:25.775 D/CompatibilityChangeReporter( 1526): Compat change id reported: 172100307; UID 10078; state: ENABLED
03-24 04:14:25.776 W/MediaProvider( 2889): isAppCloneUserPair failed. Users: 0 and 0
03-24 04:14:25.776 W/MediaProvider( 2889): isAppCloneUserPair for user 0: false
03-24 04:14:25.780 D/ScreenMediaRecorder( 1990): content://media/external_primary/video/media/30
03-24 04:14:25.780 D/BaseIconFactory( 1990): normalizeAndWrapToAdaptiveIcon: scale=0.8095146
03-24 04:14:25.790 I/MediaProvider( 2889): Open with lower FS for /storage/emulated/0/Movies/screen-20230324-041425.mp4. Uid: 10078
03-24 04:14:25.825 W/MediaProvider( 2889): Failed to fetch original file descriptor
03-24 04:14:25.825 W/MediaProvider( 2889): java.io.IOException: stat failed: ENOENT (No such file or directory)
03-24 04:14:25.825 W/MediaProvider( 2889): at com.android.providers.media.MediaProvider.getFileFromFileDescriptor(MediaProvider.java:5794)
03-24 04:14:25.825 W/MediaProvider( 2889): at com.android.providers.media.MediaProvider.getOriginalMediaFormatFileDescriptor(MediaProvider.java:5711)
03-24 04:14:25.825 W/MediaProvider( 2889): at com.android.providers.media.MediaProvider.openTypedAssetFileCommon(MediaProvider.java:7134)
03-24 04:14:25.825 W/MediaProvider( 2889): at com.android.providers.media.MediaProvider.openTypedAssetFile(MediaProvider.java:7115)
03-24 04:14:25.825 W/MediaProvider( 2889): at android.content.ContentProvider$Transport.openTypedAssetFile(ContentProvider.java:548)
03-24 04:14:25.825 W/MediaProvider( 2889): at android.content.ContentProviderNative.onTransact(ContentProviderNative.java:327)
03-24 04:14:25.825 W/MediaProvider( 2889): at android.os.Binder.execTransactInternal(Binder.java:1184)
03-24 04:14:25.825 W/MediaProvider( 2889): at android.os.Binder.execTransact(Binder.java:1143)
03-24 04:14:25.825 W/MediaProvider( 2889): Caused by: android.system.ErrnoException: stat failed: ENOENT (No such file or directory)
03-24 04:14:25.825 W/MediaProvider( 2889): at libcore.io.Linux.stat(Native Method)
03-24 04:14:25.825 W/MediaProvider( 2889): at libcore.io.ForwardingOs.stat(ForwardingOs.java:853)
03-24 04:14:25.825 W/MediaProvider( 2889): at libcore.io.BlockGuardOs.stat(BlockGuardOs.java:420)
03-24 04:14:25.825 W/MediaProvider( 2889): at libcore.io.ForwardingOs.stat(ForwardingOs.java:853)
03-24 04:14:25.825 W/MediaProvider( 2889): at android.app.ActivityThread$AndroidOs.stat(ActivityThread.java:7780)
03-24 04:14:25.825 W/MediaProvider( 2889): at android.system.Os.stat(Os.java:919)
03-24 04:14:25.825 W/MediaProvider( 2889): at com.android.providers.media.MediaProvider.getFileFromFileDescriptor(MediaProvider.java:5788)
03-24 04:14:25.825 W/MediaProvider( 2889): ... 7 more
03-24 04:14:25.825 I/ExtendedUtils( 1191): printFileName fd(8) -> /data/user_de/0/com.android.systemui/cache/temp280344025573193329.mp4
03-24 04:14:25.826 W/View ( 1990): requestLayout() improperly called by android.widget.FrameLayout{3906626 I.E...... ......ID 0,0-780,182 #2bc} during second layout pass: posting in next frame
03-24 04:14:25.827 W/View ( 1990): requestLayout() improperly called by com.android.systemui.statusbar.AlphaOptimizedImageView{7aad581 VFED..C.. ......ID 0,0-140,132} during second layout pass: posting in next frame
03-24 04:14:25.827 D/PeopleSpaceWidgetMgr( 1990): Sbn doesn't contain valid PeopleTileKey: null/0/com.android.systemui
03-24 04:14:25.829 W/View ( 1990): requestLayout() improperly called by android.widget.FrameLayout{3906626 I.E...... ......ID 0,0-780,182 #2bc} during layout: running second layout pass
03-24 04:14:25.829 W/View ( 1990): requestLayout() improperly called by com.android.systemui.statusbar.AlphaOptimizedImageView{7aad581 VFED..C.. ......ID 0,0-140,132} during layout: running second layout pass
03-24 04:14:25.835 I/ExtendedUtils( 1191): printFileName fd(11) -> /storage/emulated/0/Movies/screen-20230324-041425.mp4
03-24 04:14:25.847 I/MMParserExtractor( 1189): Created(0xb400006f37627cb0)
03-24 04:14:25.847 E/MM_OSAL ( 1189): FileSource::FileSource
03-24 04:14:25.847 E/MM_OSAL ( 1189): FileSource::FileSource m_bEveryThingOK 1
03-24 04:14:25.852 W/View ( 1990): requestLayout() improperly called by android.widget.FrameLayout{3906626 I.E...... ......ID 0,0-780,182 #2bc} during layout: running second layout pass
03-24 04:14:25.852 W/View ( 1990): requestLayout() improperly called by com.android.systemui.statusbar.AlphaOptimizedImageView{7aad581 VFED..C.. ......ID 0,0-140,132} during layout: running second layout pass
03-24 04:14:25.855 I/MMParserExtractor( 1189): Created(0xb400006f37627770)
03-24 04:14:25.856 E/MetadataRetrieverClient( 1191): failed to extract an album art
03-24 04:14:25.856 E/MediaMetadataRetrieverJNI( 1990): getEmbeddedPicture: Call to getEmbeddedPicture failed.
03-24 04:14:25.858 E/MM_OSAL ( 1189): resetPlayback no need to reset
03-24 04:14:25.859 W/View ( 1990): requestLayout() improperly called by android.widget.FrameLayout{3906626 I.E...... ......ID 0,0-780,182 #2bc} during second layout pass: posting in next frame
03-24 04:14:25.859 W/View ( 1990): requestLayout() improperly called by com.android.systemui.statusbar.AlphaOptimizedImageView{7aad581 VFED..C.. ......ID 0,0-140,132} during second layout pass: posting in next frame
03-24 04:14:25.859 W/View ( 1990): requestLayout() improperly called by android.widget.FrameLayout{3906626 I.E...... ......ID 0,0-780,182 #2bc} during second layout pass: posting in next frame
03-24 04:14:25.859 W/View ( 1990): requestLayout() improperly called by com.android.systemui.statusbar.AlphaOptimizedImageView{7aad581 VFED..C.. ......ID 0,0-140,132} during second layout pass: posting in next frame
03-24 04:14:25.861 D/MediaCodecList( 1191): codecHandlesFormat: no format, so no extra checks
03-24 04:14:25.861 D/MediaCodecList( 1191): codecHandlesFormat: no format, so no extra checks
03-24 04:14:25.861 D/MediaCodecList( 1191): codecHandlesFormat: no format, so no extra checks
03-24 04:14:25.861 D/MediaCodecList( 1191): codecHandlesFormat: no format, so no extra checks
03-24 04:14:25.861 D/FrameDecoder( 1191): FrameDecoder created
03-24 04:14:25.862 D/renderfright( 1191): RenderEngine with GLES Backend
03-24 04:14:25.863 W/View ( 1990): requestLayout() improperly called by android.widget.FrameLayout{3906626 I.E...... ......ID 0,0-780,182 #2bc} during layout: running second layout pass
03-24 04:14:25.863 W/View ( 1990): requestLayout() improperly called by com.android.systemui.statusbar.AlphaOptimizedImageView{7aad581 VFED..C.. ......ID 0,0-140,132} during layout: running second layout pass
03-24 04:14:25.865 D/libEGL ( 1191): loaded /vendor/lib/egl/libEGL_adreno.so
03-24 04:14:25.866 I/ExtendedUtils( 1191): printFileName fd(12) -> /storage/emulated/0/Movies/screen-20230324-041425.mp4
03-24 04:14:25.876 I/MMParserExtractor( 1189): Created(0xb400006f37627770)
03-24 04:14:25.878 D/libEGL ( 1191): loaded /vendor/lib/egl/libGLESv1_CM_adreno.so
03-24 04:14:25.892 I/commit_sys_config_file( 1526): [settings-1-0,5]
03-24 04:14:25.895 D/libEGL ( 1191): loaded /vendor/lib/egl/libGLESv2_adreno.so
03-24 04:14:25.896 W/View ( 1990): requestLayout() improperly called by android.widget.FrameLayout{3906626 I.E...... ......ID 0,0-780,182 #2bc} during second layout pass: posting in next frame
03-24 04:14:25.897 W/View ( 1990): requestLayout() improperly called by com.android.systemui.statusbar.AlphaOptimizedImageView{7aad581 VFED..C.. ......ID 0,0-140,132} during second layout pass: posting in next frame
03-24 04:14:25.901 W/View ( 1990): requestLayout() improperly called by android.widget.FrameLayout{3906626 I.E...... ......ID 0,0-780,182 #2bc} during layout: running second layout pass
03-24 04:14:25.901 W/View ( 1990): requestLayout() improperly called by com.android.systemui.statusbar.AlphaOptimizedImageView{7aad581 VFED..C.. ......ID 0,0-140,133} during layout: running second layout pass
03-24 04:14:25.911 W/View ( 1990): requestLayout() improperly called by android.widget.FrameLayout{3906626 I.E...... ......ID 0,0-780,182 #2bc} during layout: running second layout pass
03-24 04:14:25.911 W/View ( 1990): requestLayout() improperly called by com.android.systemui.statusbar.AlphaOptimizedImageView{7aad581 VFED..C.. ......ID 0,0-140,135} during layout: running second layout pass
03-24 04:14:25.930 W/View ( 1990): requestLayout() improperly called by android.widget.FrameLayout{3906626 I.E...... ......ID 0,0-780,182 #2bc} during second layout pass: posting in next frame
03-24 04:14:25.930 W/View ( 1990): requestLayout() improperly called by com.android.systemui.statusbar.AlphaOptimizedImageView{7aad581 VFED..C.. ......ID 0,0-140,135} during second layout pass: posting in next frame
03-24 04:14:25.933 W/View ( 1990): requestLayout() improperly called by android.widget.FrameLayout{3906626 I.E...... ......ID 0,0-780,182 #2bc} during layout: running second layout pass
03-24 04:14:25.933 W/View ( 1990): requestLayout() improperly called by com.android.systemui.statusbar.AlphaOptimizedImageView{7aad581 VFED..C.. ......ID 0,0-140,137} during layout: running second layout pass
03-24 04:14:25.940 I/AdrenoGLES-0( 1191): QUALCOMM build : 47421dbee6, I139f36ad46
03-24 04:14:25.940 I/AdrenoGLES-0( 1191): Build Date : 02/18/22
03-24 04:14:25.940 I/AdrenoGLES-0( 1191): OpenGL ES Shader Compiler Version: EV031.32.02.17
03-24 04:14:25.940 I/AdrenoGLES-0( 1191): Local Branch :
03-24 04:14:25.940 I/AdrenoGLES-0( 1191): Remote Branch :
03-24 04:14:25.940 I/AdrenoGLES-0( 1191): Remote Branch :
03-24 04:14:25.940 I/AdrenoGLES-0( 1191): Reconstruct Branch :
03-24 04:14:25.940 I/AdrenoGLES-0( 1191): Build Config : S P 10.0.7 AArch32
03-24 04:14:25.940 I/AdrenoGLES-0( 1191): Driver Path : /vendor/lib/egl/libGLESv2_adreno.so
03-24 04:14:25.941 I/hwservicemanager( 507): getTransport: Cannot find entry android.hardware.graphics.mapper@4.0::IMapper/default in either framework or device VINTF manifest.
03-24 04:14:25.947 W/View ( 1990): requestLayout() improperly called by android.widget.FrameLayout{3906626 I.E...... ......ID 0,0-780,182 #2bc} during second layout pass: posting in next frame
03-24 04:14:25.947 W/View ( 1990): requestLayout() improperly called by com.android.systemui.statusbar.AlphaOptimizedImageView{7aad581 VFED..C.. ......ID 0,0-140,137} during second layout pass: posting in next frame
03-24 04:14:25.947 I/AdrenoGLES-0( 1191): PFP: 0x016dd093, ME: 0x00000000
03-24 04:14:25.947 I/sysui_multi_action( 1526): [757,1501,758,1,793,202,794,0,795,202,796,4275,806,com.android.systemui,857,screen_record,858,3,947,0,1500,0,1688,1]
03-24 04:14:25.948 I/sysui_multi_action( 1526): [757,804,799,note_interruptive,801,0,802,1]
03-24 04:14:25.948 I/GameModeConfig( 1526): isGameModeOn = false
03-24 04:14:25.950 W/View ( 1990): requestLayout() improperly called by android.widget.FrameLayout{3906626 I.E...... ......ID 0,0-780,182 #2bc} during layout: running second layout pass
03-24 04:14:25.950 W/View ( 1990): requestLayout() improperly called by com.android.systemui.statusbar.AlphaOptimizedImageView{7aad581 VFED..C.. ......ID 0,0-140,140} during layout: running second layout pass
03-24 04:14:25.950 I/sysui_multi_action( 1526): [757,1501,758,1,793,206,794,0,795,206,796,4275,806,com.android.systemui,857,screen_record,858,3,947,0,1500,0,1688,1]
03-24 04:14:25.950 I/sysui_multi_action( 1526): [757,804,799,note_interruptive,801,0,802,1]
03-24 04:14:25.950 I/sysui_multi_action( 1526): [757,199,758,1,759,1,793,206,794,0,795,206,796,4275,806,com.android.systemui,857,screen_record,858,3,947,0,1500,0,1688,1]
03-24 04:14:25.950 I/notification_alert( 1526): [0|com.android.systemui|4275|null|10078,1,0,0]
03-24 04:14:25.953 W/NotificationHistory( 1526): Attempted to add notif for locked/gone/disabled user 0
03-24 04:14:25.958 W/View ( 1990): requestLayout() improperly called by android.widget.FrameLayout{3906626 I.E...... ......ID 0,0-780,182 #2bc} during second layout pass: posting in next frame
03-24 04:14:25.958 W/View ( 1990): requestLayout() improperly called by com.android.systemui.statusbar.AlphaOptimizedImageView{7aad581 VFED..C.. ......ID 0,0-140,140} during second layout pass: posting in next frame
03-24 04:14:25.962 E/SELinux ( 507): avc: denied { find } for interface=vendor.qti.qspmhal::IQspmhal sid=u:r:mediaserver:s0 pid=1191 scontext=u:r:mediaserver:s0 tcontext=u:object_r:vendor_hal_qspmhal_hwservice:s0 tclass=hwservice_manager permissive=0
03-24 04:14:25.962 I/auditd ( 507): avc: denied { find } for interface=vendor.qti.qspmhal::IQspmhal sid=u:r:mediaserver:s0 pid=1191 scontext=u:r:mediaserver:s0 tcontext=u:object_r:vendor_hal_qspmhal_hwservice:s0 tclass=hwservice_manager permissive=0
03-24 04:14:25.962 E/Adreno-AppProfiles( 1191): Could not find QSPM HAL service
03-24 04:14:25.963 W/View ( 1990): requestLayout() improperly called by android.widget.FrameLayout{3906626 I.E...... ......ID 0,0-780,182 #2bc} during layout: running second layout pass
03-24 04:14:25.963 W/View ( 1990): requestLayout() improperly called by com.android.systemui.statusbar.AlphaOptimizedImageView{7aad581 VFED..C.. ......ID 0,0-140,144} during layout: running second layout pass
03-24 04:14:25.970 E/RenderEngine( 1191): Couldn't set SCHED_FIFO for ImageManager
03-24 04:14:25.971 I/hwservicemanager( 507): getTransport: Cannot find entry android.hardware.graphics.allocator@4.0::IAllocator/default in either framework or device VINTF manifest.
03-24 04:14:25.971 W/Gralloc4( 1191): allocator 4.x is not supported
03-24 04:14:25.972 I/RenderEngine( 1191): OpenGL ES informations:
03-24 04:14:25.972 I/RenderEngine( 1191): vendor : Qualcomm
03-24 04:14:25.972 I/RenderEngine( 1191): renderer : Adreno (TM) 650
03-24 04:14:25.972 I/RenderEngine( 1191): version : OpenGL ES 3.2 V@0502.0 (GIT@47421dbee6, I139f36ad46, 1645189640) (Date:02/18/22)
03-24 04:14:25.972 I/RenderEngine( 1191): extensions: GL_OES_EGL_image GL_OES_EGL_image_external GL_OES_EGL_sync GL_OES_vertex_half_float GL_OES_framebuffer_object GL_OES_rgb8_rgba8 GL_OES_compressed_ETC1_RGB8_texture GL_AMD_compressed_ATC_texture GL_KHR_texture_compression_astc_ldr GL_KHR_texture_compression_astc_hdr GL_OES_texture_compression_astc GL_OES_texture_npot GL_EXT_texture_filter_anisotropic GL_EXT_texture_format_BGRA8888 GL_EXT_read_format_bgra GL_OES_texture_3D GL_EXT_color_buffer_float GL_EXT_color_buffer_half_float GL_QCOM_alpha_test GL_OES_depth24 GL_OES_packed_depth_stencil GL_OES_depth_texture GL_OES_depth_texture_cube_map GL_EXT_sRGB GL_OES_texture_float GL_OES_texture_float_linear GL_OES_texture_half_float GL_OES_texture_half_float_linear GL_EXT_texture_type_2_10_10_10_REV GL_EXT_texture_sRGB_decode GL_EXT_texture_format_sRGB_override GL_OES_element_index_uint GL_EXT_copy_image GL_EXT_geometry_shader GL_EXT_tessellation_shader GL_OES_texture_stencil8 GL_EXT_shader_io_blocks GL_OES_shader_image_atomic GL_OES_sample_variables GL_EX
03-24 04:14:25.972 I/RenderEngine( 1191): GL_MAX_TEXTURE_SIZE = 16384
03-24 04:14:25.972 I/RenderEngine( 1191): GL_MAX_VIEWPORT_DIMS = 16384
03-24 04:14:25.973 I/FrameDecoder( 1191): using surface mode
03-24 04:14:25.975 I/OMXClient( 1191): IOmx service obtained
03-24 04:14:25.975 I/OMXMaster( 1210): makeComponentInstance(OMX.qcom.video.decoder.avc) in android.hardwar process
03-24 04:14:25.976 W/View ( 1990): requestLayout() improperly called by android.widget.FrameLayout{3906626 I.E...... ......ID 0,0-780,182 #2bc} during second layout pass: posting in next frame
03-24 04:14:25.976 W/View ( 1990): requestLayout() improperly called by com.android.systemui.statusbar.AlphaOptimizedImageView{7aad581 VFED..C.. ......ID 0,0-140,144} during second layout pass: posting in next frame
03-24 04:14:25.980 W/View ( 1990): requestLayout() improperly called by android.widget.FrameLayout{3906626 I.E...... ......ID 0,0-780,182 #2bc} during layout: running second layout pass
03-24 04:14:25.980 W/View ( 1990): requestLayout() improperly called by com.android.systemui.statusbar.AlphaOptimizedImageView{7aad581 VFED..C.. ......ID 0,0-140,148} during layout: running second layout pass
03-24 04:14:25.983 E/android.hardware.media.omx@1.0-service( 1210): Service not available yet
03-24 04:14:25.985 D/PlatformConfig( 1210): getInstance: Enter
03-24 04:14:25.985 D/PlatformConfig( 1210): getConfigStoreBool: vpp/enable=false, returning false
03-24 04:14:25.986 D/PlatformConfig( 1210): getInstance: Enter
03-24 04:14:25.986 D/PlatformConfig( 1210): getInt32 Config name: vidc_dec_log_in value: 0
03-24 04:14:25.986 D/PlatformConfig( 1210): getInstance: Enter
03-24 04:14:25.986 D/PlatformConfig( 1210): getInt32 Config name: vidc_dec_log_out value: 0
03-24 04:14:25.986 D/PlatformConfig( 1210): getInstance: Enter
03-24 04:14:25.986 D/PlatformConfig( 1210): getInt32 Config name: vidc_dec_sec_prefetch_size_internal value: 209715200
03-24 04:14:25.986 D/PlatformConfig( 1210): getInstance: Enter
03-24 04:14:25.986 D/PlatformConfig( 1210): getInt32 Config name: vidc_dec_sec_prefetch_size_output value: 13434880
03-24 04:14:25.986 D/PlatformConfig( 1210): getInstance: Enter
03-24 04:14:25.986 D/PlatformConfig( 1210): getInt32 Config name: vidc_perf_control_enable value: 0
03-24 04:14:25.986 D/PlatformConfig( 1210): getInstance: Enter
03-24 04:14:25.986 D/PlatformConfig( 1210): getInt32 Config name: vidc_dec_thumbnail_yuv_output value: 0
03-24 04:14:25.986 D/PlatformConfig( 1210): getInstance: Enter
03-24 04:14:25.986 D/PlatformConfig( 1210): getInt32: Returning default
03-24 04:14:25.986 D/PlatformConfig( 1210): getInstance: Enter
03-24 04:14:25.986 D/PlatformConfig( 1210): getInt32 Config name: vidc_dec_output_rate value: 120
03-24 04:14:25.987 I/OMX-VDEC-1080P( 1210): component_init: OMX.qcom.video.decoder.avc : fd=73
03-24 04:14:25.987 E/OMX-VDEC-1080P( 1210): Unsupported output color format for c2d (2141391876)
03-24 04:14:25.987 E/OMX-VDEC-1080P( 1210): Setting color format failed
03-24 04:14:25.988 D/PlatformConfig( 1210): getInstance: Enter
03-24 04:14:25.988 D/PlatformConfig( 1210): getInt32: Returning default
03-24 04:14:25.988 D/PlatformConfig( 1210): getInstance: Enter
03-24 04:14:25.988 D/PlatformConfig( 1210): getInt32: Returning default
03-24 04:14:25.988 I/OMX-VDEC-1080P( 1210): omx_vdec::component_init() success : fd=73
01-01 08:30:00.161 I/msm_vidc( 0): high: 00000002: ....d: Opening video instance: 0000000000000000, 1
01-01 08:30:00.161 I/msm_vidc( 0): err : 00000002: ....d: Failed to create debugfs for msm_vidc
03-24 04:14:25.991 D/SurfaceUtils( 1191): connecting to surface 0xf00c3278, reason connectToSurface
03-24 04:14:25.991 I/MediaCodec( 1191): [OMX.qcom.video.decoder.avc] setting surface generation to 1219586
03-24 04:14:25.991 D/SurfaceUtils( 1191): disconnecting from surface 0xf00c3278, reason connectToSurface(reconnect)
03-24 04:14:25.991 D/SurfaceUtils( 1191): connecting to surface 0xf00c3278, reason connectToSurface(reconnect)
03-24 04:14:25.992 W/View ( 1990): requestLayout() improperly called by android.widget.FrameLayout{3906626 I.E...... ......ID 0,0-780,182 #2bc} during second layout pass: posting in next frame
03-24 04:14:25.992 E/OMX-VDEC-1080P( 1210): Extension: OMX.google.android.index.storeANWBufferInMetadata not implemented
03-24 04:14:25.992 E/OMX-VDEC-1080P( 1210): Extension: OMX.google.android.index.configureVideoTunnelMode not implemented
03-24 04:14:25.992 E/OMX-VDEC-1080P( 1210): Extension: OMX.google.android.index.useAndroidNativeBuffer is supported
03-24 04:14:25.992 W/View ( 1990): requestLayout() improperly called by com.android.systemui.statusbar.AlphaOptimizedImageView{7aad581 VFED..C.. ......ID 0,0-140,148} during second layout pass: posting in next frame
03-24 04:14:25.992 E/OMX-VDEC-1080P( 1210): get_parameter: unknown param 7f000046
03-24 04:14:25.992 E/OMXNodeInstance( 1210): getParameter(0xe9ba0034:qcom.decoder.avc, ??(0x7f000046)) ERROR: UnsupportedIndex(0x8000101a)
03-24 04:14:25.992 E/OMX-VDEC-1080P( 1210): set_parameter: Error: 0x80001019, setting param 0x7f00005d
03-24 04:14:25.993 E/OMXNodeInstance( 1210): setParameter(0xe9ba0034:qcom.decoder.avc, OMX.google.android.index.allocateNativeHandle(0x7f00005d): Output:1 en=0) ERROR: UnsupportedSetting(0x80001019)
03-24 04:14:25.993 E/OMX-VDEC-1080P( 1210): Extension: OMX.google.android.index.storeANWBufferInMetadata not implemented
03-24 04:14:25.993 E/OMX-VDEC-1080P( 1210): get_parameter: unknown param 6f600011
03-24 04:14:25.993 E/OMXNodeInstance( 1210): getParameter(0xe9ba0034:qcom.decoder.avc, ??(0x6f600011)) ERROR: UnsupportedIndex(0x8000101a)
03-24 04:14:25.993 I/ExtendedACodec( 1191): setupVideoDecoder()
03-24 04:14:25.993 I/ExtendedACodec( 1191): Thumbnail mode enabled.
03-24 04:14:25.995 E/OMXNodeInstance( 1210): getParameter(0xe9ba0034:qcom.decoder.avc, ??(0x7f000044)) ERROR: UnsupportedSetting(0x80001019)
03-24 04:14:25.995 E/OMXNodeInstance( 1210): getParameter(0xe9ba0034:qcom.decoder.avc, ??(0x7f000044)) ERROR: UnsupportedSetting(0x80001019)
03-24 04:14:25.996 W/ACodec ( 1191): [OMX.qcom.video.decoder.avc] does not support color format 2130708361
03-24 04:14:25.996 D/ACodec ( 1191): Setting [OMX.qcom.video.decoder.avc] input port buffer number: 1
03-24 04:14:25.996 D/ACodec ( 1191): Setting [OMX.qcom.video.decoder.avc] output port buffer number: 1
03-24 04:14:25.997 I/ExtendedACodec( 1191): Decoder will be in frame by frame mode
03-24 04:14:25.997 E/OMX-VDEC-1080P( 1210): Setparameter: unknown param 2130706434
03-24 04:14:25.997 E/OMX-VDEC-1080P( 1210): set_parameter: Error: 0x8000101a, setting param 0x7f000002
03-24 04:14:25.997 E/OMXNodeInstance( 1210): setParameter(0xe9ba0034:qcom.decoder.avc, ??(0x7f000002)) ERROR: UnsupportedIndex(0x8000101a)
03-24 04:14:25.997 W/ExtendedACodec( 1191): Failed to set frame packing format on component
03-24 04:14:25.998 I/OMX-VENDOR-EXT( 1210): isConfigValid
03-24 04:14:26.001 E/OMXNodeInstance( 1210): getConfig(0xe9ba0034:qcom.decoder.avc, ??(0x7f000062)) ERROR: UnsupportedSetting(0x80001019)
03-24 04:14:26.001 D/InterruptionStateProvider( 1990): No bubble up: not allowed to bubble: 0|com.android.systemui|4275|null|10078
03-24 04:14:26.002 D/InterruptionStateProvider( 1990): No heads up: unimportant notification: 0|com.android.systemui|4275|null|10078
03-24 04:14:26.002 D/PeopleSpaceWidgetMgr( 1990): Sbn doesn't contain valid PeopleTileKey: null/0/com.android.systemui
03-24 04:14:26.006 E/OMX-VDEC-1080P( 1210): Extension: OMX.google.android.index.AndroidNativeBufferConsumerUsage not implemented
03-24 04:14:26.006 D/SurfaceUtils( 1191): set up nativeWindow 0xf00c3278 for 2380x1020, color 0x7fa30c06, rotation 0, usage 0x20402900
03-24 04:14:26.006 W/View ( 1990): requestLayout() improperly called by android.widget.FrameLayout{3906626 I.E...... ......ID 0,0-780,182 #2bc} during layout: running second layout pass
03-24 04:14:26.006 W/View ( 1990): requestLayout() improperly called by com.android.systemui.statusbar.AlphaOptimizedImageView{7aad581 VFED..C.. ......ID 0,0-140,153} during layout: running second layout pass
03-24 04:14:26.007 W/ResourceManagerService( 1191): Ignoring request to add new resource entry with value <= 0
03-24 04:14:26.008 D/MediaBufferGroup( 1189): creating MemoryDealer
03-24 04:14:26.013 W/View ( 1990): requestLayout() improperly called by android.widget.FrameLayout{3906626 I.E...... ......ID 0,0-780,182 #2bc} during second layout pass: posting in next frame
03-24 04:14:26.013 W/View ( 1990): requestLayout() improperly called by com.android.systemui.statusbar.AlphaOptimizedImageView{7aad581 VFED..C.. ......ID 0,0-140,153} during second layout pass: posting in next frame
03-24 04:14:26.020 W/View ( 1990): requestLayout() improperly called by android.widget.FrameLayout{3906626 I.E...... ......ID 0,0-780,182 #2bc} during layout: running second layout pass
03-24 04:14:26.020 W/View ( 1990): requestLayout() improperly called by com.android.systemui.statusbar.AlphaOptimizedImageView{7aad581 VFED..C.. ......ID 0,0-140,158} during layout: running second layout pass
03-24 04:14:26.024 E/OMXNodeInstance( 1210): getConfig(0xe9ba0034:qcom.decoder.avc, ??(0x7f000062)) ERROR: UnsupportedSetting(0x80001019)
03-24 04:14:26.026 W/View ( 1990): requestLayout() improperly called by android.widget.FrameLayout{3906626 I.E...... ......ID 0,0-780,182 #2bc} during second layout pass: posting in next frame
03-24 04:14:26.026 W/View ( 1990): requestLayout() improperly called by com.android.systemui.statusbar.AlphaOptimizedImageView{7aad581 VFED..C.. ......ID 0,0-140,158} during second layout pass: posting in next frame
03-24 04:14:26.028 E/OMX-VDEC-1080P( 1210): Extension: OMX.google.android.index.AndroidNativeBufferConsumerUsage not implemented
03-24 04:14:26.029 D/SurfaceUtils( 1191): set up nativeWindow 0xf00c3278 for 2384x1024, color 0x7fa30c06, rotation 0, usage 0x20402900
03-24 04:14:26.030 W/View ( 1990): requestLayout() improperly called by android.widget.FrameLayout{3906626 I.E...... ......ID 0,0-780,182 #2bc} during layout: running second layout pass
03-24 04:14:26.030 W/View ( 1990): requestLayout() improperly called by com.android.systemui.statusbar.AlphaOptimizedImageView{7aad581 VFED..C.. ......ID 0,0-140,162} during layout: running second layout pass
03-24 04:14:26.035 E/OMXNodeInstance( 1210): getConfig(0xe9ba0034:qcom.decoder.avc, ??(0x7f000062)) ERROR: UnsupportedSetting(0x80001019)
03-24 04:14:26.036 E/OMX-VDEC-1080P( 1210): Extension: OMX.QTI.index.config.video.getdsmode not implemented
03-24 04:14:26.038 W/View ( 1990): requestLayout() improperly called by android.widget.FrameLayout{3906626 I.E...... ......ID 0,0-780,182 #2bc} during second layout pass: posting in next frame
03-24 04:14:26.038 W/View ( 1990): requestLayout() improperly called by com.android.systemui.statusbar.AlphaOptimizedImageView{7aad581 VFED..C.. ......ID 0,0-140,162} during second layout pass: posting in next frame
03-24 04:14:26.044 W/View ( 1990): requestLayout() improperly called by android.widget.FrameLayout{3906626 I.E...... ......ID 0,0-780,182 #2bc} during layout: running second layout pass
03-24 04:14:26.044 W/View ( 1990): requestLayout() improperly called by com.android.systemui.statusbar.AlphaOptimizedImageView{7aad581 VFED..C.. ......ID 0,0-140,165} during layout: running second layout pass
03-24 04:14:26.056 W/View ( 1990): requestLayout() improperly called by android.widget.FrameLayout{3906626 I.E...... ......ID 0,0-780,182 #2bc} during second layout pass: posting in next frame
03-24 04:14:26.056 W/View ( 1990): requestLayout() improperly called by com.android.systemui.statusbar.AlphaOptimizedImageView{7aad581 VFED..C.. ......ID 0,0-140,165} during second layout pass: posting in next frame
03-24 04:14:26.060 W/View ( 1990): requestLayout() improperly called by android.widget.FrameLayout{3906626 I.E...... ......ID 0,0-780,182 #2bc} during layout: running second layout pass
03-24 04:14:26.060 W/View ( 1990): requestLayout() improperly called by com.android.systemui.statusbar.AlphaOptimizedImageView{7aad581 VFED..C.. ......ID 0,0-140,168} during layout: running second layout pass
03-24 04:14:26.072 W/View ( 1990): requestLayout() improperly called by android.widget.FrameLayout{3906626 I.E...... ......ID 0,0-780,182 #2bc} during second layout pass: posting in next frame
03-24 04:14:26.072 W/View ( 1990): requestLayout() improperly called by com.android.systemui.statusbar.AlphaOptimizedImageView{7aad581 VFED..C.. ......ID 0,0-140,168} during second layout pass: posting in next frame
03-24 04:14:26.087 I/OMX-VDEC-1080P( 1210): omx_vdec::component_deinit() complete
03-24 04:14:26.089 I/OMX-VDEC-1080P( 1210): Exit OMX vdec Destructor: fd=73
03-24 04:14:26.090 D/SurfaceUtils( 1191): disconnecting from surface 0xf00c3278, reason disconnectFromSurface
01-01 08:30:00.263 I/msm_vidc( 0): high: 00000002: h264d: Closed video instance: 0000000000000000
03-24 04:14:26.092 D/FrameDecoder( 1191): FrameDecoder destroyed
03-24 04:14:26.100 W/View ( 1990): requestLayout() improperly called by android.widget.FrameLayout{3906626 I.E...... ......ID 0,0-780,182 #2bc} during layout: running second layout pass
03-24 04:14:26.100 W/View ( 1990): requestLayout() improperly called by com.android.systemui.statusbar.AlphaOptimizedImageView{7aad581 VFED..C.. ......ID 0,0-140,171} during layout: running second layout pass
03-24 04:14:26.108 W/View ( 1990): requestLayout() improperly called by android.widget.FrameLayout{3906626 I.E...... ......ID 0,0-780,182 #2bc} during second layout pass: posting in next frame
03-24 04:14:26.108 W/View ( 1990): requestLayout() improperly called by com.android.systemui.statusbar.AlphaOptimizedImageView{7aad581 VFED..C.. ......ID 0,0-140,171} during second layout pass: posting in next frame
03-24 04:14:26.111 W/View ( 1990): requestLayout() improperly called by android.widget.FrameLayout{3906626 I.E...... ......ID 0,0-780,182 #2bc} during layout: running second layout pass
03-24 04:14:26.111 W/View ( 1990): requestLayout() improperly called by com.android.systemui.statusbar.AlphaOptimizedImageView{7aad581 VFED..C.. ......ID 0,0-140,174} during layout: running second layout pass
03-24 04:14:26.115 W/View ( 1990): requestLayout() improperly called by android.widget.FrameLayout{3906626 I.E...... ......ID 0,0-780,182 #2bc} during second layout pass: posting in next frame
03-24 04:14:26.115 W/View ( 1990): requestLayout() improperly called by com.android.systemui.statusbar.AlphaOptimizedImageView{7aad581 VFED..C.. ......ID 0,0-140,174} during second layout pass: posting in next frame
03-24 04:14:26.126 W/View ( 1990): requestLayout() improperly called by android.widget.FrameLayout{3906626 I.E...... ......ID 0,0-780,182 #2bc} during layout: running second layout pass
03-24 04:14:26.126 W/View ( 1990): requestLayout() improperly called by com.android.systemui.statusbar.AlphaOptimizedImageView{7aad581 VFED..C.. ......ID 0,0-140,176} during layout: running second layout pass
03-24 04:14:26.131 W/View ( 1990): requestLayout() improperly called by android.widget.FrameLayout{3906626 I.E...... ......ID 0,0-780,182 #2bc} during second layout pass: posting in next frame
03-24 04:14:26.131 W/View ( 1990): requestLayout() improperly called by com.android.systemui.statusbar.AlphaOptimizedImageView{7aad581 VFED..C.. ......ID 0,0-140,176} during second layout pass: posting in next frame
03-24 04:14:26.142 W/View ( 1990): requestLayout() improperly called by android.widget.FrameLayout{3906626 I.E...... ......ID 0,0-780,182 #2bc} during layout: running second layout pass
03-24 04:14:26.142 W/View ( 1990): requestLayout() improperly called by com.android.systemui.statusbar.AlphaOptimizedImageView{7aad581 VFED..C.. ......ID 0,0-140,177} during layout: running second layout pass
03-24 04:14:26.146 W/View ( 1990): requestLayout() improperly called by android.widget.FrameLayout{3906626 I.E...... ......ID 0,0-780,182 #2bc} during second layout pass: posting in next frame
03-24 04:14:26.146 W/View ( 1990): requestLayout() improperly called by com.android.systemui.statusbar.AlphaOptimizedImageView{7aad581 VFED..C.. ......ID 0,0-140,177} during second layout pass: posting in next frame
03-24 04:14:26.149 W/System ( 1990): A resource failed to call close.
03-24 04:14:26.149 I/notification_enqueue( 1526): [10078,1990,com.android.systemui,4273,NULL,0,Notification(channel=screen_record shortcut=null contentView=null vibrate=null sound=null defaults=0x0 flags=0x10 color=0x00000000 actions=1 vis=PRIVATE),0]
03-24 04:14:26.149 W/System ( 1990): A resource failed to call release.
03-24 04:14:26.150 I/sysui_multi_action( 1526): [757,128,758,5,759,8,793,406,794,0,795,406,796,4275,806,com.android.systemui,857,screen_record,858,3,947,0,1500,200,1688,1]
03-24 04:14:26.150 I/notification_canceled( 1526): [0|com.android.systemui|4275|null|10078,8,406,406,0,-1,-1,NULL]
03-24 04:14:26.158 W/View ( 1990): requestLayout() improperly called by android.widget.FrameLayout{3906626 I.E...... ......ID 0,0-780,182 #2bc} during layout: running second layout pass
03-24 04:14:26.158 W/View ( 1990): requestLayout() improperly called by com.android.systemui.statusbar.AlphaOptimizedImageView{7aad581 VFED..C.. ......ID 0,0-140,178} during layout: running second layout pass
03-24 04:14:26.163 W/View ( 1990): requestLayout() improperly called by android.widget.FrameLayout{3906626 I.E...... ......ID 0,0-780,182 #2bc} during second layout pass: posting in next frame
03-24 04:14:26.163 W/View ( 1990): requestLayout() improperly called by com.android.systemui.statusbar.AlphaOptimizedImageView{7aad581 VFED..C.. ......ID 0,0-140,178} during second layout pass: posting in next frame
03-24 04:14:26.176 W/View ( 1990): requestLayout() improperly called by android.widget.FrameLayout{3906626 I.E...... ......ID 0,0-780,182 #2bc} during layout: running second layout pass
03-24 04:14:26.176 W/View ( 1990): requestLayout() improperly called by com.android.systemui.statusbar.AlphaOptimizedImageView{7aad581 VFED..C.. ......ID 0,0-140,179} during layout: running second layout pass
03-24 04:14:26.184 W/View ( 1990): requestLayout() improperly called by android.widget.FrameLayout{3906626 I.E...... ......ID 0,0-780,182 #2bc} during second layout pass: posting in next frame
03-24 04:14:26.184 W/View ( 1990): requestLayout() improperly called by com.android.systemui.statusbar.AlphaOptimizedImageView{7aad581 VFED..C.. ......ID 0,0-140,179} during second layout pass: posting in next frame
03-24 04:14:26.197 D/PeopleSpaceWidgetMgr( 1990): Sbn doesn't contain valid PeopleTileKey: null/0/com.android.systemui
03-24 04:14:26.200 W/View ( 1990): requestLayout() improperly called by android.widget.FrameLayout{3906626 I.E...... ......ID 0,0-780,182 #2bc} during layout: running second layout pass
03-24 04:14:26.201 W/View ( 1990): requestLayout() improperly called by com.android.systemui.statusbar.AlphaOptimizedImageView{7aad581 VFED..C.. ......ID 0,0-140,180} during layout: running second layout pass
03-24 04:14:26.209 W/View ( 1990): requestLayout() improperly called by android.widget.FrameLayout{3906626 I.E...... ......ID 0,0-780,182 #2bc} during second layout pass: posting in next frame
03-24 04:14:26.209 W/View ( 1990): requestLayout() improperly called by com.android.systemui.statusbar.AlphaOptimizedImageView{7aad581 VFED..C.. ......ID 0,0-140,180} during second layout pass: posting in next frame
03-24 04:14:26.213 W/View ( 1990): requestLayout() improperly called by android.widget.FrameLayout{3906626 I.E...... ......ID 0,0-780,182 #2bc} during layout: running second layout pass
03-24 04:14:26.213 W/View ( 1990): requestLayout() improperly called by com.android.systemui.statusbar.AlphaOptimizedImageView{7aad581 VFED..C.. ......ID 0,0-140,180} during layout: running second layout pass
03-24 04:14:26.218 W/View ( 1990): requestLayout() improperly called by android.widget.FrameLayout{3906626 I.E...... ......ID 0,0-780,182 #2bc} during second layout pass: posting in next frame
03-24 04:14:26.218 W/View ( 1990): requestLayout() improperly called by com.android.systemui.statusbar.AlphaOptimizedImageView{7aad581 VFED..C.. ......ID 0,0-140,180} during second layout pass: posting in next frame
03-24 04:14:26.218 W/View ( 1990): requestLayout() improperly called by android.widget.FrameLayout{3906626 I.E...... ......ID 0,0-780,182 #2bc} during second layout pass: posting in next frame
03-24 04:14:26.218 W/View ( 1990): requestLayout() improperly called by com.android.systemui.statusbar.AlphaOptimizedImageView{7aad581 VFED..C.. ......ID 0,0-140,180} during second layout pass: posting in next frame
03-24 04:14:26.226 W/View ( 1990): requestLayout() improperly called by android.widget.FrameLayout{3906626 I.E...... ......ID 0,0-780,182 #2bc} during layout: running second layout pass
03-24 04:14:26.227 W/View ( 1990): requestLayout() improperly called by com.android.systemui.statusbar.AlphaOptimizedImageView{7aad581 VFED..C.. ......ID 0,0-140,181} during layout: running second layout pass
03-24 04:14:26.244 W/View ( 1990): requestLayout() improperly called by android.widget.FrameLayout{3906626 I.E...... ......ID 0,0-780,182 #2bc} during layout: running second layout pass
03-24 04:14:26.244 W/View ( 1990): requestLayout() improperly called by com.android.systemui.statusbar.AlphaOptimizedImageView{7aad581 VFED..C.. ......ID 0,0-140,181} during layout: running second layout pass
03-24 04:14:26.252 W/View ( 1990): requestLayout() improperly called by android.widget.FrameLayout{3906626 I.E...... ......ID 0,0-780,182 #2bc} during second layout pass: posting in next frame
03-24 04:14:26.252 W/View ( 1990): requestLayout() improperly called by com.android.systemui.statusbar.AlphaOptimizedImageView{7aad581 VFED..C.. ......ID 0,0-140,181} during second layout pass: posting in next frame
03-24 04:14:26.253 W/View ( 1990): requestLayout() improperly called by android.widget.FrameLayout{3906626 I.E...... ......ID 0,0-780,182 #2bc} during second layout pass: posting in next frame
03-24 04:14:26.253 W/View ( 1990): requestLayout() improperly called by com.android.systemui.statusbar.AlphaOptimizedImageView{7aad581 VFED..C.. ......ID 0,0-140,181} during second layout pass: posting in next frame
03-24 04:14:26.261 W/View ( 1990): requestLayout() improperly called by android.widget.FrameLayout{3906626 I.E...... ......ID 0,0-780,182 #2bc} during layout: running second layout pass
03-24 04:14:26.261 W/View ( 1990): requestLayout() improperly called by com.android.systemui.statusbar.AlphaOptimizedImageView{7aad581 VFED..C.. ......ID 0,0-140,181} during layout: running second layout pass
03-24 04:14:26.268 W/View ( 1990): requestLayout() improperly called by android.widget.FrameLayout{3906626 I.E...... ......ID 0,0-780,182 #2bc} during second layout pass: posting in next frame
03-24 04:14:26.268 W/View ( 1990): requestLayout() improperly called by com.android.systemui.statusbar.AlphaOptimizedImageView{7aad581 VFED..C.. ......ID 0,0-140,181} during second layout pass: posting in next frame
03-24 04:14:26.278 W/View ( 1990): requestLayout() improperly called by android.widget.FrameLayout{3906626 I.E...... ......ID 0,0-780,182 #2bc} during layout: running second layout pass
03-24 04:14:26.278 W/View ( 1990): requestLayout() improperly called by com.android.systemui.statusbar.AlphaOptimizedImageView{7aad581 VFED..C.. ......ID 0,0-140,181} during layout: running second layout pass
03-24 04:14:26.287 W/View ( 1990): requestLayout() improperly called by android.widget.FrameLayout{3906626 I.E...... ......ID 0,0-780,182 #2bc} during second layout pass: posting in next frame
03-24 04:14:26.287 W/View ( 1990): requestLayout() improperly called by com.android.systemui.statusbar.AlphaOptimizedImageView{7aad581 VFED..C.. ......ID 0,0-140,181} during second layout pass: posting in next frame
03-24 04:14:26.293 W/View ( 1990): requestLayout() improperly called by android.widget.FrameLayout{3906626 I.E...... ......ID 0,0-780,182 #2bc} during layout: running second layout pass
03-24 04:14:26.293 W/View ( 1990): requestLayout() improperly called by com.android.systemui.statusbar.AlphaOptimizedImageView{7aad581 VFED..C.. ......ID 0,0-140,181} during layout: running second layout pass
03-24 04:14:26.301 W/View ( 1990): requestLayout() improperly called by android.widget.FrameLayout{3906626 I.E...... ......ID 0,0-780,182 #2bc} during second layout pass: posting in next frame
03-24 04:14:26.301 W/View ( 1990): requestLayout() improperly called by com.android.systemui.statusbar.AlphaOptimizedImageView{7aad581 VFED..C.. ......ID 0,0-140,181} during second layout pass: posting in next frame
03-24 04:14:26.304 W/hpplay-java( 2725): [main]:IPManager:getActiveNets invalid networkInfo:null
03-24 04:14:26.304 I/hpplay-java( 2725): [main]:IPManager:getActiveNets eth0:false wifi:false mobile:false ap:false
03-24 04:14:26.304 I/hpplay-java( 2725): [main]:ServerTaskManager:get local ip:null
03-24 04:14:26.312 W/View ( 1990): requestLayout() improperly called by android.widget.FrameLayout{3906626 I.E...... ......ID 0,0-780,182 #2bc} during layout: running second layout pass
03-24 04:14:26.312 W/View ( 1990): requestLayout() improperly called by com.android.systemui.statusbar.AlphaOptimizedImageView{7aad581 VFED..C.. ......ID 0,0-140,182} during layout: running second layout pass
03-24 04:14:26.324 W/View ( 1990): requestLayout() improperly called by android.widget.FrameLayout{3906626 I.E...... ......ID 0,0-780,182 #2bc} during second layout pass: posting in next frame
03-24 04:14:26.324 W/View ( 1990): requestLayout() improperly called by com.android.systemui.statusbar.AlphaOptimizedImageView{7aad581 VFED..C.. ......ID 0,0-140,182} during second layout pass: posting in next frame
03-24 04:14:26.343 W/View ( 1990): requestLayout() improperly called by android.widget.FrameLayout{3906626 I.E...... ......ID 0,0-780,182 #2bc} during layout: running second layout pass
03-24 04:14:26.343 W/View ( 1990): requestLayout() improperly called by com.android.systemui.statusbar.AlphaOptimizedImageView{7aad581 VFED..C.. ......ID 0,0-140,182} during layout: running second layout pass
03-24 04:14:26.351 I/sysui_multi_action( 1526): [757,1501,758,1,793,202,794,0,795,202,796,4273,806,com.android.systemui,857,screen_record,858,3,947,0,1500,0,1688,1,1745,680407814]
03-24 04:14:26.352 I/sysui_multi_action( 1526): [757,804,799,note_interruptive,801,0,802,1]
03-24 04:14:26.352 I/GameModeConfig( 1526): isGameModeOn = false
03-24 04:14:26.352 E/NotificationService( 1526): Muting recently noisy 0|com.android.systemui|4273|null|10078
03-24 04:14:26.355 W/NotificationHistory( 1526): Attempted to add notif for locked/gone/disabled user 0
03-24 04:14:26.366 D/InterruptionStateProvider( 1990): No bubble up: not allowed to bubble: 0|com.android.systemui|4273|null|10078
03-24 04:14:26.367 D/InterruptionStateProvider( 1990): No heads up: unimportant notification: 0|com.android.systemui|4273|null|10078
