03-24 04:14:12.665 D/AvrcpControllerStateMachine( 5359): completeConstruction: maxDepth=2
03-24 04:14:12.665 D/AvrcpControllerStateMachine( 5359): setupInitialStateStack: E mInitialState=Disconnected
03-24 04:14:12.665 D/AvrcpControllerStateMachine( 5359): moveTempStackToStateStack: i=0,j=0
03-24 04:14:12.665 D/AvrcpControllerStateMachine( 5359): moveTempStackToStateStack: X mStateStackTop=0,startingIndex=0,Top=Disconnected
03-24 04:14:12.665 D/AvrcpControllerStateMachine( 5359): completeConstruction: X
03-24 04:14:12.665 D/AvrcpControllerStateMachine( 5359): handleMessage: E msg.what=-2
03-24 04:14:12.665 D/AvrcpControllerStateMachine( 5359): invokeEnterMethods: Disconnected
03-24 04:14:12.665 D/AvrcpControllerService( 5359): AvrcpcontrollerSM started for device: 14:3F:A6:D2:4D:63
03-24 04:14:12.666 D/AvrcpControllerStateMachine( 5359): Enter Disconnected mDevice:14:3F:A6:D2:4D:63
03-24 04:14:12.666 D/AvrcpControllerStateMachine( 5359): handleMessage: X
03-24 04:14:12.666 D/AvrcpControllerStateMachine( 5359): Register receiver for device: 14:3F:A6:D2:4D:63
03-24 04:14:12.667 V/BluetoothAvrcpControllerJni( 5359): btavrcp_get_vendor_rcfeatures_callback
03-24 04:14:12.667 D/AvrcpControllerStateMachine( 5359): handleMessage: E msg.what=1
03-24 04:14:12.667 D/AvrcpControllerStateMachine( 5359): processMsg: Disconnected
03-24 04:14:12.667 D/AvrcpControllerStateMachine( 5359): Connect
03-24 04:14:12.667 D/AvrcpControllerStateMachine( 5359): transitionTo: destState=Connecting
03-24 04:14:12.668 D/AvrcpControllerStateMachine( 5359): handleMessage: new destination call exit/enter
03-24 04:14:12.668 D/AvrcpControllerStateMachine( 5359): setupTempStateStackWithStatesToEnter: X mTempStateStackCount=1,curStateInfo: null
03-24 04:14:12.668 D/AvrcpControllerStateMachine( 5359): invokeExitMethods: Disconnected
03-24 04:14:12.668 D/AvrcpControllerStateMachine( 5359): moveTempStackToStateStack: i=0,j=0
03-24 04:14:12.668 D/AvrcpControllerStateMachine( 5359): moveTempStackToStateStack: X mStateStackTop=0,startingIndex=0,Top=Connecting
03-24 04:14:12.668 D/AvrcpControllerStateMachine( 5359): invokeEnterMethods: Connecting
03-24 04:14:12.668 D/AvrcpControllerStateMachine( 5359): Enter Connecting
03-24 04:14:12.668 D/AvrcpControllerStateMachine( 5359): Connection state 14:3F:A6:D2:4D:63: 0->1
03-24 04:14:12.668 D/AvrcpControllerStateMachine( 5359): transitionTo: destState=Connected
03-24 04:14:12.668 D/AvrcpControllerStateMachine( 5359): handleMessage: new destination call exit/enter
03-24 04:14:12.668 D/AvrcpControllerStateMachine( 5359): setupTempStateStackWithStatesToEnter: X mTempStateStackCount=1,curStateInfo: null
03-24 04:14:12.669 D/AvrcpControllerStateMachine( 5359): invokeExitMethods: Connecting
03-24 04:14:12.669 D/AvrcpControllerStateMachine( 5359): moveTempStackToStateStack: i=0,j=0
03-24 04:14:12.669 D/AvrcpControllerStateMachine( 5359): moveTempStackToStateStack: X mStateStackTop=0,startingIndex=0,Top=Connected
03-24 04:14:12.669 D/AvrcpControllerStateMachine( 5359): invokeEnterMethods: Connected
03-24 04:14:12.669 D/AvrcpControllerStateMachine( 5359): Connection state 14:3F:A6:D2:4D:63: 1->2
03-24 04:14:12.669 D/AvrcpControllerStateMachine( 5359): handleMessage: X
03-24 04:14:12.670 D/AdapterProperties( 5359): PROFILE_CONNECTION_STATE_CHANGE: profile=12, device=14:3F:A6:D2:4D:63, 0 -> 1
03-24 04:14:12.671 D/AdapterProperties( 5359): PROFILE_CONNECTION_STATE_CHANGE: profile=12, device=14:3F:A6:D2:4D:63, 1 -> 2
03-24 04:14:12.682 I/bt_stack( 5359): [INFO:btsnoop.cc(603)] whitelist_l2c_channel: Whitelisting l2cap channel. conn_handle=2 cid=74:73
03-24 04:14:12.682 W/bt_l2cap( 5359): L2CAP - LCID: 0x004a st: CLOSED evt: PEER_CONNECT_REQ
03-24 04:14:12.682 W/bt_l2cap( 5359): L2CAP - LCID: 0x004a st: TERM_W4_SEC_COMP evt: SECURITY_COMPLETE
03-24 04:14:12.682 W/bt_l2cap( 5359): L2CAP - LCID: 0x004a st: W4_L2CA_CON_RSP evt: UPPER_LAYER_CONNECT_RSP
03-24 04:14:12.682 W/bt_l2cap( 5359): L2CAP - LCID: 0x004a st: CONFIG evt: UPPER_LAYER_CONFIG_REQ
03-24 04:14:12.685 W/bt_l2cap( 5359): L2CAP - LCID: 0x0049 st: W4_L2CAP_CON_RSP evt: PEER_CONNECT_RSP
03-24 04:14:12.685 W/bt_l2cap( 5359): L2CAP - LCID: 0x0049 st: CONFIG evt: UPPER_LAYER_CONFIG_REQ
03-24 04:14:12.685 I/bt_stack( 5359): [INFO:btsnoop.cc(603)] whitelist_l2c_channel: Whitelisting l2cap channel. conn_handle=2 cid=73:74
03-24 04:14:12.687 W/bt_l2cap( 5359): L2CAP - LCID: 0x0049 st: CONFIG evt: PEER_CONFIG_REQ
03-24 04:14:12.687 W/bt_l2cap( 5359): L2CAP - LCID: 0x0049 st: CONFIG evt: UPPER_LAYER_CONFIG_RSP
03-24 04:14:12.687 W/bt_l2cap( 5359): L2CAP-Upper layer Config_Rsp,Local CID: 0x0049,Remote CID: 0x004a,PSM: 1,our MTU present:1,our MTU:1024
03-24 04:14:12.689 W/bt_l2cap( 5359): L2CAP - LCID: 0x004a st: CONFIG evt: PEER_CONFIG_REQ
03-24 04:14:12.689 W/bt_l2cap( 5359): L2CAP - LCID: 0x004a st: CONFIG evt: UPPER_LAYER_CONFIG_RSP
03-24 04:14:12.689 W/bt_l2cap( 5359): L2CAP-Upper layer Config_Rsp,Local CID: 0x004a,Remote CID: 0x0049,PSM: 1,our MTU present:1,our MTU:1024
03-24 04:14:12.691 W/bt_l2cap( 5359): L2CAP - LCID: 0x004a st: CONFIG evt: PEER_CONFIG_RSP
03-24 04:14:12.691 I/bt_snoop( 5359): L2CAP channel is opened: handle=2(0x2), lcid=74(0x4a), rcid=73(0x49), psm=0x1
03-24 04:14:12.691 W/bt_l2cap( 5359): L2CAP-peer_Config_Rsp,Local CID: 0x004a,Remote CID: 0x0049,PSM: 1,peer MTU present: 0,peer MTU: 672
03-24 04:14:12.692 W/bt_l2cap( 5359): L2CAP - LCID: 0x0049 st: CONFIG evt: PEER_CONFIG_RSP
03-24 04:14:12.692 I/bt_snoop( 5359): L2CAP channel is opened: handle=2(0x2), lcid=73(0x49), rcid=74(0x4a), psm=0x1
03-24 04:14:12.692 W/bt_l2cap( 5359): L2CAP-peer_Config_Rsp,Local CID: 0x0049,Remote CID: 0x004a,PSM: 1,peer MTU present: 0,peer MTU: 672
03-24 04:14:12.702 W/bt_sdp ( 5359): process_service_search_attr_rsp
03-24 04:14:12.702 W/bt_l2cap( 5359): L2CA_DisconnectReq() CID: 0x0049
03-24 04:14:12.714 W/bt_l2cap( 5359): L2CAP - LCID: 0x0049 st: W4_L2CAP_DISC_RSP evt: PEER_DISCONNECT_RSP
03-24 04:14:12.714 I/bt_snoop( 5359): L2CAP channel is closed: handle=2(0x2), lcid=73(0x49), rcid=74(0x4a)
03-24 04:14:12.714 I/bt_stack( 5359): [INFO:btsnoop.cc(651)] clear_l2cap_whitelist: Clearing whitelist from l2cap channel. conn_handle=2 cid=73:74
03-24 04:14:12.715 D/bt_btif ( 5359): btif_av_state_opened_handler: event: BTA_AV_RC_FEAT_EVT, flags: 0, peer_sep: 1, index: 0 reconfig_event: 0, codec_cfg_change: 0, reconfig_pending: 0, reconfig_a2dp: 0, is_retry_reconfig: 0
03-24 04:14:12.715 D/bt_btif ( 5359): btif_rc_handler: event: BTA_AV_RC_FEAT_EVT
03-24 04:14:12.715 W/bt_device_profile( 5359): profile_feature_fetch:profile 1
03-24 04:14:12.715 W/bt_device_profile( 5359): profile_feature_fetch:AVRCP_COVERART_SUPPORT found 1
03-24 04:14:12.716 V/Avrcp_ext( 5359): getRcFeaturesRequestFromNative: address=[B@23e15e4
03-24 04:14:12.717 V/Avrcp_ext( 5359): Exit getRcFeaturesRequestFromNative
03-24 04:14:12.717 V/Avrcp_ext( 5359): AvrcpMessageHandler: received message=1
03-24 04:14:12.717 D/bt_btif ( 5359): LCB lcb=1 event=UL_MSG_EVT state=LCB_OPEN_ST
03-24 04:14:12.717 V/BluetoothAvrcpControllerJni( 5359): btavrcp_get_vendor_rcfeatures_callback
03-24 04:14:12.718 V/Avrcp_ext( 5359): MSG_GET_RC_FEATURES: address = 14:3F:A6:D2:4D:63, features = 3
03-24 04:14:12.718 I/Avrcp_ext( 5359): device found at index 0
03-24 04:14:12.719 V/Avrcp_ext( 5359): Enter modifyRcFeatureFromBlacklist
03-24 04:14:12.721 D/Avrcp_ext( 5359): avrcpct-passthrough pts_test = false
03-24 04:14:12.721 D/Avrcp_ext( 5359): absolute volume support device is present true
03-24 04:14:12.722 D/BATService( 5359): getBATService(): service is NULL
03-24 04:14:12.722 W/bt_device_profile( 5359): profile_feature_fetch:profile 3
03-24 04:14:12.722 W/bt_device_profile( 5359): profile_feature_fetch:MAP_0104_SUPPORT found 1
03-24 04:14:12.722 E/bt_btif ( 5359): sdp_upgrade_mse_record
03-24 04:14:12.722 W/bt_device_profile( 5359): profile_feature_fetch:profile 2
03-24 04:14:12.722 W/bt_device_profile( 5359): profile_feature_fetch:PBAP_0102_SUPPORT found 1
03-24 04:14:12.722 W/bt_device_profile( 5359): profile_feature_fetch:profile 1
03-24 04:14:12.722 W/bt_device_profile( 5359): profile_feature_fetch:AVRCP_COVERART_SUPPORT found 1
03-24 04:14:12.723 V/Avrcp_ext( 5359): Enter isAbsoluteVolumeSupported with index 0
03-24 04:14:12.723 V/Avrcp_ext( 5359): isAbsoluteVolumeSupported: yes, for dev: 0
03-24 04:14:12.723 V/Avrcp_ext( 5359): Exit isAbsoluteVolumeSupported with index 0
03-24 04:14:12.723 V/Avrcp_ext( 5359): Enter isAbsoluteVolumeSupported with index 0
03-24 04:14:12.723 V/Avrcp_ext( 5359): isAbsoluteVolumeSupported: yes, for dev: 0
03-24 04:14:12.723 V/Avrcp_ext( 5359): Exit isAbsoluteVolumeSupported with index 0
03-24 04:14:12.723 V/Avrcp_ext( 5359): update audio manager for abs vol state = true
03-24 04:14:12.723 V/Avrcp_ext( 5359): Exit handleMessage
03-24 04:14:12.724 I/AS.BtHelper( 1526): setAvrcpAbsoluteVolumeSupported supported=true
03-24 04:14:12.724 D/bt_btif ( 5359): LCB lcb=1 event=LL_MSG_EVT state=LCB_OPEN_ST
03-24 04:14:12.724 D/bt_btif ( 5359): bta_av_rc_msg_cback handle: 0 opcode=0x0
03-24 04:14:12.724 D/bt_btif ( 5359): bta_av_rc_msg_cback data_len: 6
03-24 04:14:12.724 D/bt_btif ( 5359): btif_av_state_opened_handler: event: BTA_AV_META_MSG_EVT, flags: 0, peer_sep: 1, index: 0 reconfig_event: 0, codec_cfg_change: 0, reconfig_pending: 0, reconfig_a2dp: 0, is_retry_reconfig: 0
03-24 04:14:12.724 D/bt_btif ( 5359): btif_rc_handler: event: BTA_AV_META_MSG_EVT
03-24 04:14:12.724 E/bt_avp ( 5359): avrc_pars_vendor_cmd: length is incorrect, status: 3
03-24 04:14:12.725 D/bt_btif ( 5359): btif_rc_upstreams_rsp_evt: pdu: AVRC_PDU_REGISTER_NOTIFICATION: handle: 0x0 ctype: f label: 0
03-24 04:14:12.725 V/Avrcp_ext( 5359): Enter volumeChangeRequestFromNative
03-24 04:14:12.725 V/Avrcp_ext( 5359): Exit volumeChangeRequestFromNative
03-24 04:14:12.725 V/Avrcp_ext( 5359): AvrcpMessageHandler: received message=5
03-24 04:14:12.725 V/Avrcp_ext( 5359): event for device address 14:3F:A6:D2:4D:63
03-24 04:14:12.725 I/Avrcp_ext( 5359): device found at index 0
03-24 04:14:12.726 V/Avrcp_ext( 5359): MSG_NATIVE_REQ_VOLUME_CHANGE addr: 14:3F:A6:D2:4D:63
03-24 04:14:12.727 V/Avrcp_ext( 5359): MSG_NATIVE_REQ_VOLUME_CHANGE: volume=53 ctype=15 local vol 19 remote vol -1
03-24 04:14:12.727 V/Avrcp_ext( 5359): last local Volume = -1 last remote Volume = -1 last requested volume = -1 cmd set = false cmd adjust = false
03-24 04:14:12.727 V/Avrcp_ext( 5359): Volume Index = 16
03-24 04:14:12.727 D/Avrcp_ext( 5359): getVolume: Returning volume 19
03-24 04:14:12.727 I/Avrcp_ext( 5359): device found at index 0
03-24 04:14:12.727 D/Avrcp_ext( 5359): getVolume: Returning volume 19
03-24 04:14:12.727 D/Avrcp_ext( 5359): device allocated for abs volume support true
03-24 04:14:12.727 D/Avrcp_ext( 5359): Returning abs volume support true
03-24 04:14:12.727 I/AS.BtHelper( 1526): setAvrcpAbsoluteVolumeSupported supported=true
03-24 04:14:12.727 V/Avrcp_ext( 5359): Enter isAbsoluteVolumeSupported with index 0
03-24 04:14:12.727 V/Avrcp_ext( 5359): isAbsoluteVolumeSupported: yes, for dev: 0
03-24 04:14:12.727 V/Avrcp_ext( 5359): Exit isAbsoluteVolumeSupported with index 0
03-24 04:14:12.727 D/Avrcp_ext( 5359): setAbsVolumeFlag = true
03-24 04:14:12.727 V/Avrcp_ext( 5359): Exit handleMessage
03-24 04:14:12.727 V/Avrcp_ext( 5359): AvrcpMessageHandler: received message=31
03-24 04:14:12.727 D/Avrcp_ext( 5359): vol = 19remVol = 16
03-24 04:14:12.727 I/BluetoothAvrcpServiceJni( 5359): setVolumeNative: volume: 62
03-24 04:14:12.728 D/bt_btif ( 5359): LCB lcb=1 event=UL_MSG_EVT state=LCB_OPEN_ST
03-24 04:14:12.728 V/Avrcp_ext( 5359): Exit handleMessage
03-24 04:14:12.731 D/bt_btif ( 5359): LCB lcb=1 event=LL_MSG_EVT state=LCB_OPEN_ST
03-24 04:14:12.731 D/bt_btif ( 5359): bta_av_rc_msg_cback handle: 0 opcode=0x0
03-24 04:14:12.731 D/bt_btif ( 5359): bta_av_rc_msg_cback data_len: 5
03-24 04:14:12.731 E/bt_sdp ( 5359): SDP_Dev_Blacklisted_For_Avrcp15
03-24 04:14:12.731 W/bt_device_profile( 5359): profile_feature_fetch:profile 1
03-24 04:14:12.731 W/bt_device_profile( 5359): profile_feature_fetch:AVRCP_COVERART_SUPPORT found 1
03-24 04:14:12.731 E/bt_sdp ( 5359): Stored AVRC TG version: 0x106
03-24 04:14:12.731 E/bt_sdp ( 5359): SDP_Dev_Blacklisted_For_Avrcp15: blacklisted: 0
03-24 04:14:12.731 E/bt_btif ( 5359): Blacklist for AVRCP1.5 = 0
03-24 04:14:12.731 E/bt_btif ( 5359): BL for player app setting = 0
03-24 04:14:12.731 W/bt_device_profile( 5359): profile_feature_fetch:profile 1
03-24 04:14:12.731 W/bt_device_profile( 5359): profile_feature_fetch:AVRCP_COVERART_SUPPORT found 1
03-24 04:14:12.731 W/bt_btif ( 5359): event count: 0x6
03-24 04:14:12.731 D/bt_btif ( 5359): LCB lcb=1 event=UL_MSG_EVT state=LCB_OPEN_ST
03-24 04:14:12.733 W/bt_device_profile( 5359): profile_feature_fetch:profile 3
03-24 04:14:12.733 W/bt_device_profile( 5359): profile_feature_fetch:MAP_0104_SUPPORT found 1
03-24 04:14:12.733 E/bt_btif ( 5359): sdp_upgrade_mse_record
03-24 04:14:12.733 W/bt_device_profile( 5359): profile_feature_fetch:profile 2
03-24 04:14:12.733 W/bt_device_profile( 5359): profile_feature_fetch:PBAP_0102_SUPPORT found 1
03-24 04:14:12.733 W/bt_device_profile( 5359): profile_feature_fetch:profile 1
03-24 04:14:12.733 W/bt_device_profile( 5359): profile_feature_fetch:AVRCP_COVERART_SUPPORT found 1
03-24 04:14:12.733 E/bt_sdp ( 5359): Stored AVRC TG version: 0x106
03-24 04:14:12.733 E/bt_sdp ( 5359): Reset Browse feature bitmask
03-24 04:14:12.733 W/bt_device_profile( 5359): profile_feature_fetch:profile 1
03-24 04:14:12.733 W/bt_device_profile( 5359): profile_feature_fetch:AVRCP_COVERART_SUPPORT found 1
03-24 04:14:12.733 E/bt_sdp ( 5359): Stored AVRC TG version: 0x106
03-24 04:14:12.733 E/bt_sdp ( 5359): Reset Cover Art feature bitmask +1, 0x41
03-24 04:14:12.733 E/bt_sdp ( 5359): Reset Cover Art feature bitmask -1, 0x0
03-24 04:14:12.733 E/bt_sdp ( 5359): Reset Cover Art feature bitmask, new -1, 0x0
03-24 04:14:12.741 D/bt_btif ( 5359): LCB lcb=1 event=LL_MSG_EVT state=LCB_OPEN_ST
03-24 04:14:12.741 D/bt_btif ( 5359): bta_av_rc_msg_cback handle: 0 opcode=0x0
03-24 04:14:12.742 D/bt_btif ( 5359): bta_av_rc_msg_cback data_len: 5
03-24 04:14:12.742 D/bt_btif ( 5359): btif_av_state_opened_handler: event: BTA_AV_META_MSG_EVT, flags: 0, peer_sep: 1, index: 0 reconfig_event: 0, codec_cfg_change: 0, reconfig_pending: 0, reconfig_a2dp: 0, is_retry_reconfig: 0
03-24 04:14:12.742 D/bt_btif ( 5359): btif_rc_handler: event: BTA_AV_META_MSG_EVT
03-24 04:14:12.742 D/bt_btif ( 5359): btif_rc_upstreams_rsp_evt: pdu: AVRC_PDU_SET_ABSOLUTE_VOLUME: handle: 0x0 ctype: 9 label: 1
03-24 04:14:12.742 V/Avrcp_ext( 5359): Enter volumeChangeRequestFromNative
03-24 04:14:12.742 V/Avrcp_ext( 5359): Exit volumeChangeRequestFromNative
03-24 04:14:12.742 V/Avrcp_ext( 5359): AvrcpMessageHandler: received message=5
03-24 04:14:12.742 V/Avrcp_ext( 5359): event for device address 14:3F:A6:D2:4D:63
03-24 04:14:12.742 I/Avrcp_ext( 5359): device found at index 0
03-24 04:14:12.742 V/Avrcp_ext( 5359): MSG_NATIVE_REQ_VOLUME_CHANGE addr: 14:3F:A6:D2:4D:63
03-24 04:14:12.743 V/Avrcp_ext( 5359): MSG_NATIVE_REQ_VOLUME_CHANGE: volume=62 ctype=9 local vol 19 remote vol 62
03-24 04:14:12.743 V/Avrcp_ext( 5359): last local Volume = -1 last remote Volume = -1 last requested volume = -1 cmd set = false cmd adjust = false
03-24 04:14:12.743 E/Avrcp_ext( 5359): Unsolicited response, ignored
03-24 04:14:12.743 V/Avrcp_ext( 5359): Exit handleMessage
03-24 04:14:12.752 D/bt_btif ( 5359): LCB lcb=1 event=LL_MSG_EVT state=LCB_OPEN_ST
03-24 04:14:12.752 D/bt_btif ( 5359): bta_av_rc_msg_cback handle: 0 opcode=0x0
03-24 04:14:12.752 D/bt_btif ( 5359): bta_av_rc_msg_cback data_len: 9
03-24 04:14:12.752 D/bt_btif ( 5359): btif_av_state_opened_handler: event: BTA_AV_META_MSG_EVT, flags: 0, peer_sep: 1, index: 0 reconfig_event: 0, codec_cfg_change: 0, reconfig_pending: 0, reconfig_a2dp: 0, is_retry_reconfig: 0
03-24 04:14:12.752 D/bt_btif ( 5359): btif_rc_handler: event: BTA_AV_META_MSG_EVT
03-24 04:14:12.752 W/bt_device_profile( 5359): profile_feature_fetch:profile 1
03-24 04:14:12.752 W/bt_device_profile( 5359): profile_feature_fetch:AVRCP_COVERART_SUPPORT found 1
03-24 04:14:12.752 D/bt_btif ( 5359): btif_rc_upstreams_evt: pdu: AVRC_PDU_REGISTER_NOTIFICATION handle: 0x0 ctype: 3 label: 2 event ID: 1 ver: 106
03-24 04:14:12.752 V/Avrcp_ext( 5359): registerNotificationRequestFromNative: eventId=1
03-24 04:14:12.752 V/Avrcp_ext( 5359): Exit registerNotificationRequestFromNative
03-24 04:14:12.752 V/Avrcp_ext( 5359): AvrcpMessageHandler: received message=4
03-24 04:14:12.752 V/Avrcp_ext( 5359): MSG_NATIVE_REQ_REGISTER_NOTIFICATION:event=1 param=0
03-24 04:14:12.752 I/Avrcp_ext( 5359): device found at index 0
03-24 04:14:12.752 V/Avrcp_ext( 5359): Enter processRegisterNotification
03-24 04:14:12.753 V/Avrcp_ext( 5359): processRegisterNotification: eventId1
03-24 04:14:12.753 D/bt_btif ( 5359): register_notification_rsp: isShoMcastEnabled: 1
03-24 04:14:12.753 D/bt_btif ( 5359): LCB lcb=1 event=UL_MSG_EVT state=LCB_OPEN_ST
03-24 04:14:12.753 D/Avrcp_ext( 5359): Exit processRegisterNotification
03-24 04:14:12.753 V/Avrcp_ext( 5359): Exit handleMessage
03-24 04:14:12.757 W/bt_device_profile( 5359): profile_feature_fetch:profile 3
03-24 04:14:12.757 W/bt_device_profile( 5359): profile_feature_fetch:MAP_0104_SUPPORT found 1
03-24 04:14:12.757 E/bt_btif ( 5359): sdp_upgrade_mse_record
03-24 04:14:12.757 W/bt_device_profile( 5359): profile_feature_fetch:profile 2
03-24 04:14:12.757 W/bt_device_profile( 5359): profile_feature_fetch:PBAP_0102_SUPPORT found 1
03-24 04:14:12.757 W/bt_device_profile( 5359): profile_feature_fetch:profile 1
03-24 04:14:12.757 W/bt_device_profile( 5359): profile_feature_fetch:AVRCP_COVERART_SUPPORT found 1
03-24 04:14:12.761 D/bt_btif ( 5359): LCB lcb=1 event=LL_MSG_EVT state=LCB_OPEN_ST
03-24 04:14:12.761 D/bt_btif ( 5359): bta_av_rc_msg_cback handle: 0 opcode=0x0
03-24 04:14:12.761 D/bt_btif ( 5359): bta_av_rc_msg_cback data_len: 9
03-24 04:14:12.761 D/bt_btif ( 5359): btif_av_state_opened_handler: event: BTA_AV_META_MSG_EVT, flags: 0, peer_sep: 1, index: 0 reconfig_event: 0, codec_cfg_change: 0, reconfig_pending: 0, reconfig_a2dp: 0, is_retry_reconfig: 0
03-24 04:14:12.761 D/bt_btif ( 5359): btif_rc_handler: event: BTA_AV_META_MSG_EVT
03-24 04:14:12.761 W/bt_device_profile( 5359): profile_feature_fetch:profile 1
03-24 04:14:12.761 W/bt_device_profile( 5359): profile_feature_fetch:AVRCP_COVERART_SUPPORT found 1
03-24 04:14:12.761 D/bt_btif ( 5359): btif_rc_upstreams_evt: pdu: AVRC_PDU_REGISTER_NOTIFICATION handle: 0x0 ctype: 3 label: 3 event ID: 2 ver: 106
03-24 04:14:12.761 V/Avrcp_ext( 5359): registerNotificationRequestFromNative: eventId=2
03-24 04:14:12.761 V/Avrcp_ext( 5359): Exit registerNotificationRequestFromNative
03-24 04:14:12.761 V/Avrcp_ext( 5359): AvrcpMessageHandler: received message=4
03-24 04:14:12.761 V/Avrcp_ext( 5359): MSG_NATIVE_REQ_REGISTER_NOTIFICATION:event=2 param=0
03-24 04:14:12.761 I/Avrcp_ext( 5359): device found at index 0
03-24 04:14:12.761 V/Avrcp_ext( 5359): Enter processRegisterNotification
03-24 04:14:12.761 V/Avrcp_ext( 5359): processRegisterNotification: eventId2
03-24 04:14:12.762 V/Avrcp_ext( 5359): Track changed notification enabled
03-24 04:14:12.762 I/Avrcp_ext( 5359): device found at index 0
03-24 04:14:12.762 D/Avrcp_ext( 5359): Enter sendTrackChangedRsp
03-24 04:14:12.762 D/Avrcp_ext( 5359): isPackageNameValid: browsedPackage = isValid = false
03-24 04:14:12.762 W/Avrcp_ext( 5359): sendTrackChangedRsp track [-1, -1, -1, -1, -1, -1, -1, -1] rsptype 0
03-24 04:14:12.762 V/BluetoothAvrcpServiceJni( 5359): registerNotificationRspTrackChangeNative: Sending track change notification: 0
03-24 04:14:12.762 D/bt_btif ( 5359): register_notification_rsp: isShoMcastEnabled: 1
03-24 04:14:12.763 D/Avrcp_ext( 5359): Exit processRegisterNotification
03-24 04:14:12.763 D/bt_btif ( 5359): LCB lcb=1 event=UL_MSG_EVT state=LCB_OPEN_ST
03-24 04:14:12.763 V/Avrcp_ext( 5359): Exit handleMessage
03-24 04:14:12.795 W/bt_device_profile( 5359): profile_feature_fetch:profile 3
03-24 04:14:12.795 W/bt_device_profile( 5359): profile_feature_fetch:MAP_0104_SUPPORT found 1
03-24 04:14:12.795 E/bt_btif ( 5359): sdp_upgrade_mse_record
03-24 04:14:12.795 W/bt_device_profile( 5359): profile_feature_fetch:profile 2
03-24 04:14:12.795 W/bt_device_profile( 5359): profile_feature_fetch:PBAP_0102_SUPPORT found 1
03-24 04:14:12.811 W/bt_l2cap( 5359): L2CA_DisconnectRsp() CID: 0x004a
03-24 04:14:12.811 W/bt_l2cap( 5359): L2CAP - LCID: 0x004a st: W4_L2CA_DISC_RSP evt: UPPER_LAYER_DISCONNECT_RSP
03-24 04:14:12.811 I/bt_snoop( 5359): L2CAP channel is closed: handle=2(0x2), lcid=74(0x4a), rcid=73(0x49)
03-24 04:14:12.811 I/bt_stack( 5359): [INFO:btsnoop.cc(651)] clear_l2cap_whitelist: Clearing whitelist from l2cap channel. conn_handle=2 cid=74:73
03-24 04:14:12.811 W/bt_sdp ( 5359): SDP - Rcvd L2CAP disc, process pend sdp ccb: 0x4a
03-24 04:14:12.894 I/vendor.qti.bluetooth@1.0-ibs_handler( 801): ProcessIbsCmd: Received IBS_SLEEP_IND: 0xFE
03-24 04:14:12.911 I/vendor.qti.bluetooth@1.0-ibs_handler( 801): ProcessIbsCmd: Received IBS_WAKE_IND: 0xFD
03-24 04:14:12.912 I/vendor.qti.bluetooth@1.0-ibs_handler( 801): ProcessIbsCmd: Writing IBS_WAKE_ACK
03-24 04:14:12.912 D/bt_btif ( 5359): LCB lcb=1 event=LL_MSG_EVT state=LCB_OPEN_ST
03-24 04:14:12.912 D/bt_btif ( 5359): bta_av_rc_msg_cback handle: 0 opcode=0x0
03-24 04:14:12.912 D/bt_btif ( 5359): bta_av_rc_msg_cback data_len: 17
03-24 04:14:12.913 D/bt_btif ( 5359): btif_av_state_opened_handler: event: BTA_AV_META_MSG_EVT, flags: 0, peer_sep: 1, index: 0 reconfig_event: 0, codec_cfg_change: 0, reconfig_pending: 0, reconfig_a2dp: 0, is_retry_reconfig: 0
03-24 04:14:12.913 D/bt_btif ( 5359): btif_rc_handler: event: BTA_AV_META_MSG_EVT
03-24 04:14:12.913 W/bt_device_profile( 5359): profile_feature_fetch:profile 1
03-24 04:14:12.913 W/bt_device_profile( 5359): profile_feature_fetch:AVRCP_COVERART_SUPPORT found 1
03-24 04:14:12.913 D/bt_btif ( 5359): btif_rc_upstreams_evt: pdu: AVRC_PDU_GET_ELEMENT_ATTR handle: 0x0 ctype: 1 label: 4 event ID: 1 ver: 106
03-24 04:14:12.913 W/bt_device_profile( 5359): profile_feature_fetch:profile 1
03-24 04:14:12.913 W/bt_device_profile( 5359): profile_feature_fetch:AVRCP_COVERART_SUPPORT found 1
03-24 04:14:12.913 V/Avrcp_ext( 5359): getElementAttrRequestFromNative: numAttr=1
03-24 04:14:12.914 V/Avrcp_ext( 5359): Exit getElementAttrRequestFromNative
03-24 04:14:12.914 V/Avrcp_ext( 5359): AvrcpMessageHandler: received message=3
03-24 04:14:12.914 V/Avrcp_ext( 5359): MSG_NATIVE_REQ_GET_ELEM_ATTRS:numAttr=1
03-24 04:14:12.917 V/Avrcp_ext( 5359): getElementAttr response: [6=]
03-24 04:14:12.917 V/Avrcp_ext( 5359): Exit handleMessage
03-24 04:14:12.917 D/bt_btif ( 5359): LCB lcb=1 event=UL_MSG_EVT state=LCB_OPEN_ST
03-24 04:14:12.971 D/bt_btif ( 5359): LCB lcb=1 event=LL_MSG_EVT state=LCB_OPEN_ST
03-24 04:14:12.971 D/bt_btif ( 5359): bta_av_rc_msg_cback handle: 0 opcode=0x0
03-24 04:14:12.971 D/bt_btif ( 5359): bta_av_rc_msg_cback data_len: 17
03-24 04:14:12.971 D/bt_btif ( 5359): btif_av_state_opened_handler: event: BTA_AV_META_MSG_EVT, flags: 0, peer_sep: 1, index: 0 reconfig_event: 0, codec_cfg_change: 0, reconfig_pending: 0, reconfig_a2dp: 0, is_retry_reconfig: 0
03-24 04:14:12.971 D/bt_btif ( 5359): btif_rc_handler: event: BTA_AV_META_MSG_EVT
03-24 04:14:12.971 W/bt_device_profile( 5359): profile_feature_fetch:profile 1
03-24 04:14:12.971 W/bt_device_profile( 5359): profile_feature_fetch:AVRCP_COVERART_SUPPORT found 1
03-24 04:14:12.972 D/bt_btif ( 5359): btif_rc_upstreams_evt: pdu: AVRC_PDU_GET_ELEMENT_ATTR handle: 0x0 ctype: 1 label: 5 event ID: 1 ver: 106
03-24 04:14:12.972 W/bt_device_profile( 5359): profile_feature_fetch:profile 1
03-24 04:14:12.972 W/bt_device_profile( 5359): profile_feature_fetch:AVRCP_COVERART_SUPPORT found 1
03-24 04:14:12.972 V/Avrcp_ext( 5359): getElementAttrRequestFromNative: numAttr=1
03-24 04:14:12.972 V/Avrcp_ext( 5359): Exit getElementAttrRequestFromNative
03-24 04:14:12.972 V/Avrcp_ext( 5359): AvrcpMessageHandler: received message=3
03-24 04:14:12.972 V/Avrcp_ext( 5359): MSG_NATIVE_REQ_GET_ELEM_ATTRS:numAttr=1
03-24 04:14:12.975 V/Avrcp_ext( 5359): getElementAttr response: [2=]
03-24 04:14:12.975 V/Avrcp_ext( 5359): Exit handleMessage
03-24 04:14:12.975 D/bt_btif ( 5359): LCB lcb=1 event=UL_MSG_EVT state=LCB_OPEN_ST
03-24 04:14:12.985 D/bt_btif ( 5359): LCB lcb=1 event=LL_MSG_EVT state=LCB_OPEN_ST
03-24 04:14:12.985 D/bt_btif ( 5359): bta_av_rc_msg_cback handle: 0 opcode=0x0
03-24 04:14:12.985 D/bt_btif ( 5359): bta_av_rc_msg_cback data_len: 17
03-24 04:14:12.985 D/bt_btif ( 5359): btif_av_state_opened_handler: event: BTA_AV_META_MSG_EVT, flags: 0, peer_sep: 1, index: 0 reconfig_event: 0, codec_cfg_change: 0, reconfig_pending: 0, reconfig_a2dp: 0, is_retry_reconfig: 0
03-24 04:14:12.985 D/bt_btif ( 5359): btif_rc_handler: event: BTA_AV_META_MSG_EVT
03-24 04:14:12.985 W/bt_device_profile( 5359): profile_feature_fetch:profile 1
03-24 04:14:12.985 W/bt_device_profile( 5359): profile_feature_fetch:AVRCP_COVERART_SUPPORT found 1
03-24 04:14:12.985 D/bt_btif ( 5359): btif_rc_upstreams_evt: pdu: AVRC_PDU_GET_ELEMENT_ATTR handle: 0x0 ctype: 1 label: 6 event ID: 1 ver: 106
03-24 04:14:12.985 W/bt_device_profile( 5359): profile_feature_fetch:profile 1
03-24 04:14:12.985 W/bt_device_profile( 5359): profile_feature_fetch:AVRCP_COVERART_SUPPORT found 1
03-24 04:14:12.985 V/Avrcp_ext( 5359): getElementAttrRequestFromNative: numAttr=1
03-24 04:14:12.986 V/Avrcp_ext( 5359): Exit getElementAttrRequestFromNative
03-24 04:14:12.986 V/Avrcp_ext( 5359): AvrcpMessageHandler: received message=3
03-24 04:14:12.986 V/Avrcp_ext( 5359): MSG_NATIVE_REQ_GET_ELEM_ATTRS:numAttr=1
03-24 04:14:12.987 V/Avrcp_ext( 5359): getElementAttr response: [3=]
03-24 04:14:12.988 V/Avrcp_ext( 5359): Exit handleMessage
03-24 04:14:12.988 D/bt_btif ( 5359): LCB lcb=1 event=UL_MSG_EVT state=LCB_OPEN_ST
03-24 04:14:13.017 D/bt_btif ( 5359): LCB lcb=1 event=LL_MSG_EVT state=LCB_OPEN_ST
03-24 04:14:13.017 D/bt_btif ( 5359): bta_av_rc_msg_cback handle: 0 opcode=0x0
03-24 04:14:13.017 D/bt_btif ( 5359): bta_av_rc_msg_cback data_len: 17
03-24 04:14:13.017 D/bt_btif ( 5359): btif_av_state_opened_handler: event: BTA_AV_META_MSG_EVT, flags: 0, peer_sep: 1, index: 0 reconfig_event: 0, codec_cfg_change: 0, reconfig_pending: 0, reconfig_a2dp: 0, is_retry_reconfig: 0
03-24 04:14:13.018 D/bt_btif ( 5359): btif_rc_handler: event: BTA_AV_META_MSG_EVT
03-24 04:14:13.018 W/bt_device_profile( 5359): profile_feature_fetch:profile 1
03-24 04:14:13.018 W/bt_device_profile( 5359): profile_feature_fetch:AVRCP_COVERART_SUPPORT found 1
03-24 04:14:13.018 D/bt_btif ( 5359): btif_rc_upstreams_evt: pdu: AVRC_PDU_GET_ELEMENT_ATTR handle: 0x0 ctype: 1 label: 7 event ID: 1 ver: 106
03-24 04:14:13.018 W/bt_device_profile( 5359): profile_feature_fetch:profile 1
03-24 04:14:13.018 W/bt_device_profile( 5359): profile_feature_fetch:AVRCP_COVERART_SUPPORT found 1
03-24 04:14:13.018 V/Avrcp_ext( 5359): getElementAttrRequestFromNative: numAttr=1
03-24 04:14:13.018 V/Avrcp_ext( 5359): Exit getElementAttrRequestFromNative
03-24 04:14:13.018 V/Avrcp_ext( 5359): AvrcpMessageHandler: received message=3
03-24 04:14:13.018 V/Avrcp_ext( 5359): MSG_NATIVE_REQ_GET_ELEM_ATTRS:numAttr=1
03-24 04:14:13.021 V/Avrcp_ext( 5359): getElementAttr response: [1=]
03-24 04:14:13.021 V/Avrcp_ext( 5359): Exit handleMessage
03-24 04:14:13.021 D/bt_btif ( 5359): LCB lcb=1 event=UL_MSG_EVT state=LCB_OPEN_ST
03-24 04:14:13.104 I/vendor.qti.bluetooth@1.0-ibs_handler( 801): ProcessIbsCmd: Received IBS_SLEEP_IND: 0xFE
03-24 04:14:13.185 I/OMX-VENC: venc_dev( 1210): stats: avg. fps 12.93, bitrate 524250
03-24 04:14:13.191 W/View ( 1990): requestLayout() improperly called by android.widget.FrameLayout{3906626 I.E...... ......ID 0,0-780,182 #2bc} during second layout pass: posting in next frame
03-24 04:14:13.191 W/View ( 1990): requestLayout() improperly called by com.android.systemui.statusbar.AlphaOptimizedImageView{7aad581 VFED..C.. ......ID 0,0-140,132} during second layout pass: posting in next frame
03-24 04:14:13.199 W/View ( 1990): requestLayout() improperly called by android.widget.FrameLayout{3906626 I.E...... ......ID 0,0-780,182 #2bc} during layout: running second layout pass
03-24 04:14:13.199 W/View ( 1990): requestLayout() improperly called by com.android.systemui.statusbar.AlphaOptimizedImageView{7aad581 VFED..C.. ......ID 0,0-140,132} during layout: running second layout pass
03-24 04:14:13.272 W/hpplay-java( 2725): [main]:IPManager:getActiveNets invalid networkInfo:null
03-24 04:14:13.272 I/hpplay-java( 2725): [main]:IPManager:getActiveNets eth0:false wifi:false mobile:false ap:false
03-24 04:14:13.272 I/hpplay-java( 2725): [main]:ServerTaskManager:get local ip:null
03-24 04:14:13.509 I/mpu_uart( 646): [MSG-P:RECV]:No message received in 1000 ms
03-24 04:14:13.612 W/View ( 1990): requestLayout() improperly called by android.widget.FrameLayout{3906626 I.E...... ......ID 0,0-780,182 #2bc} during second layout pass: posting in next frame
03-24 04:14:13.612 W/View ( 1990): requestLayout() improperly called by com.android.systemui.statusbar.AlphaOptimizedImageView{7aad581 VFED..C.. ......ID 0,0-140,132} during second layout pass: posting in next frame
03-24 04:14:13.636 W/View ( 1990): requestLayout() improperly called by android.widget.FrameLayout{3906626 I.E...... ......ID 0,0-780,182 #2bc} during layout: running second layout pass
03-24 04:14:13.636 W/View ( 1990): requestLayout() improperly called by com.android.systemui.statusbar.AlphaOptimizedImageView{7aad581 VFED..C.. ......ID 0,0-140,132} during layout: running second layout pass
03-24 04:14:13.651 I/mpu_uart( 646): [MSG-P:R]:recv sync frame timeout
03-24 04:14:13.660 I/OMX-VENC: venc_dev( 1210): stats: avg. fps 3.98, bitrate 179707
03-24 04:14:13.845 W/View ( 1990): requestLayout() improperly called by android.widget.FrameLayout{3906626 I.E...... ......ID 0,0-780,182 #2bc} during second layout pass: posting in next frame
03-24 04:14:13.845 W/View ( 1990): requestLayout() improperly called by com.android.systemui.statusbar.AlphaOptimizedImageView{7aad581 VFED..C.. ......ID 0,0-140,132} during second layout pass: posting in next frame
03-24 04:14:13.870 W/View ( 1990): requestLayout() improperly called by android.widget.FrameLayout{3906626 I.E...... ......ID 0,0-780,182 #2bc} during layout: running second layout pass
03-24 04:14:13.870 W/View ( 1990): requestLayout() improperly called by com.android.systemui.statusbar.AlphaOptimizedImageView{7aad581 VFED..C.. ......ID 0,0-140,132} during layout: running second layout pass
03-24 04:14:13.896 W/View ( 1990): requestLayout() improperly called by android.widget.FrameLayout{3906626 I.E...... ......ID 0,0-780,182 #2bc} during second layout pass: posting in next frame
03-24 04:14:13.896 W/View ( 1990): requestLayout() improperly called by com.android.systemui.statusbar.AlphaOptimizedImageView{7aad581 VFED..C.. ......ID 0,0-140,132} during second layout pass: posting in next frame
03-24 04:14:13.916 W/View ( 1990): requestLayout() improperly called by android.widget.FrameLayout{3906626 I.E...... ......ID 0,0-780,182 #2bc} during layout: running second layout pass
03-24 04:14:13.916 W/View ( 1990): requestLayout() improperly called by com.android.systemui.statusbar.AlphaOptimizedImageView{7aad581 VFED..C.. ......ID 0,0-140,132} during layout: running second layout pass
03-24 04:14:13.935 W/View ( 1990): requestLayout() improperly called by android.widget.FrameLayout{3906626 I.E...... ......ID 0,0-780,182 #2bc} during second layout pass: posting in next frame
03-24 04:14:13.936 W/View ( 1990): requestLayout() improperly called by com.android.systemui.statusbar.AlphaOptimizedImageView{7aad581 VFED..C.. ......ID 0,0-140,132} during second layout pass: posting in next frame
03-24 04:14:13.942 W/View ( 1990): requestLayout() improperly called by android.widget.FrameLayout{3906626 I.E...... ......ID 0,0-780,182 #2bc} during layout: running second layout pass
03-24 04:14:13.942 W/View ( 1990): requestLayout() improperly called by com.android.systemui.statusbar.AlphaOptimizedImageView{7aad581 VFED..C.. ......ID 0,0-140,132} during layout: running second layout pass
03-24 04:14:13.955 W/View ( 1990): requestLayout() improperly called by android.widget.FrameLayout{3906626 I.E...... ......ID 0,0-780,182 #2bc} during second layout pass: posting in next frame
03-24 04:14:13.955 W/View ( 1990): requestLayout() improperly called by com.android.systemui.statusbar.AlphaOptimizedImageView{7aad581 VFED..C.. ......ID 0,0-140,132} during second layout pass: posting in next frame
03-24 04:14:13.965 W/View ( 1990): requestLayout() improperly called by android.widget.FrameLayout{3906626 I.E...... ......ID 0,0-780,182 #2bc} during layout: running second layout pass
03-24 04:14:13.965 W/View ( 1990): requestLayout() improperly called by com.android.systemui.statusbar.AlphaOptimizedImageView{7aad581 VFED..C.. ......ID 0,0-140,132} during layout: running second layout pass
03-24 04:14:13.976 W/View ( 1990): requestLayout() improperly called by android.widget.FrameLayout{3906626 I.E...... ......ID 0,0-780,182 #2bc} during second layout pass: posting in next frame
03-24 04:14:13.976 W/View ( 1990): requestLayout() improperly called by com.android.systemui.statusbar.AlphaOptimizedImageView{7aad581 VFED..C.. ......ID 0,0-140,132} during second layout pass: posting in next frame
03-24 04:14:13.982 W/View ( 1990): requestLayout() improperly called by android.widget.FrameLayout{3906626 I.E...... ......ID 0,0-780,182 #2bc} during layout: running second layout pass
03-24 04:14:13.982 W/View ( 1990): requestLayout() improperly called by com.android.systemui.statusbar.AlphaOptimizedImageView{7aad581 VFED..C.. ......ID 0,0-140,132} during layout: running second layout pass
03-24 04:14:13.991 W/View ( 1990): requestLayout() improperly called by android.widget.FrameLayout{3906626 I.E...... ......ID 0,0-780,182 #2bc} during second layout pass: posting in next frame
03-24 04:14:13.991 W/View ( 1990): requestLayout() improperly called by com.android.systemui.statusbar.AlphaOptimizedImageView{7aad581 VFED..C.. ......ID 0,0-140,132} during second layout pass: posting in next frame
03-24 04:14:13.998 W/View ( 1990): requestLayout() improperly called by android.widget.FrameLayout{3906626 I.E...... ......ID 0,0-780,182 #2bc} during layout: running second layout pass
03-24 04:14:13.999 W/View ( 1990): requestLayout() improperly called by com.android.systemui.statusbar.AlphaOptimizedImageView{7aad581 VFED..C.. ......ID 0,0-140,132} during layout: running second layout pass
03-24 04:14:14.008 W/View ( 1990): requestLayout() improperly called by android.widget.FrameLayout{3906626 I.E...... ......ID 0,0-780,182 #2bc} during second layout pass: posting in next frame
03-24 04:14:14.008 W/View ( 1990): requestLayout() improperly called by com.android.systemui.statusbar.AlphaOptimizedImageView{7aad581 VFED..C.. ......ID 0,0-140,132} during second layout pass: posting in next frame
03-24 04:14:14.015 W/View ( 1990): requestLayout() improperly called by android.widget.FrameLayout{3906626 I.E...... ......ID 0,0-780,182 #2bc} during layout: running second layout pass
03-24 04:14:14.015 W/View ( 1990): requestLayout() improperly called by com.android.systemui.statusbar.AlphaOptimizedImageView{7aad581 VFED..C.. ......ID 0,0-140,132} during layout: running second layout pass
03-24 04:14:14.022 I/vendor.qti.bluetooth@1.0-ibs_handler( 801): DeviceSleep: TX Awake, Sending SLEEP_IND
03-24 04:14:14.022 D/vendor.qti.bluetooth@1.0-ibs_handler( 801): SerialClockVote: vote for UART CLK OFF
03-24 04:14:14.024 W/View ( 1990): requestLayout() improperly called by android.widget.FrameLayout{3906626 I.E...... ......ID 0,0-780,182 #2bc} during second layout pass: posting in next frame
03-24 04:14:14.024 W/View ( 1990): requestLayout() improperly called by com.android.systemui.statusbar.AlphaOptimizedImageView{7aad581 VFED..C.. ......ID 0,0-140,132} during second layout pass: posting in next frame
03-24 04:14:14.031 W/View ( 1990): requestLayout() improperly called by android.widget.FrameLayout{3906626 I.E...... ......ID 0,0-780,182 #2bc} during layout: running second layout pass
03-24 04:14:14.031 W/View ( 1990): requestLayout() improperly called by com.android.systemui.statusbar.AlphaOptimizedImageView{7aad581 VFED..C.. ......ID 0,0-140,132} during layout: running second layout pass
03-24 04:14:14.038 W/View ( 1990): requestLayout() improperly called by android.widget.FrameLayout{3906626 I.E...... ......ID 0,0-780,182 #2bc} during second layout pass: posting in next frame
03-24 04:14:14.039 W/View ( 1990): requestLayout() improperly called by com.android.systemui.statusbar.AlphaOptimizedImageView{7aad581 VFED..C.. ......ID 0,0-140,132} during second layout pass: posting in next frame
03-24 04:14:14.047 W/View ( 1990): requestLayout() improperly called by android.widget.FrameLayout{3906626 I.E...... ......ID 0,0-780,182 #2bc} during layout: running second layout pass
03-24 04:14:14.047 W/View ( 1990): requestLayout() improperly called by com.android.systemui.statusbar.AlphaOptimizedImageView{7aad581 VFED..C.. ......ID 0,0-140,132} during layout: running second layout pass
03-24 04:14:14.053 W/View ( 1990): requestLayout() improperly called by android.widget.FrameLayout{3906626 I.E...... ......ID 0,0-780,182 #2bc} during second layout pass: posting in next frame
03-24 04:14:14.054 W/View ( 1990): requestLayout() improperly called by com.android.systemui.statusbar.AlphaOptimizedImageView{7aad581 VFED..C.. ......ID 0,0-140,132} during second layout pass: posting in next frame
03-24 04:14:14.063 W/View ( 1990): requestLayout() improperly called by android.widget.FrameLayout{3906626 I.E...... ......ID 0,0-780,182 #2bc} during layout: running second layout pass
03-24 04:14:14.064 W/View ( 1990): requestLayout() improperly called by com.android.systemui.statusbar.AlphaOptimizedImageView{7aad581 VFED..C.. ......ID 0,0-140,132} during layout: running second layout pass
03-24 04:14:14.070 W/View ( 1990): requestLayout() improperly called by android.widget.FrameLayout{3906626 I.E...... ......ID 0,0-780,182 #2bc} during second layout pass: posting in next frame
03-24 04:14:14.071 W/View ( 1990): requestLayout() improperly called by com.android.systemui.statusbar.AlphaOptimizedImageView{7aad581 VFED..C.. ......ID 0,0-140,132} during second layout pass: posting in next frame
03-24 04:14:14.083 W/InputManager-JNI( 1526): Input channel object 'bcea160 Toast (client)' was disposed without first being removed with the input manager!
03-24 04:14:14.088 W/NotificationService( 1526): Toast already killed. pkg=com.android.settings token=android.os.BinderProxy@c0d7f51
03-24 04:14:14.091 W/View ( 1990): requestLayout() improperly called by android.widget.FrameLayout{3906626 I.E...... ......ID 0,0-780,182 #2bc} during layout: running second layout pass
03-24 04:14:14.091 W/View ( 1990): requestLayout() improperly called by com.android.systemui.statusbar.AlphaOptimizedImageView{7aad581 VFED..C.. ......ID 0,0-140,132} during layout: running second layout pass
03-24 04:14:14.119 I/OpenGLRenderer( 1990): Davey! duration=9223370250923ms; Flags=0, FrameTimelineVsyncId=21838, IntendedVsync=1785930677515, Vsync=1785930677515, InputEventId=0, HandleInputStart=1785931093744, AnimationStart=1785931096869, PerformTraversalsStart=1785941992859, DrawStart=1785947118744, FrameDeadline=1785968677513, FrameInterval=1785931088067, FrameStartTime=16666666, SyncQueued=1785947349786, SyncStart=1785947478015, IssueDrawCommandsStart=1785947842494, SwapBuffers=1785950398692, FrameCompleted=9223372036854775807, DequeueBufferDuration=22552, QueueBufferDuration=599687, GpuCompleted=9223372036854775807, SwapBuffersCompleted=1785951286973, DisplayPresentTime=0,
03-24 04:14:14.172 E/vendor.qti.bluetooth@1.0-wake_lock( 801): Release wake lock not initialized/acquired
03-24 04:14:14.185 W/View ( 1990): requestLayout() improperly called by android.widget.FrameLayout{3906626 I.E...... ......ID 0,0-780,182 #2bc} during second layout pass: posting in next frame
03-24 04:14:14.185 W/View ( 1990): requestLayout() improperly called by com.android.systemui.statusbar.AlphaOptimizedImageView{7aad581 VFED..C.. ......ID 0,0-140,132} during second layout pass: posting in next frame
03-24 04:14:14.198 W/View ( 1990): requestLayout() improperly called by android.widget.FrameLayout{3906626 I.E...... ......ID 0,0-780,182 #2bc} during layout: running second layout pass
03-24 04:14:14.198 W/View ( 1990): requestLayout() improperly called by com.android.systemui.statusbar.AlphaOptimizedImageView{7aad581 VFED..C.. ......ID 0,0-140,132} during layout: running second layout pass
03-24 04:14:14.217 I/OMX-VENC: venc_dev( 1210): stats: avg. fps 24.22, bitrate 981039
03-24 04:14:14.275 W/hpplay-java( 2725): [main]:IPManager:getActiveNets invalid networkInfo:null
03-24 04:14:14.275 I/hpplay-java( 2725): [main]:IPManager:getActiveNets eth0:false wifi:false mobile:false ap:false
03-24 04:14:14.275 I/hpplay-java( 2725): [main]:ServerTaskManager:get local ip:null
03-24 04:14:14.509 I/mpu_uart( 646): [MSG-P:RECV]:No message received in 1000 ms
03-24 04:14:14.614 W/View ( 1990): requestLayout() improperly called by android.widget.FrameLayout{3906626 I.E...... ......ID 0,0-780,182 #2bc} during second layout pass: posting in next frame
03-24 04:14:14.616 W/View ( 1990): requestLayout() improperly called by com.android.systemui.statusbar.AlphaOptimizedImageView{7aad581 VFED..C.. ......ID 0,0-140,132} during second layout pass: posting in next frame
03-24 04:14:14.638 W/View ( 1990): requestLayout() improperly called by android.widget.FrameLayout{3906626 I.E...... ......ID 0,0-780,182 #2bc} during layout: running second layout pass
03-24 04:14:14.638 W/View ( 1990): requestLayout() improperly called by com.android.systemui.statusbar.AlphaOptimizedImageView{7aad581 VFED..C.. ......ID 0,0-140,132} during layout: running second layout pass
03-24 04:14:14.661 I/OMX-VENC: venc_dev( 1210): stats: avg. fps 17.98, bitrate 808893
03-24 04:14:15.197 W/View ( 1990): requestLayout() improperly called by android.widget.FrameLayout{3906626 I.E...... ......ID 0,0-780,182 #2bc} during second layout pass: posting in next frame
03-24 04:14:15.197 W/View ( 1990): requestLayout() improperly called by com.android.systemui.statusbar.AlphaOptimizedImageView{7aad581 VFED..C.. ......ID 0,0-140,132} during second layout pass: posting in next frame
03-24 04:14:15.220 W/View ( 1990): requestLayout() improperly called by android.widget.FrameLayout{3906626 I.E...... ......ID 0,0-780,182 #2bc} during layout: running second layout pass
03-24 04:14:15.220 W/View ( 1990): requestLayout() improperly called by com.android.systemui.statusbar.AlphaOptimizedImageView{7aad581 VFED..C.. ......ID 0,0-140,132} during layout: running second layout pass
03-24 04:14:15.238 I/OMX-VENC: venc_dev( 1210): stats: avg. fps 12.74, bitrate 963185
03-24 04:14:15.278 W/hpplay-java( 2725): [main]:IPManager:getActiveNets invalid networkInfo:null
03-24 04:14:15.278 I/hpplay-java( 2725): [main]:IPManager:getActiveNets eth0:false wifi:false mobile:false ap:false
03-24 04:14:15.278 I/hpplay-java( 2725): [main]:ServerTaskManager:get local ip:null
03-24 04:14:15.386 I/am_pss ( 1526): [2550,10073,com.android.launcher3,91616256,81899520,0,223363072,0,2,13]
03-24 04:14:15.510 I/mpu_uart( 646): [MSG-P:RECV]:No message received in 1000 ms
03-24 04:14:15.605 E/tlogd ( 1344): [TzLogger](isPathReadable) file /sys/kernel/debug/tzdbg/qsee_log isn't exist or no permission, err: No such file or directory
03-24 04:14:15.605 E/tlogd ( 1344): [TzLogger](saveTzlogAsync) /sys/kernel/debug/tzdbg/qsee_log can not read.
03-24 04:14:15.605 E/tlogd ( 1344): [TzLogger](isPathReadable) file /sys/kernel/debug/tzdbg/log isn't exist or no permission, err: No such file or directory
03-24 04:14:15.605 E/tlogd ( 1344): [TzLogger](saveTzlogAsync) /sys/kernel/debug/tzdbg/log can not read.
03-24 04:14:15.616 W/View ( 1990): requestLayout() improperly called by android.widget.FrameLayout{3906626 I.E...... ......ID 0,0-780,182 #2bc} during second layout pass: posting in next frame
03-24 04:14:15.617 W/View ( 1990): requestLayout() improperly called by com.android.systemui.statusbar.AlphaOptimizedImageView{7aad581 VFED..C.. ......ID 0,0-140,132} during second layout pass: posting in next frame
03-24 04:14:15.640 W/View ( 1990): requestLayout() improperly called by android.widget.FrameLayout{3906626 I.E...... ......ID 0,0-780,182 #2bc} during layout: running second layout pass
03-24 04:14:15.641 W/View ( 1990): requestLayout() improperly called by com.android.systemui.statusbar.AlphaOptimizedImageView{7aad581 VFED..C.. ......ID 0,0-140,132} during layout: running second layout pass
03-24 04:14:15.662 I/OMX-VENC: venc_dev( 1210): stats: avg. fps 4.00, bitrate 179273
03-24 04:14:16.199 W/View ( 1990): requestLayout() improperly called by android.widget.FrameLayout{3906626 I.E...... ......ID 0,0-780,182 #2bc} during second layout pass: posting in next frame
03-24 04:14:16.199 W/View ( 1990): requestLayout() improperly called by com.android.systemui.statusbar.AlphaOptimizedImageView{7aad581 VFED..C.. ......ID 0,0-140,132} during second layout pass: posting in next frame
03-24 04:14:16.224 W/View ( 1990): requestLayout() improperly called by android.widget.FrameLayout{3906626 I.E...... ......ID 0,0-780,182 #2bc} during layout: running second layout pass
03-24 04:14:16.224 W/View ( 1990): requestLayout() improperly called by com.android.systemui.statusbar.AlphaOptimizedImageView{7aad581 VFED..C.. ......ID 0,0-140,132} during layout: running second layout pass
03-24 04:14:16.241 I/OMX-VENC: venc_dev( 1210): stats: avg. fps 11.96, bitrate 454283
03-24 04:14:16.280 W/hpplay-java( 2725): [main]:IPManager:getActiveNets invalid networkInfo:null
03-24 04:14:16.280 I/hpplay-java( 2725): [main]:IPManager:getActiveNets eth0:false wifi:false mobile:false ap:false
03-24 04:14:16.280 I/hpplay-java( 2725): [main]:ServerTaskManager:get local ip:null
03-24 04:14:16.510 I/mpu_uart( 646): [MSG-P:RECV]:No message received in 1000 ms
03-24 04:14:16.619 W/View ( 1990): requestLayout() improperly called by android.widget.FrameLayout{3906626 I.E...... ......ID 0,0-780,182 #2bc} during second layout pass: posting in next frame
03-24 04:14:16.620 W/View ( 1990): requestLayout() improperly called by com.android.systemui.statusbar.AlphaOptimizedImageView{7aad581 VFED..C.. ......ID 0,0-140,132} during second layout pass: posting in next frame
03-24 04:14:16.643 W/View ( 1990): requestLayout() improperly called by android.widget.FrameLayout{3906626 I.E...... ......ID 0,0-780,182 #2bc} during layout: running second layout pass
03-24 04:14:16.643 W/View ( 1990): requestLayout() improperly called by com.android.systemui.statusbar.AlphaOptimizedImageView{7aad581 VFED..C.. ......ID 0,0-140,132} during layout: running second layout pass
03-24 04:14:16.654 I/mpu_uart( 646): [MSG-P:R]:recv sync frame timeout
03-24 04:14:16.665 I/OMX-VENC: venc_dev( 1210): stats: avg. fps 3.99, bitrate 179385
03-24 04:14:17.077 I/BluetoothPhonePolicy( 5359): processConnectOtherProfiles, device=14:3F:A6:D2:4D:63
03-24 04:14:17.077 D/HeadsetService( 5359): getHeadsetService(): returning com.android.bluetooth.hfp.HeadsetService@137a197
03-24 04:14:17.077 E/HeadsetStateMachine( 5359): returning mCurrentState as Connected
03-24 04:14:17.079 D/HeadsetService( 5359): getHeadsetService(): returning com.android.bluetooth.hfp.HeadsetService@137a197
03-24 04:14:17.079 E/HeadsetStateMachine( 5359): returning mCurrentState as Connected
03-24 04:14:17.079 I/BluetoothPhonePolicy( 5359): HF connected for device : 14:3F:A6:D2:4D:63 true
03-24 04:14:17.079 I/BluetoothPhonePolicy( 5359): A2DP connected for device : 14:3F:A6:D2:4D:63 true
03-24 04:14:17.079 I/BluetoothPhonePolicy( 5359): A2DPSink connected for device : 14:3F:A6:D2:4D:63 false
03-24 04:14:17.079 V/BluetoothDatabase( 5359): getProfileConnectionPolicy: 14:3F:A6:D2:4D:63, profile=5, connectionPolicy = -1
03-24 04:14:17.080 V/BluetoothDatabase( 5359): deviceSupportsBCprofile: false
03-24 04:14:17.132 D/RemoteControlService( 2327): startVlanDispatchThread
03-24 04:14:17.182 W/View ( 1990): requestLayout() improperly called by android.widget.FrameLayout{3906626 I.E...... ......ID 0,0-780,182 #2bc} during second layout pass: posting in next frame
03-24 04:14:17.182 W/View ( 1990): requestLayout() improperly called by com.android.systemui.statusbar.AlphaOptimizedImageView{7aad581 VFED..C.. ......ID 0,0-140,132} during second layout pass: posting in next frame
03-24 04:14:17.190 W/View ( 1990): requestLayout() improperly called by android.widget.FrameLayout{3906626 I.E...... ......ID 0,0-780,182 #2bc} during layout: running second layout pass
03-24 04:14:17.190 W/View ( 1990): requestLayout() improperly called by com.android.systemui.statusbar.AlphaOptimizedImageView{7aad581 VFED..C.. ......ID 0,0-140,132} during layout: running second layout pass
03-24 04:14:17.243 I/OMX-VENC: venc_dev( 1210): stats: avg. fps 13.98, bitrate 532776
03-24 04:14:17.282 W/hpplay-java( 2725): [main]:IPManager:getActiveNets invalid networkInfo:null
03-24 04:14:17.282 I/hpplay-java( 2725): [main]:IPManager:getActiveNets eth0:false wifi:false mobile:false ap:false
03-24 04:14:17.282 I/hpplay-java( 2725): [main]:ServerTaskManager:get local ip:null
03-24 04:14:17.510 I/mpu_uart( 646): [MSG-P:RECV]:No message received in 1000 ms
03-24 04:14:17.622 W/View ( 1990): requestLayout() improperly called by android.widget.FrameLayout{3906626 I.E...... ......ID 0,0-780,182 #2bc} during second layout pass: posting in next frame
03-24 04:14:17.622 W/View ( 1990): requestLayout() improperly called by com.android.systemui.statusbar.AlphaOptimizedImageView{7aad581 VFED..C.. ......ID 0,0-140,132} during second layout pass: posting in next frame
