03-24 04:14:09.364 I/BluetoothPhonePolicy( 5359): index=9uuid=8901dfa8-5c7e-4d8f-9f0c-c2b70683f5f0
03-24 04:14:09.364 I/BluetoothPhonePolicy( 5359): index=10uuid=8a482a08-5507-42ac-b673-a88df48b3fc7
03-24 04:14:09.364 D/BluetoothMap( 2390): getConnectionState(14:3F:A6:D2:4D:63)
03-24 04:14:09.365 I/BluetoothPhonePolicy( 5359): index=11uuid=00000000-0000-0000-0000-000000000000
03-24 04:14:09.365 I/BluetoothPhonePolicy( 5359): index=12uuid=00000000-0000-0000-0000-000000000000
03-24 04:14:09.365 W/BluetoothMap( 2390): Proxy not attached to service
03-24 04:14:09.365 I/BluetoothPhonePolicy( 5359): index=13uuid=00000000-0000-0000-0000-000000000000
03-24 04:14:09.365 I/BluetoothPhonePolicy( 5359): index=14uuid=00000000-0000-0000-0000-000000000000
03-24 04:14:09.365 I/BluetoothPhonePolicy( 5359): index=15uuid=00000000-0000-0000-0000-000000000000
03-24 04:14:09.365 I/BluetoothPhonePolicy( 5359): index=16uuid=00000000-0000-0000-0000-000000000000
03-24 04:14:09.365 I/BluetoothPhonePolicy( 5359): index=17uuid=00000000-0000-0000-0000-000000000000
03-24 04:14:09.365 I/BluetoothPhonePolicy( 5359): index=18uuid=00000000-0000-0000-0000-000000000000
03-24 04:14:09.365 I/BluetoothPhonePolicy( 5359): index=19uuid=00000000-0000-0000-0000-000000000000
03-24 04:14:09.365 D/LocalBluetoothProfileManager( 2390): New Profiles[HEADSET, A2DP, PBAP Server]
03-24 04:14:09.365 I/BluetoothPhonePolicy( 5359): index=20uuid=00000000-0000-0000-0000-000000000000
03-24 04:14:09.365 I/BluetoothPhonePolicy( 5359): index=21uuid=00000000-0000-0000-0000-000000000000
03-24 04:14:09.365 I/BluetoothPhonePolicy( 5359): index=22uuid=00000000-0000-0000-0000-000000000000
03-24 04:14:09.365 I/BluetoothPhonePolicy( 5359): index=23uuid=00000000-0000-0000-0000-000000000000
03-24 04:14:09.365 I/BluetoothPhonePolicy( 5359): index=24uuid=00000000-0000-0000-0000-000000000000
03-24 04:14:09.365 I/BluetoothPhonePolicy( 5359): index=25uuid=00000000-0000-0000-0000-000000000000
03-24 04:14:09.365 I/BluetoothPhonePolicy( 5359): index=26uuid=00000000-0000-0000-0000-000000000000
03-24 04:14:09.365 I/BluetoothPhonePolicy( 5359): index=27uuid=00000000-0000-0000-0000-000000000000
03-24 04:14:09.365 W/BluetoothHeadset( 1990): Proxy not attached to service
03-24 04:14:09.365 I/BluetoothPhonePolicy( 5359): index=28uuid=00000000-0000-0000-0000-000000000000
03-24 04:14:09.365 I/BluetoothPhonePolicy( 5359): index=29uuid=00000000-0000-0000-0000-000000000000
03-24 04:14:09.365 I/BluetoothPhonePolicy( 5359): index=30uuid=00000000-0000-0000-0000-000000000000
03-24 04:14:09.365 I/BluetoothPhonePolicy( 5359): index=31uuid=00000000-0000-0000-0000-000000000000
03-24 04:14:09.365 I/BluetoothPhonePolicy( 5359): processInitProfilePriorities() - device 14:3F:A6:D2:4D:63
03-24 04:14:09.365 D/HeadsetService( 5359): getHeadsetService(): returning com.android.bluetooth.hfp.HeadsetService@137a197
03-24 04:14:09.365 V/BluetoothDatabase( 5359): getProfileConnectionPolicy: 14:3F:A6:D2:4D:63, profile=1, connectionPolicy = 100
03-24 04:14:09.365 V/BluetoothDatabase( 5359): getProfileConnectionPolicy: 14:3F:A6:D2:4D:63, profile=2, connectionPolicy = 100
03-24 04:14:09.365 I/BluetoothPhonePolicy( 5359): delay auto connect by 500 ms
03-24 04:14:09.365 D/BluetoothAdapterService( 5359): isQuetModeEnabled() - Enabled = false
03-24 04:14:09.365 D/AvrcpBipRsp( 5359): Handler(): got msg=1
03-24 04:14:09.365 D/AvrcpBipRsp( 5359): startL2capListener
03-24 04:14:09.365 D/AvrcpBipRsp( 5359): closeServerSocket
03-24 04:14:09.365 D/ObexServerSockets( 5359): create(rfcomm = -1, l2capPsm = 4129)
03-24 04:14:09.365 W/BluetoothPbap( 1990): Proxy not attached to service
03-24 04:14:09.365 W/BluetoothHeadset( 1990): Proxy not attached to service
03-24 04:14:09.365 D/BluetoothHidHostService( 5359): getDevicesMatchingConnectionStates()
03-24 04:14:09.365 D/BluetoothMap( 1990): Proxy object connected
03-24 04:14:09.365 D/BluetoothMap( 1990): getConnectedDevices()
03-24 04:14:09.366 W/BluetoothPbap( 1990): Proxy not attached to service
03-24 04:14:09.366 W/BluetoothHeadset( 1990): Proxy not attached to service
03-24 04:14:09.366 D/CachedBluetoothDevice( 2390): updating profiles for WH-H910N (h.ear)
03-24 04:14:09.367 W/BluetoothHeadset( 1990): Proxy not attached to service
03-24 04:14:09.367 W/bt_l2cap( 5359): L2CAP - L2CA_Register() called for PSM: 0x1021
03-24 04:14:09.367 D/ObexServerSockets( 5359): Succeed to create listening sockets
03-24 04:14:09.367 D/ObexServerSockets2( 5359): startAccept()
03-24 04:14:09.367 W/BluetoothPbap( 1990): Proxy not attached to service
03-24 04:14:09.367 I/BtOppService( 5359): handleMessage :1
03-24 04:14:09.367 D/ObexServerSockets2( 5359): Accepting socket connection...
03-24 04:14:09.367 D/BtOppService( 5359): start Socket Listeners
03-24 04:14:09.367 D/BtOppService( 5359): stopListeners: mServerSocket is null
03-24 04:14:09.367 V/CachedBluetoothDevice( 2390): Class: 240404
03-24 04:14:09.367 D/ObexServerSockets( 5359): create(rfcomm = 12, l2capPsm = 4131)
03-24 04:14:09.367 V/CachedBluetoothDevice( 2390): UUID:
03-24 04:14:09.367 V/CachedBluetoothDevice( 2390): 00001108-0000-1000-8000-00805f9b34fb
03-24 04:14:09.367 V/CachedBluetoothDevice( 2390): 0000111e-0000-1000-8000-00805f9b34fb
03-24 04:14:09.367 V/CachedBluetoothDevice( 2390): 0000110b-0000-1000-8000-00805f9b34fb
03-24 04:14:09.367 V/CachedBluetoothDevice( 2390): 0000110e-0000-1000-8000-00805f9b34fb
03-24 04:14:09.367 V/CachedBluetoothDevice( 2390): 00000000-0000-1000-8000-00805f9b34fb
03-24 04:14:09.367 V/CachedBluetoothDevice( 2390): 00000000-0000-1000-8000-00805f9b34fb
03-24 04:14:09.367 W/BluetoothPbap( 1990): Proxy not attached to service
03-24 04:14:09.367 V/CachedBluetoothDevice( 2390): 00000000-deca-fade-deca-deafdecacaff
03-24 04:14:09.367 W/BluetoothHeadset( 1990): Proxy not attached to service
03-24 04:14:09.367 V/CachedBluetoothDevice( 2390): 96cc203e-5068-46ad-b32d-e316f5e069ba
03-24 04:14:09.367 V/CachedBluetoothDevice( 2390): b9b213ce-eeab-49e4-8fd9-aa478ed1b26b
03-24 04:14:09.367 V/CachedBluetoothDevice( 2390): 8901dfa8-5c7e-4d8f-9f0c-c2b70683f5f0
03-24 04:14:09.367 V/CachedBluetoothDevice( 2390): 8a482a08-5507-42ac-b673-a88df48b3fc7
03-24 04:14:09.367 V/CachedBluetoothDevice( 2390): 00000000-0000-0000-0000-000000000000
03-24 04:14:09.367 V/CachedBluetoothDevice( 2390): 00000000-0000-0000-0000-000000000000
03-24 04:14:09.367 V/CachedBluetoothDevice( 2390): 00000000-0000-0000-0000-000000000000
03-24 04:14:09.367 V/CachedBluetoothDevice( 2390): 00000000-0000-0000-0000-000000000000
03-24 04:14:09.367 V/CachedBluetoothDevice( 2390): 00000000-0000-0000-0000-000000000000
03-24 04:14:09.367 V/CachedBluetoothDevice( 2390): 00000000-0000-0000-0000-000000000000
03-24 04:14:09.367 V/CachedBluetoothDevice( 2390): 00000000-0000-0000-0000-000000000000
03-24 04:14:09.367 V/CachedBluetoothDevice( 2390): 00000000-0000-0000-0000-000000000000
03-24 04:14:09.367 V/CachedBluetoothDevice( 2390): 00000000-0000-0000-0000-000000000000
03-24 04:14:09.367 V/CachedBluetoothDevice( 2390): 00000000-0000-0000-0000-000000000000
03-24 04:14:09.367 V/CachedBluetoothDevice( 2390): 00000000-0000-0000-0000-000000000000
03-24 04:14:09.367 V/CachedBluetoothDevice( 2390): 00000000-0000-0000-0000-000000000000
03-24 04:14:09.367 V/CachedBluetoothDevice( 2390): 00000000-0000-0000-0000-000000000000
03-24 04:14:09.368 V/CachedBluetoothDevice( 2390): 00000000-0000-0000-0000-000000000000
03-24 04:14:09.368 V/CachedBluetoothDevice( 2390): 00000000-0000-0000-0000-000000000000
03-24 04:14:09.368 V/CachedBluetoothDevice( 2390): 00000000-0000-0000-0000-000000000000
03-24 04:14:09.368 V/CachedBluetoothDevice( 2390): 00000000-0000-0000-0000-000000000000
03-24 04:14:09.368 V/CachedBluetoothDevice( 2390): 00000000-0000-0000-0000-000000000000
03-24 04:14:09.368 V/CachedBluetoothDevice( 2390): 00000000-0000-0000-0000-000000000000
03-24 04:14:09.368 W/BluetoothPbap( 1990): Proxy not attached to service
03-24 04:14:09.368 V/CachedBluetoothDevice( 2390): 00000000-0000-0000-0000-000000000000
03-24 04:14:09.368 V/CachedBluetoothDevice( 2390): 00000000-0000-0000-0000-000000000000
03-24 04:14:09.368 W/BluetoothHeadset( 1990): Proxy not attached to service
03-24 04:14:09.368 W/BluetoothPbap( 1990): Proxy not attached to service
03-24 04:14:09.368 D/BluetoothAdapter( 5359): listenUsingInsecureL2capOn: port=4131
03-24 04:14:09.368 I/bt_stack( 5359): [INFO:port_api.cc(123)] RFCOMM_CreateConnection BDA: ff:ff:ff:ff:ff:ff
03-24 04:14:09.369 D/CachedBluetoothDevice( 2390): onUuidChanged: Time since last connect=1781222
03-24 04:14:09.369 W/bt_l2cap( 5359): L2CAP - L2CA_Register() called for PSM: 0x1023
03-24 04:14:09.369 D/ObexServerSockets( 5359): Succeed to create listening sockets
03-24 04:14:09.369 D/ObexServerSockets3( 5359): startAccept()
03-24 04:14:09.369 D/BluetoothSdpJni( 5359): sdpCreateOppOpsRecordNative
03-24 04:14:09.369 D/BluetoothSdpJni( 5359): SDP Create record success - handle: 3
03-24 04:14:09.370 D/BtOppService( 5359): mOppSdpHandle :3
03-24 04:14:09.370 W/bt_device_profile( 5359): profile_feature_fetch:profile 5
03-24 04:14:09.370 W/bt_device_profile( 5359): profile_feature_fetch:opp_0100_support found 0
03-24 04:14:09.370 D/ObexServerSockets3( 5359): Accepting socket connection...
03-24 04:14:09.370 D/ObexServerSockets3( 5359): Accepting socket connection...
03-24 04:14:09.371 W/BluetoothDatabase( 5359): Invalid metadata key 17
03-24 04:14:09.371 E/BluetoothDatabase( 5359): getCustomMeta: meta key invalid 17
03-24 04:14:09.372 D/AdaptiveHomepageIcon( 2390): Setting background color -69693
03-24 04:14:09.375 D/BluetoothSap( 2390): getConnectionState(14:3F:A6:D2:4D:63)
03-24 04:14:09.375 W/BluetoothSap( 2390): Proxy not attached to service
03-24 04:14:09.375 W/BluetoothHeadset( 2390): Proxy not attached to service
03-24 04:14:09.375 W/BluetoothA2dp( 2390): Proxy not attached to service
03-24 04:14:09.375 W/BluetoothPbap( 2390): Proxy not attached to service
03-24 04:14:09.376 W/BluetoothHeadset( 2390): Proxy not attached to service
03-24 04:14:09.376 W/BluetoothA2dp( 2390): Proxy not attached to service
03-24 04:14:09.376 W/BluetoothPbap( 2390): Proxy not attached to service
03-24 04:14:09.376 D/BluetoothA2dp( 2390): Proxy object connected
03-24 04:14:09.377 D/BluetoothPan( 2390): Proxy object connected
03-24 04:14:09.377 D/BluetoothHearingAid( 2390): Proxy object connected
03-24 04:14:09.379 D/BluetoothSap( 2390): Proxy object connected
03-24 04:14:09.379 D/BluetoothSap( 2390): getConnectedDevices()
03-24 04:14:09.379 V/SapService( 5359): getConnectedDevices()
03-24 04:14:09.381 W/ActivityManager( 1526): Receiver with filter android.content.IntentFilter@fb70cf7 already registered for pid 2390, callerPackage is com.android.settings
03-24 04:14:09.381 D/BluetoothHidHost( 2390): Proxy object connected
03-24 04:14:09.382 D/BluetoothHidHostService( 5359): getDevicesMatchingConnectionStates()
03-24 04:14:09.382 D/BluetoothMap( 2390): Proxy object connected
03-24 04:14:09.382 D/BluetoothMap( 2390): getConnectedDevices()
03-24 04:14:09.386 W/View ( 1990): requestLayout() improperly called by android.widget.FrameLayout{3906626 I.E...... ......ID 0,0-780,182 #2bc} during second layout pass: posting in next frame
03-24 04:14:09.386 W/View ( 1990): requestLayout() improperly called by com.android.systemui.statusbar.AlphaOptimizedImageView{7aad581 VFED..C.. ......ID 0,0-140,132} during second layout pass: posting in next frame
03-24 04:14:09.402 W/View ( 1990): requestLayout() improperly called by android.widget.FrameLayout{3906626 I.E...... ......ID 0,0-780,182 #2bc} during layout: running second layout pass
03-24 04:14:09.402 W/View ( 1990): requestLayout() improperly called by com.android.systemui.statusbar.AlphaOptimizedImageView{7aad581 VFED..C.. ......ID 0,0-140,132} during layout: running second layout pass
03-24 04:14:09.448 D/BluetoothHeadset( 1990): Proxy object connected
03-24 04:14:09.448 D/BluetoothHeadset( 2390): Proxy object connected
03-24 04:14:09.451 I/vendor.qti.bluetooth@1.0-ibs_handler( 801): ProcessIbsCmd: Received IBS_SLEEP_IND: 0xFE
03-24 04:14:09.452 D/BluetoothHeadset( 1526): Proxy object connected
03-24 04:14:09.452 D/BluetoothHeadset( 1526): Proxy object connected
03-24 04:14:09.453 I/Telecom ( 1526): BluetoothDeviceManager: Got BluetoothHeadset: com.android.server.telecom.BluetoothHeadsetProxy@60afdcd: BMSL.oSC@AF4
03-24 04:14:09.453 I/AS.BtHelper( 1526): In onServiceConnected(), profile: 1, proxy: android.bluetooth.BluetoothHeadset@5e9619e
03-24 04:14:09.455 I/AS.BtHelper( 1526): setBtScoActiveDevice: (null) -> (null)
03-24 04:14:09.455 I/AS.BtHelper( 1526): In checkScoAudioState(), mScoAudioState: 0
03-24 04:14:09.456 D/BluetoothPbapService( 5359): getConnectionState: 14:3F:A6:D2:4D:63
03-24 04:14:09.457 I/commit_sys_config_file( 1526): [settings-0-0,7]
03-24 04:14:09.460 D/BluetoothPbapService( 5359): getConnectionState: 14:3F:A6:D2:4D:63
03-24 04:14:09.463 D/BluetoothPbapService( 5359): getConnectionState: 14:3F:A6:D2:4D:63
03-24 04:14:09.508 I/mpu_uart( 646): [MSG-P:RECV]:No message received in 1000 ms
03-24 04:14:09.540 I/commit_sys_config_file( 1526): [notification-policy,1772014]
03-24 04:14:09.602 W/View ( 1990): requestLayout() improperly called by android.widget.FrameLayout{3906626 I.E...... ......ID 0,0-780,182 #2bc} during second layout pass: posting in next frame
03-24 04:14:09.603 W/View ( 1990): requestLayout() improperly called by com.android.systemui.statusbar.AlphaOptimizedImageView{7aad581 VFED..C.. ......ID 0,0-140,132} during second layout pass: posting in next frame
03-24 04:14:09.620 W/View ( 1990): requestLayout() improperly called by android.widget.FrameLayout{3906626 I.E...... ......ID 0,0-780,182 #2bc} during layout: running second layout pass
03-24 04:14:09.621 W/View ( 1990): requestLayout() improperly called by com.android.systemui.statusbar.AlphaOptimizedImageView{7aad581 VFED..C.. ......ID 0,0-140,132} during layout: running second layout pass
03-24 04:14:09.648 I/OMX-VENC: venc_dev( 1210): stats: avg. fps 8.00, bitrate 349361
03-24 04:14:09.657 D/vendor.qti.bluetooth@1.0-wake_lock( 801): Release wakelock is released
03-24 04:14:09.866 I/BluetoothPhonePolicy( 5359): MESSAGE_AUTO_CONNECT_PROFILES
03-24 04:14:09.866 D/BluetoothAdapterService( 5359): isQuetModeEnabled() - Enabled = false
03-24 04:14:09.866 I/BluetoothPhonePolicy( 5359): autoConnect: Initiate auto connection on BT on...
03-24 04:14:09.867 D/BluetoothDatabase( 5359): getMostRecentlyConnectedA2dpSrcDevice: Invalid address for device LocalStorage
03-24 04:14:09.867 I/BluetoothPhonePolicy( 5359): autoConnect: mostRecentlyActiveA2dpDevice: 14:3F:A6:D2:4D:63
03-24 04:14:09.867 I/BluetoothPhonePolicy( 5359): autoConnect: mostRecentlyActiveHfpDevice: 14:3F:A6:D2:4D:63
03-24 04:14:09.867 I/BluetoothPhonePolicy( 5359): autoConnect: mostRecentlyConnectedA2dpSrcDevice: 14:3F:A6:D2:4D:63
03-24 04:14:09.867 D/BluetoothPhonePolicy( 5359): not a BC connected device earlier, Ignoring
03-24 04:14:09.867 I/BluetoothPhonePolicy( 5359): autoConnect: attempting auto connection for recently connected A2DP Source device:14:3F:A6:D2:4D:63
03-24 04:14:09.867 E/BluetoothPhonePolicy( 5359): autoConnectA2dpSink, service is null
03-24 04:14:09.867 I/BluetoothPhonePolicy( 5359): autoConnect: recently connected A2DP active Device 14:3F:A6:D2:4D:63 attempting auto connection for A2DP, HFP
03-24 04:14:09.867 D/HeadsetService( 5359): getHeadsetService(): returning com.android.bluetooth.hfp.HeadsetService@137a197
03-24 04:14:09.867 V/BluetoothDatabase( 5359): getProfileConnectionPolicy: 14:3F:A6:D2:4D:63, profile=1, connectionPolicy = 100
03-24 04:14:09.867 I/BluetoothPhonePolicy( 5359): autoConnectHeadset: Connecting HFP with 14:3F:A6:D2:4D:63
03-24 04:14:09.867 V/BluetoothDatabase( 5359): getProfileConnectionPolicy: 14:3F:A6:D2:4D:63, profile=1, connectionPolicy = 100
03-24 04:14:09.867 I/HeadsetService( 5359): connect: device=14:3F:A6:D2:4D:63, uid/pid=1002/5359
03-24 04:14:09.869 D/HeadsetStateMachine( 5359): addStateInternal: E state=Disconnected,parent=
03-24 04:14:09.869 D/HeadsetStateMachine( 5359): addStateInternal: X stateInfo: state=Disconnected,active=false,parent=null
03-24 04:14:09.869 D/HeadsetStateMachine( 5359): addStateInternal: E state=Connecting,parent=
03-24 04:14:09.869 D/HeadsetStateMachine( 5359): addStateInternal: X stateInfo: state=Connecting,active=false,parent=null
03-24 04:14:09.869 D/HeadsetStateMachine( 5359): addStateInternal: E state=Disconnecting,parent=
03-24 04:14:09.869 D/HeadsetStateMachine( 5359): addStateInternal: X stateInfo: state=Disconnecting,active=false,parent=null
03-24 04:14:09.869 D/HeadsetStateMachine( 5359): addStateInternal: E state=Connected,parent=
03-24 04:14:09.869 D/HeadsetStateMachine( 5359): addStateInternal: X stateInfo: state=Connected,active=false,parent=null
03-24 04:14:09.869 D/HeadsetStateMachine( 5359): addStateInternal: E state=AudioOn,parent=
03-24 04:14:09.869 D/HeadsetStateMachine( 5359): addStateInternal: X stateInfo: state=AudioOn,active=false,parent=null
03-24 04:14:09.869 D/HeadsetStateMachine( 5359): addStateInternal: E state=AudioConnecting,parent=
03-24 04:14:09.869 D/HeadsetStateMachine( 5359): addStateInternal: X stateInfo: state=AudioConnecting,active=false,parent=null
03-24 04:14:09.869 D/HeadsetStateMachine( 5359): addStateInternal: E state=AudioDisconnecting,parent=
03-24 04:14:09.870 D/HeadsetStateMachine( 5359): addStateInternal: X stateInfo: state=AudioDisconnecting,active=false,parent=null
03-24 04:14:09.870 D/HeadsetStateMachine( 5359): setInitialState: initialState=Disconnected
03-24 04:14:09.870 D/InteropUtil( 5359): interopMatchAddrOrName: feature=INTEROP_HFP_SEND_CALL_INDICATORS_BACK_TO_BACK, address=14:3F:A6:D2:4D:63
03-24 04:14:09.870 D/InteropUtil( 5359): interopMatchAddrOrName: matched=false
03-24 04:14:09.873 D/ConnectivityService( 1526): requestNetwork for uid/pid:1002/5359 activeRequest: null callbackRequest: 70 [NetworkRequest [ REQUEST id=71, [ Capabilities: INTERNET&NOT_RESTRICTED&TRUSTED&NOT_VCN_MANAGED Uid: 1002 RequestorUid: 1002 RequestorPkg: com.android.bluetooth] ]] callback flags: 0 priority: 2147483647
03-24 04:14:09.874 I/HeadsetStateMachine( 5359): Exiting HeadsetStateMachine constructor for device :14:3F:A6:D2:4D:63
03-24 04:14:09.874 I/HeadsetStateMachine( 5359): Starting StateMachine device: 14:3F:A6:D2:4D:63
03-24 04:14:09.874 D/HeadsetStateMachine( 5359): completeConstruction: E
03-24 04:14:09.874 D/ConnectivityService( 1526): NetReassign [no changes]
03-24 04:14:09.874 D/HeadsetStateMachine( 5359): completeConstruction: maxDepth=1
03-24 04:14:09.874 D/HeadsetStateMachine( 5359): setupInitialStateStack: E mInitialState=Disconnected
03-24 04:14:09.875 D/HeadsetStateMachine( 5359): moveTempStackToStateStack: i=0,j=0
03-24 04:14:09.875 D/HeadsetStateMachine( 5359): moveTempStackToStateStack: X mStateStackTop=0,startingIndex=0,Top=Disconnected
03-24 04:14:09.875 D/HeadsetStateMachine( 5359): completeConstruction: X
03-24 04:14:09.875 I/HeadsetStateMachine( 5359): Created state machine name=HeadsetStateMachine state=Disconnected for 14:3F:A6:D2:4D:63
03-24 04:14:09.875 E/HeadsetStateMachine( 5359): returning mCurrentState as null
03-24 04:14:09.875 E/HeadsetStateMachine( 5359): returning mCurrentState as null
03-24 04:14:09.875 E/HeadsetService( 5359): Connec state for: 14:3F:A6:D2:4D:63is0
03-24 04:14:09.875 E/HeadsetService( 5359): No Connected devices!
03-24 04:14:09.875 V/HeadsetService( 5359): allowSecondHfConnection: true
03-24 04:14:09.875 V/HeadsetService( 5359): DisconnectAll: false
03-24 04:14:09.875 V/BluetoothDatabase( 5359): getProfileConnectionPolicy: 14:3F:A6:D2:4D:63, profile=2, connectionPolicy = 100
03-24 04:14:09.875 I/BluetoothPhonePolicy( 5359): autoConnectA2dp: connecting A2DP with 14:3F:A6:D2:4D:63
03-24 04:14:09.875 D/Ethernet( 1526): got request NetworkRequest [ REQUEST id=71, [ Capabilities: INTERNET&NOT_RESTRICTED&TRUSTED&NOT_VCN_MANAGED Uid: 1002 RequestorUid: 1002 RequestorPkg: com.android.bluetooth] ]
03-24 04:14:09.875 D/A2dpService( 5359): connect(): 14:3F:A6:D2:4D:63
03-24 04:14:09.875 V/BluetoothDatabase( 5359): getProfileConnectionPolicy: 14:3F:A6:D2:4D:63, profile=2, connectionPolicy = 100
03-24 04:14:09.875 D/EthernetNetworkFactory( 1526): acceptRequest, request: NetworkRequest [ REQUEST id=71, [ Capabilities: INTERNET&NOT_RESTRICTED&TRUSTED&NOT_VCN_MANAGED Uid: 1002 RequestorUid: 1002 RequestorPkg: com.android.bluetooth] ]
03-24 04:14:09.875 D/A2dpService( 5359): connectionAllowedCheckMaxDevices connected = 0tws connected = 0
03-24 04:14:09.875 D/A2dpService( 5359): Going to acquire mVariableLock
03-24 04:14:09.876 D/A2dpService( 5359): Creating a new state machine for 14:3F:A6:D2:4D:63
03-24 04:14:09.876 I/A2dpStateMachine( 5359): make for device 14:3F:A6:D2:4D:63
03-24 04:14:09.876 D/A2dpStateMachine( 5359): addStateInternal: E state=Disconnected,parent=
03-24 04:14:09.876 D/A2dpStateMachine( 5359): addStateInternal: X stateInfo: state=Disconnected,active=false,parent=null
03-24 04:14:09.876 D/A2dpStateMachine( 5359): addStateInternal: E state=Connecting,parent=
03-24 04:14:09.876 I/EthernetNetworkFactory( 1526): networkForRequest, request: NetworkRequest [ REQUEST id=71, [ Capabilities: INTERNET&NOT_RESTRICTED&TRUSTED&NOT_VCN_MANAGED Uid: 1002 RequestorUid: 1002 RequestorPkg: com.android.bluetooth] ], network: NetworkInterfaceState{ refCount: 0, iface: eth0, up: true, hwAddress: 36:7c:7c:00:00:0f, networkCapabilities: [ Transports: ETHERNET Capabilities: NOT_METERED&INTERNET&NOT_RESTRICTED&TRUSTED&NOT_VPN&NOT_ROAMING&NOT_CONGESTED&NOT_SUSPENDED&NOT_VCN_MANAGED LinkUpBandwidth>=100000Kbps LinkDnBandwidth>=100000Kbps], networkAgent: null, score: 70, ipClient: android.net.ip.IIpClient$Stub$Proxy@20b3a2b,linkProperties: {InterfaceName: eth0 LinkAddresses: [ fe80::bc16:a050:cf99:e405/64 ] DnsAddresses: [ ] Domains: null MTU: 0 TcpBufferSizes: 524288,1048576,3145728,524288,1048576,2097152 Routes: [ fe80::/64 -> :: eth0 mtu 0 ]}}
03-24 04:14:09.876 D/HeadsetStateMachine( 5359): handleMessage: E msg.what=-2
03-24 04:14:09.876 D/A2dpStateMachine( 5359): addStateInternal: X stateInfo: state=Connecting,active=false,parent=null
03-24 04:14:09.876 D/HeadsetStateMachine( 5359): invokeEnterMethods: Disconnected
03-24 04:14:09.876 D/A2dpStateMachine( 5359): addStateInternal: E state=Disconnecting,parent=
03-24 04:14:09.876 D/A2dpStateMachine( 5359): addStateInternal: X stateInfo: state=Disconnecting,active=false,parent=null
03-24 04:14:09.876 E/HeadsetStateMachine( 5359): Setting mCurrentState as Disconnected
03-24 04:14:09.877 D/A2dpStateMachine( 5359): addStateInternal: E state=Connected,parent=
03-24 04:14:09.877 D/A2dpStateMachine( 5359): addStateInternal: X stateInfo: state=Connected,active=false,parent=null
03-24 04:14:09.877 I/EthernetNetworkFactory( 1526): networkForRequest, request: NetworkRequest [ REQUEST id=71, [ Capabilities: INTERNET&NOT_RESTRICTED&TRUSTED&NOT_VCN_MANAGED Uid: 1002 RequestorUid: 1002 RequestorPkg: com.android.bluetooth] ], network: NetworkInterfaceState{ refCount: 0, iface: eth0, up: true, hwAddress: 36:7c:7c:00:00:0f, networkCapabilities: [ Transports: ETHERNET Capabilities: NOT_METERED&INTERNET&NOT_RESTRICTED&TRUSTED&NOT_VPN&NOT_ROAMING&NOT_CONGESTED&NOT_SUSPENDED&NOT_VCN_MANAGED LinkUpBandwidth>=100000Kbps LinkDnBandwidth>=100000Kbps], networkAgent: null, score: 70, ipClient: android.net.ip.IIpClient$Stub$Proxy@20b3a2b,linkProperties: {InterfaceName: eth0 LinkAddresses: [ fe80::bc16:a050:cf99:e405/64 ] DnsAddresses: [ ] Domains: null MTU: 0 TcpBufferSizes: 524288,1048576,3145728,524288,1048576,2097152 Routes: [ fe80::/64 -> :: eth0 mtu 0 ]}}
03-24 04:14:09.877 I/HeadsetStateMachine( 5359): updateAgIndicatorEnableState, no change in indicator state null
03-24 04:14:09.877 D/A2dpStateMachine( 5359): setInitialState: initialState=Disconnected
03-24 04:14:09.877 D/A2dpStateMachine( 5359): completeConstruction: E
03-24 04:14:09.877 D/A2dpStateMachine( 5359): completeConstruction: maxDepth=1
03-24 04:14:09.877 D/A2dpStateMachine( 5359): setupInitialStateStack: E mInitialState=Disconnected
03-24 04:14:09.877 D/EthernetNetworkFactory( 1526): IpClient already started
03-24 04:14:09.877 D/A2dpStateMachine( 5359): moveTempStackToStateStack: i=0,j=0
03-24 04:14:09.877 D/A2dpStateMachine( 5359): moveTempStackToStateStack: X mStateStackTop=0,startingIndex=0,Top=Disconnected
03-24 04:14:09.877 D/A2dpStateMachine( 5359): completeConstruction: X
03-24 04:14:09.877 D/A2dpStateMachine( 5359): handleMessage: E msg.what=-2
03-24 04:14:09.877 D/A2dpStateMachine( 5359): invokeEnterMethods: Disconnected
03-24 04:14:09.877 D/WifiNetworkFactory( 1526): got request NetworkRequest [ REQUEST id=71, [ Capabilities: INTERNET&NOT_RESTRICTED&TRUSTED&NOT_VCN_MANAGED Uid: 1002 RequestorUid: 1002 RequestorPkg: com.android.bluetooth] ]
03-24 04:14:09.877 D/HeadsetStateMachine( 5359): handleMessage: X
03-24 04:14:09.877 D/HeadsetStateMachine( 5359): handleMessage: E msg.what=1
03-24 04:14:09.877 I/A2dpStateMachine( 5359): Enter Disconnected(14:3F:A6:D2:4D:63): -2
03-24 04:14:09.877 D/HeadsetStateMachine( 5359): processMsg: Disconnected
03-24 04:14:09.877 D/A2dpStateMachine( 5359): handleMessage: X
03-24 04:14:09.877 D/HeadsetStateMachine( 5359): Disconnected: currentDevice=14:3F:A6:D2:4D:63, msg=Connecting to 14:3F:A6:D2:4D:63
03-24 04:14:09.877 D/A2dpStateMachine( 5359): handleMessage: E msg.what=1
03-24 04:14:09.877 D/A2dpStateMachine( 5359): processMsg: Disconnected
03-24 04:14:09.877 D/HeadsetStateMachine( 5359): Disconnected: currentDevice=14:3F:A6:D2:4D:63, msg= retryConnectCount = 0
03-24 04:14:09.877 D/UntrustedWifiNetworkFactory( 1526): got request NetworkRequest [ REQUEST id=71, [ Capabilities: INTERNET&NOT_RESTRICTED&TRUSTED&NOT_VCN_MANAGED Uid: 1002 RequestorUid: 1002 RequestorPkg: com.android.bluetooth] ]
03-24 04:14:09.878 D/A2dpStateMachine( 5359): Disconnected process message(14:3F:A6:D2:4D:63): CONNECT
03-24 04:14:09.878 I/A2dpStateMachine( 5359): Connecting to 14:3F:A6:D2:4D:63
03-24 04:14:09.878 I/BluetoothHeadsetServiceJni( 5359): connectHfpNative: device 14:3f:a6:d2:4d:63
03-24 04:14:09.878 I/BluetoothA2dpServiceJni( 5359): connectA2dpNative: sBluetoothA2dpInterface: 0x724275dcd0
03-24 04:14:09.878 D/OemPaidWifiNetworkFactory( 1526): got request NetworkRequest [ REQUEST id=71, [ Capabilities: INTERNET&NOT_RESTRICTED&TRUSTED&NOT_VCN_MANAGED Uid: 1002 RequestorUid: 1002 RequestorPkg: com.android.bluetooth] ]
03-24 04:14:09.878 I/bt_btif_queue( 5359): queue_int_add: allocating profile queue
03-24 04:14:09.878 D/HeadsetStateMachine( 5359): transitionTo: destState=Connecting
03-24 04:14:09.878 I/A2dpService( 5359): okToConnect: device 14:3F:A6:D2:4D:63 isOutgoingRequest: true
03-24 04:14:09.878 I/bt_btif_queue( 5359): btif_queue_connect_next: executing connection request UUID=111F, bd_addr=14:3f:a6:d2:4d:63, busy=0
03-24 04:14:09.878 I/bt_btif_queue( 5359): btif_queue_connect_next: executing connection request UUID=111F, bd_addr=14:3f:a6:d2:4d:63, busy=1
03-24 04:14:09.878 D/bt_btif ( 5359): bta_ag_hdl_event: p_scb 0x4276cd68
03-24 04:14:09.878 D/HeadsetStateMachine( 5359): handleMessage: new destination call exit/enter
03-24 04:14:09.878 W/bt_btif ( 5359): bta_ag_start_open: rfcomm connection status 0 for device 14:3f:a6:d2:4d:63, scn 2
03-24 04:14:09.878 W/bt_btif ( 5359): bta_ag_start_open: rfcomm connection status 0 for device 14:3f:a6:d2:4d:63, scn 3
03-24 04:14:09.878 D/HeadsetStateMachine( 5359): setupTempStateStackWithStatesToEnter: X mTempStateStackCount=1,curStateInfo: null
03-24 04:14:09.879 D/BluetoothAdapterService( 5359): isQuetModeEnabled() - Enabled = false
03-24 04:14:09.879 D/HeadsetStateMachine( 5359): invokeExitMethods: Disconnected
03-24 04:14:09.879 D/A2dpService( 5359): connectionAllowedCheckMaxDevices connected = 0tws connected = 0
03-24 04:14:09.879 I/btif_av ( 5359): isBATEnabled: 0
03-24 04:14:09.879 D/HeadsetStateMachine( 5359): moveTempStackToStateStack: i=0,j=0
03-24 04:14:09.879 E/bt_btif ( 5359): bta_av_co_get_active_peer: peer index out of bounds: 5
03-24 04:14:09.879 D/HeadsetStateMachine( 5359): moveTempStackToStateStack: X mStateStackTop=0,startingIndex=0,Top=Connecting
03-24 04:14:09.879 E/bt_btif ( 5359): btif_av_is_split_a2dp_enabled: No active peer codec config found, by default splitmode
03-24 04:14:09.879 D/HeadsetStateMachine( 5359): invokeEnterMethods: Connecting
03-24 04:14:09.879 E/HeadsetStateMachine( 5359): Setting mCurrentState as Connecting
03-24 04:14:09.879 V/bt_stack( 5359): [VERBOSE1:btm_inq.cc(1033)] BTM_InqDbRead: bd addr 14:3f:a6:d2:4d:63
03-24 04:14:09.879 V/bt_stack( 5359): [VERBOSE1:btm_inq.cc(1033)] BTM_InqDbRead: bd addr 14:3f:a6:d2:4d:63
03-24 04:14:09.879 V/bt_stack( 5359): [VERBOSE1:btm_acl.cc(3014)] connecting_bda: 00:00:00:00:00:00
03-24 04:14:09.880 D/A2dpService( 5359): Going to acquire mVariableLock
03-24 04:14:09.880 E/HeadsetSystemInterface( 5359): Handsfree phone proxy null for query phone state
03-24 04:14:09.880 V/BluetoothDatabase( 5359): getProfileConnectionPolicy: 14:3F:A6:D2:4D:63, profile=2, connectionPolicy = 100
03-24 04:14:09.880 D/A2dpStateMachine( 5359): transitionTo: destState=Connecting
03-24 04:14:09.880 D/HeadsetStateMachine( 5359): Connecting: currentDevice=14:3F:A6:D2:4D:63, msg=connection state changed: 14:3F:A6:D2:4D:63: Disconnected -> Connecting
03-24 04:14:09.880 D/A2dpStateMachine( 5359): handleMessage: new destination call exit/enter
03-24 04:14:09.880 D/A2dpStateMachine( 5359): setupTempStateStackWithStatesToEnter: X mTempStateStackCount=1,curStateInfo: null
03-24 04:14:09.880 D/HeadsetStateMachine( 5359): Connecting: currentDevice=14:3F:A6:D2:4D:63, msg=broadcastConnectionState 14:3F:A6:D2:4D:63: 0->1
03-24 04:14:09.880 E/HeadsetStateMachine( 5359): returning mCurrentState as Connecting
03-24 04:14:09.880 I/vendor.qti.bluetooth@1.0-ibs_handler( 801): ProcessIbsCmd: Received IBS_WAKE_IND: 0xFD
03-24 04:14:09.880 I/vendor.qti.bluetooth@1.0-ibs_handler( 801): ProcessIbsCmd: Writing IBS_WAKE_ACK
03-24 04:14:09.880 D/A2dpStateMachine( 5359): invokeExitMethods: Disconnected
03-24 04:14:09.880 D/A2dpStateMachine( 5359): Exit Disconnected(14:3F:A6:D2:4D:63): CONNECT
03-24 04:14:09.880 D/A2dpStateMachine( 5359): moveTempStackToStateStack: i=0,j=0
03-24 04:14:09.880 D/A2dpStateMachine( 5359): moveTempStackToStateStack: X mStateStackTop=0,startingIndex=0,Top=Connecting
03-24 04:14:09.881 D/A2dpStateMachine( 5359): invokeEnterMethods: Connecting
03-24 04:14:09.881 I/A2dpStateMachine( 5359): Enter Connecting(14:3F:A6:D2:4D:63): CONNECT
03-24 04:14:09.881 D/A2dpStateMachine( 5359): Connection state 14:3F:A6:D2:4D:63: DISCONNECTED->CONNECTING
03-24 04:14:09.882 D/HeadsetStateMachine( 5359): handleMessage: X
03-24 04:14:09.883 D/A2dpStateMachine( 5359): handleMessage: X
03-24 04:14:09.884 I/Telecom ( 1526): BluetoothStateReceiver: Device 14:3F:A6:D2:4D:63 changed state to 1: BSR.oR@AF8
03-24 04:14:09.889 D/CachedBluetoothDevice( 1990): onProfileStateChanged: profile HEADSET, device WH-H910N (h.ear), newProfileState 1
03-24 04:14:09.890 D/AdapterProperties( 5359): PROFILE_CONNECTION_STATE_CHANGE: profile=1, device=14:3F:A6:D2:4D:63, 0 -> 1
03-24 04:14:09.891 D/HearingAidService( 5359): getActiveDevices
03-24 04:14:09.891 I/LocalBluetoothProfileManager( 1990): Show-toast: cachedDevice=14:3F:A6:D2:4D:63 oldState=0 newState=1 mNeedCheck=false
03-24 04:14:09.892 D/AdapterProperties( 5359): ADAPTER_CONNECTION_STATE_CHANGE: 14:3F:A6:D2:4D:63: 0 -> 1
03-24 04:14:09.893 E/HeadsetStateMachine( 5359): returning mCurrentState as Connecting
03-24 04:14:09.893 D/AdapterProperties( 5359): PROFILE_CONNECTION_STATE_CHANGE: profile=2, device=14:3F:A6:D2:4D:63, 0 -> 1
03-24 04:14:09.894 D/HeadsetService( 5359): Received BluetoothA2dp Connection State changed
03-24 04:14:09.894 D/HeadsetA2dpSync( 5359): updateA2DPConnectionState device: 14:3F:A6:D2:4D:63 transition 0->1
03-24 04:14:09.894 D/HeadsetA2dpSync( 5359): device: 14:3F:A6:D2:4D:63 state = 2
03-24 04:14:09.894 I/BluetoothPhonePolicy( 5359): processProfileStateChanged, device=14:3F:A6:D2:4D:63, profile=1, 0 -> 1
03-24 04:14:09.894 D/BtOppService( 5359): action : android.bluetooth.a2dp.profile.action.CONNECTION_STATE_CHANGED
03-24 04:14:09.894 D/BtOppUtils( 5359): device: 14:3F:A6:D2:4D:63 newState: 1 isA2DPConnected: false
03-24 04:14:09.894 I/BluetoothPhonePolicy( 5359): processProfileStateChanged, device=14:3F:A6:D2:4D:63, profile=2, 0 -> 1
03-24 04:14:09.895 D/BluetoothPbapService( 5359): getConnectionState: 14:3F:A6:D2:4D:63
03-24 04:14:09.896 W/BluetoothDatabase( 5359): Invalid metadata key 17
03-24 04:14:09.896 E/BluetoothDatabase( 5359): getCustomMeta: meta key invalid 17
03-24 04:14:09.896 E/HeadsetStateMachine( 5359): returning mCurrentState as Connecting
03-24 04:14:09.897 D/BluetoothPbapService( 5359): getConnectionState: 14:3F:A6:D2:4D:63
03-24 04:14:09.898 E/HeadsetStateMachine( 5359): returning mCurrentState as Connecting
03-24 04:14:09.899 D/CachedBluetoothDevice( 2390): onProfileStateChanged: profile HEADSET, device WH-H910N (h.ear), newProfileState 1
03-24 04:14:09.899 E/HeadsetStateMachine( 5359): returning mCurrentState as Connecting
03-24 04:14:09.901 D/BluetoothPbapService( 5359): getConnectionState: 14:3F:A6:D2:4D:63
03-24 04:14:09.902 D/HearingAidService( 5359): getActiveDevices
03-24 04:14:09.902 I/LocalBluetoothProfileManager( 2390): Show-toast: cachedDevice=14:3F:A6:D2:4D:63 oldState=0 newState=1 mNeedCheck=false
03-24 04:14:09.902 E/HeadsetStateMachine( 5359): returning mCurrentState as Connecting
03-24 04:14:09.903 W/BluetoothDatabase( 5359): Invalid metadata key 17
03-24 04:14:09.904 E/BluetoothDatabase( 5359): getCustomMeta: meta key invalid 17
03-24 04:14:09.904 D/BluetoothPbapService( 5359): getConnectionState: 14:3F:A6:D2:4D:63
03-24 04:14:09.904 D/BluetoothPbapService( 5359): getConnectionState: 14:3F:A6:D2:4D:63
03-24 04:14:09.904 D/CachedBluetoothDevice( 2390): onProfileStateChanged: profile A2DP, device WH-H910N (h.ear), newProfileState 1
03-24 04:14:09.905 E/HeadsetStateMachine( 5359): returning mCurrentState as Connecting
03-24 04:14:09.906 D/HearingAidService( 5359): getActiveDevices
03-24 04:14:09.906 D/CachedBluetoothDevice( 1990): onProfileStateChanged: profile A2DP, device WH-H910N (h.ear), newProfileState 1
03-24 04:14:09.906 I/LocalBluetoothProfileManager( 2390): Show-toast: cachedDevice=14:3F:A6:D2:4D:63 oldState=0 newState=1 mNeedCheck=true
03-24 04:14:09.907 D/BluetoothPbapService( 5359): getConnectionState: 14:3F:A6:D2:4D:63
03-24 04:14:09.908 W/BluetoothDatabase( 5359): Invalid metadata key 17
03-24 04:14:09.908 E/BluetoothDatabase( 5359): getCustomMeta: meta key invalid 17
03-24 04:14:09.908 D/HearingAidService( 5359): getActiveDevices
03-24 04:14:09.908 I/LocalBluetoothProfileManager( 1990): Show-toast: cachedDevice=14:3F:A6:D2:4D:63 oldState=0 newState=1 mNeedCheck=true
03-24 04:14:09.909 W/BluetoothDatabase( 5359): Invalid metadata key 17
03-24 04:14:09.909 E/BluetoothDatabase( 5359): getCustomMeta: meta key invalid 17
03-24 04:14:09.909 E/HeadsetStateMachine( 5359): returning mCurrentState as Connecting
03-24 04:14:09.909 W/BluetoothDatabase( 5359): Invalid metadata key 17
03-24 04:14:09.909 E/BluetoothDatabase( 5359): getCustomMeta: meta key invalid 17
03-24 04:14:09.909 D/AdaptiveHomepageIcon( 2390): Setting background color -69693
03-24 04:14:09.910 D/BluetoothPbapService( 5359): getConnectionState: 14:3F:A6:D2:4D:63
03-24 04:14:09.911 E/HeadsetStateMachine( 5359): returning mCurrentState as Connecting
03-24 04:14:09.912 D/BluetoothPbapService( 5359): getConnectionState: 14:3F:A6:D2:4D:63
03-24 04:14:09.913 E/HeadsetStateMachine( 5359): returning mCurrentState as Connecting
03-24 04:14:09.913 E/HeadsetStateMachine( 5359): returning mCurrentState as Connecting
03-24 04:14:09.913 D/BluetoothSap( 2390): getConnectionState(14:3F:A6:D2:4D:63)
03-24 04:14:09.913 V/SapService( 5359): getConnectionState()
03-24 04:14:09.914 D/BluetoothPbapService( 5359): getConnectionState: 14:3F:A6:D2:4D:63
03-24 04:14:09.914 D/BluetoothPbapService( 5359): getConnectionState: 14:3F:A6:D2:4D:63
03-24 04:14:09.914 E/HeadsetStateMachine( 5359): returning mCurrentState as Connecting
03-24 04:14:09.915 E/HeadsetStateMachine( 5359): returning mCurrentState as Connecting
03-24 04:14:09.915 E/HeadsetStateMachine( 5359): returning mCurrentState as Connecting
03-24 04:14:09.915 D/BluetoothPbapService( 5359): getConnectionState: 14:3F:A6:D2:4D:63
03-24 04:14:09.916 E/HeadsetStateMachine( 5359): returning mCurrentState as Connecting
03-24 04:14:09.916 E/HeadsetStateMachine( 5359): returning mCurrentState as Connecting
03-24 04:14:09.917 W/BluetoothDatabase( 5359): Invalid metadata key 17
03-24 04:14:09.917 E/BluetoothDatabase( 5359): getCustomMeta: meta key invalid 17
03-24 04:14:09.917 D/BluetoothPbapService( 5359): getConnectionState: 14:3F:A6:D2:4D:63
03-24 04:14:09.918 D/AdaptiveHomepageIcon( 2390): Setting background color -69693
03-24 04:14:09.918 D/BluetoothPbapService( 5359): getConnectionState: 14:3F:A6:D2:4D:63
03-24 04:14:09.918 E/HeadsetStateMachine( 5359): returning mCurrentState as Connecting
03-24 04:14:09.919 D/BluetoothPbapService( 5359): getConnectionState: 14:3F:A6:D2:4D:63
03-24 04:14:09.920 E/HeadsetStateMachine( 5359): returning mCurrentState as Connecting
03-24 04:14:09.920 D/BluetoothSap( 2390): getConnectionState(14:3F:A6:D2:4D:63)
03-24 04:14:09.921 V/SapService( 5359): getConnectionState()
03-24 04:14:09.921 D/BluetoothPbapService( 5359): getConnectionState: 14:3F:A6:D2:4D:63
03-24 04:14:09.922 E/HeadsetStateMachine( 5359): returning mCurrentState as Connecting
03-24 04:14:09.922 E/HeadsetStateMachine( 5359): returning mCurrentState as Connecting
03-24 04:14:09.948 W/View ( 1990): requestLayout() improperly called by android.widget.FrameLayout{3906626 I.E...... ......ID 0,0-780,182 #2bc} during second layout pass: posting in next frame
03-24 04:14:09.948 W/View ( 1990): requestLayout() improperly called by com.android.systemui.statusbar.AlphaOptimizedImageView{7aad581 VFED..C.. ......ID 0,0-140,132} during second layout pass: posting in next frame
03-24 04:14:09.955 W/View ( 1990): requestLayout() improperly called by android.widget.FrameLayout{3906626 I.E...... ......ID 0,0-780,182 #2bc} during layout: running second layout pass
03-24 04:14:09.955 W/View ( 1990): requestLayout() improperly called by com.android.systemui.statusbar.AlphaOptimizedImageView{7aad581 VFED..C.. ......ID 0,0-140,132} during layout: running second layout pass
03-24 04:14:09.961 I/vendor.qti.bluetooth@1.0-ibs_handler( 801): ProcessIbsCmd: Received IBS_SLEEP_IND: 0xFE
03-24 04:14:10.110 I/OMX-VENC: venc_dev( 1210): stats: avg. fps 17.46, bitrate 717198
03-24 04:14:10.184 W/View ( 1990): requestLayout() improperly called by android.widget.FrameLayout{3906626 I.E...... ......ID 0,0-780,182 #2bc} during second layout pass: posting in next frame
03-24 04:14:10.185 W/View ( 1990): requestLayout() improperly called by com.android.systemui.statusbar.AlphaOptimizedImageView{7aad581 VFED..C.. ......ID 0,0-140,132} during second layout pass: posting in next frame
03-24 04:14:10.211 W/View ( 1990): requestLayout() improperly called by android.widget.FrameLayout{3906626 I.E...... ......ID 0,0-780,182 #2bc} during layout: running second layout pass
03-24 04:14:10.211 W/View ( 1990): requestLayout() improperly called by com.android.systemui.statusbar.AlphaOptimizedImageView{7aad581 VFED..C.. ......ID 0,0-140,132} during layout: running second layout pass
03-24 04:14:10.264 W/hpplay-java( 2725): [main]:IPManager:getActiveNets invalid networkInfo:null
03-24 04:14:10.264 I/hpplay-java( 2725): [main]:IPManager:getActiveNets eth0:false wifi:false mobile:false ap:false
03-24 04:14:10.264 I/hpplay-java( 2725): [main]:ServerTaskManager:get local ip:null
03-24 04:14:10.353 D/Avrcp_ext( 5359): AvrcpServiceBroadcastReceiver-> Action: android.intent.action.PACKAGE_CHANGED
03-24 04:14:10.353 D/Avrcp_ext( 5359): AvrcpServiceBroadcastReceiver-> packageName: com.android.bluetooth
03-24 04:14:10.353 D/Avrcp_ext( 5359): packageName: com.android.bluetooth removed: false
03-24 04:14:10.354 D/CompanionDeviceManagerService( 1526): onPackageModified(packageName = com.android.bluetooth)
03-24 04:14:10.356 I/RoleService( 1526): Granting default roles...
03-24 04:14:10.359 D/Avrcp_ext( 5359): isBrowsableListUpdated: package includes MediaBrowserService, true
03-24 04:14:10.359 D/Avrcp_ext( 5359): buildBrowsablePlayerList
03-24 04:14:10.360 V/Avrcp_ext( 5359): getMediaPlayerInfo: Found com.android.bluetooth
03-24 04:14:10.361 V/Avrcp_ext( 5359): isBrowseSupported for com.android.bluetooth: false
03-24 04:14:10.361 I/Telecom ( 1526): DefaultDialerCache: Refreshing default dialer for user 0: now null: DDC.oR@AGA
03-24 04:14:10.361 D/Avrcp_ext( 5359): Adding media player info for com.android.bluetooth with id 1
03-24 04:14:10.362 D/Avrcp_ext( 5359): update #1:MediaPlayerInfo com.android.bluetooth (as '钃濈墮') Type = 1, SubType = 0, Status = 0 Feature Bits [40 41 42 44 45 47 48 58] Controller: null
03-24 04:14:10.362 D/Avrcp_ext( 5359): Added MediaPlayerController/MediaPlayerPackage
03-24 04:14:10.362 V/Avrcp_ext( 5359): getMediaPlayerInfo: Found com.microsoft.emmx
03-24 04:14:10.362 V/Avrcp_ext( 5359): isBrowseSupported for com.microsoft.emmx: false
03-24 04:14:10.362 I/InputReader( 1526): Reconfiguring input devices, changes=KEYBOARD_LAYOUTS |
03-24 04:14:10.363 D/Avrcp_ext( 5359): Adding media player info for com.microsoft.emmx with id 2
03-24 04:14:10.363 D/Avrcp_ext( 5359): update #2:MediaPlayerInfo com.microsoft.emmx (as 'Edge') Type = 1, SubType = 0, Status = 0 Feature Bits [40 41 42 44 45 47 48 58] Controller: null
03-24 04:14:10.363 D/Avrcp_ext( 5359): Added MediaPlayerController/MediaPlayerPackage
03-24 04:14:10.364 V/Avrcp_ext( 5359): updateCurrentMediaState: mMediaController: null
03-24 04:14:10.364 W/Avrcp_ext( 5359): isMusicActive: false getBluetoothPlayState: 2 A2dp State: 11 mAudioPlaybackIsActive: false
03-24 04:14:10.364 W/Avrcp_ext( 5359): updateCurrentMediaState: isPlaying = false
03-24 04:14:10.364 V/Avrcp_ext( 5359): Media update: id -1鉃?1? [MediaAttributes: none] : [MediaAttributes: none]
03-24 04:14:10.364 D/Avrcp_ext( 5359): isPackageNameValid: browsedPackage = isValid = false
03-24 04:14:10.364 V/Avrcp_ext( 5359): updatePlaybackState, state: PlaybackState {state=2, position=-1, buffered position=0, speed=0.0, updated=1782217, actions=0, custom actions=[], active item id=-1, error=null} device: null
03-24 04:14:10.364 V/Avrcp_ext( 5359): Device: no name:
03-24 04:14:10.364 V/Avrcp_ext( 5359): Device: no name:
03-24 04:14:10.365 V/Avrcp_ext( 5359): Device: no name:
03-24 04:14:10.365 V/Avrcp_ext( 5359): Device: no name:
03-24 04:14:10.365 V/Avrcp_ext( 5359): Device: no name:
03-24 04:14:10.365 V/Avrcp_ext( 5359): updatePlayerStateAndPosition, old=PlaybackState {state=2, position=-1, buffered position=0, speed=0.0, updated=1781189, actions=0, custom actions=[], active item id=-1, error=null}, state=PlaybackState {state=2, position=-1, buffered position=0, speed=0.0, updated=1782217, actions=0, custom actions=[], active item id=-1, error=null}
03-24 04:14:10.365 V/Avrcp_ext( 5359): old state = PlaybackState {state=2, position=-1, buffered position=0, speed=0.0, updated=1781189, actions=0, custom actions=[], active item id=-1, error=null}, new state= PlaybackState {state=2, position=-1, buffered position=0, speed=0.0, updated=1782217, actions=0, custom actions=[], active item id=-1, error=null}
03-24 04:14:10.365 D/HeadsetService( 5359): getHeadsetService(): returning com.android.bluetooth.hfp.HeadsetService@137a197
03-24 04:14:10.365 E/HeadsetStateMachine( 5359): returning mCurrentState as Connecting
03-24 04:14:10.365 D/HeadsetService( 5359): isAudioOn: The number of audio connected devices 0
03-24 04:14:10.365 D/HeadsetService( 5359): isScoOrCallActive(): Call Active:falseCall is Ringing:falseSCO is Active:false
03-24 04:14:10.365 E/HeadsetStateMachine( 5359): returning mCurrentState as Connecting
03-24 04:14:10.365 D/HeadsetService( 5359): isAudioOn: The number of audio connected devices 0
03-24 04:14:10.365 I/Avrcp_ext( 5359): updatePlayStatusForDevice: device: null
03-24 04:14:10.365 V/Avrcp_ext( 5359): updatePlaybackState (1): old=PlaybackState {state=2, position=-1, buffered position=0, speed=0.0, updated=1781189, actions=0, custom actions=[], active item id=-1, error=null}(2), new=PlaybackState {state=2, position=-1, buffered position=0, speed=0.0, updated=1782217, actions=0, custom actions=[], active item id=-1, error=null}(2)
03-24 04:14:10.365 I/Avrcp_ext( 5359): Exit updatePlayStatusForDevice
03-24 04:14:10.365 E/HeadsetStateMachine( 5359): returning mCurrentState as Connecting
03-24 04:14:10.365 D/HeadsetService( 5359): isAudioOn: The number of audio connected devices 0
03-24 04:14:10.365 D/HeadsetService( 5359): isScoOrCallActive(): Call Active:falseCall is Ringing:falseSCO is Active:false
03-24 04:14:10.365 E/HeadsetStateMachine( 5359): returning mCurrentState as Connecting
03-24 04:14:10.365 D/HeadsetService( 5359): isAudioOn: The number of audio connected devices 0
03-24 04:14:10.365 I/Avrcp_ext( 5359): updatePlayStatusForDevice: device: null
03-24 04:14:10.365 V/Avrcp_ext( 5359): updatePlaybackState (1): old=PlaybackState {state=2, position=-1, buffered position=0, speed=0.0, updated=1781189, actions=0, custom actions=[], active item id=-1, error=null}(2), new=PlaybackState {state=2, position=-1, buffered position=0, speed=0.0, updated=1782217, actions=0, custom actions=[], active item id=-1, error=null}(2)
03-24 04:14:10.365 I/Avrcp_ext( 5359): Exit updatePlayStatusForDevice
03-24 04:14:10.365 E/HeadsetStateMachine( 5359): returning mCurrentState as Connecting
03-24 04:14:10.365 D/HeadsetService( 5359): isAudioOn: The number of audio connected devices 0
03-24 04:14:10.365 D/HeadsetService( 5359): isScoOrCallActive(): Call Active:falseCall is Ringing:falseSCO is Active:false
03-24 04:14:10.365 E/HeadsetStateMachine( 5359): returning mCurrentState as Connecting
03-24 04:14:10.365 D/HeadsetService( 5359): isAudioOn: The number of audio connected devices 0
03-24 04:14:10.365 I/Avrcp_ext( 5359): updatePlayStatusForDevice: device: null
03-24 04:14:10.365 V/Avrcp_ext( 5359): updatePlaybackState (1): old=PlaybackState {state=2, position=-1, buffered position=0, speed=0.0, updated=1781189, actions=0, custom actions=[], active item id=-1, error=null}(2), new=PlaybackState {state=2, position=-1, buffered position=0, speed=0.0, updated=1782217, actions=0, custom actions=[], active item id=-1, error=null}(2)
03-24 04:14:10.365 I/Avrcp_ext( 5359): Exit updatePlayStatusForDevice
03-24 04:14:10.365 E/HeadsetStateMachine( 5359): returning mCurrentState as Connecting
03-24 04:14:10.365 D/HeadsetService( 5359): isAudioOn: The number of audio connected devices 0
03-24 04:14:10.365 D/HeadsetService( 5359): isScoOrCallActive(): Call Active:falseCall is Ringing:falseSCO is Active:false
03-24 04:14:10.365 E/HeadsetStateMachine( 5359): returning mCurrentState as Connecting
03-24 04:14:10.365 D/HeadsetService( 5359): isAudioOn: The number of audio connected devices 0
03-24 04:14:10.365 I/Avrcp_ext( 5359): updatePlayStatusForDevice: device: null
03-24 04:14:10.365 V/Avrcp_ext( 5359): updatePlaybackState (1): old=PlaybackState {state=2, position=-1, buffered position=0, speed=0.0, updated=1781189, actions=0, custom actions=[], active item id=-1, error=null}(2), new=PlaybackState {state=2, position=-1, buffered position=0, speed=0.0, updated=1782217, actions=0, custom actions=[], active item id=-1, error=null}(2)
03-24 04:14:10.365 I/Avrcp_ext( 5359): Exit updatePlayStatusForDevice
03-24 04:14:10.365 E/HeadsetStateMachine( 5359): returning mCurrentState as Connecting
03-24 04:14:10.366 D/HeadsetService( 5359): isAudioOn: The number of audio connected devices 0
03-24 04:14:10.366 D/HeadsetService( 5359): isScoOrCallActive(): Call Active:falseCall is Ringing:falseSCO is Active:false
03-24 04:14:10.366 E/HeadsetStateMachine( 5359): returning mCurrentState as Connecting
03-24 04:14:10.366 D/HeadsetService( 5359): isAudioOn: The number of audio connected devices 0
03-24 04:14:10.366 I/Avrcp_ext( 5359): updatePlayStatusForDevice: device: null
03-24 04:14:10.366 V/Avrcp_ext( 5359): updatePlaybackState (1): old=PlaybackState {state=2, position=-1, buffered position=0, speed=0.0, updated=1781189, actions=0, custom actions=[], active item id=-1, error=null}(2), new=PlaybackState {state=2, position=-1, buffered position=0, speed=0.0, updated=1782217, actions=0, custom actions=[], active item id=-1, error=null}(2)
03-24 04:14:10.366 I/Avrcp_ext( 5359): Exit updatePlayStatusForDevice
03-24 04:14:10.366 D/Avrcp_ext( 5359): Enter sendPlayPosNotificationRsp
03-24 04:14:10.366 D/Avrcp_ext( 5359): sendPlayPosNotificationRsp: Not registered or requesting.
03-24 04:14:10.366 D/Avrcp_ext( 5359): Enter sendPlayPosNotificationRsp
03-24 04:14:10.366 D/Avrcp_ext( 5359): sendPlayPosNotificationRsp: Not registered or requesting.
03-24 04:14:10.366 D/Avrcp_ext( 5359): Enter sendPlayPosNotificationRsp
03-24 04:14:10.366 D/Avrcp_ext( 5359): sendPlayPosNotificationRsp: Not registered or requesting.
03-24 04:14:10.366 D/Avrcp_ext( 5359): Enter sendPlayPosNotificationRsp
03-24 04:14:10.366 D/Avrcp_ext( 5359): sendPlayPosNotificationRsp: Not registered or requesting.
03-24 04:14:10.366 D/Avrcp_ext( 5359): Enter sendPlayPosNotificationRsp
03-24 04:14:10.366 D/Avrcp_ext( 5359): sendPlayPosNotificationRsp: Not registered or requesting.
03-24 04:14:10.366 V/Avrcp_ext( 5359): Exit updatePlayerStateAndPosition
03-24 04:14:10.366 D/Avrcp_ext( 5359): Exit handlePackageModified
03-24 04:14:10.369 D/CompatibilityInfo( 1526): mCompatibilityFlags - 4
03-24 04:14:10.369 D/CompatibilityInfo( 1526): applicationDensity - 240
03-24 04:14:10.369 D/CompatibilityInfo( 1526): applicationScale - 1.0
03-24 04:14:10.371 D/CompatibilityInfo( 1526): mCompatibilityFlags - 4
03-24 04:14:10.371 D/CompatibilityInfo( 1526): applicationDensity - 240
03-24 04:14:10.371 D/CompatibilityInfo( 1526): applicationScale - 1.0
