03-24 04:13:36.227 I/sysui_multi_action( 1526): [757,127,758,2]
03-24 04:13:36.227 I/notification_panel_hidden( 1526):
03-24 04:13:36.228 D/StatusBar( 1990): disable disable2
03-24 04:13:36.228 W/View ( 1990): requestLayout() improperly called by android.widget.FrameLayout{3906626 I.E...... ......ID 0,0-780,182 #2bc} during second layout pass: posting in next frame
03-24 04:13:36.228 W/View ( 1990): requestLayout() improperly called by com.android.systemui.statusbar.AlphaOptimizedImageView{7aad581 VFED..C.. ......ID 0,0-140,182} during second layout pass: posting in next frame
03-24 04:13:36.239 W/View ( 1990): requestLayout() improperly called by android.widget.FrameLayout{3906626 I.E...... ......ID 0,0-780,182 #2bc} during layout: running second layout pass
03-24 04:13:36.239 W/View ( 1990): requestLayout() improperly called by com.android.systemui.statusbar.AlphaOptimizedImageView{7aad581 VFED..C.. ......ID 0,0-140,182} during layout: running second layout pass
03-24 04:13:36.242 D/InterruptionStateProvider( 1990): No bubble up: not allowed to bubble: 0|com.android.systemui|2048|null|10078
03-24 04:13:36.243 D/InterruptionStateProvider( 1990): No heads up: unimportant notification: 0|com.android.systemui|2048|null|10078
03-24 04:13:36.245 D/PeopleSpaceWidgetMgr( 1990): Sbn doesn't contain valid PeopleTileKey: null/0/com.android.systemui
03-24 04:13:36.245 W/View ( 1990): requestLayout() improperly called by android.widget.FrameLayout{3906626 I.E...... ......ID 0,0-780,182 #2bc} during second layout pass: posting in next frame
03-24 04:13:36.245 W/View ( 1990): requestLayout() improperly called by com.android.systemui.statusbar.AlphaOptimizedImageView{7aad581 VFED..C.. ......ID 0,0-140,182} during second layout pass: posting in next frame
03-24 04:13:36.254 W/View ( 1990): requestLayout() improperly called by android.widget.FrameLayout{3906626 I.E...... ......ID 0,0-780,182 #2bc} during layout: running second layout pass
03-24 04:13:36.254 W/View ( 1990): requestLayout() improperly called by com.android.systemui.statusbar.AlphaOptimizedImageView{7aad581 VFED..C.. ......ID 0,0-140,182} during layout: running second layout pass
03-24 04:13:36.255 V/KeyguardUpdateMonitor( 1990): *** unregister callback for com.android.keyguard.CarrierTextManager$2@c0a1360
03-24 04:13:36.255 W/View ( 1990): requestLayout() improperly called by android.widget.FrameLayout{3906626 I.E...... ......ID 0,0-780,182 #2bc} during second layout pass: posting in next frame
03-24 04:13:36.255 W/View ( 1990): requestLayout() improperly called by com.android.systemui.statusbar.AlphaOptimizedImageView{7aad581 VFED..C.. ......ID 0,0-140,182} during second layout pass: posting in next frame
03-24 04:13:36.271 W/View ( 1990): requestLayout() improperly called by android.widget.FrameLayout{3906626 I.E...... ......ID 0,0-780,182 #2bc} during layout: running second layout pass
03-24 04:13:36.271 W/View ( 1990): requestLayout() improperly called by com.android.systemui.statusbar.AlphaOptimizedImageView{7aad581 VFED..C.. ......ID 0,0-140,182} during layout: running second layout pass
03-24 04:13:36.303 W/View ( 1990): requestLayout() improperly called by android.widget.FrameLayout{3906626 I.E...... ......ID 0,0-780,182 #2bc} during second layout pass: posting in next frame
03-24 04:13:36.303 W/View ( 1990): requestLayout() improperly called by com.android.systemui.statusbar.AlphaOptimizedImageView{7aad581 VFED..C.. ......ID 0,0-140,182} during second layout pass: posting in next frame
03-24 04:13:36.321 W/View ( 1990): requestLayout() improperly called by android.widget.FrameLayout{3906626 I.E...... ......ID 0,0-780,182 #2bc} during layout: running second layout pass
03-24 04:13:36.321 W/View ( 1990): requestLayout() improperly called by com.android.systemui.statusbar.AlphaOptimizedImageView{7aad581 VFED..C.. ......ID 0,0-140,182} during layout: running second layout pass
03-24 04:13:36.322 W/View ( 1990): requestLayout() improperly called by android.widget.FrameLayout{3906626 I.E...... ......ID 0,0-780,182 #2bc} during second layout pass: posting in next frame
03-24 04:13:36.322 W/View ( 1990): requestLayout() improperly called by com.android.systemui.statusbar.AlphaOptimizedImageView{7aad581 VFED..C.. ......ID 0,0-140,182} during second layout pass: posting in next frame
03-24 04:13:36.337 W/View ( 1990): requestLayout() improperly called by android.widget.FrameLayout{3906626 I.E...... ......ID 0,0-780,182 #2bc} during layout: running second layout pass
03-24 04:13:36.337 W/View ( 1990): requestLayout() improperly called by com.android.systemui.statusbar.AlphaOptimizedImageView{7aad581 VFED..C.. ......ID 0,0-140,182} during layout: running second layout pass
03-24 04:13:36.338 W/View ( 1990): requestLayout() improperly called by android.widget.FrameLayout{3906626 I.E...... ......ID 0,0-780,182 #2bc} during second layout pass: posting in next frame
03-24 04:13:36.338 W/View ( 1990): requestLayout() improperly called by com.android.systemui.statusbar.AlphaOptimizedImageView{7aad581 VFED..C.. ......ID 0,0-140,182} during second layout pass: posting in next frame
03-24 04:13:36.354 W/View ( 1990): requestLayout() improperly called by android.widget.FrameLayout{3906626 I.E...... ......ID 0,0-780,182 #2bc} during layout: running second layout pass
03-24 04:13:36.354 W/View ( 1990): requestLayout() improperly called by com.android.systemui.statusbar.AlphaOptimizedImageView{7aad581 VFED..C.. ......ID 0,0-140,182} during layout: running second layout pass
03-24 04:13:36.355 W/View ( 1990): requestLayout() improperly called by android.widget.FrameLayout{3906626 I.E...... ......ID 0,0-780,182 #2bc} during second layout pass: posting in next frame
03-24 04:13:36.355 W/View ( 1990): requestLayout() improperly called by com.android.systemui.statusbar.AlphaOptimizedImageView{7aad581 VFED..C.. ......ID 0,0-140,182} during second layout pass: posting in next frame
03-24 04:13:36.371 W/View ( 1990): requestLayout() improperly called by android.widget.FrameLayout{3906626 I.E...... ......ID 0,0-780,182 #2bc} during layout: running second layout pass
03-24 04:13:36.371 W/View ( 1990): requestLayout() improperly called by com.android.systemui.statusbar.AlphaOptimizedImageView{7aad581 VFED..C.. ......ID 0,0-140,182} during layout: running second layout pass
03-24 04:13:36.372 W/View ( 1990): requestLayout() improperly called by android.widget.FrameLayout{3906626 I.E...... ......ID 0,0-780,182 #2bc} during second layout pass: posting in next frame
03-24 04:13:36.372 W/View ( 1990): requestLayout() improperly called by com.android.systemui.statusbar.AlphaOptimizedImageView{7aad581 VFED..C.. ......ID 0,0-140,182} during second layout pass: posting in next frame
03-24 04:13:36.387 W/View ( 1990): requestLayout() improperly called by android.widget.FrameLayout{3906626 I.E...... ......ID 0,0-780,182 #2bc} during layout: running second layout pass
03-24 04:13:36.387 W/View ( 1990): requestLayout() improperly called by com.android.systemui.statusbar.AlphaOptimizedImageView{7aad581 VFED..C.. ......ID 0,0-140,182} during layout: running second layout pass
03-24 04:13:36.388 W/View ( 1990): requestLayout() improperly called by android.widget.FrameLayout{3906626 I.E...... ......ID 0,0-780,182 #2bc} during second layout pass: posting in next frame
03-24 04:13:36.388 W/View ( 1990): requestLayout() improperly called by com.android.systemui.statusbar.AlphaOptimizedImageView{7aad581 VFED..C.. ......ID 0,0-140,182} during second layout pass: posting in next frame
03-24 04:13:36.404 W/View ( 1990): requestLayout() improperly called by android.widget.FrameLayout{3906626 I.E...... ......ID 0,0-780,182 #2bc} during layout: running second layout pass
03-24 04:13:36.404 W/View ( 1990): requestLayout() improperly called by com.android.systemui.statusbar.AlphaOptimizedImageView{7aad581 VFED..C.. ......ID 0,0-140,182} during layout: running second layout pass
03-24 04:13:36.405 W/View ( 1990): requestLayout() improperly called by android.widget.FrameLayout{3906626 I.E...... ......ID 0,0-780,182 #2bc} during second layout pass: posting in next frame
03-24 04:13:36.405 W/View ( 1990): requestLayout() improperly called by com.android.systemui.statusbar.AlphaOptimizedImageView{7aad581 VFED..C.. ......ID 0,0-140,182} during second layout pass: posting in next frame
03-24 04:13:36.421 W/View ( 1990): requestLayout() improperly called by android.widget.FrameLayout{3906626 I.E...... ......ID 0,0-780,182 #2bc} during layout: running second layout pass
03-24 04:13:36.421 W/View ( 1990): requestLayout() improperly called by com.android.systemui.statusbar.AlphaOptimizedImageView{7aad581 VFED..C.. ......ID 0,0-140,182} during layout: running second layout pass
03-24 04:13:36.422 W/View ( 1990): requestLayout() improperly called by android.widget.FrameLayout{3906626 I.E...... ......ID 0,0-780,182 #2bc} during second layout pass: posting in next frame
03-24 04:13:36.422 W/View ( 1990): requestLayout() improperly called by com.android.systemui.statusbar.AlphaOptimizedImageView{7aad581 VFED..C.. ......ID 0,0-140,182} during second layout pass: posting in next frame
03-24 04:13:36.437 W/View ( 1990): requestLayout() improperly called by android.widget.FrameLayout{3906626 I.E...... ......ID 0,0-780,182 #2bc} during layout: running second layout pass
03-24 04:13:36.438 W/View ( 1990): requestLayout() improperly called by com.android.systemui.statusbar.AlphaOptimizedImageView{7aad581 VFED..C.. ......ID 0,0-140,182} during layout: running second layout pass
03-24 04:13:36.438 W/View ( 1990): requestLayout() improperly called by android.widget.FrameLayout{3906626 I.E...... ......ID 0,0-780,182 #2bc} during second layout pass: posting in next frame
03-24 04:13:36.438 W/View ( 1990): requestLayout() improperly called by com.android.systemui.statusbar.AlphaOptimizedImageView{7aad581 VFED..C.. ......ID 0,0-140,182} during second layout pass: posting in next frame
03-24 04:13:36.454 W/View ( 1990): requestLayout() improperly called by android.widget.FrameLayout{3906626 I.E...... ......ID 0,0-780,182 #2bc} during layout: running second layout pass
03-24 04:13:36.454 W/View ( 1990): requestLayout() improperly called by com.android.systemui.statusbar.AlphaOptimizedImageView{7aad581 VFED..C.. ......ID 0,0-140,182} during layout: running second layout pass
03-24 04:13:36.455 W/View ( 1990): requestLayout() improperly called by android.widget.FrameLayout{3906626 I.E...... ......ID 0,0-780,182 #2bc} during second layout pass: posting in next frame
03-24 04:13:36.455 W/View ( 1990): requestLayout() improperly called by com.android.systemui.statusbar.AlphaOptimizedImageView{7aad581 VFED..C.. ......ID 0,0-140,182} during second layout pass: posting in next frame
03-24 04:13:36.471 W/View ( 1990): requestLayout() improperly called by android.widget.FrameLayout{3906626 I.E...... ......ID 0,0-780,182 #2bc} during layout: running second layout pass
03-24 04:13:36.471 W/View ( 1990): requestLayout() improperly called by com.android.systemui.statusbar.AlphaOptimizedImageView{7aad581 VFED..C.. ......ID 0,0-140,182} during layout: running second layout pass
03-24 04:13:36.472 W/View ( 1990): requestLayout() improperly called by android.widget.FrameLayout{3906626 I.E...... ......ID 0,0-780,182 #2bc} during second layout pass: posting in next frame
03-24 04:13:36.472 W/View ( 1990): requestLayout() improperly called by com.android.systemui.statusbar.AlphaOptimizedImageView{7aad581 VFED..C.. ......ID 0,0-140,182} during second layout pass: posting in next frame
03-24 04:13:36.488 W/View ( 1990): requestLayout() improperly called by android.widget.FrameLayout{3906626 I.E...... ......ID 0,0-780,182 #2bc} during layout: running second layout pass
03-24 04:13:36.488 W/View ( 1990): requestLayout() improperly called by com.android.systemui.statusbar.AlphaOptimizedImageView{7aad581 VFED..C.. ......ID 0,0-140,182} during layout: running second layout pass
03-24 04:13:36.489 W/View ( 1990): requestLayout() improperly called by android.widget.FrameLayout{3906626 I.E...... ......ID 0,0-780,182 #2bc} during second layout pass: posting in next frame
03-24 04:13:36.489 W/View ( 1990): requestLayout() improperly called by com.android.systemui.statusbar.AlphaOptimizedImageView{7aad581 VFED..C.. ......ID 0,0-140,182} during second layout pass: posting in next frame
03-24 04:13:36.490 I/mpu_uart( 646): [MSG-P:RECV]:No message received in 1000 ms
03-24 04:13:36.504 W/View ( 1990): requestLayout() improperly called by android.widget.FrameLayout{3906626 I.E...... ......ID 0,0-780,182 #2bc} during layout: running second layout pass
03-24 04:13:36.504 W/View ( 1990): requestLayout() improperly called by com.android.systemui.statusbar.AlphaOptimizedImageView{7aad581 VFED..C.. ......ID 0,0-140,182} during layout: running second layout pass
03-24 04:13:36.505 W/View ( 1990): requestLayout() improperly called by android.widget.FrameLayout{3906626 I.E...... ......ID 0,0-780,182 #2bc} during second layout pass: posting in next frame
03-24 04:13:36.505 W/View ( 1990): requestLayout() improperly called by com.android.systemui.statusbar.AlphaOptimizedImageView{7aad581 VFED..C.. ......ID 0,0-140,182} during second layout pass: posting in next frame
03-24 04:13:36.521 W/View ( 1990): requestLayout() improperly called by android.widget.FrameLayout{3906626 I.E...... ......ID 0,0-780,182 #2bc} during layout: running second layout pass
03-24 04:13:36.521 W/View ( 1990): requestLayout() improperly called by com.android.systemui.statusbar.AlphaOptimizedImageView{7aad581 VFED..C.. ......ID 0,0-140,182} during layout: running second layout pass
03-24 04:13:36.522 W/View ( 1990): requestLayout() improperly called by android.widget.FrameLayout{3906626 I.E...... ......ID 0,0-780,182 #2bc} during second layout pass: posting in next frame
03-24 04:13:36.522 W/View ( 1990): requestLayout() improperly called by com.android.systemui.statusbar.AlphaOptimizedImageView{7aad581 VFED..C.. ......ID 0,0-140,182} during second layout pass: posting in next frame
03-24 04:13:36.538 W/View ( 1990): requestLayout() improperly called by android.widget.FrameLayout{3906626 I.E...... ......ID 0,0-780,182 #2bc} during layout: running second layout pass
03-24 04:13:36.538 W/View ( 1990): requestLayout() improperly called by com.android.systemui.statusbar.AlphaOptimizedImageView{7aad581 VFED..C.. ......ID 0,0-140,182} during layout: running second layout pass
03-24 04:13:36.539 W/View ( 1990): requestLayout() improperly called by android.widget.FrameLayout{3906626 I.E...... ......ID 0,0-780,182 #2bc} during second layout pass: posting in next frame
03-24 04:13:36.539 W/View ( 1990): requestLayout() improperly called by com.android.systemui.statusbar.AlphaOptimizedImageView{7aad581 VFED..C.. ......ID 0,0-140,182} during second layout pass: posting in next frame
03-24 04:13:36.554 W/View ( 1990): requestLayout() improperly called by android.widget.FrameLayout{3906626 I.E...... ......ID 0,0-780,182 #2bc} during layout: running second layout pass
03-24 04:13:36.554 W/View ( 1990): requestLayout() improperly called by com.android.systemui.statusbar.AlphaOptimizedImageView{7aad581 VFED..C.. ......ID 0,0-140,182} during layout: running second layout pass
03-24 04:13:36.555 W/View ( 1990): requestLayout() improperly called by android.widget.FrameLayout{3906626 I.E...... ......ID 0,0-780,182 #2bc} during second layout pass: posting in next frame
03-24 04:13:36.555 W/View ( 1990): requestLayout() improperly called by com.android.systemui.statusbar.AlphaOptimizedImageView{7aad581 VFED..C.. ......ID 0,0-140,182} during second layout pass: posting in next frame
03-24 04:13:36.571 W/View ( 1990): requestLayout() improperly called by android.widget.FrameLayout{3906626 I.E...... ......ID 0,0-780,182 #2bc} during layout: running second layout pass
03-24 04:13:36.571 W/View ( 1990): requestLayout() improperly called by com.android.systemui.statusbar.AlphaOptimizedImageView{7aad581 VFED..C.. ......ID 0,0-140,182} during layout: running second layout pass
03-24 04:13:36.572 W/View ( 1990): requestLayout() improperly called by android.widget.FrameLayout{3906626 I.E...... ......ID 0,0-780,182 #2bc} during second layout pass: posting in next frame
03-24 04:13:36.572 W/View ( 1990): requestLayout() improperly called by com.android.systemui.statusbar.AlphaOptimizedImageView{7aad581 VFED..C.. ......ID 0,0-140,182} during second layout pass: posting in next frame
03-24 04:13:36.588 W/View ( 1990): requestLayout() improperly called by android.widget.FrameLayout{3906626 I.E...... ......ID 0,0-780,182 #2bc} during layout: running second layout pass
03-24 04:13:36.588 W/View ( 1990): requestLayout() improperly called by com.android.systemui.statusbar.AlphaOptimizedImageView{7aad581 VFED..C.. ......ID 0,0-140,182} during layout: running second layout pass
03-24 04:13:36.589 W/View ( 1990): requestLayout() improperly called by android.widget.FrameLayout{3906626 I.E...... ......ID 0,0-780,182 #2bc} during second layout pass: posting in next frame
03-24 04:13:36.589 W/View ( 1990): requestLayout() improperly called by com.android.systemui.statusbar.AlphaOptimizedImageView{7aad581 VFED..C.. ......ID 0,0-140,182} during second layout pass: posting in next frame
03-24 04:13:36.605 W/View ( 1990): requestLayout() improperly called by android.widget.FrameLayout{3906626 I.E...... ......ID 0,0-780,182 #2bc} during layout: running second layout pass
03-24 04:13:36.605 W/View ( 1990): requestLayout() improperly called by com.android.systemui.statusbar.AlphaOptimizedImageView{7aad581 VFED..C.. ......ID 0,0-140,182} during layout: running second layout pass
03-24 04:13:36.605 W/View ( 1990): requestLayout() improperly called by android.widget.FrameLayout{3906626 I.E...... ......ID 0,0-780,182 #2bc} during second layout pass: posting in next frame
03-24 04:13:36.605 W/View ( 1990): requestLayout() improperly called by com.android.systemui.statusbar.AlphaOptimizedImageView{7aad581 VFED..C.. ......ID 0,0-140,182} during second layout pass: posting in next frame
03-24 04:13:36.621 W/View ( 1990): requestLayout() improperly called by android.widget.FrameLayout{3906626 I.E...... ......ID 0,0-780,182 #2bc} during layout: running second layout pass
03-24 04:13:36.621 W/View ( 1990): requestLayout() improperly called by com.android.systemui.statusbar.AlphaOptimizedImageView{7aad581 VFED..C.. ......ID 0,0-140,182} during layout: running second layout pass
03-24 04:13:36.622 W/View ( 1990): requestLayout() improperly called by android.widget.FrameLayout{3906626 I.E...... ......ID 0,0-780,182 #2bc} during second layout pass: posting in next frame
03-24 04:13:36.622 W/View ( 1990): requestLayout() improperly called by com.android.systemui.statusbar.AlphaOptimizedImageView{7aad581 VFED..C.. ......ID 0,0-140,182} during second layout pass: posting in next frame
03-24 04:13:36.638 W/View ( 1990): requestLayout() improperly called by android.widget.FrameLayout{3906626 I.E...... ......ID 0,0-780,182 #2bc} during layout: running second layout pass
03-24 04:13:36.638 W/View ( 1990): requestLayout() improperly called by com.android.systemui.statusbar.AlphaOptimizedImageView{7aad581 VFED..C.. ......ID 0,0-140,182} during layout: running second layout pass
03-24 04:13:36.639 W/View ( 1990): requestLayout() improperly called by android.widget.FrameLayout{3906626 I.E...... ......ID 0,0-780,182 #2bc} during second layout pass: posting in next frame
03-24 04:13:36.639 W/View ( 1990): requestLayout() improperly called by com.android.systemui.statusbar.AlphaOptimizedImageView{7aad581 VFED..C.. ......ID 0,0-140,182} during second layout pass: posting in next frame
03-24 04:13:36.655 W/View ( 1990): requestLayout() improperly called by android.widget.FrameLayout{3906626 I.E...... ......ID 0,0-780,182 #2bc} during layout: running second layout pass
03-24 04:13:36.655 W/View ( 1990): requestLayout() improperly called by com.android.systemui.statusbar.AlphaOptimizedImageView{7aad581 VFED..C.. ......ID 0,0-140,182} during layout: running second layout pass
03-24 04:13:36.770 I/OMX-VENC: venc_dev( 1210): stats: avg. fps 48.87, bitrate 1837571
03-24 04:13:37.048 D/RemoteControlService( 2327): startVlanDispatchThread
03-24 04:13:37.184 W/hpplay-java( 2725): [main]:IPManager:getActiveNets invalid networkInfo:null
03-24 04:13:37.184 I/hpplay-java( 2725): [main]:IPManager:getActiveNets eth0:false wifi:false mobile:false ap:false
03-24 04:13:37.184 I/hpplay-java( 2725): [main]:ServerTaskManager:get local ip:null
03-24 04:13:37.490 I/mpu_uart( 646): [MSG-P:RECV]:No message received in 1000 ms
03-24 04:13:37.610 I/mpu_uart( 646): [MSG-P:R]:recv sync frame timeout
03-24 04:13:38.175 I/input_interaction( 1526): Interaction with: 35a602e com.android.systemui/com.android.systemui.screenrecord.ScreenRecordDialog (server), edge-swipe (server), swipe-up (server), PointerEventDispatcher0 (server),
03-24 04:13:38.186 W/hpplay-java( 2725): [main]:IPManager:getActiveNets invalid networkInfo:null
03-24 04:13:38.186 I/hpplay-java( 2725): [main]:IPManager:getActiveNets eth0:false wifi:false mobile:false ap:false
03-24 04:13:38.186 I/hpplay-java( 2725): [main]:ServerTaskManager:get local ip:null
03-24 04:13:38.341 E/ActivityManager( 1526): Sending non-protected broadcast com.android.systemui.screenrecord.UPDATE_STATE_OUTSIDE from system 1990:com.android.systemui/u0a78 pkg com.android.systemui
03-24 04:13:38.341 E/ActivityManager( 1526): java.lang.Throwable
03-24 04:13:38.341 E/ActivityManager( 1526): at com.android.server.am.ActivityManagerService.checkBroadcastFromSystem(ActivityManagerService.java:12877)
03-24 04:13:38.341 E/ActivityManager( 1526): at com.android.server.am.ActivityManagerService.broadcastIntentLocked(ActivityManagerService.java:13477)
03-24 04:13:38.341 E/ActivityManager( 1526): at com.android.server.am.ActivityManagerService.broadcastIntentLocked(ActivityManagerService.java:12894)
03-24 04:13:38.341 E/ActivityManager( 1526): at com.android.server.am.ActivityManagerService.broadcastIntentWithFeature(ActivityManagerService.java:13729)
03-24 04:13:38.341 E/ActivityManager( 1526): at android.app.IActivityManager$Stub.onTransact(IActivityManager.java:2326)
03-24 04:13:38.341 E/ActivityManager( 1526): at com.android.server.am.ActivityManagerService.onTransact(ActivityManagerService.java:2528)
03-24 04:13:38.341 E/ActivityManager( 1526): at android.os.Binder.execTransactInternal(Binder.java:1179)
03-24 04:13:38.341 E/ActivityManager( 1526): at android.os.Binder.execTransact(Binder.java:1143)
03-24 04:13:38.341 I/am_wtf ( 1526): [0,1526,system_server,-1,ActivityManager,Sending non-protected broadcast com.android.systemui.screenrecord.UPDATE_STATE_OUTSIDE from system 1990:com.android.systemui/u0a78 pkg com.android.systemui]
03-24 04:13:38.341 E/ActivityManager( 1526): Sending non-protected broadcast com.android.systemui.screenrecord.UPDATE_STATE_OUTSIDE from system 1990:com.android.systemui/u0a78 pkg com.android.systemui
03-24 04:13:38.341 E/ActivityManager( 1526): java.lang.Throwable
03-24 04:13:38.341 E/ActivityManager( 1526): at com.android.server.am.ActivityManagerService.checkBroadcastFromSystem(ActivityManagerService.java:12877)
03-24 04:13:38.341 E/ActivityManager( 1526): at com.android.server.am.ActivityManagerService.broadcastIntentLocked(ActivityManagerService.java:13572)
03-24 04:13:38.341 E/ActivityManager( 1526): at com.android.server.am.ActivityManagerService.broadcastIntentLocked(ActivityManagerService.java:12894)
03-24 04:13:38.341 E/ActivityManager( 1526): at com.android.server.am.ActivityManagerService.broadcastIntentWithFeature(ActivityManagerService.java:13729)
03-24 04:13:38.341 E/ActivityManager( 1526): at android.app.IActivityManager$Stub.onTransact(IActivityManager.java:2326)
03-24 04:13:38.341 E/ActivityManager( 1526): at com.android.server.am.ActivityManagerService.onTransact(ActivityManagerService.java:2528)
03-24 04:13:38.341 E/ActivityManager( 1526): at android.os.Binder.execTransactInternal(Binder.java:1179)
03-24 04:13:38.341 E/ActivityManager( 1526): at android.os.Binder.execTransact(Binder.java:1143)
03-24 04:13:38.342 I/DropBoxManagerService( 1526): add tag=system_server_wtf isTagEnabled=true flags=0x2
03-24 04:13:38.342 I/wm_finish_activity( 1526): [0,220289197,31,com.android.systemui/.screenrecord.ScreenRecordDialog,app-request]
03-24 04:13:38.342 I/wm_task_moved( 1526): [1,1,8]
03-24 04:13:38.344 I/am_wtf ( 1526): [0,1526,system_server,-1,ActivityManager,Sending non-protected broadcast com.android.systemui.screenrecord.UPDATE_STATE_OUTSIDE from system 1990:com.android.systemui/u0a78 pkg com.android.systemui]
03-24 04:13:38.344 D/GameMode_DndItemViewHolder( 2108): updateScreenRecordState:0
03-24 04:13:38.345 I/DropBoxManagerService( 1526): add tag=system_server_wtf isTagEnabled=true flags=0x2
03-24 04:13:38.346 I/wm_task_moved( 1526): [15,1,2147483647]
03-24 04:13:38.346 I/wm_task_to_front( 1526): [0,15]
03-24 04:13:38.346 I/wm_focused_root_task( 1526): [0,0,1,-1,finish-top adjustFocusToNextFocusableTask]
03-24 04:13:38.361 D/ActivityTrigger( 1526): ActivityTrigger activityPauseTrigger
03-24 04:13:38.362 I/wm_pause_activity( 1526): [0,220289197,com.android.systemui/.screenrecord.ScreenRecordDialog,userLeaving=false,finish]
03-24 04:13:38.367 I/input_focus( 1526): [Focus request d2645fe com.android.launcher3/com.android.launcher3.uioverrides.QuickstepLauncher,reason=UpdateInputWindows]
03-24 04:13:38.368 I/OMX-VENC: venc_dev( 1210): stats: avg. fps 6.26, bitrate 149773
03-24 04:13:38.377 D/GameMode_GameModeService( 2108): Received recording state : 0
03-24 04:13:38.377 I/wm_on_top_resumed_lost_called( 1990): [220289197,com.android.systemui.screenrecord.ScreenRecordDialog,topStateChangedWhenResumed]
03-24 04:13:38.378 I/wm_on_paused_called( 1990): [220289197,com.android.systemui.screenrecord.ScreenRecordDialog,performPause]
03-24 04:13:38.380 I/ActivityTaskManager( 1526): FOREGROUND_APPLICATION_CHANGED to com.android.launcher3.uioverrides.QuickstepLauncher
03-24 04:13:38.381 I/wm_set_resumed_activity( 1526): [0,com.android.launcher3/.uioverrides.QuickstepLauncher,resumeTopActivityInnerLocked]
03-24 04:13:38.388 I/wm_resume_activity( 1526): [0,116754269,15,com.android.launcher3/.uioverrides.QuickstepLauncher]
03-24 04:13:38.389 I/wm_on_resume_called( 2550): [116754269,com.android.launcher3.uioverrides.QuickstepLauncher,RESUME_ACTIVITY]
03-24 04:13:38.389 I/wm_on_top_resumed_gained_called( 2550): [116754269,com.android.launcher3.uioverrides.QuickstepLauncher,topWhenResuming]
03-24 04:13:38.397 I/input_focus( 1526): [Focus leaving 35a602e com.android.systemui/com.android.systemui.screenrecord.ScreenRecordDialog (server),reason=NO_WINDOW]
03-24 04:13:38.398 I/input_focus( 1526): [Focus entering d2645fe com.android.launcher3/com.android.launcher3.uioverrides.QuickstepLauncher (server),reason=setFocusedWindow]
03-24 04:13:38.399 I/sysui_multi_action( 1526): [757,803,799,window_time_0,802,3]
03-24 04:13:38.402 W/View ( 1990): requestLayout() improperly called by android.widget.FrameLayout{3906626 I.E...... ......ID 0,0-780,182 #2bc} during second layout pass: posting in next frame
03-24 04:13:38.402 W/View ( 1990): requestLayout() improperly called by com.android.systemui.statusbar.AlphaOptimizedImageView{7aad581 VFED..C.. ......ID 0,0-140,182} during second layout pass: posting in next frame
03-24 04:13:38.404 E/MCUUtil ( 2550): saveLastActivity activityName=com.android.launcher3.uioverrides.QuickstepLauncher packageName=com.android.launcher3
03-24 04:13:38.412 W/View ( 1990): requestLayout() improperly called by android.widget.FrameLayout{3906626 I.E...... ......ID 0,0-780,182 #2bc} during layout: running second layout pass
03-24 04:13:38.412 W/View ( 1990): requestLayout() improperly called by com.android.systemui.statusbar.AlphaOptimizedImageView{7aad581 VFED..C.. ......ID 0,0-140,182} during layout: running second layout pass
03-24 04:13:38.417 I/wm_destroy_activity( 1526): [0,220289197,31,com.android.systemui/.screenrecord.ScreenRecordDialog,finish-idle]
03-24 04:13:38.418 I/wm_on_stop_called( 1990): [220289197,com.android.systemui.screenrecord.ScreenRecordDialog,LIFECYCLER_STOP_ACTIVITY]
03-24 04:13:38.418 I/wm_on_destroy_called( 1990): [220289197,com.android.systemui.screenrecord.ScreenRecordDialog,performDestroy]
03-24 04:13:38.423 W/InputManager-JNI( 1526): Input channel object '35a602e com.android.systemui/com.android.systemui.screenrecord.ScreenRecordDialog (client)' was disposed without first being removed with the input manager!
03-24 04:13:38.429 W/View ( 1990): requestLayout() improperly called by android.widget.FrameLayout{3906626 I.E...... ......ID 0,0-780,182 #2bc} during second layout pass: posting in next frame
03-24 04:13:38.429 W/View ( 1990): requestLayout() improperly called by com.android.systemui.statusbar.AlphaOptimizedImageView{7aad581 VFED..C.. ......ID 0,0-140,182} during second layout pass: posting in next frame
03-24 04:13:38.444 I/BpBinder( 954): onLastStrongRef automatically unlinking death recipients:
03-24 04:13:38.448 W/View ( 1990): requestLayout() improperly called by android.widget.FrameLayout{3906626 I.E...... ......ID 0,0-780,182 #2bc} during layout: running second layout pass
03-24 04:13:38.448 W/View ( 1990): requestLayout() improperly called by com.android.systemui.statusbar.AlphaOptimizedImageView{7aad581 VFED..C.. ......ID 0,0-140,182} during layout: running second layout pass
03-24 04:13:38.452 W/View ( 1990): requestLayout() improperly called by android.widget.FrameLayout{3906626 I.E...... ......ID 0,0-780,182 #2bc} during second layout pass: posting in next frame
03-24 04:13:38.452 W/View ( 1990): requestLayout() improperly called by com.android.systemui.statusbar.AlphaOptimizedImageView{7aad581 VFED..C.. ......ID 0,0-140,182} during second layout pass: posting in next frame
03-24 04:13:38.466 W/View ( 1990): requestLayout() improperly called by android.widget.FrameLayout{3906626 I.E...... ......ID 0,0-780,182 #2bc} during layout: running second layout pass
03-24 04:13:38.466 W/View ( 1990): requestLayout() improperly called by com.android.systemui.statusbar.AlphaOptimizedImageView{7aad581 VFED..C.. ......ID 0,0-140,182} during layout: running second layout pass
03-24 04:13:38.471 W/View ( 1990): requestLayout() improperly called by android.widget.FrameLayout{3906626 I.E...... ......ID 0,0-780,182 #2bc} during second layout pass: posting in next frame
03-24 04:13:38.471 W/View ( 1990): requestLayout() improperly called by com.android.systemui.statusbar.AlphaOptimizedImageView{7aad581 VFED..C.. ......ID 0,0-140,182} during second layout pass: posting in next frame
03-24 04:13:38.472 W/System ( 1526): A resource failed to call release.
03-24 04:13:38.472 W/System ( 1526): A resource failed to call close.
03-24 04:13:38.472 W/System ( 1526): A resource failed to call close.
03-24 04:13:38.473 W/System ( 1526): A resource failed to call close.
03-24 04:13:38.474 W/System ( 1526): A resource failed to call close.
03-24 04:13:38.482 W/View ( 1990): requestLayout() improperly called by android.widget.FrameLayout{3906626 I.E...... ......ID 0,0-780,182 #2bc} during layout: running second layout pass
03-24 04:13:38.482 W/View ( 1990): requestLayout() improperly called by com.android.systemui.statusbar.AlphaOptimizedImageView{7aad581 VFED..C.. ......ID 0,0-140,182} during layout: running second layout pass
03-24 04:13:38.487 W/View ( 1990): requestLayout() improperly called by android.widget.FrameLayout{3906626 I.E...... ......ID 0,0-780,182 #2bc} during second layout pass: posting in next frame
03-24 04:13:38.487 W/View ( 1990): requestLayout() improperly called by com.android.systemui.statusbar.AlphaOptimizedImageView{7aad581 VFED..C.. ......ID 0,0-140,182} during second layout pass: posting in next frame
03-24 04:13:38.490 I/mpu_uart( 646): [MSG-P:RECV]:No message received in 1000 ms
03-24 04:13:38.494 W/FreeFormWindowHelper( 1526): Current Display FreeFormTask is null
03-24 04:13:38.496 I/GameMode_ActivityMonitoringService( 2108): onActivityLaunch: com.android.launcher3, isGameApp: false
03-24 04:13:38.496 V/GameMode_GpuUtils( 2108): fps:60
03-24 04:13:38.499 D/GameModeIF_GameModeSettings( 2108): getUriFor setting_content_uri_root = content://com.thundercomm.gamemode.api/gamemode_settings , name = gamemode_enable
03-24 04:13:38.501 W/View ( 1990): requestLayout() improperly called by android.widget.FrameLayout{3906626 I.E...... ......ID 0,0-780,182 #2bc} during layout: running second layout pass
03-24 04:13:38.501 W/View ( 1990): requestLayout() improperly called by com.android.systemui.statusbar.AlphaOptimizedImageView{7aad581 VFED..C.. ......ID 0,0-140,182} during layout: running second layout pass
03-24 04:13:38.508 W/View ( 1990): requestLayout() improperly called by android.widget.FrameLayout{3906626 I.E...... ......ID 0,0-780,182 #2bc} during second layout pass: posting in next frame
03-24 04:13:38.508 W/View ( 1990): requestLayout() improperly called by com.android.systemui.statusbar.AlphaOptimizedImageView{7aad581 VFED..C.. ......ID 0,0-140,182} during second layout pass: posting in next frame
03-24 04:13:38.514 W/View ( 1990): requestLayout() improperly called by android.widget.FrameLayout{3906626 I.E...... ......ID 0,0-780,182 #2bc} during layout: running second layout pass
03-24 04:13:38.514 W/View ( 1990): requestLayout() improperly called by com.android.systemui.statusbar.AlphaOptimizedImageView{7aad581 VFED..C.. ......ID 0,0-140,182} during layout: running second layout pass
03-24 04:13:38.518 W/View ( 1990): requestLayout() improperly called by android.widget.FrameLayout{3906626 I.E...... ......ID 0,0-780,182 #2bc} during second layout pass: posting in next frame
03-24 04:13:38.518 W/View ( 1990): requestLayout() improperly called by com.android.systemui.statusbar.AlphaOptimizedImageView{7aad581 VFED..C.. ......ID 0,0-140,182} during second layout pass: posting in next frame
03-24 04:13:38.532 W/View ( 1990): requestLayout() improperly called by android.widget.FrameLayout{3906626 I.E...... ......ID 0,0-780,182 #2bc} during layout: running second layout pass
03-24 04:13:38.532 W/View ( 1990): requestLayout() improperly called by com.android.systemui.statusbar.AlphaOptimizedImageView{7aad581 VFED..C.. ......ID 0,0-140,182} during layout: running second layout pass
03-24 04:13:38.537 W/View ( 1990): requestLayout() improperly called by android.widget.FrameLayout{3906626 I.E...... ......ID 0,0-780,182 #2bc} during second layout pass: posting in next frame
03-24 04:13:38.537 W/View ( 1990): requestLayout() improperly called by com.android.systemui.statusbar.AlphaOptimizedImageView{7aad581 VFED..C.. ......ID 0,0-140,182} during second layout pass: posting in next frame
03-24 04:13:38.549 W/View ( 1990): requestLayout() improperly called by android.widget.FrameLayout{3906626 I.E...... ......ID 0,0-780,182 #2bc} during layout: running second layout pass
03-24 04:13:38.549 W/View ( 1990): requestLayout() improperly called by com.android.systemui.statusbar.AlphaOptimizedImageView{7aad581 VFED..C.. ......ID 0,0-140,182} during layout: running second layout pass
03-24 04:13:38.555 W/View ( 1990): requestLayout() improperly called by android.widget.FrameLayout{3906626 I.E...... ......ID 0,0-780,182 #2bc} during second layout pass: posting in next frame
03-24 04:13:38.555 W/View ( 1990): requestLayout() improperly called by com.android.systemui.statusbar.AlphaOptimizedImageView{7aad581 VFED..C.. ......ID 0,0-140,182} during second layout pass: posting in next frame
03-24 04:13:38.566 W/View ( 1990): requestLayout() improperly called by android.widget.FrameLayout{3906626 I.E...... ......ID 0,0-780,182 #2bc} during layout: running second layout pass
03-24 04:13:38.566 W/View ( 1990): requestLayout() improperly called by com.android.systemui.statusbar.AlphaOptimizedImageView{7aad581 VFED..C.. ......ID 0,0-140,182} during layout: running second layout pass
03-24 04:13:38.571 W/View ( 1990): requestLayout() improperly called by android.widget.FrameLayout{3906626 I.E...... ......ID 0,0-780,182 #2bc} during second layout pass: posting in next frame
03-24 04:13:38.571 W/View ( 1990): requestLayout() improperly called by com.android.systemui.statusbar.AlphaOptimizedImageView{7aad581 VFED..C.. ......ID 0,0-140,182} during second layout pass: posting in next frame
03-24 04:13:38.583 W/View ( 1990): requestLayout() improperly called by android.widget.FrameLayout{3906626 I.E...... ......ID 0,0-780,182 #2bc} during layout: running second layout pass
03-24 04:13:38.583 W/View ( 1990): requestLayout() improperly called by com.android.systemui.statusbar.AlphaOptimizedImageView{7aad581 VFED..C.. ......ID 0,0-140,182} during layout: running second layout pass
03-24 04:13:38.588 W/View ( 1990): requestLayout() improperly called by android.widget.FrameLayout{3906626 I.E...... ......ID 0,0-780,182 #2bc} during second layout pass: posting in next frame
03-24 04:13:38.588 W/View ( 1990): requestLayout() improperly called by com.android.systemui.statusbar.AlphaOptimizedImageView{7aad581 VFED..C.. ......ID 0,0-140,182} during second layout pass: posting in next frame
03-24 04:13:38.600 W/View ( 1990): requestLayout() improperly called by android.widget.FrameLayout{3906626 I.E...... ......ID 0,0-780,182 #2bc} during layout: running second layout pass
03-24 04:13:38.600 W/View ( 1990): requestLayout() improperly called by com.android.systemui.statusbar.AlphaOptimizedImageView{7aad581 VFED..C.. ......ID 0,0-140,182} during layout: running second layout pass
03-24 04:13:38.605 W/View ( 1990): requestLayout() improperly called by android.widget.FrameLayout{3906626 I.E...... ......ID 0,0-780,182 #2bc} during second layout pass: posting in next frame
03-24 04:13:38.605 W/View ( 1990): requestLayout() improperly called by com.android.systemui.statusbar.AlphaOptimizedImageView{7aad581 VFED..C.. ......ID 0,0-140,182} during second layout pass: posting in next frame
03-24 04:13:38.616 W/View ( 1990): requestLayout() improperly called by android.widget.FrameLayout{3906626 I.E...... ......ID 0,0-780,182 #2bc} during layout: running second layout pass
03-24 04:13:38.616 W/View ( 1990): requestLayout() improperly called by com.android.systemui.statusbar.AlphaOptimizedImageView{7aad581 VFED..C.. ......ID 0,0-140,182} during layout: running second layout pass
03-24 04:13:38.621 W/View ( 1990): requestLayout() improperly called by android.widget.FrameLayout{3906626 I.E...... ......ID 0,0-780,182 #2bc} during second layout pass: posting in next frame
03-24 04:13:38.621 W/View ( 1990): requestLayout() improperly called by com.android.systemui.statusbar.AlphaOptimizedImageView{7aad581 VFED..C.. ......ID 0,0-140,182} during second layout pass: posting in next frame
03-24 04:13:38.633 W/View ( 1990): requestLayout() improperly called by android.widget.FrameLayout{3906626 I.E...... ......ID 0,0-780,182 #2bc} during layout: running second layout pass
03-24 04:13:38.633 W/View ( 1990): requestLayout() improperly called by com.android.systemui.statusbar.AlphaOptimizedImageView{7aad581 VFED..C.. ......ID 0,0-140,182} during layout: running second layout pass
03-24 04:13:38.640 W/View ( 1990): requestLayout() improperly called by android.widget.FrameLayout{3906626 I.E...... ......ID 0,0-780,182 #2bc} during second layout pass: posting in next frame
03-24 04:13:38.640 W/View ( 1990): requestLayout() improperly called by com.android.systemui.statusbar.AlphaOptimizedImageView{7aad581 VFED..C.. ......ID 0,0-140,182} during second layout pass: posting in next frame
03-24 04:13:38.650 W/View ( 1990): requestLayout() improperly called by android.widget.FrameLayout{3906626 I.E...... ......ID 0,0-780,182 #2bc} during layout: running second layout pass
03-24 04:13:38.650 W/View ( 1990): requestLayout() improperly called by com.android.systemui.statusbar.AlphaOptimizedImageView{7aad581 VFED..C.. ......ID 0,0-140,182} during layout: running second layout pass
03-24 04:13:38.657 W/View ( 1990): requestLayout() improperly called by android.widget.FrameLayout{3906626 I.E...... ......ID 0,0-780,182 #2bc} during second layout pass: posting in next frame
03-24 04:13:38.657 W/View ( 1990): requestLayout() improperly called by com.android.systemui.statusbar.AlphaOptimizedImageView{7aad581 VFED..C.. ......ID 0,0-140,182} during second layout pass: posting in next frame
03-24 04:13:38.662 I/wm_task_removed( 1526): [31,removeChild:removeChild last r=ActivityRecord{d2158ad u0 com.android.systemui/.screenrecord.ScreenRecordDialog t-1 f}} in t=Task{f424706 #31 type=standard A=10078:com.android.systemui U=0 visible=false mode=fullscreen translucent=true sz=0}]
03-24 04:13:38.662 I/wm_task_removed( 1526): [31,removeChild]
03-24 04:13:38.664 W/ActivityTaskManager( 1526): Can't find TaskDisplayArea to determine support for multi window. Task id=31 attached=false
03-24 04:13:38.664 W/ActivityTaskManager( 1526): Can't find TaskDisplayArea to determine support for multi window. Task id=31 attached=false
03-24 04:13:38.667 W/View ( 1990): requestLayout() improperly called by android.widget.FrameLayout{3906626 I.E...... ......ID 0,0-780,182 #2bc} during layout: running second layout pass
03-24 04:13:38.667 W/View ( 1990): requestLayout() improperly called by com.android.systemui.statusbar.AlphaOptimizedImageView{7aad581 VFED..C.. ......ID 0,0-140,182} during layout: running second layout pass
03-24 04:13:38.676 W/View ( 1990): requestLayout() improperly called by android.widget.FrameLayout{3906626 I.E...... ......ID 0,0-780,182 #2bc} during second layout pass: posting in next frame
03-24 04:13:38.676 W/View ( 1990): requestLayout() improperly called by com.android.systemui.statusbar.AlphaOptimizedImageView{7aad581 VFED..C.. ......ID 0,0-140,182} during second layout pass: posting in next frame
03-24 04:13:38.682 W/View ( 1990): requestLayout() improperly called by android.widget.FrameLayout{3906626 I.E...... ......ID 0,0-780,182 #2bc} during layout: running second layout pass
03-24 04:13:38.682 W/View ( 1990): requestLayout() improperly called by com.android.systemui.statusbar.AlphaOptimizedImageView{7aad581 VFED..C.. ......ID 0,0-140,182} during layout: running second layout pass
03-24 04:13:39.189 W/hpplay-java( 2725): [main]:IPManager:getActiveNets invalid networkInfo:null
03-24 04:13:39.189 I/hpplay-java( 2725): [main]:IPManager:getActiveNets eth0:false wifi:false mobile:false ap:false
03-24 04:13:39.189 I/hpplay-java( 2725): [main]:ServerTaskManager:get local ip:null
03-24 04:13:39.379 W/View ( 1990): requestLayout() improperly called by android.widget.FrameLayout{3906626 I.E...... ......ID 0,0-780,182 #2bc} during second layout pass: posting in next frame
03-24 04:13:39.380 W/View ( 1990): requestLayout() improperly called by com.android.systemui.statusbar.AlphaOptimizedImageView{7aad581 VFED..C.. ......ID 0,0-140,182} during second layout pass: posting in next frame
03-24 04:13:39.403 W/View ( 1990): requestLayout() improperly called by android.widget.FrameLayout{3906626 I.E...... ......ID 0,0-780,182 #2bc} during layout: running second layout pass
03-24 04:13:39.403 W/View ( 1990): requestLayout() improperly called by com.android.systemui.statusbar.AlphaOptimizedImageView{7aad581 VFED..C.. ......ID 0,0-140,182} during layout: running second layout pass
03-24 04:13:39.414 I/OMX-VENC: venc_dev( 1210): stats: avg. fps 26.78, bitrate 1901767
03-24 04:13:39.491 I/mpu_uart( 646): [MSG-P:RECV]:No message received in 1000 ms
03-24 04:13:40.191 W/hpplay-java( 2725): [main]:IPManager:getActiveNets invalid networkInfo:null
03-24 04:13:40.192 I/hpplay-java( 2725): [main]:IPManager:getActiveNets eth0:false wifi:false mobile:false ap:false
03-24 04:13:40.192 I/hpplay-java( 2725): [main]:ServerTaskManager:get local ip:null
03-24 04:13:40.379 W/View ( 1990): requestLayout() improperly called by android.widget.FrameLayout{3906626 I.E...... ......ID 0,0-780,182 #2bc} during second layout pass: posting in next frame
03-24 04:13:40.379 W/View ( 1990): requestLayout() improperly called by com.android.systemui.statusbar.AlphaOptimizedImageView{7aad581 VFED..C.. ......ID 0,0-140,182} during second layout pass: posting in next frame
03-24 04:13:40.403 W/View ( 1990): requestLayout() improperly called by android.widget.FrameLayout{3906626 I.E...... ......ID 0,0-780,182 #2bc} during layout: running second layout pass
03-24 04:13:40.403 W/View ( 1990): requestLayout() improperly called by com.android.systemui.statusbar.AlphaOptimizedImageView{7aad581 VFED..C.. ......ID 0,0-140,182} during layout: running second layout pass
03-24 04:13:40.419 I/OMX-VENC: venc_dev( 1210): stats: avg. fps 9.94, bitrate 180495
03-24 04:13:40.492 I/mpu_uart( 646): [MSG-P:RECV]:No message received in 1000 ms
03-24 04:13:40.601 E/tlogd ( 1344): [TzLogger](isPathReadable) file /sys/kernel/debug/tzdbg/qsee_log isn't exist or no permission, err: No such file or directory
03-24 04:13:40.601 E/tlogd ( 1344): [TzLogger](saveTzlogAsync) /sys/kernel/debug/tzdbg/qsee_log can not read.
03-24 04:13:40.602 E/tlogd ( 1344): [TzLogger](isPathReadable) file /sys/kernel/debug/tzdbg/log isn't exist or no permission, err: No such file or directory
03-24 04:13:40.602 E/tlogd ( 1344): [TzLogger](saveTzlogAsync) /sys/kernel/debug/tzdbg/log can not read.
03-24 04:13:40.614 I/mpu_uart( 646): [MSG-P:R]:recv sync frame timeout
03-24 04:13:41.194 W/hpplay-java( 2725): [main]:IPManager:getActiveNets invalid networkInfo:null
03-24 04:13:41.194 I/hpplay-java( 2725): [main]:IPManager:getActiveNets eth0:false wifi:false mobile:false ap:false
03-24 04:13:41.194 I/hpplay-java( 2725): [main]:ServerTaskManager:get local ip:null
03-24 04:13:41.346 D/CompatibilityInfo( 1526): mCompatibilityFlags - 4
03-24 04:13:41.347 D/CompatibilityInfo( 1526): applicationDensity - 240
03-24 04:13:41.347 D/CompatibilityInfo( 1526): applicationScale - 1.0
03-24 04:13:41.350 D/RecordingController( 1990): sent start intent
03-24 04:13:41.355 D/RecordingService( 1990): onStartCommand com.android.systemui.screenrecord.START
03-24 04:13:41.356 D/RecordingService( 1990): recording with audio sourceNONE
03-24 04:13:41.359 D/ScreenMediaRecorder( 1990): start recording
03-24 04:13:41.369 W/StagefrightRecorder( 1191): stop while neither recording nor paused
03-24 04:13:41.369 I/MediaProfiles( 1191): Profiles xml path: /vendor/etc/media_profiles_kona.xml
03-24 04:13:41.381 D/MediaCodecList( 1990): codecHandlesFormat: no format, so no extra checks
03-24 04:13:41.381 D/MediaCodecList( 1990): codecHandlesFormat: no format, so no extra checks
03-24 04:13:41.382 D/MediaCodecList( 1990): codecHandlesFormat: no format, so no extra checks
03-24 04:13:41.382 D/MediaCodecList( 1990): codecHandlesFormat: no format, so no extra checks
03-24 04:13:41.385 I/OMXClient( 1990): IOmx service obtained
03-24 04:13:41.385 I/OMXMaster( 1210): makeComponentInstance(OMX.qcom.video.decoder.avc) in android.hardwar process
03-24 04:13:41.391 E/android.hardware.media.omx@1.0-service( 1210): Service not available yet
03-24 04:13:41.392 D/PlatformConfig( 1210): getInstance: Enter
03-24 04:13:41.392 D/PlatformConfig( 1210): getConfigStoreBool: vpp/enable=false, returning false
03-24 04:13:41.393 D/PlatformConfig( 1210): getInstance: Enter
03-24 04:13:41.393 D/PlatformConfig( 1210): getInt32 Config name: vidc_dec_log_in value: 0
03-24 04:13:41.393 D/PlatformConfig( 1210): getInstance: Enter
03-24 04:13:41.393 D/PlatformConfig( 1210): getInt32 Config name: vidc_dec_log_out value: 0
03-24 04:13:41.393 D/PlatformConfig( 1210): getInstance: Enter
03-24 04:13:41.393 D/PlatformConfig( 1210): getInt32 Config name: vidc_dec_sec_prefetch_size_internal value: 209715200
03-24 04:13:41.393 D/PlatformConfig( 1210): getInstance: Enter
03-24 04:13:41.393 D/PlatformConfig( 1210): getInt32 Config name: vidc_dec_sec_prefetch_size_output value: 13434880
03-24 04:13:41.393 D/PlatformConfig( 1210): getInstance: Enter
03-24 04:13:41.393 D/PlatformConfig( 1210): getInt32 Config name: vidc_perf_control_enable value: 0
03-24 04:13:41.393 D/PlatformConfig( 1210): getInstance: Enter
03-24 04:13:41.393 D/PlatformConfig( 1210): getInt32 Config name: vidc_dec_thumbnail_yuv_output value: 0
03-24 04:13:41.393 D/PlatformConfig( 1210): getInstance: Enter
03-24 04:13:41.393 D/PlatformConfig( 1210): getInt32: Returning default
03-24 04:13:41.393 D/PlatformConfig( 1210): getInstance: Enter
03-24 04:13:41.393 D/PlatformConfig( 1210): getInt32 Config name: vidc_dec_output_rate value: 120
03-24 04:13:41.393 I/OMX-VDEC-1080P( 1210): component_init: OMX.qcom.video.decoder.avc : fd=11
03-24 04:13:41.394 E/OMX-VDEC-1080P( 1210): Unsupported output color format for c2d (2141391876)
03-24 04:13:41.394 E/OMX-VDEC-1080P( 1210): Setting color format failed
01-01 08:29:15.568 I/msm_vidc( 0): high: 00000002: ....d: Opening video instance: 0000000000000000, 1
01-01 08:29:15.568 I/msm_vidc( 0): err : 00000002: ....d: Failed to create debugfs for msm_vidc
03-24 04:13:41.395 D/PlatformConfig( 1210): getInstance: Enter
03-24 04:13:41.395 D/PlatformConfig( 1210): getInt32: Returning default
03-24 04:13:41.395 D/PlatformConfig( 1210): getInstance: Enter
03-24 04:13:41.395 D/PlatformConfig( 1210): getInt32: Returning default
03-24 04:13:41.395 I/OMX-VDEC-1080P( 1210): omx_vdec::component_init() success : fd=11
03-24 04:13:41.407 I/OMX-VDEC-1080P( 1210): omx_vdec::component_deinit() complete
03-24 04:13:41.408 D/ScreenMediaRecorder( 1990): Screen size supported at rate 60
03-24 04:13:41.408 I/OMX-VDEC-1080P( 1210): Exit OMX vdec Destructor: fd=11
03-24 04:13:41.410 D/MPEG4Writer( 1191): PreAllocation enabled
01-01 08:29:15.583 I/msm_vidc( 0): high: 00000002: h264d: Closed video instance: 0000000000000000
03-24 04:13:41.410 D/MediaCodecList( 1191): codecHandlesFormat: no format, so no extra checks
03-24 04:13:41.410 D/MediaCodecList( 1191): codecHandlesFormat: no format, so no extra checks
03-24 04:13:41.410 D/MediaCodecList( 1191): codecHandlesFormat: no format, so no extra checks
