03-24 03:58:19.770 I/am_wtf ( 1526): [0,1526,system_server,-1,DisplayDeviceConfig,requesting nits when no mapping exists.]
03-24 03:58:19.786 I/am_wtf ( 1526): [0,1526,system_server,-1,DisplayDeviceConfig,requesting nits when no mapping exists.]
03-24 03:58:19.786 I/am_wtf ( 1526): [0,1526,system_server,-1,DisplayDeviceConfig,requesting nits when no mapping exists.]
03-24 03:58:19.803 I/am_wtf ( 1526): [0,1526,system_server,-1,DisplayDeviceConfig,requesting nits when no mapping exists.]
03-24 03:58:19.803 I/am_wtf ( 1526): [0,1526,system_server,-1,DisplayDeviceConfig,requesting nits when no mapping exists.]
03-24 03:58:19.819 I/am_wtf ( 1526): [0,1526,system_server,-1,DisplayDeviceConfig,requesting nits when no mapping exists.]
03-24 03:58:19.820 I/am_wtf ( 1526): [0,1526,system_server,-1,DisplayDeviceConfig,requesting nits when no mapping exists.]
03-24 03:58:19.836 I/am_wtf ( 1526): [0,1526,system_server,-1,DisplayDeviceConfig,requesting nits when no mapping exists.]
03-24 03:58:19.836 I/am_wtf ( 1526): [0,1526,system_server,-1,DisplayDeviceConfig,requesting nits when no mapping exists.]
03-24 03:58:19.853 I/am_wtf ( 1526): [0,1526,system_server,-1,DisplayDeviceConfig,requesting nits when no mapping exists.]
03-24 03:58:19.853 I/am_wtf ( 1526): [0,1526,system_server,-1,DisplayDeviceConfig,requesting nits when no mapping exists.]
03-24 03:58:19.869 I/am_wtf ( 1526): [0,1526,system_server,-1,DisplayDeviceConfig,requesting nits when no mapping exists.]
03-24 03:58:19.870 I/am_wtf ( 1526): [0,1526,system_server,-1,DisplayDeviceConfig,requesting nits when no mapping exists.]
03-24 03:58:19.887 I/am_wtf ( 1526): [0,1526,system_server,-1,DisplayDeviceConfig,requesting nits when no mapping exists.]
03-24 03:58:19.887 I/am_wtf ( 1526): [0,1526,system_server,-1,DisplayDeviceConfig,requesting nits when no mapping exists.]
03-24 03:58:19.903 I/am_wtf ( 1526): [0,1526,system_server,-1,DisplayDeviceConfig,requesting nits when no mapping exists.]
03-24 03:58:19.904 I/notification_enqueue( 1526): [10078,1990,com.android.systemui,2048,NULL,0,Notification(channel=updateNotification shortcut=null contentView=null vibrate=null sound=null defaults=0x0 flags=0x0 color=0x00000000 vis=PRIVATE),1]
03-24 03:58:19.904 I/am_wtf ( 1526): [0,1526,system_server,-1,DisplayDeviceConfig,requesting nits when no mapping exists.]
03-24 03:58:19.904 I/sysui_multi_action( 1990): [757,111,758,2]
03-24 03:58:19.904 I/sysui_multi_action( 1990): [757,111,758,2]
03-24 03:58:19.920 I/wm_stop_activity( 1526): [0,116754269,com.android.launcher3/.uioverrides.QuickstepLauncher]
03-24 03:58:19.921 I/am_wtf ( 1526): [0,1526,system_server,-1,DisplayDeviceConfig,requesting nits when no mapping exists.]
03-24 03:58:19.921 I/am_wtf ( 1526): [0,1526,system_server,-1,DisplayDeviceConfig,requesting nits when no mapping exists.]
03-24 03:58:19.922 I/wm_on_stop_called( 2550): [116754269,com.android.launcher3.uioverrides.QuickstepLauncher,STOP_ACTIVITY_ITEM]
03-24 03:58:19.936 I/am_wtf ( 1526): [0,1526,system_server,-1,DisplayDeviceConfig,requesting nits when no mapping exists.]
03-24 03:58:19.937 I/am_wtf ( 1526): [0,1526,system_server,-1,DisplayDeviceConfig,requesting nits when no mapping exists.]
03-24 03:58:19.953 I/am_wtf ( 1526): [0,1526,system_server,-1,DisplayDeviceConfig,requesting nits when no mapping exists.]
03-24 03:58:19.954 I/am_wtf ( 1526): [0,1526,system_server,-1,DisplayDeviceConfig,requesting nits when no mapping exists.]
03-24 03:58:19.970 I/am_wtf ( 1526): [0,1526,system_server,-1,DisplayDeviceConfig,requesting nits when no mapping exists.]
03-24 03:58:19.970 I/am_wtf ( 1526): [0,1526,system_server,-1,DisplayDeviceConfig,requesting nits when no mapping exists.]
03-24 03:58:19.986 I/am_wtf ( 1526): [0,1526,system_server,-1,DisplayDeviceConfig,requesting nits when no mapping exists.]
03-24 03:58:19.987 I/am_wtf ( 1526): [0,1526,system_server,-1,DisplayDeviceConfig,requesting nits when no mapping exists.]
03-24 03:58:20.003 I/am_wtf ( 1526): [0,1526,system_server,-1,DisplayDeviceConfig,requesting nits when no mapping exists.]
03-24 03:58:20.004 I/am_wtf ( 1526): [0,1526,system_server,-1,DisplayDeviceConfig,requesting nits when no mapping exists.]
03-24 03:58:20.020 I/am_wtf ( 1526): [0,1526,system_server,-1,DisplayDeviceConfig,requesting nits when no mapping exists.]
03-24 03:58:20.020 I/am_wtf ( 1526): [0,1526,system_server,-1,DisplayDeviceConfig,requesting nits when no mapping exists.]
03-24 03:58:20.037 I/am_wtf ( 1526): [0,1526,system_server,-1,DisplayDeviceConfig,requesting nits when no mapping exists.]
03-24 03:58:20.037 I/am_wtf ( 1526): [0,1526,system_server,-1,DisplayDeviceConfig,requesting nits when no mapping exists.]
03-24 03:58:20.053 I/am_wtf ( 1526): [0,1526,system_server,-1,DisplayDeviceConfig,requesting nits when no mapping exists.]
03-24 03:58:20.054 I/am_wtf ( 1526): [0,1526,system_server,-1,DisplayDeviceConfig,requesting nits when no mapping exists.]
03-24 03:58:20.070 I/am_wtf ( 1526): [0,1526,system_server,-1,DisplayDeviceConfig,requesting nits when no mapping exists.]
03-24 03:58:20.070 I/am_wtf ( 1526): [0,1526,system_server,-1,DisplayDeviceConfig,requesting nits when no mapping exists.]
03-24 03:58:20.087 I/am_wtf ( 1526): [0,1526,system_server,-1,DisplayDeviceConfig,requesting nits when no mapping exists.]
03-24 03:58:20.087 I/am_wtf ( 1526): [0,1526,system_server,-1,DisplayDeviceConfig,requesting nits when no mapping exists.]
03-24 03:58:20.104 I/am_wtf ( 1526): [0,1526,system_server,-1,DisplayDeviceConfig,requesting nits when no mapping exists.]
03-24 03:58:20.104 I/am_wtf ( 1526): [0,1526,system_server,-1,DisplayDeviceConfig,requesting nits when no mapping exists.]
03-24 03:58:20.115 I/sysui_multi_action( 1526): [757,128,758,2,793,821040,794,60592,795,821040,796,26,798,0,806,android,857,DEVELOPER_IMPORTANT,858,4,947,0,1395,3,1500,820679,1688,1]
03-24 03:58:20.115 I/notification_visibility( 1526): [-1|android|26|null|1000,0,821040,821040,0,0]
03-24 03:58:20.115 I/sysui_multi_action( 1526): [757,128,758,2,793,816338,794,60592,795,816338,796,17303299,797,com.android.wifi,798,1,806,android,857,NETWORK_AVAILABLE,858,2,947,0,1395,3,1500,816135,1688,1]
03-24 03:58:20.115 I/notification_visibility( 1526): [0|android|17303299|com.android.wifi|1000,0,816338,816338,0,1]
03-24 03:58:20.115 I/sysui_multi_action( 1526): [757,128,758,2,793,821790,794,60591,795,821790,796,32,798,2,806,android,857,USB,858,1,947,0,1395,3,1500,821550,1688,1]
03-24 03:58:20.115 I/notification_visibility( 1526): [-1|android|32|null|1000,0,821790,821790,0,2]
03-24 03:58:20.115 I/sysui_multi_action( 1526): [757,127,758,2]
03-24 03:58:20.115 I/notification_panel_hidden( 1526):
03-24 03:58:20.121 I/am_wtf ( 1526): [0,1526,system_server,-1,DisplayDeviceConfig,requesting nits when no mapping exists.]
03-24 03:58:20.121 I/am_wtf ( 1526): [0,1526,system_server,-1,DisplayDeviceConfig,requesting nits when no mapping exists.]
03-24 03:58:20.137 I/am_wtf ( 1526): [0,1526,system_server,-1,DisplayDeviceConfig,requesting nits when no mapping exists.]
03-24 03:58:20.137 I/am_wtf ( 1526): [0,1526,system_server,-1,DisplayDeviceConfig,requesting nits when no mapping exists.]
03-24 03:58:20.154 I/am_wtf ( 1526): [0,1526,system_server,-1,DisplayDeviceConfig,requesting nits when no mapping exists.]
03-24 03:58:20.154 I/am_wtf ( 1526): [0,1526,system_server,-1,DisplayDeviceConfig,requesting nits when no mapping exists.]
03-24 03:58:20.170 I/am_wtf ( 1526): [0,1526,system_server,-1,DisplayDeviceConfig,requesting nits when no mapping exists.]
03-24 03:58:20.171 I/am_wtf ( 1526): [0,1526,system_server,-1,DisplayDeviceConfig,requesting nits when no mapping exists.]
03-24 03:58:20.187 I/am_wtf ( 1526): [0,1526,system_server,-1,DisplayDeviceConfig,requesting nits when no mapping exists.]
03-24 03:58:20.187 I/am_wtf ( 1526): [0,1526,system_server,-1,DisplayDeviceConfig,requesting nits when no mapping exists.]
03-24 03:58:20.204 I/am_wtf ( 1526): [0,1526,system_server,-1,DisplayDeviceConfig,requesting nits when no mapping exists.]
03-24 03:58:20.204 I/am_wtf ( 1526): [0,1526,system_server,-1,DisplayDeviceConfig,requesting nits when no mapping exists.]
03-24 03:58:20.220 I/am_wtf ( 1526): [0,1526,system_server,-1,DisplayDeviceConfig,requesting nits when no mapping exists.]
03-24 03:58:20.221 I/am_wtf ( 1526): [0,1526,system_server,-1,DisplayDeviceConfig,requesting nits when no mapping exists.]
03-24 03:58:20.237 I/am_wtf ( 1526): [0,1526,system_server,-1,DisplayDeviceConfig,requesting nits when no mapping exists.]
03-24 03:58:20.237 I/am_wtf ( 1526): [0,1526,system_server,-1,DisplayDeviceConfig,requesting nits when no mapping exists.]
03-24 03:58:20.254 I/am_wtf ( 1526): [0,1526,system_server,-1,DisplayDeviceConfig,requesting nits when no mapping exists.]
03-24 03:58:20.254 I/am_wtf ( 1526): [0,1526,system_server,-1,DisplayDeviceConfig,requesting nits when no mapping exists.]
03-24 03:58:20.271 I/am_wtf ( 1526): [0,1526,system_server,-1,DisplayDeviceConfig,requesting nits when no mapping exists.]
03-24 03:58:20.271 I/am_wtf ( 1526): [0,1526,system_server,-1,DisplayDeviceConfig,requesting nits when no mapping exists.]
03-24 03:58:20.287 I/am_wtf ( 1526): [0,1526,system_server,-1,DisplayDeviceConfig,requesting nits when no mapping exists.]
03-24 03:58:20.287 I/am_wtf ( 1526): [0,1526,system_server,-1,DisplayDeviceConfig,requesting nits when no mapping exists.]
03-24 03:58:20.304 I/am_wtf ( 1526): [0,1526,system_server,-1,DisplayDeviceConfig,requesting nits when no mapping exists.]
03-24 03:58:20.304 I/am_wtf ( 1526): [0,1526,system_server,-1,DisplayDeviceConfig,requesting nits when no mapping exists.]
03-24 03:58:20.321 I/am_wtf ( 1526): [0,1526,system_server,-1,DisplayDeviceConfig,requesting nits when no mapping exists.]
03-24 03:58:20.321 I/am_wtf ( 1526): [0,1526,system_server,-1,DisplayDeviceConfig,requesting nits when no mapping exists.]
03-24 03:58:20.337 I/am_wtf ( 1526): [0,1526,system_server,-1,DisplayDeviceConfig,requesting nits when no mapping exists.]
03-24 03:58:20.338 I/am_wtf ( 1526): [0,1526,system_server,-1,DisplayDeviceConfig,requesting nits when no mapping exists.]
03-24 03:58:20.354 I/am_wtf ( 1526): [0,1526,system_server,-1,DisplayDeviceConfig,requesting nits when no mapping exists.]
03-24 03:58:20.354 I/am_wtf ( 1526): [0,1526,system_server,-1,DisplayDeviceConfig,requesting nits when no mapping exists.]
03-24 03:58:20.371 I/am_wtf ( 1526): [0,1526,system_server,-1,DisplayDeviceConfig,requesting nits when no mapping exists.]
03-24 03:58:20.371 I/am_wtf ( 1526): [0,1526,system_server,-1,DisplayDeviceConfig,requesting nits when no mapping exists.]
03-24 03:58:20.387 I/am_wtf ( 1526): [0,1526,system_server,-1,DisplayDeviceConfig,requesting nits when no mapping exists.]
03-24 03:58:20.388 I/am_wtf ( 1526): [0,1526,system_server,-1,DisplayDeviceConfig,requesting nits when no mapping exists.]
03-24 03:58:20.404 I/am_wtf ( 1526): [0,1526,system_server,-1,DisplayDeviceConfig,requesting nits when no mapping exists.]
03-24 03:58:20.404 I/am_wtf ( 1526): [0,1526,system_server,-1,DisplayDeviceConfig,requesting nits when no mapping exists.]
03-24 03:58:20.421 I/am_wtf ( 1526): [0,1526,system_server,-1,DisplayDeviceConfig,requesting nits when no mapping exists.]
03-24 03:58:20.421 I/am_wtf ( 1526): [0,1526,system_server,-1,DisplayDeviceConfig,requesting nits when no mapping exists.]
03-24 03:58:20.438 I/am_wtf ( 1526): [0,1526,system_server,-1,DisplayDeviceConfig,requesting nits when no mapping exists.]
03-24 03:58:20.438 I/am_wtf ( 1526): [0,1526,system_server,-1,DisplayDeviceConfig,requesting nits when no mapping exists.]
03-24 03:58:20.454 I/am_wtf ( 1526): [0,1526,system_server,-1,DisplayDeviceConfig,requesting nits when no mapping exists.]
03-24 03:58:20.454 I/am_wtf ( 1526): [0,1526,system_server,-1,DisplayDeviceConfig,requesting nits when no mapping exists.]
03-24 03:58:20.471 I/am_wtf ( 1526): [0,1526,system_server,-1,DisplayDeviceConfig,requesting nits when no mapping exists.]
03-24 03:58:20.471 I/am_wtf ( 1526): [0,1526,system_server,-1,DisplayDeviceConfig,requesting nits when no mapping exists.]
03-24 03:58:20.488 I/am_wtf ( 1526): [0,1526,system_server,-1,DisplayDeviceConfig,requesting nits when no mapping exists.]
03-24 03:58:20.488 I/am_wtf ( 1526): [0,1526,system_server,-1,DisplayDeviceConfig,requesting nits when no mapping exists.]
03-24 03:58:20.504 I/am_wtf ( 1526): [0,1526,system_server,-1,DisplayDeviceConfig,requesting nits when no mapping exists.]
03-24 03:58:20.505 I/am_wtf ( 1526): [0,1526,system_server,-1,DisplayDeviceConfig,requesting nits when no mapping exists.]
03-24 03:58:20.521 I/am_wtf ( 1526): [0,1526,system_server,-1,DisplayDeviceConfig,requesting nits when no mapping exists.]
03-24 03:58:20.521 I/am_wtf ( 1526): [0,1526,system_server,-1,DisplayDeviceConfig,requesting nits when no mapping exists.]
03-24 03:58:20.538 I/am_wtf ( 1526): [0,1526,system_server,-1,DisplayDeviceConfig,requesting nits when no mapping exists.]
03-24 03:58:20.538 I/am_wtf ( 1526): [0,1526,system_server,-1,DisplayDeviceConfig,requesting nits when no mapping exists.]
03-24 03:58:20.554 I/am_wtf ( 1526): [0,1526,system_server,-1,DisplayDeviceConfig,requesting nits when no mapping exists.]
03-24 03:58:20.555 I/am_wtf ( 1526): [0,1526,system_server,-1,DisplayDeviceConfig,requesting nits when no mapping exists.]
03-24 03:58:20.571 I/am_wtf ( 1526): [0,1526,system_server,-1,DisplayDeviceConfig,requesting nits when no mapping exists.]
03-24 03:58:20.571 I/am_wtf ( 1526): [0,1526,system_server,-1,DisplayDeviceConfig,requesting nits when no mapping exists.]
03-24 03:58:20.588 I/am_wtf ( 1526): [0,1526,system_server,-1,DisplayDeviceConfig,requesting nits when no mapping exists.]
03-24 03:58:20.588 I/am_wtf ( 1526): [0,1526,system_server,-1,DisplayDeviceConfig,requesting nits when no mapping exists.]
03-24 03:58:44.558 I/input_interaction( 1526): Interaction with: b2eb8f2 com.thundercomm.screensaver/android.service.dreams.DreamActivity (server), edge-swipe (server), swipe-up (server), PointerEventDispatcher0 (server),
03-24 03:58:44.561 I/wm_finish_activity( 1526): [0,217231514,24,com.thundercomm.screensaver/android.service.dreams.DreamActivity,finish-activity]
03-24 03:58:44.561 I/wm_task_moved( 1526): [1,1,7]
03-24 03:58:44.562 I/wm_task_moved( 1526): [15,1,2147483647]
03-24 03:58:44.562 I/wm_task_to_front( 1526): [0,15]
03-24 03:58:44.563 I/wm_focused_root_task( 1526): [0,0,1,24,finish-top adjustFocusToNextFocusableTask]
03-24 03:58:44.563 I/wm_set_resumed_activity( 1526): [0,com.android.launcher3/.uioverrides.QuickstepLauncher,finish-top adjustFocusToNextFocusableTask]
03-24 03:58:44.564 I/wm_pause_activity( 1526): [0,217231514,com.thundercomm.screensaver/android.service.dreams.DreamActivity,userLeaving=false,finish]
03-24 03:58:44.565 I/service_manager_stats( 1526): [116,22,24929]
03-24 03:58:44.571 I/sysui_multi_action( 1526): [757,803,799,window_time_0,802,25]
03-24 03:58:44.572 I/wm_on_top_resumed_lost_called( 4218): [217231514,android.service.dreams.DreamActivity,topStateChangedWhenResumed]
03-24 03:58:44.572 I/wm_on_paused_called( 4218): [217231514,android.service.dreams.DreamActivity,performPause]
03-24 03:58:44.573 I/wm_add_to_stopping( 1526): [0,217231514,com.thundercomm.screensaver/android.service.dreams.DreamActivity,completeFinishing]
03-24 03:58:44.575 I/wm_set_resumed_activity( 1526): [0,com.android.launcher3/.uioverrides.QuickstepLauncher,resumeTopActivityInnerLocked]
03-24 03:58:44.576 I/wm_resume_activity( 1526): [0,116754269,15,com.android.launcher3/.uioverrides.QuickstepLauncher]
03-24 03:58:44.585 I/sysui_multi_action( 1526): [757,803,799,window_time_0,802,0]
03-24 03:58:44.590 I/wm_on_restart_called( 2550): [116754269,com.android.launcher3.uioverrides.QuickstepLauncher,performRestartActivity]
03-24 03:58:44.590 I/wm_on_start_called( 2550): [116754269,com.android.launcher3.uioverrides.QuickstepLauncher,handleStartActivity]
03-24 03:58:44.591 I/wm_on_resume_called( 2550): [116754269,com.android.launcher3.uioverrides.QuickstepLauncher,RESUME_ACTIVITY]
03-24 03:58:44.591 I/wm_on_top_resumed_gained_called( 2550): [116754269,com.android.launcher3.uioverrides.QuickstepLauncher,topWhenResuming]
03-24 03:58:44.596 I/am_pss ( 1526): [3182,1000,com.qti.diagservices,6394880,3760128,0,95178752,0,10,6]
03-24 03:58:44.600 I/input_focus( 1526): [Focus request d2645fe com.android.launcher3/com.android.launcher3.uioverrides.QuickstepLauncher,reason=UpdateInputWindows]
03-24 03:58:44.600 I/view_enqueue_input_event( 4218): [Motion - Cancel,com.thundercomm.screensaver/android.service.dreams.DreamActivity]
03-24 03:58:44.600 I/input_focus( 1526): [Focus leaving b2eb8f2 com.thundercomm.screensaver/android.service.dreams.DreamActivity (server),reason=NO_WINDOW]
03-24 03:58:44.609 I/input_interaction( 1526): Interaction with: edge-swipe (server), swipe-up (server), PointerEventDispatcher0 (server),
03-24 03:58:44.614 I/input_focus( 1526): [Focus entering d2645fe com.android.launcher3/com.android.launcher3.uioverrides.QuickstepLauncher (server),reason=setFocusedWindow]
03-24 03:58:44.847 I/wm_destroy_activity( 1526): [0,217231514,24,com.thundercomm.screensaver/android.service.dreams.DreamActivity,finish-imm:idle]
03-24 03:58:44.868 I/wm_on_stop_called( 4218): [217231514,android.service.dreams.DreamActivity,LIFECYCLER_STOP_ACTIVITY]
03-24 03:58:44.869 I/wm_on_destroy_called( 4218): [217231514,android.service.dreams.DreamActivity,performDestroy]
03-24 03:58:44.870 I/sysui_multi_action( 1526): [757,222,758,2]
03-24 03:58:44.870 I/sysui_multi_action( 1526): [757,804,799,dreaming_minutes,801,0,802,1]
03-24 03:58:44.873 I/wm_task_removed( 1526): [24,removeChild:removeChild last r=ActivityRecord{cf2b09a u0 com.thundercomm.screensaver/android.service.dreams.DreamActivity t-1 f}} in t=Task{3eb723e #24 type=dream A=10041:android:com.thundercomm.screensaver/dream U=0 visible=false mode=fullscreen translucent=true sz=0}]
03-24 03:58:44.873 I/wm_task_removed( 1526): [24,removeChild]
03-24 03:58:45.602 I/input_interaction( 1526): Interaction with: 2c21551 StatusBar (server), edge-swipe (server), swipe-up (server), PointerEventDispatcher0 (server),
03-24 03:58:45.607 I/sysui_multi_action( 1990): [757,803,799,panel_open,802,1]
03-24 03:58:45.609 I/sysui_multi_action( 1990): [757,1328,758,4,1326,46,1327,2,1329,0]
03-24 03:58:45.656 I/sysui_multi_action( 1526): [757,127,758,1]
03-24 03:58:45.656 I/sysui_multi_action( 1526): [757,804,799,note_load,801,3,802,1]
03-24 03:58:45.656 I/notification_panel_revealed( 1526): 3
03-24 03:58:45.670 I/input_focus( 1526): [Focus request 6c18c NotificationShade,reason=UpdateInputWindows]
03-24 03:58:45.684 I/sysui_multi_action( 1526): [757,128,758,1,793,846609,794,0,795,846609,796,26,798,0,806,android,857,DEVELOPER_IMPORTANT,858,4,947,0,1395,3,1500,846248,1688,1]
03-24 03:58:45.684 I/sysui_multi_action( 1526): [757,804,799,note_freshness,801,846609,802,1]
03-24 03:58:45.684 I/notification_visibility( 1526): [-1|android|26|null|1000,1,846609,846609,0,0]
03-24 03:58:45.684 I/sysui_multi_action( 1526): [757,128,758,1,793,841907,794,0,795,841907,796,17303299,797,com.android.wifi,798,1,806,android,857,NETWORK_AVAILABLE,858,2,947,0,1395,3,1500,841704,1688,1]
03-24 03:58:45.684 I/sysui_multi_action( 1526): [757,804,799,note_freshness,801,841907,802,1]
03-24 03:58:45.684 I/notification_visibility( 1526): [0|android|17303299|com.android.wifi|1000,1,841907,841907,0,1]
03-24 03:58:45.685 I/sysui_multi_action( 1526): [757,128,758,1,793,847360,794,0,795,847360,796,32,798,2,806,android,857,USB,858,1,947,0,1395,3,1500,847120,1688,1]
03-24 03:58:45.685 I/sysui_multi_action( 1526): [757,804,799,note_freshness,801,847360,802,1]
03-24 03:58:45.685 I/notification_visibility( 1526): [-1|android|32|null|1000,1,847360,847360,0,2]
03-24 03:58:45.699 I/sysui_multi_action( 1990): [757,111,758,1]
03-24 03:58:45.699 I/sysui_multi_action( 1990): [757,126,758,1,759,126,927,0,928,1,1593,0]
03-24 03:58:45.700 I/sysui_multi_action( 1990): [757,113,758,1,759,113,927,1,928,1,1593,0]
03-24 03:58:45.700 I/sysui_multi_action( 1990): [757,0,758,1,759,0,927,2,928,0,1593,0]
03-24 03:58:45.700 I/sysui_multi_action( 1990): [757,0,758,1,759,0,927,3,928,0,1593,0]
03-24 03:58:45.700 I/sysui_multi_action( 1990): [757,491,758,1,759,491,927,4,928,0,1311,-1,1593,0]
03-24 03:58:45.700 I/sysui_multi_action( 1990): [757,0,758,1,759,0,927,5,928,0,1593,0]
03-24 03:58:45.701 I/sysui_multi_action( 1990): [757,111,758,1]
03-24 03:58:45.701 I/sysui_multi_action( 1990): [757,126,758,1,759,126,927,0,928,1,1593,0]
03-24 03:58:45.701 I/input_focus( 1526): [Focus leaving d2645fe com.android.launcher3/com.android.launcher3.uioverrides.QuickstepLauncher (server),reason=setFocusedWindow]
03-24 03:58:45.701 I/input_focus( 1526): [Focus entering 6c18c NotificationShade (server),reason=setFocusedWindow]
03-24 03:58:45.701 I/sysui_multi_action( 1990): [757,113,758,1,759,113,927,1,928,1,1593,0]
03-24 03:58:45.701 I/sysui_multi_action( 1990): [757,0,758,1,759,0,927,2,928,0,1593,0]
03-24 03:58:45.701 I/sysui_multi_action( 1990): [757,0,758,1,759,0,927,3,928,0,1593,0]
03-24 03:59:24.463 I/auditd ( 4506): type=1400 audit(0.0:709): avc: denied { read } for comm="app_process" name="u:object_r:odsign_prop:s0" dev="tmpfs" ino=12850 scontext=u:r:shell:s0 tcontext=u:object_r:odsign_prop:s0 tclass=file permissive=0
03-24 03:59:24.639 I/auditd ( 4523): type=1400 audit(0.0:710): avc: denied { read } for comm="app_process" name="u:object_r:odsign_prop:s0" dev="tmpfs" ino=12850 scontext=u:r:shell:s0 tcontext=u:object_r:odsign_prop:s0 tclass=file permissive=0
03-24 03:59:38.736 I/sysui_multi_action( 1526): [757,1696,758,6,759,2]
03-24 03:59:38.741 I/am_wtf ( 1526): [0,1526,system_server,-1,DisplayDeviceConfig,requesting nits when no mapping exists.]
03-24 03:59:38.744 I/am_wtf ( 1526): [0,1526,system_server,-1,DisplayDeviceConfig,requesting nits when no mapping exists.]
03-24 03:59:38.757 I/am_wtf ( 1526): [0,1526,system_server,-1,DisplayDeviceConfig,requesting nits when no mapping exists.]
03-24 03:59:38.760 I/am_wtf ( 1526): [0,1526,system_server,-1,DisplayDeviceConfig,requesting nits when no mapping exists.]
03-24 03:59:38.774 I/am_wtf ( 1526): [0,1526,system_server,-1,DisplayDeviceConfig,requesting nits when no mapping exists.]
03-24 03:59:38.776 I/am_wtf ( 1526): [0,1526,system_server,-1,DisplayDeviceConfig,requesting nits when no mapping exists.]
03-24 03:59:38.791 I/am_wtf ( 1526): [0,1526,system_server,-1,DisplayDeviceConfig,requesting nits when no mapping exists.]
03-24 03:59:38.792 I/am_wtf ( 1526): [0,1526,system_server,-1,DisplayDeviceConfig,requesting nits when no mapping exists.]
03-24 03:59:38.808 I/am_wtf ( 1526): [0,1526,system_server,-1,DisplayDeviceConfig,requesting nits when no mapping exists.]
03-24 03:59:38.809 I/am_wtf ( 1526): [0,1526,system_server,-1,DisplayDeviceConfig,requesting nits when no mapping exists.]
03-24 03:59:38.824 I/am_wtf ( 1526): [0,1526,system_server,-1,DisplayDeviceConfig,requesting nits when no mapping exists.]
03-24 03:59:38.825 I/am_wtf ( 1526): [0,1526,system_server,-1,DisplayDeviceConfig,requesting nits when no mapping exists.]
03-24 03:59:38.841 I/am_wtf ( 1526): [0,1526,system_server,-1,DisplayDeviceConfig,requesting nits when no mapping exists.]
03-24 03:59:38.842 I/am_wtf ( 1526): [0,1526,system_server,-1,DisplayDeviceConfig,requesting nits when no mapping exists.]
03-24 03:59:38.858 I/am_wtf ( 1526): [0,1526,system_server,-1,DisplayDeviceConfig,requesting nits when no mapping exists.]
03-24 03:59:38.859 I/am_wtf ( 1526): [0,1526,system_server,-1,DisplayDeviceConfig,requesting nits when no mapping exists.]
03-24 03:59:38.875 I/am_wtf ( 1526): [0,1526,system_server,-1,DisplayDeviceConfig,requesting nits when no mapping exists.]
03-24 03:59:38.876 I/am_wtf ( 1526): [0,1526,system_server,-1,DisplayDeviceConfig,requesting nits when no mapping exists.]
03-24 03:59:38.891 I/am_wtf ( 1526): [0,1526,system_server,-1,DisplayDeviceConfig,requesting nits when no mapping exists.]
03-24 03:59:38.892 I/am_wtf ( 1526): [0,1526,system_server,-1,DisplayDeviceConfig,requesting nits when no mapping exists.]
03-24 03:59:38.908 I/am_wtf ( 1526): [0,1526,system_server,-1,DisplayDeviceConfig,requesting nits when no mapping exists.]
03-24 03:59:38.909 I/am_wtf ( 1526): [0,1526,system_server,-1,DisplayDeviceConfig,requesting nits when no mapping exists.]
03-24 03:59:38.925 I/am_wtf ( 1526): [0,1526,system_server,-1,DisplayDeviceConfig,requesting nits when no mapping exists.]
03-24 03:59:38.926 I/am_wtf ( 1526): [0,1526,system_server,-1,DisplayDeviceConfig,requesting nits when no mapping exists.]
03-24 03:59:38.941 I/am_wtf ( 1526): [0,1526,system_server,-1,DisplayDeviceConfig,requesting nits when no mapping exists.]
03-24 03:59:38.942 I/am_wtf ( 1526): [0,1526,system_server,-1,DisplayDeviceConfig,requesting nits when no mapping exists.]
03-24 03:59:38.959 I/am_wtf ( 1526): [0,1526,system_server,-1,DisplayDeviceConfig,requesting nits when no mapping exists.]
03-24 03:59:38.959 I/am_wtf ( 1526): [0,1526,system_server,-1,DisplayDeviceConfig,requesting nits when no mapping exists.]
03-24 03:59:38.975 I/am_wtf ( 1526): [0,1526,system_server,-1,DisplayDeviceConfig,requesting nits when no mapping exists.]
03-24 03:59:38.976 I/am_wtf ( 1526): [0,1526,system_server,-1,DisplayDeviceConfig,requesting nits when no mapping exists.]
03-24 03:59:38.992 I/am_wtf ( 1526): [0,1526,system_server,-1,DisplayDeviceConfig,requesting nits when no mapping exists.]
03-24 03:59:38.992 I/am_wtf ( 1526): [0,1526,system_server,-1,DisplayDeviceConfig,requesting nits when no mapping exists.]
03-24 03:59:39.008 I/am_wtf ( 1526): [0,1526,system_server,-1,DisplayDeviceConfig,requesting nits when no mapping exists.]
03-24 03:59:39.009 I/am_wtf ( 1526): [0,1526,system_server,-1,DisplayDeviceConfig,requesting nits when no mapping exists.]
03-24 03:59:39.025 I/am_wtf ( 1526): [0,1526,system_server,-1,DisplayDeviceConfig,requesting nits when no mapping exists.]
03-24 03:59:39.026 I/am_wtf ( 1526): [0,1526,system_server,-1,DisplayDeviceConfig,requesting nits when no mapping exists.]
03-24 03:59:39.042 I/am_wtf ( 1526): [0,1526,system_server,-1,DisplayDeviceConfig,requesting nits when no mapping exists.]
03-24 03:59:39.043 I/am_wtf ( 1526): [0,1526,system_server,-1,DisplayDeviceConfig,requesting nits when no mapping exists.]
03-24 03:59:39.058 I/am_wtf ( 1526): [0,1526,system_server,-1,DisplayDeviceConfig,requesting nits when no mapping exists.]
03-24 03:59:39.059 I/am_wtf ( 1526): [0,1526,system_server,-1,DisplayDeviceConfig,requesting nits when no mapping exists.]
03-24 03:59:39.075 I/am_wtf ( 1526): [0,1526,system_server,-1,DisplayDeviceConfig,requesting nits when no mapping exists.]
03-24 03:59:39.076 I/am_wtf ( 1526): [0,1526,system_server,-1,DisplayDeviceConfig,requesting nits when no mapping exists.]
03-24 03:59:39.092 I/am_wtf ( 1526): [0,1526,system_server,-1,DisplayDeviceConfig,requesting nits when no mapping exists.]
03-24 03:59:39.093 I/am_wtf ( 1526): [0,1526,system_server,-1,DisplayDeviceConfig,requesting nits when no mapping exists.]
03-24 03:59:39.109 I/am_wtf ( 1526): [0,1526,system_server,-1,DisplayDeviceConfig,requesting nits when no mapping exists.]
03-24 03:59:39.109 I/am_wtf ( 1526): [0,1526,system_server,-1,DisplayDeviceConfig,requesting nits when no mapping exists.]
03-24 03:59:39.125 I/am_wtf ( 1526): [0,1526,system_server,-1,DisplayDeviceConfig,requesting nits when no mapping exists.]
03-24 03:59:39.126 I/am_wtf ( 1526): [0,1526,system_server,-1,DisplayDeviceConfig,requesting nits when no mapping exists.]
03-24 03:59:39.142 I/am_wtf ( 1526): [0,1526,system_server,-1,DisplayDeviceConfig,requesting nits when no mapping exists.]
03-24 03:59:39.143 I/am_wtf ( 1526): [0,1526,system_server,-1,DisplayDeviceConfig,requesting nits when no mapping exists.]
03-24 03:59:39.159 I/am_wtf ( 1526): [0,1526,system_server,-1,DisplayDeviceConfig,requesting nits when no mapping exists.]
03-24 03:59:39.159 I/am_wtf ( 1526): [0,1526,system_server,-1,DisplayDeviceConfig,requesting nits when no mapping exists.]
03-24 03:59:39.175 I/am_wtf ( 1526): [0,1526,system_server,-1,DisplayDeviceConfig,requesting nits when no mapping exists.]
03-24 03:59:39.176 I/am_wtf ( 1526): [0,1526,system_server,-1,DisplayDeviceConfig,requesting nits when no mapping exists.]
03-24 03:59:39.192 I/am_wtf ( 1526): [0,1526,system_server,-1,DisplayDeviceConfig,requesting nits when no mapping exists.]
03-24 03:59:39.193 I/am_wtf ( 1526): [0,1526,system_server,-1,DisplayDeviceConfig,requesting nits when no mapping exists.]
03-24 03:59:39.209 I/am_wtf ( 1526): [0,1526,system_server,-1,DisplayDeviceConfig,requesting nits when no mapping exists.]
03-24 03:59:39.210 I/am_wtf ( 1526): [0,1526,system_server,-1,DisplayDeviceConfig,requesting nits when no mapping exists.]
03-24 03:59:39.226 I/am_wtf ( 1526): [0,1526,system_server,-1,DisplayDeviceConfig,requesting nits when no mapping exists.]
03-24 03:59:39.227 I/am_wtf ( 1526): [0,1526,system_server,-1,DisplayDeviceConfig,requesting nits when no mapping exists.]
03-24 03:59:39.300 I/am_wtf ( 1526): [0,1526,system_server,-1,DisplayDeviceConfig,requesting nits when no mapping exists.]
03-24 03:59:39.300 I/am_wtf ( 1526): [0,1526,system_server,-1,DisplayDeviceConfig,requesting nits when no mapping exists.]
03-24 03:59:39.301 I/am_wtf ( 1526): [0,1526,system_server,-1,DisplayDeviceConfig,requesting nits when no mapping exists.]
03-24 03:59:39.301 I/am_wtf ( 1526): [0,1526,system_server,-1,DisplayDeviceConfig,requesting nits when no mapping exists.]
03-24 03:59:39.301 I/am_wtf ( 1526): [0,1526,system_server,-1,DisplayDeviceConfig,requesting nits when no mapping exists.]
03-24 03:59:39.302 I/am_wtf ( 1526): [0,1526,system_server,-1,DisplayDeviceConfig,requesting nits when no mapping exists.]
03-24 03:59:39.302 I/am_wtf ( 1526): [0,1526,system_server,-1,DisplayDeviceConfig,requesting nits when no mapping exists.]
03-24 03:59:39.302 I/am_wtf ( 1526): [0,1526,system_server,-1,DisplayDeviceConfig,requesting nits when no mapping exists.]
03-24 03:59:39.308 I/am_wtf ( 1526): [0,1526,system_server,-1,DisplayDeviceConfig,requesting nits when no mapping exists.]
03-24 03:59:39.309 I/am_wtf ( 1526): [0,1526,system_server,-1,DisplayDeviceConfig,requesting nits when no mapping exists.]
03-24 03:59:39.326 I/am_wtf ( 1526): [0,1526,system_server,-1,DisplayDeviceConfig,requesting nits when no mapping exists.]
03-24 03:59:39.327 I/am_wtf ( 1526): [0,1526,system_server,-1,DisplayDeviceConfig,requesting nits when no mapping exists.]
03-24 03:59:39.342 I/am_wtf ( 1526): [0,1526,system_server,-1,DisplayDeviceConfig,requesting nits when no mapping exists.]
03-24 03:59:39.343 I/am_wtf ( 1526): [0,1526,system_server,-1,DisplayDeviceConfig,requesting nits when no mapping exists.]
03-24 03:59:39.359 I/am_wtf ( 1526): [0,1526,system_server,-1,DisplayDeviceConfig,requesting nits when no mapping exists.]
03-24 03:59:39.360 I/am_wtf ( 1526): [0,1526,system_server,-1,DisplayDeviceConfig,requesting nits when no mapping exists.]
03-24 03:59:39.376 I/am_wtf ( 1526): [0,1526,system_server,-1,DisplayDeviceConfig,requesting nits when no mapping exists.]
03-24 03:59:39.376 I/am_wtf ( 1526): [0,1526,system_server,-1,DisplayDeviceConfig,requesting nits when no mapping exists.]
03-24 03:59:39.393 I/am_wtf ( 1526): [0,1526,system_server,-1,DisplayDeviceConfig,requesting nits when no mapping exists.]
03-24 03:59:39.394 I/am_wtf ( 1526): [0,1526,system_server,-1,DisplayDeviceConfig,requesting nits when no mapping exists.]
03-24 03:59:39.409 I/am_wtf ( 1526): [0,1526,system_server,-1,DisplayDeviceConfig,requesting nits when no mapping exists.]
03-24 03:59:39.410 I/am_wtf ( 1526): [0,1526,system_server,-1,DisplayDeviceConfig,requesting nits when no mapping exists.]
03-24 03:59:39.426 I/am_wtf ( 1526): [0,1526,system_server,-1,DisplayDeviceConfig,requesting nits when no mapping exists.]
03-24 03:59:39.427 I/am_wtf ( 1526): [0,1526,system_server,-1,DisplayDeviceConfig,requesting nits when no mapping exists.]
03-24 03:59:39.443 I/am_wtf ( 1526): [0,1526,system_server,-1,DisplayDeviceConfig,requesting nits when no mapping exists.]
03-24 03:59:39.444 I/am_wtf ( 1526): [0,1526,system_server,-1,DisplayDeviceConfig,requesting nits when no mapping exists.]
03-24 03:59:39.460 I/am_wtf ( 1526): [0,1526,system_server,-1,DisplayDeviceConfig,requesting nits when no mapping exists.]
03-24 03:59:39.461 I/am_wtf ( 1526): [0,1526,system_server,-1,DisplayDeviceConfig,requesting nits when no mapping exists.]
03-24 03:59:39.476 I/am_wtf ( 1526): [0,1526,system_server,-1,DisplayDeviceConfig,requesting nits when no mapping exists.]
03-24 03:59:39.477 I/am_wtf ( 1526): [0,1526,system_server,-1,DisplayDeviceConfig,requesting nits when no mapping exists.]
03-24 03:59:39.493 I/am_wtf ( 1526): [0,1526,system_server,-1,DisplayDeviceConfig,requesting nits when no mapping exists.]
03-24 03:59:39.493 I/am_wtf ( 1526): [0,1526,system_server,-1,DisplayDeviceConfig,requesting nits when no mapping exists.]
03-24 03:59:39.509 I/am_wtf ( 1526): [0,1526,system_server,-1,DisplayDeviceConfig,requesting nits when no mapping exists.]
03-24 03:59:39.510 I/am_wtf ( 1526): [0,1526,system_server,-1,DisplayDeviceConfig,requesting nits when no mapping exists.]
03-24 03:59:39.526 I/am_wtf ( 1526): [0,1526,system_server,-1,DisplayDeviceConfig,requesting nits when no mapping exists.]
03-24 03:59:39.527 I/service_manager_stats( 1526): [100,52,54962]
03-24 03:59:39.527 I/am_wtf ( 1526): [0,1526,system_server,-1,DisplayDeviceConfig,requesting nits when no mapping exists.]
03-24 03:59:39.543 I/am_wtf ( 1526): [0,1526,system_server,-1,DisplayDeviceConfig,requesting nits when no mapping exists.]
03-24 03:59:39.543 I/am_wtf ( 1526): [0,1526,system_server,-1,DisplayDeviceConfig,requesting nits when no mapping exists.]
03-24 03:59:39.560 I/am_wtf ( 1526): [0,1526,system_server,-1,DisplayDeviceConfig,requesting nits when no mapping exists.]
03-24 03:59:39.560 I/am_wtf ( 1526): [0,1526,system_server,-1,DisplayDeviceConfig,requesting nits when no mapping exists.]
03-24 03:59:39.576 I/am_wtf ( 1526): [0,1526,system_server,-1,DisplayDeviceConfig,requesting nits when no mapping exists.]
03-24 03:59:39.577 I/am_wtf ( 1526): [0,1526,system_server,-1,DisplayDeviceConfig,requesting nits when no mapping exists.]
03-24 03:59:39.593 I/am_wtf ( 1526): [0,1526,system_server,-1,DisplayDeviceConfig,requesting nits when no mapping exists.]
03-24 03:59:39.594 I/am_wtf ( 1526): [0,1526,system_server,-1,DisplayDeviceConfig,requesting nits when no mapping exists.]
03-24 03:59:39.610 I/am_wtf ( 1526): [0,1526,system_server,-1,DisplayDeviceConfig,requesting nits when no mapping exists.]
03-24 03:59:39.611 I/am_wtf ( 1526): [0,1526,system_server,-1,DisplayDeviceConfig,requesting nits when no mapping exists.]
03-24 03:59:39.627 I/am_wtf ( 1526): [0,1526,system_server,-1,DisplayDeviceConfig,requesting nits when no mapping exists.]
03-24 03:59:39.627 I/am_wtf ( 1526): [0,1526,system_server,-1,DisplayDeviceConfig,requesting nits when no mapping exists.]
03-24 03:59:39.643 I/am_wtf ( 1526): [0,1526,system_server,-1,DisplayDeviceConfig,requesting nits when no mapping exists.]
03-24 03:59:39.644 I/am_wtf ( 1526): [0,1526,system_server,-1,DisplayDeviceConfig,requesting nits when no mapping exists.]
03-24 03:59:39.660 I/am_wtf ( 1526): [0,1526,system_server,-1,DisplayDeviceConfig,requesting nits when no mapping exists.]
03-24 03:59:39.660 I/am_wtf ( 1526): [0,1526,system_server,-1,DisplayDeviceConfig,requesting nits when no mapping exists.]
03-24 03:59:39.677 I/am_wtf ( 1526): [0,1526,system_server,-1,DisplayDeviceConfig,requesting nits when no mapping exists.]
03-24 03:59:39.678 I/am_wtf ( 1526): [0,1526,system_server,-1,DisplayDeviceConfig,requesting nits when no mapping exists.]
03-24 03:59:39.693 I/am_wtf ( 1526): [0,1526,system_server,-1,DisplayDeviceConfig,requesting nits when no mapping exists.]
03-24 03:59:39.694 I/am_wtf ( 1526): [0,1526,system_server,-1,DisplayDeviceConfig,requesting nits when no mapping exists.]
03-24 03:59:44.877 I/am_uid_idle( 1526): 10041
03-24 03:59:45.724 I/sysui_multi_action( 1526): [757,222,758,1]
03-24 03:59:45.727 I/am_uid_active( 1526): 10041
03-24 03:59:45.741 I/wm_task_created( 1526): [25,-1]
03-24 03:59:45.746 I/wm_task_moved( 1526): [25,1,8]
03-24 03:59:45.746 I/wm_task_to_front( 1526): [0,25]
03-24 03:59:45.746 I/wm_create_task( 1526): [0,25]
03-24 03:59:45.746 I/wm_create_activity( 1526): [0,26243369,25,com.thundercomm.screensaver/android.service.dreams.DreamActivity,NULL,NULL,NULL,276824064]
03-24 03:59:45.746 I/wm_task_moved( 1526): [25,1,8]
03-24 03:59:45.746 I/wm_on_top_resumed_lost_called( 2550): [116754269,com.android.launcher3.uioverrides.QuickstepLauncher,topStateChangedWhenResumed]
03-24 03:59:45.746 I/wm_pause_activity( 1526): [0,116754269,com.android.launcher3/.uioverrides.QuickstepLauncher,userLeaving=true,pauseBackTasks]
03-24 03:59:45.750 I/input_focus( 1526): [Focus request d2645fe com.android.launcher3/com.android.launcher3.uioverrides.QuickstepLauncher,reason=UpdateInputWindows]
03-24 03:59:45.750 I/wm_on_paused_called( 2550): [116754269,com.android.launcher3.uioverrides.QuickstepLauncher,performPause]
03-24 03:59:45.751 I/wm_add_to_stopping( 1526): [0,116754269,com.android.launcher3/.uioverrides.QuickstepLauncher,makeInvisible]
03-24 03:59:45.752 I/wm_restart_activity( 1526): [0,26243369,25,com.thundercomm.screensaver/android.service.dreams.DreamActivity]
03-24 03:59:45.752 I/wm_set_resumed_activity( 1526): [0,com.thundercomm.screensaver/android.service.dreams.DreamActivity,minimalResumeActivityLocked]
03-24 03:59:45.757 I/wm_on_create_called( 4218): [26243369,android.service.dreams.DreamActivity,performCreate]
03-24 03:59:45.757 I/wm_on_start_called( 4218): [26243369,android.service.dreams.DreamActivity,handleStartActivity]
03-24 03:59:45.758 I/wm_on_resume_called( 4218): [26243369,android.service.dreams.DreamActivity,RESUME_ACTIVITY]
03-24 03:59:45.760 I/sysui_multi_action( 1526): [757,803,799,window_time_0,802,61]
03-24 03:59:45.763 I/input_focus( 1526): [Focus leaving 6c18c NotificationShade (server),reason=NOT_FOCUSABLE]
03-24 03:59:45.764 I/wm_on_top_resumed_gained_called( 4218): [26243369,android.service.dreams.DreamActivity,topStateChangedWhenResumed]
03-24 03:59:45.781 I/input_focus( 1526): [Focus request 35bd386 com.thundercomm.screensaver/android.service.dreams.DreamActivity,reason=UpdateInputWindows]
03-24 03:59:45.791 I/sysui_multi_action( 1526): [319,50,322,50,325,917,757,761,758,8,759,2,806,com.thundercomm.screensaver,871,android.service.dreams.DreamActivity,904,com.thundercomm.screensaver,905,0,1320,4,1321,2]
03-24 03:59:45.792 I/wm_activity_launch_time( 1526): [0,26243369,com.thundercomm.screensaver/android.service.dreams.DreamActivity,50]
03-24 03:59:45.792 I/sysui_multi_action( 1526): [757,1696,758,6,759,3]
03-24 03:59:45.799 I/notification_enqueue( 1526): [10078,1990,com.android.systemui,2048,NULL,0,Notification(channel=updateNotification shortcut=null contentView=null vibrate=null sound=null defaults=0x0 flags=0x0 color=0x00000000 vis=PRIVATE),1]
03-24 03:59:45.799 I/sysui_multi_action( 1990): [757,111,758,2]
03-24 03:59:45.799 I/sysui_multi_action( 1990): [757,111,758,2]
03-24 03:59:45.809 I/am_wtf ( 1526): [0,1526,system_server,-1,DisplayDeviceConfig,requesting nits when no mapping exists.]
03-24 03:59:45.809 I/sysui_multi_action( 1990): [757,111,758,1]
03-24 03:59:45.809 I/sysui_multi_action( 1990): [757,126,758,1,759,126,927,0,928,1,1593,0]
03-24 03:59:45.809 I/sysui_multi_action( 1990): [757,113,758,1,759,113,927,1,928,1,1593,0]
03-24 03:59:45.810 I/sysui_multi_action( 1990): [757,0,758,1,759,0,927,2,928,0,1593,1]
03-24 03:59:45.810 I/sysui_multi_action( 1990): [757,0,758,1,759,0,927,3,928,0,1593,1]
03-24 03:59:45.810 I/am_wtf ( 1526): [0,1526,system_server,-1,DisplayDeviceConfig,requesting nits when no mapping exists.]
03-24 03:59:45.810 I/input_focus( 1526): [Focus entering 35bd386 com.thundercomm.screensaver/android.service.dreams.DreamActivity (server),reason=Window became focusable. Previous reason: NOT_VISIBLE]
03-24 03:59:45.810 I/sysui_multi_action( 1990): [757,491,758,1,759,491,927,4,928,0,1311,-1,1593,1]
03-24 03:59:45.810 I/sysui_multi_action( 1990): [757,0,758,1,759,0,927,5,928,0,1593,1]
03-24 03:59:45.810 I/sysui_multi_action( 1990): [757,111,758,1]
03-24 03:59:45.810 I/sysui_multi_action( 1990): [757,126,758,1,759,126,927,0,928,1,1593,1]
03-24 03:59:45.810 I/sysui_multi_action( 1990): [757,113,758,1,759,113,927,1,928,1,1593,1]
03-24 03:59:45.810 I/sysui_multi_action( 1990): [757,0,758,1,759,0,927,2,928,0,1593,1]
03-24 03:59:45.810 I/sysui_multi_action( 1990): [757,0,758,1,759,0,927,3,928,0,1593,1]
03-24 03:59:45.826 I/am_wtf ( 1526): [0,1526,system_server,-1,DisplayDeviceConfig,requesting nits when no mapping exists.]
03-24 03:59:45.827 I/am_wtf ( 1526): [0,1526,system_server,-1,DisplayDeviceConfig,requesting nits when no mapping exists.]
03-24 03:59:45.844 I/am_wtf ( 1526): [0,1526,system_server,-1,DisplayDeviceConfig,requesting nits when no mapping exists.]
03-24 03:59:45.844 I/am_wtf ( 1526): [0,1526,system_server,-1,DisplayDeviceConfig,requesting nits when no mapping exists.]
03-24 03:59:45.860 I/am_wtf ( 1526): [0,1526,system_server,-1,DisplayDeviceConfig,requesting nits when no mapping exists.]
03-24 03:59:45.860 I/am_wtf ( 1526): [0,1526,system_server,-1,DisplayDeviceConfig,requesting nits when no mapping exists.]
03-24 03:59:45.876 I/am_wtf ( 1526): [0,1526,system_server,-1,DisplayDeviceConfig,requesting nits when no mapping exists.]
03-24 03:59:45.876 I/am_wtf ( 1526): [0,1526,system_server,-1,DisplayDeviceConfig,requesting nits when no mapping exists.]
03-24 03:59:45.893 I/am_wtf ( 1526): [0,1526,system_server,-1,DisplayDeviceConfig,requesting nits when no mapping exists.]
03-24 03:59:45.893 I/am_wtf ( 1526): [0,1526,system_server,-1,DisplayDeviceConfig,requesting nits when no mapping exists.]
03-24 03:59:45.910 I/am_wtf ( 1526): [0,1526,system_server,-1,DisplayDeviceConfig,requesting nits when no mapping exists.]
03-24 03:59:45.910 I/am_wtf ( 1526): [0,1526,system_server,-1,DisplayDeviceConfig,requesting nits when no mapping exists.]
03-24 03:59:45.926 I/am_wtf ( 1526): [0,1526,system_server,-1,DisplayDeviceConfig,requesting nits when no mapping exists.]
03-24 03:59:45.927 I/am_wtf ( 1526): [0,1526,system_server,-1,DisplayDeviceConfig,requesting nits when no mapping exists.]
03-24 03:59:45.946 I/am_wtf ( 1526): [0,1526,system_server,-1,DisplayDeviceConfig,requesting nits when no mapping exists.]
03-24 03:59:45.947 I/am_wtf ( 1526): [0,1526,system_server,-1,DisplayDeviceConfig,requesting nits when no mapping exists.]
03-24 03:59:45.960 I/am_wtf ( 1526): [0,1526,system_server,-1,DisplayDeviceConfig,requesting nits when no mapping exists.]
03-24 03:59:45.960 I/am_wtf ( 1526): [0,1526,system_server,-1,DisplayDeviceConfig,requesting nits when no mapping exists.]
03-24 03:59:45.977 I/am_wtf ( 1526): [0,1526,system_server,-1,DisplayDeviceConfig,requesting nits when no mapping exists.]
03-24 03:59:45.978 I/am_wtf ( 1526): [0,1526,system_server,-1,DisplayDeviceConfig,requesting nits when no mapping exists.]
03-24 03:59:45.995 I/am_wtf ( 1526): [0,1526,system_server,-1,DisplayDeviceConfig,requesting nits when no mapping exists.]
03-24 03:59:45.995 I/am_wtf ( 1526): [0,1526,system_server,-1,DisplayDeviceConfig,requesting nits when no mapping exists.]
03-24 03:59:46.010 I/am_wtf ( 1526): [0,1526,system_server,-1,DisplayDeviceConfig,requesting nits when no mapping exists.]
03-24 03:59:46.010 I/am_wtf ( 1526): [0,1526,system_server,-1,DisplayDeviceConfig,requesting nits when no mapping exists.]
03-24 03:59:46.027 I/am_wtf ( 1526): [0,1526,system_server,-1,DisplayDeviceConfig,requesting nits when no mapping exists.]
03-24 03:59:46.027 I/am_wtf ( 1526): [0,1526,system_server,-1,DisplayDeviceConfig,requesting nits when no mapping exists.]
03-24 03:59:46.043 I/am_wtf ( 1526): [0,1526,system_server,-1,DisplayDeviceConfig,requesting nits when no mapping exists.]
03-24 03:59:46.044 I/am_wtf ( 1526): [0,1526,system_server,-1,DisplayDeviceConfig,requesting nits when no mapping exists.]
03-24 03:59:46.044 I/notification_enqueue( 1526): [10078,1990,com.android.systemui,2048,NULL,0,Notification(channel=updateNotification shortcut=null contentView=null vibrate=null sound=null defaults=0x0 flags=0x0 color=0x00000000 vis=PRIVATE),1]
03-24 03:59:46.044 I/sysui_multi_action( 1990): [757,111,758,2]
03-24 03:59:46.045 I/sysui_multi_action( 1990): [757,111,758,2]
03-24 03:59:46.060 I/am_wtf ( 1526): [0,1526,system_server,-1,DisplayDeviceConfig,requesting nits when no mapping exists.]
03-24 03:59:46.060 I/am_wtf ( 1526): [0,1526,system_server,-1,DisplayDeviceConfig,requesting nits when no mapping exists.]
03-24 03:59:46.078 I/am_wtf ( 1526): [0,1526,system_server,-1,DisplayDeviceConfig,requesting nits when no mapping exists.]
03-24 03:59:46.078 I/am_wtf ( 1526): [0,1526,system_server,-1,DisplayDeviceConfig,requesting nits when no mapping exists.]
03-24 03:59:46.079 I/wm_stop_activity( 1526): [0,116754269,com.android.launcher3/.uioverrides.QuickstepLauncher]
03-24 03:59:46.094 I/am_wtf ( 1526): [0,1526,system_server,-1,DisplayDeviceConfig,requesting nits when no mapping exists.]
03-24 03:59:46.094 I/am_wtf ( 1526): [0,1526,system_server,-1,DisplayDeviceConfig,requesting nits when no mapping exists.]
03-24 03:59:46.096 I/wm_on_stop_called( 2550): [116754269,com.android.launcher3.uioverrides.QuickstepLauncher,STOP_ACTIVITY_ITEM]
03-24 03:59:46.110 I/am_wtf ( 1526): [0,1526,system_server,-1,DisplayDeviceConfig,requesting nits when no mapping exists.]
03-24 03:59:46.110 I/am_wtf ( 1526): [0,1526,system_server,-1,DisplayDeviceConfig,requesting nits when no mapping exists.]
03-24 03:59:46.127 I/am_wtf ( 1526): [0,1526,system_server,-1,DisplayDeviceConfig,requesting nits when no mapping exists.]
03-24 03:59:46.127 I/am_wtf ( 1526): [0,1526,system_server,-1,DisplayDeviceConfig,requesting nits when no mapping exists.]
03-24 03:59:46.141 I/am_wtf ( 1526): [0,1526,system_server,-1,DisplayDeviceConfig,requesting nits when no mapping exists.]
03-24 03:59:46.141 I/am_wtf ( 1526): [0,1526,system_server,-1,DisplayDeviceConfig,requesting nits when no mapping exists.]
03-24 03:59:46.158 I/am_wtf ( 1526): [0,1526,system_server,-1,DisplayDeviceConfig,requesting nits when no mapping exists.]
03-24 03:59:46.158 I/am_wtf ( 1526): [0,1526,system_server,-1,DisplayDeviceConfig,requesting nits when no mapping exists.]
03-24 03:59:46.175 I/am_wtf ( 1526): [0,1526,system_server,-1,DisplayDeviceConfig,requesting nits when no mapping exists.]
03-24 03:59:46.175 I/am_wtf ( 1526): [0,1526,system_server,-1,DisplayDeviceConfig,requesting nits when no mapping exists.]
03-24 03:59:46.191 I/am_wtf ( 1526): [0,1526,system_server,-1,DisplayDeviceConfig,requesting nits when no mapping exists.]
03-24 03:59:46.191 I/am_wtf ( 1526): [0,1526,system_server,-1,DisplayDeviceConfig,requesting nits when no mapping exists.]
03-24 03:59:46.208 I/am_wtf ( 1526): [0,1526,system_server,-1,DisplayDeviceConfig,requesting nits when no mapping exists.]
03-24 03:59:46.208 I/am_wtf ( 1526): [0,1526,system_server,-1,DisplayDeviceConfig,requesting nits when no mapping exists.]
03-24 03:59:46.225 I/am_wtf ( 1526): [0,1526,system_server,-1,DisplayDeviceConfig,requesting nits when no mapping exists.]
03-24 03:59:46.225 I/am_wtf ( 1526): [0,1526,system_server,-1,DisplayDeviceConfig,requesting nits when no mapping exists.]
03-24 03:59:46.242 I/am_wtf ( 1526): [0,1526,system_server,-1,DisplayDeviceConfig,requesting nits when no mapping exists.]
03-24 03:59:46.242 I/am_wtf ( 1526): [0,1526,system_server,-1,DisplayDeviceConfig,requesting nits when no mapping exists.]
03-24 03:59:46.252 I/sysui_multi_action( 1526): [757,128,758,2,793,907177,794,60568,795,907177,796,26,798,0,806,android,857,DEVELOPER_IMPORTANT,858,4,947,0,1395,3,1500,906816,1688,1]
03-24 03:59:46.252 I/notification_visibility( 1526): [-1|android|26|null|1000,0,907177,907177,0,0]
03-24 03:59:46.253 I/sysui_multi_action( 1526): [757,128,758,2,793,902476,794,60569,795,902476,796,17303299,797,com.android.wifi,798,1,806,android,857,NETWORK_AVAILABLE,858,2,947,0,1395,3,1500,902273,1688,1]
03-24 03:59:46.253 I/notification_visibility( 1526): [0|android|17303299|com.android.wifi|1000,0,902476,902476,0,1]
03-24 03:59:46.253 I/sysui_multi_action( 1526): [757,128,758,2,793,907928,794,60568,795,907928,796,32,798,2,806,android,857,USB,858,1,947,0,1395,3,1500,907688,1688,1]
03-24 03:59:46.253 I/notification_visibility( 1526): [-1|android|32|null|1000,0,907928,907928,0,2]
03-24 03:59:46.253 I/sysui_multi_action( 1526): [757,127,758,2]
03-24 03:59:46.253 I/notification_panel_hidden( 1526):
03-24 03:59:46.258 I/am_wtf ( 1526): [0,1526,system_server,-1,DisplayDeviceConfig,requesting nits when no mapping exists.]
03-24 03:59:46.258 I/am_wtf ( 1526): [0,1526,system_server,-1,DisplayDeviceConfig,requesting nits when no mapping exists.]
03-24 03:59:46.275 I/am_wtf ( 1526): [0,1526,system_server,-1,DisplayDeviceConfig,requesting nits when no mapping exists.]
03-24 03:59:46.275 I/am_wtf ( 1526): [0,1526,system_server,-1,DisplayDeviceConfig,requesting nits when no mapping exists.]
03-24 03:59:46.291 I/am_wtf ( 1526): [0,1526,system_server,-1,DisplayDeviceConfig,requesting nits when no mapping exists.]
03-24 03:59:46.292 I/am_wtf ( 1526): [0,1526,system_server,-1,DisplayDeviceConfig,requesting nits when no mapping exists.]
03-24 03:59:46.308 I/am_wtf ( 1526): [0,1526,system_server,-1,DisplayDeviceConfig,requesting nits when no mapping exists.]
03-24 03:59:46.308 I/am_wtf ( 1526): [0,1526,system_server,-1,DisplayDeviceConfig,requesting nits when no mapping exists.]
03-24 03:59:46.325 I/am_wtf ( 1526): [0,1526,system_server,-1,DisplayDeviceConfig,requesting nits when no mapping exists.]
03-24 03:59:46.325 I/am_wtf ( 1526): [0,1526,system_server,-1,DisplayDeviceConfig,requesting nits when no mapping exists.]
03-24 03:59:46.342 I/am_wtf ( 1526): [0,1526,system_server,-1,DisplayDeviceConfig,requesting nits when no mapping exists.]
