03-24 04:14:26.368 D/PeopleSpaceWidgetMgr( 1990): Sbn doesn't contain valid PeopleTileKey: null/0/com.android.systemui
03-24 04:14:26.369 W/View ( 1990): requestLayout() improperly called by android.widget.FrameLayout{3906626 I.E...... ......ID 0,0-780,182 #2bc} during second layout pass: posting in next frame
03-24 04:14:26.369 W/View ( 1990): requestLayout() improperly called by com.android.systemui.statusbar.AlphaOptimizedImageView{7aad581 VFED..C.. ......ID 0,0-140,182} during second layout pass: posting in next frame
03-24 04:14:26.377 W/View ( 1990): requestLayout() improperly called by android.widget.FrameLayout{3906626 I.E...... ......ID 0,0-780,182 #2bc} during layout: running second layout pass
03-24 04:14:26.377 W/View ( 1990): requestLayout() improperly called by com.android.systemui.statusbar.AlphaOptimizedImageView{7aad581 VFED..C.. ......ID 0,0-140,182} during layout: running second layout pass
03-24 04:14:26.391 W/View ( 1990): requestLayout() improperly called by android.widget.FrameLayout{3906626 I.E...... ......ID 0,0-780,182 #2bc} during second layout pass: posting in next frame
03-24 04:14:26.391 W/View ( 1990): requestLayout() improperly called by com.android.systemui.statusbar.AlphaOptimizedImageView{7aad581 VFED..C.. ......ID 0,0-140,182} during second layout pass: posting in next frame
03-24 04:14:26.409 W/View ( 1990): requestLayout() improperly called by android.widget.FrameLayout{3906626 I.E...... ......ID 0,0-780,182 #2bc} during layout: running second layout pass
03-24 04:14:26.409 W/View ( 1990): requestLayout() improperly called by com.android.systemui.statusbar.AlphaOptimizedImageView{7aad581 VFED..C.. ......ID 0,0-140,182} during layout: running second layout pass
03-24 04:14:26.452 E/NotificationService( 1526): No vibration for canceled notification : 0|com.android.systemui|4275|null|10078
03-24 04:14:26.458 W/View ( 1990): requestLayout() improperly called by android.widget.FrameLayout{3906626 I.E...... ......ID 0,0-780,182 #2bc} during second layout pass: posting in next frame
03-24 04:14:26.458 W/View ( 1990): requestLayout() improperly called by com.android.systemui.statusbar.AlphaOptimizedImageView{7aad581 VFED..C.. ......ID 0,0-140,182} during second layout pass: posting in next frame
03-24 04:14:26.460 W/View ( 1990): requestLayout() improperly called by android.widget.FrameLayout{3906626 I.E...... ......ID 0,0-780,182 #2bc} during layout: running second layout pass
03-24 04:14:26.460 W/View ( 1990): requestLayout() improperly called by com.android.systemui.statusbar.AlphaOptimizedImageView{7aad581 VFED..C.. ......ID 0,0-140,182} during layout: running second layout pass
03-24 04:14:26.478 W/View ( 1990): requestLayout() improperly called by android.widget.FrameLayout{3906626 I.E...... ......ID 0,0-780,182 #2bc} during second layout pass: posting in next frame
03-24 04:14:26.478 W/View ( 1990): requestLayout() improperly called by com.android.systemui.statusbar.AlphaOptimizedImageView{7aad581 VFED..C.. ......ID 0,0-140,182} during second layout pass: posting in next frame
03-24 04:14:26.493 W/View ( 1990): requestLayout() improperly called by android.widget.FrameLayout{3906626 I.E...... ......ID 0,0-780,182 #2bc} during layout: running second layout pass
03-24 04:14:26.493 W/View ( 1990): requestLayout() improperly called by com.android.systemui.statusbar.AlphaOptimizedImageView{7aad581 VFED..C.. ......ID 0,0-140,182} during layout: running second layout pass
03-24 04:14:26.503 W/View ( 1990): requestLayout() improperly called by android.widget.FrameLayout{3906626 I.E...... ......ID 0,0-780,182 #2bc} during second layout pass: posting in next frame
03-24 04:14:26.503 W/View ( 1990): requestLayout() improperly called by com.android.systemui.statusbar.AlphaOptimizedImageView{7aad581 VFED..C.. ......ID 0,0-140,182} during second layout pass: posting in next frame
03-24 04:14:26.510 W/View ( 1990): requestLayout() improperly called by android.widget.FrameLayout{3906626 I.E...... ......ID 0,0-780,182 #2bc} during layout: running second layout pass
03-24 04:14:26.510 W/View ( 1990): requestLayout() improperly called by com.android.systemui.statusbar.AlphaOptimizedImageView{7aad581 VFED..C.. ......ID 0,0-140,182} during layout: running second layout pass
03-24 04:14:26.515 I/mpu_uart( 646): [MSG-P:RECV]:No message received in 1000 ms
03-24 04:14:26.517 W/View ( 1990): requestLayout() improperly called by android.widget.FrameLayout{3906626 I.E...... ......ID 0,0-780,182 #2bc} during second layout pass: posting in next frame
03-24 04:14:26.517 W/View ( 1990): requestLayout() improperly called by com.android.systemui.statusbar.AlphaOptimizedImageView{7aad581 VFED..C.. ......ID 0,0-140,182} during second layout pass: posting in next frame
03-24 04:14:26.527 W/View ( 1990): requestLayout() improperly called by android.widget.FrameLayout{3906626 I.E...... ......ID 0,0-780,182 #2bc} during layout: running second layout pass
03-24 04:14:26.527 W/View ( 1990): requestLayout() improperly called by com.android.systemui.statusbar.AlphaOptimizedImageView{7aad581 VFED..C.. ......ID 0,0-140,182} during layout: running second layout pass
03-24 04:14:26.534 W/View ( 1990): requestLayout() improperly called by android.widget.FrameLayout{3906626 I.E...... ......ID 0,0-780,182 #2bc} during second layout pass: posting in next frame
03-24 04:14:26.535 W/View ( 1990): requestLayout() improperly called by com.android.systemui.statusbar.AlphaOptimizedImageView{7aad581 VFED..C.. ......ID 0,0-140,182} during second layout pass: posting in next frame
03-24 04:14:26.543 W/View ( 1990): requestLayout() improperly called by android.widget.FrameLayout{3906626 I.E...... ......ID 0,0-780,182 #2bc} during layout: running second layout pass
03-24 04:14:26.544 W/View ( 1990): requestLayout() improperly called by com.android.systemui.statusbar.AlphaOptimizedImageView{7aad581 VFED..C.. ......ID 0,0-140,182} during layout: running second layout pass
03-24 04:14:26.550 W/View ( 1990): requestLayout() improperly called by android.widget.FrameLayout{3906626 I.E...... ......ID 0,0-780,182 #2bc} during second layout pass: posting in next frame
03-24 04:14:26.551 W/View ( 1990): requestLayout() improperly called by com.android.systemui.statusbar.AlphaOptimizedImageView{7aad581 VFED..C.. ......ID 0,0-140,182} during second layout pass: posting in next frame
03-24 04:14:26.560 W/View ( 1990): requestLayout() improperly called by android.widget.FrameLayout{3906626 I.E...... ......ID 0,0-780,182 #2bc} during layout: running second layout pass
03-24 04:14:26.560 W/View ( 1990): requestLayout() improperly called by com.android.systemui.statusbar.AlphaOptimizedImageView{7aad581 VFED..C.. ......ID 0,0-140,182} during layout: running second layout pass
03-24 04:14:26.562 I/OMX-VENC: venc_dev( 1210): stats: avg. fps 49.82, bitrate 2287253
03-24 04:14:26.568 W/View ( 1990): requestLayout() improperly called by android.widget.FrameLayout{3906626 I.E...... ......ID 0,0-780,182 #2bc} during second layout pass: posting in next frame
03-24 04:14:26.568 W/View ( 1990): requestLayout() improperly called by com.android.systemui.statusbar.AlphaOptimizedImageView{7aad581 VFED..C.. ......ID 0,0-140,182} during second layout pass: posting in next frame
03-24 04:14:26.577 W/View ( 1990): requestLayout() improperly called by android.widget.FrameLayout{3906626 I.E...... ......ID 0,0-780,182 #2bc} during layout: running second layout pass
03-24 04:14:26.577 W/View ( 1990): requestLayout() improperly called by com.android.systemui.statusbar.AlphaOptimizedImageView{7aad581 VFED..C.. ......ID 0,0-140,182} during layout: running second layout pass
03-24 04:14:26.584 W/View ( 1990): requestLayout() improperly called by android.widget.FrameLayout{3906626 I.E...... ......ID 0,0-780,182 #2bc} during second layout pass: posting in next frame
03-24 04:14:26.584 W/View ( 1990): requestLayout() improperly called by com.android.systemui.statusbar.AlphaOptimizedImageView{7aad581 VFED..C.. ......ID 0,0-140,182} during second layout pass: posting in next frame
03-24 04:14:26.594 W/View ( 1990): requestLayout() improperly called by android.widget.FrameLayout{3906626 I.E...... ......ID 0,0-780,182 #2bc} during layout: running second layout pass
03-24 04:14:26.594 W/View ( 1990): requestLayout() improperly called by com.android.systemui.statusbar.AlphaOptimizedImageView{7aad581 VFED..C.. ......ID 0,0-140,182} during layout: running second layout pass
03-24 04:14:26.600 W/View ( 1990): requestLayout() improperly called by android.widget.FrameLayout{3906626 I.E...... ......ID 0,0-780,182 #2bc} during second layout pass: posting in next frame
03-24 04:14:26.601 W/View ( 1990): requestLayout() improperly called by com.android.systemui.statusbar.AlphaOptimizedImageView{7aad581 VFED..C.. ......ID 0,0-140,182} during second layout pass: posting in next frame
03-24 04:14:26.610 W/View ( 1990): requestLayout() improperly called by android.widget.FrameLayout{3906626 I.E...... ......ID 0,0-780,182 #2bc} during layout: running second layout pass
03-24 04:14:26.610 W/View ( 1990): requestLayout() improperly called by com.android.systemui.statusbar.AlphaOptimizedImageView{7aad581 VFED..C.. ......ID 0,0-140,182} during layout: running second layout pass
03-24 04:14:26.618 W/View ( 1990): requestLayout() improperly called by android.widget.FrameLayout{3906626 I.E...... ......ID 0,0-780,182 #2bc} during second layout pass: posting in next frame
03-24 04:14:26.618 W/View ( 1990): requestLayout() improperly called by com.android.systemui.statusbar.AlphaOptimizedImageView{7aad581 VFED..C.. ......ID 0,0-140,182} during second layout pass: posting in next frame
03-24 04:14:26.627 W/View ( 1990): requestLayout() improperly called by android.widget.FrameLayout{3906626 I.E...... ......ID 0,0-780,182 #2bc} during layout: running second layout pass
03-24 04:14:26.627 W/View ( 1990): requestLayout() improperly called by com.android.systemui.statusbar.AlphaOptimizedImageView{7aad581 VFED..C.. ......ID 0,0-140,182} during layout: running second layout pass
03-24 04:14:26.635 W/View ( 1990): requestLayout() improperly called by android.widget.FrameLayout{3906626 I.E...... ......ID 0,0-780,182 #2bc} during second layout pass: posting in next frame
03-24 04:14:26.635 W/View ( 1990): requestLayout() improperly called by com.android.systemui.statusbar.AlphaOptimizedImageView{7aad581 VFED..C.. ......ID 0,0-140,182} during second layout pass: posting in next frame
03-24 04:14:26.644 W/View ( 1990): requestLayout() improperly called by android.widget.FrameLayout{3906626 I.E...... ......ID 0,0-780,182 #2bc} during layout: running second layout pass
03-24 04:14:26.644 W/View ( 1990): requestLayout() improperly called by com.android.systemui.statusbar.AlphaOptimizedImageView{7aad581 VFED..C.. ......ID 0,0-140,182} during layout: running second layout pass
03-24 04:14:26.652 W/View ( 1990): requestLayout() improperly called by android.widget.FrameLayout{3906626 I.E...... ......ID 0,0-780,182 #2bc} during second layout pass: posting in next frame
03-24 04:14:26.652 W/View ( 1990): requestLayout() improperly called by com.android.systemui.statusbar.AlphaOptimizedImageView{7aad581 VFED..C.. ......ID 0,0-140,182} during second layout pass: posting in next frame
03-24 04:14:26.661 W/View ( 1990): requestLayout() improperly called by android.widget.FrameLayout{3906626 I.E...... ......ID 0,0-780,182 #2bc} during layout: running second layout pass
03-24 04:14:26.661 W/View ( 1990): requestLayout() improperly called by com.android.systemui.statusbar.AlphaOptimizedImageView{7aad581 VFED..C.. ......ID 0,0-140,182} during layout: running second layout pass
03-24 04:14:26.669 W/View ( 1990): requestLayout() improperly called by android.widget.FrameLayout{3906626 I.E...... ......ID 0,0-780,182 #2bc} during second layout pass: posting in next frame
03-24 04:14:26.669 W/View ( 1990): requestLayout() improperly called by com.android.systemui.statusbar.AlphaOptimizedImageView{7aad581 VFED..C.. ......ID 0,0-140,182} during second layout pass: posting in next frame
03-24 04:14:26.677 W/View ( 1990): requestLayout() improperly called by android.widget.FrameLayout{3906626 I.E...... ......ID 0,0-780,182 #2bc} during layout: running second layout pass
03-24 04:14:26.677 W/View ( 1990): requestLayout() improperly called by com.android.systemui.statusbar.AlphaOptimizedImageView{7aad581 VFED..C.. ......ID 0,0-140,182} during layout: running second layout pass
03-24 04:14:26.692 W/View ( 1990): requestLayout() improperly called by android.widget.FrameLayout{3906626 I.E...... ......ID 0,0-780,182 #2bc} during second layout pass: posting in next frame
03-24 04:14:26.693 W/View ( 1990): requestLayout() improperly called by com.android.systemui.statusbar.AlphaOptimizedImageView{7aad581 VFED..C.. ......ID 0,0-140,182} during second layout pass: posting in next frame
03-24 04:14:26.711 W/View ( 1990): requestLayout() improperly called by android.widget.FrameLayout{3906626 I.E...... ......ID 0,0-780,182 #2bc} during layout: running second layout pass
03-24 04:14:26.711 W/View ( 1990): requestLayout() improperly called by com.android.systemui.statusbar.AlphaOptimizedImageView{7aad581 VFED..C.. ......ID 0,0-140,182} during layout: running second layout pass
03-24 04:14:26.726 W/View ( 1990): requestLayout() improperly called by android.widget.FrameLayout{3906626 I.E...... ......ID 0,0-780,182 #2bc} during second layout pass: posting in next frame
03-24 04:14:26.726 W/View ( 1990): requestLayout() improperly called by com.android.systemui.statusbar.AlphaOptimizedImageView{7aad581 VFED..C.. ......ID 0,0-140,182} during second layout pass: posting in next frame
03-24 04:14:26.744 W/View ( 1990): requestLayout() improperly called by android.widget.FrameLayout{3906626 I.E...... ......ID 0,0-780,182 #2bc} during layout: running second layout pass
03-24 04:14:26.744 W/View ( 1990): requestLayout() improperly called by com.android.systemui.statusbar.AlphaOptimizedImageView{7aad581 VFED..C.. ......ID 0,0-140,182} during layout: running second layout pass
03-24 04:14:26.759 W/View ( 1990): requestLayout() improperly called by android.widget.FrameLayout{3906626 I.E...... ......ID 0,0-780,182 #2bc} during second layout pass: posting in next frame
03-24 04:14:26.759 W/View ( 1990): requestLayout() improperly called by com.android.systemui.statusbar.AlphaOptimizedImageView{7aad581 VFED..C.. ......ID 0,0-140,182} during second layout pass: posting in next frame
03-24 04:14:26.778 W/View ( 1990): requestLayout() improperly called by android.widget.FrameLayout{3906626 I.E...... ......ID 0,0-780,182 #2bc} during layout: running second layout pass
03-24 04:14:26.778 W/View ( 1990): requestLayout() improperly called by com.android.systemui.statusbar.AlphaOptimizedImageView{7aad581 VFED..C.. ......ID 0,0-140,182} during layout: running second layout pass
03-24 04:14:26.793 W/View ( 1990): requestLayout() improperly called by android.widget.FrameLayout{3906626 I.E...... ......ID 0,0-780,182 #2bc} during second layout pass: posting in next frame
03-24 04:14:26.793 W/View ( 1990): requestLayout() improperly called by com.android.systemui.statusbar.AlphaOptimizedImageView{7aad581 VFED..C.. ......ID 0,0-140,182} during second layout pass: posting in next frame
03-24 04:14:26.811 W/View ( 1990): requestLayout() improperly called by android.widget.FrameLayout{3906626 I.E...... ......ID 0,0-780,182 #2bc} during layout: running second layout pass
03-24 04:14:26.811 W/View ( 1990): requestLayout() improperly called by com.android.systemui.statusbar.AlphaOptimizedImageView{7aad581 VFED..C.. ......ID 0,0-140,182} during layout: running second layout pass
03-24 04:14:26.826 W/View ( 1990): requestLayout() improperly called by android.widget.FrameLayout{3906626 I.E...... ......ID 0,0-780,182 #2bc} during second layout pass: posting in next frame
03-24 04:14:26.826 W/View ( 1990): requestLayout() improperly called by com.android.systemui.statusbar.AlphaOptimizedImageView{7aad581 VFED..C.. ......ID 0,0-140,182} during second layout pass: posting in next frame
03-24 04:14:26.844 W/View ( 1990): requestLayout() improperly called by android.widget.FrameLayout{3906626 I.E...... ......ID 0,0-780,182 #2bc} during layout: running second layout pass
03-24 04:14:26.845 W/View ( 1990): requestLayout() improperly called by com.android.systemui.statusbar.AlphaOptimizedImageView{7aad581 VFED..C.. ......ID 0,0-140,182} during layout: running second layout pass
03-24 04:14:26.880 W/View ( 1990): requestLayout() improperly called by android.widget.FrameLayout{3906626 I.E...... ......ID 0,0-780,182 #2bc} during second layout pass: posting in next frame
03-24 04:14:26.880 W/View ( 1990): requestLayout() improperly called by com.android.systemui.statusbar.AlphaOptimizedImageView{7aad581 VFED..C.. ......ID 0,0-140,182} during second layout pass: posting in next frame
03-24 04:14:26.894 W/View ( 1990): requestLayout() improperly called by android.widget.FrameLayout{3906626 I.E...... ......ID 0,0-780,182 #2bc} during layout: running second layout pass
03-24 04:14:26.894 W/View ( 1990): requestLayout() improperly called by com.android.systemui.statusbar.AlphaOptimizedImageView{7aad581 VFED..C.. ......ID 0,0-140,182} during layout: running second layout pass
03-24 04:14:26.927 W/View ( 1990): requestLayout() improperly called by android.widget.FrameLayout{3906626 I.E...... ......ID 0,0-780,182 #2bc} during second layout pass: posting in next frame
03-24 04:14:26.927 W/View ( 1990): requestLayout() improperly called by com.android.systemui.statusbar.AlphaOptimizedImageView{7aad581 VFED..C.. ......ID 0,0-140,182} during second layout pass: posting in next frame
03-24 04:14:26.933 W/View ( 1990): requestLayout() improperly called by android.widget.FrameLayout{3906626 I.E...... ......ID 0,0-780,182 #2bc} during layout: running second layout pass
03-24 04:14:26.933 W/View ( 1990): requestLayout() improperly called by com.android.systemui.statusbar.AlphaOptimizedImageView{7aad581 VFED..C.. ......ID 0,0-140,182} during layout: running second layout pass
03-24 04:14:26.936 I/sysui_multi_action( 1526): [757,128,758,1,793,787,794,0,795,787,796,4273,798,1,806,com.android.systemui,857,screen_record,858,3,947,0,1395,4,1500,585,1688,1,1745,680407814]
03-24 04:14:26.936 I/sysui_multi_action( 1526): [757,804,799,note_freshness,801,787,802,1]
03-24 04:14:26.936 I/notification_visibility( 1526): [0|com.android.systemui|4273|null|10078,1,787,787,0,1]
03-24 04:14:26.945 W/View ( 1990): requestLayout() improperly called by android.widget.FrameLayout{3906626 I.E...... ......ID 0,0-780,182 #2bc} during second layout pass: posting in next frame
03-24 04:14:26.945 W/View ( 1990): requestLayout() improperly called by com.android.systemui.statusbar.AlphaOptimizedImageView{7aad581 VFED..C.. ......ID 0,0-140,182} during second layout pass: posting in next frame
03-24 04:14:26.962 W/View ( 1990): requestLayout() improperly called by android.widget.FrameLayout{3906626 I.E...... ......ID 0,0-780,182 #2bc} during layout: running second layout pass
03-24 04:14:26.962 W/View ( 1990): requestLayout() improperly called by com.android.systemui.statusbar.AlphaOptimizedImageView{7aad581 VFED..C.. ......ID 0,0-140,182} during layout: running second layout pass
03-24 04:14:26.978 W/View ( 1990): requestLayout() improperly called by android.widget.FrameLayout{3906626 I.E...... ......ID 0,0-780,182 #2bc} during second layout pass: posting in next frame
03-24 04:14:26.978 W/View ( 1990): requestLayout() improperly called by com.android.systemui.statusbar.AlphaOptimizedImageView{7aad581 VFED..C.. ......ID 0,0-140,182} during second layout pass: posting in next frame
03-24 04:14:26.995 W/View ( 1990): requestLayout() improperly called by android.widget.FrameLayout{3906626 I.E...... ......ID 0,0-780,182 #2bc} during layout: running second layout pass
03-24 04:14:26.995 W/View ( 1990): requestLayout() improperly called by com.android.systemui.statusbar.AlphaOptimizedImageView{7aad581 VFED..C.. ......ID 0,0-140,182} during layout: running second layout pass
03-24 04:14:27.011 W/View ( 1990): requestLayout() improperly called by android.widget.FrameLayout{3906626 I.E...... ......ID 0,0-780,182 #2bc} during second layout pass: posting in next frame
03-24 04:14:27.012 W/View ( 1990): requestLayout() improperly called by com.android.systemui.statusbar.AlphaOptimizedImageView{7aad581 VFED..C.. ......ID 0,0-140,182} during second layout pass: posting in next frame
03-24 04:14:27.029 W/View ( 1990): requestLayout() improperly called by android.widget.FrameLayout{3906626 I.E...... ......ID 0,0-780,182 #2bc} during layout: running second layout pass
03-24 04:14:27.029 W/View ( 1990): requestLayout() improperly called by com.android.systemui.statusbar.AlphaOptimizedImageView{7aad581 VFED..C.. ......ID 0,0-140,182} during layout: running second layout pass
03-24 04:14:27.044 W/View ( 1990): requestLayout() improperly called by android.widget.FrameLayout{3906626 I.E...... ......ID 0,0-780,182 #2bc} during second layout pass: posting in next frame
03-24 04:14:27.044 W/View ( 1990): requestLayout() improperly called by com.android.systemui.statusbar.AlphaOptimizedImageView{7aad581 VFED..C.. ......ID 0,0-140,182} during second layout pass: posting in next frame
03-24 04:14:27.062 W/View ( 1990): requestLayout() improperly called by android.widget.FrameLayout{3906626 I.E...... ......ID 0,0-780,182 #2bc} during layout: running second layout pass
03-24 04:14:27.062 W/View ( 1990): requestLayout() improperly called by com.android.systemui.statusbar.AlphaOptimizedImageView{7aad581 VFED..C.. ......ID 0,0-140,182} during layout: running second layout pass
03-24 04:14:27.079 W/View ( 1990): requestLayout() improperly called by android.widget.FrameLayout{3906626 I.E...... ......ID 0,0-780,182 #2bc} during second layout pass: posting in next frame
03-24 04:14:27.079 W/View ( 1990): requestLayout() improperly called by com.android.systemui.statusbar.AlphaOptimizedImageView{7aad581 VFED..C.. ......ID 0,0-140,182} during second layout pass: posting in next frame
03-24 04:14:27.096 W/View ( 1990): requestLayout() improperly called by android.widget.FrameLayout{3906626 I.E...... ......ID 0,0-780,182 #2bc} during layout: running second layout pass
03-24 04:14:27.096 W/View ( 1990): requestLayout() improperly called by com.android.systemui.statusbar.AlphaOptimizedImageView{7aad581 VFED..C.. ......ID 0,0-140,182} during layout: running second layout pass
03-24 04:14:27.159 D/RemoteControlService( 2327): startVlanDispatchThread
03-24 04:14:27.307 W/hpplay-java( 2725): [main]:IPManager:getActiveNets invalid networkInfo:null
03-24 04:14:27.307 I/hpplay-java( 2725): [main]:IPManager:getActiveNets eth0:false wifi:false mobile:false ap:false
03-24 04:14:27.307 I/hpplay-java( 2725): [main]:ServerTaskManager:get local ip:null
03-24 04:14:27.515 I/mpu_uart( 646): [MSG-P:RECV]:No message received in 1000 ms
03-24 04:14:27.655 I/OMX-VENC: venc_dev( 1210): stats: avg. fps 34.78, bitrate 1398853
03-24 04:14:28.127 W/View ( 1990): requestLayout() improperly called by android.widget.FrameLayout{3906626 I.E...... ......ID 0,0-780,182 #2bc} during second layout pass: posting in next frame
03-24 04:14:28.128 W/View ( 1990): requestLayout() improperly called by com.android.systemui.statusbar.AlphaOptimizedImageView{7aad581 VFED..C.. ......ID 0,0-140,182} during second layout pass: posting in next frame
03-24 04:14:28.154 W/View ( 1990): requestLayout() improperly called by android.widget.FrameLayout{3906626 I.E...... ......ID 0,0-780,182 #2bc} during layout: running second layout pass
03-24 04:14:28.154 W/View ( 1990): requestLayout() improperly called by com.android.systemui.statusbar.AlphaOptimizedImageView{7aad581 VFED..C.. ......ID 0,0-140,182} during layout: running second layout pass
03-24 04:14:28.174 W/View ( 1990): requestLayout() improperly called by android.widget.FrameLayout{3906626 I.E...... ......ID 0,0-780,182 #2bc} during second layout pass: posting in next frame
03-24 04:14:28.175 W/View ( 1990): requestLayout() improperly called by com.android.systemui.statusbar.AlphaOptimizedImageView{7aad581 VFED..C.. ......ID 0,0-140,182} during second layout pass: posting in next frame
03-24 04:14:28.182 W/View ( 1990): requestLayout() improperly called by android.widget.FrameLayout{3906626 I.E...... ......ID 0,0-780,182 #2bc} during layout: running second layout pass
03-24 04:14:28.182 W/View ( 1990): requestLayout() improperly called by com.android.systemui.statusbar.AlphaOptimizedImageView{7aad581 VFED..C.. ......ID 0,0-140,182} during layout: running second layout pass
03-24 04:14:28.189 W/BatteryExternalStatsWorker( 1526): error reading modem stats:ERROR_PHONE_NOT_AVAILABLE
03-24 04:14:28.197 W/View ( 1990): requestLayout() improperly called by android.widget.FrameLayout{3906626 I.E...... ......ID 0,0-780,182 #2bc} during second layout pass: posting in next frame
03-24 04:14:28.197 W/View ( 1990): requestLayout() improperly called by com.android.systemui.statusbar.AlphaOptimizedImageView{7aad581 VFED..C.. ......ID 0,0-140,182} during second layout pass: posting in next frame
03-24 04:14:28.202 W/View ( 1990): requestLayout() improperly called by android.widget.FrameLayout{3906626 I.E...... ......ID 0,0-780,182 #2bc} during layout: running second layout pass
03-24 04:14:28.202 W/View ( 1990): requestLayout() improperly called by com.android.systemui.statusbar.AlphaOptimizedImageView{7aad581 VFED..C.. ......ID 0,0-140,182} during layout: running second layout pass
03-24 04:14:28.203 E/KernelCpuSpeedReader( 1526): Failed to read cpu-freq: /sys/devices/system/cpu/cpu4/cpufreq/stats/time_in_state: open failed: ENOENT (No such file or directory)
03-24 04:14:28.203 E/KernelCpuSpeedReader( 1526): Failed to read cpu-freq: /sys/devices/system/cpu/cpu0/cpufreq/stats/time_in_state: open failed: ENOENT (No such file or directory)
03-24 04:14:28.199 I/auditd ( 567): type=1400 audit(0.0:818): avc: denied { read } for comm="Binder:567_2" name="wakeup58" dev="sysfs" ino=71860 scontext=u:r:system_suspend:s0 tcontext=u:object_r:sysfs:s0 tclass=dir permissive=0
03-24 04:14:28.199 W/Binder:567_2( 567): type=1400 audit(0.0:818): avc: denied { read } for name="wakeup58" dev="sysfs" ino=71860 scontext=u:r:system_suspend:s0 tcontext=u:object_r:sysfs:s0 tclass=dir permissive=0
03-24 04:14:28.199 I/auditd ( 567): type=1400 audit(0.0:819): avc: denied { read } for comm="Binder:567_2" name="wakeup4" dev="sysfs" ino=47054 scontext=u:r:system_suspend:s0 tcontext=u:object_r:sysfs:s0 tclass=dir permissive=0
03-24 04:14:28.199 W/Binder:567_2( 567): type=1400 audit(0.0:819): avc: denied { read } for name="wakeup4" dev="sysfs" ino=47054 scontext=u:r:system_suspend:s0 tcontext=u:object_r:sysfs:s0 tclass=dir permissive=0
03-24 04:14:28.199 I/auditd ( 567): type=1400 audit(0.0:820): avc: denied { read } for comm="Binder:567_2" name="wakeup76" dev="sysfs" ino=76758 scontext=u:r:system_suspend:s0 tcontext=u:object_r:sysfs:s0 tclass=dir permissive=0
03-24 04:14:28.199 W/Binder:567_2( 567): type=1400 audit(0.0:820): avc: denied { read } for name="wakeup76" dev="sysfs" ino=76758 scontext=u:r:system_suspend:s0 tcontext=u:object_r:sysfs:s0 tclass=dir permissive=0
03-24 04:14:28.203 I/auditd ( 567): type=1400 audit(0.0:821): avc: denied { read } for comm="Binder:567_2" name="wakeup28" dev="sysfs" ino=53119 scontext=u:r:system_suspend:s0 tcontext=u:object_r:sysfs:s0 tclass=dir permissive=0
03-24 04:14:28.203 W/Binder:567_2( 567): type=1400 audit(0.0:821): avc: denied { read } for name="wakeup28" dev="sysfs" ino=53119 scontext=u:r:system_suspend:s0 tcontext=u:object_r:sysfs:s0 tclass=dir permissive=0
03-24 04:14:28.203 I/auditd ( 567): type=1400 audit(0.0:822): avc: denied { read } for comm="Binder:567_2" name="wakeup56" dev="sysfs" ino=71788 scontext=u:r:system_suspend:s0 tcontext=u:object_r:sysfs:s0 tclass=dir permissive=0
03-24 04:14:28.203 W/Binder:567_2( 567): type=1400 audit(0.0:822): avc: denied { read } for name="wakeup56" dev="sysfs" ino=71788 scontext=u:r:system_suspend:s0 tcontext=u:object_r:sysfs:s0 tclass=dir permissive=0
03-24 04:14:28.203 I/auditd ( 567): type=1400 audit(0.0:823): avc: denied { read } for comm="Binder:567_2" name="wakeup2" dev="sysfs" ino=46578 scontext=u:r:system_suspend:s0 tcontext=u:object_r:sysfs:s0 tclass=dir permissive=0
03-24 04:14:28.203 W/Binder:567_2( 567): type=1400 audit(0.0:823): avc: denied { read } for name="wakeup2" dev="sysfs" ino=46578 scontext=u:r:system_suspend:s0 tcontext=u:object_r:sysfs:s0 tclass=dir permissive=0
03-24 04:14:28.203 I/auditd ( 567): type=1400 audit(0.0:824): avc: denied { read } for comm="Binder:567_2" name="wakeup36" dev="sysfs" ino=58632 scontext=u:r:system_suspend:s0 tcontext=u:object_r:sysfs:s0 tclass=dir permissive=0
03-24 04:14:28.203 W/Binder:567_2( 567): type=1400 audit(0.0:824): avc: denied { read } for name="wakeup36" dev="sysfs" ino=58632 scontext=u:r:system_suspend:s0 tcontext=u:object_r:sysfs:s0 tclass=dir permissive=0
03-24 04:14:28.203 I/auditd ( 567): type=1400 audit(0.0:825): avc: denied { read } for comm="Binder:567_2" name="wakeup64" dev="sysfs" ino=72088 scontext=u:r:system_suspend:s0 tcontext=u:object_r:sysfs:s0 tclass=dir permissive=0
03-24 04:14:28.203 W/Binder:567_2( 567): type=1400 audit(0.0:825): avc: denied { read } for name="wakeup64" dev="sysfs" ino=72088 scontext=u:r:system_suspend:s0 tcontext=u:object_r:sysfs:s0 tclass=dir permissive=0
03-24 04:14:28.205 E/android.system.suspend@1.0-service( 567): Error opening kernel wakelock stats for: wakeup58: Permission denied
03-24 04:14:28.206 E/android.system.suspend@1.0-service( 567): Error opening kernel wakelock stats for: wakeup4: Permission denied
03-24 04:14:28.206 E/android.system.suspend@1.0-service( 567): Error opening kernel wakelock stats for: wakeup76: Permission denied
03-24 04:14:28.207 E/android.system.suspend@1.0-service( 567): Error opening kernel wakelock stats for: wakeup28: Permission denied
03-24 04:14:28.207 E/android.system.suspend@1.0-service( 567): Error opening kernel wakelock stats for: wakeup56: Permission denied
03-24 04:14:28.208 E/android.system.suspend@1.0-service( 567): Error opening kernel wakelock stats for: wakeup2: Permission denied
03-24 04:14:28.209 E/android.system.suspend@1.0-service( 567): Error opening kernel wakelock stats for: wakeup36: Permission denied
03-24 04:14:28.209 E/android.system.suspend@1.0-service( 567): Error opening kernel wakelock stats for: wakeup64: Permission denied
03-24 04:14:28.209 E/android.system.suspend@1.0-service( 567): Error opening kernel wakelock stats for: wakeup54: Permission denied
03-24 04:14:28.210 E/android.system.suspend@1.0-service( 567): Error opening kernel wakelock stats for: wakeup44: Permission denied
03-24 04:14:28.210 E/android.system.suspend@1.0-service( 567): Error opening kernel wakelock stats for: wakeup0: Permission denied
01-01 08:30:02.384 W/audit ( 0): audit_lost=513 audit_rate_limit=5 audit_backlog_limit=64
01-01 08:30:02.384 E/audit ( 0): rate limit exceeded
03-24 04:14:28.211 E/android.system.suspend@1.0-service( 567): Error opening kernel wakelock stats for: wakeup62: Permission denied
03-24 04:14:28.211 E/android.system.suspend@1.0-service( 567): Error opening kernel wakelock stats for: wakeup52: Permission denied
03-24 04:14:28.211 E/android.system.suspend@1.0-service( 567): Error opening kernel wakelock stats for: wakeup9: Permission denied
03-24 04:14:28.212 E/android.system.suspend@1.0-service( 567): Error opening kernel wakelock stats for: wakeup42: Permission denied
03-24 04:14:28.213 E/android.system.suspend@1.0-service( 567): Error opening kernel wakelock stats for: wakeup32: Permission denied
03-24 04:14:28.214 E/android.system.suspend@1.0-service( 567): Error opening kernel wakelock stats for: wakeup60: Permission denied
03-24 04:14:28.214 W/View ( 1990): requestLayout() improperly called by android.widget.FrameLayout{3906626 I.E...... ......ID 0,0-780,182 #2bc} during second layout pass: posting in next frame
03-24 04:14:28.214 W/View ( 1990): requestLayout() improperly called by com.android.systemui.statusbar.AlphaOptimizedImageView{7aad581 VFED..C.. ......ID 0,0-140,182} during second layout pass: posting in next frame
03-24 04:14:28.215 E/android.system.suspend@1.0-service( 567): Error opening kernel wakelock stats for: wakeup7: Permission denied
03-24 04:14:28.215 E/android.system.suspend@1.0-service( 567): Error opening kernel wakelock stats for: wakeup40: Permission denied
03-24 04:14:28.216 E/android.system.suspend@1.0-service( 567): Error opening kernel wakelock stats for: wakeup30: Permission denied
03-24 04:14:28.216 E/android.system.suspend@1.0-service( 567): Error opening kernel wakelock stats for: wakeup59: Permission denied
03-24 04:14:28.217 E/android.system.suspend@1.0-service( 567): Error opening kernel wakelock stats for: wakeup49: Permission denied
03-24 04:14:28.217 E/android.system.suspend@1.0-service( 567): Error opening kernel wakelock stats for: wakeup5: Permission denied
03-24 04:14:28.217 E/android.system.suspend@1.0-service( 567): Error opening kernel wakelock stats for: wakeup77: Permission denied
03-24 04:14:28.217 E/android.system.suspend@1.0-service( 567): Error opening kernel wakelock stats for: wakeup39: Permission denied
03-24 04:14:28.218 E/android.system.suspend@1.0-service( 567): Error opening kernel wakelock stats for: wakeup29: Permission denied
03-24 04:14:28.218 E/android.system.suspend@1.0-service( 567): Error opening kernel wakelock stats for: wakeup57: Permission denied
03-24 04:14:28.218 E/android.system.suspend@1.0-service( 567): Error opening kernel wakelock stats for: wakeup19: Permission denied
03-24 04:14:28.219 W/View ( 1990): requestLayout() improperly called by android.widget.FrameLayout{3906626 I.E...... ......ID 0,0-780,182 #2bc} during layout: running second layout pass
03-24 04:14:28.219 W/View ( 1990): requestLayout() improperly called by com.android.systemui.statusbar.AlphaOptimizedImageView{7aad581 VFED..C.. ......ID 0,0-140,182} during layout: running second layout pass
03-24 04:14:28.220 E/android.system.suspend@1.0-service( 567): Error opening kernel wakelock stats for: wakeup37: Permission denied
03-24 04:14:28.220 E/android.system.suspend@1.0-service( 567): Error opening kernel wakelock stats for: wakeup27: Permission denied
03-24 04:14:28.220 E/android.system.suspend@1.0-service( 567): Error opening kernel wakelock stats for: wakeup55: Permission denied
03-24 04:14:28.221 E/android.system.suspend@1.0-service( 567): Error opening kernel wakelock stats for: wakeup17: Permission denied
03-24 04:14:28.221 E/android.system.suspend@1.0-service( 567): Error opening kernel wakelock stats for: wakeup45: Permission denied
03-24 04:14:28.221 E/android.system.suspend@1.0-service( 567): Error opening kernel wakelock stats for: wakeup1: Permission denied
03-24 04:14:28.222 E/android.system.suspend@1.0-service( 567): Error opening kernel wakelock stats for: wakeup63: Permission denied
03-24 04:14:28.223 E/android.system.suspend@1.0-service( 567): Error opening kernel wakelock stats for: wakeup25: Permission denied
03-24 04:14:28.223 E/android.system.suspend@1.0-service( 567): Error opening kernel wakelock stats for: wakeup53: Permission denied
03-24 04:14:28.224 E/android.system.suspend@1.0-service( 567): Error opening kernel wakelock stats for: wakeup15: Permission denied
03-24 04:14:28.224 E/android.system.suspend@1.0-service( 567): Error opening kernel wakelock stats for: wakeup33: Permission denied
03-24 04:14:28.224 E/android.system.suspend@1.0-service( 567): Error opening kernel wakelock stats for: wakeup61: Permission denied
03-24 04:14:28.224 E/android.system.suspend@1.0-service( 567): Error opening kernel wakelock stats for: wakeup23: Permission denied
03-24 04:14:28.224 E/android.system.suspend@1.0-service( 567): Error opening kernel wakelock stats for: wakeup51: Permission denied
03-24 04:14:28.224 E/android.system.suspend@1.0-service( 567): Error opening kernel wakelock stats for: wakeup8: Permission denied
03-24 04:14:28.224 E/android.system.suspend@1.0-service( 567): Error opening kernel wakelock stats for: wakeup13: Permission denied
03-24 04:14:28.224 E/android.system.suspend@1.0-service( 567): Error opening kernel wakelock stats for: wakeup41: Permission denied
03-24 04:14:28.224 E/android.system.suspend@1.0-service( 567): Error opening kernel wakelock stats for: wakeup31: Permission denied
03-24 04:14:28.224 E/android.system.suspend@1.0-service( 567): Error opening kernel wakelock stats for: wakeup21: Permission denied
03-24 04:14:28.224 E/android.system.suspend@1.0-service( 567): Error opening kernel wakelock stats for: wakeup6: Permission denied
03-24 04:14:28.224 E/android.system.suspend@1.0-service( 567): Error opening kernel wakelock stats for: wakeup78: Permission denied
03-24 04:14:28.224 E/android.system.suspend@1.0-service( 567): Error opening kernel wakelock stats for: wakeup11: Permission denied
03-24 04:14:28.230 W/View ( 1990): requestLayout() improperly called by android.widget.FrameLayout{3906626 I.E...... ......ID 0,0-780,182 #2bc} during second layout pass: posting in next frame
03-24 04:14:28.230 W/View ( 1990): requestLayout() improperly called by com.android.systemui.statusbar.AlphaOptimizedImageView{7aad581 VFED..C.. ......ID 0,0-140,182} during second layout pass: posting in next frame
03-24 04:14:28.235 W/View ( 1990): requestLayout() improperly called by android.widget.FrameLayout{3906626 I.E...... ......ID 0,0-780,182 #2bc} during layout: running second layout pass
03-24 04:14:28.235 W/View ( 1990): requestLayout() improperly called by com.android.systemui.statusbar.AlphaOptimizedImageView{7aad581 VFED..C.. ......ID 0,0-140,182} during layout: running second layout pass
03-24 04:14:28.236 I/commit_sys_config_file( 1526): [batterystats,7]
03-24 04:14:28.239 I/commit_sys_config_file( 1526): [batterystats,3]
03-24 04:14:28.245 W/View ( 1990): requestLayout() improperly called by android.widget.FrameLayout{3906626 I.E...... ......ID 0,0-780,182 #2bc} during second layout pass: posting in next frame
03-24 04:14:28.245 W/View ( 1990): requestLayout() improperly called by com.android.systemui.statusbar.AlphaOptimizedImageView{7aad581 VFED..C.. ......ID 0,0-140,182} during second layout pass: posting in next frame
03-24 04:14:28.249 W/View ( 1990): requestLayout() improperly called by android.widget.FrameLayout{3906626 I.E...... ......ID 0,0-780,182 #2bc} during layout: running second layout pass
03-24 04:14:28.249 W/View ( 1990): requestLayout() improperly called by com.android.systemui.statusbar.AlphaOptimizedImageView{7aad581 VFED..C.. ......ID 0,0-140,182} during layout: running second layout pass
03-24 04:14:28.256 W/View ( 1990): requestLayout() improperly called by android.widget.FrameLayout{3906626 I.E...... ......ID 0,0-780,182 #2bc} during second layout pass: posting in next frame
03-24 04:14:28.256 W/View ( 1990): requestLayout() improperly called by com.android.systemui.statusbar.AlphaOptimizedImageView{7aad581 VFED..C.. ......ID 0,0-140,182} during second layout pass: posting in next frame
03-24 04:14:28.264 W/View ( 1990): requestLayout() improperly called by android.widget.FrameLayout{3906626 I.E...... ......ID 0,0-780,182 #2bc} during layout: running second layout pass
03-24 04:14:28.264 W/View ( 1990): requestLayout() improperly called by com.android.systemui.statusbar.AlphaOptimizedImageView{7aad581 VFED..C.. ......ID 0,0-140,182} during layout: running second layout pass
03-24 04:14:28.270 W/View ( 1990): requestLayout() improperly called by android.widget.FrameLayout{3906626 I.E...... ......ID 0,0-780,182 #2bc} during second layout pass: posting in next frame
03-24 04:14:28.270 W/View ( 1990): requestLayout() improperly called by com.android.systemui.statusbar.AlphaOptimizedImageView{7aad581 VFED..C.. ......ID 0,0-140,182} during second layout pass: posting in next frame
03-24 04:14:28.281 W/View ( 1990): requestLayout() improperly called by android.widget.FrameLayout{3906626 I.E...... ......ID 0,0-780,182 #2bc} during layout: running second layout pass
03-24 04:14:28.281 W/View ( 1990): requestLayout() improperly called by com.android.systemui.statusbar.AlphaOptimizedImageView{7aad581 VFED..C.. ......ID 0,0-140,182} during layout: running second layout pass
03-24 04:14:28.288 W/View ( 1990): requestLayout() improperly called by android.widget.FrameLayout{3906626 I.E...... ......ID 0,0-780,182 #2bc} during second layout pass: posting in next frame
03-24 04:14:28.288 W/View ( 1990): requestLayout() improperly called by com.android.systemui.statusbar.AlphaOptimizedImageView{7aad581 VFED..C.. ......ID 0,0-140,182} during second layout pass: posting in next frame
03-24 04:14:28.297 W/View ( 1990): requestLayout() improperly called by android.widget.FrameLayout{3906626 I.E...... ......ID 0,0-780,182 #2bc} during layout: running second layout pass
03-24 04:14:28.298 W/View ( 1990): requestLayout() improperly called by com.android.systemui.statusbar.AlphaOptimizedImageView{7aad581 VFED..C.. ......ID 0,0-140,182} during layout: running second layout pass
03-24 04:14:28.304 W/View ( 1990): requestLayout() improperly called by android.widget.FrameLayout{3906626 I.E...... ......ID 0,0-780,182 #2bc} during second layout pass: posting in next frame
03-24 04:14:28.305 W/View ( 1990): requestLayout() improperly called by com.android.systemui.statusbar.AlphaOptimizedImageView{7aad581 VFED..C.. ......ID 0,0-140,182} during second layout pass: posting in next frame
03-24 04:14:28.309 W/hpplay-java( 2725): [main]:IPManager:getActiveNets invalid networkInfo:null
03-24 04:14:28.309 I/hpplay-java( 2725): [main]:IPManager:getActiveNets eth0:false wifi:false mobile:false ap:false
03-24 04:14:28.309 I/hpplay-java( 2725): [main]:ServerTaskManager:get local ip:null
03-24 04:14:28.314 W/View ( 1990): requestLayout() improperly called by android.widget.FrameLayout{3906626 I.E...... ......ID 0,0-780,182 #2bc} during layout: running second layout pass
03-24 04:14:28.315 W/View ( 1990): requestLayout() improperly called by com.android.systemui.statusbar.AlphaOptimizedImageView{7aad581 VFED..C.. ......ID 0,0-140,182} during layout: running second layout pass
03-24 04:14:28.322 W/View ( 1990): requestLayout() improperly called by android.widget.FrameLayout{3906626 I.E...... ......ID 0,0-780,182 #2bc} during second layout pass: posting in next frame
03-24 04:14:28.322 W/View ( 1990): requestLayout() improperly called by com.android.systemui.statusbar.AlphaOptimizedImageView{7aad581 VFED..C.. ......ID 0,0-140,182} during second layout pass: posting in next frame
03-24 04:14:28.331 W/View ( 1990): requestLayout() improperly called by android.widget.FrameLayout{3906626 I.E...... ......ID 0,0-780,182 #2bc} during layout: running second layout pass
03-24 04:14:28.331 W/View ( 1990): requestLayout() improperly called by com.android.systemui.statusbar.AlphaOptimizedImageView{7aad581 VFED..C.. ......ID 0,0-140,182} during layout: running second layout pass
03-24 04:14:28.338 W/View ( 1990): requestLayout() improperly called by android.widget.FrameLayout{3906626 I.E...... ......ID 0,0-780,182 #2bc} during second layout pass: posting in next frame
03-24 04:14:28.338 W/View ( 1990): requestLayout() improperly called by com.android.systemui.statusbar.AlphaOptimizedImageView{7aad581 VFED..C.. ......ID 0,0-140,182} during second layout pass: posting in next frame
03-24 04:14:28.348 W/View ( 1990): requestLayout() improperly called by android.widget.FrameLayout{3906626 I.E...... ......ID 0,0-780,182 #2bc} during layout: running second layout pass
03-24 04:14:28.348 W/View ( 1990): requestLayout() improperly called by com.android.systemui.statusbar.AlphaOptimizedImageView{7aad581 VFED..C.. ......ID 0,0-140,182} during layout: running second layout pass
03-24 04:14:28.355 W/View ( 1990): requestLayout() improperly called by android.widget.FrameLayout{3906626 I.E...... ......ID 0,0-780,182 #2bc} during second layout pass: posting in next frame
03-24 04:14:28.355 W/View ( 1990): requestLayout() improperly called by com.android.systemui.statusbar.AlphaOptimizedImageView{7aad581 VFED..C.. ......ID 0,0-140,182} during second layout pass: posting in next frame
03-24 04:14:28.364 W/InputManager-JNI( 1526): Input channel object 'd7b6676 Toast (client)' was disposed without first being removed with the input manager!
03-24 04:14:28.369 W/NotificationService( 1526): Toast already killed. pkg=com.android.systemui token=android.os.BinderProxy@83c8761
03-24 04:14:28.372 W/View ( 1990): requestLayout() improperly called by android.widget.FrameLayout{3906626 I.E...... ......ID 0,0-780,182 #2bc} during layout: running second layout pass
03-24 04:14:28.372 W/View ( 1990): requestLayout() improperly called by com.android.systemui.statusbar.AlphaOptimizedImageView{7aad581 VFED..C.. ......ID 0,0-140,182} during layout: running second layout pass
03-24 04:14:28.516 I/mpu_uart( 646): [MSG-P:RECV]:No message received in 1000 ms
03-24 04:14:28.662 I/mpu_uart( 646): [MSG-P:R]:recv sync frame timeout
03-24 04:14:28.726 I/OMX-VENC: venc_dev( 1210): stats: avg. fps 20.53, bitrate 806656
03-24 04:14:29.312 W/hpplay-java( 2725): [main]:IPManager:getActiveNets invalid networkInfo:null
03-24 04:14:29.312 I/hpplay-java( 2725): [main]:IPManager:getActiveNets eth0:false wifi:false mobile:false ap:false
03-24 04:14:29.312 I/hpplay-java( 2725): [main]:ServerTaskManager:get local ip:null
03-24 04:14:29.516 I/mpu_uart( 646): [MSG-P:RECV]:No message received in 1000 ms
03-24 04:14:30.314 W/hpplay-java( 2725): [main]:IPManager:getActiveNets invalid networkInfo:null
03-24 04:14:30.314 I/hpplay-java( 2725): [main]:IPManager:getActiveNets eth0:false wifi:false mobile:false ap:false
03-24 04:14:30.314 I/hpplay-java( 2725): [main]:ServerTaskManager:get local ip:null
03-24 04:14:30.516 I/mpu_uart( 646): [MSG-P:RECV]:No message received in 1000 ms
03-24 04:14:30.607 E/tlogd ( 1344): [TzLogger](isPathReadable) file /sys/kernel/debug/tzdbg/qsee_log isn't exist or no permission, err: No such file or directory
03-24 04:14:30.607 E/tlogd ( 1344): [TzLogger](saveTzlogAsync) /sys/kernel/debug/tzdbg/qsee_log can not read.
03-24 04:14:30.607 E/tlogd ( 1344): [TzLogger](isPathReadable) file /sys/kernel/debug/tzdbg/log isn't exist or no permission, err: No such file or directory
03-24 04:14:30.607 E/tlogd ( 1344): [TzLogger](saveTzlogAsync) /sys/kernel/debug/tzdbg/log can not read.
01-01 08:30:05.108 I/msm_vidc( 0): err : ffffffff: .....: DBLP Set: status 0
03-24 04:14:31.316 W/hpplay-java( 2725): [main]:IPManager:getActiveNets invalid networkInfo:null
03-24 04:14:31.316 I/hpplay-java( 2725): [main]:IPManager:getActiveNets eth0:false wifi:false mobile:false ap:false
03-24 04:14:31.316 I/hpplay-java( 2725): [main]:ServerTaskManager:get local ip:null