03-24 04:14:10.376 I/PermissionControllerServiceImpl( 4806): Updating user sensitive for uid 1002
03-24 04:14:10.376 W/Searchables( 1526): No global search activity found
03-24 04:14:10.380 W/VoiceInteractionManager( 1526): no available voice recognition services found for user 0
03-24 04:14:10.382 W/Role ( 4806): Cannot get ApplicationInfo for default holder: com.android.contacts
03-24 04:14:10.382 D/BaseModelUpdateTask( 2550): BaseModelUpdateTask constructor
03-24 04:14:10.382 D/BaseModelUpdateTask( 2550): java.lang.Exception
03-24 04:14:10.382 D/BaseModelUpdateTask( 2550): at com.android.launcher3.model.BaseModelUpdateTask.(BaseModelUpdateTask.java:57)
03-24 04:14:10.382 D/BaseModelUpdateTask( 2550): at com.android.launcher3.model.PackageUpdatedTask.(PackageUpdatedTask.java:88)
03-24 04:14:10.382 D/BaseModelUpdateTask( 2550): at com.android.launcher3.LauncherModel.onPackageChanged(LauncherModel.java:156)
03-24 04:14:10.382 D/BaseModelUpdateTask( 2550): at android.content.pm.LauncherApps$CallbackMessageHandler.handleMessage(LauncherApps.java:1805)
03-24 04:14:10.382 D/BaseModelUpdateTask( 2550): at android.os.Handler.dispatchMessage(Handler.java:106)
03-24 04:14:10.382 D/BaseModelUpdateTask( 2550): at android.os.Looper.loopOnce(Looper.java:201)
03-24 04:14:10.382 D/BaseModelUpdateTask( 2550): at android.os.Looper.loop(Looper.java:288)
03-24 04:14:10.382 D/BaseModelUpdateTask( 2550): at android.app.ActivityThread.main(ActivityThread.java:7880)
03-24 04:14:10.382 D/BaseModelUpdateTask( 2550): at java.lang.reflect.Method.invoke(Native Method)
03-24 04:14:10.382 D/BaseModelUpdateTask( 2550): at com.android.internal.os.RuntimeInit$MethodAndArgsCaller.run(RuntimeInit.java:548)
03-24 04:14:10.382 D/BaseModelUpdateTask( 2550): at com.android.internal.os.ZygoteInit.main(ZygoteInit.java:1009)
03-24 04:14:10.382 D/PackageUpdatedTask( 2550): PackageUpdatedTask constructor: op=2,user=UserHandle{0},packages=[com.android.bluetooth]
03-24 04:14:10.382 D/PackageUpdatedTask( 2550): java.lang.Exception
03-24 04:14:10.382 D/PackageUpdatedTask( 2550): at com.android.launcher3.model.PackageUpdatedTask.(PackageUpdatedTask.java:93)
03-24 04:14:10.382 D/PackageUpdatedTask( 2550): at com.android.launcher3.LauncherModel.onPackageChanged(LauncherModel.java:156)
03-24 04:14:10.382 D/PackageUpdatedTask( 2550): at android.content.pm.LauncherApps$CallbackMessageHandler.handleMessage(LauncherApps.java:1805)
03-24 04:14:10.382 D/PackageUpdatedTask( 2550): at android.os.Handler.dispatchMessage(Handler.java:106)
03-24 04:14:10.382 D/PackageUpdatedTask( 2550): at android.os.Looper.loopOnce(Looper.java:201)
03-24 04:14:10.382 D/PackageUpdatedTask( 2550): at android.os.Looper.loop(Looper.java:288)
03-24 04:14:10.382 D/PackageUpdatedTask( 2550): at android.app.ActivityThread.main(ActivityThread.java:7880)
03-24 04:14:10.382 D/PackageUpdatedTask( 2550): at java.lang.reflect.Method.invoke(Native Method)
03-24 04:14:10.382 D/PackageUpdatedTask( 2550): at com.android.internal.os.RuntimeInit$MethodAndArgsCaller.run(RuntimeInit.java:548)
03-24 04:14:10.382 D/PackageUpdatedTask( 2550): at com.android.internal.os.ZygoteInit.main(ZygoteInit.java:1009)
03-24 04:14:10.388 D/BaseModelUpdateTask( 2550): BaseModelUpdateTask constructor
03-24 04:14:10.388 D/BaseModelUpdateTask( 2550): java.lang.Exception
03-24 04:14:10.388 D/BaseModelUpdateTask( 2550): at com.android.launcher3.model.BaseModelUpdateTask.(BaseModelUpdateTask.java:57)
03-24 04:14:10.388 D/BaseModelUpdateTask( 2550): at com.android.launcher3.LauncherModel$6.(LauncherModel.java:605)
03-24 04:14:10.388 D/BaseModelUpdateTask( 2550): at com.android.launcher3.LauncherModel.refreshAndBindWidgetsAndShortcuts(LauncherModel.java:605)
03-24 04:14:10.388 D/BaseModelUpdateTask( 2550): at com.android.launcher3.Launcher.refreshAndBindWidgetsForPackageUser(Launcher.java:2878)
03-24 04:14:10.388 D/BaseModelUpdateTask( 2550): at com.android.launcher3.model.PackageUpdatedTask.execute(PackageUpdatedTask.java:139)
03-24 04:14:10.388 D/BaseModelUpdateTask( 2550): at com.android.launcher3.model.BaseModelUpdateTask.run(BaseModelUpdateTask.java:80)
03-24 04:14:10.388 D/BaseModelUpdateTask( 2550): at android.os.Handler.handleCallback(Handler.java:938)
03-24 04:14:10.388 D/BaseModelUpdateTask( 2550): at android.os.Handler.dispatchMessage(Handler.java:99)
03-24 04:14:10.388 D/BaseModelUpdateTask( 2550): at android.os.Looper.loopOnce(Looper.java:201)
03-24 04:14:10.388 D/BaseModelUpdateTask( 2550): at android.os.Looper.loop(Looper.java:288)
03-24 04:14:10.388 D/BaseModelUpdateTask( 2550): at android.os.HandlerThread.run(HandlerThread.java:67)
03-24 04:14:10.390 D/BaseIconFactory( 2550): normalizeAndWrapToAdaptiveIcon: scale=0.80950594
03-24 04:14:10.401 I/WidgetsModel( 2550): found whitelist widget: com.android.settings, label: 璁剧疆蹇嵎鏂瑰紡, sectionName:S
03-24 04:14:10.401 I/WidgetsModel( 2550): found whitelist widget: com.android.gallery3d, label: 鐓х墖, sectionName:T
03-24 04:14:10.402 I/WidgetsModel( 2550): found whitelist widget: com.android.systemui, label: 瀵硅瘽, sectionName:D
03-24 04:14:10.402 I/WidgetsModel( 2550): found whitelist widget: com.android.music, label: 闊充箰, sectionName:Y
03-24 04:14:10.410 D/BaseModelUpdateTask( 2550): BaseModelUpdateTask constructor
03-24 04:14:10.410 D/BaseModelUpdateTask( 2550): java.lang.Exception
03-24 04:14:10.410 D/BaseModelUpdateTask( 2550): at com.android.launcher3.model.BaseModelUpdateTask.(BaseModelUpdateTask.java:57)
03-24 04:14:10.410 D/BaseModelUpdateTask( 2550): at com.android.launcher3.model.AddWorkspaceItemsTask.(AddWorkspaceItemsTask.java:58)
03-24 04:14:10.410 D/BaseModelUpdateTask( 2550): at com.android.launcher3.LauncherModel.addAndBindAddedWorkspaceItems(LauncherModel.java:145)
03-24 04:14:10.410 D/BaseModelUpdateTask( 2550): at com.android.launcher3.model.PackageUpdatedTask.updateToWorkSpace(PackageUpdatedTask.java:406)
03-24 04:14:10.410 D/BaseModelUpdateTask( 2550): at com.android.launcher3.model.PackageUpdatedTask.execute(PackageUpdatedTask.java:370)
03-24 04:14:10.410 D/BaseModelUpdateTask( 2550): at com.android.launcher3.model.BaseModelUpdateTask.run(BaseModelUpdateTask.java:80)
03-24 04:14:10.410 D/BaseModelUpdateTask( 2550): at android.os.Handler.handleCallback(Handler.java:938)
03-24 04:14:10.410 D/BaseModelUpdateTask( 2550): at android.os.Handler.dispatchMessage(Handler.java:99)
03-24 04:14:10.410 D/BaseModelUpdateTask( 2550): at android.os.Looper.loopOnce(Looper.java:201)
03-24 04:14:10.410 D/BaseModelUpdateTask( 2550): at android.os.Looper.loop(Looper.java:288)
03-24 04:14:10.410 D/BaseModelUpdateTask( 2550): at android.os.HandlerThread.run(HandlerThread.java:67)
03-24 04:14:10.419 W/Role ( 4806): Cannot get ApplicationInfo for default holder: com.android.messaging
03-24 04:14:10.508 I/mpu_uart( 646): [MSG-P:RECV]:No message received in 1000 ms
03-24 04:14:10.605 E/tlogd ( 1344): [TzLogger](isPathReadable) file /sys/kernel/debug/tzdbg/qsee_log isn't exist or no permission, err: No such file or directory
03-24 04:14:10.605 E/tlogd ( 1344): [TzLogger](saveTzlogAsync) /sys/kernel/debug/tzdbg/qsee_log can not read.
03-24 04:14:10.605 E/tlogd ( 1344): [TzLogger](isPathReadable) file /sys/kernel/debug/tzdbg/log isn't exist or no permission, err: No such file or directory
03-24 04:14:10.605 E/tlogd ( 1344): [TzLogger](saveTzlogAsync) /sys/kernel/debug/tzdbg/log can not read.
03-24 04:14:10.605 W/View ( 1990): requestLayout() improperly called by android.widget.FrameLayout{3906626 I.E...... ......ID 0,0-780,182 #2bc} during second layout pass: posting in next frame
03-24 04:14:10.606 W/View ( 1990): requestLayout() improperly called by com.android.systemui.statusbar.AlphaOptimizedImageView{7aad581 VFED..C.. ......ID 0,0-140,132} during second layout pass: posting in next frame
03-24 04:14:10.622 W/View ( 1990): requestLayout() improperly called by android.widget.FrameLayout{3906626 I.E...... ......ID 0,0-780,182 #2bc} during layout: running second layout pass
03-24 04:14:10.622 W/View ( 1990): requestLayout() improperly called by com.android.systemui.statusbar.AlphaOptimizedImageView{7aad581 VFED..C.. ......ID 0,0-140,132} during layout: running second layout pass
03-24 04:14:10.647 I/mpu_uart( 646): [MSG-P:R]:recv sync frame timeout
03-24 04:14:10.649 I/OMX-VENC: venc_dev( 1210): stats: avg. fps 5.99, bitrate 262393
03-24 04:14:10.708 I/vendor.qti.bluetooth@1.0-ibs_handler( 801): ProcessIbsCmd: Received IBS_WAKE_IND: 0xFD
03-24 04:14:10.708 I/vendor.qti.bluetooth@1.0-ibs_handler( 801): ProcessIbsCmd: Writing IBS_WAKE_ACK
03-24 04:14:10.709 W/bt_btm ( 5359): btm_acl_created hci_handle=2 link_role=1 transport=1
03-24 04:14:10.709 V/bt_stack( 5359): [VERBOSE1:btm_inq.cc(1033)] BTM_InqDbRead: bd addr 14:3f:a6:d2:4d:63
03-24 04:14:10.710 W/bt_btm ( 5359): btm_acl_created hci_handle=2 link_role=0 transport=1
03-24 04:14:10.710 V/bt_stack( 5359): [VERBOSE1:btm_acl.cc(251)] Duplicate btm_acl_created: RemBdAddr: 14:3f:a6:d2:4d:63
03-24 04:14:10.711 W/bt_l2cap( 5359): L2CAP - LCID: 0x0040 st: CLOSED evt: LOWER_LAYER_CONNECT_CFM
03-24 04:14:10.729 V/bt_stack( 5359): [VERBOSE1:btm_inq.cc(1033)] BTM_InqDbRead: bd addr 14:3f:a6:d2:4d:63
03-24 04:14:10.740 W/bt_btm ( 5359): btm_read_remote_version_complete lmp_version 9 manufacturer 70 lmp_subversion 0
03-24 04:14:10.756 W/bt_l2cap( 5359): L2CAP - L2CAP_CMD_INFO_RSP p= 0xb4000072dd62bf38 , p_next_cmd: 0xb4000072dd62bf3c
03-24 04:14:10.756 V/bt_stack( 5359): [VERBOSE1:smp_l2c.cc(257)] smp_br_connect_callback for pairing BDA: 14:3f:a6:d2:4d:63, pairing_bda:00:00:00:00:00:00 Event: disconnected
03-24 04:14:10.756 W/bt_l2cap( 5359): L2CAP - LCID: 0x0040 st: W4_L2CAP_CON_RSP evt: L2CEVT_L2CAP_INFO_RSP
03-24 04:14:10.761 E/bt_btif ( 5359): bta_dm_acl_change new acl connetion:count = 1
03-24 04:14:10.761 W/bt_btif ( 5359): bta_dm_acl_change info: 0x10
03-24 04:14:10.761 W/bt_l2cap( 5359): L2CA_SetDesireRole() new:x1, disallow_switch:0
03-24 04:14:10.761 D/bt_btif_dm( 5359): remote version info [14:3f:a6:d2:4d:63]: 9, 46, 0
03-24 04:14:10.768 W/bt_l2cap( 5359): L2CAP - LCID: 0x0040 st: W4_L2CAP_CON_RSP evt: PEER_CONNECT_RSP
03-24 04:14:10.768 W/bt_l2cap( 5359): L2CAP - LCID: 0x0040 st: CONFIG evt: UPPER_LAYER_CONFIG_REQ
03-24 04:14:10.768 I/bt_stack( 5359): [INFO:btsnoop.cc(603)] whitelist_l2c_channel: Whitelisting l2cap channel. conn_handle=2 cid=64:64
03-24 04:14:10.770 D/bt_btm_sec( 5359): transport=classic, btm_status=0
03-24 04:14:10.771 W/bt_l2cap( 5359): L2CAP - LCID: 0x0040 st: CONFIG evt: PEER_CONFIG_REQ
03-24 04:14:10.771 W/bt_l2cap( 5359): L2CAP - LCID: 0x0040 st: CONFIG evt: UPPER_LAYER_CONFIG_RSP
03-24 04:14:10.771 W/bt_l2cap( 5359): L2CAP-Upper layer Config_Rsp,Local CID: 0x0040,Remote CID: 0x0040,PSM: 1,our MTU present:1,our MTU:1024
03-24 04:14:10.778 W/bt_l2cap( 5359): L2CAP - LCID: 0x0040 st: CONFIG evt: PEER_CONFIG_RSP
03-24 04:14:10.778 I/bt_snoop( 5359): L2CAP channel is opened: handle=2(0x2), lcid=64(0x40), rcid=64(0x40), psm=0x1
03-24 04:14:10.778 W/bt_l2cap( 5359): L2CAP-peer_Config_Rsp,Local CID: 0x0040,Remote CID: 0x0040,PSM: 1,peer MTU present: 0,peer MTU: 672
03-24 04:14:10.788 D/BluetoothRemoteDevices( 5359): aclStateChangeCallback: Adapter State: ON Connected: 14:3F:A6:D2:4D:63
03-24 04:14:10.793 W/bt_sdp ( 5359): process_service_search_attr_rsp
03-24 04:14:10.793 W/bt_l2cap( 5359): L2CA_DisconnectReq() CID: 0x0040
03-24 04:14:10.794 D/CompanionDeviceManagerService( 1526): onDeviceConnected(address = 14:3F:A6:D2:4D:63)
03-24 04:14:10.795 I/CompanionDeviceManagerService( 1526): onDeviceNearby(justAppeared, address = 14:3F:A6:D2:4D:63)
03-24 04:14:10.795 I/BluetoothPhonePolicy( 5359): processDeviceConnected, device=14:3F:A6:D2:4D:63
03-24 04:14:10.795 D/BluetoothDatabase( 5359): setConnection: device=14:3F:A6:D2:4D:63 and isA2dpDevice=false
03-24 04:14:10.795 D/BluetoothDatabase( 5359): Updating last connected time for device: 14:3F:A6:D2:4D:63 to 1
03-24 04:14:10.795 D/BluetoothDatabase( 5359): updateDatabase 14:3F:A6:D2:4D:63
03-24 04:14:10.797 E/HeadsetStateMachine( 5359): returning mCurrentState as Connecting
03-24 04:14:10.799 W/bt_l2cap( 5359): L2CAP - LCID: 0x0040 st: W4_L2CAP_DISC_RSP evt: PEER_DISCONNECT_RSP
03-24 04:14:10.799 I/bt_snoop( 5359): L2CAP channel is closed: handle=2(0x2), lcid=64(0x40), rcid=64(0x40)
03-24 04:14:10.799 I/bt_stack( 5359): [INFO:btsnoop.cc(651)] clear_l2cap_whitelist: Clearing whitelist from l2cap channel. conn_handle=2 cid=64:64
03-24 04:14:10.799 D/bt_btif ( 5359): bta_ag_hdl_event: p_scb 0x4276cd68
03-24 04:14:10.799 D/BluetoothPbapService( 5359): getConnectionState: 14:3F:A6:D2:4D:63
03-24 04:14:10.799 D/bt_device_interop( 5359): Entry is already present in the list
03-24 04:14:10.800 I/bt_stack( 5359): [INFO:port_api.cc(123)] RFCOMM_CreateConnection BDA: 14:3f:a6:d2:4d:63
03-24 04:14:10.800 W/bt_l2cap( 5359): L2CAP - LCID: 0x0041 st: CLOSED evt: UPPER_LAYER_CONNECT_REQ
03-24 04:14:10.800 D/bt_btif ( 5359): bta_ag_rfc_do_open : conn_handle = 18
03-24 04:14:10.801 E/HeadsetStateMachine( 5359): returning mCurrentState as Connecting
03-24 04:14:10.802 D/BluetoothPbapService( 5359): getConnectionState: 14:3F:A6:D2:4D:63
03-24 04:14:10.803 E/HeadsetStateMachine( 5359): returning mCurrentState as Connecting
03-24 04:14:10.804 D/BluetoothRemoteDevices( 5359): Property type: 1
03-24 04:14:10.804 D/BluetoothRemoteDevices( 5359): Skip name update for 14:3F:A6:D2:4D:63
03-24 04:14:10.804 D/BluetoothPbapService( 5359): getConnectionState: 14:3F:A6:D2:4D:63
03-24 04:14:10.844 D/bt_btm_sec( 5359): transport=classic, btm_status=0
03-24 04:14:10.861 W/bt_l2cap( 5359): L2CAP - LCID: 0x0041 st: W4_L2CAP_CON_RSP evt: PEER_CONNECT_RSP
03-24 04:14:10.861 W/bt_l2cap( 5359): L2CAP - LCID: 0x0041 st: CONFIG evt: UPPER_LAYER_CONFIG_REQ
03-24 04:14:10.861 I/bt_stack( 5359): [INFO:btsnoop.cc(635)] add_rfc_l2c_channel: rfcomm data going over l2cap channel. conn_handle=2 cid=65:65
03-24 04:14:10.865 W/bt_l2cap( 5359): L2CAP - LCID: 0x0041 st: CONFIG evt: PEER_CONFIG_REQ
03-24 04:14:10.865 W/bt_l2cap( 5359): L2CAP - LCID: 0x0041 st: CONFIG evt: UPPER_LAYER_CONFIG_RSP
03-24 04:14:10.865 W/bt_l2cap( 5359): L2CAP-Upper layer Config_Rsp,Local CID: 0x0041,Remote CID: 0x0041,PSM: 3,our MTU present:1,our MTU:1691
03-24 04:14:10.870 W/bt_l2cap( 5359): L2CAP - LCID: 0x0041 st: CONFIG evt: PEER_CONFIG_RSP
03-24 04:14:10.870 I/bt_snoop( 5359): L2CAP channel is opened: handle=2(0x2), lcid=65(0x41), rcid=65(0x41), psm=0x3
03-24 04:14:10.870 W/bt_l2cap( 5359): L2CAP-peer_Config_Rsp,Local CID: 0x0041,Remote CID: 0x0041,PSM: 3,peer MTU present: 0,peer MTU: 895
03-24 04:14:10.899 I/bt_stack( 5359): [INFO:btsnoop.cc(618)] whitelist_rfc_dlci: Whitelisting rfcomm channel. L2CAP CID=65 DLCI=
03-24 04:14:10.899 I/bt_snoop( 5359): RFCOMM port is opened: handle=2(0x2), lcid=65(0x41), dlci=2(0x2), uuid=4383(0x111f) Credit Based Flow Control enabled
03-24 04:14:10.900 D/bt_btif ( 5359): bta_ag_hdl_event: p_scb 0x4276cd68
03-24 04:14:10.900 W/bt_l2cap( 5359): L2CA_SetDesireRole() new:x1, disallow_switch:0
03-24 04:14:10.900 W/bt_btif ( 5359): new conn_srvc id:5, app_id:0
03-24 04:14:10.900 W/bt_btif ( 5359): bta_dm_pm_cback: new conn_srvc id:5, app_id:0 count:1
03-24 04:14:10.900 W/bt_btif ( 5359): bta_dm_pm_ssr conn_srvc id:5, app_id:0
03-24 04:14:10.900 W/bt_btif ( 5359): bta_dm_pm_ssr ssr:2, lat:1200
03-24 04:14:10.900 D/bt_btif ( 5359): btif_hf_upstreams_evt: event=BTA_AG_OPEN_EVT
03-24 04:14:10.901 D/bt_btif ( 5359): bta_ag_rfc_open: ag_conn_timeout: 5000
03-24 04:14:10.901 E/bt_btif ( 5359): HAL bt_hf_callbacks->ConnectionStateCallback
03-24 04:14:10.901 E/bt_btif ( 5359): 14:3f:a6:d2:4d:63
03-24 04:14:10.901 I/BluetoothHeadsetServiceJni( 5359): ConnectionStateCallback 2 for 14:3f:a6:d2:4d:63
03-24 04:14:10.901 I/bt_stack( 5359): [INFO:bta_ag_sco.cc(2165)] bta_ag_sco_listen: 14:3f:a6:d2:4d:63
03-24 04:14:10.901 D/bt_btif ( 5359): bta_ag_sco_event: index=0xffff, device=14:3f:a6:d2:4d:63, state=BTA_AG_SCO_SHUTDOWN_ST[0], event=BTA_AG_SCO_LISTEN_E[0]
03-24 04:14:10.901 E/bt_btif ( 5359): 14:3f:a6:d2:4d:63
03-24 04:14:10.901 E/bt_btif ( 5359): 14:3f:a6:d2:4d:63
03-24 04:14:10.901 W/bt_stack( 5359): [WARNING:bta_ag_sco.cc(614)] bta_ag_create_sco: device 14:3f:a6:d2:4d:63 is not active, active_device=00:00:00:00:00:00
03-24 04:14:10.901 E/bt_btif ( 5359): 14:3f:a6:d2:4d:63
03-24 04:14:10.901 D/bt_btif ( 5359): BTA AG SCO State Change: [BTA_AG_SCO_SHUTDOWN_ST] -> [BTA_AG_SCO_LISTEN_ST] after Event [BTA_AG_SCO_LISTEN_E]
03-24 04:14:10.902 D/HeadsetService( 5359): getHeadsetService(): returning com.android.bluetooth.hfp.HeadsetService@137a197
03-24 04:14:10.903 D/HeadsetStateMachine( 5359): handleMessage: E msg.what=101
03-24 04:14:10.903 D/HeadsetStateMachine( 5359): processMsg: Connecting
03-24 04:14:10.903 D/HeadsetStateMachine( 5359): Connecting: currentDevice=14:3F:A6:D2:4D:63, msg=STACK_EVENT: EVENT_TYPE_CONNECTION_STATE_CHANGED[1], valInt=2, valInt2=0, valString=null, valObject=null, device=14:3F:A6:D2:4D:63
03-24 04:14:10.903 D/HeadsetStateMachine( 5359): Connecting: currentDevice=14:3F:A6:D2:4D:63, msg=processConnectionEvent, state=2
03-24 04:14:10.904 D/HeadsetStateMachine( 5359): Connecting: currentDevice=14:3F:A6:D2:4D:63, msg=RFCOMM connected
03-24 04:14:10.904 D/HeadsetStateMachine( 5359): handleMessage: X
03-24 04:14:10.909 I/bt_stack( 5359): [INFO:btsnoop.cc(603)] whitelist_l2c_channel: Whitelisting l2cap channel. conn_handle=2 cid=66:66
03-24 04:14:10.909 W/bt_l2cap( 5359): L2CAP - LCID: 0x0042 st: CLOSED evt: PEER_CONNECT_REQ
03-24 04:14:10.909 W/bt_l2cap( 5359): L2CAP - LCID: 0x0042 st: TERM_W4_SEC_COMP evt: SECURITY_COMPLETE
03-24 04:14:10.909 W/bt_l2cap( 5359): L2CAP - LCID: 0x0042 st: W4_L2CA_CON_RSP evt: UPPER_LAYER_CONNECT_RSP
03-24 04:14:10.909 W/bt_l2cap( 5359): L2CAP - LCID: 0x0042 st: CONFIG evt: UPPER_LAYER_CONFIG_REQ
03-24 04:14:10.928 W/bt_l2cap( 5359): L2CAP - LCID: 0x0042 st: CONFIG evt: PEER_CONFIG_REQ
03-24 04:14:10.928 W/bt_l2cap( 5359): L2CAP - LCID: 0x0042 st: CONFIG evt: UPPER_LAYER_CONFIG_RSP
03-24 04:14:10.929 W/bt_l2cap( 5359): L2CAP-Upper layer Config_Rsp,Local CID: 0x0042,Remote CID: 0x0042,PSM: 1,our MTU present:1,our MTU:1024
03-24 04:14:10.930 W/bt_l2cap( 5359): L2CAP - LCID: 0x0042 st: CONFIG evt: PEER_CONFIG_RSP
03-24 04:14:10.930 I/bt_snoop( 5359): L2CAP channel is opened: handle=2(0x2), lcid=66(0x42), rcid=66(0x42), psm=0x1
03-24 04:14:10.930 W/bt_l2cap( 5359): L2CAP-peer_Config_Rsp,Local CID: 0x0042,Remote CID: 0x0042,PSM: 1,peer MTU present: 0,peer MTU: 672
03-24 04:14:10.951 W/bt_device_profile( 5359): profile_feature_fetch:profile 3
03-24 04:14:10.951 W/bt_device_profile( 5359): profile_feature_fetch:MAP_0104_SUPPORT found 1
03-24 04:14:10.951 E/bt_btif ( 5359): sdp_upgrade_mse_record
03-24 04:14:10.951 W/bt_device_profile( 5359): profile_feature_fetch:profile 2
03-24 04:14:10.951 W/bt_device_profile( 5359): profile_feature_fetch:PBAP_0102_SUPPORT found 1
03-24 04:14:10.951 W/bt_device_interop( 5359): interop_database_match_addr() Device 14:3f:a6:d2:4d:63 is a match for interop workaround INTEROP_HFP_1_7_BLACKLIST.
03-24 04:14:10.951 E/bt_sdp ( 5359): SDP Change HFP Version = 0x7
03-24 04:14:10.951 E/bt_sdp ( 5359): Restore HFP version to 1.6
03-24 04:14:10.963 D/bt_btif ( 5359): bta_ag_hdl_event: p_scb 0x4276cd68
03-24 04:14:10.964 D/bt_btif ( 5359): bta_ag_rfc_data: setting sys busy
03-24 04:14:10.964 D/bt_btif ( 5359): bta_ag_at_hfp_cback: AT command 260, arg_type 2, int_arg 765, arg 765
03-24 04:14:10.964 E/bt_btif ( 5359): 14:3f:a6:d2:4d:63
03-24 04:14:10.964 W/bt_btif ( 5359): bta_ag_at_hfp_cback: Remote is hfp 1.7/1.8 but does not support HF indicatorsunset hf indicator bit from BRSF
03-24 04:14:10.964 E/bt_btif ( 5359): 14:3f:a6:d2:4d:63
03-24 04:14:10.964 D/bt_btif ( 5359): bta_ag_rfc_data: resetting idle timer
03-24 04:14:10.964 W/bt_l2cap( 5359): L2CA_DisconnectRsp() CID: 0x0042
03-24 04:14:10.964 W/bt_l2cap( 5359): L2CAP - LCID: 0x0042 st: W4_L2CA_DISC_RSP evt: UPPER_LAYER_DISCONNECT_RSP
03-24 04:14:10.964 I/bt_snoop( 5359): L2CAP channel is closed: handle=2(0x2), lcid=66(0x42), rcid=66(0x42)
03-24 04:14:10.964 I/bt_stack( 5359): [INFO:btsnoop.cc(651)] clear_l2cap_whitelist: Clearing whitelist from l2cap channel. conn_handle=2 cid=66:66
03-24 04:14:10.965 W/bt_sdp ( 5359): SDP - Rcvd L2CAP disc, process pend sdp ccb: 0x42
03-24 04:14:10.982 D/bt_btif ( 5359): bta_ag_hdl_event: p_scb 0x4276cd68
03-24 04:14:10.982 D/bt_btif ( 5359): bta_ag_rfc_data: setting sys busy
03-24 04:14:10.982 D/bt_btif ( 5359): bta_ag_at_hfp_cback: AT command 26, arg_type 2, int_arg 0, arg 1,2
03-24 04:14:10.982 D/bt_btif ( 5359): bta_ag_rfc_data: resetting idle timer
03-24 04:14:10.982 D/bt_btif ( 5359): btif_hf_upstreams_evt: event=BTA_AG_AT_BAC_EVT
03-24 04:14:10.982 D/bt_btif ( 5359): bta_ag_hdl_event: p_scb 0x4276cd68
03-24 04:14:10.983 D/bt_btif ( 5359): btif_hf_upstreams_evt: event=BTA_AG_WBS_EVT
03-24 04:14:10.983 E/bt_btif ( 5359): HAL bt_hf_callbacks->WbsCallback
03-24 04:14:10.984 D/HeadsetService( 5359): getHeadsetService(): returning com.android.bluetooth.hfp.HeadsetService@137a197
03-24 04:14:10.984 D/HeadsetStateMachine( 5359): handleMessage: E msg.what=101
03-24 04:14:10.984 D/HeadsetStateMachine( 5359): processMsg: Connecting
03-24 04:14:10.984 D/HeadsetStateMachine( 5359): Connecting: currentDevice=14:3F:A6:D2:4D:63, msg=STACK_EVENT: EVENT_TYPE_WBS[17], valInt=2, valInt2=0, valString=null, valObject=null, device=14:3F:A6:D2:4D:63
03-24 04:14:10.985 D/HeadsetStateMachine( 5359): processWBSEvent: bt_headset_nrec change off -> on
03-24 04:14:10.985 D/HeadsetStateMachine( 5359): handleMessage: X
03-24 04:14:10.993 D/bt_btif ( 5359): bta_ag_hdl_event: p_scb 0x4276cd68
03-24 04:14:10.993 D/bt_btif ( 5359): bta_ag_rfc_data: setting sys busy
03-24 04:14:10.993 D/bt_btif ( 5359): bta_ag_at_hfp_cback: AT command 14, arg_type 8, int_arg 0, arg =?
03-24 04:14:10.993 D/bt_btif ( 5359): bta_ag_rfc_data: resetting idle timer
03-24 04:14:11.008 D/bt_btif ( 5359): bta_ag_hdl_event: p_scb 0x4276cd68
03-24 04:14:11.008 D/bt_btif ( 5359): bta_ag_rfc_data: setting sys busy
03-24 04:14:11.008 D/bt_btif ( 5359): bta_ag_at_hfp_cback: AT command 14, arg_type 4, int_arg 0, arg ?
03-24 04:14:11.008 D/bt_btif ( 5359): bta_ag_rfc_data: resetting idle timer
03-24 04:14:11.008 D/bt_btif ( 5359): btif_hf_upstreams_evt: event=BTA_AG_AT_CIND_EVT
03-24 04:14:11.008 E/bt_btif ( 5359): HAL bt_hf_callbacks->AtCindCallback
03-24 04:14:11.009 D/HeadsetService( 5359): getHeadsetService(): returning com.android.bluetooth.hfp.HeadsetService@137a197
03-24 04:14:11.009 D/HeadsetStateMachine( 5359): handleMessage: E msg.what=101
03-24 04:14:11.009 D/HeadsetStateMachine( 5359): processMsg: Connecting
03-24 04:14:11.010 D/HeadsetStateMachine( 5359): Connecting: currentDevice=14:3F:A6:D2:4D:63, msg=STACK_EVENT: EVENT_TYPE_AT_CIND[12], valInt=0, valInt2=0, valString=null, valObject=null, device=14:3F:A6:D2:4D:63
03-24 04:14:11.010 D/HeadsetStateMachine( 5359): sending call state in CIND resp as 6
03-24 04:14:11.010 D/bt_btif ( 5359): bta_ag_api_result: p_scb 0x4276cd68
03-24 04:14:11.010 D/bt_btif ( 5359): bta_ag_hfp_result : res = 3
03-24 04:14:11.010 D/bt_btif ( 5359): cind call:0 callsetup:0, callheld:0
03-24 04:14:11.010 D/HeadsetStateMachine( 5359): Exit processAtCind()
03-24 04:14:11.011 D/HeadsetStateMachine( 5359): handleMessage: X
03-24 04:14:11.037 D/bt_btif ( 5359): bta_ag_hdl_event: p_scb 0x4276cd68
03-24 04:14:11.037 D/bt_btif ( 5359): bta_ag_rfc_data: setting sys busy
03-24 04:14:11.037 D/bt_btif ( 5359): bta_ag_at_hfp_cback: AT command 259, arg_type 2, int_arg 0, arg 3,0,0,1
03-24 04:14:11.037 D/bt_btif ( 5359): bta_ag_at_hfp_cback: remote is not HFP 1.7 and/or remote does not support HF indicators and 3-way calling, marking SLC as complete
03-24 04:14:11.038 E/bt_btif ( 5359): 14:3f:a6:d2:4d:63
03-24 04:14:11.038 D/bt_btif ( 5359): btif_hf_upstreams_evt: event=BTA_AG_CONN_EVT
03-24 04:14:11.038 E/bt_btif ( 5359): HAL bt_hf_callbacks->ConnectionStateCallback
03-24 04:14:11.038 D/bt_btif ( 5359): bta_ag_rfc_data: resetting idle timer
03-24 04:14:11.039 I/BluetoothHeadsetServiceJni( 5359): ConnectionStateCallback 3 for 14:3f:a6:d2:4d:63
03-24 04:14:11.040 D/HeadsetService( 5359): getHeadsetService(): returning com.android.bluetooth.hfp.HeadsetService@137a197
03-24 04:14:11.040 W/bt_btif_queue( 5359): queue_int_advance_by_uuid: queue advance UUID=111F, bd_addr=14:3f:a6:d2:4d:63
03-24 04:14:11.040 D/HeadsetStateMachine( 5359): handleMessage: E msg.what=101
03-24 04:14:11.040 I/bt_btif_queue( 5359): btif_queue_connect_next: executing connection request UUID=111F, bd_addr=14:3f:a6:d2:4d:63, busy=1
03-24 04:14:11.040 D/HeadsetStateMachine( 5359): processMsg: Connecting
03-24 04:14:11.041 I/bt_btif_queue( 5359): queue_int_advance: removing connection request UUID=111F, bd_addr=14:3f:a6:d2:4d:63, busy=1
03-24 04:14:11.041 I/bt_btif_queue( 5359): btif_queue_connect_next: executing connection request UUID=110A, bd_addr=14:3f:a6:d2:4d:63, busy=0
03-24 04:14:11.041 D/HeadsetStateMachine( 5359): Connecting: currentDevice=14:3F:A6:D2:4D:63, msg=STACK_EVENT: EVENT_TYPE_CONNECTION_STATE_CHANGED[1], valInt=3, valInt2=0, valString=null, valObject=null, device=14:3F:A6:D2:4D:63
03-24 04:14:11.041 D/bt_btif ( 5359): btif_av_state_idle_handler: event:BTIF_AV_CONNECT_REQ_EVT flags: 0 on index: 0, codec_cfg_change: 0
03-24 04:14:11.041 D/HeadsetStateMachine( 5359): Connecting: currentDevice=14:3F:A6:D2:4D:63, msg=processConnectionEvent, state=3
03-24 04:14:11.041 I/BluetoothA2dpServiceJni( 5359): bta2dp_mandatory_codec_preferred_callback
03-24 04:14:11.041 D/HeadsetStateMachine( 5359): Connecting: currentDevice=14:3F:A6:D2:4D:63, msg=SLC connected
03-24 04:14:11.041 D/HeadsetStateMachine( 5359): transitionTo: destState=Connected
03-24 04:14:11.042 D/HeadsetStateMachine( 5359): handleMessage: new destination call exit/enter
03-24 04:14:11.042 D/HeadsetStateMachine( 5359): setupTempStateStackWithStatesToEnter: X mTempStateStackCount=1,curStateInfo: null
03-24 04:14:11.042 D/HeadsetStateMachine( 5359): invokeExitMethods: Connecting
03-24 04:14:11.042 D/A2dpNativeInterface( 5359): isMandatoryCodecPreferred: optional preference 1
03-24 04:14:11.042 D/bt_btif ( 5359): btif_av_state_idle_handler: event:BTIF_SM_EXIT_EVT flags: 0 on index: 0, codec_cfg_change: 0
03-24 04:14:11.042 D/bt_btif ( 5359): bta_av_ssm_execute(): AV Sevent(0x41)=0x1209(API_OPEN) state=0(INIT)
03-24 04:14:11.042 D/bt_btif ( 5359): btif_av_state_idle_handler: Codec config update enabled changed to true
03-24 04:14:11.042 D/HeadsetStateMachine( 5359): moveTempStackToStateStack: i=0,j=0
03-24 04:14:11.042 E/bt_btif ( 5359): bta_av_save_addr: reset flags
03-24 04:14:11.043 D/bt_btif ( 5359): btif_av_state_opening_handler event:BTIF_SM_ENTER_EVT flags: 0 on index: 0, codec_cfg_change: 0
03-24 04:14:11.043 W/bt_btif ( 5359): bta_dm_rm_cback:0, status:0
03-24 04:14:11.043 E/bt_btif ( 5359): bta_av_get_peer_a2dp_codecs() i = 5
03-24 04:14:11.043 D/HeadsetStateMachine( 5359): moveTempStackToStateStack: X mStateStackTop=0,startingIndex=0,Top=Connected
03-24 04:14:11.043 I/BluetoothA2dpServiceJni( 5359): bta2dp_connection_state_callback
03-24 04:14:11.043 D/HeadsetStateMachine( 5359): invokeEnterMethods: Connected
03-24 04:14:11.043 W/bt_l2cap( 5359): L2CA_SetDesireRole() new:x0, disallow_switch:0
03-24 04:14:11.043 E/HeadsetStateMachine( 5359): Setting mCurrentState as Connected
03-24 04:14:11.043 V/bt_stack( 5359): [VERBOSE1:btm_acl.cc(654)] BTM_SwitchRole BDA: 14:3f:a6:d2:4d:63
03-24 04:14:11.043 W/bt_btif ( 5359): new conn_srvc id:18, app_id:0
03-24 04:14:11.043 W/bt_btif ( 5359): bta_dm_pm_cback: new conn_srvc id:18, app_id:0 count:2
03-24 04:14:11.043 W/bt_btif ( 5359): bta_dm_pm_ssr conn_srvc id:5, app_id:0
03-24 04:14:11.043 W/bt_btif ( 5359): bta_dm_pm_ssr conn_srvc id:18, app_id:0
03-24 04:14:11.043 W/bt_btif ( 5359): bta_dm_pm_ssr ssr:2, lat:1200
03-24 04:14:11.044 W/bt_l2cap( 5359): L2CAP - LCID: 0x0043 st: CLOSED evt: UPPER_LAYER_CONNECT_REQ
03-24 04:14:11.044 W/bt_l2cap( 5359): L2CAP - LCID: 0x0043 st: CLOSED evt: SECURITY_COMPLETE
03-24 04:14:11.044 I/HeadsetPhoneState( 5359): stopListenForPhoneState(), no listener indicates nothing is listening
03-24 04:14:11.045 D/A2dpNativeInterface( 5359): onConnectionStateChanged: A2dpStackEvent {type:EVENT_TYPE_CONNECTION_STATE_CHANGED, device:14:3F:A6:D2:4D:63, value1:CONNECTING}
03-24 04:14:11.046 D/A2dpService( 5359): messageFromNative: Going to acquire mVariableLock.
03-24 04:14:11.046 D/A2dpService( 5359): messageFromNative: Acquired mVariableLock
03-24 04:14:11.046 D/A2dpService( 5359): messageFromNative: Released mVariableLock
03-24 04:14:11.046 D/A2dpService( 5359): messageFromNative: Sending STACK_EVENT: A2dpStackEvent {type:EVENT_TYPE_CONNECTION_STATE_CHANGED, device:14:3F:A6:D2:4D:63, value1:CONNECTING} to sm.
03-24 04:14:11.046 D/A2dpStateMachine( 5359): handleMessage: E msg.what=101
03-24 04:14:11.046 W/HeadsetPhoneState( 5359): startListenForPhoneState, invalid subscription ID -1
03-24 04:14:11.047 D/A2dpStateMachine( 5359): processMsg: Connecting
03-24 04:14:11.047 D/A2dpStateMachine( 5359): Connecting process message(14:3F:A6:D2:4D:63): STACK_EVENT
03-24 04:14:11.047 D/HeadsetStateMachine( 5359): processNoiseReductionEvent: bt_headset_nrec change off -> on
03-24 04:14:11.047 E/HeadsetStateMachine( 5359): returning mCurrentState as Connected
03-24 04:14:11.048 D/A2dpStateMachine( 5359): Connecting: stack event: A2dpStackEvent {type:EVENT_TYPE_CONNECTION_STATE_CHANGED, device:14:3F:A6:D2:4D:63, value1:CONNECTING}
03-24 04:14:11.048 D/InteropUtil( 5359): interopMatchAddrOrName: feature=INTEROP_HFP_FAKE_INCOMING_CALL_INDICATOR, address=14:3F:A6:D2:4D:63
03-24 04:14:11.048 D/A2dpStateMachine( 5359): handleMessage: X
03-24 04:14:11.048 D/InteropUtil( 5359): interopMatchAddrOrName: matched=false
03-24 04:14:11.048 D/InteropUtil( 5359): interopMatchAddrOrName: feature=INTEROP_SETUP_SCO_WITH_NO_DELAY_AFTER_SLC_DURING_CALL, address=14:3F:A6:D2:4D:63
03-24 04:14:11.048 D/InteropUtil( 5359): interopMatchAddrOrName: matched=false
03-24 04:14:11.048 D/InteropUtil( 5359): interopMatchAddrOrName: feature=INTEROP_RETRY_SCO_AFTER_REMOTE_REJECT_SCO, address=14:3F:A6:D2:4D:63
03-24 04:14:11.049 D/InteropUtil( 5359): interopMatchAddrOrName: matched=false
03-24 04:14:11.049 D/HeadsetStateMachine( 5359): Connected: currentDevice=14:3F:A6:D2:4D:63, msg=connection state changed: 14:3F:A6:D2:4D:63: Connecting -> Connected
03-24 04:14:11.049 D/HeadsetStateMachine( 5359): Connected: currentDevice=14:3F:A6:D2:4D:63, msg=broadcastConnectionState 14:3F:A6:D2:4D:63: 1->2
03-24 04:14:11.049 E/HeadsetStateMachine( 5359): returning mCurrentState as Connected
03-24 04:14:11.051 I/HeadsetService( 5359): onConnectionStateChangedFromStateMachine: SLC connected, no active is present. Setting active device to 14:3F:A6:D2:4D:63
03-24 04:14:11.051 I/HeadsetService( 5359): setActiveDevice: device=14:3F:A6:D2:4D:63, uid/pid=1002/5359
03-24 04:14:11.051 E/HeadsetStateMachine( 5359): returning mCurrentState as Connected
03-24 04:14:11.051 D/HeadsetService( 5359): shouldCallAudioBeActive() returning false
03-24 04:14:11.052 D/HeadsetService( 5359): broadcastActiveDevice: 14:3F:A6:D2:4D:63
03-24 04:14:11.052 D/bt_btif ( 5359): bta_ag_hdl_event: p_scb 0x4276cd68
03-24 04:14:11.052 D/bt_btif ( 5359): bta_ag_rfc_data: setting sys busy
03-24 04:14:11.052 D/bt_btif ( 5359): bta_ag_at_hfp_cback: AT command 262, arg_type 2, int_arg 0, arg 1,1,0,0,0,0,0
03-24 04:14:11.053 D/bt_btif ( 5359): bta_ag_rfc_data: resetting idle timer
03-24 04:14:11.057 I/AS.BtHelper( 1526): receiveBtEvent action: android.bluetooth.headset.profile.action.ACTIVE_DEVICE_CHANGED mScoAudioState: 0
03-24 04:14:11.057 I/AS.BtHelper( 1526): setBtScoActiveDevice: (null) -> XX:XX:XX:D2:4D:63
03-24 04:14:11.057 D/HeadsetStateMachine( 5359): handleMessage: X
03-24 04:14:11.058 I/BluetoothPhonePolicy( 5359): processActiveDeviceChanged, device=14:3F:A6:D2:4D:63, profile=1
03-24 04:14:11.058 D/BluetoothDatabase( 5359): setConnection: device=14:3F:A6:D2:4D:63 and isA2dpDevice=false
03-24 04:14:11.058 D/BluetoothDatabase( 5359): Updating last connected time for device: 14:3F:A6:D2:4D:63 to 2
03-24 04:14:11.058 D/BluetoothDatabase( 5359): updateDatabase 14:3F:A6:D2:4D:63
03-24 04:14:11.058 W/BluetoothPhonePolicy( 5359): processActiveDeviceChanged: Calling setConnectionForHfp for device 14:3F:A6:D2:4D:63
03-24 04:14:11.058 D/BluetoothDatabase( 5359): setConnectionForHfp: device=14:3F:A6:D2:4D:63
03-24 04:14:11.058 D/BluetoothDatabase( 5359): resetActiveHfpDevice()
03-24 04:14:11.058 D/BluetoothDatabase( 5359): resetActiveHfpDevice
03-24 04:14:11.058 D/BluetoothDatabase( 5359): updateDatabase 14:3F:A6:D2:4D:63
03-24 04:14:11.058 D/BluetoothDatabase( 5359): Updating last connected time for device: 14:3F:A6:D2:4D:63 to 3
03-24 04:14:11.058 D/BluetoothDatabase( 5359): updateDatabase 14:3F:A6:D2:4D:63
03-24 04:14:11.058 D/BluetoothActiveDeviceManager( 5359): handleMessage(MESSAGE_HFP_ACTION_ACTIVE_DEVICE_CHANGED): device= 14:3F:A6:D2:4D:63
03-24 04:14:11.058 D/BluetoothActiveDeviceManager( 5359): setHearingAidActiveDevice(null)
03-24 04:14:11.058 D/HearingAidService( 5359): setActiveDevice:null
03-24 04:14:11.058 D/BluetoothActiveDeviceManager( 5359): set mHfpActiveDevice to 14:3F:A6:D2:4D:63
03-24 04:14:11.060 D/APM::HwModule( 945): createDevice: adding dynamic device type:0x10,@:SUPPRESSED to module primary
03-24 04:14:11.062 W/BluetoothDatabase( 5359): Invalid metadata key 17
03-24 04:14:11.062 E/BluetoothDatabase( 5359): getCustomMeta: meta key invalid 17
03-24 04:14:11.062 W/bt_l2cap( 5359): L2CAP - LCID: 0x0043 st: W4_L2CAP_CON_RSP evt: PEER_CONNECT_RSP
03-24 04:14:11.062 W/bt_l2cap( 5359): L2CAP - LCID: 0x0043 st: CONFIG evt: UPPER_LAYER_CONFIG_REQ
03-24 04:14:11.062 I/bt_stack( 5359): [INFO:btsnoop.cc(603)] whitelist_l2c_channel: Whitelisting l2cap channel. conn_handle=2 cid=67:67
03-24 04:14:11.062 D/AdaptiveHomepageIcon( 2390): Setting background color -69693
03-24 04:14:11.062 D/audio_hw_primary( 795): adev_set_parameters: enter: 00:00:00:00:00:00=;connect=16
03-24 04:14:11.062 D/audio_hw_hfp( 795): hfp_set_parameters: enter
03-24 04:14:11.062 D/audio_hw_extn( 795): audio_extn_fm_set_parameters: Enter
03-24 04:14:11.063 W/bt_l2cap( 5359): L2CAP - LCID: 0x0043 st: CONFIG evt: PEER_CONFIG_REQ
03-24 04:14:11.063 W/bt_l2cap( 5359): L2CAP - LCID: 0x0043 st: CONFIG evt: UPPER_LAYER_CONFIG_RSP
03-24 04:14:11.064 W/bt_l2cap( 5359): L2CAP-Upper layer Config_Rsp,Local CID: 0x0043,Remote CID: 0x0043,PSM: 1,our MTU present:1,our MTU:1024
03-24 04:14:11.065 D/BluetoothActiveDeviceManager( 5359): handleMessage(MESSAGE_HFP_ACTION_CONNECTION_STATE_CHANGED): device 14:3F:A6:D2:4D:63 connected
03-24 04:14:11.065 D/AdapterProperties( 5359): PROFILE_CONNECTION_STATE_CHANGE: profile=1, device=14:3F:A6:D2:4D:63, 1 -> 2
03-24 04:14:11.065 D/BluetoothActiveDeviceManager( 5359): setHfpActiveDevice(14:3F:A6:D2:4D:63)
03-24 04:14:11.065 D/HeadsetService( 5359): getHeadsetService(): returning com.android.bluetooth.hfp.HeadsetService@137a197
03-24 04:14:11.065 I/HeadsetService( 5359): setActiveDevice: device=14:3F:A6:D2:4D:63, uid/pid=1002/5359
03-24 04:14:11.065 I/HeadsetService( 5359): setActiveDevice: device 14:3F:A6:D2:4D:63 is already active
03-24 04:14:11.066 D/AdapterProperties( 5359): ADAPTER_CONNECTION_STATE_CHANGE: 14:3F:A6:D2:4D:63: 1 -> 2
03-24 04:14:11.067 E/HeadsetStateMachine( 5359): returning mCurrentState as Connected
03-24 04:14:11.068 I/AudioFlinger( 945): openOutput() this 0xb400006dbc4facf0, module 10 Device type:0x10,@:SUPPRESSED, SamplingRate 8000, Format 0x000003, Channels 0x1, flags 0x1
03-24 04:14:11.068 D/audio_hw_primary( 795): adev_open_output_stream: enter: format(0x3) sample_rate(8000) channel_mask(0x1) devices(0x10) flags(0x1) stream_handle(0xec188650) address()
03-24 04:14:11.068 D/BluetoothSap( 2390): getConnectionState(14:3F:A6:D2:4D:63)
03-24 04:14:11.068 I/audio_hw_utils( 795): PCM offload Fragment size to 2560 bytes
03-24 04:14:11.068 D/audio_hw_primary( 795): adev_open_output_stream: Stream (0xec188650) picks up usecase (compress-offload-playback2)
03-24 04:14:11.068 D/audio_hw_primary( 795): io_streams_map_insert: Added stream in io_streams_map with handle 285
03-24 04:14:11.068 V/SapService( 5359): getConnectionState()
03-24 04:14:11.069 D/BluetoothPbapService( 5359): getConnectionState: 14:3F:A6:D2:4D:63
03-24 04:14:11.069 I/AudioFlinger( 945): HAL output buffer size 640 frames, normal sink buffer size 640 frames
03-24 04:14:11.069 D/audio_hw_utils( 795): audio_extn_utils_compress_get_dsp_latency:: Using Fix DSP delay
03-24 04:14:11.069 D/audio_hw_utils( 795): audio_extn_utils_compress_get_dsp_latency:: delay in ms is 62
03-24 04:14:11.069 D/bt_btif ( 5359): bta_ag_hdl_event: p_scb 0x4276cd68
03-24 04:14:11.069 D/bt_btif ( 5359): bta_ag_rfc_data: setting sys busy
03-24 04:14:11.069 D/bt_btif ( 5359): bta_ag_at_hfp_cback: AT command 19, arg_type 2, int_arg 0, arg 0
03-24 04:14:11.069 D/bt_btif ( 5359): bta_ag_rfc_data: resetting idle timer
03-24 04:14:11.069 D/bt_btif ( 5359): btif_hf_upstreams_evt: event=BTA_AG_AT_NREC_EVT
03-24 04:14:11.069 E/bt_btif ( 5359): HAL bt_hf_callbacks->NoiseReductionCallback
03-24 04:14:11.069 E/HeadsetStateMachine( 5359): returning mCurrentState as Connected
03-24 04:14:11.070 D/HeadsetService( 5359): getHeadsetService(): returning com.android.bluetooth.hfp.HeadsetService@137a197
03-24 04:14:11.070 D/HeadsetStateMachine( 5359): handleMessage: E msg.what=101
03-24 04:14:11.070 I/BluetoothPhonePolicy( 5359): processProfileStateChanged, device=14:3F:A6:D2:4D:63, profile=1, 1 -> 2
03-24 04:14:11.070 I/BluetoothPhonePolicy( 5359): processProfileStateChanged: isTwsDevice: false
03-24 04:14:11.070 D/BluetoothAdapterService( 5359): isQuetModeEnabled() - Enabled = false
03-24 04:14:11.070 D/InteropUtil( 5359): interopMatchAddrOrName: feature=INTEROP_PHONE_POLICY_INCREASED_DELAY_CONNECT_OTHER_PROFILES, address=14:3F:A6:D2:4D:63
03-24 04:14:11.070 D/HeadsetStateMachine( 5359): processMsg: Connected
03-24 04:14:11.070 D/HeadsetStateMachine( 5359): Connected: currentDevice=14:3F:A6:D2:4D:63, msg=STACK_EVENT: EVENT_TYPE_NOISE_REDUCTION[9], valInt=0, valInt2=0, valString=null, valObject=null, device=14:3F:A6:D2:4D:63
03-24 04:14:11.070 D/HeadsetStateMachine( 5359): processNoiseReductionEvent: bt_headset_nrec change on -> off
03-24 04:14:11.071 D/InteropUtil( 5359): interopMatchAddrOrName: matched=false
03-24 04:14:11.071 D/InteropUtil( 5359): interopMatchAddrOrName: feature=INTEROP_PHONE_POLICY_REDUCED_DELAY_CONNECT_OTHER_PROFILES, address=14:3F:A6:D2:4D:63
03-24 04:14:11.071 D/AudioFlinger( 945): Failed to add event callback
03-24 04:14:11.071 D/audio_hw_utils( 795): audio_extn_utils_compress_get_dsp_latency:: Using Fix DSP delay
03-24 04:14:11.071 D/audio_hw_utils( 795): audio_extn_utils_compress_get_dsp_latency:: delay in ms is 62
03-24 04:14:11.071 D/audio_hw_utils( 795): audio_extn_utils_compress_get_dsp_latency:: Using Fix DSP delay
03-24 04:14:11.071 D/audio_hw_utils( 795): audio_extn_utils_compress_get_dsp_latency:: delay in ms is 62
03-24 04:14:11.071 D/InteropUtil( 5359): interopMatchAddrOrName: matched=false
03-24 04:14:11.072 I/AudioFlinger( 945): AudioFlinger's thread 0xb400006e6c4f5820 tid=5456 ready to run
03-24 04:14:11.072 W/bt_l2cap( 5359): L2CAP - LCID: 0x0043 st: CONFIG evt: PEER_CONFIG_RSP
03-24 04:14:11.072 I/bt_snoop( 5359): L2CAP channel is opened: handle=2(0x2), lcid=67(0x43), rcid=67(0x43), psm=0x1
03-24 04:14:11.072 W/bt_l2cap( 5359): L2CAP-peer_Config_Rsp,Local CID: 0x0043,Remote CID: 0x0043,PSM: 1,peer MTU present: 0,peer MTU: 672
03-24 04:14:11.072 E/HeadsetStateMachine( 5359): returning mCurrentState as Connected
03-24 04:14:11.072 E/HeadsetStateMachine( 5359): returning mCurrentState as Connected
03-24 04:14:11.072 D/HeadsetStateMachine( 5359): handleMessage: X
03-24 04:14:11.073 E/HeadsetStateMachine( 5359): returning mCurrentState as Connected
03-24 04:14:11.073 D/AudioFlinger( 945): ro.audio.silent is ignored since no output device is set
03-24 04:14:11.073 D/audio_hw_primary( 795): out_set_parameters: enter: usecase(4: compress-offload-playback2) kvpairs: 00:00:00:00:00:00=
03-24 04:14:11.074 E/HeadsetStateMachine( 5359): returning mCurrentState as Connected
03-24 04:14:11.074 D/audio_hw_primary( 795): out_standby: enter: stream (0xec188650) usecase(4: compress-offload-playback2)
03-24 04:14:11.074 D/audio_hw_primary( 795): out_standby: exit
03-24 04:14:11.075 D/AudioFlinger( 945): ro.audio.silent is ignored since no output device is set
03-24 04:14:11.076 D/BluetoothPbapService( 5359): getConnectionState: 14:3F:A6:D2:4D:63
03-24 04:14:11.076 D/CachedBluetoothDevice( 2390): onProfileStateChanged: profile HEADSET, device WH-H910N (h.ear), newProfileState 2
03-24 04:14:11.078 D/HearingAidService( 5359): getActiveDevices
03-24 04:14:11.078 I/LocalBluetoothProfileManager( 2390): Show-toast: cachedDevice=14:3F:A6:D2:4D:63 oldState=1 newState=2 mNeedCheck=false
03-24 04:14:11.079 D/CachedBluetoothDevice( 1990): onProfileStateChanged: profile HEADSET, device WH-H910N (h.ear), newProfileState 2
03-24 04:14:11.079 W/BluetoothDatabase( 5359): Invalid metadata key 17
03-24 04:14:11.079 E/BluetoothDatabase( 5359): getCustomMeta: meta key invalid 17
03-24 04:14:11.080 D/bt_btif ( 5359): bta_ag_hdl_event: p_scb 0x4276cd68
03-24 04:14:11.080 D/bt_btif ( 5359): bta_ag_rfc_data: setting sys busy
03-24 04:14:11.080 D/bt_btif ( 5359): bta_ag_at_hfp_cback: AT command 258, arg_type 2, int_arg 1, arg 1
03-24 04:14:11.080 D/bt_btif ( 5359): bta_ag_rfc_data: resetting idle timer
03-24 04:14:11.081 D/HearingAidService( 5359): getActiveDevices
03-24 04:14:11.081 I/LocalBluetoothProfileManager( 1990): Show-toast: cachedDevice=14:3F:A6:D2:4D:63 oldState=1 newState=2 mNeedCheck=false
03-24 04:14:11.082 E/HeadsetStateMachine( 5359): returning mCurrentState as Connected
03-24 04:14:11.082 W/BluetoothDatabase( 5359): Invalid metadata key 17
03-24 04:14:11.082 E/BluetoothDatabase( 5359): getCustomMeta: meta key invalid 17
03-24 04:14:11.083 D/BluetoothPbapService( 5359): getConnectionState: 14:3F:A6:D2:4D:63
03-24 04:14:11.084 I/AudioFlinger( 945): openOutput() this 0xb400006dbc4facf0, module 10 Device type:0x10,@:SUPPRESSED, SamplingRate 8000, Format 0x1000000, Channels 0x1, flags 0x31
03-24 04:14:11.084 E/HeadsetStateMachine( 5359): returning mCurrentState as Connected
03-24 04:14:11.084 D/audio_hw_primary( 795): adev_open_output_stream: enter: format(0x1000000) sample_rate(8000) channel_mask(0x1) devices(0x10) flags(0x31) stream_handle(0xec18eb00) address()
03-24 04:14:11.084 D/audio_hw_primary( 795): adev_open_output_stream: Stream (0xec18eb00) picks up usecase (compress-offload-playback)
03-24 04:14:11.084 D/audio_hw_primary( 795): io_streams_map_insert: Added stream in io_streams_map with handle 293
03-24 04:14:11.085 E/HeadsetStateMachine( 5359): returning mCurrentState as Connected
03-24 04:14:11.085 E/HeadsetStateMachine( 5359): returning mCurrentState as Connected
03-24 04:14:11.085 I/AudioFlinger( 945): HAL output buffer size 2048 frames, normal sink buffer size 2048 frames
03-24 04:14:11.086 D/audio_hw_utils( 795): audio_extn_utils_compress_get_dsp_latency:: Using Fix DSP delay
03-24 04:14:11.086 D/audio_hw_utils( 795): audio_extn_utils_compress_get_dsp_latency:: delay in ms is 50
03-24 04:14:11.086 D/BluetoothPbapService( 5359): getConnectionState: 14:3F:A6:D2:4D:63
03-24 04:14:11.086 D/AudioFlinger( 945): Failed to add event callback
03-24 04:14:11.086 D/audio_hw_utils( 795): audio_extn_utils_compress_get_dsp_latency:: Using Fix DSP delay
03-24 04:14:11.086 D/audio_hw_utils( 795): audio_extn_utils_compress_get_dsp_latency:: delay in ms is 50
03-24 04:14:11.086 D/audio_hw_utils( 795): audio_extn_utils_compress_get_dsp_latency:: Using Fix DSP delay
03-24 04:14:11.086 D/audio_hw_utils( 795): audio_extn_utils_compress_get_dsp_latency:: delay in ms is 50
03-24 04:14:11.087 D/BluetoothPbapService( 5359): getConnectionState: 14:3F:A6:D2:4D:63
03-24 04:14:11.087 I/AudioFlinger( 945): AudioFlinger's thread 0xb400006e6c4fa030 tid=5459 ready to run
03-24 04:14:11.087 E/HeadsetStateMachine( 5359): returning mCurrentState as Connected
03-24 04:14:11.089 D/AudioFlinger( 945): ro.audio.silent is ignored since no output device is set
03-24 04:14:11.089 E/HeadsetStateMachine( 5359): returning mCurrentState as Connected
03-24 04:14:11.089 E/HeadsetStateMachine( 5359): returning mCurrentState as Connected
03-24 04:14:11.089 D/audio_hw_primary( 795): out_set_parameters: enter: usecase(3: compress-offload-playback) kvpairs: 00:00:00:00:00:00=
03-24 04:14:11.090 D/BluetoothPbapService( 5359): getConnectionState: 14:3F:A6:D2:4D:63
03-24 04:14:11.090 W/BluetoothDatabase( 5359): Invalid metadata key 17
03-24 04:14:11.090 E/BluetoothDatabase( 5359): getCustomMeta: meta key invalid 17
03-24 04:14:11.090 D/BluetoothPbapService( 5359): getConnectionState: 14:3F:A6:D2:4D:63
03-24 04:14:11.090 D/AdaptiveHomepageIcon( 2390): Setting background color -69693
03-24 04:14:11.091 E/HeadsetStateMachine( 5359): returning mCurrentState as Connected
03-24 04:14:11.092 D/AudioFlinger( 945): ro.audio.silent is ignored since no output device is set
03-24 04:14:11.092 E/HeadsetStateMachine( 5359): returning mCurrentState as Connected
03-24 04:14:11.093 D/BluetoothPbapService( 5359): getConnectionState: 14:3F:A6:D2:4D:63
03-24 04:14:11.096 D/BluetoothSap( 2390): getConnectionState(14:3F:A6:D2:4D:63)
03-24 04:14:11.096 V/SapService( 5359): getConnectionState()
03-24 04:14:11.097 I/AudioFlinger( 945): openOutput() this 0xb400006dbc4facf0, module 10 Device type:0x10,@:SUPPRESSED, SamplingRate 8000, Format 0x000001, Channels 0x1, flags 0x8001
03-24 04:14:11.097 D/audio_hw_primary( 795): adev_open_output_stream: enter: format(0x1) sample_rate(8000) channel_mask(0x1) devices(0x10) flags(0x8001) stream_handle(0xec18a7e0) address()
03-24 04:14:11.097 D/audio_hw_primary( 795): adev_open_output_stream: Stream (0xec18a7e0) picks up usecase (audio-playback-voip)
03-24 04:14:11.097 D/audio_hw_primary( 795): io_streams_map_insert: Added stream in io_streams_map with handle 301
03-24 04:14:11.097 E/HeadsetStateMachine( 5359): returning mCurrentState as Connected
03-24 04:14:11.098 W/bt_sdp ( 5359): process_service_search_attr_rsp
03-24 04:14:11.098 W/bt_l2cap( 5359): L2CA_DisconnectReq() CID: 0x0043
03-24 04:14:11.099 I/AudioFlinger( 945): HAL output buffer size 160 frames, normal sink buffer size 160 frames
03-24 04:14:11.099 D/AudioFlinger( 945): Failed to add event callback
03-24 04:14:11.100 E/HeadsetStateMachine( 5359): returning mCurrentState as Connected
03-24 04:14:11.100 I/AudioFlinger( 945): AudioFlinger's thread 0xb400006e6c4fe840 tid=5460 ready to run
03-24 04:14:11.101 D/AudioFlinger( 945): ro.audio.silent is ignored since no output device is set
03-24 04:14:11.101 D/audio_hw_primary( 795): out_set_parameters: enter: usecase(33: audio-playback-voip) kvpairs: 00:00:00:00:00:00=
03-24 04:14:11.102 D/audio_hw_primary( 795): out_standby: enter: stream (0xec18a7e0) usecase(33: audio-playback-voip)
03-24 04:14:11.102 D/audio_hw_primary( 795): out_standby: exit
03-24 04:14:11.103 D/AudioFlinger( 945): ro.audio.silent is ignored since no output device is set
03-24 04:14:11.112 W/View ( 1990): requestLayout() improperly called by android.widget.FrameLayout{3906626 I.E...... ......ID 0,0-780,182 #2bc} during second layout pass: posting in next frame
03-24 04:14:11.112 W/View ( 1990): requestLayout() improperly called by com.android.systemui.statusbar.AlphaOptimizedImageView{7aad581 VFED..C.. ......ID 0,0-140,132} during second layout pass: posting in next frame
03-24 04:14:11.118 D/audio_hw_primary( 795): adev_get_parameters:00:00:00:00:00:00;routing=16;supEncapsulationMetadataTypes;supEncapsulationModes
03-24 04:14:11.118 D/audio_hw_spkr_prot( 795): fbsp_get_parameters: Speaker protection disabled
03-24 04:14:11.118 D/soundtrigger( 795): audio_extn_sound_trigger_get_parameters input string
03-24 04:14:11.118 D/soundtrigger( 795): extract_sm_handle input string param string
03-24 04:14:11.119 D/audio_hw_extn( 795): audio_extn_fm_get_parameters: Enter
03-24 04:14:11.119 D/audio_hw_extn( 795): audio_extn_get_parameters: returns
03-24 04:14:11.119 D/audio_hw_primary( 795): adev_get_parameters: exit: returns -
03-24 04:14:11.119 I/hash_map_utils( 945): system/bt/osi/src/hash_map_utils.cc:81 hash_map_utils_dump_string_keys_string_values: key: 'supEncapsulationModes' value: ''
03-24 04:14:11.119 I/hash_map_utils( 945): system/bt/osi/src/hash_map_utils.cc:81 hash_map_utils_dump_string_keys_string_values: key: 'supEncapsulationMetadataTypes' value: ''
03-24 04:14:11.119 I/hash_map_utils( 945): system/bt/osi/src/hash_map_utils.cc:81 hash_map_utils_dump_string_keys_string_values: key: 'routing' value: '16'
03-24 04:14:11.119 I/hash_map_utils( 945): system/bt/osi/src/hash_map_utils.cc:81 hash_map_utils_dump_string_keys_string_values: key: '00:00:00:00:00:00' value: ''
03-24 04:14:11.124 D/audio_hw_primary( 795): out_set_parameters: enter: usecase(4: compress-offload-playback2) kvpairs: closing=true
03-24 04:14:11.126 D/audio_hw_primary( 795): out_set_parameters: enter: usecase(4: compress-offload-playback2) kvpairs: exiting=1
03-24 04:14:11.129 D/audio_hw_primary( 795): adev_close_output_stream: enter:stream_handle(compress-offload-playback2)
03-24 04:14:11.129 D/audio_hw_primary( 795): io_streams_map_remove: Removed stream with handle 285
03-24 04:14:11.129 D/audio_hw_primary( 795): out_standby: enter: stream (0xec188650) usecase(4: compress-offload-playback2)
03-24 04:14:11.129 D/audio_hw_primary( 795): out_standby: exit
03-24 04:14:11.131 D/audio_hw_primary( 795): out_set_parameters: enter: usecase(3: compress-offload-playback) kvpairs: closing=true
03-24 04:14:11.132 D/audio_hw_primary( 795): out_set_parameters: enter: usecase(3: compress-offload-playback) kvpairs: exiting=1
03-24 04:14:11.132 E/audio_hw_primary( 795): offload_thread_loop: Compress handle is NULL
