03-24 04:14:09.309 E/bt_btif ( 5359): btif_media_send_reset_vendor_state:
03-24 04:14:09.309 E/bt_stack( 5359): [ERROR:a2dp_encoding.cc(2718)] read: BluetoothAudio HAL is not enabled
03-24 04:14:09.309 D/bt_btif ( 5359): btif_av_state_idle_handler: event:BTIF_SM_ENTER_EVT flags: 0 on index: 4, codec_cfg_change: 0
03-24 04:14:09.309 E/bt_btif ( 5359): Invalid cmd pending for ack
03-24 04:14:09.309 I/btif_av ( 5359): isBATEnabled: 0
03-24 04:14:09.309 E/bt_btif ( 5359): bta_av_co_get_active_peer: peer index out of bounds: 5
03-24 04:14:09.309 E/bt_btif ( 5359): btif_av_is_split_a2dp_enabled: No active peer codec config found, by default splitmode
03-24 04:14:09.309 D/a2dp_codec( 5359): init
03-24 04:14:09.309 D/a2dp_codec( 5359): createCodec: codec SBC
03-24 04:14:09.309 D/a2dp_codec( 5359): setCodecPriority: codec_priority_: 1001
03-24 04:14:09.309 D/a2dp_codec( 5359): A2dpCodecConfig: init all codec caps info
03-24 04:14:09.309 D/a2dp_sbc( 5359): A2dpCodecConfigSbc
03-24 04:14:09.309 D/a2dp_sbc( 5359): init: SBC enabled in HW mode
03-24 04:14:09.309 I/a2dp_codec( 5359): init: updated SBC codec priority to 1001
03-24 04:14:09.309 D/a2dp_codec( 5359): createCodec: codec AAC
03-24 04:14:09.309 D/a2dp_codec( 5359): setCodecPriority: codec_priority_: 2001
03-24 04:14:09.309 D/a2dp_codec( 5359): A2dpCodecConfig: init all codec caps info
03-24 04:14:09.309 D/bt_btif_a2dp_source( 5359): btif_a2dp_source_command_ready: event: 7 BTIF_MEDIA_RESET_VS_STATE
03-24 04:14:09.309 D/a2dp_aac( 5359): A2dpCodecConfigAac: AAC VBR is enabled for this target
03-24 04:14:09.309 D/a2dp_aac( 5359): init: AAC enabled in HW mode
03-24 04:14:09.309 I/a2dp_codec( 5359): init: updated AAC codec priority to 2001
03-24 04:14:09.309 D/a2dp_codec( 5359): createCodec: codec aptX
03-24 04:14:09.309 D/a2dp_codec( 5359): setCodecPriority: codec_priority_: -1
03-24 04:14:09.309 D/a2dp_codec( 5359): A2dpCodecConfig: init all codec caps info
03-24 04:14:09.309 D/a2dp_vendor_aptx( 5359): init: APTX enabled in HW mode
03-24 04:14:09.309 I/a2dp_codec( 5359): init: updated aptX codec priority to -1
03-24 04:14:09.309 D/a2dp_codec( 5359): createCodec: codec aptX-HD
03-24 04:14:09.309 D/a2dp_codec( 5359): setCodecPriority: codec_priority_: -1
03-24 04:14:09.309 D/a2dp_codec( 5359): A2dpCodecConfig: init all codec caps info
03-24 04:14:09.309 D/a2dp_vendor_aptx_hd( 5359): init: APTX-HD enabled in HW mode
03-24 04:14:09.309 I/a2dp_codec( 5359): init: updated aptX-HD codec priority to -1
03-24 04:14:09.309 D/a2dp_codec( 5359): createCodec: codec LDAC
03-24 04:14:09.309 D/a2dp_codec( 5359): setCodecPriority: codec_priority_: -1
03-24 04:14:09.309 D/a2dp_codec( 5359): A2dpCodecConfig: init all codec caps info
03-24 04:14:09.309 D/a2dp_vendor_ldac( 5359): init: LDAC enabled in HW mode
03-24 04:14:09.309 I/a2dp_codec( 5359): init: updated LDAC codec priority to -1
03-24 04:14:09.309 D/a2dp_codec( 5359): createCodec: codec aptX-adaptive
03-24 04:14:09.309 D/a2dp_codec( 5359): setCodecPriority: codec_priority_: -1
03-24 04:14:09.309 D/a2dp_codec( 5359): A2dpCodecConfig: init all codec caps info
03-24 04:14:09.309 I/a2dp_vendor_aptx_adaptive( 5359): A2dpCodecConfigAptxAdaptive: Using Aptx Adaptive R1 config
03-24 04:14:09.309 D/a2dp_vendor_aptx_adaptive( 5359): init: APTX-Adaptive enabled in HW mode
03-24 04:14:09.309 I/a2dp_codec( 5359): init: updated aptX-adaptive codec priority to -1
03-24 04:14:09.309 D/a2dp_codec( 5359): createCodec: codec aptX-TWS
03-24 04:14:09.309 D/a2dp_codec( 5359): setCodecPriority: codec_priority_: -1
03-24 04:14:09.309 D/a2dp_codec( 5359): A2dpCodecConfig: init all codec caps info
03-24 04:14:09.309 E/a2dp_vendor_aptx_tws( 5359): init: APTX-Tws enabled in HW mode
03-24 04:14:09.309 I/a2dp_codec( 5359): init: updated aptX-TWS codec priority to -1
03-24 04:14:09.309 D/a2dp_codec( 5359): createCodec: codec SBC SINK
03-24 04:14:09.309 D/a2dp_codec( 5359): setDefaultCodecPriority: default_codec_priority_: 0
03-24 04:14:09.309 D/a2dp_codec( 5359): setDefaultCodecPriority: Compute the default codec priority
03-24 04:14:09.309 D/a2dp_codec( 5359): setDefaultCodecPriority: codec_priority_: 8001
03-24 04:14:09.309 D/a2dp_codec( 5359): setCodecPriority: codec_priority_: 8001
03-24 04:14:09.309 D/a2dp_codec( 5359): A2dpCodecConfig: init all codec caps info
03-24 04:14:09.309 D/a2dp_codec( 5359): createCodec: codec UNKNOWN CODEC INDEX
03-24 04:14:09.309 D/a2dp_codec( 5359): createCodec: codec UNKNOWN CODEC INDEX
03-24 04:14:09.309 I/a2dp_codec( 5359): init: initialized Source codec AAC
03-24 04:14:09.309 I/a2dp_codec( 5359): init: initialized Source codec SBC
03-24 04:14:09.309 I/a2dp_codec( 5359): init: initialized Sink codec SBC(Sink)
03-24 04:14:09.309 E/bt_btif ( 5359): btif_sm_get_state : Invalid handle
03-24 04:14:09.309 E/bt_btif ( 5359): btif_media_send_reset_vendor_state:
03-24 04:14:09.310 I/btif_av ( 5359): isBATEnabled: 0
03-24 04:14:09.310 D/bt_btif_a2dp_source( 5359): btif_a2dp_source_command_ready: event: 7 BTIF_MEDIA_RESET_VS_STATE
03-24 04:14:09.310 E/bt_btif ( 5359): bta_av_co_get_active_peer: peer index out of bounds: 5
03-24 04:14:09.310 E/bt_btif ( 5359): btif_av_is_split_a2dp_enabled: No active peer codec config found, by default splitmode
03-24 04:14:09.310 D/bt_btif_a2dp_source( 5359): btif_a2dp_source_command_ready: event: 2 BTIF_MEDIA_AUDIO_TX_STOP
03-24 04:14:09.310 E/bt_btif ( 5359): btif_media_send_reset_vendor_state:
03-24 04:14:09.310 E/bt_stack( 5359): [ERROR:a2dp_encoding.cc(2718)] read: BluetoothAudio HAL is not enabled
03-24 04:14:09.310 E/bt_btif ( 5359): Invalid cmd pending for ack
03-24 04:14:09.310 D/bt_btif_a2dp_source( 5359): btif_a2dp_source_command_ready: event: 7 BTIF_MEDIA_RESET_VS_STATE
03-24 04:14:09.310 E/bt_btif ( 5359): btif_a2dp_source_startup: A2DP Source media task already running
03-24 04:14:09.310 D/A2dpService( 5359): A2DP offload flag set to true
03-24 04:14:09.310 D/bt_btif ( 5359): btif_av_state_idle_handler: event:UNKNOWN_EVENT flags: 0 on index: 0, codec_cfg_change: 0
03-24 04:14:09.310 W/bt_btif ( 5359): btif_av_state_idle_handler: unhandled event=UNKNOWN_EVENT
03-24 04:14:09.310 E/bt_btif ( 5359): BTA_AvEnable:
03-24 04:14:09.310 I/bt_btif_storage( 5359): btif_storage_get_adapter_property service_mask:0x220000048
03-24 04:14:09.310 W/bt_btif ( 5359): bta_av_api_enable
03-24 04:14:09.310 W/bt_l2cap( 5359): L2CAP - L2CA_Register() called for PSM: 0x0019
03-24 04:14:09.310 I/bt_btif_storage( 5359): btif_storage_get_adapter_property service_mask:0x220000048
03-24 04:14:09.310 W/bt_l2cap( 5359): L2CAP - L2CA_Register() called for PSM: 0x0017
03-24 04:14:09.310 D/bt_btif ( 5359): btif_av_state_idle_handler: event:BTA_AV_ENABLE_EVT flags: 0 on index: 0, codec_cfg_change: 0
03-24 04:14:09.310 W/bt_l2cap( 5359): L2CAP - L2CA_Register() called for PSM: 0x001b
03-24 04:14:09.310 E/bt_btif ( 5359): bta_av_co_get_active_peer: peer index out of bounds: 5
03-24 04:14:09.310 D/a2dp_codec( 5359): A2DP_InitCodecConfig: codec SBC
03-24 04:14:09.310 D/a2dp_sbc( 5359): A2DP_InitCodecConfigSbc:
03-24 04:14:09.310 E/bt_btif ( 5359): bta_av_co_get_active_peer: peer index out of bounds: 5
03-24 04:14:09.310 D/a2dp_codec( 5359): A2DP_InitCodecConfig: codec AAC
03-24 04:14:09.310 D/a2dp_aac( 5359): A2DP_BuildInfoAac: media_type: 0, p_ie->bitRate: 165000
03-24 04:14:09.310 E/bt_btif ( 5359): bta_av_co_get_active_peer: peer index out of bounds: 5
03-24 04:14:09.310 D/a2dp_codec( 5359): A2DP_InitCodecConfig: codec aptX
03-24 04:14:09.310 E/bt_btif ( 5359): bta_av_co_get_active_peer: peer index out of bounds: 5
03-24 04:14:09.310 D/a2dp_codec( 5359): A2DP_InitCodecConfig: codec aptX-HD
03-24 04:14:09.310 E/bt_btif ( 5359): bta_av_co_get_active_peer: peer index out of bounds: 5
03-24 04:14:09.310 D/a2dp_codec( 5359): A2DP_InitCodecConfig: codec LDAC
03-24 04:14:09.310 E/bt_btif ( 5359): bta_av_co_get_active_peer: peer index out of bounds: 5
03-24 04:14:09.310 D/a2dp_codec( 5359): A2DP_InitCodecConfig: codec aptX-adaptive
03-24 04:14:09.310 E/bt_btif ( 5359): bta_av_co_get_active_peer: peer index out of bounds: 5
03-24 04:14:09.310 D/a2dp_codec( 5359): A2DP_InitCodecConfig: codec aptX-TWS
03-24 04:14:09.310 W/bt_btif ( 5359): bta_av_get_rcb_by_shdl: shdl = 0, rcb[i].shdl = 0, rcb[i].handle = 255, rcb[i].lidx = 0
03-24 04:14:09.310 W/bt_btif ( 5359): bta_av_get_rcb_by_shdl: shdl = 0, rcb[i].shdl = 0, rcb[i].handle = 255, rcb[i].lidx = 0
03-24 04:14:09.310 W/bt_btif ( 5359): bta_av_get_rcb_by_shdl: shdl = 0, rcb[i].shdl = 0, rcb[i].handle = 255, rcb[i].lidx = 0
03-24 04:14:09.310 W/bt_btif ( 5359): bta_av_get_rcb_by_shdl: shdl = 0, rcb[i].shdl = 0, rcb[i].handle = 255, rcb[i].lidx = 0
03-24 04:14:09.310 W/bt_btif ( 5359): bta_av_get_rcb_by_shdl: shdl = 0, rcb[i].shdl = 0, rcb[i].handle = 255, rcb[i].lidx = 0
03-24 04:14:09.310 W/bt_btif ( 5359): bta_av_get_rcb_by_shdl: shdl = 0, rcb[i].shdl = 0, rcb[i].handle = 255, rcb[i].lidx = 0
03-24 04:14:09.310 W/bt_btif ( 5359): bta_av_get_rcb_by_shdl: shdl = 0, rcb[i].shdl = 0, rcb[i].handle = 255, rcb[i].lidx = 0
03-24 04:14:09.310 D/bt_btif ( 5359): AVRC_Open role: 1, control:67 status:0, handle:0
03-24 04:14:09.311 W/bt_btif ( 5359): bta_av_rc_create RC handle 0 is connected
03-24 04:14:09.311 D/bt_btif ( 5359): rc_acp_handle: 0 idx: 1
03-24 04:14:09.311 D/bt_btif ( 5359): bta_av_rc_create create 0, role: 1, shdl:0, rc_handle:0, lidx:6, status:0x10
03-24 04:14:09.311 E/bt_btif ( 5359): bta_av_co_get_active_peer: peer index out of bounds: 5
03-24 04:14:09.311 D/a2dp_codec( 5359): A2DP_InitCodecConfig: codec SBC
03-24 04:14:09.311 D/a2dp_sbc( 5359): A2DP_InitCodecConfigSbc:
03-24 04:14:09.311 E/bt_btif ( 5359): bta_av_co_get_active_peer: peer index out of bounds: 5
03-24 04:14:09.311 D/a2dp_codec( 5359): A2DP_InitCodecConfig: codec AAC
03-24 04:14:09.311 D/a2dp_aac( 5359): A2DP_BuildInfoAac: media_type: 0, p_ie->bitRate: 165000
03-24 04:14:09.311 E/bt_btif ( 5359): bta_av_co_get_active_peer: peer index out of bounds: 5
03-24 04:14:09.311 D/a2dp_codec( 5359): A2DP_InitCodecConfig: codec aptX
03-24 04:14:09.311 E/bt_btif ( 5359): bta_av_co_get_active_peer: peer index out of bounds: 5
03-24 04:14:09.311 D/a2dp_codec( 5359): A2DP_InitCodecConfig: codec aptX-HD
03-24 04:14:09.311 E/bt_btif ( 5359): bta_av_co_get_active_peer: peer index out of bounds: 5
03-24 04:14:09.311 D/a2dp_codec( 5359): A2DP_InitCodecConfig: codec LDAC
03-24 04:14:09.311 E/bt_btif ( 5359): bta_av_co_get_active_peer: peer index out of bounds: 5
03-24 04:14:09.311 D/a2dp_codec( 5359): A2DP_InitCodecConfig: codec aptX-adaptive
03-24 04:14:09.311 E/bt_btif ( 5359): bta_av_co_get_active_peer: peer index out of bounds: 5
03-24 04:14:09.311 D/a2dp_codec( 5359): A2DP_InitCodecConfig: codec aptX-TWS
03-24 04:14:09.311 D/A2dpService( 5359): setA2dpService(): set to: com.android.bluetooth.a2dp.A2dpService@be99969
03-24 04:14:09.311 D/HeadsetService( 5359): getHeadsetService(): returning com.android.bluetooth.hfp.HeadsetService@137a197
03-24 04:14:09.311 E/bt_btif ( 5359): bta_av_co_get_active_peer: peer index out of bounds: 5
03-24 04:14:09.311 D/HeadsetService( 5359): isAudioOn: The number of audio connected devices 0
03-24 04:14:09.311 D/HeadsetService( 5359): isScoOrCallActive(): Call Active:falseCall is Ringing:falseSCO is Active:false
03-24 04:14:09.311 D/bt_btif ( 5359): btif_av_state_idle_handler: event:BTA_AV_REGISTER_EVT flags: 0 on index: 0, codec_cfg_change: 0
03-24 04:14:09.311 D/a2dp_codec( 5359): A2DP_InitCodecConfig: codec SBC
03-24 04:14:09.311 D/HeadsetService( 5359): isAudioOn: The number of audio connected devices 0
03-24 04:14:09.311 D/a2dp_sbc( 5359): A2DP_InitCodecConfigSbc:
03-24 04:14:09.311 D/bt_btif ( 5359): btif_av_state_idle_handler: event:BTA_AV_REGISTER_EVT flags: 0 on index: 1, codec_cfg_change: 0
03-24 04:14:09.311 E/bt_btif ( 5359): bta_av_co_get_active_peer: peer index out of bounds: 5
03-24 04:14:09.311 D/a2dp_codec( 5359): A2DP_InitCodecConfig: codec AAC
03-24 04:14:09.311 D/a2dp_aac( 5359): A2DP_BuildInfoAac: media_type: 0, p_ie->bitRate: 165000
03-24 04:14:09.311 E/bt_btif ( 5359): bta_av_co_get_active_peer: peer index out of bounds: 5
03-24 04:14:09.311 D/a2dp_codec( 5359): A2DP_InitCodecConfig: codec aptX
03-24 04:14:09.311 E/bt_btif ( 5359): bta_av_co_get_active_peer: peer index out of bounds: 5
03-24 04:14:09.311 D/a2dp_codec( 5359): A2DP_InitCodecConfig: codec aptX-HD
03-24 04:14:09.311 E/bt_btif ( 5359): bta_av_co_get_active_peer: peer index out of bounds: 5
03-24 04:14:09.311 D/a2dp_codec( 5359): A2DP_InitCodecConfig: codec LDAC
03-24 04:14:09.311 E/bt_btif ( 5359): bta_av_co_get_active_peer: peer index out of bounds: 5
03-24 04:14:09.311 D/a2dp_codec( 5359): A2DP_InitCodecConfig: codec aptX-adaptive
03-24 04:14:09.311 E/bt_btif ( 5359): bta_av_co_get_active_peer: peer index out of bounds: 5
03-24 04:14:09.311 D/a2dp_codec( 5359): A2DP_InitCodecConfig: codec aptX-TWS
03-24 04:14:09.311 D/bt_btif ( 5359): btif_av_state_idle_handler: event:BTA_AV_REGISTER_EVT flags: 0 on index: 2, codec_cfg_change: 0
03-24 04:14:09.311 E/bt_btif ( 5359): bta_av_co_get_active_peer: peer index out of bounds: 5
03-24 04:14:09.311 D/a2dp_codec( 5359): A2DP_InitCodecConfig: codec SBC
03-24 04:14:09.311 D/a2dp_sbc( 5359): A2DP_InitCodecConfigSbc:
03-24 04:14:09.311 E/bt_btif ( 5359): bta_av_co_get_active_peer: peer index out of bounds: 5
03-24 04:14:09.311 D/a2dp_codec( 5359): A2DP_InitCodecConfig: codec AAC
03-24 04:14:09.311 D/a2dp_aac( 5359): A2DP_BuildInfoAac: media_type: 0, p_ie->bitRate: 165000
03-24 04:14:09.311 E/bt_btif ( 5359): bta_av_co_get_active_peer: peer index out of bounds: 5
03-24 04:14:09.311 D/a2dp_codec( 5359): A2DP_InitCodecConfig: codec aptX
03-24 04:14:09.311 E/bt_btif ( 5359): bta_av_co_get_active_peer: peer index out of bounds: 5
03-24 04:14:09.311 D/a2dp_codec( 5359): A2DP_InitCodecConfig: codec aptX-HD
03-24 04:14:09.311 E/bt_btif ( 5359): bta_av_co_get_active_peer: peer index out of bounds: 5
03-24 04:14:09.311 D/a2dp_codec( 5359): A2DP_InitCodecConfig: codec LDAC
03-24 04:14:09.311 E/bt_btif ( 5359): bta_av_co_get_active_peer: peer index out of bounds: 5
03-24 04:14:09.311 D/a2dp_codec( 5359): A2DP_InitCodecConfig: codec aptX-adaptive
03-24 04:14:09.311 E/bt_btif ( 5359): bta_av_co_get_active_peer: peer index out of bounds: 5
03-24 04:14:09.312 D/a2dp_codec( 5359): A2DP_InitCodecConfig: codec aptX-TWS
03-24 04:14:09.312 E/bt_btif ( 5359): bta_av_co_get_active_peer: peer index out of bounds: 5
03-24 04:14:09.312 D/a2dp_codec( 5359): A2DP_InitCodecConfig: codec SBC
03-24 04:14:09.312 D/bt_btif ( 5359): btif_av_state_idle_handler: event:BTA_AV_REGISTER_EVT flags: 0 on index: 3, codec_cfg_change: 0
03-24 04:14:09.312 D/a2dp_sbc( 5359): A2DP_InitCodecConfigSbc:
03-24 04:14:09.312 E/bt_btif ( 5359): bta_av_co_get_active_peer: peer index out of bounds: 5
03-24 04:14:09.312 D/a2dp_codec( 5359): A2DP_InitCodecConfig: codec AAC
03-24 04:14:09.312 D/a2dp_aac( 5359): A2DP_BuildInfoAac: media_type: 0, p_ie->bitRate: 165000
03-24 04:14:09.312 E/bt_btif ( 5359): bta_av_co_get_active_peer: peer index out of bounds: 5
03-24 04:14:09.312 D/a2dp_codec( 5359): A2DP_InitCodecConfig: codec aptX
03-24 04:14:09.312 E/bt_btif ( 5359): bta_av_co_get_active_peer: peer index out of bounds: 5
03-24 04:14:09.312 D/a2dp_codec( 5359): A2DP_InitCodecConfig: codec aptX-HD
03-24 04:14:09.312 E/bt_btif ( 5359): bta_av_co_get_active_peer: peer index out of bounds: 5
03-24 04:14:09.312 D/a2dp_codec( 5359): A2DP_InitCodecConfig: codec LDAC
03-24 04:14:09.312 E/bt_btif ( 5359): bta_av_co_get_active_peer: peer index out of bounds: 5
03-24 04:14:09.312 D/a2dp_codec( 5359): A2DP_InitCodecConfig: codec aptX-adaptive
03-24 04:14:09.312 E/bt_btif ( 5359): bta_av_co_get_active_peer: peer index out of bounds: 5
03-24 04:14:09.312 D/a2dp_codec( 5359): A2DP_InitCodecConfig: codec aptX-TWS
03-24 04:14:09.312 D/bt_btif ( 5359): btif_av_state_idle_handler: event:BTA_AV_REGISTER_EVT flags: 0 on index: 4, codec_cfg_change: 0
03-24 04:14:09.313 D/audio_hw_primary( 795): adev_get_parameters:fm_status
03-24 04:14:09.313 D/audio_hw_spkr_prot( 795): fbsp_get_parameters: Speaker protection disabled
03-24 04:14:09.313 D/soundtrigger( 795): audio_extn_sound_trigger_get_parameters input string
03-24 04:14:09.313 D/soundtrigger( 795): extract_sm_handle input string param string
03-24 04:14:09.313 D/audio_hw_extn( 795): audio_extn_fm_get_parameters: Enter
03-24 04:14:09.313 D/audio_hw_extn( 795): audio_extn_get_parameters: returns fm_status=0
03-24 04:14:09.313 D/audio_hw_primary( 795): adev_get_parameters: exit: returns - fm_status=0
03-24 04:14:09.313 I/hash_map_utils( 945): system/bt/osi/src/hash_map_utils.cc:81 hash_map_utils_dump_string_keys_string_values: key: 'fm_status' value: ''
03-24 04:14:09.313 E/A2dpService( 5359): setActiveDevice(null): already set to active
03-24 04:14:09.314 D/A2dpService( 5359): profile started successfully
03-24 04:14:09.314 I/BluetoothHidHostServiceJni( 5359): classInitNative: succeeds
03-24 04:14:09.314 D/HidHostService( 5359): Received start request. Starting profile...
03-24 04:14:09.315 I/bt_btif ( 5359): get_profile_interface: id = hidhost
03-24 04:14:09.315 D/BluetoothHidHostService( 5359): setHidHostService(): set to: com.android.bluetooth.hid.HidHostService@a025f95
03-24 04:14:09.315 I/bt_bta_hh( 5359): BTA_HhEnable sec_mask:0x36 p_cback:0x7242753258
03-24 04:14:09.315 D/HidHostService( 5359): profile started successfully
03-24 04:14:09.315 I/bt_btif_storage( 5359): btif_storage_get_adapter_property service_mask:0x220100048
03-24 04:14:09.315 W/bt_l2cap( 5359): L2CAP - L2CA_Register() called for PSM: 0x0011
03-24 04:14:09.315 W/bt_l2cap( 5359): L2CAP - L2CA_Register() called for PSM: 0x0013
03-24 04:14:09.315 V/bt_stack( 5359): [VERBOSE1:bta_gattc_act.cc(210)] bta_gattc_register: state:2
03-24 04:14:09.315 I/BluetoothPanServiceJni( 5359): classInitNative(L111): succeeds
03-24 04:14:09.315 I/bt_stack( 5359): [INFO:gatt_api.cc(1223)] GATT_Register 4d36cfff-0fc0-f423-4107-d694817c7be3
03-24 04:14:09.315 I/bt_stack( 5359): [INFO:gatt_api.cc(1244)] allocated gatt_if=4
03-24 04:14:09.316 V/bt_stack( 5359): [VERBOSE1:gatt_api.cc(1369)] GATT_StartIf gatt_if=4
03-24 04:14:09.316 V/bt_stack( 5359): [VERBOSE1:gatt_utils.cc(293)] gatt_find_the_connected_bda start_idx=0
03-24 04:14:09.316 V/bt_stack( 5359): [VERBOSE1:gatt_utils.cc(305)] found=0 found_idx=5
03-24 04:14:09.316 D/PanService( 5359): Received start request. Starting profile...
03-24 04:14:09.317 D/BluetoothPanServiceJni( 5359): initializeNative(L116): pan
03-24 04:14:09.317 I/bt_btif ( 5359): get_profile_interface: id = pan
03-24 04:14:09.317 D/PanService( 5359): profile started successfully
03-24 04:14:09.317 W/bt_l2cap( 5359): L2CAP - L2CA_Register() called for PSM: 0x000f
03-24 04:14:09.317 D/BluetoothPanServiceJni( 5359): control_state_callback(L63): state:0, local_role:3, ifname:bt-pan
03-24 04:14:09.317 D/BluetoothMapService( 5359): Received start request. Starting profile...
03-24 04:14:09.318 D/BluetoothMapService( 5359): start()
03-24 04:14:09.319 D/BluetoothMapFixes( 5359): mSessionStatusHandler CREATE_MAS_INSTANCES
03-24 04:14:09.319 V/BluetoothMapService( 5359): Handler(): got msg=5
03-24 04:14:09.319 D/BluetoothMapService( 5359): CREATE_MAS_INSTANCES
03-24 04:14:09.319 D/BluetoothMapService( 5359): mSmsCapable :true
03-24 04:14:09.319 D/BluetoothMapService( 5359): setBluetoothMapService(): set to: com.android.bluetooth.map.BluetoothMapService@68f8fe4
03-24 04:14:09.319 D/BluetoothVendorService( 5359): getProfileInfo profile_id: 3
03-24 04:14:09.319 D/BluetoothMapService( 5359): profile started successfully
03-24 04:14:09.319 I/BluetoothVendorJni( 5359): getProfileInfoNative
03-24 04:14:09.319 I/bt_btif_vendor( 5359): get_profile_info :3
03-24 04:14:09.319 W/bt_device_profile( 5359): profile_feature_fetch:profile 3
03-24 04:14:09.319 W/bt_device_profile( 5359): profile_feature_fetch:MAP_EMAIL_SUPPORT found 1
03-24 04:14:09.319 D/BluetoothMapAppObserver( 5359): isEmailSupported: true
03-24 04:14:09.320 D/BluetoothMapAccountEmailLoader( 5359): mEmailContext Assigned
03-24 04:14:09.320 D/BluetoothMapAccountEmailLoader( 5359): Groups SIZE: 0
03-24 04:14:09.320 D/BluetoothMapAccountEmailLoader( 5359): Found 0 applications - Support legacy default or primary email Account
03-24 04:14:09.320 I/BluetoothAvrcpControllerJni( 5359): classInitNative: succeeds
03-24 04:14:09.320 D/AvrcpControllerService( 5359): Received start request. Starting profile...
03-24 04:14:09.320 D/BluetoothMapAccountEmailLoader( 5359): isEmailAppStarted: false
03-24 04:14:09.321 I/bt_btif ( 5359): get_profile_interface: id = avrcp_ctrl
03-24 04:14:09.321 I/bt_btif ( 5359): get_profile_interface: id = vendor_avrcp_ctrl
03-24 04:14:09.321 D/bt_btif ( 5359): btif_rc_vendor_ctrl_get_interface
03-24 04:14:09.322 D/CompatibilityInfo( 1526): mCompatibilityFlags - 4
03-24 04:14:09.322 D/CompatibilityInfo( 1526): applicationDensity - 240
03-24 04:14:09.322 D/CompatibilityInfo( 1526): applicationScale - 1.0
03-24 04:14:09.322 D/AvrcpControllerService( 5359): profile started successfully
03-24 04:14:09.323 V/SapService( 5359): SapBinder()
03-24 04:14:09.323 D/SapService( 5359): Received start request. Starting profile...
03-24 04:14:09.323 V/SapService( 5359): start()
03-24 04:14:09.323 D/BluetoothMapAccountEmailLoader( 5359): Email app is not installed
03-24 04:14:09.323 W/BluetoothMapAccountEmailLoader( 5359): mEmailContext Cannot Access DefaultEmail
03-24 04:14:09.323 D/BluetoothMapAccountEmailLoader( 5359): Enabled Accounts count:0
03-24 04:14:09.323 D/BluetoothMapAccountLoader( 5359): Enabled Accounts count:0
03-24 04:14:09.324 D/SapService( 5359): setSapService(): set to: com.android.bluetooth.sap.SapService@1988d4e
03-24 04:14:09.324 D/SapService( 5359): profile started successfully
03-24 04:14:09.324 V/BtOppService( 5359): onCreate
03-24 04:14:09.324 D/BluetoothMapAppObserver( 5359): createReceiver()
03-24 04:14:09.325 D/BluetoothOppService( 5359): Received start request. Starting profile...
03-24 04:14:09.325 V/BtOppService( 5359): start()
03-24 04:14:09.325 D/BtOppService( 5359): setBluetoothOppService(): set to: com.android.bluetooth.opp.BluetoothOppService@ebb5805
03-24 04:14:09.325 D/BluetoothOppService( 5359): profile started successfully
03-24 04:14:09.326 D/BluetoothMapAppObserver( 5359): initObservers()
03-24 04:14:09.326 D/BluetoothMapAppObserver( 5359): getEnabledAccountItems()
03-24 04:14:09.326 D/BluetoothPbapService( 5359): Received start request. Starting profile...
03-24 04:14:09.326 I/BluetoothPbapService( 5359): setCurrentUser(0)
03-24 04:14:09.327 I/BluetoothPbapService( 5359): setUserUnlocked(0)
03-24 04:14:09.327 I/BluetoothPbapService( 5359): setUserUnlocked(0)
03-24 04:14:09.328 D/BluetoothPbapService( 5359): setBluetoothPbapService(): set to: com.android.bluetooth.pbap.BluetoothPbapService@8fa6803
03-24 04:14:09.328 D/BluetoothPbapService( 5359): profile started successfully
03-24 04:14:09.329 D/HearingAidService( 5359): create()
03-24 04:14:09.329 D/HearingAidService( 5359): Received start request. Starting profile...
03-24 04:14:09.329 D/HearingAidService( 5359): start()
03-24 04:14:09.329 I/bt_stack( 5359): [INFO:com_android_bluetooth_hearing_aid.cpp(100)] classInitNative: succeeds
03-24 04:14:09.330 D/ObexServerSockets( 5359): create(rfcomm = 19, l2capPsm = 4133)
03-24 04:14:09.330 D/HearingAidService( 5359): setHearingAidService(): set to: com.android.bluetooth.hearingaid.HearingAidService@2b1815f
03-24 04:14:09.330 I/bt_btif ( 5359): get_profile_interface: id = hearing_aid
03-24 04:14:09.330 D/HearingAidService( 5359): profile started successfully
03-24 04:14:09.330 I/bt_stack( 5359): [INFO:hearing_aid_software_encoding.cc(325)] init
03-24 04:14:09.330 W/bt_stack( 5359): [WARNING:hearing_aid_software_encoding.cc(310)] get_hal_version
03-24 04:14:09.331 W/bt_stack( 5359): [WARNING:client_interface.cc(240)] BluetoothAudioDeathRecipient: worker thread 0x0
03-24 04:14:09.331 D/BluetoothMediaBrowserService( 5359): onCreate
03-24 04:14:09.331 I/hwservicemanager( 507): getTransport: Cannot find entry vendor.qti.hardware.bluetooth_audio@2.1::IBluetoothAudioProvidersFactory/default in either framework or device VINTF manifest.
03-24 04:14:09.331 I/bt_stack( 5359): [INFO:client_interface.cc(463)] GetHalVersion
03-24 04:14:09.331 W/bt_stack( 5359): [WARNING:client_interface.cc(240)] BluetoothAudioDeathRecipient: worker thread 0xb4000072fd60a5f0
03-24 04:14:09.331 V/bt_stack( 5359): [VERBOSE1:bta_gattc_act.cc(210)] bta_gattc_register: state:2
03-24 04:14:09.331 I/bt_stack( 5359): [INFO:gatt_api.cc(1223)] GATT_Register 5af44966-2015-143c-a853-183ff2f56dda
03-24 04:14:09.331 I/bt_stack( 5359): [INFO:gatt_api.cc(1244)] allocated gatt_if=5
03-24 04:14:09.331 V/bt_stack( 5359): [VERBOSE1:gatt_api.cc(1369)] GATT_StartIf gatt_if=5
03-24 04:14:09.331 V/bt_stack( 5359): [VERBOSE1:gatt_utils.cc(293)] gatt_find_the_connected_bda start_idx=0
03-24 04:14:09.331 V/bt_stack( 5359): [VERBOSE1:gatt_utils.cc(305)] found=0 found_idx=5
03-24 04:14:09.332 I/am_uid_active( 1526): 10020
03-24 04:14:09.335 V/Avrcp_ext( 5359): updateCurrentMediaState: mMediaController: null
03-24 04:14:09.335 W/Avrcp_ext( 5359): isMusicActive: false getBluetoothPlayState: 2 A2dp State: 11 mAudioPlaybackIsActive: false
03-24 04:14:09.335 W/Avrcp_ext( 5359): updateCurrentMediaState: isPlaying = false
03-24 04:14:09.336 V/Avrcp_ext( 5359): Media update: id -1鉃?1? [MediaAttributes: none] : [MediaAttributes: none]
03-24 04:14:09.336 D/Avrcp_ext( 5359): isPackageNameValid: browsedPackage = isValid = false
03-24 04:14:09.336 V/Avrcp_ext( 5359): updatePlaybackState, state: PlaybackState {state=2, position=-1, buffered position=0, speed=0.0, updated=1781189, actions=0, custom actions=[], active item id=-1, error=null} device: null
03-24 04:14:09.336 V/Avrcp_ext( 5359): Device: no name:
03-24 04:14:09.336 V/Avrcp_ext( 5359): Device: no name:
03-24 04:14:09.336 V/Avrcp_ext( 5359): Device: no name:
03-24 04:14:09.336 V/Avrcp_ext( 5359): Device: no name:
03-24 04:14:09.336 V/Avrcp_ext( 5359): Device: no name:
03-24 04:14:09.336 V/Avrcp_ext( 5359): updatePlayerStateAndPosition, old=PlaybackState {state=2, position=-1, buffered position=0, speed=0.0, updated=1781150, actions=0, custom actions=[], active item id=-1, error=null}, state=PlaybackState {state=2, position=-1, buffered position=0, speed=0.0, updated=1781189, actions=0, custom actions=[], active item id=-1, error=null}
03-24 04:14:09.336 V/Avrcp_ext( 5359): old state = PlaybackState {state=2, position=-1, buffered position=0, speed=0.0, updated=1781150, actions=0, custom actions=[], active item id=-1, error=null}, new state= PlaybackState {state=2, position=-1, buffered position=0, speed=0.0, updated=1781189, actions=0, custom actions=[], active item id=-1, error=null}
03-24 04:14:09.336 D/HeadsetService( 5359): getHeadsetService(): returning com.android.bluetooth.hfp.HeadsetService@137a197
03-24 04:14:09.336 D/HeadsetService( 5359): isAudioOn: The number of audio connected devices 0
03-24 04:14:09.336 D/HeadsetService( 5359): isScoOrCallActive(): Call Active:falseCall is Ringing:falseSCO is Active:false
03-24 04:14:09.336 D/HeadsetService( 5359): isAudioOn: The number of audio connected devices 0
03-24 04:14:09.336 I/Avrcp_ext( 5359): updatePlayStatusForDevice: device: null
03-24 04:14:09.336 V/Avrcp_ext( 5359): updatePlaybackState (1): old=PlaybackState {state=2, position=-1, buffered position=0, speed=0.0, updated=1781150, actions=0, custom actions=[], active item id=-1, error=null}(2), new=PlaybackState {state=2, position=-1, buffered position=0, speed=0.0, updated=1781189, actions=0, custom actions=[], active item id=-1, error=null}(2)
03-24 04:14:09.336 I/BtOppService( 5359): handleMessage :300
03-24 04:14:09.336 I/Avrcp_ext( 5359): Exit updatePlayStatusForDevice
03-24 04:14:09.336 D/HeadsetService( 5359): isAudioOn: The number of audio connected devices 0
03-24 04:14:09.336 D/HeadsetService( 5359): isScoOrCallActive(): Call Active:falseCall is Ringing:falseSCO is Active:false
03-24 04:14:09.336 D/HeadsetService( 5359): isAudioOn: The number of audio connected devices 0
03-24 04:14:09.336 I/Avrcp_ext( 5359): updatePlayStatusForDevice: device: null
03-24 04:14:09.336 V/Avrcp_ext( 5359): updatePlaybackState (1): old=PlaybackState {state=2, position=-1, buffered position=0, speed=0.0, updated=1781150, actions=0, custom actions=[], active item id=-1, error=null}(2), new=PlaybackState {state=2, position=-1, buffered position=0, speed=0.0, updated=1781189, actions=0, custom actions=[], active item id=-1, error=null}(2)
03-24 04:14:09.336 I/Avrcp_ext( 5359): Exit updatePlayStatusForDevice
03-24 04:14:09.336 D/HeadsetService( 5359): isAudioOn: The number of audio connected devices 0
03-24 04:14:09.336 D/HeadsetService( 5359): isScoOrCallActive(): Call Active:falseCall is Ringing:falseSCO is Active:false
03-24 04:14:09.336 D/HeadsetService( 5359): isAudioOn: The number of audio connected devices 0
03-24 04:14:09.336 I/Avrcp_ext( 5359): updatePlayStatusForDevice: device: null
03-24 04:14:09.336 V/Avrcp_ext( 5359): updatePlaybackState (1): old=PlaybackState {state=2, position=-1, buffered position=0, speed=0.0, updated=1781150, actions=0, custom actions=[], active item id=-1, error=null}(2), new=PlaybackState {state=2, position=-1, buffered position=0, speed=0.0, updated=1781189, actions=0, custom actions=[], active item id=-1, error=null}(2)
03-24 04:14:09.336 I/Avrcp_ext( 5359): Exit updatePlayStatusForDevice
03-24 04:14:09.336 D/HeadsetService( 5359): isAudioOn: The number of audio connected devices 0
03-24 04:14:09.336 D/HeadsetService( 5359): isScoOrCallActive(): Call Active:falseCall is Ringing:falseSCO is Active:false
03-24 04:14:09.336 D/HeadsetService( 5359): isAudioOn: The number of audio connected devices 0
03-24 04:14:09.336 I/Avrcp_ext( 5359): updatePlayStatusForDevice: device: null
03-24 04:14:09.336 V/Avrcp_ext( 5359): updatePlaybackState (1): old=PlaybackState {state=2, position=-1, buffered position=0, speed=0.0, updated=1781150, actions=0, custom actions=[], active item id=-1, error=null}(2), new=PlaybackState {state=2, position=-1, buffered position=0, speed=0.0, updated=1781189, actions=0, custom actions=[], active item id=-1, error=null}(2)
03-24 04:14:09.336 I/Avrcp_ext( 5359): Exit updatePlayStatusForDevice
03-24 04:14:09.336 D/HeadsetService( 5359): isAudioOn: The number of audio connected devices 0
03-24 04:14:09.336 D/HeadsetService( 5359): isScoOrCallActive(): Call Active:falseCall is Ringing:falseSCO is Active:false
03-24 04:14:09.336 D/HeadsetService( 5359): isAudioOn: The number of audio connected devices 0
03-24 04:14:09.336 I/Avrcp_ext( 5359): updatePlayStatusForDevice: device: null
03-24 04:14:09.337 V/Avrcp_ext( 5359): updatePlaybackState (1): old=PlaybackState {state=2, position=-1, buffered position=0, speed=0.0, updated=1781150, actions=0, custom actions=[], active item id=-1, error=null}(2), new=PlaybackState {state=2, position=-1, buffered position=0, speed=0.0, updated=1781189, actions=0, custom actions=[], active item id=-1, error=null}(2)
03-24 04:14:09.337 I/Avrcp_ext( 5359): Exit updatePlayStatusForDevice
03-24 04:14:09.337 D/Avrcp_ext( 5359): Enter sendPlayPosNotificationRsp
03-24 04:14:09.337 D/Avrcp_ext( 5359): sendPlayPosNotificationRsp: Not registered or requesting.
03-24 04:14:09.337 D/Avrcp_ext( 5359): Enter sendPlayPosNotificationRsp
03-24 04:14:09.337 D/Avrcp_ext( 5359): sendPlayPosNotificationRsp: Not registered or requesting.
03-24 04:14:09.337 D/Avrcp_ext( 5359): Enter sendPlayPosNotificationRsp
03-24 04:14:09.337 D/Avrcp_ext( 5359): sendPlayPosNotificationRsp: Not registered or requesting.
03-24 04:14:09.337 D/Avrcp_ext( 5359): Enter sendPlayPosNotificationRsp
03-24 04:14:09.337 D/Avrcp_ext( 5359): sendPlayPosNotificationRsp: Not registered or requesting.
03-24 04:14:09.337 D/Avrcp_ext( 5359): Enter sendPlayPosNotificationRsp
03-24 04:14:09.337 D/Avrcp_ext( 5359): sendPlayPosNotificationRsp: Not registered or requesting.
03-24 04:14:09.337 V/Avrcp_ext( 5359): Exit updatePlayerStateAndPosition
03-24 04:14:09.337 I/notification_cancel_all( 1526): [1002,5359,com.android.bluetooth,0,0,64,9,NULL]
03-24 04:14:09.337 I/GameModeConfig( 1526): isGameModeOn = false
03-24 04:14:09.337 W/BluetoothAdapterService( 5359): onProfileServiceStateChange() - All profile services started..
03-24 04:14:09.337 D/AdapterProperties( 5359): onBluetoothReady, state=TURNING_ON, ScanMode=20
03-24 04:14:09.337 I/GameModeConfig( 1526): isGameModeOn = false
03-24 04:14:09.337 I/GameModeConfig( 1526): isGameModeOn = false
03-24 04:14:09.337 I/GameModeConfig( 1526): isGameModeOn = false
03-24 04:14:09.337 I/GameModeConfig( 1526): isGameModeOn = false
03-24 04:14:09.337 I/GameModeConfig( 1526): isGameModeOn = false
03-24 04:14:09.338 D/BluetoothAdapterService( 5359): updateUuids() - Updating UUIDs for bonded devices
03-24 04:14:09.338 I/BluetoothAdapterService( 5359): initProfileServices: Initializing all bluetooth profile services
03-24 04:14:09.338 I/BluetoothA2dpSinkServiceJni( 5359): classInitNative: succeeds
03-24 04:14:09.338 D/HeadsetService( 5359): getHeadsetService(): returning com.android.bluetooth.hfp.HeadsetService@137a197
03-24 04:14:09.338 W/HeadsetClientService( 5359): getHeadsetClientService(): service is null
03-24 04:14:09.338 W/MapClientService( 5359): getMapClientService(): service is null
03-24 04:14:09.338 D/HidDeviceService( 5359): getHidDeviceService(): service is NULL
03-24 04:14:09.338 W/PbapClientService( 5359): getPbapClientService(): service is null
03-24 04:14:09.338 W/BluetoothGroupService( 5359): getGroupService(): service is NULL
03-24 04:14:09.338 I/AdapterState( 5359): ON : entered
03-24 04:14:09.338 D/AdapterProperties( 5359): Setting state to ON
03-24 04:14:09.339 D/AdapterProperties( 5359): Scan Mode:21
03-24 04:14:09.339 D/AdapterProperties( 5359): Discoverable Timeout:120
03-24 04:14:09.339 D/AdapterProperties( 5359): mLocalIOCapability set to 1
03-24 04:14:09.339 D/AdapterProperties( 5359): mLocalIOCapabilityBLE set to 4
03-24 04:14:09.339 I/btif_av ( 5359): isBATEnabled: 0
03-24 04:14:09.339 E/bt_btif ( 5359): bta_av_co_get_active_peer: peer index out of bounds: 5
03-24 04:14:09.339 E/bt_btif ( 5359): btif_av_is_split_a2dp_enabled: No active peer codec config found, by default splitmode
03-24 04:14:09.339 D/BluetoothAdapterService( 5359): updateAdapterState() - Broadcasting state ON to 1 receivers.
03-24 04:14:09.339 D/BluetoothManagerService( 1526): MESSAGE_BLUETOOTH_STATE_CHANGE: TURNING_ON > ON
03-24 04:14:09.339 D/BluetoothManagerService( 1526): Broadcasting onBluetoothStateChange(true) to 25 receivers.
03-24 04:14:09.339 D/BluetoothHearingAid( 1526): Binding service...
03-24 04:14:09.339 V/BluetoothMapService( 5359): Handler(): got msg=1
03-24 04:14:09.339 D/BluetoothMapMasInstance0( 5359): Map Service startSocketListeners
03-24 04:14:09.340 D/ObexServerSockets( 5359): create(rfcomm = 26, l2capPsm = 4137)
03-24 04:14:09.343 D/BluetoothHearingAid( 1526): Binding service...
03-24 04:14:09.343 I/bt_stack( 5359): [INFO:port_api.cc(123)] RFCOMM_CreateConnection BDA: ff:ff:ff:ff:ff:ff
03-24 04:14:09.343 I/bt_stack( 5359): [INFO:port_api.cc(123)] RFCOMM_CreateConnection BDA: ff:ff:ff:ff:ff:ff
03-24 04:14:09.343 D/BluetoothSdpJni( 5359): sdpCreateSapsRecordNative
03-24 04:14:09.343 D/BluetoothSdpJni( 5359): SDP Create record success - handle: 0
03-24 04:14:09.344 D/BluetoothHidHost( 2390): Binding service...
03-24 04:14:09.344 D/BluetoothSap( 2390): Binding service...
03-24 04:14:09.344 D/BluetoothHearingAid( 1526): Binding service...
03-24 04:14:09.344 D/BluetoothHeadset( 2390): onBluetoothStateChange: up=true
03-24 04:14:09.344 D/BluetoothHeadset( 2390): Binding service...
03-24 04:14:09.344 D/BluetoothPan( 1990): Binding service...
03-24 04:14:09.344 D/BluetoothHeadset( 1990): onBluetoothStateChange: up=true
03-24 04:14:09.344 D/BluetoothHeadset( 1990): Binding service...
03-24 04:14:09.344 D/BluetoothA2dp( 1990): Binding service...
03-24 04:14:09.344 D/BluetoothHearingAid( 1990): Binding service...
03-24 04:14:09.344 D/BluetoothManagerService( 1526): Creating new ProfileServiceConnections object for profile: 1
03-24 04:14:09.345 W/bt_l2cap( 5359): L2CAP - L2CA_Register() called for PSM: 0x1025
03-24 04:14:09.345 I/bt_stack( 5359): [INFO:port_api.cc(123)] RFCOMM_CreateConnection BDA: ff:ff:ff:ff:ff:ff
03-24 04:14:09.345 D/BluetoothA2dp( 2390): Binding service...
03-24 04:14:09.346 D/ObexServerSockets( 5359): Succeed to create listening sockets
03-24 04:14:09.346 D/BluetoothHearingAid( 1526): Binding service...
03-24 04:14:09.346 D/ObexServerSockets0( 5359): startAccept()
03-24 04:14:09.346 W/bt_l2cap( 5359): L2CAP - L2CA_Register() called for PSM: 0x1029
03-24 04:14:09.346 D/ObexServerSockets( 5359): Succeed to create listening sockets
03-24 04:14:09.346 D/ObexServerSockets1( 5359): startAccept()
03-24 04:14:09.347 D/BluetoothSdpJni( 5359): sdpCreateMapMasRecordNative
03-24 04:14:09.347 D/BluetoothSdpJni( 5359): SDP Create record success - handle: 1
03-24 04:14:09.347 D/ObexServerSockets1( 5359): Accepting socket connection...
03-24 04:14:09.347 W/BluetoothAdapterService( 5359): fetchWifiState - isWifiConnected =false
03-24 04:14:09.347 D/BluetoothVendorService( 5359): setWifiState to: false
03-24 04:14:09.347 I/BluetoothVendorJni( 5359): setWifiStateNative
03-24 04:14:09.347 I/bt_btif_vendor( 5359): setWifiState :0
03-24 04:14:09.347 W/BluetoothManagerService( 1526): psc is not null in bindBluetoothProfileService
03-24 04:14:09.347 D/BluetoothA2dp( 1526): Binding service...
03-24 04:14:09.347 D/ObexServerSockets1( 5359): Accepting socket connection...
03-24 04:14:09.347 D/BluetoothMap( 1990): Binding service...
03-24 04:14:09.347 D/BluetoothVendorService( 5359): getProfileInfo profile_id: 2
03-24 04:14:09.348 I/BluetoothVendorJni( 5359): getProfileInfoNative
03-24 04:14:09.348 I/bt_btif_vendor( 5359): get_profile_info :2
03-24 04:14:09.348 W/bt_device_profile( 5359): profile_feature_fetch:profile 2
03-24 04:14:09.348 W/bt_device_profile( 5359): profile_feature_fetch:PBAP_0102_SUPPORT found 1
03-24 04:14:09.348 D/BluetoothVendorService( 5359): getProfileInfo profile_id: 2
03-24 04:14:09.348 I/BluetoothVendorJni( 5359): getProfileInfoNative
03-24 04:14:09.348 I/bt_btif_vendor( 5359): get_profile_info :2
03-24 04:14:09.348 W/bt_device_profile( 5359): profile_feature_fetch:profile 2
03-24 04:14:09.348 W/bt_device_profile( 5359): profile_feature_fetch:USE_SIM_SUPPORT found 1
03-24 04:14:09.348 D/ObexServerSockets0( 5359): Accepting socket connection...
03-24 04:14:09.348 D/BluetoothPbapFixes( 5359): isSupportedPbap12: true
03-24 04:14:09.348 D/BluetoothPbapFixes( 5359): isSimSupported: true
03-24 04:14:09.348 D/BluetoothPbapFixes( 5359): creating PBAP 1.1 record with sim support
03-24 04:14:09.348 D/BluetoothSdpJni( 5359): sdpCreatePbapPseRecordNative
03-24 04:14:09.348 D/BluetoothSdpJni( 5359): SDP Create record success - handle: 2
03-24 04:14:09.348 D/BluetoothPbapService( 5359): created Sdp record, mSdpHandle=2
03-24 04:14:09.348 D/BluetoothAdapterService( 5359): Soft AP is on band: 1
03-24 04:14:09.349 D/BluetoothVendorService( 5359): getPowerBackoff
03-24 04:14:09.349 D/BluetoothVendorService( 5359): setPowerBackoff to: true
03-24 04:14:09.349 I/BluetoothVendorJni( 5359): setPowerBackoffNative
03-24 04:14:09.349 I/bt_btif_vendor( 5359): setPowerBackOffState :1
03-24 04:14:09.349 W/bt_btm ( 5359): btm_cb.is_power_backoff = 1
03-24 04:14:09.349 W/bt_device_profile( 5359): max_radiated_power_fetch:profile 4
03-24 04:14:09.349 W/bt_device_profile( 5359): max_radiated_power_fetch:profile 4
03-24 04:14:09.349 W/bt_device_profile( 5359): max_radiated_power_fetch:profile 4
03-24 04:14:09.349 D/ObexServerSockets0( 5359): Accepting socket connection...
03-24 04:14:09.350 I/BluetoothAdapterService( 5359): isIgnoreDevice false device name WH-H910N (h.ear) addr 14:3F:A6:D2:4D:63
03-24 04:14:09.351 D/BluetoothHeadset( 1526): onBluetoothStateChange: up=true
03-24 04:14:09.351 D/BluetoothHeadset( 1526): Binding service...
03-24 04:14:09.351 D/BluetoothPan( 2390): Binding service...
03-24 04:14:09.352 W/BluetoothManagerService( 1526): psc is not null in bindBluetoothProfileService
03-24 04:14:09.352 D/BluetoothHeadset( 1526): onBluetoothStateChange: up=true
03-24 04:14:09.352 D/BluetoothHeadset( 1526): Binding service...
03-24 04:14:09.352 W/BluetoothManagerService( 1526): psc is not null in bindBluetoothProfileService
03-24 04:14:09.352 D/BluetoothHearingAid( 1990): Proxy object connected
03-24 04:14:09.352 D/BluetoothA2dp( 1526): Binding service...
03-24 04:14:09.353 D/BluetoothHearingAid( 1526): Proxy object connected
03-24 04:14:09.353 D/BluetoothHearingAid( 1526): Proxy object connected
03-24 04:14:09.353 I/Telecom ( 1526): BluetoothDeviceManager: Got BluetoothHearingAid: android.bluetooth.BluetoothHearingAid@f38f263: BMSL.oSC@AF0
03-24 04:14:09.353 D/BluetoothHearingAid( 1526): Proxy object connected
03-24 04:14:09.353 I/AS.BtHelper( 1526): In onServiceConnected(), profile: 21, proxy: android.bluetooth.BluetoothHearingAid@e4eae1d
03-24 04:14:09.353 D/BluetoothHearingAid( 1526): Proxy object connected
03-24 04:14:09.353 D/BluetoothMap( 2390): Binding service...
03-24 04:14:09.353 D/BluetoothSap( 1990): Binding service...
03-24 04:14:09.355 W/BluetoothHeadset( 1990): Proxy not attached to service
03-24 04:14:09.355 W/BluetoothA2dp( 1990): Proxy not attached to service
03-24 04:14:09.355 W/BluetoothPbap( 1990): Proxy not attached to service
03-24 04:14:09.355 W/BluetoothHeadset( 1990): Proxy not attached to service
03-24 04:14:09.355 W/BluetoothA2dp( 1990): Proxy not attached to service
03-24 04:14:09.355 W/BluetoothPbap( 1990): Proxy not attached to service
03-24 04:14:09.355 D/BluetoothHidHost( 1990): Binding service...
03-24 04:14:09.355 D/BluetoothA2dp( 1526): Binding service...
03-24 04:14:09.355 W/BluetoothHeadset( 1990): Proxy not attached to service
03-24 04:14:09.355 W/BluetoothA2dp( 1990): Proxy not attached to service
03-24 04:14:09.355 D/BluetoothHearingAid( 2390): Binding service...
03-24 04:14:09.355 W/BluetoothPbap( 1990): Proxy not attached to service
03-24 04:14:09.355 D/BluetoothA2dp( 1990): Proxy object connected
03-24 04:14:09.356 W/BluetoothHeadset( 1990): Proxy not attached to service
03-24 04:14:09.357 W/BluetoothPbap( 1990): Proxy not attached to service
03-24 04:14:09.357 W/BluetoothHeadset( 1990): Proxy not attached to service
03-24 04:14:09.357 D/HearingAidService( 5359): getActiveDevices
03-24 04:14:09.358 D/BluetoothManagerService( 1526): Sending BLE State Change: TURNING_ON > ON
03-24 04:14:09.358 W/BluetoothPbap( 1990): Proxy not attached to service
03-24 04:14:09.358 W/BluetoothHeadset( 1990): Proxy not attached to service
03-24 04:14:09.358 D/LocalBluetoothProfileManager( 1990): Current Profiles[HEADSET, A2DP, PBAP Server]
03-24 04:14:09.359 W/BluetoothHeadset( 1990): Proxy not attached to service
03-24 04:14:09.359 D/BluetoothA2dp( 1526): Proxy object connected
03-24 04:14:09.359 I/AS.BtHelper( 1526): In onServiceConnected(), profile: 2, proxy: android.bluetooth.BluetoothA2dp@e18a3f
03-24 04:14:09.359 D/BluetoothA2dp( 1526): Proxy object connected
03-24 04:14:09.359 D/BluetoothA2dp( 1526): Proxy object connected
03-24 04:14:09.359 D/BluetoothMap( 1990): getConnectionState(14:3F:A6:D2:4D:63)
03-24 04:14:09.359 W/BluetoothMap( 1990): Proxy not attached to service
03-24 04:14:09.359 W/BluetoothPbap( 1990): Proxy not attached to service
03-24 04:14:09.359 D/LocalBluetoothProfileManager( 1990): New Profiles[HEADSET, A2DP, PBAP Server]
03-24 04:14:09.359 D/BluetoothPan( 1990): Proxy object connected
03-24 04:14:09.360 D/CachedBluetoothDevice( 1990): updating profiles for WH-H910N (h.ear)
03-24 04:14:09.360 V/CachedBluetoothDevice( 1990): Class: 240404
03-24 04:14:09.360 V/CachedBluetoothDevice( 1990): UUID:
03-24 04:14:09.360 V/CachedBluetoothDevice( 1990): 00001108-0000-1000-8000-00805f9b34fb
03-24 04:14:09.360 V/CachedBluetoothDevice( 1990): 0000111e-0000-1000-8000-00805f9b34fb
03-24 04:14:09.360 V/CachedBluetoothDevice( 1990): 0000110b-0000-1000-8000-00805f9b34fb
03-24 04:14:09.360 V/CachedBluetoothDevice( 1990): 0000110e-0000-1000-8000-00805f9b34fb
03-24 04:14:09.360 V/CachedBluetoothDevice( 1990): 00000000-0000-1000-8000-00805f9b34fb
03-24 04:14:09.360 V/CachedBluetoothDevice( 1990): 00000000-0000-1000-8000-00805f9b34fb
03-24 04:14:09.360 V/CachedBluetoothDevice( 1990): 00000000-deca-fade-deca-deafdecacaff
03-24 04:14:09.360 V/CachedBluetoothDevice( 1990): 96cc203e-5068-46ad-b32d-e316f5e069ba
03-24 04:14:09.360 V/CachedBluetoothDevice( 1990): b9b213ce-eeab-49e4-8fd9-aa478ed1b26b
03-24 04:14:09.360 V/CachedBluetoothDevice( 1990): 8901dfa8-5c7e-4d8f-9f0c-c2b70683f5f0
03-24 04:14:09.360 D/BluetoothManagerService( 1526): Sending State Change: TURNING_ON > ON
03-24 04:14:09.360 V/CachedBluetoothDevice( 1990): 8a482a08-5507-42ac-b673-a88df48b3fc7
03-24 04:14:09.360 V/CachedBluetoothDevice( 1990): 00000000-0000-0000-0000-000000000000
03-24 04:14:09.360 V/CachedBluetoothDevice( 1990): 00000000-0000-0000-0000-000000000000
03-24 04:14:09.360 V/CachedBluetoothDevice( 1990): 00000000-0000-0000-0000-000000000000
03-24 04:14:09.360 V/CachedBluetoothDevice( 1990): 00000000-0000-0000-0000-000000000000
03-24 04:14:09.360 V/CachedBluetoothDevice( 1990): 00000000-0000-0000-0000-000000000000
03-24 04:14:09.360 V/CachedBluetoothDevice( 1990): 00000000-0000-0000-0000-000000000000
03-24 04:14:09.360 V/CachedBluetoothDevice( 1990): 00000000-0000-0000-0000-000000000000
03-24 04:14:09.360 V/CachedBluetoothDevice( 1990): 00000000-0000-0000-0000-000000000000
03-24 04:14:09.360 V/CachedBluetoothDevice( 1990): 00000000-0000-0000-0000-000000000000
03-24 04:14:09.360 V/CachedBluetoothDevice( 1990): 00000000-0000-0000-0000-000000000000
03-24 04:14:09.360 V/CachedBluetoothDevice( 1990): 00000000-0000-0000-0000-000000000000
03-24 04:14:09.360 V/CachedBluetoothDevice( 1990): 00000000-0000-0000-0000-000000000000
03-24 04:14:09.360 V/CachedBluetoothDevice( 1990): 00000000-0000-0000-0000-000000000000
03-24 04:14:09.361 V/CachedBluetoothDevice( 1990): 00000000-0000-0000-0000-000000000000
03-24 04:14:09.361 V/CachedBluetoothDevice( 1990): 00000000-0000-0000-0000-000000000000
03-24 04:14:09.361 V/CachedBluetoothDevice( 1990): 00000000-0000-0000-0000-000000000000
03-24 04:14:09.361 V/CachedBluetoothDevice( 1990): 00000000-0000-0000-0000-000000000000
03-24 04:14:09.361 V/CachedBluetoothDevice( 1990): 00000000-0000-0000-0000-000000000000
03-24 04:14:09.361 V/CachedBluetoothDevice( 1990): 00000000-0000-0000-0000-000000000000
03-24 04:14:09.361 V/CachedBluetoothDevice( 1990): 00000000-0000-0000-0000-000000000000
03-24 04:14:09.361 V/CachedBluetoothDevice( 1990): 00000000-0000-0000-0000-000000000000
03-24 04:14:09.361 D/BluetoothSap( 1990): Proxy object connected
03-24 04:14:09.361 D/BluetoothSap( 1990): getConnectedDevices()
03-24 04:14:09.361 D/CompanionDeviceManagerService( 1526): Received BT state transition broadcast: TURNING_ON -> ON
03-24 04:14:09.361 I/CompanionDeviceManagerService( 1526): startBleScan()
03-24 04:14:09.361 V/SapService( 5359): getConnectedDevices()
03-24 04:14:09.361 D/CachedBluetoothDevice( 1990): onUuidChanged: Time since last connect=139853
03-24 04:14:09.362 W/BluetoothHeadset( 1990): Proxy not attached to service
03-24 04:14:09.362 W/BluetoothPbap( 1990): Proxy not attached to service
03-24 04:14:09.362 W/BluetoothHeadset( 1990): Proxy not attached to service
03-24 04:14:09.363 W/BluetoothPbap( 1990): Proxy not attached to service
03-24 04:14:09.363 W/BluetoothHeadset( 1990): Proxy not attached to service
03-24 04:14:09.363 W/BluetoothHeadset( 1990): Proxy not attached to service
03-24 04:14:09.363 D/AvrcpBipRsp( 5359): action: android.bluetooth.adapter.action.STATE_CHANGED
03-24 04:14:09.363 D/AvrcpBipRsp( 5359): state:12
03-24 04:14:09.363 W/BluetoothPbap( 1990): Proxy not attached to service
03-24 04:14:09.363 W/BluetoothPbap( 1990): Proxy not attached to service
03-24 04:14:09.363 W/BluetoothHeadset( 1990): Proxy not attached to service
03-24 04:14:09.363 D/BtOppService( 5359): action : android.bluetooth.adapter.action.STATE_CHANGED
03-24 04:14:09.364 D/BluetoothActiveDeviceManager( 5359): handleMessage(MESSAGE_ADAPTER_ACTION_STATE_CHANGED): newState=12
03-24 04:14:09.364 W/BluetoothPbap( 1990): Proxy not attached to service
03-24 04:14:09.364 W/BluetoothHeadset( 1990): Proxy not attached to service
03-24 04:14:09.364 W/ActivityManager( 1526): Receiver with filter android.content.IntentFilter@91580f6 already registered for pid 1990, callerPackage is com.android.systemui
03-24 04:14:09.364 D/LocalBluetoothProfileManager( 2390): Current Profiles[HEADSET, A2DP, PBAP Server]
03-24 04:14:09.364 W/BluetoothPbap( 1990): Proxy not attached to service
03-24 04:14:09.364 D/BluetoothHidHost( 1990): Proxy object connected
03-24 04:14:09.364 I/BluetoothPhonePolicy( 5359): Received ACTION_UUID for device 14:3F:A6:D2:4D:63
03-24 04:14:09.364 I/BluetoothPhonePolicy( 5359): index=0uuid=00001108-0000-1000-8000-00805f9b34fb
03-24 04:14:09.364 I/BluetoothPhonePolicy( 5359): index=1uuid=0000111e-0000-1000-8000-00805f9b34fb
03-24 04:14:09.364 W/BluetoothHeadset( 2390): Proxy not attached to service
03-24 04:14:09.364 I/BluetoothPhonePolicy( 5359): index=2uuid=0000110b-0000-1000-8000-00805f9b34fb
03-24 04:14:09.364 I/BluetoothPhonePolicy( 5359): index=3uuid=0000110e-0000-1000-8000-00805f9b34fb
03-24 04:14:09.364 I/BluetoothPhonePolicy( 5359): index=4uuid=00000000-0000-1000-8000-00805f9b34fb
03-24 04:14:09.364 W/BluetoothA2dp( 2390): Proxy not attached to service
03-24 04:14:09.364 I/BluetoothPhonePolicy( 5359): index=5uuid=00000000-0000-1000-8000-00805f9b34fb
03-24 04:14:09.364 I/BluetoothPhonePolicy( 5359): index=6uuid=00000000-deca-fade-deca-deafdecacaff
03-24 04:14:09.364 I/BluetoothPhonePolicy( 5359): index=7uuid=96cc203e-5068-46ad-b32d-e316f5e069ba
03-24 04:14:09.364 I/BluetoothPhonePolicy( 5359): index=8uuid=b9b213ce-eeab-49e4-8fd9-aa478ed1b26b
