--------- beginning of events
01-01 08:00:06.962 I/snet_event_log( 506): [121035042,-1,]
01-01 08:00:06.965 I/auditd ( 506): SELinux: Loaded service_contexts from:
01-01 08:00:06.965 I/auditd ( 506): /system/etc/selinux/plat_service_contexts
01-01 08:00:06.965 I/auditd ( 506): /system_ext/etc/selinux/system_ext_service_contexts
01-01 08:00:06.965 I/auditd ( 506): /product/etc/selinux/product_service_contexts
01-01 08:00:06.965 I/auditd ( 506): /vendor/etc/selinux/vendor_service_contexts
01-01 08:00:00.195 I/auditd ( 504): type=2000 audit(0.0:1): state=initialized audit_enabled=0 res=1
01-01 08:00:06.283 I/auditd ( 504): type=1403 audit(0.0:2): auid=4294967295 ses=4294967295 lsm=selinux res=1
01-01 08:00:06.283 I/auditd ( 504): type=1404 audit(0.0:3): enforcing=1 old_enforcing=0 auid=4294967295 ses=4294967295 enabled=1 old-enabled=1 lsm=selinux res=1
01-01 08:00:06.327 I/auditd ( 1): type=1400 audit(0.0:4): avc: denied { relabelto } for comm="init" name="persist" dev="tmpfs" ino=12661 scontext=u:r:init:s0 tcontext=u:object_r:vendor_persist_block_device:s0 tclass=lnk_file permissive=0
01-01 08:00:06.351 I/auditd ( 1): type=1107 audit(0.0:5): uid=0 auid=4294967295 ses=4294967295 subj=u:r:init:s0 msg='avc: denied { read } for property=persist.debug.trace pid=0 uid=0 gid=0 scontext=u:r:vendor_init:s0 tcontext=u:object_r:persist_debug_prop:s0 tclass=file permissive=0'
01-01 08:00:06.599 I/auditd ( 481): type=1400 audit(0.0:6): avc: denied { read } for comm="ueventd" name="persist" dev="tmpfs" ino=12661 scontext=u:r:ueventd:s0 tcontext=u:object_r:tmpfs:s0 tclass=lnk_file permissive=0
01-01 08:00:06.711 I/auditd ( 1): type=1400 audit(0.0:7): avc: denied { mounton } for comm="init" path="/sys/kernel/tracing" dev="tracefs" ino=1 scontext=u:r:init:s0 tcontext=u:object_r:debugfs_tracing_debug:s0 tclass=dir permissive=0
01-01 08:00:06.967 I/auditd ( 515): type=1400 audit(0.0:8): avc: denied { ptrace } for comm="crash_dump64" scontext=u:r:crash_dump:s0 tcontext=u:r:init:s0 tclass=process permissive=0
01-01 08:00:06.980 I/snet_event_log( 508): [121035042,-1,]
01-01 08:00:06.991 I/auditd ( 522): type=1400 audit(0.0:9): avc: denied { read write } for comm="fsck_msdos" name="sde51" dev="tmpfs" ino=14442 scontext=u:r:fsck:s0 tcontext=u:object_r:block_device:s0 tclass=blk_file permissive=0
01-01 08:00:06.991 I/auditd ( 522): type=1400 audit(0.0:10): avc: denied { read } for comm="fsck_msdos" name="sde51" dev="tmpfs" ino=14442 scontext=u:r:fsck:s0 tcontext=u:object_r:block_device:s0 tclass=blk_file permissive=0
01-01 08:00:06.991 I/auditd ( 522): type=1400 audit(0.0:11): avc: denied { kill } for comm="fsck_msdos" capability=5 scontext=u:r:fsck:s0 tcontext=u:r:fsck:s0 tclass=capability permissive=0
01-01 08:00:07.011 I/auditd ( 550): type=1400 audit(0.0:12): avc: denied { read } for comm="e2fsck" name="persist" dev="tmpfs" ino=12661 scontext=u:r:fsck:s0 tcontext=u:object_r:tmpfs:s0 tclass=lnk_file permissive=0
01-01 08:00:07.011 I/auditd ( 550): type=1400 audit(0.0:13): avc: denied { read } for comm="e2fsck" name="persist" dev="tmpfs" ino=12661 scontext=u:r:fsck:s0 tcontext=u:object_r:tmpfs:s0 tclass=lnk_file permissive=0
01-01 08:00:07.011 I/auditd ( 550): type=1400 audit(0.0:14): avc: denied { read } for comm="e2fsck" name="persist" dev="tmpfs" ino=12661 scontext=u:r:fsck:s0 tcontext=u:object_r:tmpfs:s0 tclass=lnk_file permissive=0
01-01 08:00:07.011 I/auditd ( 550): type=1400 audit(0.0:15): avc: denied { read } for comm="e2fsck" name="persist" dev="tmpfs" ino=12661 scontext=u:r:fsck:s0 tcontext=u:object_r:tmpfs:s0 tclass=lnk_file permissive=0
01-01 08:00:07.011 I/auditd ( 550): type=1400 audit(0.0:16): avc: denied { read } for comm="e2fsck" name="persist" dev="tmpfs" ino=12661 scontext=u:r:fsck:s0 tcontext=u:object_r:tmpfs:s0 tclass=lnk_file permissive=0
01-01 08:00:07.011 I/auditd ( 550): type=1400 audit(0.0:17): avc: denied { read } for comm="e2fsck" name="persist" dev="tmpfs" ino=12661 scontext=u:r:fsck:s0 tcontext=u:object_r:tmpfs:s0 tclass=lnk_file permissive=0
01-01 08:00:07.011 I/auditd ( 550): type=1400 audit(0.0:18): avc: denied { read } for comm="e2fsck" name="persist" dev="tmpfs" ino=12661 scontext=u:r:fsck:s0 tcontext=u:object_r:tmpfs:s0 tclass=lnk_file permissive=0
01-01 08:00:07.011 I/auditd ( 550): type=1400 audit(0.0:19): avc: denied { kill } for comm="e2fsck" capability=5 scontext=u:r:fsck:s0 tcontext=u:r:fsck:s0 tclass=capability permissive=0
01-01 08:00:07.123 I/auditd ( 478): type=1400 audit(0.0:20): avc: denied { read } for comm="ueventd" name="persist" dev="tmpfs" ino=12661 scontext=u:r:ueventd:s0 tcontext=u:object_r:tmpfs:s0 tclass=lnk_file permissive=0
01-01 08:00:08.087 I/auditd ( 609): type=1400 audit(0.0:21): avc: denied { kill } for comm="vdc" capability=5 scontext=u:r:vdc:s0 tcontext=u:r:vdc:s0 tclass=capability permissive=0
01-01 08:00:08.106 I/auditd ( 568): SELinux: Loaded keystore2_key_contexts from:
01-01 08:00:08.106 I/auditd ( 568): /system/etc/selinux/plat_keystore2_key_contexts
01-01 08:00:08.147 I/auditd ( 612): type=1400 audit(0.0:22): avc: denied { kill } for comm="fsck.f2fs" capability=5 scontext=u:r:fsck:s0 tcontext=u:r:fsck:s0 tclass=capability permissive=0
01-01 08:00:08.183 I/auditd ( 611): type=1400 audit(0.0:23): avc: denied { kill } for comm="vdc" capability=5 scontext=u:r:vdc:s0 tcontext=u:r:vdc:s0 tclass=capability permissive=0
01-01 08:00:08.387 I/auditd ( 1): type=1400 audit(0.0:24): avc: denied { getattr } for comm="init" path="/product/bin/init.qti.display.sh" dev="dm-7" ino=56 scontext=u:r:init:s0 tcontext=u:object_r:vendor_sys_qti_display_exec:s0 tclass=file permissive=0
01-01 08:00:08.036 I/liblog ( 654): 311
01-01 08:00:08.037 I/liblog ( 654): 24
01-01 08:00:08.041 I/liblog ( 654): 305
01-01 08:00:08.041 I/liblog ( 654): 44
01-01 08:00:08.041 I/liblog ( 654): 68
01-01 08:00:08.282 I/boot_progress_start( 667): 5961
01-01 08:00:08.591 I/auditd ( 826): type=1400 audit(0.0:25): avc: denied { read } for comm="vendor.qti.hard" name="u:object_r:vendor_cap_configstore_dbg_prop:s0" dev="tmpfs" ino=12924 scontext=u:r:vendor_hal_capabilityconfigstore_qti_default:s0 tcontext=u:object_r:vendor_cap_configstore_dbg_prop:s0 tclass=file permissive=0
01-01 08:00:08.591 I/auditd ( 273): type=1400 audit(0.0:26): avc: denied { create } for comm="kworker/u16:3" scontext=u:r:kernel:s0 tcontext=u:r:kernel:s0 tclass=qipcrtr_socket permissive=0
01-01 08:00:08.591 I/auditd ( 80): type=1400 audit(0.0:27): avc: denied { create } for comm="kworker/u16:1" scontext=u:r:kernel:s0 tcontext=u:r:kernel:s0 tclass=qipcrtr_socket permissive=0
01-01 08:00:08.591 I/auditd ( 278): type=1400 audit(0.0:28): avc: denied { create } for comm="kworker/u16:5" scontext=u:r:kernel:s0 tcontext=u:r:kernel:s0 tclass=qipcrtr_socket permissive=0
01-01 08:00:08.591 I/auditd ( 273): type=1400 audit(0.0:29): avc: denied { create } for comm="kworker/u16:3" scontext=u:r:kernel:s0 tcontext=u:r:kernel:s0 tclass=qipcrtr_socket permissive=0
01-01 08:00:08.591 I/auditd ( 278): type=1400 audit(0.0:30): avc: denied { create } for comm="kworker/u16:5" scontext=u:r:kernel:s0 tcontext=u:r:kernel:s0 tclass=qipcrtr_socket permissive=0
01-01 08:00:08.591 I/auditd ( 273): type=1400 audit(0.0:31): avc: denied { create } for comm="kworker/u16:3" scontext=u:r:kernel:s0 tcontext=u:r:kernel:s0 tclass=qipcrtr_socket permissive=0
01-01 08:00:08.591 I/auditd ( 278): type=1400 audit(0.0:32): avc: denied { create } for comm="kworker/u16:5" scontext=u:r:kernel:s0 tcontext=u:r:kernel:s0 tclass=qipcrtr_socket permissive=0
01-01 08:00:08.591 I/auditd ( 80): type=1400 audit(0.0:33): avc: denied { create } for comm="kworker/u16:1" scontext=u:r:kernel:s0 tcontext=u:r:kernel:s0 tclass=qipcrtr_socket permissive=0
01-01 08:00:08.591 I/auditd ( 278): type=1400 audit(0.0:34): avc: denied { create } for comm="kworker/u16:5" scontext=u:r:kernel:s0 tcontext=u:r:kernel:s0 tclass=qipcrtr_socket permissive=0
01-01 08:00:08.591 I/auditd ( 80): type=1400 audit(0.0:35): avc: denied { create } for comm="kworker/u16:1" scontext=u:r:kernel:s0 tcontext=u:r:kernel:s0 tclass=qipcrtr_socket permissive=0
01-01 08:00:08.591 I/auditd ( 273): type=1400 audit(0.0:36): avc: denied { create } for comm="kworker/u16:3" scontext=u:r:kernel:s0 tcontext=u:r:kernel:s0 tclass=qipcrtr_socket permissive=0
01-01 08:00:08.591 I/auditd ( 278): type=1400 audit(0.0:37): avc: denied { create } for comm="kworker/u16:5" scontext=u:r:kernel:s0 tcontext=u:r:kernel:s0 tclass=qipcrtr_socket permissive=0
01-01 08:00:08.591 I/auditd ( 273): type=1400 audit(0.0:38): avc: denied { create } for comm="kworker/u16:3" scontext=u:r:kernel:s0 tcontext=u:r:kernel:s0 tclass=qipcrtr_socket permissive=0
01-01 08:00:08.591 I/auditd ( 80): type=1400 audit(0.0:39): avc: denied { create } for comm="kworker/u16:1" scontext=u:r:kernel:s0 tcontext=u:r:kernel:s0 tclass=qipcrtr_socket permissive=0
01-01 08:00:08.591 I/auditd ( 278): type=1400 audit(0.0:40): avc: denied { create } for comm="kworker/u16:5" scontext=u:r:kernel:s0 tcontext=u:r:kernel:s0 tclass=qipcrtr_socket permissive=0
01-01 08:00:08.591 I/auditd ( 80): type=1400 audit(0.0:41): avc: denied { create } for comm="kworker/u16:1" scontext=u:r:kernel:s0 tcontext=u:r:kernel:s0 tclass=qipcrtr_socket permissive=0
01-01 08:00:08.591 I/auditd ( 273): type=1400 audit(0.0:42): avc: denied { create } for comm="kworker/u16:3" scontext=u:r:kernel:s0 tcontext=u:r:kernel:s0 tclass=qipcrtr_socket permissive=0
01-01 08:00:08.591 I/auditd ( 7): type=1400 audit(0.0:43): avc: denied { create } for comm="kworker/u16:0" scontext=u:r:kernel:s0 tcontext=u:r:kernel:s0 tclass=qipcrtr_socket permissive=0
01-01 08:00:08.591 I/auditd ( 271): type=1400 audit(0.0:44): avc: denied { create } for comm="kworker/u16:2" scontext=u:r:kernel:s0 tcontext=u:r:kernel:s0 tclass=qipcrtr_socket permissive=0
01-01 08:00:08.591 I/auditd ( 276): type=1400 audit(0.0:45): avc: denied { create } for comm="kworker/u16:4" scontext=u:r:kernel:s0 tcontext=u:r:kernel:s0 tclass=qipcrtr_socket permissive=0
01-01 08:00:08.591 I/auditd ( 280): type=1400 audit(0.0:46): avc: denied { create } for comm="kworker/u16:6" scontext=u:r:kernel:s0 tcontext=u:r:kernel:s0 tclass=qipcrtr_socket permissive=0
01-01 08:00:08.595 I/auditd ( 476): type=1400 audit(0.0:47): avc: denied { create } for comm="init" name="drm" scontext=u:r:vendor_init:s0 tcontext=u:object_r:mnt_product_file:s0 tclass=dir permissive=0
01-01 08:00:08.595 I/auditd ( 476): type=1400 audit(0.0:48): avc: denied { create } for comm="init" name="bluetooth" scontext=u:r:vendor_init:s0 tcontext=u:object_r:mnt_product_file:s0 tclass=dir permissive=0
01-01 08:00:08.595 I/auditd ( 476): type=1400 audit(0.0:49): avc: denied { create } for comm="init" name="misc" scontext=u:r:vendor_init:s0 tcontext=u:object_r:mnt_product_file:s0 tclass=dir permissive=0
01-01 08:00:08.595 I/auditd ( 476): type=1400 audit(0.0:50): avc: denied { create } for comm="init" name="alarm" scontext=u:r:vendor_init:s0 tcontext=u:object_r:mnt_product_file:s0 tclass=dir permissive=0
01-01 08:00:08.603 I/auditd ( 476): type=1400 audit(0.0:51): avc: denied { setattr } for comm="init" name="rawdump" dev="tmpfs" ino=2168 scontext=u:r:vendor_init:s0 tcontext=u:object_r:block_device:s0 tclass=lnk_file permissive=0
01-01 08:00:08.603 I/auditd ( 476): type=1400 audit(0.0:52): avc: denied { setattr } for comm="init" name="rawdump" dev="tmpfs" ino=2168 scontext=u:r:vendor_init:s0 tcontext=u:object_r:block_device:s0 tclass=lnk_file permissive=0
01-01 08:00:08.639 I/snet_event_log( 668): [200284993,-1,]
01-01 08:00:08.641 I/snet_event_log( 667): [200284993,-1,]
01-01 08:00:08.667 I/auditd ( 962): type=1400 audit(0.0:53): avc: denied { read write } for comm="sensors.qti" name="diag" dev="tmpfs" ino=1084 scontext=u:r:vendor_sensors_qti:s0 tcontext=u:object_r:vendor_diag_device:s0 tclass=chr_file permissive=0
01-01 08:00:08.687 I/auditd ( 831): type=1400 audit(0.0:54): avc: denied { read write } for comm="vendor.qti.hard" name="diag" dev="tmpfs" ino=1084 scontext=u:r:hal_graphics_composer_default:s0 tcontext=u:object_r:vendor_diag_device:s0 tclass=chr_file permissive=0
01-01 08:00:08.750 I/boot_progress_preload_start( 667): 6428
01-01 08:00:08.785 I/auditd ( 506): avc: denied { find } for pid=954 uid=1000 name=vendor.qti.hardware.display.config.IDisplayConfig/default scontext=u:r:surfaceflinger:s0 tcontext=u:object_r:default_android_service:s0 tclass=service_manager permissive=0
01-01 08:00:08.789 I/auditd ( 506): avc: denied { find } for pid=954 uid=1000 name=vendor.qti.hardware.display.config.IDisplayConfig/default scontext=u:r:surfaceflinger:s0 tcontext=u:object_r:default_android_service:s0 tclass=service_manager permissive=0
01-01 08:00:08.867 I/auditd ( 962): type=1400 audit(0.0:55): avc: denied { read write } for comm="sensors.qti" name="diag" dev="tmpfs" ino=1084 scontext=u:r:vendor_sensors_qti:s0 tcontext=u:object_r:vendor_diag_device:s0 tclass=chr_file permissive=0
01-01 08:00:08.907 I/auditd ( 1023): type=1400 audit(0.0:56): avc: denied { write } for comm="init.qcom.usb.s" name="uvc.0" dev="configfs" ino=16825 scontext=u:r:vendor_qti_init_shell:s0 tcontext=u:object_r:configfs:s0 tclass=dir permissive=0
01-01 08:00:08.907 I/auditd ( 1023): type=1400 audit(0.0:57): avc: denied { write } for comm="init.qcom.usb.s" name="uvc.0" dev="configfs" ino=16825 scontext=u:r:vendor_qti_init_shell:s0 tcontext=u:object_r:configfs:s0 tclass=dir permissive=0
01-01 08:00:08.927 I/auditd ( 1122): type=1400 audit(0.0:58): avc: denied { write } for comm="mkdir" name="header" dev="configfs" ino=16827 scontext=u:r:vendor_qti_init_shell:s0 tcontext=u:object_r:configfs:s0 tclass=dir permissive=0
01-01 08:00:08.943 I/auditd ( 1124): type=1400 audit(0.0:59): avc: denied { write } for comm="ln" name="fs" dev="configfs" ino=16836 scontext=u:r:vendor_qti_init_shell:s0 tcontext=u:object_r:configfs:s0 tclass=dir permissive=0
01-01 08:00:08.959 I/auditd ( 1125): type=1400 audit(0.0:60): avc: denied { write } for comm="ln" name="ss" dev="configfs" ino=16837 scontext=u:r:vendor_qti_init_shell:s0 tcontext=u:object_r:configfs:s0 tclass=dir permissive=0
01-01 08:00:08.975 I/auditd ( 1128): type=1400 audit(0.0:61): avc: denied { write } for comm="mkdir" name="uncompressed" dev="configfs" ino=16840 scontext=u:r:vendor_qti_init_shell:s0 tcontext=u:object_r:configfs:s0 tclass=dir permissive=0
01-01 08:00:08.983 I/auditd ( 1131): type=1400 audit(0.0:62): avc: denied { write } for comm="mkdir" name="uncompressed" dev="configfs" ino=16840 scontext=u:r:vendor_qti_init_shell:s0 tcontext=u:object_r:configfs:s0 tclass=dir permissive=0
01-01 08:00:09.003 I/auditd ( 1132): type=1400 audit(0.0:63): avc: denied { write } for comm="mkdir" name="mjpeg" dev="configfs" ino=16841 scontext=u:r:vendor_qti_init_shell:s0 tcontext=u:object_r:configfs:s0 tclass=dir permissive=0
01-01 08:00:09.015 I/auditd ( 1133): type=1400 audit(0.0:64): avc: denied { write } for comm="mkdir" name="mjpeg" dev="configfs" ino=16841 scontext=u:r:vendor_qti_init_shell:s0 tcontext=u:object_r:configfs:s0 tclass=dir permissive=0
01-01 08:00:09.027 I/auditd ( 1134): type=1400 audit(0.0:65): avc: denied { write } for comm="mkdir" name="h264" dev="configfs" ino=16842 scontext=u:r:vendor_qti_init_shell:s0 tcontext=u:object_r:configfs:s0 tclass=dir permissive=0
01-01 08:00:09.039 I/auditd ( 1135): type=1400 audit(0.0:66): avc: denied { write } for comm="mkdir" name="h264" dev="configfs" ino=16842 scontext=u:r:vendor_qti_init_shell:s0 tcontext=u:object_r:configfs:s0 tclass=dir permissive=0
01-01 08:00:09.059 I/auditd ( 1136): type=1400 audit(0.0:67): avc: denied { write } for comm="mkdir" name="header" dev="configfs" ino=16839 scontext=u:r:vendor_qti_init_shell:s0 tcontext=u:object_r:configfs:s0 tclass=dir permissive=0
01-01 08:00:09.067 I/auditd ( 1137): type=1400 audit(0.0:68): avc: denied { write } for comm="ln" name="header" dev="configfs" ino=16839 scontext=u:r:vendor_qti_init_shell:s0 tcontext=u:object_r:configfs:s0 tclass=dir permissive=0
01-01 08:00:09.067 I/auditd ( 962): type=1400 audit(0.0:69): avc: denied { read write } for comm="sensors.qti" name="diag" dev="tmpfs" ino=1084 scontext=u:r:vendor_sensors_qti:s0 tcontext=u:object_r:vendor_diag_device:s0 tclass=chr_file permissive=0
01-01 08:00:09.075 I/auditd ( 1138): type=1400 audit(0.0:70): avc: denied { write } for comm="ln" name="header" dev="configfs" ino=16839 scontext=u:r:vendor_qti_init_shell:s0 tcontext=u:object_r:configfs:s0 tclass=dir permissive=0
01-01 08:00:09.079 I/auditd ( 1139): type=1400 audit(0.0:71): avc: denied { write } for comm="ln" name="header" dev="configfs" ino=16839 scontext=u:r:vendor_qti_init_shell:s0 tcontext=u:object_r:configfs:s0 tclass=dir permissive=0
01-01 08:00:09.087 I/auditd ( 1140): type=1400 audit(0.0:72): avc: denied { write } for comm="ln" name="fs" dev="configfs" ino=16846 scontext=u:r:vendor_qti_init_shell:s0 tcontext=u:object_r:configfs:s0 tclass=dir permissive=0
01-01 08:00:09.091 I/auditd ( 1141): type=1400 audit(0.0:73): avc: denied { write } for comm="ln" name="hs" dev="configfs" ino=16847 scontext=u:r:vendor_qti_init_shell:s0 tcontext=u:object_r:configfs:s0 tclass=dir permissive=0
01-01 08:00:09.099 I/auditd ( 1142): type=1400 audit(0.0:74): avc: denied { write } for comm="ln" name="ss" dev="configfs" ino=16848 scontext=u:r:vendor_qti_init_shell:s0 tcontext=u:object_r:configfs:s0 tclass=dir permissive=0
01-01 08:00:09.267 I/auditd ( 962): type=1400 audit(0.0:75): avc: denied { read write } for comm="sensors.qti" name="diag" dev="tmpfs" ino=1084 scontext=u:r:vendor_sensors_qti:s0 tcontext=u:object_r:vendor_diag_device:s0 tclass=chr_file permissive=0
01-01 08:00:09.283 I/auditd ( 1176): type=1400 audit(0.0:76): avc: denied { read write } for comm="dpmd" name="diag" dev="tmpfs" ino=1084 scontext=u:r:vendor_dpmd:s0 tcontext=u:object_r:vendor_diag_device:s0 tclass=chr_file permissive=0
01-01 08:00:09.303 I/auditd ( 1206): type=1400 audit(0.0:77): avc: denied { read write } for comm="dpmd" name="diag" dev="tmpfs" ino=1084 scontext=u:r:vendor_dpmd:s0 tcontext=u:object_r:vendor_diag_device:s0 tclass=chr_file permissive=0
01-01 08:00:09.355 I/auditd ( 1245): type=1400 audit(0.0:78): avc: denied { read write } for comm="imsqmidaemon" name="diag" dev="tmpfs" ino=1084 scontext=u:r:vendor_ims:s0 tcontext=u:object_r:vendor_diag_device:s0 tclass=chr_file permissive=0
01-01 08:00:09.355 I/auditd ( 1245): type=1400 audit(0.0:79): avc: denied { read write } for comm="imsqmidaemon" name="diag" dev="tmpfs" ino=1084 scontext=u:r:vendor_ims:s0 tcontext=u:object_r:vendor_diag_device:s0 tclass=chr_file permissive=0
01-01 08:00:09.355 I/auditd ( 1245): type=1400 audit(0.0:80): avc: denied { read write } for comm="imsqmidaemon" name="diag" dev="tmpfs" ino=1084 scontext=u:r:vendor_ims:s0 tcontext=u:object_r:vendor_diag_device:s0 tclass=chr_file permissive=0
01-01 08:00:09.355 I/auditd ( 1245): type=1400 audit(0.0:81): avc: denied { read write } for comm="imsqmidaemon" name="diag" dev="tmpfs" ino=1084 scontext=u:r:vendor_ims:s0 tcontext=u:object_r:vendor_diag_device:s0 tclass=chr_file permissive=0
01-01 08:00:09.355 I/auditd ( 1245): type=1400 audit(0.0:82): avc: denied { read write } for comm="imsqmidaemon" name="diag" dev="tmpfs" ino=1084 scontext=u:r:vendor_ims:s0 tcontext=u:object_r:vendor_diag_device:s0 tclass=chr_file permissive=0
01-01 08:00:09.355 I/auditd ( 1245): type=1400 audit(0.0:83): avc: denied { read write } for comm="imsqmidaemon" name="diag" dev="tmpfs" ino=1084 scontext=u:r:vendor_ims:s0 tcontext=u:object_r:vendor_diag_device:s0 tclass=chr_file permissive=0
01-01 08:00:09.355 I/auditd ( 1245): type=1400 audit(0.0:84): avc: denied { read write } for comm="imsqmidaemon" name="diag" dev="tmpfs" ino=1084 scontext=u:r:vendor_ims:s0 tcontext=u:object_r:vendor_diag_device:s0 tclass=chr_file permissive=0
01-01 08:00:09.359 I/auditd ( 1245): type=1400 audit(0.0:85): avc: denied { read write } for comm="imsqmidaemon" name="diag" dev="tmpfs" ino=1084 scontext=u:r:vendor_ims:s0 tcontext=u:object_r:vendor_diag_device:s0 tclass=chr_file permissive=0
01-01 08:00:09.359 I/auditd ( 1245): type=1400 audit(0.0:86): avc: denied { read write } for comm="imsqmidaemon" name="diag" dev="tmpfs" ino=1084 scontext=u:r:vendor_ims:s0 tcontext=u:object_r:vendor_diag_device:s0 tclass=chr_file permissive=0
01-01 08:00:09.359 I/auditd ( 1245): type=1400 audit(0.0:87): avc: denied { read write } for comm="imsqmidaemon" name="diag" dev="tmpfs" ino=1084 scontext=u:r:vendor_ims:s0 tcontext=u:object_r:vendor_diag_device:s0 tclass=chr_file permissive=0
01-01 08:00:09.423 I/auditd ( 1270): type=1400 audit(0.0:88): avc: denied { read write } for comm="ipacm-diag" name="diag" dev="tmpfs" ino=1084 scontext=u:r:hal_tetheroffload_default:s0 tcontext=u:object_r:vendor_diag_device:s0 tclass=chr_file permissive=0
01-01 08:00:09.459 I/auditd ( 1241): type=1400 audit(0.0:89): avc: denied { read write } for comm="ims_rtp_daemon" name="diag" dev="tmpfs" ino=1084 scontext=u:r:vendor_hal_imsrtp:s0 tcontext=u:object_r:vendor_diag_device:s0 tclass=chr_file permissive=0
01-01 08:00:09.467 I/auditd ( 962): type=1400 audit(0.0:90): avc: denied { read write } for comm="sensors.qti" name="diag" dev="tmpfs" ino=1084 scontext=u:r:vendor_sensors_qti:s0 tcontext=u:object_r:vendor_diag_device:s0 tclass=chr_file permissive=0
01-01 08:00:09.483 I/auditd ( 811): type=1400 audit(0.0:91): avc: denied { read } for comm="android.hardwar" name="type" dev="sysfs" ino=63589 scontext=u:r:hal_health_default:s0 tcontext=u:object_r:sysfs:s0 tclass=file permissive=0
01-01 08:00:09.567 I/auditd ( 1216): type=1400 audit(0.0:92): avc: denied { read write } for comm="cnd" name="diag" dev="tmpfs" ino=1084 scontext=u:r:vendor_cnd:s0 tcontext=u:object_r:vendor_diag_device:s0 tclass=chr_file permissive=0
01-01 08:00:09.667 I/auditd ( 962): type=1400 audit(0.0:93): avc: denied { read write } for comm="sensors.qti" name="diag" dev="tmpfs" ino=1084 scontext=u:r:vendor_sensors_qti:s0 tcontext=u:object_r:vendor_diag_device:s0 tclass=chr_file permissive=0
01-01 08:00:09.675 I/auditd ( 1470): type=1400 audit(0.0:94): avc: denied { read write } for comm="imsdatadaemon" name="diag" dev="tmpfs" ino=1084 scontext=u:r:vendor_ims:s0 tcontext=u:object_r:vendor_diag_device:s0 tclass=chr_file permissive=0
01-01 08:00:09.675 I/auditd ( 1470): type=1400 audit(0.0:95): avc: denied { read write } for comm="imsdatadaemon" name="diag" dev="tmpfs" ino=1084 scontext=u:r:vendor_ims:s0 tcontext=u:object_r:vendor_diag_device:s0 tclass=chr_file permissive=0
01-01 08:00:09.675 I/auditd ( 1470): type=1400 audit(0.0:96): avc: denied { read write } for comm="imsdatadaemon" name="diag" dev="tmpfs" ino=1084 scontext=u:r:vendor_ims:s0 tcontext=u:object_r:vendor_diag_device:s0 tclass=chr_file permissive=0
01-01 08:00:09.675 I/auditd ( 1470): type=1400 audit(0.0:97): avc: denied { read write } for comm="imsdatadaemon" name="diag" dev="tmpfs" ino=1084 scontext=u:r:vendor_ims:s0 tcontext=u:object_r:vendor_diag_device:s0 tclass=chr_file permissive=0
01-01 08:00:09.675 I/auditd ( 1470): type=1400 audit(0.0:98): avc: denied { read write } for comm="imsdatadaemon" name="diag" dev="tmpfs" ino=1084 scontext=u:r:vendor_ims:s0 tcontext=u:object_r:vendor_diag_device:s0 tclass=chr_file permissive=0
01-01 08:00:09.675 I/auditd ( 1470): type=1400 audit(0.0:99): avc: denied { read write } for comm="imsdatadaemon" name="diag" dev="tmpfs" ino=1084 scontext=u:r:vendor_ims:s0 tcontext=u:object_r:vendor_diag_device:s0 tclass=chr_file permissive=0
01-01 08:00:09.675 I/auditd ( 1470): type=1400 audit(0.0:100): avc: denied { read write } for comm="imsdatadaemon" name="diag" dev="tmpfs" ino=1084 scontext=u:r:vendor_ims:s0 tcontext=u:object_r:vendor_diag_device:s0 tclass=chr_file permissive=0
01-01 08:00:09.675 I/auditd ( 1470): type=1400 audit(0.0:101): avc: denied { read write } for comm="imsdatadaemon" name="diag" dev="tmpfs" ino=1084 scontext=u:r:vendor_ims:s0 tcontext=u:object_r:vendor_diag_device:s0 tclass=chr_file permissive=0
01-01 08:00:09.675 I/auditd ( 1470): type=1400 audit(0.0:102): avc: denied { read write } for comm="imsdatadaemon" name="diag" dev="tmpfs" ino=1084 scontext=u:r:vendor_ims:s0 tcontext=u:object_r:vendor_diag_device:s0 tclass=chr_file permissive=0
01-01 08:00:09.675 I/auditd ( 1470): type=1400 audit(0.0:103): avc: denied { read write } for comm="imsdatadaemon" name="diag" dev="tmpfs" ino=1084 scontext=u:r:vendor_ims:s0 tcontext=u:object_r:vendor_diag_device:s0 tclass=chr_file permissive=0
01-01 08:00:09.675 I/auditd ( 1470): type=1400 audit(0.0:104): avc: denied { read write } for comm="imsdatadaemon" name="diag" dev="tmpfs" ino=1084 scontext=u:r:vendor_ims:s0 tcontext=u:object_r:vendor_diag_device:s0 tclass=chr_file permissive=0
01-01 08:00:09.675 I/auditd ( 1470): type=1400 audit(0.0:105): avc: denied { read write } for comm="imsdatadaemon" name="diag" dev="tmpfs" ino=1084 scontext=u:r:vendor_ims:s0 tcontext=u:object_r:vendor_diag_device:s0 tclass=chr_file permissive=0
01-01 08:00:09.679 I/auditd ( 1470): type=1400 audit(0.0:106): avc: denied { read write } for comm="imsdatadaemon" name="diag" dev="tmpfs" ino=1084 scontext=u:r:vendor_ims:s0 tcontext=u:object_r:vendor_diag_device:s0 tclass=chr_file permissive=0
01-01 08:00:09.679 I/auditd ( 1470): type=1400 audit(0.0:107): avc: denied { read write } for comm="imsdatadaemon" name="diag" dev="tmpfs" ino=1084 scontext=u:r:vendor_ims:s0 tcontext=u:object_r:vendor_diag_device:s0 tclass=chr_file permissive=0
01-01 08:00:09.679 I/auditd ( 1470): type=1400 audit(0.0:108): avc: denied { read write } for comm="imsdatadaemon" name="diag" dev="tmpfs" ino=1084 scontext=u:r:vendor_ims:s0 tcontext=u:object_r:vendor_diag_device:s0 tclass=chr_file permissive=0
01-01 08:00:09.679 I/auditd ( 1470): type=1400 audit(0.0:109): avc: denied { read write } for comm="imsdatadaemon" name="diag" dev="tmpfs" ino=1084 scontext=u:r:vendor_ims:s0 tcontext=u:object_r:vendor_diag_device:s0 tclass=chr_file permissive=0
01-01 08:00:09.679 I/auditd ( 1470): type=1400 audit(0.0:110): avc: denied { read write } for comm="imsdatadaemon" name="diag" dev="tmpfs" ino=1084 scontext=u:r:vendor_ims:s0 tcontext=u:object_r:vendor_diag_device:s0 tclass=chr_file permissive=0
01-01 08:00:09.679 I/auditd ( 1470): type=1400 audit(0.0:111): avc: denied { read write } for comm="imsdatadaemon" name="diag" dev="tmpfs" ino=1084 scontext=u:r:vendor_ims:s0 tcontext=u:object_r:vendor_diag_device:s0 tclass=chr_file permissive=0
01-01 08:00:09.679 I/auditd ( 1470): type=1400 audit(0.0:112): avc: denied { read write } for comm="imsdatadaemon" name="diag" dev="tmpfs" ino=1084 scontext=u:r:vendor_ims:s0 tcontext=u:object_r:vendor_diag_device:s0 tclass=chr_file permissive=0
01-01 08:00:09.679 I/auditd ( 1470): type=1400 audit(0.0:113): avc: denied { read write } for comm="imsdatadaemon" name="diag" dev="tmpfs" ino=1084 scontext=u:r:vendor_ims:s0 tcontext=u:object_r:vendor_diag_device:s0 tclass=chr_file permissive=0
01-01 08:00:09.679 I/auditd ( 1470): type=1400 audit(0.0:114): avc: denied { read write } for comm="imsdatadaemon" name="diag" dev="tmpfs" ino=1084 scontext=u:r:vendor_ims:s0 tcontext=u:object_r:vendor_diag_device:s0 tclass=chr_file permissive=0
01-01 08:00:09.679 I/auditd ( 1470): type=1400 audit(0.0:115): avc: denied { read write } for comm="imsdatadaemon" name="diag" dev="tmpfs" ino=1084 scontext=u:r:vendor_ims:s0 tcontext=u:object_r:vendor_diag_device:s0 tclass=chr_file permissive=0
01-01 08:00:09.679 I/auditd ( 1470): type=1400 audit(0.0:116): avc: denied { read write } for comm="imsdatadaemon" name="diag" dev="tmpfs" ino=1084 scontext=u:r:vendor_ims:s0 tcontext=u:object_r:vendor_diag_device:s0 tclass=chr_file permissive=0
01-01 08:00:09.679 I/auditd ( 1470): type=1400 audit(0.0:117): avc: denied { read write } for comm="imsdatadaemon" name="diag" dev="tmpfs" ino=1084 scontext=u:r:vendor_ims:s0 tcontext=u:object_r:vendor_diag_device:s0 tclass=chr_file permissive=0
01-01 08:00:09.679 I/auditd ( 1470): type=1400 audit(0.0:118): avc: denied { read write } for comm="imsdatadaemon" name="diag" dev="tmpfs" ino=1084 scontext=u:r:vendor_ims:s0 tcontext=u:object_r:vendor_diag_device:s0 tclass=chr_file permissive=0
01-01 08:00:09.679 I/auditd ( 1470): type=1400 audit(0.0:119): avc: denied { read write } for comm="imsdatadaemon" name="diag" dev="tmpfs" ino=1084 scontext=u:r:vendor_ims:s0 tcontext=u:object_r:vendor_diag_device:s0 tclass=chr_file permissive=0
01-01 08:00:09.679 I/auditd ( 1470): type=1400 audit(0.0:120): avc: denied { read write } for comm="imsdatadaemon" name="diag" dev="tmpfs" ino=1084 scontext=u:r:vendor_ims:s0 tcontext=u:object_r:vendor_diag_device:s0 tclass=chr_file permissive=0
01-01 08:00:09.679 I/auditd ( 1470): type=1400 audit(0.0:121): avc: denied { read write } for comm="imsdatadaemon" name="diag" dev="tmpfs" ino=1084 scontext=u:r:vendor_ims:s0 tcontext=u:object_r:vendor_diag_device:s0 tclass=chr_file permissive=0
01-01 08:00:09.679 I/auditd ( 1470): type=1400 audit(0.0:122): avc: denied { read write } for comm="imsdatadaemon" name="diag" dev="tmpfs" ino=1084 scontext=u:r:vendor_ims:s0 tcontext=u:object_r:vendor_diag_device:s0 tclass=chr_file permissive=0
01-01 08:00:09.679 I/auditd ( 1470): type=1400 audit(0.0:123): avc: denied { read write } for comm="imsdatadaemon" name="diag" dev="tmpfs" ino=1084 scontext=u:r:vendor_ims:s0 tcontext=u:object_r:vendor_diag_device:s0 tclass=chr_file permissive=0
01-01 08:00:09.683 I/auditd ( 1470): type=1400 audit(0.0:124): avc: denied { read write } for comm="imsdatadaemon" name="diag" dev="tmpfs" ino=1084 scontext=u:r:vendor_ims:s0 tcontext=u:object_r:vendor_diag_device:s0 tclass=chr_file permissive=0
01-01 08:00:09.683 I/auditd ( 1470): type=1400 audit(0.0:125): avc: denied { read write } for comm="imsdatadaemon" name="diag" dev="tmpfs" ino=1084 scontext=u:r:vendor_ims:s0 tcontext=u:object_r:vendor_diag_device:s0 tclass=chr_file permissive=0
01-01 08:00:09.683 I/auditd ( 1470): type=1400 audit(0.0:126): avc: denied { read write } for comm="imsdatadaemon" name="diag" dev="tmpfs" ino=1084 scontext=u:r:vendor_ims:s0 tcontext=u:object_r:vendor_diag_device:s0 tclass=chr_file permissive=0
01-01 08:00:09.691 I/auditd ( 1479): type=1400 audit(0.0:127): avc: denied { read } for comm="ip" name="rt_tables" dev="dm-10" ino=332 scontext=u:r:ethernet:s0 tcontext=u:object_r:net_data_file:s0 tclass=file permissive=0
01-01 08:00:09.703 I/auditd ( 1485): type=1400 audit(0.0:128): avc: denied { read } for comm="ip" name="rt_tables" dev="dm-10" ino=332 scontext=u:r:ethernet:s0 tcontext=u:object_r:net_data_file:s0 tclass=file permissive=0
01-01 08:00:09.767 I/boot_progress_preload_end( 667): 7446
01-01 08:00:09.867 I/auditd ( 1522): type=1400 audit(0.0:129): avc: denied { read } for comm="ip" name="rt_tables" dev="dm-10" ino=332 scontext=u:r:ethernet:s0 tcontext=u:object_r:net_data_file:s0 tclass=file permissive=0
01-01 08:00:09.867 I/auditd ( 962): type=1400 audit(0.0:130): avc: denied { read write } for comm="sensors.qti" name="diag" dev="tmpfs" ino=1084 scontext=u:r:vendor_sensors_qti:s0 tcontext=u:object_r:vendor_diag_device:s0 tclass=chr_file permissive=0
01-01 08:00:09.871 I/auditd ( 1524): type=1400 audit(0.0:131): avc: denied { read } for comm="ip" name="rt_tables" dev="dm-10" ino=332 scontext=u:r:ethernet:s0 tcontext=u:object_r:net_data_file:s0 tclass=file permissive=0
01-01 08:00:09.891 I/auditd ( 1375): type=1400 audit(0.0:132): avc: denied { read write } for comm="qfp-daemon" name="diag" dev="tmpfs" ino=1084 scontext=u:r:vendor_qfp-daemon:s0 tcontext=u:object_r:vendor_diag_device:s0 tclass=chr_file permissive=0
01-01 08:00:09.967 I/auditd ( 1549): type=1400 audit(0.0:133): avc: denied { getattr } for comm="hvdcp_opti" path="/dev/kmsg" dev="tmpfs" ino=14341 scontext=u:r:vendor_hvdcp:s0 tcontext=u:object_r:kmsg_device:s0 tclass=chr_file permissive=0
01-01 08:00:09.971 I/auditd ( 1549): type=1400 audit(0.0:134): avc: denied { write } for comm="hvdcp_opti" name="kmsg" dev="tmpfs" ino=14341 scontext=u:r:vendor_hvdcp:s0 tcontext=u:object_r:kmsg_device:s0 tclass=chr_file permissive=0
01-01 08:00:09.971 I/auditd ( 1549): type=1400 audit(0.0:135): avc: denied { read } for comm="hvdcp_opti" name="devices" dev="sysfs" ino=46880 scontext=u:r:vendor_hvdcp:s0 tcontext=u:object_r:sysfs:s0 tclass=dir permissive=0
01-01 08:00:10.004 I/system_server_start( 1526): [1,7681,7681]
01-01 08:00:10.004 I/boot_progress_system_run( 1526): 7683
01-01 08:00:10.003 I/auditd ( 1563): type=1400 audit(0.0:136): avc: denied { read } for comm="ip" name="rt_tables" dev="dm-10" ino=332 scontext=u:r:ethernet:s0 tcontext=u:object_r:net_data_file:s0 tclass=file permissive=0
01-01 08:00:10.011 I/auditd ( 1564): type=1400 audit(0.0:137): avc: denied { read } for comm="ip" name="rt_tables" dev="dm-10" ino=332 scontext=u:r:ethernet:s0 tcontext=u:object_r:net_data_file:s0 tclass=file permissive=0
01-01 08:00:10.067 I/auditd ( 962): type=1400 audit(0.0:138): avc: denied { read write } for comm="sensors.qti" name="diag" dev="tmpfs" ino=1084 scontext=u:r:vendor_sensors_qti:s0 tcontext=u:object_r:vendor_diag_device:s0 tclass=chr_file permissive=0
01-01 08:00:10.111 I/auditd ( 1578): type=1400 audit(0.0:139): avc: denied { read } for comm="ip" name="rt_tables" dev="dm-10" ino=332 scontext=u:r:ethernet:s0 tcontext=u:object_r:net_data_file:s0 tclass=file permissive=0
01-01 08:00:10.119 I/auditd ( 1579): type=1400 audit(0.0:140): avc: denied { read } for comm="ip" name="rt_tables" dev="dm-10" ino=332 scontext=u:r:ethernet:s0 tcontext=u:object_r:net_data_file:s0 tclass=file permissive=0
01-01 08:00:10.207 I/auditd ( 1593): type=1400 audit(0.0:141): avc: denied { read } for comm="ip" name="rt_tables" dev="dm-10" ino=332 scontext=u:r:ethernet:s0 tcontext=u:object_r:net_data_file:s0 tclass=file permissive=0
01-01 08:00:10.211 I/auditd ( 1594): type=1400 audit(0.0:142): avc: denied { read } for comm="ip" name="rt_tables" dev="dm-10" ino=332 scontext=u:r:ethernet:s0 tcontext=u:object_r:net_data_file:s0 tclass=file permissive=0
01-01 08:00:10.219 I/auditd ( 795): type=1400 audit(0.0:143): avc: denied { read write } for comm="audio.service" name="diag" dev="tmpfs" ino=1084 scontext=u:r:hal_audio_default:s0 tcontext=u:object_r:vendor_diag_device:s0 tclass=chr_file permissive=0
01-01 08:00:10.267 I/auditd ( 962): type=1400 audit(0.0:144): avc: denied { read write } for comm="sensors.qti" name="diag" dev="tmpfs" ino=1084 scontext=u:r:vendor_sensors_qti:s0 tcontext=u:object_r:vendor_diag_device:s0 tclass=chr_file permissive=0
01-01 08:00:10.279 I/auditd ( 1609): type=1400 audit(0.0:145): avc: denied { read } for comm="ip" name="rt_tables" dev="dm-10" ino=332 scontext=u:r:ethernet:s0 tcontext=u:object_r:net_data_file:s0 tclass=file permissive=0
01-01 08:00:10.283 I/auditd ( 1610): type=1400 audit(0.0:146): avc: denied { read } for comm="ip" name="rt_tables" dev="dm-10" ino=332 scontext=u:r:ethernet:s0 tcontext=u:object_r:net_data_file:s0 tclass=file permissive=0
01-01 08:00:10.283 I/auditd ( 1221): type=1400 audit(0.0:147): avc: denied { write } for comm="sh" name="ip_forward" dev="proc" ino=3563 scontext=u:r:ethernet:s0 tcontext=u:object_r:proc_net:s0 tclass=file permissive=0
01-01 08:00:10.283 I/auditd ( 1221): type=1400 audit(0.0:148): avc: denied { write } for comm="sh" name="ip_default_ttl" dev="proc" ino=25097 scontext=u:r:ethernet:s0 tcontext=u:object_r:proc_net:s0 tclass=file permissive=0
01-01 08:00:10.283 I/auditd ( 1221): type=1400 audit(0.0:149): avc: denied { write } for comm="sh" name="tcp_keepalive_probes" dev="proc" ino=25098 scontext=u:r:ethernet:s0 tcontext=u:object_r:proc_net:s0 tclass=file permissive=0
01-01 08:00:10.283 I/auditd ( 1221): type=1400 audit(0.0:150): avc: denied { write } for comm="sh" name="tcp_keepalive_intvl" dev="proc" ino=25099 scontext=u:r:ethernet:s0 tcontext=u:object_r:proc_net:s0 tclass=file permissive=0
01-01 08:00:10.283 I/auditd ( 1221): type=1400 audit(0.0:151): avc: denied { write } for comm="sh" name="tcp_keepalive_time" dev="proc" ino=25100 scontext=u:r:ethernet:s0 tcontext=u:object_r:proc_net:s0 tclass=file permissive=0
01-01 08:00:10.283 I/auditd ( 1221): type=1400 audit(0.0:152): avc: denied { write } for comm="sh" name="tcp_rmem" dev="proc" ino=25101 scontext=u:r:ethernet:s0 tcontext=u:object_r:proc_net:s0 tclass=file permissive=0
01-01 08:00:10.283 I/auditd ( 1221): type=1400 audit(0.0:153): avc: denied { write } for comm="sh" name="tcp_wmem" dev="proc" ino=25102 scontext=u:r:ethernet:s0 tcontext=u:object_r:proc_net:s0 tclass=file permissive=0
01-01 08:00:10.283 I/auditd ( 1221): type=1400 audit(0.0:154): avc: denied { write } for comm="sh" name="tcp_synack_retries" dev="proc" ino=19410 scontext=u:r:ethernet:s0 tcontext=u:object_r:proc_net:s0 tclass=file permissive=0
01-01 08:00:10.283 I/auditd ( 1221): type=1400 audit(0.0:155): avc: denied { write } for comm="sh" name="tcp_syn_retries" dev="proc" ino=19409 scontext=u:r:ethernet:s0 tcontext=u:object_r:proc_net:s0 tclass=file permissive=0
01-01 08:00:10.283 I/auditd ( 1221): type=1400 audit(0.0:156): avc: denied { write } for comm="sh" name="tcp_max_tw_buckets" dev="proc" ino=25103 scontext=u:r:ethernet:s0 tcontext=u:object_r:proc_net:s0 tclass=file permissive=0
01-01 08:00:10.283 I/auditd ( 1221): type=1400 audit(0.0:157): avc: denied { write } for comm="sh" name="tcp_retries2" dev="proc" ino=19412 scontext=u:r:ethernet:s0 tcontext=u:object_r:proc_net:s0 tclass=file permissive=0
01-01 08:00:10.283 I/auditd ( 1221): type=1400 audit(0.0:158): avc: denied { write } for comm="sh" name="icmp_echo_ignore_all" dev="proc" ino=25104 scontext=u:r:ethernet:s0 tcontext=u:object_r:proc_net:s0 tclass=file permissive=0
01-01 08:00:10.283 I/auditd ( 1221): type=1400 audit(0.0:159): avc: denied { write } for comm="sh" name="icmp_echo_ignore_broadcasts" dev="proc" ino=25105 scontext=u:r:ethernet:s0 tcontext=u:object_r:proc_net:s0 tclass=file permissive=0
01-01 08:00:10.283 I/auditd ( 1221): type=1400 audit(0.0:160): avc: denied { write } for comm="sh" name="tcp_window_scaling" dev="proc" ino=25106 scontext=u:r:ethernet:s0 tcontext=u:object_r:proc_net:s0 tclass=file permissive=0
01-01 08:00:10.283 I/auditd ( 1221): type=1400 audit(0.0:161): avc: denied { write } for comm="sh" name="drop_gratuitous_arp" dev="proc" ino=25107 scontext=u:r:ethernet:s0 tcontext=u:object_r:proc_net:s0 tclass=file permissive=0
01-01 08:00:10.283 I/auditd ( 1221): type=1400 audit(0.0:162): avc: denied { write } for comm="sh" name="arp_accept" dev="proc" ino=25108 scontext=u:r:ethernet:s0 tcontext=u:object_r:proc_net:s0 tclass=file permissive=0
01-01 08:00:10.283 I/auditd ( 1221): type=1400 audit(0.0:163): avc: denied { write } for comm="sh" name="arp_notify" dev="proc" ino=25109 scontext=u:r:ethernet:s0 tcontext=u:object_r:proc_net:s0 tclass=file permissive=0
01-01 08:00:10.283 I/auditd ( 1221): type=1400 audit(0.0:164): avc: denied { write } for comm="sh" name="arp_ignore" dev="proc" ino=25110 scontext=u:r:ethernet:s0 tcontext=u:object_r:proc_net:s0 tclass=file permissive=0
01-01 08:00:10.331 I/auditd ( 1188): type=1400 audit(0.0:165): avc: denied { read } for comm="Binder:1188_1" name="persist" dev="tmpfs" ino=12661 scontext=u:r:installd:s0 tcontext=u:object_r:tmpfs:s0 tclass=lnk_file permissive=0
01-01 08:00:10.331 I/auditd ( 1188): type=1400 audit(0.0:166): avc: denied { read } for comm="Binder:1188_1" name="persist" dev="tmpfs" ino=12661 scontext=u:r:installd:s0 tcontext=u:object_r:tmpfs:s0 tclass=lnk_file permissive=0
01-01 08:00:10.371 I/auditd ( 567): type=1400 audit(0.0:167): avc: denied { read } for comm="Binder:567_2" name="wakeup58" dev="sysfs" ino=71860 scontext=u:r:system_suspend:s0 tcontext=u:object_r:sysfs:s0 tclass=dir permissive=0
01-01 08:00:10.371 I/auditd ( 567): type=1400 audit(0.0:168): avc: denied { read } for comm="Binder:567_2" name="wakeup4" dev="sysfs" ino=47054 scontext=u:r:system_suspend:s0 tcontext=u:object_r:sysfs:s0 tclass=dir permissive=0
01-01 08:00:10.371 I/auditd ( 567): type=1400 audit(0.0:169): avc: denied { read } for comm="Binder:567_2" name="wakeup76" dev="sysfs" ino=76758 scontext=u:r:system_suspend:s0 tcontext=u:object_r:sysfs:s0 tclass=dir permissive=0
01-01 08:00:10.371 I/auditd ( 567): type=1400 audit(0.0:170): avc: denied { read } for comm="Binder:567_2" name="wakeup28" dev="sysfs" ino=53119 scontext=u:r:system_suspend:s0 tcontext=u:object_r:sysfs:s0 tclass=dir permissive=0
01-01 08:00:10.371 I/auditd ( 567): type=1400 audit(0.0:171): avc: denied { read } for comm="Binder:567_2" name="wakeup56" dev="sysfs" ino=71788 scontext=u:r:system_suspend:s0 tcontext=u:object_r:sysfs:s0 tclass=dir permissive=0
01-01 08:00:10.371 I/auditd ( 567): type=1400 audit(0.0:172): avc: denied { read } for comm="Binder:567_2" name="wakeup2" dev="sysfs" ino=46578 scontext=u:r:system_suspend:s0 tcontext=u:object_r:sysfs:s0 tclass=dir permissive=0
01-01 08:00:10.371 I/auditd ( 567): type=1400 audit(0.0:173): avc: denied { read } for comm="Binder:567_2" name="wakeup36" dev="sysfs" ino=58632 scontext=u:r:system_suspend:s0 tcontext=u:object_r:sysfs:s0 tclass=dir permissive=0
01-01 08:00:10.371 I/auditd ( 567): type=1400 audit(0.0:174): avc: denied { read } for comm="Binder:567_2" name="wakeup64" dev="sysfs" ino=72088 scontext=u:r:system_suspend:s0 tcontext=u:object_r:sysfs:s0 tclass=dir permissive=0
01-01 08:00:10.371 I/auditd ( 567): type=1400 audit(0.0:175): avc: denied { read } for comm="Binder:567_2" name="wakeup54" dev="sysfs" ino=71716 scontext=u:r:system_suspend:s0 tcontext=u:object_r:sysfs:s0 tclass=dir permissive=0
01-01 08:00:10.371 I/auditd ( 567): type=1400 audit(0.0:176): avc: denied { read } for comm="Binder:567_2" name="wakeup44" dev="sysfs" ino=66089 scontext=u:r:system_suspend:s0 tcontext=u:object_r:sysfs:s0 tclass=dir permissive=0
01-01 08:00:10.371 I/auditd ( 567): type=1400 audit(0.0:177): avc: denied { read } for comm="Binder:567_2" name="wakeup0" dev="sysfs" ino=43786 scontext=u:r:system_suspend:s0 tcontext=u:object_r:sysfs:s0 tclass=dir permissive=0
01-01 08:00:10.371 I/auditd ( 567): type=1400 audit(0.0:178): avc: denied { read } for comm="Binder:567_2" name="wakeup62" dev="sysfs" ino=72016 scontext=u:r:system_suspend:s0 tcontext=u:object_r:sysfs:s0 tclass=dir permissive=0
01-01 08:00:10.371 I/auditd ( 567): type=1400 audit(0.0:179): avc: denied { read } for comm="Binder:567_2" name="wakeup52" dev="sysfs" ino=71644 scontext=u:r:system_suspend:s0 tcontext=u:object_r:sysfs:s0 tclass=dir permissive=0
01-01 08:00:10.371 I/auditd ( 567): type=1400 audit(0.0:180): avc: denied { read } for comm="Binder:567_2" name="wakeup9" dev="sysfs" ino=52103 scontext=u:r:system_suspend:s0 tcontext=u:object_r:sysfs:s0 tclass=dir permissive=0
01-01 08:00:10.371 I/auditd ( 567): type=1400 audit(0.0:181): avc: denied { read } for comm="Binder:567_2" name="wakeup42" dev="sysfs" ino=63608 scontext=u:r:system_suspend:s0 tcontext=u:object_r:sysfs:s0 tclass=dir permissive=0
01-01 08:00:10.371 I/auditd ( 567): type=1400 audit(0.0:182): avc: denied { read } for comm="Binder:567_2" name="wakeup32" dev="sysfs" ino=53509 scontext=u:r:system_suspend:s0 tcontext=u:object_r:sysfs:s0 tclass=dir permissive=0
01-01 08:00:10.371 I/auditd ( 567): type=1400 audit(0.0:183): avc: denied { read } for comm="Binder:567_2" name="wakeup60" dev="sysfs" ino=71944 scontext=u:r:system_suspend:s0 tcontext=u:object_r:sysfs:s0 tclass=dir permissive=0
01-01 08:00:10.371 I/auditd ( 567): type=1400 audit(0.0:184): avc: denied { read } for comm="Binder:567_2" name="wakeup7" dev="sysfs" ino=52015 scontext=u:r:system_suspend:s0 tcontext=u:object_r:sysfs:s0 tclass=dir permissive=0
01-01 08:00:10.371 I/auditd ( 567): type=1400 audit(0.0:185): avc: denied { read } for comm="Binder:567_2" name="wakeup40" dev="sysfs" ino=62906 scontext=u:r:system_suspend:s0 tcontext=u:object_r:sysfs:s0 tclass=dir permissive=0
01-01 08:00:10.371 I/auditd ( 567): type=1400 audit(0.0:186): avc: denied { read } for comm="Binder:567_2" name="wakeup30" dev="sysfs" ino=53330 scontext=u:r:system_suspend:s0 tcontext=u:object_r:sysfs:s0 tclass=dir permissive=0
01-01 08:00:10.371 I/auditd ( 567): type=1400 audit(0.0:187): avc: denied { read } for comm="Binder:567_2" name="wakeup59" dev="sysfs" ino=71896 scontext=u:r:system_suspend:s0 tcontext=u:object_r:sysfs:s0 tclass=dir permissive=0
01-01 08:00:10.371 I/auditd ( 567): type=1400 audit(0.0:188): avc: denied { read } for comm="Binder:567_2" name="wakeup49" dev="sysfs" ino=67251 scontext=u:r:system_suspend:s0 tcontext=u:object_r:sysfs:s0 tclass=dir permissive=0
01-01 08:00:10.371 I/auditd ( 567): type=1400 audit(0.0:189): avc: denied { read } for comm="Binder:567_2" name="wakeup5" dev="sysfs" ino=47086 scontext=u:r:system_suspend:s0 tcontext=u:object_r:sysfs:s0 tclass=dir permissive=0
01-01 08:00:10.371 I/auditd ( 567): type=1400 audit(0.0:190): avc: denied { read } for comm="Binder:567_2" name="wakeup77" dev="sysfs" ino=76860 scontext=u:r:system_suspend:s0 tcontext=u:object_r:sysfs:s0 tclass=dir permissive=0
01-01 08:00:10.371 I/auditd ( 567): type=1400 audit(0.0:191): avc: denied { read } for comm="Binder:567_2" name="wakeup39" dev="sysfs" ino=62870 scontext=u:r:system_suspend:s0 tcontext=u:object_r:sysfs:s0 tclass=dir permissive=0
01-01 08:00:10.371 I/auditd ( 567): type=1400 audit(0.0:192): avc: denied { read } for comm="Binder:567_2" name="wakeup29" dev="sysfs" ino=53228 scontext=u:r:system_suspend:s0 tcontext=u:object_r:sysfs:s0 tclass=dir permissive=0
01-01 08:00:10.371 I/auditd ( 567): type=1400 audit(0.0:193): avc: denied { read } for comm="Binder:567_2" name="wakeup57" dev="sysfs" ino=71824 scontext=u:r:system_suspend:s0 tcontext=u:object_r:sysfs:s0 tclass=dir permissive=0
01-01 08:00:10.371 I/auditd ( 567): type=1400 audit(0.0:194): avc: denied { read } for comm="Binder:567_2" name="wakeup19" dev="sysfs" ino=52548 scontext=u:r:system_suspend:s0 tcontext=u:object_r:sysfs:s0 tclass=dir permissive=0
01-01 08:00:10.371 I/auditd ( 567): type=1400 audit(0.0:195): avc: denied { read } for comm="Binder:567_2" name="wakeup37" dev="sysfs" ino=58668 scontext=u:r:system_suspend:s0 tcontext=u:object_r:sysfs:s0 tclass=dir permissive=0
01-01 08:00:10.371 I/auditd ( 567): type=1400 audit(0.0:196): avc: denied { read } for comm="Binder:567_2" name="wakeup27" dev="sysfs" ino=53085 scontext=u:r:system_suspend:s0 tcontext=u:object_r:sysfs:s0 tclass=dir permissive=0
01-01 08:00:10.371 I/auditd ( 567): type=1400 audit(0.0:197): avc: denied { read } for comm="Binder:567_2" name="wakeup55" dev="sysfs" ino=71752 scontext=u:r:system_suspend:s0 tcontext=u:object_r:sysfs:s0 tclass=dir permissive=0
01-01 08:00:10.375 I/auditd ( 567): type=1400 audit(0.0:198): avc: denied { read } for comm="Binder:567_2" name="wakeup17" dev="sysfs" ino=52472 scontext=u:r:system_suspend:s0 tcontext=u:object_r:sysfs:s0 tclass=dir permissive=0
01-01 08:00:10.375 I/auditd ( 567): type=1400 audit(0.0:199): avc: denied { read } for comm="Binder:567_2" name="wakeup45" dev="sysfs" ino=66107 scontext=u:r:system_suspend:s0 tcontext=u:object_r:sysfs:s0 tclass=dir permissive=0
01-01 08:00:10.375 I/auditd ( 567): type=1400 audit(0.0:200): avc: denied { read } for comm="Binder:567_2" name="wakeup1" dev="sysfs" ino=43814 scontext=u:r:system_suspend:s0 tcontext=u:object_r:sysfs:s0 tclass=dir permissive=0
01-01 08:00:10.375 I/auditd ( 567): type=1400 audit(0.0:201): avc: denied { read } for comm="Binder:567_2" name="wakeup63" dev="sysfs" ino=72052 scontext=u:r:system_suspend:s0 tcontext=u:object_r:sysfs:s0 tclass=dir permissive=0
01-01 08:00:10.375 I/auditd ( 567): type=1400 audit(0.0:202): avc: denied { read } for comm="Binder:567_2" name="wakeup25" dev="sysfs" ino=52882 scontext=u:r:system_suspend:s0 tcontext=u:object_r:sysfs:s0 tclass=dir permissive=0
01-01 08:00:10.375 I/auditd ( 567): type=1400 audit(0.0:203): avc: denied { read } for comm="Binder:567_2" name="wakeup53" dev="sysfs" ino=71680 scontext=u:r:system_suspend:s0 tcontext=u:object_r:sysfs:s0 tclass=dir permissive=0
01-01 08:00:10.375 I/auditd ( 567): type=1400 audit(0.0:204): avc: denied { read } for comm="Binder:567_2" name="wakeup15" dev="sysfs" ino=52372 scontext=u:r:system_suspend:s0 tcontext=u:object_r:sysfs:s0 tclass=dir permissive=0
01-01 08:00:10.375 I/auditd ( 567): type=1400 audit(0.0:205): avc: denied { read } for comm="Binder:567_2" name="wakeup33" dev="sysfs" ino=56988 scontext=u:r:system_suspend:s0 tcontext=u:object_r:sysfs:s0 tclass=dir permissive=0
01-01 08:00:10.375 I/auditd ( 567): type=1400 audit(0.0:206): avc: denied { read } for comm="Binder:567_2" name="wakeup61" dev="sysfs" ino=71980 scontext=u:r:system_suspend:s0 tcontext=u:object_r:sysfs:s0 tclass=dir permissive=0
01-01 08:00:10.375 I/auditd ( 567): type=1400 audit(0.0:207): avc: denied { read } for comm="Binder:567_2" name="wakeup23" dev="sysfs" ino=52783 scontext=u:r:system_suspend:s0 tcontext=u:object_r:sysfs:s0 tclass=dir permissive=0
01-01 08:00:10.375 I/auditd ( 567): type=1400 audit(0.0:208): avc: denied { read } for comm="Binder:567_2" name="wakeup51" dev="sysfs" ino=71608 scontext=u:r:system_suspend:s0 tcontext=u:object_r:sysfs:s0 tclass=dir permissive=0
01-01 08:00:10.375 I/auditd ( 567): type=1400 audit(0.0:209): avc: denied { read } for comm="Binder:567_2" name="wakeup8" dev="sysfs" ino=52041 scontext=u:r:system_suspend:s0 tcontext=u:object_r:sysfs:s0 tclass=dir permissive=0
01-01 08:00:10.375 I/auditd ( 567): type=1400 audit(0.0:210): avc: denied { read } for comm="Binder:567_2" name="wakeup13" dev="sysfs" ino=52264 scontext=u:r:system_suspend:s0 tcontext=u:object_r:sysfs:s0 tclass=dir permissive=0
01-01 08:00:10.375 I/auditd ( 567): type=1400 audit(0.0:211): avc: denied { read } for comm="Binder:567_2" name="wakeup41" dev="sysfs" ino=62970 scontext=u:r:system_suspend:s0 tcontext=u:object_r:sysfs:s0 tclass=dir permissive=0
01-01 08:00:10.375 I/auditd ( 567): type=1400 audit(0.0:212): avc: denied { read } for comm="Binder:567_2" name="wakeup31" dev="sysfs" ino=53387 scontext=u:r:system_suspend:s0 tcontext=u:object_r:sysfs:s0 tclass=dir permissive=0
