03-24 04:14:11.133 D/audio_hw_primary( 795): adev_close_output_stream: enter:stream_handle(compress-offload-playback)
03-24 04:14:11.133 D/audio_hw_primary( 795): io_streams_map_remove: Removed stream with handle 293
03-24 04:14:11.133 D/audio_hw_primary( 795): out_standby: enter: stream (0xec18eb00) usecase(3: compress-offload-playback)
03-24 04:14:11.133 D/audio_hw_primary( 795): out_standby: exit
03-24 04:14:11.134 D/audio_hw_primary( 795): out_set_parameters: enter: usecase(33: audio-playback-voip) kvpairs: closing=true
03-24 04:14:11.136 D/audio_hw_primary( 795): out_set_parameters: enter: usecase(33: audio-playback-voip) kvpairs: exiting=1
03-24 04:14:11.136 D/audio_hw_primary( 795): adev_close_output_stream: enter:stream_handle(audio-playback-voip)
03-24 04:14:11.136 D/audio_hw_primary( 795): io_streams_map_remove: Removed stream with handle 301
03-24 04:14:11.136 D/audio_hw_primary( 795): out_standby: enter: stream (0xec18a7e0) usecase(33: audio-playback-voip)
03-24 04:14:11.136 D/audio_hw_primary( 795): out_standby: exit
03-24 04:14:11.139 D/APM::HwModule( 945): createDevice: adding dynamic device type:0x80000008,@:SUPPRESSED to module primary
03-24 04:14:11.140 D/audio_hw_primary( 795): adev_set_parameters: enter: 00:00:00:00:00:00=;connect=-2147483640
03-24 04:14:11.140 D/audio_hw_hfp( 795): hfp_set_parameters: enter
03-24 04:14:11.140 D/audio_hw_extn( 795): audio_extn_fm_set_parameters: Enter
03-24 04:14:11.140 D/sound_trigger_platform( 795): platform_stdev_get_capture_device: Device = 0x80000004
03-24 04:14:11.140 D/sound_trigger_platform( 795): platform_stdev_get_capture_device: Available device = 0x80000004
03-24 04:14:11.140 D/sound_trigger_hw( 795): handle_device_switch: device 0x80000008 Connected
03-24 04:14:11.141 D/audio_hw_primary( 795): adev_open_input_stream: enter: sample_rate(48000) channel_mask(0x10) devices(0x80000008) stream_handle(0xee582a10) io_handle(238) source(1) format 1
03-24 04:14:11.141 D/audio_hw_primary( 795): io_streams_map_insert: Added stream in io_streams_map with handle 238
03-24 04:14:11.141 E/device_utils( 795): update_device_list: Invalid device: 0
03-24 04:14:11.142 I/OMX-VENC: venc_dev( 1210): stats: avg. fps 12.60, bitrate 512643
03-24 04:14:11.143 I/AudioFlinger( 945): AudioFlinger's thread 0xb400006f1ca8e100 tid=5464 ready to run
03-24 04:14:11.143 D/audio_hw_primary( 795): in_standby: enter: stream (0xee582a10) usecase(23: audio-record)
03-24 04:14:11.143 D/audio_hw_primary( 795): in_standby: enter: stream (0xee582a10) usecase(23: audio-record)
03-24 04:14:11.144 D/audio_hw_primary( 795): in_set_parameters: enter: kvpairs=00:00:00:00:00:00=
03-24 04:14:11.144 W/View ( 1990): requestLayout() improperly called by android.widget.FrameLayout{3906626 I.E...... ......ID 0,0-780,182 #2bc} during layout: running second layout pass
03-24 04:14:11.144 W/View ( 1990): requestLayout() improperly called by com.android.systemui.statusbar.AlphaOptimizedImageView{7aad581 VFED..C.. ......ID 0,0-140,132} during layout: running second layout pass
03-24 04:14:11.145 D/audio_hw_primary( 795): adev_open_input_stream: enter: sample_rate(48000) channel_mask(0x8000000f) devices(0x80000008) stream_handle(0xee582f50) io_handle(246) source(1) format 1
03-24 04:14:11.145 D/audio_hw_cin( 795): cin_configure_input_stream: format 1 flags 0x40000000 SR 48000 CM 0x8000000f buf_size 7680 in 0xee582f50
03-24 04:14:11.145 D/audio_hw_primary( 795): io_streams_map_insert: Added stream in io_streams_map with handle 246
03-24 04:14:11.145 E/device_utils( 795): update_device_list: Invalid device: 0
03-24 04:14:11.146 I/AudioFlinger( 945): AudioFlinger's thread 0xb400006f1c84e0a0 tid=5465 ready to run
03-24 04:14:11.146 D/audio_hw_primary( 795): in_standby: enter: stream (0xee582f50) usecase(25: audio-record-compress2)
03-24 04:14:11.148 D/HeadsetStateMachine( 5359): handleMessage: E msg.what=18
03-24 04:14:11.148 D/HeadsetStateMachine( 5359): processMsg: Connected
03-24 04:14:11.148 D/HeadsetStateMachine( 5359): Connected: currentDevice=14:3F:A6:D2:4D:63, msg=Update call states after SLC is up
03-24 04:14:11.148 E/HeadsetSystemInterface( 5359): Handsfree phone proxy null for query phone state
03-24 04:14:11.148 D/HeadsetStateMachine( 5359): handleMessage: X
03-24 04:14:11.148 D/audio_hw_primary( 795): in_standby: enter: stream (0xee582f50) usecase(25: audio-record-compress2)
03-24 04:14:11.149 D/audio_hw_primary( 795): in_set_parameters: enter: kvpairs=00:00:00:00:00:00=
03-24 04:14:11.150 D/audio_hw_primary( 795): adev_open_input_stream: enter: sample_rate(192000) channel_mask(0x8000000f) devices(0x80000008) stream_handle(0xee583730) io_handle(254) source(1) format 5
03-24 04:14:11.150 D/audio_hw_primary( 795): adev_open_input_stream: enter: sample_rate(48000) channel_mask(0x8000000f) devices(0x80000008) stream_handle(0xee583730) io_handle(254) source(1) format 1
03-24 04:14:11.150 D/audio_hw_cin( 795): cin_configure_input_stream: format 1 flags 0x40000000 SR 48000 CM 0x8000000f buf_size 7680 in 0xee583730
03-24 04:14:11.150 D/audio_hw_primary( 795): io_streams_map_insert: Added stream in io_streams_map with handle 254
03-24 04:14:11.150 E/device_utils( 795): update_device_list: Invalid device: 0
03-24 04:14:11.152 I/AudioFlinger( 945): AudioFlinger's thread 0xb400006f1c96e0d0 tid=5466 ready to run
03-24 04:14:11.152 D/audio_hw_primary( 795): in_standby: enter: stream (0xee583730) usecase(25: audio-record-compress2)
03-24 04:14:11.153 D/audio_hw_primary( 795): in_set_parameters: enter: kvpairs=00:00:00:00:00:00=
03-24 04:14:11.153 D/audio_hw_primary( 795): in_standby: enter: stream (0xee583730) usecase(25: audio-record-compress2)
03-24 04:14:11.153 D/audio_hw_primary( 795): adev_open_input_stream: enter: sample_rate(48000) channel_mask(0xc) devices(0x80000008) stream_handle(0xee582770) io_handle(262) source(1) format 1
03-24 04:14:11.153 D/audio_hw_cin( 795): cin_configure_input_stream: format 1 flags 0x40000000 SR 48000 CM 0xc buf_size 3840 in 0xee582770
03-24 04:14:11.153 D/audio_hw_primary( 795): io_streams_map_insert: Added stream in io_streams_map with handle 262
03-24 04:14:11.153 E/device_utils( 795): update_device_list: Invalid device: 0
03-24 04:14:11.155 I/AudioFlinger( 945): AudioFlinger's thread 0xb400006f1c8ae0b0 tid=5467 ready to run
03-24 04:14:11.155 D/audio_hw_primary( 795): in_standby: enter: stream (0xee582770) usecase(25: audio-record-compress2)
03-24 04:14:11.157 D/audio_hw_primary( 795): in_set_parameters: enter: kvpairs=00:00:00:00:00:00=
03-24 04:14:11.157 D/audio_hw_primary( 795): in_standby: enter: stream (0xee582770) usecase(25: audio-record-compress2)
03-24 04:14:11.158 D/audio_hw_primary( 795): adev_open_input_stream: enter: sample_rate(48000) channel_mask(0xc) devices(0x80000008) stream_handle(0xee585410) io_handle(270) source(1) format 1
03-24 04:14:11.158 D/audio_hw_cin( 795): cin_configure_input_stream: format 1 flags 0x40000000 SR 48000 CM 0xc buf_size 3840 in 0xee585410
03-24 04:14:11.158 D/audio_hw_primary( 795): io_streams_map_insert: Added stream in io_streams_map with handle 270
03-24 04:14:11.158 E/device_utils( 795): update_device_list: Invalid device: 0
03-24 04:14:11.159 I/AudioFlinger( 945): AudioFlinger's thread 0xb400006f1ca2e0f0 tid=5468 ready to run
03-24 04:14:11.159 D/audio_hw_primary( 795): in_standby: enter: stream (0xee585410) usecase(25: audio-record-compress2)
03-24 04:14:11.160 D/audio_hw_primary( 795): in_set_parameters: enter: kvpairs=00:00:00:00:00:00=
03-24 04:14:11.160 D/audio_hw_primary( 795): in_standby: enter: stream (0xee585410) usecase(25: audio-record-compress2)
03-24 04:14:11.161 D/audio_hw_primary( 795): adev_close_input_stream: enter:stream_handle(0xee582a10)
03-24 04:14:11.161 D/audio_hw_primary( 795): io_streams_map_remove: Removed stream with handle 238
03-24 04:14:11.161 D/soundtrigger( 795): audio_extn_sound_trigger_check_ec_ref_enable: EC Reference is disabled
03-24 04:14:11.161 D/sound_trigger_hw( 795): handle_audio_ec_ref_enabled: Enter
03-24 04:14:11.161 D/sound_trigger_hw( 795): handle_audio_ec_ref_enabled: Exit audio ec ref=0
03-24 04:14:11.162 D/soundtrigger( 795): audio_extn_sound_trigger_update_ec_ref_status: update audio echo ref status false
03-24 04:14:11.162 D/audio_hw_primary( 795): in_standby: enter: stream (0xee582a10) usecase(23: audio-record)
03-24 04:14:11.162 I/SoundTriggerMiddlewareLogging( 1526): setCaptureState[this=com.android.server.soundtrigger_middleware.SoundTriggerMiddlewareImpl@cf0407a, client=null](false)
03-24 04:14:11.165 D/audio_hw_primary( 795): adev_close_input_stream: enter:stream_handle(0xee582f50)
03-24 04:14:11.165 D/audio_hw_primary( 795): io_streams_map_remove: Removed stream with handle 246
03-24 04:14:11.165 D/soundtrigger( 795): audio_extn_sound_trigger_check_ec_ref_enable: EC Reference is disabled
03-24 04:14:11.165 D/sound_trigger_hw( 795): handle_audio_ec_ref_enabled: Enter
03-24 04:14:11.165 D/sound_trigger_hw( 795): handle_audio_ec_ref_enabled: Exit audio ec ref=0
03-24 04:14:11.165 D/soundtrigger( 795): audio_extn_sound_trigger_update_ec_ref_status: update audio echo ref status false
03-24 04:14:11.165 D/audio_hw_primary( 795): in_standby: enter: stream (0xee582f50) usecase(25: audio-record-compress2)
03-24 04:14:11.166 I/SoundTriggerMiddlewareLogging( 1526): setCaptureState[this=com.android.server.soundtrigger_middleware.SoundTriggerMiddlewareImpl@cf0407a, client=null](false)
03-24 04:14:11.168 D/audio_hw_primary( 795): adev_close_input_stream: enter:stream_handle(0xee583730)
03-24 04:14:11.168 D/audio_hw_primary( 795): io_streams_map_remove: Removed stream with handle 254
03-24 04:14:11.168 D/soundtrigger( 795): audio_extn_sound_trigger_check_ec_ref_enable: EC Reference is disabled
03-24 04:14:11.168 D/sound_trigger_hw( 795): handle_audio_ec_ref_enabled: Enter
03-24 04:14:11.168 D/sound_trigger_hw( 795): handle_audio_ec_ref_enabled: Exit audio ec ref=0
03-24 04:14:11.168 D/soundtrigger( 795): audio_extn_sound_trigger_update_ec_ref_status: update audio echo ref status false
03-24 04:14:11.168 D/audio_hw_primary( 795): in_standby: enter: stream (0xee583730) usecase(25: audio-record-compress2)
03-24 04:14:11.168 I/SoundTriggerMiddlewareLogging( 1526): setCaptureState[this=com.android.server.soundtrigger_middleware.SoundTriggerMiddlewareImpl@cf0407a, client=null](false)
03-24 04:14:11.170 D/audio_hw_primary( 795): adev_close_input_stream: enter:stream_handle(0xee582770)
03-24 04:14:11.170 D/audio_hw_primary( 795): io_streams_map_remove: Removed stream with handle 262
03-24 04:14:11.170 D/soundtrigger( 795): audio_extn_sound_trigger_check_ec_ref_enable: EC Reference is disabled
03-24 04:14:11.170 D/sound_trigger_hw( 795): handle_audio_ec_ref_enabled: Enter
03-24 04:14:11.170 D/sound_trigger_hw( 795): handle_audio_ec_ref_enabled: Exit audio ec ref=0
03-24 04:14:11.170 D/soundtrigger( 795): audio_extn_sound_trigger_update_ec_ref_status: update audio echo ref status false
03-24 04:14:11.170 D/audio_hw_primary( 795): in_standby: enter: stream (0xee582770) usecase(25: audio-record-compress2)
03-24 04:14:11.171 I/SoundTriggerMiddlewareLogging( 1526): setCaptureState[this=com.android.server.soundtrigger_middleware.SoundTriggerMiddlewareImpl@cf0407a, client=null](false)
03-24 04:14:11.173 D/audio_hw_primary( 795): adev_close_input_stream: enter:stream_handle(0xee585410)
03-24 04:14:11.173 D/audio_hw_primary( 795): io_streams_map_remove: Removed stream with handle 270
03-24 04:14:11.173 D/soundtrigger( 795): audio_extn_sound_trigger_check_ec_ref_enable: EC Reference is disabled
03-24 04:14:11.173 D/sound_trigger_hw( 795): handle_audio_ec_ref_enabled: Enter
03-24 04:14:11.173 D/sound_trigger_hw( 795): handle_audio_ec_ref_enabled: Exit audio ec ref=0
03-24 04:14:11.173 D/soundtrigger( 795): audio_extn_sound_trigger_update_ec_ref_status: update audio echo ref status false
03-24 04:14:11.173 D/audio_hw_primary( 795): in_standby: enter: stream (0xee585410) usecase(25: audio-record-compress2)
03-24 04:14:11.173 I/SoundTriggerMiddlewareLogging( 1526): setCaptureState[this=com.android.server.soundtrigger_middleware.SoundTriggerMiddlewareImpl@cf0407a, client=null](false)
03-24 04:14:11.175 W/Looper ( 1526): Slow dispatch took 118ms main h=android.app.ActivityThread$H c=android.app.LoadedApk$ReceiverDispatcher$Args$$ExternalSyntheticLambda0@557cc30 m=0
03-24 04:14:11.175 I/Telecom ( 1526): BluetoothStateReceiver: Device 14:3F:A6:D2:4D:63 is now the preferred BT device for HFP: BSR.oR@AGE
03-24 04:14:11.176 I/Telecom ( 1526): BluetoothStateReceiver: Device 14:3F:A6:D2:4D:63 changed state to 2: BSR.oR@AGI
03-24 04:14:11.177 I/Telecom ( 1526): CallAudioRouteStateMachine: Message received: BT_ACTIVE_DEVICE_PRESENT=8, arg1=0: BSR.oR->CARSM.pM_BT_ACTIVE_DEVICE_PRESENT@AGE
03-24 04:14:11.177 I/Telecom ( 1526): BluetoothRouteManager: Message received: NEW_DEVICE_CONNECTED.: BSR.oR->BRM.pM_1@AGI
03-24 04:14:11.177 I/Telecom ( 1526): QuiescentEarpieceRoute: Processing message BT_ACTIVE_DEVICE_PRESENT: BSR.oR->CARSM.pM_BT_ACTIVE_DEVICE_PRESENT@AGE
03-24 04:14:11.177 I/Telecom ( 1526): Logging.Events: Non-call EVENT: AUDIO_ROUTE, Bluetooth active device present: BSR.oR->CARSM.pM_BT_ACTIVE_DEVICE_PRESENT@AGE
03-24 04:14:11.177 I/Telecom ( 1526): CallAudioRouteStateMachine: Message received: SWITCH_BLUETOOTH=1002, arg1=0: BSR.oR->CARSM.pM_BT_ACTIVE_DEVICE_PRESENT->CARSM.pM_SWITCH_BLUETOOTH@AGE
03-24 04:14:11.177 I/Telecom ( 1526): QuiescentEarpieceRoute: Processing message SWITCH_BLUETOOTH: BSR.oR->CARSM.pM_BT_ACTIVE_DEVICE_PRESENT->CARSM.pM_SWITCH_BLUETOOTH@AGE
03-24 04:14:11.177 W/Telecom ( 1526): QuiescentEarpieceRoute: Ignoring switch to bluetooth command. Not available.: BSR.oR->CARSM.pM_BT_ACTIVE_DEVICE_PRESENT->CARSM.pM_SWITCH_BLUETOOTH@AGE
03-24 04:14:11.177 I/Telecom ( 1526): CallAudioRouteStateMachine: Message received: BLUETOOTH_DEVICE_LIST_CHANGED=7, arg1=0: BSR.oR->CARSM.pM_BLUETOOTH_DEVICE_LIST_CHANGED@AGI
03-24 04:14:11.177 I/Telecom ( 1526): QuiescentEarpieceRoute: Processing message BLUETOOTH_DEVICE_LIST_CHANGED: BSR.oR->CARSM.pM_BLUETOOTH_DEVICE_LIST_CHANGED@AGI
03-24 04:14:11.179 D/BluetoothActiveDeviceManager( 5359): onAudioDevicesAdded
03-24 04:14:11.179 D/BluetoothActiveDeviceManager( 5359): Audio device added: figure type: 7
03-24 04:14:11.179 D/BluetoothActiveDeviceManager( 5359): Audio device added: figure type: 7
03-24 04:14:11.179 W/View ( 1990): requestLayout() improperly called by android.widget.FrameLayout{3906626 I.E...... ......ID 0,0-780,182 #2bc} during second layout pass: posting in next frame
03-24 04:14:11.179 W/View ( 1990): requestLayout() improperly called by com.android.systemui.statusbar.AlphaOptimizedImageView{7aad581 VFED..C.. ......ID 0,0-140,132} during second layout pass: posting in next frame
03-24 04:14:11.181 I/vendor.qti.bluetooth@1.0-ibs_handler( 801): ProcessIbsCmd: Received IBS_SLEEP_IND: 0xFE
03-24 04:14:11.186 I/Telecom ( 1526): Logging.Events: Non-call EVENT: AUDIO_ROUTE, Bluetooth device list changed: BSR.oR->CARSM.pM_BLUETOOTH_DEVICE_LIST_CHANGED@AGI
03-24 04:14:11.186 I/Telecom ( 1526): WiredHeadsetManager: ACTION_HEADSET_PLUG event, plugged in: false, : WHC.oADA@AGM
03-24 04:14:11.187 D/HearingAidService( 5359): getActiveDevices
03-24 04:14:11.189 E/HeadsetStateMachine( 5359): returning mCurrentState as Connected
03-24 04:14:11.189 D/HearingAidService( 5359): getActiveDevices
03-24 04:14:11.190 D/HearingAidService( 5359): getActiveDevices
03-24 04:14:11.191 W/View ( 1990): requestLayout() improperly called by android.widget.FrameLayout{3906626 I.E...... ......ID 0,0-780,182 #2bc} during layout: running second layout pass
03-24 04:14:11.191 W/View ( 1990): requestLayout() improperly called by com.android.systemui.statusbar.AlphaOptimizedImageView{7aad581 VFED..C.. ......ID 0,0-140,132} during layout: running second layout pass
03-24 04:14:11.199 I/vendor.qti.bluetooth@1.0-ibs_handler( 801): ProcessIbsCmd: Received IBS_WAKE_IND: 0xFD
03-24 04:14:11.199 I/vendor.qti.bluetooth@1.0-ibs_handler( 801): ProcessIbsCmd: Writing IBS_WAKE_ACK
03-24 04:14:11.201 D/bt_btif ( 5359): bta_ag_hdl_event: p_scb 0x4276cd68
03-24 04:14:11.201 D/bt_btif ( 5359): bta_ag_rfc_data: setting sys busy
03-24 04:14:11.201 D/bt_btif ( 5359): bta_ag_rfc_data: resetting idle timer
03-24 04:14:11.201 D/bt_btif ( 5359): btif_hf_upstreams_evt: event=BTA_AG_AT_UNAT_EVT
03-24 04:14:11.201 E/bt_btif ( 5359): HAL bt_hf_callbacks->UnknownAtCallback
03-24 04:14:11.201 D/bt_btif ( 5359): bta_ag_hdl_event: p_scb 0x4276cd68
03-24 04:14:11.201 D/bt_btif ( 5359): bta_ag_rfc_data: setting sys busy
03-24 04:14:11.201 D/bt_btif ( 5359): bta_ag_at_hfp_cback: AT command 7, arg_type 2, int_arg 2, arg 2
03-24 04:14:11.202 D/bt_btif ( 5359): bta_ag_rfc_data: resetting idle timer
03-24 04:14:11.202 D/HeadsetService( 5359): getHeadsetService(): returning com.android.bluetooth.hfp.HeadsetService@137a197
03-24 04:14:11.202 D/bt_btif ( 5359): btif_hf_upstreams_evt: event=BTA_AG_SPK_EVT
03-24 04:14:11.202 E/bt_btif ( 5359): HAL bt_hf_callbacks->VolumeControlCallback
03-24 04:14:11.203 D/HeadsetService( 5359): getHeadsetService(): returning com.android.bluetooth.hfp.HeadsetService@137a197
03-24 04:14:11.203 D/HeadsetStateMachine( 5359): handleMessage: E msg.what=101
03-24 04:14:11.203 D/HeadsetStateMachine( 5359): processMsg: Connected
03-24 04:14:11.203 D/HeadsetStateMachine( 5359): Connected: currentDevice=14:3F:A6:D2:4D:63, msg=STACK_EVENT: EVENT_TYPE_UNKNOWN_AT[15], valInt=0, valInt2=0, valString=+XAPL=054C-0D66-0202,10, valObject=null, device=14:3F:A6:D2:4D:63
03-24 04:14:11.203 D/HeadsetStateMachine( 5359): processUnknownAt - atString = +XAPL=054C-0D66-0202,10
03-24 04:14:11.203 D/HeadsetStateMachine( 5359): processVendorSpecificAt - atString = +XAPL=054C-0D66-0202,10
03-24 04:14:11.204 D/bt_btif ( 5359): bta_ag_api_result: p_scb 0x4276cd68
03-24 04:14:11.204 D/bt_btif ( 5359): bta_ag_hfp_result : res = 20
03-24 04:14:11.204 D/HeadsetStateMachine( 5359): broadcastVendorSpecificEventIntent(+XAPL)
03-24 04:14:11.207 D/bt_btif ( 5359): bta_ag_api_result: p_scb 0x4276cd68
03-24 04:14:11.207 D/bt_btif ( 5359): bta_ag_hfp_result : res = 20
03-24 04:14:11.207 D/HeadsetStateMachine( 5359): handleMessage: X
03-24 04:14:11.207 D/HeadsetStateMachine( 5359): handleMessage: E msg.what=101
03-24 04:14:11.207 D/HeadsetStateMachine( 5359): processMsg: Connected
03-24 04:14:11.207 D/HeadsetStateMachine( 5359): Connected: currentDevice=14:3F:A6:D2:4D:63, msg=STACK_EVENT: EVENT_TYPE_VOLUME_CHANGED[6], valInt=0, valInt2=2, valString=null, valObject=null, device=14:3F:A6:D2:4D:63
03-24 04:14:11.207 D/HeadsetService( 5359): isTwsPlusActive returnsfalse
03-24 04:14:11.207 E/HeadsetStateMachine( 5359): returning mCurrentState as Connected
03-24 04:14:11.208 W/AS.AudioService( 1526): idcm_warn: index is the same as old one, return
03-24 04:14:11.208 D/HeadsetStateMachine( 5359): handleMessage: X
03-24 04:14:11.215 I/bt_stack( 5359): [INFO:btsnoop.cc(603)] whitelist_l2c_channel: Whitelisting l2cap channel. conn_handle=2 cid=68:68
03-24 04:14:11.215 W/bt_l2cap( 5359): L2CAP - LCID: 0x0044 st: CLOSED evt: PEER_CONNECT_REQ
03-24 04:14:11.216 W/bt_l2cap( 5359): L2CAP - LCID: 0x0044 st: TERM_W4_SEC_COMP evt: SECURITY_COMPLETE
03-24 04:14:11.216 W/bt_l2cap( 5359): L2CAP - LCID: 0x0044 st: W4_L2CA_CON_RSP evt: UPPER_LAYER_CONNECT_RSP
03-24 04:14:11.216 W/bt_l2cap( 5359): L2CAP - LCID: 0x0044 st: CONFIG evt: UPPER_LAYER_CONFIG_REQ
03-24 04:14:11.228 W/bt_l2cap( 5359): L2CAP - LCID: 0x0043 st: W4_L2CAP_DISC_RSP evt: PEER_DISCONNECT_RSP
03-24 04:14:11.228 I/bt_snoop( 5359): L2CAP channel is closed: handle=2(0x2), lcid=67(0x43), rcid=67(0x43)
03-24 04:14:11.228 I/bt_stack( 5359): [INFO:btsnoop.cc(651)] clear_l2cap_whitelist: Clearing whitelist from l2cap channel. conn_handle=2 cid=67:67
03-24 04:14:11.228 W/bt_btif ( 5359): bta_dm_rm_cback:0, status:1
03-24 04:14:11.228 W/bt_l2cap( 5359): L2CA_SetDesireRole() new:x0, disallow_switch:0
03-24 04:14:11.228 V/bt_stack( 5359): [VERBOSE1:btm_acl.cc(654)] BTM_SwitchRole BDA: 14:3f:a6:d2:4d:63
03-24 04:14:11.228 D/bt_btif ( 5359): bta_av_ssm_execute(): AV Sevent(0x41)=0x1214(SDP_DISC_OK) state=2(OPENING)
03-24 04:14:11.228 W/bt_l2cap( 5359): L2CAP - LCID: 0x0045 st: CLOSED evt: UPPER_LAYER_CONNECT_REQ
03-24 04:14:11.228 W/bt_l2cap( 5359): L2CAP - LCID: 0x0045 st: CLOSED evt: SECURITY_COMPLETE
03-24 04:14:11.242 W/bt_l2cap( 5359): L2CAP - LCID: 0x0044 st: CONFIG evt: PEER_CONFIG_REQ
03-24 04:14:11.242 W/bt_l2cap( 5359): L2CAP - LCID: 0x0044 st: CONFIG evt: UPPER_LAYER_CONFIG_RSP
03-24 04:14:11.242 W/bt_l2cap( 5359): L2CAP-Upper layer Config_Rsp,Local CID: 0x0044,Remote CID: 0x0044,PSM: 1,our MTU present:1,our MTU:1024
03-24 04:14:11.243 W/bt_l2cap( 5359): L2CAP - LCID: 0x0044 st: CONFIG evt: PEER_CONFIG_RSP
03-24 04:14:11.243 I/bt_snoop( 5359): L2CAP channel is opened: handle=2(0x2), lcid=68(0x44), rcid=68(0x44), psm=0x1
03-24 04:14:11.243 W/bt_l2cap( 5359): L2CAP-peer_Config_Rsp,Local CID: 0x0044,Remote CID: 0x0044,PSM: 1,peer MTU present: 0,peer MTU: 672
03-24 04:14:11.254 D/bt_btif ( 5359): bta_ag_hdl_event: p_scb 0x4276cd68
03-24 04:14:11.254 D/bt_btif ( 5359): bta_ag_rfc_data: AT+IPHONEACCEV received, not coming out of sniff
03-24 04:14:11.254 D/bt_btif ( 5359): bta_ag_rfc_data: AT+IPHONEACCEV received, not setting idle
03-24 04:14:11.255 D/bt_btif ( 5359): btif_hf_upstreams_evt: event=BTA_AG_AT_UNAT_EVT
03-24 04:14:11.255 E/bt_btif ( 5359): HAL bt_hf_callbacks->UnknownAtCallback
03-24 04:14:11.256 D/HeadsetService( 5359): getHeadsetService(): returning com.android.bluetooth.hfp.HeadsetService@137a197
03-24 04:14:11.256 D/HeadsetStateMachine( 5359): handleMessage: E msg.what=101
03-24 04:14:11.256 D/HeadsetStateMachine( 5359): processMsg: Connected
03-24 04:14:11.256 D/HeadsetStateMachine( 5359): Connected: currentDevice=14:3F:A6:D2:4D:63, msg=STACK_EVENT: EVENT_TYPE_UNKNOWN_AT[15], valInt=0, valInt2=0, valString=+IPHONEACCEV=1,1,9, valObject=null, device=14:3F:A6:D2:4D:63
03-24 04:14:11.256 D/HeadsetStateMachine( 5359): processUnknownAt - atString = +IPHONEACCEV=1,1,9
03-24 04:14:11.256 D/HeadsetStateMachine( 5359): processVendorSpecificAt - atString = +IPHONEACCEV=1,1,9
03-24 04:14:11.257 D/HeadsetStateMachine( 5359): broadcastVendorSpecificEventIntent(+IPHONEACCEV)
03-24 04:14:11.259 D/bt_btif ( 5359): bta_ag_api_result: p_scb 0x4276cd68
03-24 04:14:11.259 D/bt_btif ( 5359): bta_ag_hfp_result : res = 20
03-24 04:14:11.259 D/HeadsetStateMachine( 5359): handleMessage: X
03-24 04:14:11.261 W/bt_l2cap( 5359): L2CAP - LCID: 0x0045 st: W4_L2CAP_CON_RSP evt: PEER_CONNECT_RSP
03-24 04:14:11.261 W/bt_l2cap( 5359): L2CAP - LCID: 0x0045 st: CONFIG evt: UPPER_LAYER_CONFIG_REQ
03-24 04:14:11.261 I/bt_stack( 5359): [INFO:btsnoop.cc(603)] whitelist_l2c_channel: Whitelisting l2cap channel. conn_handle=2 cid=69:69
03-24 04:14:11.263 D/BluetoothRemoteDevices( 5359): Updated device 14:3F:A6:D2:4D:63 battery level to 100%
03-24 04:14:11.263 I/BluetoothRemoteDevices( 5359): Updated device 14:3F:A6:D2:4D:63 battery level to 100%
03-24 04:14:11.263 W/bt_l2cap( 5359): L2CAP - LCID: 0x0045 st: CONFIG evt: PEER_CONFIG_REQ
03-24 04:14:11.263 W/bt_l2cap( 5359): L2CAP - LCID: 0x0045 st: CONFIG evt: UPPER_LAYER_CONFIG_RSP
03-24 04:14:11.263 W/bt_l2cap( 5359): L2CAP-Upper layer Config_Rsp,Local CID: 0x0045,Remote CID: 0x0045,PSM: 25,our MTU present:1,our MTU:672
03-24 04:14:11.266 W/BluetoothDatabase( 5359): Invalid metadata key 17
03-24 04:14:11.266 E/BluetoothDatabase( 5359): getCustomMeta: meta key invalid 17
03-24 04:14:11.267 W/BluetoothDatabase( 5359): Invalid metadata key 17
03-24 04:14:11.267 E/BluetoothDatabase( 5359): getCustomMeta: meta key invalid 17
03-24 04:14:11.267 W/hpplay-java( 2725): [main]:IPManager:getActiveNets invalid networkInfo:null
03-24 04:14:11.267 I/hpplay-java( 2725): [main]:IPManager:getActiveNets eth0:false wifi:false mobile:false ap:false
03-24 04:14:11.267 I/hpplay-java( 2725): [main]:ServerTaskManager:get local ip:null
03-24 04:14:11.269 E/HeadsetStateMachine( 5359): returning mCurrentState as Connected
03-24 04:14:11.271 D/BluetoothPbapService( 5359): getConnectionState: 14:3F:A6:D2:4D:63
03-24 04:14:11.271 W/BluetoothDatabase( 5359): Invalid metadata key 17
03-24 04:14:11.271 E/BluetoothDatabase( 5359): getCustomMeta: meta key invalid 17
03-24 04:14:11.272 D/AdaptiveHomepageIcon( 2390): Setting background color -69693
03-24 04:14:11.273 E/HeadsetStateMachine( 5359): returning mCurrentState as Connected
03-24 04:14:11.274 E/HeadsetStateMachine( 5359): returning mCurrentState as Connected
03-24 04:14:11.276 W/bt_l2cap( 5359): L2CAP - LCID: 0x0045 st: CONFIG evt: PEER_CONFIG_RSP
03-24 04:14:11.276 I/bt_snoop( 5359): L2CAP channel is opened: handle=2(0x2), lcid=69(0x45), rcid=69(0x45), psm=0x19
03-24 04:14:11.276 W/bt_l2cap( 5359): L2CAP-peer_Config_Rsp,Local CID: 0x0045,Remote CID: 0x0045,PSM: 25,peer MTU present: 0,peer MTU: 895
03-24 04:14:11.276 D/bt_btif ( 5359): bta_av_ssm_execute(): AV Sevent(0x41)=0x1226(AVDT_CONNECT) state=2(OPENING)
03-24 04:14:11.276 D/bt_btif ( 5359): bta_av_sig_chg:event: 16, conn_acp: 0 addr 14:3f:a6:d2:4d:63
03-24 04:14:11.276 W/bt_btif ( 5359): bta_av_get_rcb_by_shdl: shdl = 0, rcb[i].shdl = 0, rcb[i].handle = 0, rcb[i].lidx = 6
03-24 04:14:11.276 E/bt_btif ( 5359): bta_av_rc_create ACP handle exist for shdl:0
03-24 04:14:11.277 D/BluetoothPbapService( 5359): getConnectionState: 14:3F:A6:D2:4D:63
03-24 04:14:11.279 D/BluetoothSap( 2390): getConnectionState(14:3F:A6:D2:4D:63)
03-24 04:14:11.279 V/SapService( 5359): getConnectionState()
03-24 04:14:11.281 E/HeadsetStateMachine( 5359): returning mCurrentState as Connected
03-24 04:14:11.282 E/HeadsetStateMachine( 5359): returning mCurrentState as Connected
03-24 04:14:11.294 E/bt_avp ( 5359): avdt_ad_tc_data_ind: type: x0, tcid: 0, ccb_idx: 0
03-24 04:14:11.294 D/bt_btif ( 5359): bta_av_ssm_execute(): AV Sevent(0x41)=0x1216(STR_DISC_OK) state=2(OPENING)
03-24 04:14:11.295 W/View ( 1990): requestLayout() improperly called by android.widget.FrameLayout{3906626 I.E...... ......ID 0,0-780,182 #2bc} during second layout pass: posting in next frame
03-24 04:14:11.295 W/View ( 1990): requestLayout() improperly called by com.android.systemui.statusbar.AlphaOptimizedImageView{7aad581 VFED..C.. ......ID 0,0-140,132} during second layout pass: posting in next frame
03-24 04:14:11.305 W/bt_device_profile( 5359): profile_feature_fetch:profile 3
03-24 04:14:11.305 W/bt_device_profile( 5359): profile_feature_fetch:MAP_0104_SUPPORT found 1
03-24 04:14:11.305 E/bt_btif ( 5359): sdp_upgrade_mse_record
03-24 04:14:11.305 W/bt_device_profile( 5359): profile_feature_fetch:profile 2
03-24 04:14:11.305 W/bt_device_profile( 5359): profile_feature_fetch:PBAP_0102_SUPPORT found 1
03-24 04:14:11.308 W/View ( 1990): requestLayout() improperly called by android.widget.FrameLayout{3906626 I.E...... ......ID 0,0-780,182 #2bc} during layout: running second layout pass
03-24 04:14:11.308 E/bt_avp ( 5359): avdt_ad_tc_data_ind: type: x0, tcid: 0, ccb_idx: 0
03-24 04:14:11.308 W/View ( 1990): requestLayout() improperly called by com.android.systemui.statusbar.AlphaOptimizedImageView{7aad581 VFED..C.. ......ID 0,0-140,132} during layout: running second layout pass
03-24 04:14:11.308 D/bt_btif ( 5359): bta_av_ssm_execute(): AV Sevent(0x41)=0x1218(STR_GETCAP_OK) state=2(OPENING)
03-24 04:14:11.308 D/a2dp_codec( 5359): A2DP_GetCodecType:
03-24 04:14:11.308 D/a2dp_codec( 5359): A2DP_GetCodecType:
03-24 04:14:11.308 D/a2dp_codec( 5359): A2DP_DumpCodecInfo: codec_type = 0x0
03-24 04:14:11.308 D/a2dp_codec( 5359): A2DP_GetCodecType:
03-24 04:14:11.308 D/a2dp_codec( 5359): A2DP_DumpCodecInfo: codec_type = 0x0
03-24 04:14:11.308 D/a2dp_codec( 5359): A2DP_GetCodecType:
03-24 04:14:11.308 D/a2dp_codec( 5359): A2DP_IsPeerSinkCodecValid: codec_type = 0x0
03-24 04:14:11.308 D/a2dp_codec( 5359): A2DP_GetCodecType:
03-24 04:14:11.308 D/a2dp_codec( 5359): A2DP_GetCodecType:
03-24 04:14:11.308 D/a2dp_codec( 5359): A2DP_GetCodecType:
03-24 04:14:11.325 W/bt_device_profile( 5359): profile_feature_fetch:profile 3
03-24 04:14:11.325 W/bt_device_profile( 5359): profile_feature_fetch:MAP_0104_SUPPORT found 1
03-24 04:14:11.325 E/bt_btif ( 5359): sdp_upgrade_mse_record
03-24 04:14:11.325 W/bt_device_profile( 5359): profile_feature_fetch:profile 2
03-24 04:14:11.325 W/bt_device_profile( 5359): profile_feature_fetch:PBAP_0102_SUPPORT found 1
03-24 04:14:11.328 E/bt_avp ( 5359): avdt_ad_tc_data_ind: type: x0, tcid: 0, ccb_idx: 0
03-24 04:14:11.328 D/bt_btif ( 5359): bta_av_ssm_execute(): AV Sevent(0x41)=0x1218(STR_GETCAP_OK) state=2(OPENING)
03-24 04:14:11.328 D/a2dp_codec( 5359): A2DP_GetCodecType:
03-24 04:14:11.328 D/a2dp_codec( 5359): A2DP_GetCodecType:
03-24 04:14:11.328 D/a2dp_codec( 5359): A2DP_DumpCodecInfo: codec_type = 0x2
03-24 04:14:11.328 D/a2dp_aac( 5359): A2DP_DumpCodecInfoAac
03-24 04:14:11.328 D/a2dp_aac( 5359): A2DP_ParseInfoAac:
03-24 04:14:11.328 D/a2dp_aac( 5359): A2DP_ParseInfoAac: p_ie->bitRate: 320000
03-24 04:14:11.328 D/a2dp_aac( 5359): objectType: 0xc0
03-24 04:14:11.328 D/a2dp_aac( 5359): objectType: (MPEG-4 AAC LC)
03-24 04:14:11.328 D/a2dp_aac( 5359): samp_freq: 0x8001
03-24 04:14:11.328 D/a2dp_aac( 5359): samp_freq: (44100)
03-24 04:14:11.328 D/a2dp_aac( 5359): samp_freq: (48000)
03-24 04:14:11.328 D/a2dp_aac( 5359): ch_mode: 0xc
03-24 04:14:11.328 D/a2dp_aac( 5359): variableBitRateSupport: true
03-24 04:14:11.328 D/a2dp_aac( 5359): bitRate: 320000
03-24 04:14:11.328 D/a2dp_codec( 5359): A2DP_GetCodecType:
03-24 04:14:11.328 D/a2dp_codec( 5359): A2DP_DumpCodecInfo: codec_type = 0x2
03-24 04:14:11.328 D/a2dp_aac( 5359): A2DP_DumpCodecInfoAac
03-24 04:14:11.328 D/a2dp_aac( 5359): A2DP_ParseInfoAac:
03-24 04:14:11.328 D/a2dp_aac( 5359): A2DP_ParseInfoAac: p_ie->bitRate: 320000
03-24 04:14:11.328 D/a2dp_aac( 5359): objectType: 0xc0
03-24 04:14:11.328 D/a2dp_aac( 5359): objectType: (MPEG-4 AAC LC)
03-24 04:14:11.328 D/a2dp_aac( 5359): samp_freq: 0x8001
03-24 04:14:11.328 D/a2dp_aac( 5359): samp_freq: (44100)
03-24 04:14:11.328 D/a2dp_aac( 5359): samp_freq: (48000)
03-24 04:14:11.328 D/a2dp_aac( 5359): ch_mode: 0xc
03-24 04:14:11.328 D/a2dp_aac( 5359): variableBitRateSupport: true
03-24 04:14:11.328 D/a2dp_aac( 5359): bitRate: 320000
03-24 04:14:11.328 D/a2dp_codec( 5359): A2DP_GetCodecType:
03-24 04:14:11.328 D/a2dp_codec( 5359): A2DP_IsPeerSinkCodecValid: codec_type = 0x2
03-24 04:14:11.328 D/a2dp_aac( 5359): A2DP_ParseInfoAac:
03-24 04:14:11.328 D/a2dp_aac( 5359): A2DP_ParseInfoAac: p_ie->bitRate: 320000
03-24 04:14:11.328 D/a2dp_aac( 5359): A2DP_ParseInfoAac:
03-24 04:14:11.328 D/a2dp_aac( 5359): A2DP_ParseInfoAac: p_ie->bitRate: 320000
03-24 04:14:11.328 D/a2dp_codec( 5359): A2DP_GetCodecType:
03-24 04:14:11.329 D/a2dp_codec( 5359): A2DP_GetCodecType:
03-24 04:14:11.329 D/a2dp_codec( 5359): A2DP_GetCodecType:
03-24 04:14:11.345 W/bt_device_profile( 5359): profile_feature_fetch:profile 3
03-24 04:14:11.345 W/bt_device_profile( 5359): profile_feature_fetch:MAP_0104_SUPPORT found 1
03-24 04:14:11.345 E/bt_btif ( 5359): sdp_upgrade_mse_record
03-24 04:14:11.345 W/bt_device_profile( 5359): profile_feature_fetch:profile 2
03-24 04:14:11.345 W/bt_device_profile( 5359): profile_feature_fetch:PBAP_0102_SUPPORT found 1
03-24 04:14:11.348 E/bt_avp ( 5359): avdt_ad_tc_data_ind: type: x0, tcid: 0, ccb_idx: 0
03-24 04:14:11.348 D/bt_btif ( 5359): bta_av_ssm_execute(): AV Sevent(0x41)=0x1218(STR_GETCAP_OK) state=2(OPENING)
03-24 04:14:11.348 D/a2dp_codec( 5359): A2DP_GetCodecType:
03-24 04:14:11.348 D/a2dp_codec( 5359): A2DP_GetCodecType:
03-24 04:14:11.348 D/a2dp_codec( 5359): A2DP_DumpCodecInfo: codec_type = 0xff
03-24 04:14:11.348 D/a2dp_codec( 5359): A2DP_GetCodecType:
03-24 04:14:11.348 D/a2dp_codec( 5359): A2DP_DumpCodecInfo: codec_type = 0xff
03-24 04:14:11.348 D/a2dp_codec( 5359): A2DP_GetCodecType:
03-24 04:14:11.348 D/a2dp_codec( 5359): A2DP_IsPeerSinkCodecValid: codec_type = 0xff
03-24 04:14:11.348 D/a2dp_codec( 5359): A2DP_GetCodecType:
03-24 04:14:11.348 D/a2dp_codec( 5359): A2DP_GetCodecType:
03-24 04:14:11.348 I/a2dp_vendor( 5359): A2DP_VendorSourceCodecIndex: vendor_id = 301, codec_id = 170
03-24 04:14:11.365 W/bt_l2cap( 5359): L2CA_DisconnectRsp() CID: 0x0044
03-24 04:14:11.366 W/bt_l2cap( 5359): L2CAP - LCID: 0x0044 st: W4_L2CA_DISC_RSP evt: UPPER_LAYER_DISCONNECT_RSP
03-24 04:14:11.366 I/bt_snoop( 5359): L2CAP channel is closed: handle=2(0x2), lcid=68(0x44), rcid=68(0x44)
03-24 04:14:11.366 I/bt_stack( 5359): [INFO:btsnoop.cc(651)] clear_l2cap_whitelist: Clearing whitelist from l2cap channel. conn_handle=2 cid=68:68
03-24 04:14:11.366 W/bt_sdp ( 5359): SDP - Rcvd L2CAP disc, process pend sdp ccb: 0x44
03-24 04:14:11.368 E/bt_avp ( 5359): avdt_ad_tc_data_ind: type: x0, tcid: 0, ccb_idx: 0
03-24 04:14:11.369 D/bt_btif ( 5359): bta_av_ssm_execute(): AV Sevent(0x41)=0x1218(STR_GETCAP_OK) state=2(OPENING)
03-24 04:14:11.369 D/a2dp_codec( 5359): A2DP_GetCodecType:
03-24 04:14:11.369 D/a2dp_codec( 5359): A2DP_GetCodecType:
03-24 04:14:11.369 D/a2dp_codec( 5359): A2DP_DumpCodecInfo: codec_type = 0x0
03-24 04:14:11.369 D/a2dp_codec( 5359): A2DP_GetCodecType:
03-24 04:14:11.369 D/a2dp_codec( 5359): A2DP_DumpCodecInfo: codec_type = 0x0
03-24 04:14:11.369 D/a2dp_codec( 5359): A2DP_GetCodecType:
03-24 04:14:11.369 D/a2dp_codec( 5359): A2DP_IsPeerSinkCodecValid: codec_type = 0x0
03-24 04:14:11.369 D/a2dp_codec( 5359): A2DP_GetCodecType:
03-24 04:14:11.369 D/a2dp_codec( 5359): A2DP_GetCodecType:
03-24 04:14:11.369 D/a2dp_codec( 5359): A2DP_GetCodecType:
03-24 04:14:11.381 E/bt_avp ( 5359): avdt_ad_tc_data_ind: type: x0, tcid: 0, ccb_idx: 0
03-24 04:14:11.381 D/bt_btif ( 5359): bta_av_ssm_execute(): AV Sevent(0x41)=0x1218(STR_GETCAP_OK) state=2(OPENING)
03-24 04:14:11.381 D/a2dp_codec( 5359): A2DP_GetCodecType:
03-24 04:14:11.381 D/a2dp_codec( 5359): A2DP_GetCodecType:
03-24 04:14:11.381 D/a2dp_codec( 5359): A2DP_DumpCodecInfo: codec_type = 0x2
03-24 04:14:11.381 D/a2dp_aac( 5359): A2DP_DumpCodecInfoAac
03-24 04:14:11.381 D/a2dp_aac( 5359): A2DP_ParseInfoAac:
03-24 04:14:11.381 D/a2dp_aac( 5359): A2DP_ParseInfoAac: p_ie->bitRate: 320000
03-24 04:14:11.381 D/a2dp_aac( 5359): objectType: 0xc0
03-24 04:14:11.381 D/a2dp_aac( 5359): objectType: (MPEG-4 AAC LC)
03-24 04:14:11.381 D/a2dp_aac( 5359): samp_freq: 0x8001
03-24 04:14:11.381 D/a2dp_aac( 5359): samp_freq: (44100)
03-24 04:14:11.381 D/a2dp_aac( 5359): samp_freq: (48000)
03-24 04:14:11.381 D/a2dp_aac( 5359): ch_mode: 0xc
03-24 04:14:11.381 D/a2dp_aac( 5359): variableBitRateSupport: true
03-24 04:14:11.381 D/a2dp_aac( 5359): bitRate: 320000
03-24 04:14:11.381 D/a2dp_codec( 5359): A2DP_GetCodecType:
03-24 04:14:11.381 D/a2dp_codec( 5359): A2DP_DumpCodecInfo: codec_type = 0x2
03-24 04:14:11.381 D/a2dp_aac( 5359): A2DP_DumpCodecInfoAac
03-24 04:14:11.381 D/a2dp_aac( 5359): A2DP_ParseInfoAac:
03-24 04:14:11.381 D/a2dp_aac( 5359): A2DP_ParseInfoAac: p_ie->bitRate: 320000
03-24 04:14:11.381 D/a2dp_aac( 5359): objectType: 0xc0
03-24 04:14:11.381 D/a2dp_aac( 5359): objectType: (MPEG-4 AAC LC)
03-24 04:14:11.381 D/a2dp_aac( 5359): samp_freq: 0x8001
03-24 04:14:11.381 D/a2dp_aac( 5359): samp_freq: (44100)
03-24 04:14:11.381 D/a2dp_aac( 5359): samp_freq: (48000)
03-24 04:14:11.381 D/a2dp_aac( 5359): ch_mode: 0xc
03-24 04:14:11.381 D/a2dp_aac( 5359): variableBitRateSupport: true
03-24 04:14:11.381 D/a2dp_aac( 5359): bitRate: 320000
03-24 04:14:11.381 D/a2dp_codec( 5359): A2DP_GetCodecType:
03-24 04:14:11.381 D/a2dp_codec( 5359): A2DP_IsPeerSinkCodecValid: codec_type = 0x2
03-24 04:14:11.381 D/a2dp_aac( 5359): A2DP_ParseInfoAac:
03-24 04:14:11.381 D/a2dp_aac( 5359): A2DP_ParseInfoAac: p_ie->bitRate: 320000
03-24 04:14:11.381 D/a2dp_aac( 5359): A2DP_ParseInfoAac:
03-24 04:14:11.381 D/a2dp_aac( 5359): A2DP_ParseInfoAac: p_ie->bitRate: 320000
03-24 04:14:11.381 D/a2dp_codec( 5359): A2DP_GetCodecType:
03-24 04:14:11.381 D/a2dp_codec( 5359): A2DP_GetCodecType:
03-24 04:14:11.381 D/a2dp_codec( 5359): A2DP_GetCodecType:
03-24 04:14:11.389 E/bt_avp ( 5359): avdt_ad_tc_data_ind: type: x0, tcid: 0, ccb_idx: 0
03-24 04:14:11.390 D/bt_btif ( 5359): bta_av_ssm_execute(): AV Sevent(0x41)=0x1218(STR_GETCAP_OK) state=2(OPENING)
03-24 04:14:11.390 D/a2dp_codec( 5359): A2DP_GetCodecType:
03-24 04:14:11.390 D/a2dp_codec( 5359): A2DP_GetCodecType:
03-24 04:14:11.390 D/a2dp_codec( 5359): A2DP_DumpCodecInfo: codec_type = 0xff
03-24 04:14:11.390 D/a2dp_codec( 5359): A2DP_GetCodecType:
03-24 04:14:11.390 D/a2dp_codec( 5359): A2DP_DumpCodecInfo: codec_type = 0xff
03-24 04:14:11.390 D/a2dp_codec( 5359): A2DP_GetCodecType:
03-24 04:14:11.390 D/a2dp_codec( 5359): A2DP_IsPeerSinkCodecValid: codec_type = 0xff
03-24 04:14:11.390 D/a2dp_codec( 5359): A2DP_GetCodecType:
03-24 04:14:11.390 D/a2dp_codec( 5359): A2DP_GetCodecType:
03-24 04:14:11.390 I/a2dp_vendor( 5359): A2DP_VendorSourceCodecIndex: vendor_id = 301, codec_id = 170
03-24 04:14:11.390 D/a2dp_codec( 5359): A2DP_GetCodecType:
03-24 04:14:11.390 D/a2dp_codec( 5359): A2DP_GetCodecType:
03-24 04:14:11.390 D/a2dp_codec( 5359): A2DP_GetCodecType:
03-24 04:14:11.390 D/a2dp_codec( 5359): A2DP_GetCodecType:
03-24 04:14:11.390 D/a2dp_codec( 5359): A2DP_GetCodecType:
03-24 04:14:11.390 D/a2dp_codec( 5359): A2DP_GetCodecType:
03-24 04:14:11.390 D/a2dp_codec( 5359): A2DP_GetCodecType:
03-24 04:14:11.390 D/a2dp_codec( 5359): A2DP_GetCodecType:
03-24 04:14:11.390 D/a2dp_codec( 5359): A2DP_GetCodecType:
03-24 04:14:11.390 D/a2dp_aac( 5359): A2DP_ParseInfoAac:
03-24 04:14:11.391 D/a2dp_aac( 5359): A2DP_ParseInfoAac: p_ie->bitRate: 320000
03-24 04:14:11.391 D/a2dp_aac( 5359): setCodecConfig:
03-24 04:14:11.391 D/a2dp_aac( 5359): setCodecConfig: sink_info_cie.bitRate: 320000, a2dp_aac_caps.bitRate: 165000
03-24 04:14:11.391 D/a2dp_aac( 5359): setCodecConfig: result_config_cie.bitRate: 165000
03-24 04:14:11.391 D/a2dp_aac( 5359): setCodecConfig: get p_result_codec_config
03-24 04:14:11.391 D/a2dp_aac( 5359): A2DP_BuildInfoAac: media_type: 0, p_ie->bitRate: 165000
03-24 04:14:11.391 D/a2dp_aac( 5359): A2DP_BuildInfoAac: media_type: 0, p_ie->bitRate: 320000
03-24 04:14:11.391 D/a2dp_aac( 5359): A2DP_BuildInfoAac: media_type: 0, p_ie->bitRate: 165000
03-24 04:14:11.391 D/a2dp_codec( 5359): setCodecConfig: select_current_codec:0
03-24 04:14:11.391 D/a2dp_codec( 5359): A2DP_GetCodecType:
03-24 04:14:11.391 D/a2dp_codec( 5359): A2DP_GetCodecType:
03-24 04:14:11.391 D/a2dp_sbc( 5359): setCodecConfig: A2dpCodecConfigSbc: saved_codec_user_config:
03-24 04:14:11.391 D/a2dp_codec( 5359): codec_type=0 codec_priority=0 sample_rate=0x0 bits_per_sample=0x0 channel_mode=0x0 codec_specific_1=0 codec_specific_2=0 codec_specific_3=0 codec_specific_4=0
03-24 04:14:11.391 D/a2dp_sbc( 5359): setCodecConfig: is_capability = 1
03-24 04:14:11.391 D/a2dp_sbc( 5359): setCodecConfig: channel_mode: source caps = 0x9 sink info = 0xf, ch_mode = 0x9, codec_user_config_.channel_mode = 0x0
03-24 04:14:11.391 D/a2dp_sbc( 5359): select_audio_channel_mode: p_codec_audio_config->channel_mode = 0x0
03-24 04:14:11.391 D/a2dp_sbc( 5359): setCodecConfig: No user preference - try the default config
03-24 04:14:11.391 D/a2dp_sbc( 5359): setCodecConfig: codec_selectable_capability_:
03-24 04:14:11.391 D/a2dp_codec( 5359): codec_type=0 codec_priority=1001 sample_rate=0x1 bits_per_sample=0x1 channel_mode=0x3 codec_specific_1=0 codec_specific_2=0 codec_specific_3=0 codec_specific_4=0
03-24 04:14:11.391 D/a2dp_sbc( 5359): setCodecConfig: sink_info_cie.samp_freq: 0x30, a2dp_sbc_caps.samp_freq: 0x20
03-24 04:14:11.391 D/a2dp_sbc( 5359): setCodecConfig: a2dp_sbc_caps.ch_mode: 0x9, sink_info_cie.ch_mode: 0xf
03-24 04:14:11.391 D/a2dp_sbc( 5359): setCodecConfig: Final codec_selectable_capability_:
03-24 04:14:11.391 D/a2dp_codec( 5359): codec_type=0 codec_priority=1001 sample_rate=0x1 bits_per_sample=0x1 channel_mode=0x3 codec_specific_1=0 codec_specific_2=0 codec_specific_3=0 codec_specific_4=0
03-24 04:14:11.391 D/a2dp_codec( 5359): setCodecConfig: select_current_codec:0
03-24 04:14:11.391 D/a2dp_codec( 5359): A2DP_GetCodecType:
03-24 04:14:11.391 D/a2dp_codec( 5359): A2DP_GetCodecType:
03-24 04:14:11.391 D/a2dp_codec( 5359): A2DP_GetCodecType:
03-24 04:14:11.391 D/a2dp_aac( 5359): A2DP_ParseInfoAac:
03-24 04:14:11.391 D/a2dp_aac( 5359): A2DP_ParseInfoAac: p_ie->bitRate: 320000
03-24 04:14:11.391 D/a2dp_aac( 5359): setCodecConfig:
03-24 04:14:11.391 D/a2dp_aac( 5359): setCodecConfig: sink_info_cie.bitRate: 320000, a2dp_aac_caps.bitRate: 165000
03-24 04:14:11.391 D/a2dp_aac( 5359): setCodecConfig: result_config_cie.bitRate: 165000
03-24 04:14:11.391 D/a2dp_aac( 5359): setCodecConfig: get p_result_codec_config
03-24 04:14:11.391 D/a2dp_aac( 5359): A2DP_BuildInfoAac: media_type: 0, p_ie->bitRate: 165000
03-24 04:14:11.391 D/a2dp_aac( 5359): A2DP_BuildInfoAac: media_type: 0, p_ie->bitRate: 320000
03-24 04:14:11.391 D/a2dp_aac( 5359): A2DP_BuildInfoAac: media_type: 0, p_ie->bitRate: 165000
03-24 04:14:11.391 D/a2dp_codec( 5359): setCodecConfig: select_current_codec:1
03-24 04:14:11.391 D/a2dp_codec( 5359): A2DP_GetCodecType:
03-24 04:14:11.391 D/a2dp_codec( 5359): A2DP_DumpCodecInfo: codec_type = 0x2
03-24 04:14:11.391 D/a2dp_aac( 5359): A2DP_DumpCodecInfoAac
03-24 04:14:11.392 D/a2dp_aac( 5359): A2DP_ParseInfoAac:
03-24 04:14:11.392 D/a2dp_aac( 5359): A2DP_ParseInfoAac: p_ie->bitRate: 165000
03-24 04:14:11.392 D/a2dp_aac( 5359): objectType: 0x80
03-24 04:14:11.392 D/a2dp_aac( 5359): samp_freq: 0x1
03-24 04:14:11.392 D/a2dp_aac( 5359): samp_freq: (44100)
03-24 04:14:11.392 D/a2dp_aac( 5359): ch_mode: 0x4
03-24 04:14:11.392 D/a2dp_aac( 5359): ch_mode: (Stereo)
03-24 04:14:11.392 D/a2dp_aac( 5359): variableBitRateSupport: true
03-24 04:14:11.392 D/a2dp_aac( 5359): bitRate: 165000
03-24 04:14:11.392 D/bt_btif ( 5359): btif_dispatch_sm_event: event: 36, len: 6
03-24 04:14:11.392 D/bt_btif ( 5359): btif_dispatch_sm_event: event 36 sent
03-24 04:14:11.392 D/a2dp_codec( 5359): A2DP_GetCodecType:
03-24 04:14:11.392 D/a2dp_codec( 5359): A2DP_DumpCodecInfo: codec_type = 0xff
03-24 04:14:11.392 D/a2dp_codec( 5359): A2DP_GetCodecType:
03-24 04:14:11.392 D/a2dp_codec( 5359): A2DP_GetCodecType:
03-24 04:14:11.392 D/a2dp_codec( 5359): A2DP_GetCodecType:
03-24 04:14:11.392 D/a2dp_codec( 5359): A2DP_GetCodecType:
03-24 04:14:11.392 D/a2dp_aac( 5359): A2DP_ParseInfoAac:
03-24 04:14:11.392 D/a2dp_aac( 5359): A2DP_ParseInfoAac: p_ie->bitRate: 165000
03-24 04:14:11.392 D/a2dp_aac( 5359): A2DP_ParseInfoAac:
03-24 04:14:11.392 D/a2dp_aac( 5359): A2DP_ParseInfoAac: p_ie->bitRate: 165000
03-24 04:14:11.392 D/a2dp_codec( 5359): A2DP_GetCodecType:
03-24 04:14:11.392 D/a2dp_codec( 5359): A2DP_GetCodecType:
03-24 04:14:11.392 D/a2dp_aac( 5359): A2DP_ParseInfoAac:
03-24 04:14:11.392 D/a2dp_aac( 5359): A2DP_ParseInfoAac: p_ie->bitRate: 165000
03-24 04:14:11.392 D/a2dp_aac( 5359): A2DP_ParseInfoAac:
03-24 04:14:11.392 D/a2dp_aac( 5359): A2DP_ParseInfoAac: p_ie->bitRate: 165000
03-24 04:14:11.392 D/a2dp_codec( 5359): A2DP_GetCodecType:
03-24 04:14:11.392 D/a2dp_aac( 5359): A2DP_ParseInfoAac:
03-24 04:14:11.392 D/a2dp_aac( 5359): A2DP_ParseInfoAac: p_ie->bitRate: 165000
03-24 04:14:11.392 D/a2dp_codec( 5359): A2DP_GetCodecType:
03-24 04:14:11.392 D/a2dp_codec( 5359): A2DP_DumpCodecInfo: codec_type = 0x2
03-24 04:14:11.392 D/a2dp_aac( 5359): A2DP_DumpCodecInfoAac
03-24 04:14:11.392 D/a2dp_aac( 5359): A2DP_ParseInfoAac:
03-24 04:14:11.392 D/a2dp_aac( 5359): A2DP_ParseInfoAac: p_ie->bitRate: 165000
03-24 04:14:11.392 D/a2dp_aac( 5359): objectType: 0x80
03-24 04:14:11.392 D/a2dp_aac( 5359): samp_freq: 0x1
03-24 04:14:11.392 D/a2dp_aac( 5359): samp_freq: (44100)
03-24 04:14:11.392 D/a2dp_aac( 5359): ch_mode: 0x4
03-24 04:14:11.392 D/a2dp_aac( 5359): ch_mode: (Stereo)
03-24 04:14:11.392 D/a2dp_aac( 5359): variableBitRateSupport: true
03-24 04:14:11.392 D/a2dp_aac( 5359): bitRate: 165000
03-24 04:14:11.392 D/a2dp_codec( 5359): A2DP_GetCodecType:
03-24 04:14:11.392 D/a2dp_codec( 5359): A2DP_DumpCodecInfo: codec_type = 0x2
03-24 04:14:11.392 D/a2dp_aac( 5359): A2DP_DumpCodecInfoAac
03-24 04:14:11.392 D/a2dp_aac( 5359): A2DP_ParseInfoAac:
03-24 04:14:11.392 D/a2dp_aac( 5359): A2DP_ParseInfoAac: p_ie->bitRate: 165000
03-24 04:14:11.392 D/a2dp_aac( 5359): objectType: 0x80
03-24 04:14:11.392 D/a2dp_aac( 5359): samp_freq: 0x1
03-24 04:14:11.392 D/a2dp_aac( 5359): samp_freq: (44100)
03-24 04:14:11.392 D/a2dp_aac( 5359): ch_mode: 0x4
03-24 04:14:11.392 D/a2dp_aac( 5359): ch_mode: (Stereo)
03-24 04:14:11.392 D/a2dp_aac( 5359): variableBitRateSupport: true
03-24 04:14:11.392 D/a2dp_aac( 5359): bitRate: 165000
03-24 04:14:11.393 D/bt_btif ( 5359): Process BTIF_AV_SOURCE_CONFIG_UPDATED_EVT on idx = 0
03-24 04:14:11.393 D/bt_btif ( 5359): btif_av_state_opening_handler event:BTIF_AV_SOURCE_CONFIG_UPDATED_EVT flags: 0 on index: 0, codec_cfg_change: 0
03-24 04:14:11.393 E/bt_btif ( 5359): bta_av_get_peer_a2dp_codecs() i = 0
03-24 04:14:11.393 D/a2dp_codec( 5359): getCodecConfigAndCapabilities: current_codec_config_ not null, getCodecConfig()
03-24 04:14:11.393 I/BluetoothA2dpServiceJni( 5359): bta2dp_audio_config_callback
03-24 04:14:11.397 D/A2dpNativeInterface( 5359): onCodecConfigChanged: A2dpStackEvent {type:EVENT_TYPE_CODEC_CONFIG_CHANGED, device:14:3F:A6:D2:4D:63, value1:0, codecStatus:{mCodecConfig:{codecName:AAC,mCodecType:1,mCodecPriority:2001,mSampleRate:0x1(44100),mBitsPerSample:0x1(16),mChannelMode:0x2(STEREO),mCodecSpecific1:0,mCodecSpecific2:0,mCodecSpecific3:0,mCodecSpecific4:0},mCodecsLocalCapabilities:[{codecName:AAC,mCodecType:1,mCodecPriority:2001,mSampleRate:0x1(44100),mBitsPerSample:0x1(16),mChannelMode:0x2(STEREO),mCodecSpecific1:0,mCodecSpecific2:0,mCodecSpecific3:0,mCodecSpecific4:0}, {codecName:SBC,mCodecType:0,mCodecPriority:1001,mSampleRate:0x1(44100),mBitsPerSample:0x1(16),mChannelMode:0x3(MONO|STEREO),mCodecSpecific1:0,mCodecSpecific2:0,mCodecSpecific3:0,mCodecSpecific4:0}],mCodecsSelectableCapabilities:[{codecName:AAC,mCodecType:1,mCodecPriority:2001,mSampleRate:0x1(44100),mBitsPerSample:0x1(16),mChannelMode:0x2(STEREO),mCodecSpecific1:0,mCodecSpecific2:0,mCodecSpecific3:0,mCodecSpecific4:0}, {codecName:SBC,mCodecType:0,mCodecPriority:1001,mSampleRate:0x1(44100),mBitsPerSample:0x1(16),mChannelMode:0x3(MONO|STEREO),mCodecSpecific1:0,mCodecSpecific2:0,mCodecSpecific3:0,mCodecSpecific4:0}]}}
03-24 04:14:11.400 D/A2dpService( 5359): messageFromNative: Going to acquire mVariableLock.
03-24 04:14:11.400 D/A2dpService( 5359): messageFromNative: Acquired mVariableLock
03-24 04:14:11.400 D/A2dpService( 5359): messageFromNative: Released mVariableLock
03-24 04:14:11.402 D/A2dpService( 5359): messageFromNative: Sending STACK_EVENT: A2dpStackEvent {type:EVENT_TYPE_CODEC_CONFIG_CHANGED, device:14:3F:A6:D2:4D:63, value1:0, codecStatus:{mCodecConfig:{codecName:AAC,mCodecType:1,mCodecPriority:2001,mSampleRate:0x1(44100),mBitsPerSample:0x1(16),mChannelMode:0x2(STEREO),mCodecSpecific1:0,mCodecSpecific2:0,mCodecSpecific3:0,mCodecSpecific4:0},mCodecsLocalCapabilities:[{codecName:AAC,mCodecType:1,mCodecPriority:2001,mSampleRate:0x1(44100),mBitsPerSample:0x1(16),mChannelMode:0x2(STEREO),mCodecSpecific1:0,mCodecSpecific2:0,mCodecSpecific3:0,mCodecSpecific4:0}, {codecName:SBC,mCodecType:0,mCodecPriority:1001,mSampleRate:0x1(44100),mBitsPerSample:0x1(16),mChannelMode:0x3(MONO|STEREO),mCodecSpecific1:0,mCodecSpecific2:0,mCodecSpecific3:0,mCodecSpecific4:0}],mCodecsSelectableCapabilities:[{codecName:AAC,mCodecType:1,mCodecPriority:2001,mSampleRate:0x1(44100),mBitsPerSample:0x1(16),mChannelMode:0x2(STEREO),mCodecSpecific1:0,mCodecSpecific2:0,mCodecSpecific3:0,mCodecSpecific4:0}, {codecName:SBC,mCodecType:0,mCodecPriority:1001,mSampleRate:0x1(44100),mBitsPerSample:0x1(16),mChannelMode:0x3(MONO|STEREO),mCodecSpecific1:0,mCodecSpecific2:0,mCodecSpecific3:0,mCodecSpecific4:0}]}} to sm.
03-24 04:14:11.402 D/A2dpStateMachine( 5359): handleMessage: E msg.what=101
03-24 04:14:11.402 D/A2dpStateMachine( 5359): processMsg: Connecting
03-24 04:14:11.402 D/A2dpStateMachine( 5359): Connecting process message(14:3F:A6:D2:4D:63): STACK_EVENT
03-24 04:14:11.404 D/A2dpStateMachine( 5359): Connecting: stack event: A2dpStackEvent {type:EVENT_TYPE_CODEC_CONFIG_CHANGED, device:14:3F:A6:D2:4D:63, value1:0, codecStatus:{mCodecConfig:{codecName:AAC,mCodecType:1,mCodecPriority:2001,mSampleRate:0x1(44100),mBitsPerSample:0x1(16),mChannelMode:0x2(STEREO),mCodecSpecific1:0,mCodecSpecific2:0,mCodecSpecific3:0,mCodecSpecific4:0},mCodecsLocalCapabilities:[{codecName:AAC,mCodecType:1,mCodecPriority:2001,mSampleRate:0x1(44100),mBitsPerSample:0x1(16),mChannelMode:0x2(STEREO),mCodecSpecific1:0,mCodecSpecific2:0,mCodecSpecific3:0,mCodecSpecific4:0}, {codecName:SBC,mCodecType:0,mCodecPriority:1001,mSampleRate:0x1(44100),mBitsPerSample:0x1(16),mChannelMode:0x3(MONO|STEREO),mCodecSpecific1:0,mCodecSpecific2:0,mCodecSpecific3:0,mCodecSpecific4:0}],mCodecsSelectableCapabilities:[{codecName:AAC,mCodecType:1,mCodecPriority:2001,mSampleRate:0x1(44100),mBitsPerSample:0x1(16),mChannelMode:0x2(STEREO),mCodecSpecific1:0,mCodecSpecific2:0,mCodecSpecific3:0,mCodecSpecific4:0}, {codecName:SBC,mCodecType:0,mCodecPriority:1001,mSampleRate:0x1(44100),mBitsPerSample:0x1(16),mChannelMode:0x3(MONO|STEREO),mCodecSpecific1:0,mCodecSpecific2:0,mCodecSpecific3:0,mCodecSpecific4:0}]}}
03-24 04:14:11.404 V/A2dpStateMachine( 5359): isSplitA2dpEnabled: true
03-24 04:14:11.404 W/A2dpStateMachine( 5359): processCodecConfigEvent: new_codec_type = 1
03-24 04:14:11.405 D/A2dpStateMachine( 5359): A2DP Codec Config: null->{codecName:AAC,mCodecType:1,mCodecPriority:2001,mSampleRate:0x1(44100),mBitsPerSample:0x1(16),mChannelMode:0x2(STEREO),mCodecSpecific1:0,mCodecSpecific2:0,mCodecSpecific3:0,mCodecSpecific4:0}
03-24 04:14:11.405 D/A2dpStateMachine( 5359): A2DP Codec Local Capability: {codecName:AAC,mCodecType:1,mCodecPriority:2001,mSampleRate:0x1(44100),mBitsPerSample:0x1(16),mChannelMode:0x2(STEREO),mCodecSpecific1:0,mCodecSpecific2:0,mCodecSpecific3:0,mCodecSpecific4:0}
