03-24 04:04:39.998 I/notification_visibility( 1526): [-1|android|26|null|1000,0,1200923,1200923,0,0]
03-24 04:04:39.998 I/sysui_multi_action( 1526): [757,128,758,2,793,1196221,794,3389,795,1196221,796,17303299,797,com.android.wifi,798,1,806,android,857,NETWORK_AVAILABLE,858,2,947,0,1395,3,1500,1196018,1688,1]
03-24 04:04:39.998 I/notification_visibility( 1526): [0|android|17303299|com.android.wifi|1000,0,1196221,1196221,0,1]
03-24 04:04:39.999 I/sysui_multi_action( 1526): [757,128,758,2,793,1201674,794,3390,795,1201674,796,32,798,2,806,android,857,USB,858,1,947,0,1395,3,1500,1201434,1688,1]
03-24 04:04:39.999 I/notification_visibility( 1526): [-1|android|32|null|1000,0,1201674,1201674,0,2]
03-24 04:04:39.999 I/sysui_multi_action( 1526): [757,127,758,2]
03-24 04:04:40.000 I/notification_panel_hidden( 1526):
03-24 04:04:40.021 I/input_focus( 1526): [Focus leaving 6c18c NotificationShade (server),reason=NOT_FOCUSABLE]
03-24 04:04:40.021 I/input_focus( 1526): [Focus entering d2645fe com.android.launcher3/com.android.launcher3.uioverrides.QuickstepLauncher (server),reason=setFocusedWindow]
03-24 04:05:32.378 I/sysui_multi_action( 1526): [757,1696,758,6,759,2]
03-24 04:05:32.381 I/am_wtf ( 1526): [0,1526,system_server,-1,DisplayDeviceConfig,requesting nits when no mapping exists.]
03-24 04:05:32.384 I/am_wtf ( 1526): [0,1526,system_server,-1,DisplayDeviceConfig,requesting nits when no mapping exists.]
03-24 04:05:32.397 I/am_wtf ( 1526): [0,1526,system_server,-1,DisplayDeviceConfig,requesting nits when no mapping exists.]
03-24 04:05:32.399 I/am_wtf ( 1526): [0,1526,system_server,-1,DisplayDeviceConfig,requesting nits when no mapping exists.]
03-24 04:05:32.413 I/am_wtf ( 1526): [0,1526,system_server,-1,DisplayDeviceConfig,requesting nits when no mapping exists.]
03-24 04:05:32.415 I/am_wtf ( 1526): [0,1526,system_server,-1,DisplayDeviceConfig,requesting nits when no mapping exists.]
03-24 04:05:32.424 I/am_wtf ( 1526): [0,1526,system_server,-1,DisplayDeviceConfig,requesting nits when no mapping exists.]
03-24 04:05:32.425 I/am_wtf ( 1526): [0,1526,system_server,-1,DisplayDeviceConfig,requesting nits when no mapping exists.]
03-24 04:05:32.441 I/am_wtf ( 1526): [0,1526,system_server,-1,DisplayDeviceConfig,requesting nits when no mapping exists.]
03-24 04:05:32.442 I/am_wtf ( 1526): [0,1526,system_server,-1,DisplayDeviceConfig,requesting nits when no mapping exists.]
03-24 04:05:32.458 I/am_wtf ( 1526): [0,1526,system_server,-1,DisplayDeviceConfig,requesting nits when no mapping exists.]
03-24 04:05:32.459 I/am_wtf ( 1526): [0,1526,system_server,-1,DisplayDeviceConfig,requesting nits when no mapping exists.]
03-24 04:05:32.475 I/am_wtf ( 1526): [0,1526,system_server,-1,DisplayDeviceConfig,requesting nits when no mapping exists.]
03-24 04:05:32.476 I/am_wtf ( 1526): [0,1526,system_server,-1,DisplayDeviceConfig,requesting nits when no mapping exists.]
03-24 04:05:32.491 I/am_wtf ( 1526): [0,1526,system_server,-1,DisplayDeviceConfig,requesting nits when no mapping exists.]
03-24 04:05:32.492 I/am_wtf ( 1526): [0,1526,system_server,-1,DisplayDeviceConfig,requesting nits when no mapping exists.]
03-24 04:05:32.508 I/am_wtf ( 1526): [0,1526,system_server,-1,DisplayDeviceConfig,requesting nits when no mapping exists.]
03-24 04:05:32.509 I/am_wtf ( 1526): [0,1526,system_server,-1,DisplayDeviceConfig,requesting nits when no mapping exists.]
03-24 04:05:32.525 I/am_wtf ( 1526): [0,1526,system_server,-1,DisplayDeviceConfig,requesting nits when no mapping exists.]
03-24 04:05:32.526 I/service_manager_stats( 1526): [100,32,231525]
03-24 04:05:32.526 I/am_wtf ( 1526): [0,1526,system_server,-1,DisplayDeviceConfig,requesting nits when no mapping exists.]
03-24 04:05:32.542 I/am_wtf ( 1526): [0,1526,system_server,-1,DisplayDeviceConfig,requesting nits when no mapping exists.]
03-24 04:05:32.542 I/am_wtf ( 1526): [0,1526,system_server,-1,DisplayDeviceConfig,requesting nits when no mapping exists.]
03-24 04:05:32.558 I/am_wtf ( 1526): [0,1526,system_server,-1,DisplayDeviceConfig,requesting nits when no mapping exists.]
03-24 04:05:32.559 I/am_wtf ( 1526): [0,1526,system_server,-1,DisplayDeviceConfig,requesting nits when no mapping exists.]
03-24 04:05:32.575 I/am_wtf ( 1526): [0,1526,system_server,-1,DisplayDeviceConfig,requesting nits when no mapping exists.]
03-24 04:05:32.576 I/am_wtf ( 1526): [0,1526,system_server,-1,DisplayDeviceConfig,requesting nits when no mapping exists.]
03-24 04:05:32.592 I/am_wtf ( 1526): [0,1526,system_server,-1,DisplayDeviceConfig,requesting nits when no mapping exists.]
03-24 04:05:32.592 I/am_wtf ( 1526): [0,1526,system_server,-1,DisplayDeviceConfig,requesting nits when no mapping exists.]
03-24 04:05:32.608 I/am_wtf ( 1526): [0,1526,system_server,-1,DisplayDeviceConfig,requesting nits when no mapping exists.]
03-24 04:05:32.609 I/am_wtf ( 1526): [0,1526,system_server,-1,DisplayDeviceConfig,requesting nits when no mapping exists.]
03-24 04:05:32.625 I/am_wtf ( 1526): [0,1526,system_server,-1,DisplayDeviceConfig,requesting nits when no mapping exists.]
03-24 04:05:32.626 I/am_wtf ( 1526): [0,1526,system_server,-1,DisplayDeviceConfig,requesting nits when no mapping exists.]
03-24 04:05:32.642 I/am_wtf ( 1526): [0,1526,system_server,-1,DisplayDeviceConfig,requesting nits when no mapping exists.]
03-24 04:05:32.643 I/am_wtf ( 1526): [0,1526,system_server,-1,DisplayDeviceConfig,requesting nits when no mapping exists.]
03-24 04:05:32.659 I/am_wtf ( 1526): [0,1526,system_server,-1,DisplayDeviceConfig,requesting nits when no mapping exists.]
03-24 04:05:32.660 I/am_wtf ( 1526): [0,1526,system_server,-1,DisplayDeviceConfig,requesting nits when no mapping exists.]
03-24 04:05:32.675 I/am_wtf ( 1526): [0,1526,system_server,-1,DisplayDeviceConfig,requesting nits when no mapping exists.]
03-24 04:05:32.676 I/am_wtf ( 1526): [0,1526,system_server,-1,DisplayDeviceConfig,requesting nits when no mapping exists.]
03-24 04:05:32.692 I/am_wtf ( 1526): [0,1526,system_server,-1,DisplayDeviceConfig,requesting nits when no mapping exists.]
03-24 04:05:32.693 I/am_wtf ( 1526): [0,1526,system_server,-1,DisplayDeviceConfig,requesting nits when no mapping exists.]
03-24 04:05:32.709 I/am_wtf ( 1526): [0,1526,system_server,-1,DisplayDeviceConfig,requesting nits when no mapping exists.]
03-24 04:05:32.709 I/am_wtf ( 1526): [0,1526,system_server,-1,DisplayDeviceConfig,requesting nits when no mapping exists.]
03-24 04:05:32.725 I/am_wtf ( 1526): [0,1526,system_server,-1,DisplayDeviceConfig,requesting nits when no mapping exists.]
03-24 04:05:32.726 I/am_wtf ( 1526): [0,1526,system_server,-1,DisplayDeviceConfig,requesting nits when no mapping exists.]
03-24 04:05:32.742 I/am_wtf ( 1526): [0,1526,system_server,-1,DisplayDeviceConfig,requesting nits when no mapping exists.]
03-24 04:05:32.743 I/am_wtf ( 1526): [0,1526,system_server,-1,DisplayDeviceConfig,requesting nits when no mapping exists.]
03-24 04:05:32.759 I/am_wtf ( 1526): [0,1526,system_server,-1,DisplayDeviceConfig,requesting nits when no mapping exists.]
03-24 04:05:32.760 I/am_wtf ( 1526): [0,1526,system_server,-1,DisplayDeviceConfig,requesting nits when no mapping exists.]
03-24 04:05:32.775 I/am_wtf ( 1526): [0,1526,system_server,-1,DisplayDeviceConfig,requesting nits when no mapping exists.]
03-24 04:05:32.776 I/am_wtf ( 1526): [0,1526,system_server,-1,DisplayDeviceConfig,requesting nits when no mapping exists.]
03-24 04:05:32.792 I/am_wtf ( 1526): [0,1526,system_server,-1,DisplayDeviceConfig,requesting nits when no mapping exists.]
03-24 04:05:32.793 I/am_wtf ( 1526): [0,1526,system_server,-1,DisplayDeviceConfig,requesting nits when no mapping exists.]
03-24 04:05:32.809 I/am_wtf ( 1526): [0,1526,system_server,-1,DisplayDeviceConfig,requesting nits when no mapping exists.]
03-24 04:05:32.810 I/am_wtf ( 1526): [0,1526,system_server,-1,DisplayDeviceConfig,requesting nits when no mapping exists.]
03-24 04:05:32.826 I/am_wtf ( 1526): [0,1526,system_server,-1,DisplayDeviceConfig,requesting nits when no mapping exists.]
03-24 04:05:32.827 I/am_wtf ( 1526): [0,1526,system_server,-1,DisplayDeviceConfig,requesting nits when no mapping exists.]
03-24 04:05:32.843 I/am_wtf ( 1526): [0,1526,system_server,-1,DisplayDeviceConfig,requesting nits when no mapping exists.]
03-24 04:05:32.844 I/am_wtf ( 1526): [0,1526,system_server,-1,DisplayDeviceConfig,requesting nits when no mapping exists.]
03-24 04:05:32.860 I/am_wtf ( 1526): [0,1526,system_server,-1,DisplayDeviceConfig,requesting nits when no mapping exists.]
03-24 04:05:32.861 I/am_wtf ( 1526): [0,1526,system_server,-1,DisplayDeviceConfig,requesting nits when no mapping exists.]
03-24 04:05:32.876 I/am_wtf ( 1526): [0,1526,system_server,-1,DisplayDeviceConfig,requesting nits when no mapping exists.]
03-24 04:05:32.877 I/am_wtf ( 1526): [0,1526,system_server,-1,DisplayDeviceConfig,requesting nits when no mapping exists.]
03-24 04:05:32.892 I/am_wtf ( 1526): [0,1526,system_server,-1,DisplayDeviceConfig,requesting nits when no mapping exists.]
03-24 04:05:32.893 I/am_wtf ( 1526): [0,1526,system_server,-1,DisplayDeviceConfig,requesting nits when no mapping exists.]
03-24 04:05:32.910 I/am_wtf ( 1526): [0,1526,system_server,-1,DisplayDeviceConfig,requesting nits when no mapping exists.]
03-24 04:05:32.911 I/am_wtf ( 1526): [0,1526,system_server,-1,DisplayDeviceConfig,requesting nits when no mapping exists.]
03-24 04:05:32.926 I/am_wtf ( 1526): [0,1526,system_server,-1,DisplayDeviceConfig,requesting nits when no mapping exists.]
03-24 04:05:32.927 I/am_wtf ( 1526): [0,1526,system_server,-1,DisplayDeviceConfig,requesting nits when no mapping exists.]
03-24 04:05:32.943 I/am_wtf ( 1526): [0,1526,system_server,-1,DisplayDeviceConfig,requesting nits when no mapping exists.]
03-24 04:05:32.944 I/am_wtf ( 1526): [0,1526,system_server,-1,DisplayDeviceConfig,requesting nits when no mapping exists.]
03-24 04:05:32.960 I/am_wtf ( 1526): [0,1526,system_server,-1,DisplayDeviceConfig,requesting nits when no mapping exists.]
03-24 04:05:32.960 I/am_wtf ( 1526): [0,1526,system_server,-1,DisplayDeviceConfig,requesting nits when no mapping exists.]
03-24 04:05:32.976 I/am_wtf ( 1526): [0,1526,system_server,-1,DisplayDeviceConfig,requesting nits when no mapping exists.]
03-24 04:05:32.976 I/am_wtf ( 1526): [0,1526,system_server,-1,DisplayDeviceConfig,requesting nits when no mapping exists.]
03-24 04:05:32.993 I/am_wtf ( 1526): [0,1526,system_server,-1,DisplayDeviceConfig,requesting nits when no mapping exists.]
03-24 04:05:32.994 I/am_wtf ( 1526): [0,1526,system_server,-1,DisplayDeviceConfig,requesting nits when no mapping exists.]
03-24 04:05:33.009 I/am_wtf ( 1526): [0,1526,system_server,-1,DisplayDeviceConfig,requesting nits when no mapping exists.]
03-24 04:05:33.010 I/am_wtf ( 1526): [0,1526,system_server,-1,DisplayDeviceConfig,requesting nits when no mapping exists.]
03-24 04:05:33.026 I/am_wtf ( 1526): [0,1526,system_server,-1,DisplayDeviceConfig,requesting nits when no mapping exists.]
03-24 04:05:33.027 I/am_wtf ( 1526): [0,1526,system_server,-1,DisplayDeviceConfig,requesting nits when no mapping exists.]
03-24 04:05:33.043 I/am_wtf ( 1526): [0,1526,system_server,-1,DisplayDeviceConfig,requesting nits when no mapping exists.]
03-24 04:05:33.044 I/am_wtf ( 1526): [0,1526,system_server,-1,DisplayDeviceConfig,requesting nits when no mapping exists.]
03-24 04:05:33.060 I/am_wtf ( 1526): [0,1526,system_server,-1,DisplayDeviceConfig,requesting nits when no mapping exists.]
03-24 04:05:33.061 I/am_wtf ( 1526): [0,1526,system_server,-1,DisplayDeviceConfig,requesting nits when no mapping exists.]
03-24 04:05:33.076 I/am_wtf ( 1526): [0,1526,system_server,-1,DisplayDeviceConfig,requesting nits when no mapping exists.]
03-24 04:05:33.077 I/am_wtf ( 1526): [0,1526,system_server,-1,DisplayDeviceConfig,requesting nits when no mapping exists.]
03-24 04:05:33.093 I/am_wtf ( 1526): [0,1526,system_server,-1,DisplayDeviceConfig,requesting nits when no mapping exists.]
03-24 04:05:33.094 I/am_wtf ( 1526): [0,1526,system_server,-1,DisplayDeviceConfig,requesting nits when no mapping exists.]
03-24 04:05:33.110 I/am_wtf ( 1526): [0,1526,system_server,-1,DisplayDeviceConfig,requesting nits when no mapping exists.]
03-24 04:05:33.111 I/am_wtf ( 1526): [0,1526,system_server,-1,DisplayDeviceConfig,requesting nits when no mapping exists.]
03-24 04:05:33.126 I/am_wtf ( 1526): [0,1526,system_server,-1,DisplayDeviceConfig,requesting nits when no mapping exists.]
03-24 04:05:33.127 I/am_wtf ( 1526): [0,1526,system_server,-1,DisplayDeviceConfig,requesting nits when no mapping exists.]
03-24 04:05:33.143 I/am_wtf ( 1526): [0,1526,system_server,-1,DisplayDeviceConfig,requesting nits when no mapping exists.]
03-24 04:05:33.144 I/am_wtf ( 1526): [0,1526,system_server,-1,DisplayDeviceConfig,requesting nits when no mapping exists.]
03-24 04:05:33.159 I/am_wtf ( 1526): [0,1526,system_server,-1,DisplayDeviceConfig,requesting nits when no mapping exists.]
03-24 04:05:33.160 I/am_wtf ( 1526): [0,1526,system_server,-1,DisplayDeviceConfig,requesting nits when no mapping exists.]
03-24 04:05:33.176 I/am_wtf ( 1526): [0,1526,system_server,-1,DisplayDeviceConfig,requesting nits when no mapping exists.]
03-24 04:05:33.177 I/am_wtf ( 1526): [0,1526,system_server,-1,DisplayDeviceConfig,requesting nits when no mapping exists.]
03-24 04:05:33.193 I/am_wtf ( 1526): [0,1526,system_server,-1,DisplayDeviceConfig,requesting nits when no mapping exists.]
03-24 04:05:33.194 I/am_wtf ( 1526): [0,1526,system_server,-1,DisplayDeviceConfig,requesting nits when no mapping exists.]
03-24 04:05:33.210 I/am_wtf ( 1526): [0,1526,system_server,-1,DisplayDeviceConfig,requesting nits when no mapping exists.]
03-24 04:05:33.211 I/am_wtf ( 1526): [0,1526,system_server,-1,DisplayDeviceConfig,requesting nits when no mapping exists.]
03-24 04:05:33.226 I/am_wtf ( 1526): [0,1526,system_server,-1,DisplayDeviceConfig,requesting nits when no mapping exists.]
03-24 04:05:33.227 I/am_wtf ( 1526): [0,1526,system_server,-1,DisplayDeviceConfig,requesting nits when no mapping exists.]
03-24 04:05:33.244 I/am_wtf ( 1526): [0,1526,system_server,-1,DisplayDeviceConfig,requesting nits when no mapping exists.]
03-24 04:05:33.245 I/am_wtf ( 1526): [0,1526,system_server,-1,DisplayDeviceConfig,requesting nits when no mapping exists.]
03-24 04:05:33.260 I/am_wtf ( 1526): [0,1526,system_server,-1,DisplayDeviceConfig,requesting nits when no mapping exists.]
03-24 04:05:33.261 I/am_wtf ( 1526): [0,1526,system_server,-1,DisplayDeviceConfig,requesting nits when no mapping exists.]
03-24 04:05:33.277 I/am_wtf ( 1526): [0,1526,system_server,-1,DisplayDeviceConfig,requesting nits when no mapping exists.]
03-24 04:05:33.277 I/am_wtf ( 1526): [0,1526,system_server,-1,DisplayDeviceConfig,requesting nits when no mapping exists.]
03-24 04:05:33.294 I/am_wtf ( 1526): [0,1526,system_server,-1,DisplayDeviceConfig,requesting nits when no mapping exists.]
03-24 04:05:33.295 I/am_wtf ( 1526): [0,1526,system_server,-1,DisplayDeviceConfig,requesting nits when no mapping exists.]
03-24 04:05:33.311 I/am_wtf ( 1526): [0,1526,system_server,-1,DisplayDeviceConfig,requesting nits when no mapping exists.]
03-24 04:05:33.311 I/am_wtf ( 1526): [0,1526,system_server,-1,DisplayDeviceConfig,requesting nits when no mapping exists.]
03-24 04:05:33.327 I/am_wtf ( 1526): [0,1526,system_server,-1,DisplayDeviceConfig,requesting nits when no mapping exists.]
03-24 04:05:33.327 I/am_wtf ( 1526): [0,1526,system_server,-1,DisplayDeviceConfig,requesting nits when no mapping exists.]
03-24 04:05:35.638 I/am_uid_idle( 1526): 10041
03-24 04:05:39.377 I/sysui_multi_action( 1526): [757,222,758,1]
03-24 04:05:39.379 I/am_uid_active( 1526): 10041
03-24 04:05:39.391 I/wm_task_created( 1526): [27,-1]
03-24 04:05:39.396 I/wm_task_moved( 1526): [27,1,8]
03-24 04:05:39.396 I/wm_task_to_front( 1526): [0,27]
03-24 04:05:39.396 I/wm_create_task( 1526): [0,27]
03-24 04:05:39.396 I/wm_create_activity( 1526): [0,11078180,27,com.thundercomm.screensaver/android.service.dreams.DreamActivity,NULL,NULL,NULL,276824064]
03-24 04:05:39.396 I/wm_task_moved( 1526): [27,1,8]
03-24 04:05:39.397 I/wm_on_top_resumed_lost_called( 2550): [116754269,com.android.launcher3.uioverrides.QuickstepLauncher,topStateChangedWhenResumed]
03-24 04:05:39.397 I/wm_pause_activity( 1526): [0,116754269,com.android.launcher3/.uioverrides.QuickstepLauncher,userLeaving=true,pauseBackTasks]
03-24 04:05:39.399 I/wm_on_paused_called( 2550): [116754269,com.android.launcher3.uioverrides.QuickstepLauncher,performPause]
03-24 04:05:39.401 I/wm_add_to_stopping( 1526): [0,116754269,com.android.launcher3/.uioverrides.QuickstepLauncher,makeInvisible]
03-24 04:05:39.401 I/wm_restart_activity( 1526): [0,11078180,27,com.thundercomm.screensaver/android.service.dreams.DreamActivity]
03-24 04:05:39.402 I/wm_set_resumed_activity( 1526): [0,com.thundercomm.screensaver/android.service.dreams.DreamActivity,minimalResumeActivityLocked]
03-24 04:05:39.405 I/sysui_multi_action( 1526): [757,803,799,window_time_0,802,64]
03-24 04:05:39.407 I/wm_on_create_called( 4218): [11078180,android.service.dreams.DreamActivity,performCreate]
03-24 04:05:39.407 I/wm_on_start_called( 4218): [11078180,android.service.dreams.DreamActivity,handleStartActivity]
03-24 04:05:39.407 I/wm_on_resume_called( 4218): [11078180,android.service.dreams.DreamActivity,RESUME_ACTIVITY]
03-24 04:05:39.409 I/wm_on_top_resumed_gained_called( 4218): [11078180,android.service.dreams.DreamActivity,topStateChangedWhenResumed]
03-24 04:05:39.426 I/input_focus( 1526): [Focus leaving d2645fe com.android.launcher3/com.android.launcher3.uioverrides.QuickstepLauncher (server),reason=NO_WINDOW]
03-24 04:05:39.430 I/input_focus( 1526): [Focus request 27ea490 com.thundercomm.screensaver/android.service.dreams.DreamActivity,reason=UpdateInputWindows]
03-24 04:05:39.438 I/sysui_multi_action( 1526): [319,47,322,47,325,1271,757,761,758,8,759,2,806,com.thundercomm.screensaver,871,android.service.dreams.DreamActivity,904,com.thundercomm.screensaver,905,0,1320,4,1321,2]
03-24 04:05:39.438 I/sysui_multi_action( 1526): [757,1696,758,6,759,3]
03-24 04:05:39.438 I/wm_activity_launch_time( 1526): [0,11078180,com.thundercomm.screensaver/android.service.dreams.DreamActivity,47]
03-24 04:05:39.443 I/am_wtf ( 1526): [0,1526,system_server,-1,DisplayDeviceConfig,requesting nits when no mapping exists.]
03-24 04:05:39.443 I/am_wtf ( 1526): [0,1526,system_server,-1,DisplayDeviceConfig,requesting nits when no mapping exists.]
03-24 04:05:39.459 I/am_wtf ( 1526): [0,1526,system_server,-1,DisplayDeviceConfig,requesting nits when no mapping exists.]
03-24 04:05:39.459 I/service_manager_stats( 1526): [100,45,6934]
03-24 04:05:39.460 I/am_wtf ( 1526): [0,1526,system_server,-1,DisplayDeviceConfig,requesting nits when no mapping exists.]
03-24 04:05:39.460 I/input_focus( 1526): [Focus entering 27ea490 com.thundercomm.screensaver/android.service.dreams.DreamActivity (server),reason=Window became focusable. Previous reason: NOT_VISIBLE]
03-24 04:05:39.476 I/am_wtf ( 1526): [0,1526,system_server,-1,DisplayDeviceConfig,requesting nits when no mapping exists.]
03-24 04:05:39.476 I/am_wtf ( 1526): [0,1526,system_server,-1,DisplayDeviceConfig,requesting nits when no mapping exists.]
03-24 04:05:39.493 I/am_wtf ( 1526): [0,1526,system_server,-1,DisplayDeviceConfig,requesting nits when no mapping exists.]
03-24 04:05:39.493 I/am_wtf ( 1526): [0,1526,system_server,-1,DisplayDeviceConfig,requesting nits when no mapping exists.]
03-24 04:05:39.510 I/am_wtf ( 1526): [0,1526,system_server,-1,DisplayDeviceConfig,requesting nits when no mapping exists.]
03-24 04:05:39.510 I/am_wtf ( 1526): [0,1526,system_server,-1,DisplayDeviceConfig,requesting nits when no mapping exists.]
03-24 04:05:39.526 I/am_wtf ( 1526): [0,1526,system_server,-1,DisplayDeviceConfig,requesting nits when no mapping exists.]
03-24 04:05:39.527 I/am_wtf ( 1526): [0,1526,system_server,-1,DisplayDeviceConfig,requesting nits when no mapping exists.]
03-24 04:05:39.543 I/am_wtf ( 1526): [0,1526,system_server,-1,DisplayDeviceConfig,requesting nits when no mapping exists.]
03-24 04:05:39.543 I/am_wtf ( 1526): [0,1526,system_server,-1,DisplayDeviceConfig,requesting nits when no mapping exists.]
03-24 04:05:39.560 I/am_wtf ( 1526): [0,1526,system_server,-1,DisplayDeviceConfig,requesting nits when no mapping exists.]
03-24 04:05:39.560 I/am_wtf ( 1526): [0,1526,system_server,-1,DisplayDeviceConfig,requesting nits when no mapping exists.]
03-24 04:05:39.576 I/am_wtf ( 1526): [0,1526,system_server,-1,DisplayDeviceConfig,requesting nits when no mapping exists.]
03-24 04:05:39.577 I/am_wtf ( 1526): [0,1526,system_server,-1,DisplayDeviceConfig,requesting nits when no mapping exists.]
03-24 04:05:39.593 I/am_wtf ( 1526): [0,1526,system_server,-1,DisplayDeviceConfig,requesting nits when no mapping exists.]
03-24 04:05:39.593 I/am_wtf ( 1526): [0,1526,system_server,-1,DisplayDeviceConfig,requesting nits when no mapping exists.]
03-24 04:05:39.610 I/am_wtf ( 1526): [0,1526,system_server,-1,DisplayDeviceConfig,requesting nits when no mapping exists.]
03-24 04:05:39.610 I/am_wtf ( 1526): [0,1526,system_server,-1,DisplayDeviceConfig,requesting nits when no mapping exists.]
03-24 04:05:39.627 I/am_wtf ( 1526): [0,1526,system_server,-1,DisplayDeviceConfig,requesting nits when no mapping exists.]
03-24 04:05:39.627 I/am_wtf ( 1526): [0,1526,system_server,-1,DisplayDeviceConfig,requesting nits when no mapping exists.]
03-24 04:05:39.643 I/am_wtf ( 1526): [0,1526,system_server,-1,DisplayDeviceConfig,requesting nits when no mapping exists.]
03-24 04:05:39.643 I/am_wtf ( 1526): [0,1526,system_server,-1,DisplayDeviceConfig,requesting nits when no mapping exists.]
03-24 04:05:39.660 I/am_wtf ( 1526): [0,1526,system_server,-1,DisplayDeviceConfig,requesting nits when no mapping exists.]
03-24 04:05:39.660 I/am_wtf ( 1526): [0,1526,system_server,-1,DisplayDeviceConfig,requesting nits when no mapping exists.]
03-24 04:05:39.676 I/am_wtf ( 1526): [0,1526,system_server,-1,DisplayDeviceConfig,requesting nits when no mapping exists.]
03-24 04:05:39.677 I/am_wtf ( 1526): [0,1526,system_server,-1,DisplayDeviceConfig,requesting nits when no mapping exists.]
03-24 04:05:39.693 I/am_wtf ( 1526): [0,1526,system_server,-1,DisplayDeviceConfig,requesting nits when no mapping exists.]
03-24 04:05:39.693 I/am_wtf ( 1526): [0,1526,system_server,-1,DisplayDeviceConfig,requesting nits when no mapping exists.]
03-24 04:05:39.710 I/am_wtf ( 1526): [0,1526,system_server,-1,DisplayDeviceConfig,requesting nits when no mapping exists.]
03-24 04:05:39.710 I/am_wtf ( 1526): [0,1526,system_server,-1,DisplayDeviceConfig,requesting nits when no mapping exists.]
03-24 04:05:39.727 I/am_wtf ( 1526): [0,1526,system_server,-1,DisplayDeviceConfig,requesting nits when no mapping exists.]
03-24 04:05:39.727 I/wm_stop_activity( 1526): [0,116754269,com.android.launcher3/.uioverrides.QuickstepLauncher]
03-24 04:05:39.728 I/am_wtf ( 1526): [0,1526,system_server,-1,DisplayDeviceConfig,requesting nits when no mapping exists.]
03-24 04:05:39.743 I/am_wtf ( 1526): [0,1526,system_server,-1,DisplayDeviceConfig,requesting nits when no mapping exists.]
03-24 04:05:39.744 I/am_wtf ( 1526): [0,1526,system_server,-1,DisplayDeviceConfig,requesting nits when no mapping exists.]
03-24 04:05:39.746 I/wm_on_stop_called( 2550): [116754269,com.android.launcher3.uioverrides.QuickstepLauncher,STOP_ACTIVITY_ITEM]
03-24 04:05:39.760 I/am_wtf ( 1526): [0,1526,system_server,-1,DisplayDeviceConfig,requesting nits when no mapping exists.]
03-24 04:05:39.760 I/am_wtf ( 1526): [0,1526,system_server,-1,DisplayDeviceConfig,requesting nits when no mapping exists.]
03-24 04:05:39.777 I/am_wtf ( 1526): [0,1526,system_server,-1,DisplayDeviceConfig,requesting nits when no mapping exists.]
03-24 04:05:39.777 I/am_wtf ( 1526): [0,1526,system_server,-1,DisplayDeviceConfig,requesting nits when no mapping exists.]
03-24 04:05:39.791 I/am_wtf ( 1526): [0,1526,system_server,-1,DisplayDeviceConfig,requesting nits when no mapping exists.]
03-24 04:05:39.791 I/am_wtf ( 1526): [0,1526,system_server,-1,DisplayDeviceConfig,requesting nits when no mapping exists.]
03-24 04:05:39.808 I/am_wtf ( 1526): [0,1526,system_server,-1,DisplayDeviceConfig,requesting nits when no mapping exists.]
03-24 04:05:39.808 I/am_wtf ( 1526): [0,1526,system_server,-1,DisplayDeviceConfig,requesting nits when no mapping exists.]
03-24 04:05:39.824 I/am_wtf ( 1526): [0,1526,system_server,-1,DisplayDeviceConfig,requesting nits when no mapping exists.]
03-24 04:05:39.825 I/am_wtf ( 1526): [0,1526,system_server,-1,DisplayDeviceConfig,requesting nits when no mapping exists.]
03-24 04:05:39.841 I/am_wtf ( 1526): [0,1526,system_server,-1,DisplayDeviceConfig,requesting nits when no mapping exists.]
03-24 04:05:39.841 I/am_wtf ( 1526): [0,1526,system_server,-1,DisplayDeviceConfig,requesting nits when no mapping exists.]
03-24 04:05:39.858 I/am_wtf ( 1526): [0,1526,system_server,-1,DisplayDeviceConfig,requesting nits when no mapping exists.]
03-24 04:05:39.858 I/am_wtf ( 1526): [0,1526,system_server,-1,DisplayDeviceConfig,requesting nits when no mapping exists.]
03-24 04:05:39.875 I/am_wtf ( 1526): [0,1526,system_server,-1,DisplayDeviceConfig,requesting nits when no mapping exists.]
03-24 04:05:39.875 I/am_wtf ( 1526): [0,1526,system_server,-1,DisplayDeviceConfig,requesting nits when no mapping exists.]
03-24 04:05:39.891 I/am_wtf ( 1526): [0,1526,system_server,-1,DisplayDeviceConfig,requesting nits when no mapping exists.]
03-24 04:05:39.892 I/am_wtf ( 1526): [0,1526,system_server,-1,DisplayDeviceConfig,requesting nits when no mapping exists.]
03-24 04:05:39.908 I/am_wtf ( 1526): [0,1526,system_server,-1,DisplayDeviceConfig,requesting nits when no mapping exists.]
03-24 04:05:39.908 I/am_wtf ( 1526): [0,1526,system_server,-1,DisplayDeviceConfig,requesting nits when no mapping exists.]
03-24 04:05:39.925 I/am_wtf ( 1526): [0,1526,system_server,-1,DisplayDeviceConfig,requesting nits when no mapping exists.]
03-24 04:05:39.925 I/am_wtf ( 1526): [0,1526,system_server,-1,DisplayDeviceConfig,requesting nits when no mapping exists.]
03-24 04:05:39.941 I/am_wtf ( 1526): [0,1526,system_server,-1,DisplayDeviceConfig,requesting nits when no mapping exists.]
03-24 04:05:39.941 I/am_wtf ( 1526): [0,1526,system_server,-1,DisplayDeviceConfig,requesting nits when no mapping exists.]
03-24 04:05:39.958 I/am_wtf ( 1526): [0,1526,system_server,-1,DisplayDeviceConfig,requesting nits when no mapping exists.]
03-24 04:05:39.958 I/am_wtf ( 1526): [0,1526,system_server,-1,DisplayDeviceConfig,requesting nits when no mapping exists.]
03-24 04:05:39.975 I/am_wtf ( 1526): [0,1526,system_server,-1,DisplayDeviceConfig,requesting nits when no mapping exists.]
03-24 04:05:39.975 I/am_wtf ( 1526): [0,1526,system_server,-1,DisplayDeviceConfig,requesting nits when no mapping exists.]
03-24 04:05:39.991 I/am_wtf ( 1526): [0,1526,system_server,-1,DisplayDeviceConfig,requesting nits when no mapping exists.]
03-24 04:05:39.992 I/am_wtf ( 1526): [0,1526,system_server,-1,DisplayDeviceConfig,requesting nits when no mapping exists.]
03-24 04:05:40.008 I/am_wtf ( 1526): [0,1526,system_server,-1,DisplayDeviceConfig,requesting nits when no mapping exists.]
03-24 04:05:40.008 I/am_wtf ( 1526): [0,1526,system_server,-1,DisplayDeviceConfig,requesting nits when no mapping exists.]
03-24 04:05:40.025 I/am_wtf ( 1526): [0,1526,system_server,-1,DisplayDeviceConfig,requesting nits when no mapping exists.]
03-24 04:05:40.025 I/am_wtf ( 1526): [0,1526,system_server,-1,DisplayDeviceConfig,requesting nits when no mapping exists.]
03-24 04:05:40.042 I/am_wtf ( 1526): [0,1526,system_server,-1,DisplayDeviceConfig,requesting nits when no mapping exists.]
03-24 04:05:40.042 I/am_wtf ( 1526): [0,1526,system_server,-1,DisplayDeviceConfig,requesting nits when no mapping exists.]
03-24 04:05:40.058 I/am_wtf ( 1526): [0,1526,system_server,-1,DisplayDeviceConfig,requesting nits when no mapping exists.]
03-24 04:05:40.058 I/am_wtf ( 1526): [0,1526,system_server,-1,DisplayDeviceConfig,requesting nits when no mapping exists.]
03-24 04:05:40.075 I/am_wtf ( 1526): [0,1526,system_server,-1,DisplayDeviceConfig,requesting nits when no mapping exists.]
03-24 04:05:40.075 I/am_wtf ( 1526): [0,1526,system_server,-1,DisplayDeviceConfig,requesting nits when no mapping exists.]
03-24 04:05:40.092 I/am_wtf ( 1526): [0,1526,system_server,-1,DisplayDeviceConfig,requesting nits when no mapping exists.]
03-24 04:05:40.092 I/am_wtf ( 1526): [0,1526,system_server,-1,DisplayDeviceConfig,requesting nits when no mapping exists.]
03-24 04:05:40.108 I/am_wtf ( 1526): [0,1526,system_server,-1,DisplayDeviceConfig,requesting nits when no mapping exists.]
03-24 04:05:40.109 I/am_wtf ( 1526): [0,1526,system_server,-1,DisplayDeviceConfig,requesting nits when no mapping exists.]
03-24 04:05:40.125 I/am_wtf ( 1526): [0,1526,system_server,-1,DisplayDeviceConfig,requesting nits when no mapping exists.]
03-24 04:05:40.125 I/am_wtf ( 1526): [0,1526,system_server,-1,DisplayDeviceConfig,requesting nits when no mapping exists.]
03-24 04:05:40.142 I/am_wtf ( 1526): [0,1526,system_server,-1,DisplayDeviceConfig,requesting nits when no mapping exists.]
03-24 04:05:40.142 I/am_wtf ( 1526): [0,1526,system_server,-1,DisplayDeviceConfig,requesting nits when no mapping exists.]
03-24 04:05:40.158 I/am_wtf ( 1526): [0,1526,system_server,-1,DisplayDeviceConfig,requesting nits when no mapping exists.]
03-24 04:05:40.159 I/am_wtf ( 1526): [0,1526,system_server,-1,DisplayDeviceConfig,requesting nits when no mapping exists.]
03-24 04:05:40.175 I/am_wtf ( 1526): [0,1526,system_server,-1,DisplayDeviceConfig,requesting nits when no mapping exists.]
03-24 04:05:40.175 I/am_wtf ( 1526): [0,1526,system_server,-1,DisplayDeviceConfig,requesting nits when no mapping exists.]
03-24 04:05:40.192 I/am_wtf ( 1526): [0,1526,system_server,-1,DisplayDeviceConfig,requesting nits when no mapping exists.]
03-24 04:05:40.192 I/am_wtf ( 1526): [0,1526,system_server,-1,DisplayDeviceConfig,requesting nits when no mapping exists.]
03-24 04:05:40.209 I/am_wtf ( 1526): [0,1526,system_server,-1,DisplayDeviceConfig,requesting nits when no mapping exists.]
03-24 04:05:40.209 I/am_wtf ( 1526): [0,1526,system_server,-1,DisplayDeviceConfig,requesting nits when no mapping exists.]
03-24 04:05:40.225 I/am_wtf ( 1526): [0,1526,system_server,-1,DisplayDeviceConfig,requesting nits when no mapping exists.]
03-24 04:05:40.225 I/am_wtf ( 1526): [0,1526,system_server,-1,DisplayDeviceConfig,requesting nits when no mapping exists.]
03-24 04:05:40.242 I/am_wtf ( 1526): [0,1526,system_server,-1,DisplayDeviceConfig,requesting nits when no mapping exists.]
03-24 04:05:40.242 I/am_wtf ( 1526): [0,1526,system_server,-1,DisplayDeviceConfig,requesting nits when no mapping exists.]
03-24 04:05:40.259 I/am_wtf ( 1526): [0,1526,system_server,-1,DisplayDeviceConfig,requesting nits when no mapping exists.]
03-24 04:05:40.259 I/am_wtf ( 1526): [0,1526,system_server,-1,DisplayDeviceConfig,requesting nits when no mapping exists.]
03-24 04:05:40.275 I/am_wtf ( 1526): [0,1526,system_server,-1,DisplayDeviceConfig,requesting nits when no mapping exists.]
03-24 04:05:40.276 I/am_wtf ( 1526): [0,1526,system_server,-1,DisplayDeviceConfig,requesting nits when no mapping exists.]
03-24 04:05:40.292 I/am_wtf ( 1526): [0,1526,system_server,-1,DisplayDeviceConfig,requesting nits when no mapping exists.]
03-24 04:05:40.292 I/am_wtf ( 1526): [0,1526,system_server,-1,DisplayDeviceConfig,requesting nits when no mapping exists.]
03-24 04:05:40.309 I/am_wtf ( 1526): [0,1526,system_server,-1,DisplayDeviceConfig,requesting nits when no mapping exists.]
03-24 04:05:40.309 I/am_wtf ( 1526): [0,1526,system_server,-1,DisplayDeviceConfig,requesting nits when no mapping exists.]
03-24 04:05:40.326 I/am_wtf ( 1526): [0,1526,system_server,-1,DisplayDeviceConfig,requesting nits when no mapping exists.]
03-24 04:05:40.326 I/am_wtf ( 1526): [0,1526,system_server,-1,DisplayDeviceConfig,requesting nits when no mapping exists.]
03-24 04:05:40.342 I/am_wtf ( 1526): [0,1526,system_server,-1,DisplayDeviceConfig,requesting nits when no mapping exists.]
03-24 04:05:40.342 I/am_wtf ( 1526): [0,1526,system_server,-1,DisplayDeviceConfig,requesting nits when no mapping exists.]
03-24 04:05:40.359 I/am_wtf ( 1526): [0,1526,system_server,-1,DisplayDeviceConfig,requesting nits when no mapping exists.]
03-24 04:05:40.359 I/am_wtf ( 1526): [0,1526,system_server,-1,DisplayDeviceConfig,requesting nits when no mapping exists.]
03-24 04:05:40.376 I/am_wtf ( 1526): [0,1526,system_server,-1,DisplayDeviceConfig,requesting nits when no mapping exists.]
03-24 04:05:40.376 I/am_wtf ( 1526): [0,1526,system_server,-1,DisplayDeviceConfig,requesting nits when no mapping exists.]
03-24 04:05:40.392 I/am_wtf ( 1526): [0,1526,system_server,-1,DisplayDeviceConfig,requesting nits when no mapping exists.]
03-24 04:05:40.393 I/am_wtf ( 1526): [0,1526,system_server,-1,DisplayDeviceConfig,requesting nits when no mapping exists.]
03-24 04:05:54.561 I/input_interaction( 1526): Interaction with: 27ea490 com.thundercomm.screensaver/android.service.dreams.DreamActivity (server), edge-swipe (server), swipe-up (server), PointerEventDispatcher0 (server),
03-24 04:05:54.563 I/wm_finish_activity( 1526): [0,11078180,27,com.thundercomm.screensaver/android.service.dreams.DreamActivity,finish-activity]
03-24 04:05:54.564 I/wm_task_moved( 1526): [1,1,7]
03-24 04:05:54.565 I/wm_task_moved( 1526): [15,1,2147483647]
03-24 04:05:54.565 I/wm_task_to_front( 1526): [0,15]
03-24 04:05:54.565 I/wm_focused_root_task( 1526): [0,0,1,27,finish-top adjustFocusToNextFocusableTask]
03-24 04:05:54.565 I/wm_set_resumed_activity( 1526): [0,com.android.launcher3/.uioverrides.QuickstepLauncher,finish-top adjustFocusToNextFocusableTask]
03-24 04:05:54.565 I/service_manager_stats( 1526): [114,19,15106]
03-24 04:05:54.567 I/wm_pause_activity( 1526): [0,11078180,com.thundercomm.screensaver/android.service.dreams.DreamActivity,userLeaving=false,finish]
03-24 04:05:54.573 I/wm_on_top_resumed_lost_called( 4218): [11078180,android.service.dreams.DreamActivity,topStateChangedWhenResumed]
03-24 04:05:54.573 I/sysui_multi_action( 1526): [757,803,799,window_time_0,802,15]
03-24 04:05:54.573 I/wm_on_paused_called( 4218): [11078180,android.service.dreams.DreamActivity,performPause]
03-24 04:05:54.574 I/wm_add_to_stopping( 1526): [0,11078180,com.thundercomm.screensaver/android.service.dreams.DreamActivity,completeFinishing]
03-24 04:05:54.576 I/wm_set_resumed_activity( 1526): [0,com.android.launcher3/.uioverrides.QuickstepLauncher,resumeTopActivityInnerLocked]
03-24 04:05:54.578 I/wm_resume_activity( 1526): [0,116754269,15,com.android.launcher3/.uioverrides.QuickstepLauncher]
03-24 04:05:54.586 I/sysui_multi_action( 1526): [757,803,799,window_time_0,802,0]
03-24 04:05:54.597 I/view_enqueue_input_event( 4218): [Motion - Cancel,com.thundercomm.screensaver/android.service.dreams.DreamActivity]
03-24 04:05:54.597 I/input_focus( 1526): [Focus leaving 27ea490 com.thundercomm.screensaver/android.service.dreams.DreamActivity (server),reason=NO_WINDOW]
03-24 04:05:54.598 I/input_interaction( 1526): Interaction with: edge-swipe (server), swipe-up (server), PointerEventDispatcher0 (server),
03-24 04:05:54.598 I/wm_on_restart_called( 2550): [116754269,com.android.launcher3.uioverrides.QuickstepLauncher,performRestartActivity]
03-24 04:05:54.598 I/wm_on_start_called( 2550): [116754269,com.android.launcher3.uioverrides.QuickstepLauncher,handleStartActivity]
03-24 04:05:54.599 I/wm_on_resume_called( 2550): [116754269,com.android.launcher3.uioverrides.QuickstepLauncher,RESUME_ACTIVITY]
03-24 04:05:54.599 I/wm_on_top_resumed_gained_called( 2550): [116754269,com.android.launcher3.uioverrides.QuickstepLauncher,topWhenResuming]
03-24 04:05:54.620 I/input_focus( 1526): [Focus request d2645fe com.android.launcher3/com.android.launcher3.uioverrides.QuickstepLauncher,reason=UpdateInputWindows]
03-24 04:05:54.631 I/input_focus( 1526): [Focus entering d2645fe com.android.launcher3/com.android.launcher3.uioverrides.QuickstepLauncher (server),reason=setFocusedWindow]
03-24 04:05:54.871 I/wm_destroy_activity( 1526): [0,11078180,27,com.thundercomm.screensaver/android.service.dreams.DreamActivity,finish-imm:idle]
03-24 04:05:54.893 I/wm_on_stop_called( 4218): [11078180,android.service.dreams.DreamActivity,LIFECYCLER_STOP_ACTIVITY]
03-24 04:05:54.894 I/wm_on_destroy_called( 4218): [11078180,android.service.dreams.DreamActivity,performDestroy]
03-24 04:05:54.895 I/sysui_multi_action( 1526): [757,222,758,2]
03-24 04:05:54.895 I/sysui_multi_action( 1526): [757,804,799,dreaming_minutes,801,0,802,1]
03-24 04:05:54.907 I/wm_task_removed( 1526): [27,removeChild:removeChild last r=ActivityRecord{a90a24 u0 com.thundercomm.screensaver/android.service.dreams.DreamActivity t-1 f}} in t=Task{4fa1c9a #27 type=dream A=10041:android:com.thundercomm.screensaver/dream U=0 visible=false mode=fullscreen translucent=true sz=0}]
03-24 04:05:54.907 I/wm_task_removed( 1526): [27,removeChild]
03-24 04:05:59.329 I/input_interaction( 1526): Interaction with: d2645fe com.android.launcher3/com.android.launcher3.uioverrides.QuickstepLauncher (server), d8a170e com.android.systemui.ImageWallpaper (server), edge-swipe (server), swipe-up (server), PointerEventDispatcher0 (server),
03-24 04:05:59.427 I/sysui_multi_action( 1526): [757,127,758,1]
03-24 04:05:59.428 I/sysui_multi_action( 1526): [757,804,799,note_load,801,3,802,1]
03-24 04:05:59.428 I/notification_panel_revealed( 1526): 3
03-24 04:05:59.440 I/input_focus( 1526): [Focus request 6c18c NotificationShade,reason=UpdateInputWindows]
03-24 04:05:59.451 I/sysui_multi_action( 1526): [757,128,758,1,793,1280376,794,0,795,1280376,796,26,798,0,806,android,857,DEVELOPER_IMPORTANT,858,4,947,0,1395,3,1500,1280015,1688,1]
03-24 04:05:59.451 I/sysui_multi_action( 1526): [757,804,799,note_freshness,801,1280376,802,1]
03-24 04:05:59.451 I/notification_visibility( 1526): [-1|android|26|null|1000,1,1280376,1280376,0,0]
03-24 04:05:59.451 I/sysui_multi_action( 1526): [757,128,758,1,793,1275674,794,0,795,1275674,796,17303299,797,com.android.wifi,798,1,806,android,857,NETWORK_AVAILABLE,858,2,947,0,1395,3,1500,1275471,1688,1]
03-24 04:05:59.451 I/sysui_multi_action( 1526): [757,804,799,note_freshness,801,1275674,802,1]
03-24 04:05:59.451 I/notification_visibility( 1526): [0|android|17303299|com.android.wifi|1000,1,1275674,1275674,0,1]
03-24 04:05:59.451 I/sysui_multi_action( 1526): [757,128,758,1,793,1281126,794,0,795,1281126,796,32,798,2,806,android,857,USB,858,1,947,0,1395,3,1500,1280886,1688,1]
03-24 04:05:59.452 I/sysui_multi_action( 1526): [757,804,799,note_freshness,801,1281126,802,1]
03-24 04:05:59.452 I/notification_visibility( 1526): [-1|android|32|null|1000,1,1281126,1281126,0,2]
03-24 04:05:59.462 I/input_focus( 1526): [Focus leaving d2645fe com.android.launcher3/com.android.launcher3.uioverrides.QuickstepLauncher (server),reason=setFocusedWindow]
03-24 04:05:59.462 I/input_focus( 1526): [Focus entering 6c18c NotificationShade (server),reason=setFocusedWindow]
03-24 04:05:59.462 I/input_interaction( 1526): Interaction with: d2645fe com.android.launcher3/com.android.launcher3.uioverrides.QuickstepLauncher (server), d8a170e com.android.systemui.ImageWallpaper (server), 6c18c NotificationShade (server), edge-swipe (server), swipe-up (server), PointerEventDispatcher0 (server),
03-24 04:05:59.463 I/view_enqueue_input_event( 2550): [Motion - Cancel,com.android.launcher3/com.android.launcher3.uioverrides.QuickstepLauncher]
03-24 04:05:59.467 I/sysui_multi_action( 1990): [757,803,799,panel_open,802,1]
03-24 04:05:59.468 I/sysui_multi_action( 1990): [757,1328,758,4,1326,45,1327,11,1329,0]
03-24 04:05:59.478 I/input_interaction( 1526): Interaction with: d8a170e com.android.systemui.ImageWallpaper (server), 6c18c NotificationShade (server), edge-swipe (server), swipe-up (server), PointerEventDispatcher0 (server),
03-24 04:05:59.544 I/sysui_multi_action( 1990): [757,111,758,1]
03-24 04:05:59.544 I/sysui_multi_action( 1990): [757,126,758,1,759,126,927,0,928,1,1593,0]
03-24 04:05:59.544 I/sysui_multi_action( 1990): [757,113,758,1,759,113,927,1,928,1,1593,0]
03-24 04:05:59.544 I/sysui_multi_action( 1990): [757,0,758,1,759,0,927,2,928,0,1593,0]
03-24 04:05:59.545 I/sysui_multi_action( 1990): [757,0,758,1,759,0,927,3,928,0,1593,0]
03-24 04:05:59.545 I/sysui_multi_action( 1990): [757,491,758,1,759,491,927,4,928,0,1311,-1,1593,0]
03-24 04:05:59.545 I/sysui_multi_action( 1990): [757,0,758,1,759,0,927,5,928,0,1593,0]
03-24 04:05:59.545 I/sysui_multi_action( 1990): [757,111,758,1]
03-24 04:05:59.546 I/sysui_multi_action( 1990): [757,126,758,1,759,126,927,0,928,1,1593,0]
03-24 04:05:59.546 I/sysui_multi_action( 1990): [757,113,758,1,759,113,927,1,928,1,1593,0]
03-24 04:05:59.546 I/sysui_multi_action( 1990): [757,0,758,1,759,0,927,2,928,0,1593,0]
03-24 04:05:59.546 I/sysui_multi_action( 1990): [757,0,758,1,759,0,927,3,928,0,1593,0]
03-24 04:06:39.722 I/sysui_multi_action( 1990): [757,210,758,4,759,3]
03-24 04:06:39.747 I/sysui_multi_action( 1990): [757,207,758,1]
03-24 04:06:39.747 I/sysui_multi_action( 1990): [757,804,799,volume_from_keyguard,801,0,802,1]
03-24 04:06:41.321 I/volume_changed( 1526): [3,14,18,39,android]
03-24 04:06:41.358 I/sysui_multi_action( 1990): [757,207,758,1]
03-24 04:06:41.358 I/sysui_multi_action( 1990): [757,804,799,volume_from_keyguard,801,0,802,1]
03-24 04:06:42.044 I/commit_sys_config_file( 1526): [settings-1-0,9]
03-24 04:06:44.360 I/sysui_multi_action( 1990): [757,207,758,2]
03-24 04:06:44.365 I/sysui_multi_action( 1990): [757,210,758,4,759,-1]
03-24 04:06:54.903 I/am_uid_idle( 1526): 10041
03-24 04:07:00.607 I/am_uid_idle( 1526): 10064
03-24 04:07:34.367 I/sysui_multi_action( 1526): [757,1696,758,6,759,2]
03-24 04:07:34.370 I/am_wtf ( 1526): [0,1526,system_server,-1,DisplayDeviceConfig,requesting nits when no mapping exists.]
03-24 04:07:34.373 I/am_wtf ( 1526): [0,1526,system_server,-1,DisplayDeviceConfig,requesting nits when no mapping exists.]
03-24 04:07:34.385 I/am_wtf ( 1526): [0,1526,system_server,-1,DisplayDeviceConfig,requesting nits when no mapping exists.]
03-24 04:07:34.387 I/am_wtf ( 1526): [0,1526,system_server,-1,DisplayDeviceConfig,requesting nits when no mapping exists.]
03-24 04:07:34.403 I/am_wtf ( 1526): [0,1526,system_server,-1,DisplayDeviceConfig,requesting nits when no mapping exists.]
03-24 04:07:34.405 I/am_wtf ( 1526): [0,1526,system_server,-1,DisplayDeviceConfig,requesting nits when no mapping exists.]
03-24 04:07:34.417 I/am_wtf ( 1526): [0,1526,system_server,-1,DisplayDeviceConfig,requesting nits when no mapping exists.]
03-24 04:07:34.419 I/am_wtf ( 1526): [0,1526,system_server,-1,DisplayDeviceConfig,requesting nits when no mapping exists.]
03-24 04:07:34.434 I/am_wtf ( 1526): [0,1526,system_server,-1,DisplayDeviceConfig,requesting nits when no mapping exists.]
03-24 04:07:34.435 I/am_wtf ( 1526): [0,1526,system_server,-1,DisplayDeviceConfig,requesting nits when no mapping exists.]
03-24 04:07:34.451 I/am_wtf ( 1526): [0,1526,system_server,-1,DisplayDeviceConfig,requesting nits when no mapping exists.]
03-24 04:07:34.452 I/am_wtf ( 1526): [0,1526,system_server,-1,DisplayDeviceConfig,requesting nits when no mapping exists.]
03-24 04:07:34.467 I/am_wtf ( 1526): [0,1526,system_server,-1,DisplayDeviceConfig,requesting nits when no mapping exists.]
03-24 04:07:34.469 I/am_wtf ( 1526): [0,1526,system_server,-1,DisplayDeviceConfig,requesting nits when no mapping exists.]
03-24 04:07:34.484 I/am_wtf ( 1526): [0,1526,system_server,-1,DisplayDeviceConfig,requesting nits when no mapping exists.]
03-24 04:07:34.485 I/am_wtf ( 1526): [0,1526,system_server,-1,DisplayDeviceConfig,requesting nits when no mapping exists.]
03-24 04:07:34.502 I/am_wtf ( 1526): [0,1526,system_server,-1,DisplayDeviceConfig,requesting nits when no mapping exists.]
03-24 04:07:34.502 I/am_wtf ( 1526): [0,1526,system_server,-1,DisplayDeviceConfig,requesting nits when no mapping exists.]
03-24 04:07:34.518 I/am_wtf ( 1526): [0,1526,system_server,-1,DisplayDeviceConfig,requesting nits when no mapping exists.]
03-24 04:07:34.519 I/am_wtf ( 1526): [0,1526,system_server,-1,DisplayDeviceConfig,requesting nits when no mapping exists.]
03-24 04:07:34.535 I/am_wtf ( 1526): [0,1526,system_server,-1,DisplayDeviceConfig,requesting nits when no mapping exists.]
03-24 04:07:34.536 I/am_wtf ( 1526): [0,1526,system_server,-1,DisplayDeviceConfig,requesting nits when no mapping exists.]
03-24 04:07:34.552 I/am_wtf ( 1526): [0,1526,system_server,-1,DisplayDeviceConfig,requesting nits when no mapping exists.]
03-24 04:07:34.553 I/am_wtf ( 1526): [0,1526,system_server,-1,DisplayDeviceConfig,requesting nits when no mapping exists.]
03-24 04:07:34.569 I/am_wtf ( 1526): [0,1526,system_server,-1,DisplayDeviceConfig,requesting nits when no mapping exists.]
03-24 04:07:34.570 I/am_wtf ( 1526): [0,1526,system_server,-1,DisplayDeviceConfig,requesting nits when no mapping exists.]
03-24 04:07:34.585 I/am_wtf ( 1526): [0,1526,system_server,-1,DisplayDeviceConfig,requesting nits when no mapping exists.]
03-24 04:07:34.585 I/am_wtf ( 1526): [0,1526,system_server,-1,DisplayDeviceConfig,requesting nits when no mapping exists.]
03-24 04:07:34.601 I/am_wtf ( 1526): [0,1526,system_server,-1,DisplayDeviceConfig,requesting nits when no mapping exists.]
03-24 04:07:34.602 I/am_wtf ( 1526): [0,1526,system_server,-1,DisplayDeviceConfig,requesting nits when no mapping exists.]
03-24 04:07:34.618 I/am_wtf ( 1526): [0,1526,system_server,-1,DisplayDeviceConfig,requesting nits when no mapping exists.]
03-24 04:07:34.619 I/am_wtf ( 1526): [0,1526,system_server,-1,DisplayDeviceConfig,requesting nits when no mapping exists.]
03-24 04:07:34.635 I/am_wtf ( 1526): [0,1526,system_server,-1,DisplayDeviceConfig,requesting nits when no mapping exists.]
03-24 04:07:34.636 I/am_wtf ( 1526): [0,1526,system_server,-1,DisplayDeviceConfig,requesting nits when no mapping exists.]
03-24 04:07:34.652 I/am_wtf ( 1526): [0,1526,system_server,-1,DisplayDeviceConfig,requesting nits when no mapping exists.]
03-24 04:07:34.652 I/am_wtf ( 1526): [0,1526,system_server,-1,DisplayDeviceConfig,requesting nits when no mapping exists.]
03-24 04:07:34.669 I/am_wtf ( 1526): [0,1526,system_server,-1,DisplayDeviceConfig,requesting nits when no mapping exists.]
03-24 04:07:34.669 I/am_wtf ( 1526): [0,1526,system_server,-1,DisplayDeviceConfig,requesting nits when no mapping exists.]
03-24 04:07:34.685 I/am_wtf ( 1526): [0,1526,system_server,-1,DisplayDeviceConfig,requesting nits when no mapping exists.]
03-24 04:07:34.686 I/am_wtf ( 1526): [0,1526,system_server,-1,DisplayDeviceConfig,requesting nits when no mapping exists.]
03-24 04:07:34.702 I/am_wtf ( 1526): [0,1526,system_server,-1,DisplayDeviceConfig,requesting nits when no mapping exists.]
03-24 04:07:34.702 I/am_wtf ( 1526): [0,1526,system_server,-1,DisplayDeviceConfig,requesting nits when no mapping exists.]
03-24 04:07:34.719 I/am_wtf ( 1526): [0,1526,system_server,-1,DisplayDeviceConfig,requesting nits when no mapping exists.]
03-24 04:07:34.720 I/am_wtf ( 1526): [0,1526,system_server,-1,DisplayDeviceConfig,requesting nits when no mapping exists.]
03-24 04:07:34.735 I/am_wtf ( 1526): [0,1526,system_server,-1,DisplayDeviceConfig,requesting nits when no mapping exists.]
03-24 04:07:34.736 I/am_wtf ( 1526): [0,1526,system_server,-1,DisplayDeviceConfig,requesting nits when no mapping exists.]
03-24 04:07:34.752 I/am_wtf ( 1526): [0,1526,system_server,-1,DisplayDeviceConfig,requesting nits when no mapping exists.]
03-24 04:07:34.753 I/am_wtf ( 1526): [0,1526,system_server,-1,DisplayDeviceConfig,requesting nits when no mapping exists.]
03-24 04:07:34.769 I/am_wtf ( 1526): [0,1526,system_server,-1,DisplayDeviceConfig,requesting nits when no mapping exists.]
03-24 04:07:34.770 I/am_wtf ( 1526): [0,1526,system_server,-1,DisplayDeviceConfig,requesting nits when no mapping exists.]
03-24 04:07:34.785 I/am_wtf ( 1526): [0,1526,system_server,-1,DisplayDeviceConfig,requesting nits when no mapping exists.]
03-24 04:07:34.786 I/am_wtf ( 1526): [0,1526,system_server,-1,DisplayDeviceConfig,requesting nits when no mapping exists.]
03-24 04:07:34.802 I/am_wtf ( 1526): [0,1526,system_server,-1,DisplayDeviceConfig,requesting nits when no mapping exists.]
03-24 04:07:34.803 I/am_wtf ( 1526): [0,1526,system_server,-1,DisplayDeviceConfig,requesting nits when no mapping exists.]
03-24 04:07:34.819 I/am_wtf ( 1526): [0,1526,system_server,-1,DisplayDeviceConfig,requesting nits when no mapping exists.]
03-24 04:07:34.819 I/am_wtf ( 1526): [0,1526,system_server,-1,DisplayDeviceConfig,requesting nits when no mapping exists.]
03-24 04:07:34.836 I/am_wtf ( 1526): [0,1526,system_server,-1,DisplayDeviceConfig,requesting nits when no mapping exists.]
03-24 04:07:34.836 I/am_wtf ( 1526): [0,1526,system_server,-1,DisplayDeviceConfig,requesting nits when no mapping exists.]
03-24 04:07:34.852 I/am_wtf ( 1526): [0,1526,system_server,-1,DisplayDeviceConfig,requesting nits when no mapping exists.]
03-24 04:07:34.853 I/am_wtf ( 1526): [0,1526,system_server,-1,DisplayDeviceConfig,requesting nits when no mapping exists.]
03-24 04:07:34.869 I/am_wtf ( 1526): [0,1526,system_server,-1,DisplayDeviceConfig,requesting nits when no mapping exists.]
03-24 04:07:34.869 I/am_wtf ( 1526): [0,1526,system_server,-1,DisplayDeviceConfig,requesting nits when no mapping exists.]
03-24 04:07:34.885 I/am_wtf ( 1526): [0,1526,system_server,-1,DisplayDeviceConfig,requesting nits when no mapping exists.]
03-24 04:07:34.886 I/am_wtf ( 1526): [0,1526,system_server,-1,DisplayDeviceConfig,requesting nits when no mapping exists.]
03-24 04:07:34.902 I/am_wtf ( 1526): [0,1526,system_server,-1,DisplayDeviceConfig,requesting nits when no mapping exists.]
03-24 04:07:34.903 I/am_wtf ( 1526): [0,1526,system_server,-1,DisplayDeviceConfig,requesting nits when no mapping exists.]
