03-24 03:59:46.342 I/am_wtf ( 1526): [0,1526,system_server,-1,DisplayDeviceConfig,requesting nits when no mapping exists.]
03-24 03:59:46.358 I/am_wtf ( 1526): [0,1526,system_server,-1,DisplayDeviceConfig,requesting nits when no mapping exists.]
03-24 03:59:46.359 I/am_wtf ( 1526): [0,1526,system_server,-1,DisplayDeviceConfig,requesting nits when no mapping exists.]
03-24 03:59:46.375 I/am_wtf ( 1526): [0,1526,system_server,-1,DisplayDeviceConfig,requesting nits when no mapping exists.]
03-24 03:59:46.375 I/am_wtf ( 1526): [0,1526,system_server,-1,DisplayDeviceConfig,requesting nits when no mapping exists.]
03-24 03:59:46.392 I/am_wtf ( 1526): [0,1526,system_server,-1,DisplayDeviceConfig,requesting nits when no mapping exists.]
03-24 03:59:46.392 I/am_wtf ( 1526): [0,1526,system_server,-1,DisplayDeviceConfig,requesting nits when no mapping exists.]
03-24 03:59:46.408 I/am_wtf ( 1526): [0,1526,system_server,-1,DisplayDeviceConfig,requesting nits when no mapping exists.]
03-24 03:59:46.409 I/am_wtf ( 1526): [0,1526,system_server,-1,DisplayDeviceConfig,requesting nits when no mapping exists.]
03-24 03:59:46.425 I/am_wtf ( 1526): [0,1526,system_server,-1,DisplayDeviceConfig,requesting nits when no mapping exists.]
03-24 03:59:46.425 I/am_wtf ( 1526): [0,1526,system_server,-1,DisplayDeviceConfig,requesting nits when no mapping exists.]
03-24 03:59:46.442 I/am_wtf ( 1526): [0,1526,system_server,-1,DisplayDeviceConfig,requesting nits when no mapping exists.]
03-24 03:59:46.442 I/am_wtf ( 1526): [0,1526,system_server,-1,DisplayDeviceConfig,requesting nits when no mapping exists.]
03-24 03:59:46.458 I/am_wtf ( 1526): [0,1526,system_server,-1,DisplayDeviceConfig,requesting nits when no mapping exists.]
03-24 03:59:46.459 I/service_manager_stats( 1526): [100,25,6932]
03-24 03:59:46.459 I/am_wtf ( 1526): [0,1526,system_server,-1,DisplayDeviceConfig,requesting nits when no mapping exists.]
03-24 03:59:46.475 I/am_wtf ( 1526): [0,1526,system_server,-1,DisplayDeviceConfig,requesting nits when no mapping exists.]
03-24 03:59:46.475 I/am_wtf ( 1526): [0,1526,system_server,-1,DisplayDeviceConfig,requesting nits when no mapping exists.]
03-24 03:59:46.492 I/am_wtf ( 1526): [0,1526,system_server,-1,DisplayDeviceConfig,requesting nits when no mapping exists.]
03-24 03:59:46.492 I/am_wtf ( 1526): [0,1526,system_server,-1,DisplayDeviceConfig,requesting nits when no mapping exists.]
03-24 03:59:46.509 I/am_wtf ( 1526): [0,1526,system_server,-1,DisplayDeviceConfig,requesting nits when no mapping exists.]
03-24 03:59:46.509 I/am_wtf ( 1526): [0,1526,system_server,-1,DisplayDeviceConfig,requesting nits when no mapping exists.]
03-24 03:59:46.525 I/am_wtf ( 1526): [0,1526,system_server,-1,DisplayDeviceConfig,requesting nits when no mapping exists.]
03-24 03:59:46.525 I/am_wtf ( 1526): [0,1526,system_server,-1,DisplayDeviceConfig,requesting nits when no mapping exists.]
03-24 03:59:46.542 I/am_wtf ( 1526): [0,1526,system_server,-1,DisplayDeviceConfig,requesting nits when no mapping exists.]
03-24 03:59:46.542 I/am_wtf ( 1526): [0,1526,system_server,-1,DisplayDeviceConfig,requesting nits when no mapping exists.]
03-24 03:59:46.559 I/am_wtf ( 1526): [0,1526,system_server,-1,DisplayDeviceConfig,requesting nits when no mapping exists.]
03-24 03:59:46.559 I/am_wtf ( 1526): [0,1526,system_server,-1,DisplayDeviceConfig,requesting nits when no mapping exists.]
03-24 03:59:46.575 I/am_wtf ( 1526): [0,1526,system_server,-1,DisplayDeviceConfig,requesting nits when no mapping exists.]
03-24 03:59:46.576 I/am_wtf ( 1526): [0,1526,system_server,-1,DisplayDeviceConfig,requesting nits when no mapping exists.]
03-24 03:59:46.592 I/am_wtf ( 1526): [0,1526,system_server,-1,DisplayDeviceConfig,requesting nits when no mapping exists.]
03-24 03:59:46.592 I/am_wtf ( 1526): [0,1526,system_server,-1,DisplayDeviceConfig,requesting nits when no mapping exists.]
03-24 03:59:46.609 I/am_wtf ( 1526): [0,1526,system_server,-1,DisplayDeviceConfig,requesting nits when no mapping exists.]
03-24 03:59:46.609 I/am_wtf ( 1526): [0,1526,system_server,-1,DisplayDeviceConfig,requesting nits when no mapping exists.]
03-24 03:59:46.625 I/am_wtf ( 1526): [0,1526,system_server,-1,DisplayDeviceConfig,requesting nits when no mapping exists.]
03-24 03:59:46.626 I/am_wtf ( 1526): [0,1526,system_server,-1,DisplayDeviceConfig,requesting nits when no mapping exists.]
03-24 03:59:46.642 I/am_wtf ( 1526): [0,1526,system_server,-1,DisplayDeviceConfig,requesting nits when no mapping exists.]
03-24 03:59:46.642 I/am_wtf ( 1526): [0,1526,system_server,-1,DisplayDeviceConfig,requesting nits when no mapping exists.]
03-24 03:59:46.659 I/am_wtf ( 1526): [0,1526,system_server,-1,DisplayDeviceConfig,requesting nits when no mapping exists.]
03-24 03:59:46.659 I/am_wtf ( 1526): [0,1526,system_server,-1,DisplayDeviceConfig,requesting nits when no mapping exists.]
03-24 03:59:46.675 I/am_wtf ( 1526): [0,1526,system_server,-1,DisplayDeviceConfig,requesting nits when no mapping exists.]
03-24 03:59:46.676 I/am_wtf ( 1526): [0,1526,system_server,-1,DisplayDeviceConfig,requesting nits when no mapping exists.]
03-24 03:59:46.692 I/am_wtf ( 1526): [0,1526,system_server,-1,DisplayDeviceConfig,requesting nits when no mapping exists.]
03-24 03:59:46.692 I/am_wtf ( 1526): [0,1526,system_server,-1,DisplayDeviceConfig,requesting nits when no mapping exists.]
03-24 03:59:46.709 I/am_wtf ( 1526): [0,1526,system_server,-1,DisplayDeviceConfig,requesting nits when no mapping exists.]
03-24 03:59:46.709 I/am_wtf ( 1526): [0,1526,system_server,-1,DisplayDeviceConfig,requesting nits when no mapping exists.]
03-24 03:59:46.726 I/am_wtf ( 1526): [0,1526,system_server,-1,DisplayDeviceConfig,requesting nits when no mapping exists.]
03-24 03:59:46.726 I/am_wtf ( 1526): [0,1526,system_server,-1,DisplayDeviceConfig,requesting nits when no mapping exists.]
03-24 03:59:46.742 I/am_wtf ( 1526): [0,1526,system_server,-1,DisplayDeviceConfig,requesting nits when no mapping exists.]
03-24 03:59:46.742 I/am_wtf ( 1526): [0,1526,system_server,-1,DisplayDeviceConfig,requesting nits when no mapping exists.]
03-24 04:00:40.248 I/input_interaction( 1526): Interaction with: 35bd386 com.thundercomm.screensaver/android.service.dreams.DreamActivity (server), edge-swipe (server), swipe-up (server), PointerEventDispatcher0 (server),
03-24 04:00:40.252 I/wm_finish_activity( 1526): [0,26243369,25,com.thundercomm.screensaver/android.service.dreams.DreamActivity,finish-activity]
03-24 04:00:40.252 I/wm_task_moved( 1526): [1,1,7]
03-24 04:00:40.253 I/wm_task_moved( 1526): [15,1,2147483647]
03-24 04:00:40.253 I/wm_task_to_front( 1526): [0,15]
03-24 04:00:40.253 I/wm_focused_root_task( 1526): [0,0,1,25,finish-top adjustFocusToNextFocusableTask]
03-24 04:00:40.254 I/wm_set_resumed_activity( 1526): [0,com.android.launcher3/.uioverrides.QuickstepLauncher,finish-top adjustFocusToNextFocusableTask]
03-24 04:00:40.255 I/wm_pause_activity( 1526): [0,26243369,com.thundercomm.screensaver/android.service.dreams.DreamActivity,userLeaving=false,finish]
03-24 04:00:40.260 I/sysui_multi_action( 1526): [757,803,799,window_time_0,802,55]
03-24 04:00:40.262 I/wm_on_top_resumed_lost_called( 4218): [26243369,android.service.dreams.DreamActivity,topStateChangedWhenResumed]
03-24 04:00:40.262 I/wm_on_paused_called( 4218): [26243369,android.service.dreams.DreamActivity,performPause]
03-24 04:00:40.263 I/wm_add_to_stopping( 1526): [0,26243369,com.thundercomm.screensaver/android.service.dreams.DreamActivity,completeFinishing]
03-24 04:00:40.266 I/wm_set_resumed_activity( 1526): [0,com.android.launcher3/.uioverrides.QuickstepLauncher,resumeTopActivityInnerLocked]
03-24 04:00:40.267 I/wm_resume_activity( 1526): [0,116754269,15,com.android.launcher3/.uioverrides.QuickstepLauncher]
03-24 04:00:40.268 I/wm_on_restart_called( 2550): [116754269,com.android.launcher3.uioverrides.QuickstepLauncher,performRestartActivity]
03-24 04:00:40.268 I/wm_on_start_called( 2550): [116754269,com.android.launcher3.uioverrides.QuickstepLauncher,handleStartActivity]
03-24 04:00:40.269 I/wm_on_resume_called( 2550): [116754269,com.android.launcher3.uioverrides.QuickstepLauncher,RESUME_ACTIVITY]
03-24 04:00:40.269 I/wm_on_top_resumed_gained_called( 2550): [116754269,com.android.launcher3.uioverrides.QuickstepLauncher,topWhenResuming]
03-24 04:00:40.279 I/sysui_multi_action( 1526): [757,803,799,window_time_0,802,0]
03-24 04:00:40.291 I/view_enqueue_input_event( 4218): [Motion - Cancel,com.thundercomm.screensaver/android.service.dreams.DreamActivity]
03-24 04:00:40.291 I/input_focus( 1526): [Focus leaving 35bd386 com.thundercomm.screensaver/android.service.dreams.DreamActivity (server),reason=NO_WINDOW]
03-24 04:00:40.297 I/input_interaction( 1526): Interaction with: edge-swipe (server), swipe-up (server), PointerEventDispatcher0 (server),
03-24 04:00:40.311 I/input_focus( 1526): [Focus request d2645fe com.android.launcher3/com.android.launcher3.uioverrides.QuickstepLauncher,reason=UpdateInputWindows]
03-24 04:00:40.325 I/input_focus( 1526): [Focus entering d2645fe com.android.launcher3/com.android.launcher3.uioverrides.QuickstepLauncher (server),reason=setFocusedWindow]
03-24 04:00:40.562 I/wm_destroy_activity( 1526): [0,26243369,25,com.thundercomm.screensaver/android.service.dreams.DreamActivity,finish-imm:idle]
03-24 04:00:40.580 I/wm_on_stop_called( 4218): [26243369,android.service.dreams.DreamActivity,LIFECYCLER_STOP_ACTIVITY]
03-24 04:00:40.581 I/wm_on_destroy_called( 4218): [26243369,android.service.dreams.DreamActivity,performDestroy]
03-24 04:00:40.586 I/sysui_multi_action( 1526): [757,222,758,2]
03-24 04:00:40.586 I/sysui_multi_action( 1526): [757,804,799,dreaming_minutes,801,0,802,1]
03-24 04:00:40.598 I/wm_task_removed( 1526): [25,removeChild:removeChild last r=ActivityRecord{1907129 u0 com.thundercomm.screensaver/android.service.dreams.DreamActivity t-1 f}} in t=Task{691a212 #25 type=dream A=10041:android:com.thundercomm.screensaver/dream U=0 visible=false mode=fullscreen translucent=true sz=0}]
03-24 04:00:40.598 I/wm_task_removed( 1526): [25,removeChild]
03-24 04:01:33.431 I/sysui_multi_action( 1526): [757,1696,758,6,759,2]
03-24 04:01:33.437 I/am_wtf ( 1526): [0,1526,system_server,-1,DisplayDeviceConfig,requesting nits when no mapping exists.]
03-24 04:01:33.440 I/am_wtf ( 1526): [0,1526,system_server,-1,DisplayDeviceConfig,requesting nits when no mapping exists.]
03-24 04:01:33.453 I/am_wtf ( 1526): [0,1526,system_server,-1,DisplayDeviceConfig,requesting nits when no mapping exists.]
03-24 04:01:33.455 I/am_wtf ( 1526): [0,1526,system_server,-1,DisplayDeviceConfig,requesting nits when no mapping exists.]
03-24 04:01:33.467 I/am_wtf ( 1526): [0,1526,system_server,-1,DisplayDeviceConfig,requesting nits when no mapping exists.]
03-24 04:01:33.469 I/am_wtf ( 1526): [0,1526,system_server,-1,DisplayDeviceConfig,requesting nits when no mapping exists.]
03-24 04:01:33.483 I/am_wtf ( 1526): [0,1526,system_server,-1,DisplayDeviceConfig,requesting nits when no mapping exists.]
03-24 04:01:33.484 I/am_wtf ( 1526): [0,1526,system_server,-1,DisplayDeviceConfig,requesting nits when no mapping exists.]
03-24 04:01:33.500 I/am_wtf ( 1526): [0,1526,system_server,-1,DisplayDeviceConfig,requesting nits when no mapping exists.]
03-24 04:01:33.501 I/am_wtf ( 1526): [0,1526,system_server,-1,DisplayDeviceConfig,requesting nits when no mapping exists.]
03-24 04:01:33.517 I/am_wtf ( 1526): [0,1526,system_server,-1,DisplayDeviceConfig,requesting nits when no mapping exists.]
03-24 04:01:33.518 I/am_wtf ( 1526): [0,1526,system_server,-1,DisplayDeviceConfig,requesting nits when no mapping exists.]
03-24 04:01:33.534 I/am_wtf ( 1526): [0,1526,system_server,-1,DisplayDeviceConfig,requesting nits when no mapping exists.]
03-24 04:01:33.535 I/am_wtf ( 1526): [0,1526,system_server,-1,DisplayDeviceConfig,requesting nits when no mapping exists.]
03-24 04:01:33.550 I/am_wtf ( 1526): [0,1526,system_server,-1,DisplayDeviceConfig,requesting nits when no mapping exists.]
03-24 04:01:33.551 I/am_wtf ( 1526): [0,1526,system_server,-1,DisplayDeviceConfig,requesting nits when no mapping exists.]
03-24 04:01:33.567 I/am_wtf ( 1526): [0,1526,system_server,-1,DisplayDeviceConfig,requesting nits when no mapping exists.]
03-24 04:01:33.568 I/am_wtf ( 1526): [0,1526,system_server,-1,DisplayDeviceConfig,requesting nits when no mapping exists.]
03-24 04:01:33.584 I/am_wtf ( 1526): [0,1526,system_server,-1,DisplayDeviceConfig,requesting nits when no mapping exists.]
03-24 04:01:33.585 I/am_wtf ( 1526): [0,1526,system_server,-1,DisplayDeviceConfig,requesting nits when no mapping exists.]
03-24 04:01:33.601 I/am_wtf ( 1526): [0,1526,system_server,-1,DisplayDeviceConfig,requesting nits when no mapping exists.]
03-24 04:01:33.602 I/am_wtf ( 1526): [0,1526,system_server,-1,DisplayDeviceConfig,requesting nits when no mapping exists.]
03-24 04:01:33.617 I/am_wtf ( 1526): [0,1526,system_server,-1,DisplayDeviceConfig,requesting nits when no mapping exists.]
03-24 04:01:33.618 I/am_wtf ( 1526): [0,1526,system_server,-1,DisplayDeviceConfig,requesting nits when no mapping exists.]
03-24 04:01:33.634 I/am_wtf ( 1526): [0,1526,system_server,-1,DisplayDeviceConfig,requesting nits when no mapping exists.]
03-24 04:01:33.635 I/am_wtf ( 1526): [0,1526,system_server,-1,DisplayDeviceConfig,requesting nits when no mapping exists.]
03-24 04:01:33.651 I/am_wtf ( 1526): [0,1526,system_server,-1,DisplayDeviceConfig,requesting nits when no mapping exists.]
03-24 04:01:33.651 I/am_wtf ( 1526): [0,1526,system_server,-1,DisplayDeviceConfig,requesting nits when no mapping exists.]
03-24 04:01:33.668 I/am_wtf ( 1526): [0,1526,system_server,-1,DisplayDeviceConfig,requesting nits when no mapping exists.]
03-24 04:01:33.669 I/am_wtf ( 1526): [0,1526,system_server,-1,DisplayDeviceConfig,requesting nits when no mapping exists.]
03-24 04:01:33.684 I/am_wtf ( 1526): [0,1526,system_server,-1,DisplayDeviceConfig,requesting nits when no mapping exists.]
03-24 04:01:33.685 I/am_wtf ( 1526): [0,1526,system_server,-1,DisplayDeviceConfig,requesting nits when no mapping exists.]
03-24 04:01:33.701 I/am_wtf ( 1526): [0,1526,system_server,-1,DisplayDeviceConfig,requesting nits when no mapping exists.]
03-24 04:01:33.702 I/am_wtf ( 1526): [0,1526,system_server,-1,DisplayDeviceConfig,requesting nits when no mapping exists.]
03-24 04:01:33.718 I/am_wtf ( 1526): [0,1526,system_server,-1,DisplayDeviceConfig,requesting nits when no mapping exists.]
03-24 04:01:33.718 I/am_wtf ( 1526): [0,1526,system_server,-1,DisplayDeviceConfig,requesting nits when no mapping exists.]
03-24 04:01:33.735 I/am_wtf ( 1526): [0,1526,system_server,-1,DisplayDeviceConfig,requesting nits when no mapping exists.]
03-24 04:01:33.736 I/am_wtf ( 1526): [0,1526,system_server,-1,DisplayDeviceConfig,requesting nits when no mapping exists.]
03-24 04:01:33.751 I/am_wtf ( 1526): [0,1526,system_server,-1,DisplayDeviceConfig,requesting nits when no mapping exists.]
03-24 04:01:33.752 I/am_wtf ( 1526): [0,1526,system_server,-1,DisplayDeviceConfig,requesting nits when no mapping exists.]
03-24 04:01:33.768 I/am_wtf ( 1526): [0,1526,system_server,-1,DisplayDeviceConfig,requesting nits when no mapping exists.]
03-24 04:01:33.769 I/am_wtf ( 1526): [0,1526,system_server,-1,DisplayDeviceConfig,requesting nits when no mapping exists.]
03-24 04:01:33.784 I/am_wtf ( 1526): [0,1526,system_server,-1,DisplayDeviceConfig,requesting nits when no mapping exists.]
03-24 04:01:33.785 I/am_wtf ( 1526): [0,1526,system_server,-1,DisplayDeviceConfig,requesting nits when no mapping exists.]
03-24 04:01:33.801 I/am_wtf ( 1526): [0,1526,system_server,-1,DisplayDeviceConfig,requesting nits when no mapping exists.]
03-24 04:01:33.802 I/am_wtf ( 1526): [0,1526,system_server,-1,DisplayDeviceConfig,requesting nits when no mapping exists.]
03-24 04:01:33.817 I/am_wtf ( 1526): [0,1526,system_server,-1,DisplayDeviceConfig,requesting nits when no mapping exists.]
03-24 04:01:33.818 I/am_wtf ( 1526): [0,1526,system_server,-1,DisplayDeviceConfig,requesting nits when no mapping exists.]
03-24 04:01:33.834 I/am_wtf ( 1526): [0,1526,system_server,-1,DisplayDeviceConfig,requesting nits when no mapping exists.]
03-24 04:01:33.835 I/am_wtf ( 1526): [0,1526,system_server,-1,DisplayDeviceConfig,requesting nits when no mapping exists.]
03-24 04:01:33.851 I/am_wtf ( 1526): [0,1526,system_server,-1,DisplayDeviceConfig,requesting nits when no mapping exists.]
03-24 04:01:33.852 I/am_wtf ( 1526): [0,1526,system_server,-1,DisplayDeviceConfig,requesting nits when no mapping exists.]
03-24 04:01:33.868 I/am_wtf ( 1526): [0,1526,system_server,-1,DisplayDeviceConfig,requesting nits when no mapping exists.]
03-24 04:01:33.869 I/am_wtf ( 1526): [0,1526,system_server,-1,DisplayDeviceConfig,requesting nits when no mapping exists.]
03-24 04:01:33.885 I/am_wtf ( 1526): [0,1526,system_server,-1,DisplayDeviceConfig,requesting nits when no mapping exists.]
03-24 04:01:33.885 I/am_wtf ( 1526): [0,1526,system_server,-1,DisplayDeviceConfig,requesting nits when no mapping exists.]
03-24 04:01:33.901 I/am_wtf ( 1526): [0,1526,system_server,-1,DisplayDeviceConfig,requesting nits when no mapping exists.]
03-24 04:01:33.902 I/am_wtf ( 1526): [0,1526,system_server,-1,DisplayDeviceConfig,requesting nits when no mapping exists.]
03-24 04:01:33.918 I/am_wtf ( 1526): [0,1526,system_server,-1,DisplayDeviceConfig,requesting nits when no mapping exists.]
03-24 04:01:33.919 I/am_wtf ( 1526): [0,1526,system_server,-1,DisplayDeviceConfig,requesting nits when no mapping exists.]
03-24 04:01:33.934 I/am_wtf ( 1526): [0,1526,system_server,-1,DisplayDeviceConfig,requesting nits when no mapping exists.]
03-24 04:01:33.935 I/service_manager_stats( 1526): [100,44,107476]
03-24 04:01:33.935 I/am_wtf ( 1526): [0,1526,system_server,-1,DisplayDeviceConfig,requesting nits when no mapping exists.]
03-24 04:01:33.951 I/am_wtf ( 1526): [0,1526,system_server,-1,DisplayDeviceConfig,requesting nits when no mapping exists.]
03-24 04:01:33.952 I/am_wtf ( 1526): [0,1526,system_server,-1,DisplayDeviceConfig,requesting nits when no mapping exists.]
03-24 04:01:33.968 I/am_wtf ( 1526): [0,1526,system_server,-1,DisplayDeviceConfig,requesting nits when no mapping exists.]
03-24 04:01:33.969 I/am_wtf ( 1526): [0,1526,system_server,-1,DisplayDeviceConfig,requesting nits when no mapping exists.]
03-24 04:01:33.985 I/am_wtf ( 1526): [0,1526,system_server,-1,DisplayDeviceConfig,requesting nits when no mapping exists.]
03-24 04:01:33.986 I/am_wtf ( 1526): [0,1526,system_server,-1,DisplayDeviceConfig,requesting nits when no mapping exists.]
03-24 04:01:34.001 I/am_wtf ( 1526): [0,1526,system_server,-1,DisplayDeviceConfig,requesting nits when no mapping exists.]
03-24 04:01:34.002 I/am_wtf ( 1526): [0,1526,system_server,-1,DisplayDeviceConfig,requesting nits when no mapping exists.]
03-24 04:01:34.018 I/am_wtf ( 1526): [0,1526,system_server,-1,DisplayDeviceConfig,requesting nits when no mapping exists.]
03-24 04:01:34.020 I/am_wtf ( 1526): [0,1526,system_server,-1,DisplayDeviceConfig,requesting nits when no mapping exists.]
03-24 04:01:34.035 I/am_wtf ( 1526): [0,1526,system_server,-1,DisplayDeviceConfig,requesting nits when no mapping exists.]
03-24 04:01:34.036 I/am_wtf ( 1526): [0,1526,system_server,-1,DisplayDeviceConfig,requesting nits when no mapping exists.]
03-24 04:01:34.052 I/am_wtf ( 1526): [0,1526,system_server,-1,DisplayDeviceConfig,requesting nits when no mapping exists.]
03-24 04:01:34.052 I/am_wtf ( 1526): [0,1526,system_server,-1,DisplayDeviceConfig,requesting nits when no mapping exists.]
03-24 04:01:34.068 I/am_wtf ( 1526): [0,1526,system_server,-1,DisplayDeviceConfig,requesting nits when no mapping exists.]
03-24 04:01:34.069 I/am_wtf ( 1526): [0,1526,system_server,-1,DisplayDeviceConfig,requesting nits when no mapping exists.]
03-24 04:01:34.085 I/am_wtf ( 1526): [0,1526,system_server,-1,DisplayDeviceConfig,requesting nits when no mapping exists.]
03-24 04:01:34.086 I/am_wtf ( 1526): [0,1526,system_server,-1,DisplayDeviceConfig,requesting nits when no mapping exists.]
03-24 04:01:34.101 I/am_wtf ( 1526): [0,1526,system_server,-1,DisplayDeviceConfig,requesting nits when no mapping exists.]
03-24 04:01:34.102 I/am_wtf ( 1526): [0,1526,system_server,-1,DisplayDeviceConfig,requesting nits when no mapping exists.]
03-24 04:01:34.118 I/am_wtf ( 1526): [0,1526,system_server,-1,DisplayDeviceConfig,requesting nits when no mapping exists.]
03-24 04:01:34.119 I/am_wtf ( 1526): [0,1526,system_server,-1,DisplayDeviceConfig,requesting nits when no mapping exists.]
03-24 04:01:34.135 I/am_wtf ( 1526): [0,1526,system_server,-1,DisplayDeviceConfig,requesting nits when no mapping exists.]
03-24 04:01:34.136 I/am_wtf ( 1526): [0,1526,system_server,-1,DisplayDeviceConfig,requesting nits when no mapping exists.]
03-24 04:01:34.152 I/am_wtf ( 1526): [0,1526,system_server,-1,DisplayDeviceConfig,requesting nits when no mapping exists.]
03-24 04:01:34.153 I/am_wtf ( 1526): [0,1526,system_server,-1,DisplayDeviceConfig,requesting nits when no mapping exists.]
03-24 04:01:34.168 I/am_wtf ( 1526): [0,1526,system_server,-1,DisplayDeviceConfig,requesting nits when no mapping exists.]
03-24 04:01:34.169 I/am_wtf ( 1526): [0,1526,system_server,-1,DisplayDeviceConfig,requesting nits when no mapping exists.]
03-24 04:01:34.185 I/am_wtf ( 1526): [0,1526,system_server,-1,DisplayDeviceConfig,requesting nits when no mapping exists.]
03-24 04:01:34.187 I/am_wtf ( 1526): [0,1526,system_server,-1,DisplayDeviceConfig,requesting nits when no mapping exists.]
03-24 04:01:34.202 I/am_wtf ( 1526): [0,1526,system_server,-1,DisplayDeviceConfig,requesting nits when no mapping exists.]
03-24 04:01:34.203 I/am_wtf ( 1526): [0,1526,system_server,-1,DisplayDeviceConfig,requesting nits when no mapping exists.]
03-24 04:01:34.219 I/am_wtf ( 1526): [0,1526,system_server,-1,DisplayDeviceConfig,requesting nits when no mapping exists.]
03-24 04:01:34.220 I/am_wtf ( 1526): [0,1526,system_server,-1,DisplayDeviceConfig,requesting nits when no mapping exists.]
03-24 04:01:34.235 I/am_wtf ( 1526): [0,1526,system_server,-1,DisplayDeviceConfig,requesting nits when no mapping exists.]
03-24 04:01:34.236 I/am_wtf ( 1526): [0,1526,system_server,-1,DisplayDeviceConfig,requesting nits when no mapping exists.]
03-24 04:01:34.252 I/am_wtf ( 1526): [0,1526,system_server,-1,DisplayDeviceConfig,requesting nits when no mapping exists.]
03-24 04:01:34.253 I/am_wtf ( 1526): [0,1526,system_server,-1,DisplayDeviceConfig,requesting nits when no mapping exists.]
03-24 04:01:34.269 I/am_wtf ( 1526): [0,1526,system_server,-1,DisplayDeviceConfig,requesting nits when no mapping exists.]
03-24 04:01:34.270 I/am_wtf ( 1526): [0,1526,system_server,-1,DisplayDeviceConfig,requesting nits when no mapping exists.]
03-24 04:01:34.286 I/am_wtf ( 1526): [0,1526,system_server,-1,DisplayDeviceConfig,requesting nits when no mapping exists.]
03-24 04:01:34.287 I/am_wtf ( 1526): [0,1526,system_server,-1,DisplayDeviceConfig,requesting nits when no mapping exists.]
03-24 04:01:34.302 I/am_wtf ( 1526): [0,1526,system_server,-1,DisplayDeviceConfig,requesting nits when no mapping exists.]
03-24 04:01:34.303 I/am_wtf ( 1526): [0,1526,system_server,-1,DisplayDeviceConfig,requesting nits when no mapping exists.]
03-24 04:01:34.319 I/am_wtf ( 1526): [0,1526,system_server,-1,DisplayDeviceConfig,requesting nits when no mapping exists.]
03-24 04:01:34.320 I/am_wtf ( 1526): [0,1526,system_server,-1,DisplayDeviceConfig,requesting nits when no mapping exists.]
03-24 04:01:34.336 I/am_wtf ( 1526): [0,1526,system_server,-1,DisplayDeviceConfig,requesting nits when no mapping exists.]
03-24 04:01:34.337 I/am_wtf ( 1526): [0,1526,system_server,-1,DisplayDeviceConfig,requesting nits when no mapping exists.]
03-24 04:01:34.353 I/am_wtf ( 1526): [0,1526,system_server,-1,DisplayDeviceConfig,requesting nits when no mapping exists.]
03-24 04:01:34.354 I/am_wtf ( 1526): [0,1526,system_server,-1,DisplayDeviceConfig,requesting nits when no mapping exists.]
03-24 04:01:34.369 I/am_wtf ( 1526): [0,1526,system_server,-1,DisplayDeviceConfig,requesting nits when no mapping exists.]
03-24 04:01:34.370 I/am_wtf ( 1526): [0,1526,system_server,-1,DisplayDeviceConfig,requesting nits when no mapping exists.]
03-24 04:01:34.385 I/am_wtf ( 1526): [0,1526,system_server,-1,DisplayDeviceConfig,requesting nits when no mapping exists.]
03-24 04:01:34.386 I/am_wtf ( 1526): [0,1526,system_server,-1,DisplayDeviceConfig,requesting nits when no mapping exists.]
03-24 04:01:40.573 I/sysui_multi_action( 1526): [757,222,758,1]
03-24 04:01:40.593 I/wm_task_created( 1526): [26,-1]
03-24 04:01:40.598 I/wm_task_moved( 1526): [26,1,8]
03-24 04:01:40.598 I/wm_task_to_front( 1526): [0,26]
03-24 04:01:40.598 I/wm_create_task( 1526): [0,26]
03-24 04:01:40.598 I/wm_create_activity( 1526): [0,15951337,26,com.thundercomm.screensaver/android.service.dreams.DreamActivity,NULL,NULL,NULL,276824064]
03-24 04:01:40.598 I/wm_task_moved( 1526): [26,1,8]
03-24 04:01:40.598 I/wm_on_top_resumed_lost_called( 2550): [116754269,com.android.launcher3.uioverrides.QuickstepLauncher,topStateChangedWhenResumed]
03-24 04:01:40.599 I/wm_pause_activity( 1526): [0,116754269,com.android.launcher3/.uioverrides.QuickstepLauncher,userLeaving=true,pauseBackTasks]
03-24 04:01:40.601 I/wm_on_paused_called( 2550): [116754269,com.android.launcher3.uioverrides.QuickstepLauncher,performPause]
03-24 04:01:40.603 I/wm_add_to_stopping( 1526): [0,116754269,com.android.launcher3/.uioverrides.QuickstepLauncher,makeInvisible]
03-24 04:01:40.604 I/wm_restart_activity( 1526): [0,15951337,26,com.thundercomm.screensaver/android.service.dreams.DreamActivity]
03-24 04:01:40.605 I/wm_set_resumed_activity( 1526): [0,com.thundercomm.screensaver/android.service.dreams.DreamActivity,minimalResumeActivityLocked]
03-24 04:01:40.608 I/sysui_multi_action( 1526): [757,803,799,window_time_0,802,60]
03-24 04:01:40.610 I/wm_on_create_called( 4218): [15951337,android.service.dreams.DreamActivity,performCreate]
03-24 04:01:40.611 I/wm_on_start_called( 4218): [15951337,android.service.dreams.DreamActivity,handleStartActivity]
03-24 04:01:40.611 I/wm_on_resume_called( 4218): [15951337,android.service.dreams.DreamActivity,RESUME_ACTIVITY]
03-24 04:01:40.613 I/wm_on_top_resumed_gained_called( 4218): [15951337,android.service.dreams.DreamActivity,topStateChangedWhenResumed]
03-24 04:01:40.624 I/input_focus( 1526): [Focus request 79377a5 com.thundercomm.screensaver/android.service.dreams.DreamActivity,reason=UpdateInputWindows]
03-24 04:01:40.632 I/sysui_multi_action( 1526): [319,41,322,41,325,1032,757,761,758,8,759,2,806,com.thundercomm.screensaver,871,android.service.dreams.DreamActivity,904,com.thundercomm.screensaver,905,0,1320,4,1321,2]
03-24 04:01:40.632 I/wm_activity_launch_time( 1526): [0,15951337,com.thundercomm.screensaver/android.service.dreams.DreamActivity,41]
03-24 04:01:40.633 I/sysui_multi_action( 1526): [757,1696,758,6,759,3]
03-24 04:01:40.636 I/am_wtf ( 1526): [0,1526,system_server,-1,DisplayDeviceConfig,requesting nits when no mapping exists.]
03-24 04:01:40.636 I/am_wtf ( 1526): [0,1526,system_server,-1,DisplayDeviceConfig,requesting nits when no mapping exists.]
03-24 04:01:40.637 I/input_focus( 1526): [Focus leaving d2645fe com.android.launcher3/com.android.launcher3.uioverrides.QuickstepLauncher (server),reason=NO_WINDOW]
03-24 04:01:40.652 I/am_wtf ( 1526): [0,1526,system_server,-1,DisplayDeviceConfig,requesting nits when no mapping exists.]
03-24 04:01:40.652 I/input_focus( 1526): [Focus entering 79377a5 com.thundercomm.screensaver/android.service.dreams.DreamActivity (server),reason=Window became focusable. Previous reason: NOT_VISIBLE]
03-24 04:01:40.652 I/am_wtf ( 1526): [0,1526,system_server,-1,DisplayDeviceConfig,requesting nits when no mapping exists.]
03-24 04:01:40.668 I/am_wtf ( 1526): [0,1526,system_server,-1,DisplayDeviceConfig,requesting nits when no mapping exists.]
03-24 04:01:40.669 I/am_wtf ( 1526): [0,1526,system_server,-1,DisplayDeviceConfig,requesting nits when no mapping exists.]
03-24 04:01:40.685 I/am_wtf ( 1526): [0,1526,system_server,-1,DisplayDeviceConfig,requesting nits when no mapping exists.]
03-24 04:01:40.686 I/am_wtf ( 1526): [0,1526,system_server,-1,DisplayDeviceConfig,requesting nits when no mapping exists.]
03-24 04:01:40.702 I/am_wtf ( 1526): [0,1526,system_server,-1,DisplayDeviceConfig,requesting nits when no mapping exists.]
03-24 04:01:40.703 I/am_wtf ( 1526): [0,1526,system_server,-1,DisplayDeviceConfig,requesting nits when no mapping exists.]
03-24 04:01:40.719 I/am_wtf ( 1526): [0,1526,system_server,-1,DisplayDeviceConfig,requesting nits when no mapping exists.]
03-24 04:01:40.719 I/am_wtf ( 1526): [0,1526,system_server,-1,DisplayDeviceConfig,requesting nits when no mapping exists.]
03-24 04:01:40.736 I/am_wtf ( 1526): [0,1526,system_server,-1,DisplayDeviceConfig,requesting nits when no mapping exists.]
03-24 04:01:40.736 I/am_wtf ( 1526): [0,1526,system_server,-1,DisplayDeviceConfig,requesting nits when no mapping exists.]
03-24 04:01:40.752 I/am_wtf ( 1526): [0,1526,system_server,-1,DisplayDeviceConfig,requesting nits when no mapping exists.]
03-24 04:01:40.753 I/am_wtf ( 1526): [0,1526,system_server,-1,DisplayDeviceConfig,requesting nits when no mapping exists.]
03-24 04:01:40.769 I/am_wtf ( 1526): [0,1526,system_server,-1,DisplayDeviceConfig,requesting nits when no mapping exists.]
03-24 04:01:40.769 I/am_wtf ( 1526): [0,1526,system_server,-1,DisplayDeviceConfig,requesting nits when no mapping exists.]
03-24 04:01:40.786 I/am_wtf ( 1526): [0,1526,system_server,-1,DisplayDeviceConfig,requesting nits when no mapping exists.]
03-24 04:01:40.786 I/am_wtf ( 1526): [0,1526,system_server,-1,DisplayDeviceConfig,requesting nits when no mapping exists.]
03-24 04:01:40.802 I/am_wtf ( 1526): [0,1526,system_server,-1,DisplayDeviceConfig,requesting nits when no mapping exists.]
03-24 04:01:40.803 I/am_wtf ( 1526): [0,1526,system_server,-1,DisplayDeviceConfig,requesting nits when no mapping exists.]
03-24 04:01:40.819 I/am_wtf ( 1526): [0,1526,system_server,-1,DisplayDeviceConfig,requesting nits when no mapping exists.]
03-24 04:01:40.819 I/am_wtf ( 1526): [0,1526,system_server,-1,DisplayDeviceConfig,requesting nits when no mapping exists.]
03-24 04:01:40.836 I/am_wtf ( 1526): [0,1526,system_server,-1,DisplayDeviceConfig,requesting nits when no mapping exists.]
03-24 04:01:40.836 I/am_wtf ( 1526): [0,1526,system_server,-1,DisplayDeviceConfig,requesting nits when no mapping exists.]
03-24 04:01:40.852 I/am_wtf ( 1526): [0,1526,system_server,-1,DisplayDeviceConfig,requesting nits when no mapping exists.]
03-24 04:01:40.853 I/am_wtf ( 1526): [0,1526,system_server,-1,DisplayDeviceConfig,requesting nits when no mapping exists.]
03-24 04:01:40.869 I/am_wtf ( 1526): [0,1526,system_server,-1,DisplayDeviceConfig,requesting nits when no mapping exists.]
03-24 04:01:40.869 I/am_wtf ( 1526): [0,1526,system_server,-1,DisplayDeviceConfig,requesting nits when no mapping exists.]
03-24 04:01:40.886 I/am_wtf ( 1526): [0,1526,system_server,-1,DisplayDeviceConfig,requesting nits when no mapping exists.]
03-24 04:01:40.886 I/am_wtf ( 1526): [0,1526,system_server,-1,DisplayDeviceConfig,requesting nits when no mapping exists.]
03-24 04:01:40.903 I/am_wtf ( 1526): [0,1526,system_server,-1,DisplayDeviceConfig,requesting nits when no mapping exists.]
03-24 04:01:40.903 I/am_wtf ( 1526): [0,1526,system_server,-1,DisplayDeviceConfig,requesting nits when no mapping exists.]
03-24 04:01:40.920 I/am_wtf ( 1526): [0,1526,system_server,-1,DisplayDeviceConfig,requesting nits when no mapping exists.]
03-24 04:01:40.920 I/am_wtf ( 1526): [0,1526,system_server,-1,DisplayDeviceConfig,requesting nits when no mapping exists.]
03-24 04:01:40.921 I/wm_stop_activity( 1526): [0,116754269,com.android.launcher3/.uioverrides.QuickstepLauncher]
03-24 04:01:40.936 I/am_wtf ( 1526): [0,1526,system_server,-1,DisplayDeviceConfig,requesting nits when no mapping exists.]
03-24 04:01:40.936 I/am_wtf ( 1526): [0,1526,system_server,-1,DisplayDeviceConfig,requesting nits when no mapping exists.]
03-24 04:01:40.939 I/wm_on_stop_called( 2550): [116754269,com.android.launcher3.uioverrides.QuickstepLauncher,STOP_ACTIVITY_ITEM]
03-24 04:01:40.953 I/am_wtf ( 1526): [0,1526,system_server,-1,DisplayDeviceConfig,requesting nits when no mapping exists.]
03-24 04:01:40.953 I/am_wtf ( 1526): [0,1526,system_server,-1,DisplayDeviceConfig,requesting nits when no mapping exists.]
03-24 04:01:40.969 I/am_wtf ( 1526): [0,1526,system_server,-1,DisplayDeviceConfig,requesting nits when no mapping exists.]
03-24 04:01:40.970 I/am_wtf ( 1526): [0,1526,system_server,-1,DisplayDeviceConfig,requesting nits when no mapping exists.]
03-24 04:01:40.984 I/am_wtf ( 1526): [0,1526,system_server,-1,DisplayDeviceConfig,requesting nits when no mapping exists.]
03-24 04:01:40.984 I/am_wtf ( 1526): [0,1526,system_server,-1,DisplayDeviceConfig,requesting nits when no mapping exists.]
03-24 04:01:41.000 I/am_wtf ( 1526): [0,1526,system_server,-1,DisplayDeviceConfig,requesting nits when no mapping exists.]
03-24 04:01:41.001 I/service_manager_stats( 1526): [100,43,7066]
03-24 04:01:41.001 I/am_wtf ( 1526): [0,1526,system_server,-1,DisplayDeviceConfig,requesting nits when no mapping exists.]
03-24 04:01:41.017 I/am_wtf ( 1526): [0,1526,system_server,-1,DisplayDeviceConfig,requesting nits when no mapping exists.]
03-24 04:01:41.017 I/am_wtf ( 1526): [0,1526,system_server,-1,DisplayDeviceConfig,requesting nits when no mapping exists.]
03-24 04:01:41.034 I/am_wtf ( 1526): [0,1526,system_server,-1,DisplayDeviceConfig,requesting nits when no mapping exists.]
03-24 04:01:41.034 I/am_wtf ( 1526): [0,1526,system_server,-1,DisplayDeviceConfig,requesting nits when no mapping exists.]
03-24 04:01:41.051 I/am_wtf ( 1526): [0,1526,system_server,-1,DisplayDeviceConfig,requesting nits when no mapping exists.]
03-24 04:01:41.051 I/am_wtf ( 1526): [0,1526,system_server,-1,DisplayDeviceConfig,requesting nits when no mapping exists.]
03-24 04:01:41.067 I/am_wtf ( 1526): [0,1526,system_server,-1,DisplayDeviceConfig,requesting nits when no mapping exists.]
03-24 04:01:41.067 I/am_wtf ( 1526): [0,1526,system_server,-1,DisplayDeviceConfig,requesting nits when no mapping exists.]
03-24 04:01:41.084 I/am_wtf ( 1526): [0,1526,system_server,-1,DisplayDeviceConfig,requesting nits when no mapping exists.]
03-24 04:01:41.084 I/am_wtf ( 1526): [0,1526,system_server,-1,DisplayDeviceConfig,requesting nits when no mapping exists.]
03-24 04:01:41.101 I/am_wtf ( 1526): [0,1526,system_server,-1,DisplayDeviceConfig,requesting nits when no mapping exists.]
03-24 04:01:41.101 I/am_wtf ( 1526): [0,1526,system_server,-1,DisplayDeviceConfig,requesting nits when no mapping exists.]
03-24 04:01:41.117 I/am_wtf ( 1526): [0,1526,system_server,-1,DisplayDeviceConfig,requesting nits when no mapping exists.]
03-24 04:01:41.117 I/am_wtf ( 1526): [0,1526,system_server,-1,DisplayDeviceConfig,requesting nits when no mapping exists.]
03-24 04:01:41.134 I/am_wtf ( 1526): [0,1526,system_server,-1,DisplayDeviceConfig,requesting nits when no mapping exists.]
03-24 04:01:41.134 I/am_wtf ( 1526): [0,1526,system_server,-1,DisplayDeviceConfig,requesting nits when no mapping exists.]
03-24 04:01:41.151 I/am_wtf ( 1526): [0,1526,system_server,-1,DisplayDeviceConfig,requesting nits when no mapping exists.]
03-24 04:01:41.151 I/am_wtf ( 1526): [0,1526,system_server,-1,DisplayDeviceConfig,requesting nits when no mapping exists.]
03-24 04:01:41.167 I/am_wtf ( 1526): [0,1526,system_server,-1,DisplayDeviceConfig,requesting nits when no mapping exists.]
03-24 04:01:41.168 I/am_wtf ( 1526): [0,1526,system_server,-1,DisplayDeviceConfig,requesting nits when no mapping exists.]
03-24 04:01:41.184 I/am_wtf ( 1526): [0,1526,system_server,-1,DisplayDeviceConfig,requesting nits when no mapping exists.]
03-24 04:01:41.184 I/am_wtf ( 1526): [0,1526,system_server,-1,DisplayDeviceConfig,requesting nits when no mapping exists.]
03-24 04:01:41.201 I/am_wtf ( 1526): [0,1526,system_server,-1,DisplayDeviceConfig,requesting nits when no mapping exists.]
03-24 04:01:41.201 I/am_wtf ( 1526): [0,1526,system_server,-1,DisplayDeviceConfig,requesting nits when no mapping exists.]
03-24 04:01:41.217 I/am_wtf ( 1526): [0,1526,system_server,-1,DisplayDeviceConfig,requesting nits when no mapping exists.]
03-24 04:01:41.218 I/am_wtf ( 1526): [0,1526,system_server,-1,DisplayDeviceConfig,requesting nits when no mapping exists.]
03-24 04:01:41.234 I/am_wtf ( 1526): [0,1526,system_server,-1,DisplayDeviceConfig,requesting nits when no mapping exists.]
03-24 04:01:41.234 I/am_wtf ( 1526): [0,1526,system_server,-1,DisplayDeviceConfig,requesting nits when no mapping exists.]
03-24 04:01:41.251 I/am_wtf ( 1526): [0,1526,system_server,-1,DisplayDeviceConfig,requesting nits when no mapping exists.]
03-24 04:01:41.251 I/am_wtf ( 1526): [0,1526,system_server,-1,DisplayDeviceConfig,requesting nits when no mapping exists.]
03-24 04:01:41.268 I/am_wtf ( 1526): [0,1526,system_server,-1,DisplayDeviceConfig,requesting nits when no mapping exists.]
03-24 04:01:41.268 I/am_wtf ( 1526): [0,1526,system_server,-1,DisplayDeviceConfig,requesting nits when no mapping exists.]
03-24 04:01:41.284 I/am_wtf ( 1526): [0,1526,system_server,-1,DisplayDeviceConfig,requesting nits when no mapping exists.]
03-24 04:01:41.285 I/am_wtf ( 1526): [0,1526,system_server,-1,DisplayDeviceConfig,requesting nits when no mapping exists.]
03-24 04:01:41.301 I/am_wtf ( 1526): [0,1526,system_server,-1,DisplayDeviceConfig,requesting nits when no mapping exists.]
03-24 04:01:41.301 I/am_wtf ( 1526): [0,1526,system_server,-1,DisplayDeviceConfig,requesting nits when no mapping exists.]
03-24 04:01:41.318 I/am_wtf ( 1526): [0,1526,system_server,-1,DisplayDeviceConfig,requesting nits when no mapping exists.]
03-24 04:01:41.318 I/am_wtf ( 1526): [0,1526,system_server,-1,DisplayDeviceConfig,requesting nits when no mapping exists.]
03-24 04:01:41.334 I/am_wtf ( 1526): [0,1526,system_server,-1,DisplayDeviceConfig,requesting nits when no mapping exists.]
03-24 04:01:41.335 I/am_wtf ( 1526): [0,1526,system_server,-1,DisplayDeviceConfig,requesting nits when no mapping exists.]
03-24 04:01:41.351 I/am_wtf ( 1526): [0,1526,system_server,-1,DisplayDeviceConfig,requesting nits when no mapping exists.]
03-24 04:01:41.351 I/am_wtf ( 1526): [0,1526,system_server,-1,DisplayDeviceConfig,requesting nits when no mapping exists.]
03-24 04:01:41.368 I/am_wtf ( 1526): [0,1526,system_server,-1,DisplayDeviceConfig,requesting nits when no mapping exists.]
03-24 04:01:41.368 I/am_wtf ( 1526): [0,1526,system_server,-1,DisplayDeviceConfig,requesting nits when no mapping exists.]
03-24 04:01:41.385 I/am_wtf ( 1526): [0,1526,system_server,-1,DisplayDeviceConfig,requesting nits when no mapping exists.]
03-24 04:01:41.385 I/am_wtf ( 1526): [0,1526,system_server,-1,DisplayDeviceConfig,requesting nits when no mapping exists.]
03-24 04:01:41.401 I/am_wtf ( 1526): [0,1526,system_server,-1,DisplayDeviceConfig,requesting nits when no mapping exists.]
03-24 04:01:41.402 I/am_wtf ( 1526): [0,1526,system_server,-1,DisplayDeviceConfig,requesting nits when no mapping exists.]
03-24 04:01:41.418 I/am_wtf ( 1526): [0,1526,system_server,-1,DisplayDeviceConfig,requesting nits when no mapping exists.]
03-24 04:01:41.418 I/am_wtf ( 1526): [0,1526,system_server,-1,DisplayDeviceConfig,requesting nits when no mapping exists.]
03-24 04:01:41.435 I/am_wtf ( 1526): [0,1526,system_server,-1,DisplayDeviceConfig,requesting nits when no mapping exists.]
03-24 04:01:41.435 I/am_wtf ( 1526): [0,1526,system_server,-1,DisplayDeviceConfig,requesting nits when no mapping exists.]
03-24 04:01:41.451 I/am_wtf ( 1526): [0,1526,system_server,-1,DisplayDeviceConfig,requesting nits when no mapping exists.]
03-24 04:01:41.452 I/am_wtf ( 1526): [0,1526,system_server,-1,DisplayDeviceConfig,requesting nits when no mapping exists.]
03-24 04:01:41.468 I/am_wtf ( 1526): [0,1526,system_server,-1,DisplayDeviceConfig,requesting nits when no mapping exists.]
03-24 04:01:41.468 I/am_wtf ( 1526): [0,1526,system_server,-1,DisplayDeviceConfig,requesting nits when no mapping exists.]
03-24 04:01:41.485 I/am_wtf ( 1526): [0,1526,system_server,-1,DisplayDeviceConfig,requesting nits when no mapping exists.]
03-24 04:01:41.485 I/am_wtf ( 1526): [0,1526,system_server,-1,DisplayDeviceConfig,requesting nits when no mapping exists.]
03-24 04:01:41.502 I/am_wtf ( 1526): [0,1526,system_server,-1,DisplayDeviceConfig,requesting nits when no mapping exists.]
03-24 04:01:41.502 I/am_wtf ( 1526): [0,1526,system_server,-1,DisplayDeviceConfig,requesting nits when no mapping exists.]
03-24 04:01:41.518 I/am_wtf ( 1526): [0,1526,system_server,-1,DisplayDeviceConfig,requesting nits when no mapping exists.]
03-24 04:01:41.518 I/am_wtf ( 1526): [0,1526,system_server,-1,DisplayDeviceConfig,requesting nits when no mapping exists.]
03-24 04:01:41.535 I/am_wtf ( 1526): [0,1526,system_server,-1,DisplayDeviceConfig,requesting nits when no mapping exists.]
03-24 04:01:41.535 I/am_wtf ( 1526): [0,1526,system_server,-1,DisplayDeviceConfig,requesting nits when no mapping exists.]
03-24 04:01:41.552 I/am_wtf ( 1526): [0,1526,system_server,-1,DisplayDeviceConfig,requesting nits when no mapping exists.]
03-24 04:01:41.552 I/am_wtf ( 1526): [0,1526,system_server,-1,DisplayDeviceConfig,requesting nits when no mapping exists.]
03-24 04:01:41.568 I/am_wtf ( 1526): [0,1526,system_server,-1,DisplayDeviceConfig,requesting nits when no mapping exists.]
03-24 04:01:41.569 I/am_wtf ( 1526): [0,1526,system_server,-1,DisplayDeviceConfig,requesting nits when no mapping exists.]
03-24 04:01:41.585 I/am_wtf ( 1526): [0,1526,system_server,-1,DisplayDeviceConfig,requesting nits when no mapping exists.]
03-24 04:01:41.585 I/am_wtf ( 1526): [0,1526,system_server,-1,DisplayDeviceConfig,requesting nits when no mapping exists.]
03-24 04:02:46.647 I/am_uid_idle( 1526): 10064
03-24 04:02:48.861 I/liblog ( 1410): 24
03-24 04:04:35.323 I/input_interaction( 1526): Interaction with: 79377a5 com.thundercomm.screensaver/android.service.dreams.DreamActivity (server), edge-swipe (server), swipe-up (server), PointerEventDispatcher0 (server),
03-24 04:04:35.325 I/wm_finish_activity( 1526): [0,15951337,26,com.thundercomm.screensaver/android.service.dreams.DreamActivity,finish-activity]
03-24 04:04:35.326 I/wm_task_moved( 1526): [1,1,7]
03-24 04:04:35.327 I/wm_task_moved( 1526): [15,1,2147483647]
03-24 04:04:35.327 I/wm_task_to_front( 1526): [0,15]
03-24 04:04:35.327 I/wm_focused_root_task( 1526): [0,0,1,26,finish-top adjustFocusToNextFocusableTask]
03-24 04:04:35.328 I/wm_set_resumed_activity( 1526): [0,com.android.launcher3/.uioverrides.QuickstepLauncher,finish-top adjustFocusToNextFocusableTask]
03-24 04:04:35.329 I/wm_pause_activity( 1526): [0,15951337,com.thundercomm.screensaver/android.service.dreams.DreamActivity,userLeaving=false,finish]
03-24 04:04:35.335 I/wm_on_top_resumed_lost_called( 4218): [15951337,android.service.dreams.DreamActivity,topStateChangedWhenResumed]
03-24 04:04:35.336 I/wm_on_paused_called( 4218): [15951337,android.service.dreams.DreamActivity,performPause]
03-24 04:04:35.336 I/sysui_multi_action( 1526): [757,803,799,window_time_0,802,175]
03-24 04:04:35.338 I/wm_add_to_stopping( 1526): [0,15951337,com.thundercomm.screensaver/android.service.dreams.DreamActivity,completeFinishing]
03-24 04:04:35.340 I/wm_set_resumed_activity( 1526): [0,com.android.launcher3/.uioverrides.QuickstepLauncher,resumeTopActivityInnerLocked]
03-24 04:04:35.342 I/wm_resume_activity( 1526): [0,116754269,15,com.android.launcher3/.uioverrides.QuickstepLauncher]
03-24 04:04:35.345 I/wm_on_restart_called( 2550): [116754269,com.android.launcher3.uioverrides.QuickstepLauncher,performRestartActivity]
03-24 04:04:35.345 I/wm_on_start_called( 2550): [116754269,com.android.launcher3.uioverrides.QuickstepLauncher,handleStartActivity]
03-24 04:04:35.346 I/wm_on_resume_called( 2550): [116754269,com.android.launcher3.uioverrides.QuickstepLauncher,RESUME_ACTIVITY]
03-24 04:04:35.346 I/wm_on_top_resumed_gained_called( 2550): [116754269,com.android.launcher3.uioverrides.QuickstepLauncher,topWhenResuming]
03-24 04:04:35.350 I/sysui_multi_action( 1526): [757,803,799,window_time_0,802,0]
03-24 04:04:35.356 I/view_enqueue_input_event( 4218): [Motion - Cancel,com.thundercomm.screensaver/android.service.dreams.DreamActivity]
03-24 04:04:35.356 I/input_focus( 1526): [Focus leaving 79377a5 com.thundercomm.screensaver/android.service.dreams.DreamActivity (server),reason=NO_WINDOW]
03-24 04:04:35.359 I/input_interaction( 1526): Interaction with: edge-swipe (server), swipe-up (server), PointerEventDispatcher0 (server),
03-24 04:04:35.359 I/input_focus( 1526): [Focus request d2645fe com.android.launcher3/com.android.launcher3.uioverrides.QuickstepLauncher,reason=UpdateInputWindows]
03-24 04:04:35.361 I/am_uid_active( 1526): 10064
03-24 04:04:35.374 I/input_focus( 1526): [Focus entering d2645fe com.android.launcher3/com.android.launcher3.uioverrides.QuickstepLauncher (server),reason=setFocusedWindow]
03-24 04:04:35.610 I/wm_destroy_activity( 1526): [0,15951337,26,com.thundercomm.screensaver/android.service.dreams.DreamActivity,finish-imm:idle]
03-24 04:04:35.630 I/wm_on_stop_called( 4218): [15951337,android.service.dreams.DreamActivity,LIFECYCLER_STOP_ACTIVITY]
03-24 04:04:35.632 I/wm_on_destroy_called( 4218): [15951337,android.service.dreams.DreamActivity,performDestroy]
03-24 04:04:35.633 I/sysui_multi_action( 1526): [757,222,758,2]
03-24 04:04:35.633 I/sysui_multi_action( 1526): [757,804,799,dreaming_minutes,801,2,802,1]
03-24 04:04:35.640 I/wm_task_removed( 1526): [26,removeChild:removeChild last r=ActivityRecord{f365e9 u0 com.thundercomm.screensaver/android.service.dreams.DreamActivity t-1 f}} in t=Task{f038f07 #26 type=dream A=10041:android:com.thundercomm.screensaver/dream U=0 visible=false mode=fullscreen translucent=true sz=0}]
03-24 04:04:35.640 I/wm_task_removed( 1526): [26,removeChild]
03-24 04:04:36.468 I/input_interaction( 1526): Interaction with: 2c21551 StatusBar (server), edge-swipe (server), swipe-up (server), PointerEventDispatcher0 (server),
03-24 04:04:36.475 I/sysui_multi_action( 1990): [757,803,799,panel_open,802,1]
03-24 04:04:36.477 I/sysui_multi_action( 1990): [757,1328,758,4,1326,35,1327,1,1329,0]
03-24 04:04:36.581 I/sysui_multi_action( 1526): [757,127,758,1]
03-24 04:04:36.581 I/sysui_multi_action( 1526): [757,804,799,note_load,801,3,802,1]
03-24 04:04:36.581 I/notification_panel_revealed( 1526): 3
03-24 04:04:36.597 I/input_focus( 1526): [Focus request 6c18c NotificationShade,reason=UpdateInputWindows]
03-24 04:04:36.608 I/sysui_multi_action( 1526): [757,128,758,1,793,1197532,794,0,795,1197532,796,26,798,0,806,android,857,DEVELOPER_IMPORTANT,858,4,947,0,1395,3,1500,1197171,1688,1]
03-24 04:04:36.608 I/sysui_multi_action( 1526): [757,804,799,note_freshness,801,1197532,802,1]
03-24 04:04:36.608 I/notification_visibility( 1526): [-1|android|26|null|1000,1,1197532,1197532,0,0]
03-24 04:04:36.609 I/sysui_multi_action( 1526): [757,128,758,1,793,1192832,794,0,795,1192832,796,17303299,797,com.android.wifi,798,1,806,android,857,NETWORK_AVAILABLE,858,2,947,0,1395,3,1500,1192629,1688,1]
03-24 04:04:36.609 I/sysui_multi_action( 1526): [757,804,799,note_freshness,801,1192832,802,1]
03-24 04:04:36.609 I/notification_visibility( 1526): [0|android|17303299|com.android.wifi|1000,1,1192832,1192832,0,1]
03-24 04:04:36.610 I/sysui_multi_action( 1526): [757,128,758,1,793,1198284,794,0,795,1198284,796,32,798,2,806,android,857,USB,858,1,947,0,1395,3,1500,1198044,1688,1]
03-24 04:04:36.610 I/sysui_multi_action( 1526): [757,804,799,note_freshness,801,1198284,802,1]
03-24 04:04:36.611 I/notification_visibility( 1526): [-1|android|32|null|1000,1,1198284,1198284,0,2]
03-24 04:04:36.614 I/input_focus( 1526): [Focus leaving d2645fe com.android.launcher3/com.android.launcher3.uioverrides.QuickstepLauncher (server),reason=setFocusedWindow]
03-24 04:04:36.614 I/input_focus( 1526): [Focus entering 6c18c NotificationShade (server),reason=setFocusedWindow]
03-24 04:04:36.690 I/sysui_multi_action( 1990): [757,111,758,1]
03-24 04:04:36.690 I/sysui_multi_action( 1990): [757,126,758,1,759,126,927,0,928,1,1593,0]
03-24 04:04:36.690 I/sysui_multi_action( 1990): [757,113,758,1,759,113,927,1,928,1,1593,0]
03-24 04:04:36.691 I/sysui_multi_action( 1990): [757,0,758,1,759,0,927,2,928,0,1593,0]
03-24 04:04:36.691 I/sysui_multi_action( 1990): [757,0,758,1,759,0,927,3,928,0,1593,0]
03-24 04:04:36.691 I/sysui_multi_action( 1990): [757,491,758,1,759,491,927,4,928,0,1311,-1,1593,0]
03-24 04:04:36.691 I/sysui_multi_action( 1990): [757,0,758,1,759,0,927,5,928,0,1593,0]
03-24 04:04:36.692 I/sysui_multi_action( 1990): [757,111,758,1]
03-24 04:04:36.692 I/sysui_multi_action( 1990): [757,126,758,1,759,126,927,0,928,1,1593,0]
03-24 04:04:36.692 I/sysui_multi_action( 1990): [757,113,758,1,759,113,927,1,928,1,1593,0]
03-24 04:04:36.692 I/sysui_multi_action( 1990): [757,0,758,1,759,0,927,2,928,0,1593,0]
03-24 04:04:36.692 I/sysui_multi_action( 1990): [757,0,758,1,759,0,927,3,928,0,1593,0]
03-24 04:04:39.241 I/input_interaction( 1526): Interaction with: 6c18c NotificationShade (server), edge-swipe (server), swipe-up (server), PointerEventDispatcher0 (server),
03-24 04:04:39.767 I/notification_enqueue( 1526): [10078,1990,com.android.systemui,2048,NULL,0,Notification(channel=updateNotification shortcut=null contentView=null vibrate=null sound=null defaults=0x0 flags=0x0 color=0x00000000 vis=PRIVATE),1]
03-24 04:04:39.767 I/sysui_multi_action( 1990): [757,111,758,2]
03-24 04:04:39.769 I/sysui_multi_action( 1990): [757,111,758,2]
03-24 04:04:39.989 I/input_focus( 1526): [Focus request d2645fe com.android.launcher3/com.android.launcher3.uioverrides.QuickstepLauncher,reason=UpdateInputWindows]
03-24 04:04:39.998 I/sysui_multi_action( 1526): [757,128,758,2,793,1200923,794,3391,795,1200923,796,26,798,0,806,android,857,DEVELOPER_IMPORTANT,858,4,947,0,1395,3,1500,1200562,1688,1]
