03-24 03:52:15.042 I/am_wtf ( 1526): [0,1526,system_server,-1,DisplayDeviceConfig,requesting nits when no mapping exists.]
03-24 03:52:15.043 I/am_wtf ( 1526): [0,1526,system_server,-1,DisplayDeviceConfig,requesting nits when no mapping exists.]
03-24 03:52:15.059 I/am_wtf ( 1526): [0,1526,system_server,-1,DisplayDeviceConfig,requesting nits when no mapping exists.]
03-24 03:52:15.059 I/am_wtf ( 1526): [0,1526,system_server,-1,DisplayDeviceConfig,requesting nits when no mapping exists.]
03-24 03:52:15.076 I/am_wtf ( 1526): [0,1526,system_server,-1,DisplayDeviceConfig,requesting nits when no mapping exists.]
03-24 03:52:15.076 I/am_wtf ( 1526): [0,1526,system_server,-1,DisplayDeviceConfig,requesting nits when no mapping exists.]
03-24 03:52:15.093 I/am_wtf ( 1526): [0,1526,system_server,-1,DisplayDeviceConfig,requesting nits when no mapping exists.]
03-24 03:52:15.093 I/am_wtf ( 1526): [0,1526,system_server,-1,DisplayDeviceConfig,requesting nits when no mapping exists.]
03-24 03:52:15.109 I/am_wtf ( 1526): [0,1526,system_server,-1,DisplayDeviceConfig,requesting nits when no mapping exists.]
03-24 03:52:15.109 I/am_wtf ( 1526): [0,1526,system_server,-1,DisplayDeviceConfig,requesting nits when no mapping exists.]
03-24 03:52:15.126 I/am_wtf ( 1526): [0,1526,system_server,-1,DisplayDeviceConfig,requesting nits when no mapping exists.]
03-24 03:52:15.126 I/service_manager_stats( 1526): [100,25,7382]
03-24 03:52:15.126 I/am_wtf ( 1526): [0,1526,system_server,-1,DisplayDeviceConfig,requesting nits when no mapping exists.]
03-24 03:52:15.143 I/am_wtf ( 1526): [0,1526,system_server,-1,DisplayDeviceConfig,requesting nits when no mapping exists.]
03-24 03:52:15.143 I/am_wtf ( 1526): [0,1526,system_server,-1,DisplayDeviceConfig,requesting nits when no mapping exists.]
03-24 03:52:15.159 I/am_wtf ( 1526): [0,1526,system_server,-1,DisplayDeviceConfig,requesting nits when no mapping exists.]
03-24 03:52:15.160 I/am_wtf ( 1526): [0,1526,system_server,-1,DisplayDeviceConfig,requesting nits when no mapping exists.]
03-24 03:52:15.176 I/am_wtf ( 1526): [0,1526,system_server,-1,DisplayDeviceConfig,requesting nits when no mapping exists.]
03-24 03:52:15.176 I/am_wtf ( 1526): [0,1526,system_server,-1,DisplayDeviceConfig,requesting nits when no mapping exists.]
03-24 03:52:15.193 I/am_wtf ( 1526): [0,1526,system_server,-1,DisplayDeviceConfig,requesting nits when no mapping exists.]
03-24 03:52:15.193 I/am_wtf ( 1526): [0,1526,system_server,-1,DisplayDeviceConfig,requesting nits when no mapping exists.]
03-24 03:52:15.210 I/am_wtf ( 1526): [0,1526,system_server,-1,DisplayDeviceConfig,requesting nits when no mapping exists.]
03-24 03:52:15.210 I/am_wtf ( 1526): [0,1526,system_server,-1,DisplayDeviceConfig,requesting nits when no mapping exists.]
03-24 03:52:15.226 I/am_wtf ( 1526): [0,1526,system_server,-1,DisplayDeviceConfig,requesting nits when no mapping exists.]
03-24 03:52:15.226 I/am_wtf ( 1526): [0,1526,system_server,-1,DisplayDeviceConfig,requesting nits when no mapping exists.]
03-24 03:52:15.243 I/am_wtf ( 1526): [0,1526,system_server,-1,DisplayDeviceConfig,requesting nits when no mapping exists.]
03-24 03:52:15.243 I/am_wtf ( 1526): [0,1526,system_server,-1,DisplayDeviceConfig,requesting nits when no mapping exists.]
03-24 03:52:15.260 I/am_wtf ( 1526): [0,1526,system_server,-1,DisplayDeviceConfig,requesting nits when no mapping exists.]
03-24 03:52:15.260 I/am_wtf ( 1526): [0,1526,system_server,-1,DisplayDeviceConfig,requesting nits when no mapping exists.]
03-24 03:52:15.276 I/am_wtf ( 1526): [0,1526,system_server,-1,DisplayDeviceConfig,requesting nits when no mapping exists.]
03-24 03:52:15.277 I/am_wtf ( 1526): [0,1526,system_server,-1,DisplayDeviceConfig,requesting nits when no mapping exists.]
03-24 03:52:15.293 I/am_wtf ( 1526): [0,1526,system_server,-1,DisplayDeviceConfig,requesting nits when no mapping exists.]
03-24 03:52:15.293 I/am_wtf ( 1526): [0,1526,system_server,-1,DisplayDeviceConfig,requesting nits when no mapping exists.]
03-24 03:52:15.310 I/am_wtf ( 1526): [0,1526,system_server,-1,DisplayDeviceConfig,requesting nits when no mapping exists.]
03-24 03:52:15.310 I/am_wtf ( 1526): [0,1526,system_server,-1,DisplayDeviceConfig,requesting nits when no mapping exists.]
03-24 03:52:15.327 I/am_wtf ( 1526): [0,1526,system_server,-1,DisplayDeviceConfig,requesting nits when no mapping exists.]
03-24 03:52:15.327 I/am_wtf ( 1526): [0,1526,system_server,-1,DisplayDeviceConfig,requesting nits when no mapping exists.]
03-24 03:52:15.343 I/am_wtf ( 1526): [0,1526,system_server,-1,DisplayDeviceConfig,requesting nits when no mapping exists.]
03-24 03:52:15.343 I/am_wtf ( 1526): [0,1526,system_server,-1,DisplayDeviceConfig,requesting nits when no mapping exists.]
03-24 03:52:15.360 I/am_wtf ( 1526): [0,1526,system_server,-1,DisplayDeviceConfig,requesting nits when no mapping exists.]
03-24 03:52:15.360 I/am_wtf ( 1526): [0,1526,system_server,-1,DisplayDeviceConfig,requesting nits when no mapping exists.]
03-24 03:52:15.377 I/am_wtf ( 1526): [0,1526,system_server,-1,DisplayDeviceConfig,requesting nits when no mapping exists.]
03-24 03:52:15.377 I/am_wtf ( 1526): [0,1526,system_server,-1,DisplayDeviceConfig,requesting nits when no mapping exists.]
03-24 03:52:15.393 I/am_wtf ( 1526): [0,1526,system_server,-1,DisplayDeviceConfig,requesting nits when no mapping exists.]
03-24 03:52:15.394 I/am_wtf ( 1526): [0,1526,system_server,-1,DisplayDeviceConfig,requesting nits when no mapping exists.]
03-24 03:52:15.410 I/am_wtf ( 1526): [0,1526,system_server,-1,DisplayDeviceConfig,requesting nits when no mapping exists.]
03-24 03:52:15.410 I/am_wtf ( 1526): [0,1526,system_server,-1,DisplayDeviceConfig,requesting nits when no mapping exists.]
03-24 03:52:15.427 I/am_wtf ( 1526): [0,1526,system_server,-1,DisplayDeviceConfig,requesting nits when no mapping exists.]
03-24 03:52:15.427 I/am_wtf ( 1526): [0,1526,system_server,-1,DisplayDeviceConfig,requesting nits when no mapping exists.]
03-24 03:52:15.443 I/am_wtf ( 1526): [0,1526,system_server,-1,DisplayDeviceConfig,requesting nits when no mapping exists.]
03-24 03:52:15.444 I/am_wtf ( 1526): [0,1526,system_server,-1,DisplayDeviceConfig,requesting nits when no mapping exists.]
03-24 03:53:20.497 I/am_uid_idle( 1526): 10064
03-24 03:54:42.608 I/am_freeze( 1526): [3448,com.android.localtransport]
03-24 03:54:42.610 I/am_kill ( 1526): [0,3448,com.android.localtransport,985,Unable to freeze binder interface]
03-24 03:54:42.645 I/am_proc_died( 1526): [0,3448,com.android.localtransport,985,19]
03-24 03:54:42.653 I/am_freeze( 1526): [3465,com.android.dynsystem]
03-24 03:54:42.654 I/am_kill ( 1526): [0,3465,com.android.dynsystem,985,Unable to freeze binder interface]
03-24 03:54:42.654 I/am_pss ( 1526): [4218,10041,com.thundercomm.screensaver,47149056,41746432,0,161562624,0,2,7]
03-24 03:54:42.666 I/am_pss ( 1526): [2390,1000,com.android.settings,134184960,116867072,0,276697088,0,15,10]
03-24 03:54:42.677 I/am_proc_died( 1526): [0,3465,com.android.dynsystem,985,19]
03-24 03:54:42.699 I/am_freeze( 1526): [3487,com.android.dynsystem:dynsystem]
03-24 03:54:42.700 I/am_kill ( 1526): [0,3487,com.android.dynsystem:dynsystem,985,Unable to freeze binder interface]
03-24 03:54:42.726 I/am_proc_died( 1526): [0,3487,com.android.dynsystem:dynsystem,985,19]
03-24 03:54:42.865 I/am_freeze( 1526): [2933,com.android.keychain]
03-24 03:54:42.866 I/am_kill ( 1526): [0,2933,com.android.keychain,975,Unable to freeze binder interface]
03-24 03:54:42.890 I/am_proc_died( 1526): [0,2933,com.android.keychain,975,19]
03-24 03:54:43.086 I/am_freeze( 1526): [3557,com.android.onetimeinitializer]
03-24 03:54:43.088 I/am_kill ( 1526): [0,3557,com.android.onetimeinitializer,965,Unable to freeze binder interface]
03-24 03:54:43.119 I/am_proc_died( 1526): [0,3557,com.android.onetimeinitializer,965,19]
03-24 03:54:43.120 I/am_uid_stopped( 1526): 10059
03-24 03:54:44.176 I/am_freeze( 1526): [3692,com.qualcomm.qti.qms.service.connectionsecurity]
03-24 03:54:44.177 I/am_kill ( 1526): [0,3692,com.qualcomm.qti.qms.service.connectionsecurity,955,Unable to freeze binder interface]
03-24 03:54:44.194 I/am_freeze( 1526): [2917,com.qualcomm.qtil.aptxui]
03-24 03:54:44.195 I/am_proc_died( 1526): [0,3692,com.qualcomm.qti.qms.service.connectionsecurity,955,19]
03-24 03:54:44.196 I/am_uid_stopped( 1526): 10057
03-24 03:54:44.197 I/am_kill ( 1526): [0,2917,com.qualcomm.qtil.aptxui,955,Unable to freeze binder interface]
03-24 03:54:44.220 I/am_proc_died( 1526): [0,2917,com.qualcomm.qtil.aptxui,955,19]
03-24 03:54:44.221 I/am_uid_stopped( 1526): 10080
03-24 03:54:45.198 I/input_interaction( 1526): Interaction with: b32cc84 com.thundercomm.screensaver/android.service.dreams.DreamActivity (server), edge-swipe (server), swipe-up (server), PointerEventDispatcher0 (server),
03-24 03:54:45.200 I/wm_finish_activity( 1526): [0,20896472,22,com.thundercomm.screensaver/android.service.dreams.DreamActivity,finish-activity]
03-24 03:54:45.200 I/wm_task_moved( 1526): [18,1,7]
03-24 03:54:45.200 I/wm_task_to_front( 1526): [0,18]
03-24 03:54:45.201 I/wm_focused_root_task( 1526): [0,0,18,22,finish-top adjustFocusToNextFocusableTask]
03-24 03:54:45.202 I/wm_pause_activity( 1526): [0,20896472,com.thundercomm.screensaver/android.service.dreams.DreamActivity,userLeaving=false,finish]
03-24 03:54:45.207 I/sysui_multi_action( 1526): [757,803,799,window_time_0,802,151]
03-24 03:54:45.209 I/wm_on_top_resumed_lost_called( 4218): [20896472,android.service.dreams.DreamActivity,topStateChangedWhenResumed]
03-24 03:54:45.209 I/wm_on_paused_called( 4218): [20896472,android.service.dreams.DreamActivity,performPause]
03-24 03:54:45.210 I/wm_add_to_stopping( 1526): [0,20896472,com.thundercomm.screensaver/android.service.dreams.DreamActivity,completeFinishing]
03-24 03:54:45.213 I/wm_set_resumed_activity( 1526): [0,com.android.settings/.homepage.SettingsHomepageActivity,resumeTopActivityInnerLocked]
03-24 03:54:45.215 I/wm_resume_activity( 1526): [0,165559056,18,com.android.settings/.homepage.SettingsHomepageActivity]
03-24 03:54:45.221 I/sysui_multi_action( 1526): [757,803,799,window_time_0,802,0]
03-24 03:54:45.226 I/wm_on_restart_called( 2390): [165559056,com.android.settings.homepage.SettingsHomepageActivity,performRestartActivity]
03-24 03:54:45.230 I/am_uid_active( 1526): 10064
03-24 03:54:45.230 I/wm_on_start_called( 2390): [165559056,com.android.settings.homepage.SettingsHomepageActivity,handleStartActivity]
03-24 03:54:45.231 I/snet_event_log( 2390): [120484087,-1,]
03-24 03:54:45.231 I/wm_on_resume_called( 2390): [165559056,com.android.settings.homepage.SettingsHomepageActivity,RESUME_ACTIVITY]
03-24 03:54:45.232 I/sysui_multi_action( 2390): [757,35,758,1,833,0,1089,0]
03-24 03:54:45.232 I/view_enqueue_input_event( 4218): [Motion - Cancel,com.thundercomm.screensaver/android.service.dreams.DreamActivity]
03-24 03:54:45.232 I/input_focus( 1526): [Focus leaving b32cc84 com.thundercomm.screensaver/android.service.dreams.DreamActivity (server),reason=NO_WINDOW]
03-24 03:54:45.234 I/sysui_multi_action( 2390): [757,336,758,1,833,0,1089,0]
03-24 03:54:45.237 I/input_interaction( 1526): Interaction with: edge-swipe (server), swipe-up (server), PointerEventDispatcher0 (server),
03-24 03:54:45.243 I/wm_on_top_resumed_gained_called( 2390): [165559056,com.android.settings.homepage.SettingsHomepageActivity,topWhenResuming]
03-24 03:54:45.248 I/input_focus( 1526): [Focus request cd2cc3b com.android.settings/com.android.settings.homepage.SettingsHomepageActivity,reason=UpdateInputWindows]
03-24 03:54:45.271 I/input_focus( 1526): [Focus entering cd2cc3b com.android.settings/com.android.settings.homepage.SettingsHomepageActivity (server),reason=setFocusedWindow]
03-24 03:54:45.777 I/wm_destroy_activity( 1526): [0,20896472,22,com.thundercomm.screensaver/android.service.dreams.DreamActivity,finish-imm:idle]
03-24 03:54:45.786 I/wm_on_stop_called( 4218): [20896472,android.service.dreams.DreamActivity,LIFECYCLER_STOP_ACTIVITY]
03-24 03:54:45.788 I/wm_on_destroy_called( 4218): [20896472,android.service.dreams.DreamActivity,performDestroy]
03-24 03:54:45.792 I/sysui_multi_action( 1526): [757,222,758,2]
03-24 03:54:45.792 I/sysui_multi_action( 1526): [757,804,799,dreaming_minutes,801,2,802,1]
03-24 03:54:45.807 I/wm_task_removed( 1526): [22,removeChild:removeChild last r=ActivityRecord{13edad8 u0 com.thundercomm.screensaver/android.service.dreams.DreamActivity t-1 f}} in t=Task{778e4ee #22 type=dream A=10041:android:com.thundercomm.screensaver/dream U=0 visible=false mode=fullscreen translucent=true sz=0}]
03-24 03:54:45.807 I/wm_task_removed( 1526): [22,removeChild]
03-24 03:54:47.140 I/input_interaction( 1526): Interaction with: 2c21551 StatusBar (server), edge-swipe (server), swipe-up (server), PointerEventDispatcher0 (server),
03-24 03:54:47.147 I/sysui_multi_action( 1990): [757,803,799,panel_open,802,1]
03-24 03:54:47.149 I/sysui_multi_action( 1990): [757,1328,758,4,1326,40,1327,0,1329,0]
03-24 03:54:47.234 I/sysui_multi_action( 1526): [757,127,758,1]
03-24 03:54:47.234 I/sysui_multi_action( 1526): [757,804,799,note_load,801,3,802,1]
03-24 03:54:47.234 I/notification_panel_revealed( 1526): 3
03-24 03:54:47.247 I/input_focus( 1526): [Focus request 6c18c NotificationShade,reason=UpdateInputWindows]
03-24 03:54:47.262 I/sysui_multi_action( 1526): [757,128,758,1,793,608187,794,0,795,608187,796,26,798,0,806,android,857,DEVELOPER_IMPORTANT,858,4,947,0,1395,3,1500,607826,1688,1]
03-24 03:54:47.262 I/sysui_multi_action( 1526): [757,804,799,note_freshness,801,608187,802,1]
03-24 03:54:47.262 I/notification_visibility( 1526): [-1|android|26|null|1000,1,608187,608187,0,0]
03-24 03:54:47.262 I/sysui_multi_action( 1526): [757,128,758,1,793,603485,794,0,795,603485,796,17303299,797,com.android.wifi,798,1,806,android,857,NETWORK_AVAILABLE,858,2,947,0,1395,3,1500,603282,1688,1]
03-24 03:54:47.262 I/sysui_multi_action( 1526): [757,804,799,note_freshness,801,603485,802,1]
03-24 03:54:47.262 I/notification_visibility( 1526): [0|android|17303299|com.android.wifi|1000,1,603485,603485,0,1]
03-24 03:54:47.263 I/sysui_multi_action( 1526): [757,128,758,1,793,608938,794,0,795,608938,796,32,798,2,806,android,857,USB,858,1,947,0,1395,3,1500,608698,1688,1]
03-24 03:54:47.263 I/sysui_multi_action( 1526): [757,804,799,note_freshness,801,608938,802,1]
03-24 03:54:47.263 I/notification_visibility( 1526): [-1|android|32|null|1000,1,608938,608938,0,2]
03-24 03:54:47.278 I/input_focus( 1526): [Focus leaving cd2cc3b com.android.settings/com.android.settings.homepage.SettingsHomepageActivity (server),reason=setFocusedWindow]
03-24 03:54:47.278 I/input_focus( 1526): [Focus entering 6c18c NotificationShade (server),reason=setFocusedWindow]
03-24 03:54:47.344 I/sysui_multi_action( 1990): [757,111,758,1]
03-24 03:54:47.344 I/sysui_multi_action( 1990): [757,126,758,1,759,126,927,0,928,1,1593,1]
03-24 03:54:47.345 I/sysui_multi_action( 1990): [757,113,758,1,759,113,927,1,928,1,1593,1]
03-24 03:54:47.345 I/sysui_multi_action( 1990): [757,0,758,1,759,0,927,2,928,0,1593,1]
03-24 03:54:47.345 I/sysui_multi_action( 1990): [757,0,758,1,759,0,927,3,928,0,1593,1]
03-24 03:54:47.345 I/sysui_multi_action( 1990): [757,491,758,1,759,491,927,4,928,0,1311,-1,1593,1]
03-24 03:54:47.345 I/sysui_multi_action( 1990): [757,0,758,1,759,0,927,5,928,0,1593,1]
03-24 03:54:47.346 I/sysui_multi_action( 1990): [757,111,758,1]
03-24 03:54:47.346 I/sysui_multi_action( 1990): [757,126,758,1,759,126,927,0,928,1,1593,1]
03-24 03:54:47.346 I/sysui_multi_action( 1990): [757,113,758,1,759,113,927,1,928,1,1593,1]
03-24 03:54:47.346 I/sysui_multi_action( 1990): [757,0,758,1,759,0,927,2,928,0,1593,1]
03-24 03:54:47.346 I/sysui_multi_action( 1990): [757,0,758,1,759,0,927,3,928,0,1593,1]
03-24 03:54:48.462 I/am_freeze( 1526): [3605,com.android.providers.calendar]
03-24 03:54:48.464 I/am_kill ( 1526): [0,3605,com.android.providers.calendar,945,Unable to freeze binder interface]
03-24 03:54:48.488 I/am_proc_died( 1526): [0,3605,com.android.providers.calendar,945,19]
03-24 03:54:48.489 I/am_uid_stopped( 1526): 10024
03-24 03:54:49.619 I/am_freeze( 1526): [3846,com.qualcomm.qti.qms.service.trustzoneaccess]
03-24 03:54:49.620 I/am_kill ( 1526): [0,3846,com.qualcomm.qti.qms.service.trustzoneaccess,945,Unable to freeze binder interface]
03-24 03:54:49.654 I/am_proc_died( 1526): [0,3846,com.qualcomm.qti.qms.service.trustzoneaccess,945,19]
03-24 03:54:49.656 I/am_uid_stopped( 1526): 10053
03-24 03:55:37.936 I/am_pss ( 1526): [1526,1000,system,238111744,143888384,0,571797504,0,0,27]
03-24 03:55:37.946 I/am_pss ( 1526): [1972,1002,com.android.bluetooth,29893632,23646208,0,138579968,0,0,7]
03-24 03:55:37.952 I/am_pss ( 1526): [2400,10092,android.ext.services,16363520,6176768,0,133636096,0,5,6]
03-24 03:55:37.958 I/am_pss ( 1526): [2929,10071,com.qualcomm.location.XT,6492160,4550656,0,93765632,0,6,6]
03-24 03:55:37.966 I/am_pss ( 1526): [3147,10029,com.baidu.input,67673088,62279680,0,177897472,0,7,7]
03-24 03:55:37.972 I/am_pss ( 1526): [2185,1001,.dataservices,7923712,6004736,0,94285824,0,0,6]
03-24 03:55:37.978 I/am_pss ( 1526): [2049,1073,com.android.networkstack.process,14044160,11362304,0,110039040,0,0,5]
03-24 03:55:37.992 I/am_pss ( 1526): [1990,10078,com.android.systemui,240608256,220221440,0,411475968,0,1,12]
03-24 03:55:40.359 I/sysui_multi_action( 1526): [757,1696,758,6,759,2]
03-24 03:55:40.375 I/am_wtf ( 1526): [0,1526,system_server,-1,DisplayDeviceConfig,requesting nits when no mapping exists.]
03-24 03:55:40.379 I/am_wtf ( 1526): [0,1526,system_server,-1,DisplayDeviceConfig,requesting nits when no mapping exists.]
03-24 03:55:40.391 I/am_wtf ( 1526): [0,1526,system_server,-1,DisplayDeviceConfig,requesting nits when no mapping exists.]
03-24 03:55:40.393 I/am_wtf ( 1526): [0,1526,system_server,-1,DisplayDeviceConfig,requesting nits when no mapping exists.]
03-24 03:55:40.404 I/am_wtf ( 1526): [0,1526,system_server,-1,DisplayDeviceConfig,requesting nits when no mapping exists.]
03-24 03:55:40.405 I/am_wtf ( 1526): [0,1526,system_server,-1,DisplayDeviceConfig,requesting nits when no mapping exists.]
03-24 03:55:40.421 I/am_wtf ( 1526): [0,1526,system_server,-1,DisplayDeviceConfig,requesting nits when no mapping exists.]
03-24 03:55:40.422 I/am_wtf ( 1526): [0,1526,system_server,-1,DisplayDeviceConfig,requesting nits when no mapping exists.]
03-24 03:55:40.437 I/am_wtf ( 1526): [0,1526,system_server,-1,DisplayDeviceConfig,requesting nits when no mapping exists.]
03-24 03:55:40.438 I/am_wtf ( 1526): [0,1526,system_server,-1,DisplayDeviceConfig,requesting nits when no mapping exists.]
03-24 03:55:40.454 I/am_wtf ( 1526): [0,1526,system_server,-1,DisplayDeviceConfig,requesting nits when no mapping exists.]
03-24 03:55:40.455 I/am_wtf ( 1526): [0,1526,system_server,-1,DisplayDeviceConfig,requesting nits when no mapping exists.]
03-24 03:55:40.471 I/am_wtf ( 1526): [0,1526,system_server,-1,DisplayDeviceConfig,requesting nits when no mapping exists.]
03-24 03:55:40.472 I/am_wtf ( 1526): [0,1526,system_server,-1,DisplayDeviceConfig,requesting nits when no mapping exists.]
03-24 03:55:40.487 I/am_wtf ( 1526): [0,1526,system_server,-1,DisplayDeviceConfig,requesting nits when no mapping exists.]
03-24 03:55:40.488 I/am_wtf ( 1526): [0,1526,system_server,-1,DisplayDeviceConfig,requesting nits when no mapping exists.]
03-24 03:55:40.504 I/am_wtf ( 1526): [0,1526,system_server,-1,DisplayDeviceConfig,requesting nits when no mapping exists.]
03-24 03:55:40.505 I/am_wtf ( 1526): [0,1526,system_server,-1,DisplayDeviceConfig,requesting nits when no mapping exists.]
03-24 03:55:40.521 I/am_wtf ( 1526): [0,1526,system_server,-1,DisplayDeviceConfig,requesting nits when no mapping exists.]
03-24 03:55:40.522 I/am_wtf ( 1526): [0,1526,system_server,-1,DisplayDeviceConfig,requesting nits when no mapping exists.]
03-24 03:55:40.538 I/am_wtf ( 1526): [0,1526,system_server,-1,DisplayDeviceConfig,requesting nits when no mapping exists.]
03-24 03:55:40.538 I/am_wtf ( 1526): [0,1526,system_server,-1,DisplayDeviceConfig,requesting nits when no mapping exists.]
03-24 03:55:40.554 I/am_wtf ( 1526): [0,1526,system_server,-1,DisplayDeviceConfig,requesting nits when no mapping exists.]
03-24 03:55:40.555 I/am_wtf ( 1526): [0,1526,system_server,-1,DisplayDeviceConfig,requesting nits when no mapping exists.]
03-24 03:55:40.571 I/am_wtf ( 1526): [0,1526,system_server,-1,DisplayDeviceConfig,requesting nits when no mapping exists.]
03-24 03:55:40.573 I/am_wtf ( 1526): [0,1526,system_server,-1,DisplayDeviceConfig,requesting nits when no mapping exists.]
03-24 03:55:40.588 I/am_wtf ( 1526): [0,1526,system_server,-1,DisplayDeviceConfig,requesting nits when no mapping exists.]
03-24 03:55:40.589 I/am_wtf ( 1526): [0,1526,system_server,-1,DisplayDeviceConfig,requesting nits when no mapping exists.]
03-24 03:55:40.604 I/am_wtf ( 1526): [0,1526,system_server,-1,DisplayDeviceConfig,requesting nits when no mapping exists.]
03-24 03:55:40.605 I/am_wtf ( 1526): [0,1526,system_server,-1,DisplayDeviceConfig,requesting nits when no mapping exists.]
03-24 03:55:40.621 I/am_wtf ( 1526): [0,1526,system_server,-1,DisplayDeviceConfig,requesting nits when no mapping exists.]
03-24 03:55:40.622 I/am_wtf ( 1526): [0,1526,system_server,-1,DisplayDeviceConfig,requesting nits when no mapping exists.]
03-24 03:55:40.638 I/am_wtf ( 1526): [0,1526,system_server,-1,DisplayDeviceConfig,requesting nits when no mapping exists.]
03-24 03:55:40.639 I/am_wtf ( 1526): [0,1526,system_server,-1,DisplayDeviceConfig,requesting nits when no mapping exists.]
03-24 03:55:40.655 I/am_wtf ( 1526): [0,1526,system_server,-1,DisplayDeviceConfig,requesting nits when no mapping exists.]
03-24 03:55:40.656 I/am_wtf ( 1526): [0,1526,system_server,-1,DisplayDeviceConfig,requesting nits when no mapping exists.]
03-24 03:55:40.671 I/am_wtf ( 1526): [0,1526,system_server,-1,DisplayDeviceConfig,requesting nits when no mapping exists.]
03-24 03:55:40.672 I/am_wtf ( 1526): [0,1526,system_server,-1,DisplayDeviceConfig,requesting nits when no mapping exists.]
03-24 03:55:40.688 I/am_wtf ( 1526): [0,1526,system_server,-1,DisplayDeviceConfig,requesting nits when no mapping exists.]
03-24 03:55:40.689 I/am_wtf ( 1526): [0,1526,system_server,-1,DisplayDeviceConfig,requesting nits when no mapping exists.]
03-24 03:55:40.705 I/am_wtf ( 1526): [0,1526,system_server,-1,DisplayDeviceConfig,requesting nits when no mapping exists.]
03-24 03:55:40.705 I/am_wtf ( 1526): [0,1526,system_server,-1,DisplayDeviceConfig,requesting nits when no mapping exists.]
03-24 03:55:40.722 I/am_wtf ( 1526): [0,1526,system_server,-1,DisplayDeviceConfig,requesting nits when no mapping exists.]
03-24 03:55:40.722 I/am_wtf ( 1526): [0,1526,system_server,-1,DisplayDeviceConfig,requesting nits when no mapping exists.]
03-24 03:55:40.738 I/am_wtf ( 1526): [0,1526,system_server,-1,DisplayDeviceConfig,requesting nits when no mapping exists.]
03-24 03:55:40.739 I/am_wtf ( 1526): [0,1526,system_server,-1,DisplayDeviceConfig,requesting nits when no mapping exists.]
03-24 03:55:40.755 I/am_wtf ( 1526): [0,1526,system_server,-1,DisplayDeviceConfig,requesting nits when no mapping exists.]
03-24 03:55:40.756 I/am_wtf ( 1526): [0,1526,system_server,-1,DisplayDeviceConfig,requesting nits when no mapping exists.]
03-24 03:55:40.772 I/am_wtf ( 1526): [0,1526,system_server,-1,DisplayDeviceConfig,requesting nits when no mapping exists.]
03-24 03:55:40.773 I/service_manager_stats( 1526): [100,38,205647]
03-24 03:55:40.773 I/am_wtf ( 1526): [0,1526,system_server,-1,DisplayDeviceConfig,requesting nits when no mapping exists.]
03-24 03:55:40.788 I/am_wtf ( 1526): [0,1526,system_server,-1,DisplayDeviceConfig,requesting nits when no mapping exists.]
03-24 03:55:40.789 I/am_wtf ( 1526): [0,1526,system_server,-1,DisplayDeviceConfig,requesting nits when no mapping exists.]
03-24 03:55:40.805 I/am_wtf ( 1526): [0,1526,system_server,-1,DisplayDeviceConfig,requesting nits when no mapping exists.]
03-24 03:55:40.806 I/am_wtf ( 1526): [0,1526,system_server,-1,DisplayDeviceConfig,requesting nits when no mapping exists.]
03-24 03:55:40.821 I/am_wtf ( 1526): [0,1526,system_server,-1,DisplayDeviceConfig,requesting nits when no mapping exists.]
03-24 03:55:40.822 I/am_wtf ( 1526): [0,1526,system_server,-1,DisplayDeviceConfig,requesting nits when no mapping exists.]
03-24 03:55:40.838 I/am_wtf ( 1526): [0,1526,system_server,-1,DisplayDeviceConfig,requesting nits when no mapping exists.]
03-24 03:55:40.839 I/am_wtf ( 1526): [0,1526,system_server,-1,DisplayDeviceConfig,requesting nits when no mapping exists.]
03-24 03:55:40.855 I/am_wtf ( 1526): [0,1526,system_server,-1,DisplayDeviceConfig,requesting nits when no mapping exists.]
03-24 03:55:40.856 I/am_wtf ( 1526): [0,1526,system_server,-1,DisplayDeviceConfig,requesting nits when no mapping exists.]
03-24 03:55:40.872 I/am_wtf ( 1526): [0,1526,system_server,-1,DisplayDeviceConfig,requesting nits when no mapping exists.]
03-24 03:55:40.873 I/am_wtf ( 1526): [0,1526,system_server,-1,DisplayDeviceConfig,requesting nits when no mapping exists.]
03-24 03:55:40.889 I/am_wtf ( 1526): [0,1526,system_server,-1,DisplayDeviceConfig,requesting nits when no mapping exists.]
03-24 03:55:40.889 I/am_wtf ( 1526): [0,1526,system_server,-1,DisplayDeviceConfig,requesting nits when no mapping exists.]
03-24 03:55:40.905 I/am_wtf ( 1526): [0,1526,system_server,-1,DisplayDeviceConfig,requesting nits when no mapping exists.]
03-24 03:55:40.906 I/am_wtf ( 1526): [0,1526,system_server,-1,DisplayDeviceConfig,requesting nits when no mapping exists.]
03-24 03:55:40.922 I/am_wtf ( 1526): [0,1526,system_server,-1,DisplayDeviceConfig,requesting nits when no mapping exists.]
03-24 03:55:40.923 I/am_wtf ( 1526): [0,1526,system_server,-1,DisplayDeviceConfig,requesting nits when no mapping exists.]
03-24 03:55:40.939 I/am_wtf ( 1526): [0,1526,system_server,-1,DisplayDeviceConfig,requesting nits when no mapping exists.]
03-24 03:55:40.940 I/am_wtf ( 1526): [0,1526,system_server,-1,DisplayDeviceConfig,requesting nits when no mapping exists.]
03-24 03:55:40.955 I/am_wtf ( 1526): [0,1526,system_server,-1,DisplayDeviceConfig,requesting nits when no mapping exists.]
03-24 03:55:40.956 I/am_wtf ( 1526): [0,1526,system_server,-1,DisplayDeviceConfig,requesting nits when no mapping exists.]
03-24 03:55:40.973 I/am_wtf ( 1526): [0,1526,system_server,-1,DisplayDeviceConfig,requesting nits when no mapping exists.]
03-24 03:55:40.975 I/am_wtf ( 1526): [0,1526,system_server,-1,DisplayDeviceConfig,requesting nits when no mapping exists.]
03-24 03:55:40.989 I/am_wtf ( 1526): [0,1526,system_server,-1,DisplayDeviceConfig,requesting nits when no mapping exists.]
03-24 03:55:40.989 I/am_wtf ( 1526): [0,1526,system_server,-1,DisplayDeviceConfig,requesting nits when no mapping exists.]
03-24 03:55:41.005 I/am_wtf ( 1526): [0,1526,system_server,-1,DisplayDeviceConfig,requesting nits when no mapping exists.]
03-24 03:55:41.006 I/am_wtf ( 1526): [0,1526,system_server,-1,DisplayDeviceConfig,requesting nits when no mapping exists.]
03-24 03:55:41.022 I/am_wtf ( 1526): [0,1526,system_server,-1,DisplayDeviceConfig,requesting nits when no mapping exists.]
03-24 03:55:41.023 I/am_wtf ( 1526): [0,1526,system_server,-1,DisplayDeviceConfig,requesting nits when no mapping exists.]
03-24 03:55:41.039 I/am_wtf ( 1526): [0,1526,system_server,-1,DisplayDeviceConfig,requesting nits when no mapping exists.]
03-24 03:55:41.040 I/am_wtf ( 1526): [0,1526,system_server,-1,DisplayDeviceConfig,requesting nits when no mapping exists.]
03-24 03:55:41.055 I/am_wtf ( 1526): [0,1526,system_server,-1,DisplayDeviceConfig,requesting nits when no mapping exists.]
03-24 03:55:41.056 I/am_wtf ( 1526): [0,1526,system_server,-1,DisplayDeviceConfig,requesting nits when no mapping exists.]
03-24 03:55:41.072 I/am_wtf ( 1526): [0,1526,system_server,-1,DisplayDeviceConfig,requesting nits when no mapping exists.]
03-24 03:55:41.073 I/am_wtf ( 1526): [0,1526,system_server,-1,DisplayDeviceConfig,requesting nits when no mapping exists.]
03-24 03:55:41.089 I/am_wtf ( 1526): [0,1526,system_server,-1,DisplayDeviceConfig,requesting nits when no mapping exists.]
03-24 03:55:41.090 I/am_wtf ( 1526): [0,1526,system_server,-1,DisplayDeviceConfig,requesting nits when no mapping exists.]
03-24 03:55:41.106 I/am_wtf ( 1526): [0,1526,system_server,-1,DisplayDeviceConfig,requesting nits when no mapping exists.]
03-24 03:55:41.106 I/am_wtf ( 1526): [0,1526,system_server,-1,DisplayDeviceConfig,requesting nits when no mapping exists.]
03-24 03:55:41.123 I/am_wtf ( 1526): [0,1526,system_server,-1,DisplayDeviceConfig,requesting nits when no mapping exists.]
03-24 03:55:41.124 I/am_wtf ( 1526): [0,1526,system_server,-1,DisplayDeviceConfig,requesting nits when no mapping exists.]
03-24 03:55:41.139 I/am_wtf ( 1526): [0,1526,system_server,-1,DisplayDeviceConfig,requesting nits when no mapping exists.]
03-24 03:55:41.140 I/am_wtf ( 1526): [0,1526,system_server,-1,DisplayDeviceConfig,requesting nits when no mapping exists.]
03-24 03:55:41.156 I/am_wtf ( 1526): [0,1526,system_server,-1,DisplayDeviceConfig,requesting nits when no mapping exists.]
03-24 03:55:41.157 I/am_wtf ( 1526): [0,1526,system_server,-1,DisplayDeviceConfig,requesting nits when no mapping exists.]
03-24 03:55:41.173 I/am_wtf ( 1526): [0,1526,system_server,-1,DisplayDeviceConfig,requesting nits when no mapping exists.]
03-24 03:55:41.174 I/am_wtf ( 1526): [0,1526,system_server,-1,DisplayDeviceConfig,requesting nits when no mapping exists.]
03-24 03:55:41.189 I/am_wtf ( 1526): [0,1526,system_server,-1,DisplayDeviceConfig,requesting nits when no mapping exists.]
03-24 03:55:41.190 I/am_wtf ( 1526): [0,1526,system_server,-1,DisplayDeviceConfig,requesting nits when no mapping exists.]
03-24 03:55:41.206 I/am_wtf ( 1526): [0,1526,system_server,-1,DisplayDeviceConfig,requesting nits when no mapping exists.]
03-24 03:55:41.207 I/am_wtf ( 1526): [0,1526,system_server,-1,DisplayDeviceConfig,requesting nits when no mapping exists.]
03-24 03:55:41.222 I/am_wtf ( 1526): [0,1526,system_server,-1,DisplayDeviceConfig,requesting nits when no mapping exists.]
03-24 03:55:41.223 I/am_wtf ( 1526): [0,1526,system_server,-1,DisplayDeviceConfig,requesting nits when no mapping exists.]
03-24 03:55:41.239 I/am_wtf ( 1526): [0,1526,system_server,-1,DisplayDeviceConfig,requesting nits when no mapping exists.]
03-24 03:55:41.240 I/am_wtf ( 1526): [0,1526,system_server,-1,DisplayDeviceConfig,requesting nits when no mapping exists.]
03-24 03:55:41.256 I/am_wtf ( 1526): [0,1526,system_server,-1,DisplayDeviceConfig,requesting nits when no mapping exists.]
03-24 03:55:41.257 I/am_wtf ( 1526): [0,1526,system_server,-1,DisplayDeviceConfig,requesting nits when no mapping exists.]
03-24 03:55:41.273 I/am_wtf ( 1526): [0,1526,system_server,-1,DisplayDeviceConfig,requesting nits when no mapping exists.]
03-24 03:55:41.274 I/am_wtf ( 1526): [0,1526,system_server,-1,DisplayDeviceConfig,requesting nits when no mapping exists.]
03-24 03:55:41.290 I/am_wtf ( 1526): [0,1526,system_server,-1,DisplayDeviceConfig,requesting nits when no mapping exists.]
03-24 03:55:41.290 I/am_wtf ( 1526): [0,1526,system_server,-1,DisplayDeviceConfig,requesting nits when no mapping exists.]
03-24 03:55:41.306 I/am_wtf ( 1526): [0,1526,system_server,-1,DisplayDeviceConfig,requesting nits when no mapping exists.]
03-24 03:55:41.307 I/am_wtf ( 1526): [0,1526,system_server,-1,DisplayDeviceConfig,requesting nits when no mapping exists.]
03-24 03:55:41.323 I/am_wtf ( 1526): [0,1526,system_server,-1,DisplayDeviceConfig,requesting nits when no mapping exists.]
03-24 03:55:41.324 I/am_wtf ( 1526): [0,1526,system_server,-1,DisplayDeviceConfig,requesting nits when no mapping exists.]
03-24 03:55:42.588 I/am_freeze( 1526): [3217,android.process.acore]
03-24 03:55:42.589 I/am_kill ( 1526): [0,3217,android.process.acore,955,Unable to freeze binder interface]
03-24 03:55:42.622 I/am_proc_died( 1526): [0,3217,android.process.acore,955,19]
03-24 03:55:42.623 I/am_uid_stopped( 1526): 10020
03-24 03:55:42.633 I/am_pss ( 1526): [4218,10041,com.thundercomm.screensaver,37209088,31498240,0,151314432,0,19,7]
03-24 03:55:42.638 I/am_pss ( 1526): [3574,10034,com.android.packageinstaller,7280640,5476352,0,91209728,0,19,5]
03-24 03:55:42.643 I/am_pss ( 1526): [3523,10019,com.android.managedprovisioning,9079808,7176192,0,94433280,0,19,4]
03-24 03:55:42.649 I/am_pss ( 1526): [2383,1000,com.qualcomm.qti.qdma,9450496,6471680,0,105525248,0,0,4]
03-24 03:55:42.655 I/am_pss ( 1526): [2327,1000,com.thundercomm.remotecontrolservice,11380736,8785920,0,103694336,0,0,5]
03-24 03:55:42.660 I/am_pss ( 1526): [2333,1000,com.thundercomm.tcservice,9015296,6983680,0,96833536,0,0,5]
03-24 03:55:42.666 I/am_pss ( 1526): [2301,1068,com.android.se,5811200,3915776,0,91783168,0,0,5]
03-24 03:55:42.670 I/am_pss ( 1526): [2271,1000,vendor.qti.qesdk.sysservice,5573632,3665920,0,91590656,0,0,4]
03-24 03:55:42.675 I/am_pss ( 1526): [2282,10086,com.qti.qualcomm.mstatssystemservice,5510144,3670016,0,90054656,0,0,4]
03-24 03:55:42.680 I/am_pss ( 1526): [2220,1000,com.thundercomm.tchttpserver,7945216,5959680,0,94429184,0,0,5]
03-24 03:55:42.686 I/am_pss ( 1526): [2243,1000,com.tc.logclient,7738368,5484544,0,98844672,0,0,5]
03-24 03:55:42.691 I/am_pss ( 1526): [2252,1000,com.thundercomm.tcsetupwizard,6871040,5033984,0,91623424,0,0,5]
03-24 03:55:42.696 I/am_pss ( 1526): [2198,10052,.qtidataservices,5963776,4079616,0,91598848,0,0,4]
03-24 03:55:42.701 I/am_pss ( 1526): [2177,1000,com.thundercomm.microservice,9053184,7081984,0,96415744,0,0,4]
03-24 03:55:42.707 I/am_pss ( 1526): [2178,1000,com.thundercomm.microsettings,26170368,23232512,0,115335168,0,0,5]
03-24 03:55:42.713 I/am_pss ( 1526): [2108,1000,com.thundercomm.gamemode,27825152,21180416,0,137166848,0,0,6]
03-24 03:55:45.800 I/am_uid_idle( 1526): 10041
03-24 03:55:47.375 I/sysui_multi_action( 1526): [757,222,758,1]
03-24 03:55:47.377 I/am_uid_active( 1526): 10041
03-24 03:55:47.395 I/input_focus( 1526): [Focus request cd2cc3b com.android.settings/com.android.settings.homepage.SettingsHomepageActivity,reason=UpdateInputWindows]
03-24 03:55:47.399 I/wm_task_created( 1526): [23,-1]
03-24 03:55:47.402 I/wm_task_moved( 1526): [23,1,8]
03-24 03:55:47.402 I/wm_task_to_front( 1526): [0,23]
03-24 03:55:47.402 I/wm_create_task( 1526): [0,23]
03-24 03:55:47.402 I/wm_create_activity( 1526): [0,17642825,23,com.thundercomm.screensaver/android.service.dreams.DreamActivity,NULL,NULL,NULL,276824064]
03-24 03:55:47.402 I/wm_task_moved( 1526): [23,1,8]
03-24 03:55:47.402 I/wm_on_top_resumed_lost_called( 2390): [165559056,com.android.settings.homepage.SettingsHomepageActivity,topStateChangedWhenResumed]
03-24 03:55:47.403 I/wm_pause_activity( 1526): [0,165559056,com.android.settings/.homepage.SettingsHomepageActivity,userLeaving=true,pauseBackTasks]
03-24 03:55:47.406 I/sysui_multi_action( 2390): [757,35,758,2,1089,62174]
03-24 03:55:47.409 I/sysui_multi_action( 2390): [757,336,758,2,1089,62175]
03-24 03:55:47.409 I/wm_on_paused_called( 2390): [165559056,com.android.settings.homepage.SettingsHomepageActivity,performPause]
03-24 03:55:47.411 I/wm_add_to_stopping( 1526): [0,165559056,com.android.settings/.homepage.SettingsHomepageActivity,makeInvisible]
03-24 03:55:47.411 I/wm_restart_activity( 1526): [0,17642825,23,com.thundercomm.screensaver/android.service.dreams.DreamActivity]
03-24 03:55:47.412 I/wm_set_resumed_activity( 1526): [0,com.thundercomm.screensaver/android.service.dreams.DreamActivity,minimalResumeActivityLocked]
03-24 03:55:47.421 I/sysui_multi_action( 1526): [757,803,799,window_time_0,802,62]
03-24 03:55:47.421 I/input_focus( 1526): [Focus leaving 6c18c NotificationShade (server),reason=NOT_FOCUSABLE]
03-24 03:55:47.422 I/wm_on_create_called( 4218): [17642825,android.service.dreams.DreamActivity,performCreate]
03-24 03:55:47.423 I/wm_on_start_called( 4218): [17642825,android.service.dreams.DreamActivity,handleStartActivity]
03-24 03:55:47.423 I/wm_on_resume_called( 4218): [17642825,android.service.dreams.DreamActivity,RESUME_ACTIVITY]
03-24 03:55:47.426 I/wm_on_top_resumed_gained_called( 4218): [17642825,android.service.dreams.DreamActivity,topStateChangedWhenResumed]
03-24 03:55:47.442 I/input_focus( 1526): [Focus request 36add05 com.thundercomm.screensaver/android.service.dreams.DreamActivity,reason=UpdateInputWindows]
03-24 03:55:47.448 I/notification_enqueue( 1526): [10078,1990,com.android.systemui,2048,NULL,0,Notification(channel=updateNotification shortcut=null contentView=null vibrate=null sound=null defaults=0x0 flags=0x0 color=0x00000000 vis=PRIVATE),1]
03-24 03:55:47.448 I/sysui_multi_action( 1990): [757,111,758,2]
03-24 03:55:47.449 I/sysui_multi_action( 1990): [757,111,758,2]
03-24 03:55:47.453 I/sysui_multi_action( 1526): [319,56,322,51,325,679,757,761,758,8,759,2,806,com.thundercomm.screensaver,871,android.service.dreams.DreamActivity,904,com.thundercomm.screensaver,905,0,1320,4,1321,2]
03-24 03:55:47.454 I/wm_activity_launch_time( 1526): [0,17642825,com.thundercomm.screensaver/android.service.dreams.DreamActivity,51]
03-24 03:55:47.454 I/sysui_multi_action( 1990): [757,111,758,1]
03-24 03:55:47.455 I/sysui_multi_action( 1990): [757,126,758,1,759,126,927,0,928,1,1593,1]
03-24 03:55:47.455 I/sysui_multi_action( 1990): [757,113,758,1,759,113,927,1,928,1,1593,0]
03-24 03:55:47.455 I/sysui_multi_action( 1990): [757,0,758,1,759,0,927,2,928,0,1593,0]
03-24 03:55:47.455 I/sysui_multi_action( 1990): [757,0,758,1,759,0,927,3,928,0,1593,0]
03-24 03:55:47.455 I/sysui_multi_action( 1990): [757,491,758,1,759,491,927,4,928,0,1311,-1,1593,0]
03-24 03:55:47.455 I/sysui_multi_action( 1990): [757,0,758,1,759,0,927,5,928,0,1593,0]
03-24 03:55:47.455 I/sysui_multi_action( 1990): [757,111,758,1]
03-24 03:55:47.455 I/sysui_multi_action( 1990): [757,126,758,1,759,126,927,0,928,1,1593,1]
03-24 03:55:47.455 I/sysui_multi_action( 1990): [757,113,758,1,759,113,927,1,928,1,1593,1]
03-24 03:55:47.456 I/sysui_multi_action( 1990): [757,0,758,1,759,0,927,2,928,0,1593,1]
03-24 03:55:47.456 I/sysui_multi_action( 1526): [757,1696,758,6,759,3]
03-24 03:55:47.456 I/sysui_multi_action( 1990): [757,0,758,1,759,0,927,3,928,0,1593,1]
03-24 03:55:47.469 I/am_wtf ( 1526): [0,1526,system_server,-1,DisplayDeviceConfig,requesting nits when no mapping exists.]
03-24 03:55:47.470 I/am_wtf ( 1526): [0,1526,system_server,-1,DisplayDeviceConfig,requesting nits when no mapping exists.]
03-24 03:55:47.471 I/input_focus( 1526): [Focus entering 36add05 com.thundercomm.screensaver/android.service.dreams.DreamActivity (server),reason=Window became focusable. Previous reason: NOT_VISIBLE]
03-24 03:55:47.486 I/am_wtf ( 1526): [0,1526,system_server,-1,DisplayDeviceConfig,requesting nits when no mapping exists.]
03-24 03:55:47.487 I/am_wtf ( 1526): [0,1526,system_server,-1,DisplayDeviceConfig,requesting nits when no mapping exists.]
03-24 03:55:47.503 I/am_wtf ( 1526): [0,1526,system_server,-1,DisplayDeviceConfig,requesting nits when no mapping exists.]
03-24 03:55:47.503 I/am_wtf ( 1526): [0,1526,system_server,-1,DisplayDeviceConfig,requesting nits when no mapping exists.]
03-24 03:55:47.520 I/am_wtf ( 1526): [0,1526,system_server,-1,DisplayDeviceConfig,requesting nits when no mapping exists.]
03-24 03:55:47.520 I/am_wtf ( 1526): [0,1526,system_server,-1,DisplayDeviceConfig,requesting nits when no mapping exists.]
03-24 03:55:47.536 I/am_wtf ( 1526): [0,1526,system_server,-1,DisplayDeviceConfig,requesting nits when no mapping exists.]
03-24 03:55:47.537 I/am_wtf ( 1526): [0,1526,system_server,-1,DisplayDeviceConfig,requesting nits when no mapping exists.]
03-24 03:55:47.553 I/am_wtf ( 1526): [0,1526,system_server,-1,DisplayDeviceConfig,requesting nits when no mapping exists.]
03-24 03:55:47.554 I/am_wtf ( 1526): [0,1526,system_server,-1,DisplayDeviceConfig,requesting nits when no mapping exists.]
03-24 03:55:47.570 I/am_wtf ( 1526): [0,1526,system_server,-1,DisplayDeviceConfig,requesting nits when no mapping exists.]
03-24 03:55:47.570 I/am_wtf ( 1526): [0,1526,system_server,-1,DisplayDeviceConfig,requesting nits when no mapping exists.]
03-24 03:55:47.587 I/am_wtf ( 1526): [0,1526,system_server,-1,DisplayDeviceConfig,requesting nits when no mapping exists.]
03-24 03:55:47.587 I/am_wtf ( 1526): [0,1526,system_server,-1,DisplayDeviceConfig,requesting nits when no mapping exists.]
03-24 03:55:47.603 I/am_wtf ( 1526): [0,1526,system_server,-1,DisplayDeviceConfig,requesting nits when no mapping exists.]
03-24 03:55:47.603 I/am_wtf ( 1526): [0,1526,system_server,-1,DisplayDeviceConfig,requesting nits when no mapping exists.]
03-24 03:55:47.620 I/am_wtf ( 1526): [0,1526,system_server,-1,DisplayDeviceConfig,requesting nits when no mapping exists.]
03-24 03:55:47.620 I/am_wtf ( 1526): [0,1526,system_server,-1,DisplayDeviceConfig,requesting nits when no mapping exists.]
03-24 03:55:47.637 I/am_wtf ( 1526): [0,1526,system_server,-1,DisplayDeviceConfig,requesting nits when no mapping exists.]
03-24 03:55:47.637 I/am_wtf ( 1526): [0,1526,system_server,-1,DisplayDeviceConfig,requesting nits when no mapping exists.]
03-24 03:55:47.653 I/am_wtf ( 1526): [0,1526,system_server,-1,DisplayDeviceConfig,requesting nits when no mapping exists.]
03-24 03:55:47.654 I/am_wtf ( 1526): [0,1526,system_server,-1,DisplayDeviceConfig,requesting nits when no mapping exists.]
03-24 03:55:47.670 I/am_wtf ( 1526): [0,1526,system_server,-1,DisplayDeviceConfig,requesting nits when no mapping exists.]
03-24 03:55:47.671 I/am_wtf ( 1526): [0,1526,system_server,-1,DisplayDeviceConfig,requesting nits when no mapping exists.]
03-24 03:55:47.687 I/am_wtf ( 1526): [0,1526,system_server,-1,DisplayDeviceConfig,requesting nits when no mapping exists.]
03-24 03:55:47.687 I/am_wtf ( 1526): [0,1526,system_server,-1,DisplayDeviceConfig,requesting nits when no mapping exists.]
03-24 03:55:47.688 I/notification_enqueue( 1526): [10078,1990,com.android.systemui,2048,NULL,0,Notification(channel=updateNotification shortcut=null contentView=null vibrate=null sound=null defaults=0x0 flags=0x0 color=0x00000000 vis=PRIVATE),1]
03-24 03:55:47.688 I/sysui_multi_action( 1990): [757,111,758,2]
03-24 03:55:47.688 I/sysui_multi_action( 1990): [757,111,758,2]
03-24 03:55:47.704 I/am_wtf ( 1526): [0,1526,system_server,-1,DisplayDeviceConfig,requesting nits when no mapping exists.]
03-24 03:55:47.704 I/am_wtf ( 1526): [0,1526,system_server,-1,DisplayDeviceConfig,requesting nits when no mapping exists.]
03-24 03:55:47.720 I/am_wtf ( 1526): [0,1526,system_server,-1,DisplayDeviceConfig,requesting nits when no mapping exists.]
03-24 03:55:47.720 I/am_wtf ( 1526): [0,1526,system_server,-1,DisplayDeviceConfig,requesting nits when no mapping exists.]
03-24 03:55:47.721 I/service_manager_stats( 1526): [100,39,6948]
03-24 03:55:47.737 I/am_wtf ( 1526): [0,1526,system_server,-1,DisplayDeviceConfig,requesting nits when no mapping exists.]
03-24 03:55:47.737 I/am_wtf ( 1526): [0,1526,system_server,-1,DisplayDeviceConfig,requesting nits when no mapping exists.]
03-24 03:55:47.754 I/am_wtf ( 1526): [0,1526,system_server,-1,DisplayDeviceConfig,requesting nits when no mapping exists.]
03-24 03:55:47.754 I/am_wtf ( 1526): [0,1526,system_server,-1,DisplayDeviceConfig,requesting nits when no mapping exists.]
03-24 03:55:47.770 I/am_wtf ( 1526): [0,1526,system_server,-1,DisplayDeviceConfig,requesting nits when no mapping exists.]
03-24 03:55:47.771 I/am_wtf ( 1526): [0,1526,system_server,-1,DisplayDeviceConfig,requesting nits when no mapping exists.]
03-24 03:55:47.787 I/am_wtf ( 1526): [0,1526,system_server,-1,DisplayDeviceConfig,requesting nits when no mapping exists.]
03-24 03:55:47.787 I/am_wtf ( 1526): [0,1526,system_server,-1,DisplayDeviceConfig,requesting nits when no mapping exists.]
03-24 03:55:47.804 I/am_wtf ( 1526): [0,1526,system_server,-1,DisplayDeviceConfig,requesting nits when no mapping exists.]
03-24 03:55:47.804 I/am_wtf ( 1526): [0,1526,system_server,-1,DisplayDeviceConfig,requesting nits when no mapping exists.]
03-24 03:55:47.821 I/am_wtf ( 1526): [0,1526,system_server,-1,DisplayDeviceConfig,requesting nits when no mapping exists.]
03-24 03:55:47.821 I/am_wtf ( 1526): [0,1526,system_server,-1,DisplayDeviceConfig,requesting nits when no mapping exists.]
03-24 03:55:47.837 I/am_wtf ( 1526): [0,1526,system_server,-1,DisplayDeviceConfig,requesting nits when no mapping exists.]
03-24 03:55:47.837 I/am_wtf ( 1526): [0,1526,system_server,-1,DisplayDeviceConfig,requesting nits when no mapping exists.]
03-24 03:55:47.845 I/am_freeze( 1526): [3589,com.android.permissioncontroller]
03-24 03:55:47.845 I/am_kill ( 1526): [0,3589,com.android.permissioncontroller,935,Unable to freeze binder interface]
03-24 03:55:47.854 I/am_wtf ( 1526): [0,1526,system_server,-1,DisplayDeviceConfig,requesting nits when no mapping exists.]
03-24 03:55:47.854 I/am_wtf ( 1526): [0,1526,system_server,-1,DisplayDeviceConfig,requesting nits when no mapping exists.]
03-24 03:55:47.862 I/am_proc_died( 1526): [0,3589,com.android.permissioncontroller,935,19]
03-24 03:55:47.863 I/am_uid_stopped( 1526): 10090
03-24 03:55:47.868 I/am_pss ( 1526): [2889,10091,com.android.providers.media.module,19234816,15269888,0,124346368,0,0,5]
03-24 03:55:47.871 I/am_wtf ( 1526): [0,1526,system_server,-1,DisplayDeviceConfig,requesting nits when no mapping exists.]
03-24 03:55:47.871 I/am_wtf ( 1526): [0,1526,system_server,-1,DisplayDeviceConfig,requesting nits when no mapping exists.]
03-24 03:55:47.873 I/am_pss ( 1526): [2663,10068,com.qualcomm.location,10368000,7503872,0,104591360,0,0,5]
03-24 03:55:47.887 I/am_wtf ( 1526): [0,1526,system_server,-1,DisplayDeviceConfig,requesting nits when no mapping exists.]
03-24 03:55:47.887 I/am_wtf ( 1526): [0,1526,system_server,-1,DisplayDeviceConfig,requesting nits when no mapping exists.]
03-24 03:55:47.899 I/sysui_multi_action( 1526): [757,128,758,2,793,668824,794,60637,795,668824,796,26,798,0,806,android,857,DEVELOPER_IMPORTANT,858,4,947,0,1395,3,1500,668463,1688,1]
03-24 03:55:47.899 I/notification_visibility( 1526): [-1|android|26|null|1000,0,668824,668824,0,0]
03-24 03:55:47.899 I/sysui_multi_action( 1526): [757,128,758,2,793,664122,794,60637,795,664122,796,17303299,797,com.android.wifi,798,1,806,android,857,NETWORK_AVAILABLE,858,2,947,0,1395,3,1500,663919,1688,1]
03-24 03:55:47.899 I/notification_visibility( 1526): [0|android|17303299|com.android.wifi|1000,0,664122,664122,0,1]
03-24 03:55:47.899 I/sysui_multi_action( 1526): [757,128,758,2,793,669574,794,60636,795,669574,796,32,798,2,806,android,857,USB,858,1,947,0,1395,3,1500,669334,1688,1]
03-24 03:55:47.900 I/notification_visibility( 1526): [-1|android|32|null|1000,0,669574,669574,0,2]
03-24 03:55:47.900 I/sysui_multi_action( 1526): [757,127,758,2]
03-24 03:55:47.900 I/notification_panel_hidden( 1526):
03-24 03:55:47.904 I/am_wtf ( 1526): [0,1526,system_server,-1,DisplayDeviceConfig,requesting nits when no mapping exists.]
03-24 03:55:47.904 I/am_wtf ( 1526): [0,1526,system_server,-1,DisplayDeviceConfig,requesting nits when no mapping exists.]
03-24 03:55:47.921 I/am_wtf ( 1526): [0,1526,system_server,-1,DisplayDeviceConfig,requesting nits when no mapping exists.]
03-24 03:55:47.921 I/am_wtf ( 1526): [0,1526,system_server,-1,DisplayDeviceConfig,requesting nits when no mapping exists.]
03-24 03:55:47.937 I/am_wtf ( 1526): [0,1526,system_server,-1,DisplayDeviceConfig,requesting nits when no mapping exists.]
03-24 03:55:47.938 I/am_wtf ( 1526): [0,1526,system_server,-1,DisplayDeviceConfig,requesting nits when no mapping exists.]
03-24 03:55:47.954 I/am_wtf ( 1526): [0,1526,system_server,-1,DisplayDeviceConfig,requesting nits when no mapping exists.]
03-24 03:55:47.954 I/am_wtf ( 1526): [0,1526,system_server,-1,DisplayDeviceConfig,requesting nits when no mapping exists.]
03-24 03:55:47.956 I/wm_stop_activity( 1526): [0,165559056,com.android.settings/.homepage.SettingsHomepageActivity]
03-24 03:55:47.971 I/am_wtf ( 1526): [0,1526,system_server,-1,DisplayDeviceConfig,requesting nits when no mapping exists.]
03-24 03:55:47.971 I/am_wtf ( 1526): [0,1526,system_server,-1,DisplayDeviceConfig,requesting nits when no mapping exists.]
03-24 03:55:47.980 I/wm_on_stop_called( 2390): [165559056,com.android.settings.homepage.SettingsHomepageActivity,STOP_ACTIVITY_ITEM]
03-24 03:55:47.988 I/am_wtf ( 1526): [0,1526,system_server,-1,DisplayDeviceConfig,requesting nits when no mapping exists.]
03-24 03:55:47.988 I/am_wtf ( 1526): [0,1526,system_server,-1,DisplayDeviceConfig,requesting nits when no mapping exists.]
03-24 03:55:48.004 I/am_wtf ( 1526): [0,1526,system_server,-1,DisplayDeviceConfig,requesting nits when no mapping exists.]
03-24 03:55:48.005 I/am_wtf ( 1526): [0,1526,system_server,-1,DisplayDeviceConfig,requesting nits when no mapping exists.]
03-24 03:55:48.021 I/am_wtf ( 1526): [0,1526,system_server,-1,DisplayDeviceConfig,requesting nits when no mapping exists.]
03-24 03:55:48.021 I/am_wtf ( 1526): [0,1526,system_server,-1,DisplayDeviceConfig,requesting nits when no mapping exists.]
03-24 03:55:48.038 I/am_wtf ( 1526): [0,1526,system_server,-1,DisplayDeviceConfig,requesting nits when no mapping exists.]
03-24 03:55:48.038 I/am_wtf ( 1526): [0,1526,system_server,-1,DisplayDeviceConfig,requesting nits when no mapping exists.]
03-24 03:55:48.055 I/am_wtf ( 1526): [0,1526,system_server,-1,DisplayDeviceConfig,requesting nits when no mapping exists.]
03-24 03:55:48.055 I/am_wtf ( 1526): [0,1526,system_server,-1,DisplayDeviceConfig,requesting nits when no mapping exists.]
03-24 03:55:48.071 I/am_wtf ( 1526): [0,1526,system_server,-1,DisplayDeviceConfig,requesting nits when no mapping exists.]
03-24 03:55:48.072 I/am_wtf ( 1526): [0,1526,system_server,-1,DisplayDeviceConfig,requesting nits when no mapping exists.]
03-24 03:55:48.088 I/am_wtf ( 1526): [0,1526,system_server,-1,DisplayDeviceConfig,requesting nits when no mapping exists.]
03-24 03:55:48.088 I/am_wtf ( 1526): [0,1526,system_server,-1,DisplayDeviceConfig,requesting nits when no mapping exists.]
