03-24 04:13:51.516 W/bt_rfcomm( 5148): rfc_port_sm_disc_wait_ua, RFC_EVENT_DM|RFC_EVENT_UA[1], index=18
03-24 04:13:51.516 W/bt_rfcomm( 5148): rfc_port_closed
03-24 04:13:51.516 I/bt_snoop( 5148): RFCOMM port is closed: handle=2(0x2), lcid=65(0x41), dlci=2(0x2), uuid=4383(0x111f)
03-24 04:13:51.516 W/bt_rfcomm( 5148): port_rfc_closed: RFCOMM connection closed, index=18, state=3 reason=Closed[19], UUID=111F, bd_addr=14:3f:a6:d2:4d:63, is_server=0
03-24 04:13:51.516 D/bt_btif ( 5148): bta_ag_hdl_event: p_scb 0x42fd6d68
03-24 04:13:51.516 W/bt_l2cap( 5148): L2CA_SetDesireRole() new:x0, disallow_switch:0
03-24 04:13:51.517 V/bt_stack( 5148): [VERBOSE1:btm_acl.cc(654)] BTM_SwitchRole BDA: 14:3f:a6:d2:4d:63
03-24 04:13:51.517 E/bt_btif ( 5148): 14:3f:a6:d2:4d:63
03-24 04:13:51.517 E/bt_rfcomm( 5148): RFCOMM_RemoveServer() handle:18, port state 0
03-24 04:13:51.517 D/bt_btif ( 5148): btif_hf_upstreams_evt: event=BTA_AG_CLOSE_EVT
03-24 04:13:51.517 I/bt_btif_queue( 5148): btif_disconnect_queue_advance_by_uuid: UUID=111F, bd_addr=14:3f:a6:d2:4d:63
03-24 04:13:51.517 E/bt_btif_hf( 5148): ### ASSERT : vendor/qcom/opensource/commonsys/system/bt/btif/src/btif_hf.cc btif_hf_upstreams_evt line 605 Callback is NULL (0) ###
03-24 04:13:51.517 D/bt_btif ( 5148): btif_hf_upstreams_evt: Active device is disconnected, clear the active device 00:00:00:00:00:00
03-24 04:13:51.518 D/bt_btif ( 5148): btif_hf_upstreams_evt: event=BTA_AG_DISABLE_EVT
03-24 04:13:51.518 W/bt_btif ( 5148): bta_ag_api_set_active_device: empty active device, clearing active device
03-24 04:13:51.518 I/bt_btif_queue( 5148): disconnect_queue_int_advance_by_uuid: UUID=111F, bd_addr=14:3f:a6:d2:4d:63
03-24 04:13:51.518 I/bt_btif_queue( 5148): disconnect_queue_int_advance_by_uuid: no addr 14:3f:a6:d2:4d:63
03-24 04:13:51.518 I/bt_btif_queue( 5148): disconnect_queue_int_disconnect_next: no addr 14:3f:a6:d2:4d:63
03-24 04:13:51.526 W/View ( 1990): requestLayout() improperly called by android.widget.FrameLayout{3906626 I.E...... ......ID 0,0-780,182 #2bc} during layout: running second layout pass
03-24 04:13:51.526 W/View ( 1990): requestLayout() improperly called by com.android.systemui.statusbar.AlphaOptimizedImageView{7aad581 VFED..C.. ......ID 0,0-140,132} during layout: running second layout pass
03-24 04:13:51.541 W/View ( 1990): requestLayout() improperly called by android.widget.FrameLayout{3906626 I.E...... ......ID 0,0-780,182 #2bc} during second layout pass: posting in next frame
03-24 04:13:51.541 W/View ( 1990): requestLayout() improperly called by com.android.systemui.statusbar.AlphaOptimizedImageView{7aad581 VFED..C.. ......ID 0,0-140,132} during second layout pass: posting in next frame
03-24 04:13:51.559 W/View ( 1990): requestLayout() improperly called by android.widget.FrameLayout{3906626 I.E...... ......ID 0,0-780,182 #2bc} during layout: running second layout pass
03-24 04:13:51.560 W/View ( 1990): requestLayout() improperly called by com.android.systemui.statusbar.AlphaOptimizedImageView{7aad581 VFED..C.. ......ID 0,0-140,132} during layout: running second layout pass
03-24 04:13:51.569 W/bt_l2cap( 5148): L2CA_DisconnectReq() CID: 0x0041
03-24 04:13:51.569 D/BluetoothManagerService( 1526): MESSAGE_HANDLE_DISABLE_DELAYED: disabling:true
03-24 04:13:51.569 D/BluetoothManagerService( 1526): Handle disable is finished
03-24 04:13:51.576 W/View ( 1990): requestLayout() improperly called by android.widget.FrameLayout{3906626 I.E...... ......ID 0,0-780,182 #2bc} during second layout pass: posting in next frame
03-24 04:13:51.576 W/View ( 1990): requestLayout() improperly called by com.android.systemui.statusbar.AlphaOptimizedImageView{7aad581 VFED..C.. ......ID 0,0-140,132} during second layout pass: posting in next frame
03-24 04:13:51.577 W/bt_l2cap( 5148): L2CAP - LCID: 0x0041 st: W4_L2CAP_DISC_RSP evt: PEER_DISCONNECT_RSP
03-24 04:13:51.577 I/bt_snoop( 5148): L2CAP channel is closed: handle=2(0x2), lcid=65(0x41), rcid=65(0x41)
03-24 04:13:51.577 I/bt_stack( 5148): [INFO:btsnoop.cc(651)] clear_l2cap_whitelist: Clearing whitelist from l2cap channel. conn_handle=2 cid=65:65
03-24 04:13:51.593 W/View ( 1990): requestLayout() improperly called by android.widget.FrameLayout{3906626 I.E...... ......ID 0,0-780,182 #2bc} during layout: running second layout pass
03-24 04:13:51.593 W/View ( 1990): requestLayout() improperly called by com.android.systemui.statusbar.AlphaOptimizedImageView{7aad581 VFED..C.. ......ID 0,0-140,132} during layout: running second layout pass
03-24 04:13:51.608 W/View ( 1990): requestLayout() improperly called by android.widget.FrameLayout{3906626 I.E...... ......ID 0,0-780,182 #2bc} during second layout pass: posting in next frame
03-24 04:13:51.608 W/View ( 1990): requestLayout() improperly called by com.android.systemui.statusbar.AlphaOptimizedImageView{7aad581 VFED..C.. ......ID 0,0-140,132} during second layout pass: posting in next frame
03-24 04:13:51.626 W/View ( 1990): requestLayout() improperly called by android.widget.FrameLayout{3906626 I.E...... ......ID 0,0-780,182 #2bc} during layout: running second layout pass
03-24 04:13:51.626 W/View ( 1990): requestLayout() improperly called by com.android.systemui.statusbar.AlphaOptimizedImageView{7aad581 VFED..C.. ......ID 0,0-140,132} during layout: running second layout pass
03-24 04:13:51.641 W/View ( 1990): requestLayout() improperly called by android.widget.FrameLayout{3906626 I.E...... ......ID 0,0-780,182 #2bc} during second layout pass: posting in next frame
03-24 04:13:51.641 W/View ( 1990): requestLayout() improperly called by com.android.systemui.statusbar.AlphaOptimizedImageView{7aad581 VFED..C.. ......ID 0,0-140,132} during second layout pass: posting in next frame
03-24 04:13:51.658 I/vendor.qti.bluetooth@1.0-ibs_handler( 801): ProcessIbsCmd: Received IBS_SLEEP_IND: 0xFE
03-24 04:13:51.660 W/View ( 1990): requestLayout() improperly called by android.widget.FrameLayout{3906626 I.E...... ......ID 0,0-780,182 #2bc} during layout: running second layout pass
03-24 04:13:51.660 W/View ( 1990): requestLayout() improperly called by com.android.systemui.statusbar.AlphaOptimizedImageView{7aad581 VFED..C.. ......ID 0,0-140,132} during layout: running second layout pass
03-24 04:13:51.660 I/vendor.qti.bluetooth@1.0-ibs_handler( 801): ProcessIbsCmd: Received IBS_WAKE_IND: 0xFD
03-24 04:13:51.661 I/vendor.qti.bluetooth@1.0-ibs_handler( 801): ProcessIbsCmd: Writing IBS_WAKE_ACK
03-24 04:13:51.662 I/bt_btm_sec( 5148): btm_sec_disconnected clearing pending flag handle:2 reason:22
03-24 04:13:51.662 I/bt_stack( 5148): [INFO:btm_ble_bgconn.cc(429)] Already connection initiated (or) No Pending connections(or) Resources of lcb are exhausted
03-24 04:13:51.662 W/bt_l2cap( 5148): L2CA_SetDesireRole() new:x1, disallow_switch:0
03-24 04:13:51.662 D/bt_btif ( 5148): btif_av_move_idle: Already in IDLE
03-24 04:13:51.664 D/BluetoothRemoteDevices( 5148): Reset battery level, device=14:3F:A6:D2:4D:63
03-24 04:13:51.664 D/BluetoothRemoteDevices( 5148): aclStateChangeCallback: Adapter State: TURNING_OFF Disconnected: 14:3F:A6:D2:4D:63
03-24 04:13:51.668 W/BluetoothDatabase( 5148): Invalid metadata key 17
03-24 04:13:51.668 E/BluetoothDatabase( 5148): getCustomMeta: meta key invalid 17
03-24 04:13:51.669 W/BluetoothDatabase( 5148): Invalid metadata key 17
03-24 04:13:51.669 E/BluetoothDatabase( 5148): getCustomMeta: meta key invalid 17
03-24 04:13:51.670 D/CompanionDeviceManagerService( 1526): 14:3F:A6:D2:4D:63 disconnected w/ reason: (1100) Local request
03-24 04:13:51.670 D/CompanionDeviceManagerService( 1526): onDeviceDisconnected(address = 14:3F:A6:D2:4D:63)
03-24 04:13:51.673 W/BluetoothDatabase( 5148): Invalid metadata key 17
03-24 04:13:51.673 E/BluetoothDatabase( 5148): getCustomMeta: meta key invalid 17
03-24 04:13:51.675 D/AdaptiveHomepageIcon( 2390): Setting background color -69693
03-24 04:13:51.679 D/BluetoothSap( 2390): getConnectionState(14:3F:A6:D2:4D:63)
03-24 04:13:51.719 I/GameModeConfig( 1526): isGameModeOn = false
03-24 04:13:51.730 I/OMX-VENC: venc_dev( 1210): stats: avg. fps 48.82, bitrate 2089772
03-24 04:13:51.741 I/vendor.qti.bluetooth@1.0-ibs_handler( 801): ProcessIbsCmd: Received IBS_SLEEP_IND: 0xFE
03-24 04:13:51.775 W/View ( 1990): requestLayout() improperly called by android.widget.FrameLayout{3906626 I.E...... ......ID 0,0-780,182 #2bc} during second layout pass: posting in next frame
03-24 04:13:51.776 W/View ( 1990): requestLayout() improperly called by com.android.systemui.statusbar.AlphaOptimizedImageView{7aad581 VFED..C.. ......ID 0,0-140,132} during second layout pass: posting in next frame
03-24 04:13:51.794 W/View ( 1990): requestLayout() improperly called by android.widget.FrameLayout{3906626 I.E...... ......ID 0,0-780,182 #2bc} during layout: running second layout pass
03-24 04:13:51.794 W/View ( 1990): requestLayout() improperly called by com.android.systemui.statusbar.AlphaOptimizedImageView{7aad581 VFED..C.. ......ID 0,0-140,132} during layout: running second layout pass
03-24 04:13:51.916 W/AudioIDCMicroNegotiator( 1526): idcm_warn: timeout for obtainFocusState: null
03-24 04:13:51.917 W/AS.AudioService( 1526): idcm_warn: onAudioFocusIDCMicroChanged: info is null return
03-24 04:13:51.919 I/AS.AudioDeviceBroker( 1526): handleBluetoothA2dpActiveDeviceChangeExt state=0 addr=14:3F:A6:D2:4D:63 prof=2 supprNoisy=false vol=-1
03-24 04:13:51.919 I/BluetoothA2dpServiceJni( 5148): setActiveDeviceNative: sBluetoothA2dpInterface: 0x7242fc7cd0
03-24 04:13:51.919 W/bt_btif ( 5148): set_active_device: BTAV not initialized
03-24 04:13:51.919 E/BluetoothA2dpServiceJni( 5148): setActiveDeviceNative: Failed A2DP set_active_device, status: 2
03-24 04:13:51.920 W/A2dpService( 5148): setActiveDevice(null): Cannot remove active device in native layer
03-24 04:13:51.920 D/A2dpService( 5148): setA2dpService(): set to: null
03-24 04:13:51.921 I/bt_btif_queue( 5148): btif_disconnect_queue_cleanup: UUID=110A
03-24 04:13:51.921 I/bt_btif_queue( 5148): queue_int_cleanup: UUID=110A
03-24 04:13:51.922 I/bt_btif_queue( 5148): disconnect_queue_int_cleanup: UUID=110A
03-24 04:13:51.922 D/bt_btif ( 5148): btif_dispatch_sm_event: event: 41, len: 0
03-24 04:13:51.922 D/bt_btif ( 5148): btif_dispatch_sm_event: event 41 sent
03-24 04:13:51.922 D/A2dpStateMachine( 5148): doQuit for device 14:3F:A6:D2:4D:63
03-24 04:13:51.922 D/A2dpStateMachine( 5148): quitNow:
03-24 04:13:51.922 D/A2dpStateMachine( 5148): cleanup for device 14:3F:A6:D2:4D:63
03-24 04:13:51.922 W/bt_btif ( 5148): btif_a2dp_command_ack: ## a2dp ack : A2DP_CTRL_CMD_NONE, queued : A2DP_CTRL_CMD_NONE, status 0 ##
03-24 04:13:51.922 D/A2dpStateMachine( 5148): handleMessage: E msg.what=-1
03-24 04:13:51.922 E/bt_btif ( 5148): btif_a2dp_command_ack: warning : no command pending, ignore ack
03-24 04:13:51.922 D/A2dpStateMachine( 5148): processMsg: Connected
03-24 04:13:51.922 D/Avrcp_ext( 5148): doQuit
03-24 04:13:51.922 W/bt_stack( 5148): [WARNING:a2dp_encoding.cc(2360)] cleanup: end_session has been called.
03-24 04:13:51.922 D/A2dpStateMachine( 5148): transitionTo: destState=QuittingState
03-24 04:13:51.922 W/bt_stack( 5148): [WARNING:a2dp_encoding.cc(2579)] end_session
03-24 04:13:51.923 D/A2dpStateMachine( 5148): handleMessage: new destination call exit/enter
03-24 04:13:51.923 D/A2dpStateMachine( 5148): setupTempStateStackWithStatesToEnter: X mTempStateStackCount=1,curStateInfo: null
03-24 04:13:51.923 D/A2dpStateMachine( 5148): invokeExitMethods: Connected
03-24 04:13:51.923 D/A2dpStateMachine( 5148): Exit Connected(14:3F:A6:D2:4D:63): -1
03-24 04:13:51.923 D/A2dpStateMachine( 5148): moveTempStackToStateStack: i=0,j=0
03-24 04:13:51.923 D/A2dpStateMachine( 5148): moveTempStackToStateStack: X mStateStackTop=0,startingIndex=0,Top=QuittingState
03-24 04:13:51.923 D/A2dpStateMachine( 5148): invokeEnterMethods: QuittingState
03-24 04:13:51.923 I/BTAudioProviderStub( 795): endSession - SessionType=A2DP_HARDWARE_OFFLOAD_DATAPATH
03-24 04:13:51.923 I/BTAudioProviderSession( 795): ReportSessionStatus - SessionType=A2DP_HARDWARE_OFFLOAD_DATAPATH notify to bluetooth_audio=0x0200
03-24 04:13:51.923 I/btaudio_offload_qti( 795): session_resp_cb
03-24 04:13:51.923 I/btaudio_offload_qti( 795): session_resp_cb: session ready = 1
03-24 04:13:51.923 I/btaudio_offload_qti( 795): session_resp_cb: end session session ready = 0
03-24 04:13:51.923 D/btaudio_offload_qti( 795): session_resp_cb: state = AUDIO_A2DP_STATE_STANDBY
03-24 04:13:51.923 W/bt_osi_thread( 5148): run_thread: thread id 5217, thread name media_worker exited
03-24 04:13:51.924 V/Avrcp_ext( 5148): AvrcpMessageHandler: received message=21
03-24 04:13:51.924 V/Avrcp_ext( 5148): MESSAGE_DEVICE_RC_CLEANUP
03-24 04:13:51.924 D/Avrcp_ext( 5148): Enter clearDeviceDependentFeature()
03-24 04:13:51.924 D/Avrcp_ext( 5148): Exit clearDeviceDependentFeature()
03-24 04:13:51.924 E/bt_btif ( 5148): BTA AV is already disabled, ignoring ...
03-24 04:13:51.924 W/bt_l2cap( 5148): L2CAP - L2CA_Deregister() called for PSM: 0x0019
03-24 04:13:51.924 I/bt_btif_storage( 5148): btif_storage_get_adapter_property service_mask:0x0
03-24 04:13:51.924 I/Avrcp_ext( 5148): cleanupDeviceFeaturesIndex index:0
03-24 04:13:51.924 W/bt_l2cap( 5148): L2CAP - PSM: 0x0019 not found for deregistration
03-24 04:13:51.924 W/bt_l2cap( 5148): L2CAP - L2CA_Deregister() called for PSM: 0x001b
03-24 04:13:51.924 W/bt_l2cap( 5148): L2CAP - PSM: 0x001b not found for deregistration
03-24 04:13:51.924 W/bt_l2cap( 5148): L2CAP - L2CA_Deregister() called for PSM: 0x0017
03-24 04:13:51.924 I/bt_btif_storage( 5148): btif_storage_get_adapter_property service_mask:0x0
03-24 04:13:51.924 W/bt_l2cap( 5148): L2CAP - PSM: 0x0017 not found for deregistration
03-24 04:13:51.924 D/MediaSessionService( 1526): The MediaKeyEventSessionChangedListener (android.os.BinderProxy@4085c53) is removed by com.android.bluetooth
03-24 04:13:51.924 W/bt_l2cap( 5148): L2CAP - L2CA_Deregister() called for PSM: 0x0019
03-24 04:13:51.924 W/bt_l2cap( 5148): L2CAP - PSM: 0x0019 not found for deregistration
03-24 04:13:51.924 W/bt_l2cap( 5148): L2CAP - L2CA_Deregister() called for PSM: 0x001b
03-24 04:13:51.924 W/bt_l2cap( 5148): L2CAP - PSM: 0x001b not found for deregistration
03-24 04:13:51.924 W/bt_l2cap( 5148): L2CAP - L2CA_Deregister() called for PSM: 0x0017
03-24 04:13:51.925 W/bt_l2cap( 5148): L2CAP - PSM: 0x0017 not found for deregistration
03-24 04:13:51.925 W/bt_l2cap( 5148): L2CAP - L2CA_Deregister() called for PSM: 0x0019
03-24 04:13:51.925 W/bt_l2cap( 5148): L2CAP - PSM: 0x0019 not found for deregistration
03-24 04:13:51.925 W/bt_l2cap( 5148): L2CAP - L2CA_Deregister() called for PSM: 0x001b
03-24 04:13:51.925 W/bt_l2cap( 5148): L2CAP - PSM: 0x001b not found for deregistration
03-24 04:13:51.925 W/bt_l2cap( 5148): L2CAP - L2CA_Deregister() called for PSM: 0x0017
03-24 04:13:51.925 W/bt_l2cap( 5148): L2CAP - PSM: 0x0017 not found for deregistration
03-24 04:13:51.925 W/bt_l2cap( 5148): L2CAP - L2CA_Deregister() called for PSM: 0x0019
03-24 04:13:51.925 W/bt_l2cap( 5148): L2CAP - PSM: 0x0019 not found for deregistration
03-24 04:13:51.925 W/bt_l2cap( 5148): L2CAP - L2CA_Deregister() called for PSM: 0x001b
03-24 04:13:51.925 W/bt_l2cap( 5148): L2CAP - PSM: 0x001b not found for deregistration
03-24 04:13:51.925 W/bt_l2cap( 5148): L2CAP - L2CA_Deregister() called for PSM: 0x0017
03-24 04:13:51.925 W/bt_l2cap( 5148): L2CAP - PSM: 0x0017 not found for deregistration
03-24 04:13:51.925 W/bt_l2cap( 5148): L2CAP - L2CA_Deregister() called for PSM: 0x0019
03-24 04:13:51.925 W/bt_l2cap( 5148): L2CAP - PSM: 0x0019 not found for deregistration
03-24 04:13:51.925 W/bt_l2cap( 5148): L2CAP - L2CA_Deregister() called for PSM: 0x001b
03-24 04:13:51.925 W/bt_l2cap( 5148): L2CAP - PSM: 0x001b not found for deregistration
03-24 04:13:51.925 W/bt_l2cap( 5148): L2CAP - L2CA_Deregister() called for PSM: 0x0017
03-24 04:13:51.925 W/bt_l2cap( 5148): L2CAP - PSM: 0x0017 not found for deregistration
03-24 04:13:51.925 I/Avrcp_ext( 5148): cleanupDeviceFeaturesIndex index:1
03-24 04:13:51.925 I/Avrcp_ext( 5148): cleanupDeviceFeaturesIndex index:2
03-24 04:13:51.925 I/Avrcp_ext( 5148): cleanupDeviceFeaturesIndex index:3
03-24 04:13:51.925 I/Avrcp_ext( 5148): cleanupDeviceFeaturesIndex index:4
03-24 04:13:51.925 V/Avrcp_ext( 5148): Exit handleMessage
03-24 04:13:51.925 V/AvrcpPlayerAppSettings( 5148): Stop
03-24 04:13:51.926 D/AvrcpBipRsp( 5148): stop()
03-24 04:13:51.926 D/AvrcpBipRsp( 5148): already stopped, returning
03-24 04:13:51.928 V/AddressedMediaPlayer_ext( 5148): cleanup
03-24 04:13:51.928 I/notification_cancel_all( 1526): [1000,1526,com.android.bluetooth,0,0,0,20,NULL]
03-24 04:13:51.928 I/sysui_multi_action( 1526): [757,856,758,2,806,com.android.bluetooth,857,avrcp_notification,858,3]
03-24 04:13:51.929 W/NotificationHistory( 1526): Attempted to remove channel for locked/gone/disabled user 0
03-24 04:13:51.930 W/AS.BtHelper( 1526): SetA2dpActiveDevice for TWS+ pair as null
03-24 04:13:51.930 I/AS.AudioDeviceBroker( 1526): msg: setBluetoothA2dpDeviceConnectionStateSuppressNoisyIntent state=0 addr=14:3F:A6:D2:4D:63 prof=2 supprNoisy=false vol=-1
03-24 04:13:51.931 I/AS.AudioDeviceInventory( 1526): dropping ACTION_AUDIO_BECOMING_NOISY
03-24 04:13:51.932 I/AS.BtHelper( 1526): setAvrcpAbsoluteVolumeSupported supported=false
03-24 04:13:51.932 D/Avrcp_ext( 5148): Exit doQuit
03-24 04:13:51.933 D/Avrcp_ext( 5148): cleanup
03-24 04:13:51.933 D/bt_btif ( 5148): btif_rc_handler: event: BTIF_AV_CLEANUP_REQ_EVT
03-24 04:13:51.933 D/Avrcp_ext( 5148): Exit cleanup()
03-24 04:13:51.933 V/Avrcp_ext( 5148): clearing mAvrcp instatncecom.android.bluetooth.avrcp.Avrcp_ext@db5407
03-24 04:13:51.933 D/audio_hw_primary( 795): adev_set_parameters: enter: 14:3F:A6:D2:4D:63=;disconnect=128
03-24 04:13:51.933 V/Avrcp_ext( 5148): After clearing mAvrcp instatnce null
03-24 04:13:51.933 D/A2dpService( 5148): profile stopped successfully
03-24 04:13:51.933 D/audio_hw_hfp( 795): hfp_set_parameters: enter
03-24 04:13:51.933 D/a2dp_offload( 795): calling BT source stream close
03-24 04:13:51.933 I/btaudio_offload_qti( 795): audio_stream_close_qti
03-24 04:13:51.933 I/btaudio_offload_qti( 795): btapoffload_port_deinit start
03-24 04:13:51.933 W/btaudio_offload_qti( 795): audio_stream_close_qti: return
03-24 04:13:51.935 D/BluetoothA2dp( 1526): Proxy object disconnected
03-24 04:13:51.935 D/BluetoothA2dp( 1526): Unbinding service...
03-24 04:13:51.935 D/a2dp_offload( 795): a2dp_set_bit_format: set AFE input bit format = 16
03-24 04:13:51.936 D/BluetoothA2dp( 1990): Proxy object disconnected
03-24 04:13:51.936 D/BluetoothA2dp( 1990): Unbinding service...
03-24 04:13:51.936 D/BluetoothA2dp( 1526): Proxy object disconnected
03-24 04:13:51.936 D/BluetoothA2dp( 1526): Unbinding service...
03-24 04:13:51.937 D/a2dp_offload( 795): a2dp_reset_backend_cfg: reset source backend sample rate =KHZ_8
03-24 04:13:51.937 D/BluetoothA2dp( 1526): Proxy object disconnected
03-24 04:13:51.937 D/BluetoothA2dp( 1526): Unbinding service...
03-24 04:13:51.937 D/a2dp_offload( 795): a2dp_reset_backend_cfg: reset afe source channels =Zero
03-24 04:13:51.938 D/audio_hw_extn( 795): audio_extn_fm_set_parameters: Enter
03-24 04:13:51.938 D/HidHostService( 5148): : Received stop request...Stopping profile...
03-24 04:13:51.938 D/BluetoothHidHostService( 5148): Stopping Bluetooth HidHostService
03-24 04:13:51.938 D/HidHostService( 5148): profile stopped successfully
03-24 04:13:51.939 D/BluetoothA2dp( 2390): Proxy object disconnected
03-24 04:13:51.939 D/BluetoothA2dp( 2390): Unbinding service...
03-24 04:13:51.940 D/BluetoothHidHost( 2390): Proxy object disconnected
03-24 04:13:51.940 D/BluetoothHidHost( 2390): Unbinding service...
03-24 04:13:51.940 D/BluetoothHidHost( 1990): Proxy object disconnected
03-24 04:13:51.940 D/BluetoothHidHost( 1990): Unbinding service...
03-24 04:13:51.941 D/PanService( 5148): : Received stop request...Stopping profile...
03-24 04:13:51.941 I/PanService( 5148): stop
03-24 04:13:51.941 D/PanService( 5148): profile stopped successfully
03-24 04:13:51.942 D/BluetoothPan( 2390): Proxy object disconnected
03-24 04:13:51.942 D/BluetoothPan( 2390): Unbinding service...
03-24 04:13:51.942 D/BluetoothPan( 1990): Proxy object disconnected
03-24 04:13:51.942 D/BluetoothPan( 1990): Unbinding service...
03-24 04:13:51.942 D/BluetoothMapService( 5148): : Received stop request...Stopping profile...
03-24 04:13:51.942 D/BluetoothMapService( 5148): stop()
03-24 04:13:51.942 D/BluetoothMapService( 5148): setBluetoothMapService(): set to: null
03-24 04:13:51.943 D/BluetoothMapAppObserver( 5148): deinitObservers()
03-24 04:13:51.944 D/BluetoothMapAppObserver( 5148): removeReceiver()
03-24 04:13:51.944 D/BluetoothMapService( 5148): profile stopped successfully
03-24 04:13:51.944 V/BluetoothMapService( 5148): Handler(): got msg=4
03-24 04:13:51.944 D/BluetoothMapService( 5148): closeService() in
03-24 04:13:51.944 D/BluetoothMapMasInstance0( 5148): MAP Service shutdown
03-24 04:13:51.944 D/BluetoothSdpJni( 5148): sdpRemoveSdpRecordNative
03-24 04:13:51.944 D/BluetoothSdpJni( 5148): SDP Remove record success - handle: 2
03-24 04:13:51.944 D/BluetoothMapMasInstance0( 5148): RemoveSDPrecord returns true
03-24 04:13:51.945 D/ObexServerSockets1( 5148): shutdown(block = false)
03-24 04:13:51.945 D/BluetoothSocket( 5148): close() this: android.bluetooth.BluetoothSocket@5671934, channel: 26, mSocketIS: android.net.LocalSocketImpl$SocketInputStream@8cbc35d, mSocketOS: android.net.LocalSocketImpl$SocketOutputStream@b36b4d2mSocket: android.net.LocalSocket@dcf29a3 impl:android.net.LocalSocketImpl@6f694a0 fd:java.io.FileDescriptor@c063859, mSocketState: LISTENING
03-24 04:13:51.945 D/ObexServerSockets1( 5148): shutdown called from another thread - interrupt().
03-24 04:13:51.945 D/BluetoothSocket( 5148): close() this: android.bluetooth.BluetoothSocket@1a74c1e, channel: 4137, mSocketIS: android.net.LocalSocketImpl$SocketInputStream@aa0bcff, mSocketOS: android.net.LocalSocketImpl$SocketOutputStream@c405accmSocket: android.net.LocalSocket@8d90115 impl:android.net.LocalSocketImpl@df80c2a fd:java.io.FileDescriptor@8ce2a1b, mSocketState: LISTENING
03-24 04:13:51.945 D/ObexServerSockets1( 5148): AcceptThread ended for: ServerSocket: Type: TYPE_RFCOMM Channel: 26
03-24 04:13:51.945 D/ObexServerSockets1( 5148): shutdown called from another thread - interrupt().
03-24 04:13:51.945 V/BluetoothMapService( 5148): MAP Service closeService out
03-24 04:13:51.945 W/APM::Devices( 945): DeviceVector::remove device 00000080 not in
03-24 04:13:51.945 E/bt_btif ( 5148): SOCK_LIST: free(id = 2) - NO app_fd!
03-24 04:13:51.945 W/bt_l2cap( 5148): L2CAP - L2CA_Deregister() called for PSM: 0x1029
03-24 04:13:51.945 D/ObexServerSockets1( 5148): AcceptThread ended for: ServerSocket: Type: TYPE_L2CAP Channel: 4137
03-24 04:13:51.946 D/BluetoothRemoteDevices( 5148): Battery level was never set or is already reset, device=14:3F:A6:D2:4D:63
03-24 04:13:51.946 D/BluetoothMap( 2390): Proxy object disconnected
03-24 04:13:51.946 D/BluetoothMap( 2390): Unbinding service...
03-24 04:13:51.946 D/AdapterProperties( 5148): PROFILE_CONNECTION_STATE_CHANGE: profile=1, device=14:3F:A6:D2:4D:63, 2 -> 0
03-24 04:13:51.946 D/BluetoothActiveDeviceManager( 5148): handleMessage(MESSAGE_HFP_ACTION_CONNECTION_STATE_CHANGED): device 14:3F:A6:D2:4D:63 disconnected
03-24 04:13:51.946 W/HeadsetService( 5148): getHeadsetService(): service is NULL
03-24 04:13:51.946 D/BluetoothActiveDeviceManager( 5148): setHfpActiveDevice(null)
03-24 04:13:51.946 W/HeadsetService( 5148): getHeadsetService(): service is NULL
03-24 04:13:51.947 W/AdapterProperties( 5148): PROFILE_CONNECTION_STATE_CHANGE: unexpected transition for profile=1, device=14:3F:A6:D2:4D:63, 2 -> 0
03-24 04:13:51.947 D/BluetoothMap( 1990): Proxy object disconnected
03-24 04:13:51.947 D/BluetoothMap( 1990): Unbinding service...
03-24 04:13:51.948 D/AvrcpControllerService( 5148): : Received stop request...Stopping profile...
03-24 04:13:51.948 I/AS.AudioDeviceInventory( 1526): A2DP device addr=14:3F:A6:D2:4D:63 made unavailable
03-24 04:13:51.949 D/AvrcpControllerService( 5148): profile stopped successfully
03-24 04:13:51.949 V/MediaRouter( 1526): Selecting route: RouteInfo{ name=骞虫澘鐢佃剳, description=null, status=null, category=RouteCategory{ name=绯荤粺 types=ROUTE_TYPE_LIVE_AUDIO ROUTE_TYPE_LIVE_VIDEO groupable=false }, supportedTypes=ROUTE_TYPE_LIVE_AUDIO ROUTE_TYPE_LIVE_VIDEO , presentationDisplay=Display id 2: DisplayInfo{"Recording Display", displayId 2", displayGroupId 0, FLAG_PRIVATE, FLAG_PRESENTATION, real 2380 x 1020, largest app 2380 x 2380, smallest app 1020 x 1020, appVsyncOff 0, presDeadline 16666666, mode 4, defaultMode 4, modes [{id=4, width=2380, height=1020, fps=60.0, alternativeRefreshRates=[]}], hdrCapabilities null, userDisabledHdrTypes [], minimalPostProcessingSupported false, rotation 0, state ON, type VIRTUAL, uniqueId "virtual:com.android.systemui,10078,Recording Display,0", app 2380 x 1020, density 240 (240.0 x 240.0) dpi, layerStack 2, colorMode 0, supportedColorModes [0], deviceProductInfo null, owner com.android.systemui (uid 10078), removeMode 1, refreshRateOverride 0.0, brightnessMinimum 0.0, brightnessMaximum 0.0, brightnessDefault 0.0}, DisplayMetrics{density=1.5, width=2380, height=1020, scaledDensity=1.5, xdpi=240.0, ydpi=240.0}, isValid=true }
03-24 04:13:51.949 I/MediaRouter( 1526): Skip setBluetoothA2dpOn(): types=8388615, isPlaybackActive()=false, BT route=null
03-24 04:13:51.949 V/MediaRouter( 1526): Audio routes updated: AudioRoutesInfo{ type=SPEAKER }, a2dp=false
03-24 04:13:51.950 V/MediaRouter( 1526): Selecting route: RouteInfo{ name=骞虫澘鐢佃剳, description=null, status=null, category=RouteCategory{ name=绯荤粺 types=ROUTE_TYPE_LIVE_AUDIO ROUTE_TYPE_LIVE_VIDEO groupable=false }, supportedTypes=ROUTE_TYPE_LIVE_AUDIO ROUTE_TYPE_LIVE_VIDEO , presentationDisplay=Display id 2: DisplayInfo{"Recording Display", displayId 2", displayGroupId 0, FLAG_PRIVATE, FLAG_PRESENTATION, real 2380 x 1020, largest app 2380 x 2380, smallest app 1020 x 1020, appVsyncOff 0, presDeadline 16666666, mode 4, defaultMode 4, modes [{id=4, width=2380, height=1020, fps=60.0, alternativeRefreshRates=[]}], hdrCapabilities null, userDisabledHdrTypes [], minimalPostProcessingSupported false, rotation 0, state ON, type VIRTUAL, uniqueId "virtual:com.android.systemui,10078,Recording Display,0", app 2380 x 1020, density 240 (240.0 x 240.0) dpi, layerStack 2, colorMode 0, supportedColorModes [0], deviceProductInfo null, owner com.android.systemui (uid 10078), removeMode 1, refreshRateOverride 0.0, brightnessMinimum 0.0, brightnessMaximum 0.0, brightnessDefault 0.0}, DisplayMetrics{density=1.5, width=2380, height=1020, scaledDensity=1.5, xdpi=240.0, ydpi=240.0}, isValid=true }
03-24 04:13:51.950 D/SapService( 5148): : Received stop request...Stopping profile...
03-24 04:13:51.950 V/SapService( 5148): stop()
03-24 04:13:51.950 D/SapService( 5148): setSapService(): set to: null
03-24 04:13:51.951 D/BluetoothSdpJni( 5148): sdpRemoveSdpRecordNative
03-24 04:13:51.951 V/MediaRouter( 2390): Selecting route: RouteInfo{ name=骞虫澘鐢佃剳, description=null, status=null, category=RouteCategory{ name=绯荤粺 types=ROUTE_TYPE_LIVE_AUDIO ROUTE_TYPE_LIVE_VIDEO groupable=false }, supportedTypes=ROUTE_TYPE_LIVE_AUDIO ROUTE_TYPE_LIVE_VIDEO , presentationDisplay=Display id 2: DisplayInfo{"Recording Display", displayId 2", displayGroupId 0, FLAG_PRIVATE, FLAG_PRESENTATION, real 2380 x 1020, largest app 2380 x 2380, smallest app 1020 x 1020, appVsyncOff 0, presDeadline 16666666, mode 4, defaultMode 4, modes [{id=4, width=2380, height=1020, fps=60.0, alternativeRefreshRates=[]}], hdrCapabilities null, userDisabledHdrTypes [], minimalPostProcessingSupported false, rotation 0, state ON, type VIRTUAL, uniqueId "virtual:com.android.systemui,10078,Recording Display,0", app 2380 x 1020, density 240 (240.0 x 240.0) dpi, layerStack 2, colorMode 0, supportedColorModes [0], deviceProductInfo null, owner com.android.systemui (uid 10078), removeMode 1, refreshRateOverride 0.0, brightnessMinimum 0.0, brightnessMaximum 0.0, brightnessDefault 0.0}, DisplayMetrics{density=1.5, width=2380, height=1020, scaledDensity=1.5, xdpi=240.0, ydpi=240.0}, isValid=true }
03-24 04:13:51.951 D/BluetoothSdpJni( 5148): SDP Remove record success - handle: 0
03-24 04:13:51.951 V/MediaRouter( 1990): Selecting route: RouteInfo{ name=骞虫澘鐢佃剳, description=null, status=null, category=RouteCategory{ name=绯荤粺 types=ROUTE_TYPE_LIVE_AUDIO ROUTE_TYPE_LIVE_VIDEO groupable=false }, supportedTypes=ROUTE_TYPE_LIVE_AUDIO ROUTE_TYPE_LIVE_VIDEO , presentationDisplay=Display id 2: DisplayInfo{"Recording Display", displayId 2", displayGroupId 0, FLAG_PRIVATE, FLAG_PRESENTATION, real 2380 x 1020, largest app 2380 x 2380, smallest app 1020 x 1020, appVsyncOff 0, presDeadline 16666666, mode 4, defaultMode 4, modes [{id=4, width=2380, height=1020, fps=60.0, alternativeRefreshRates=[]}], hdrCapabilities null, userDisabledHdrTypes [], minimalPostProcessingSupported false, rotation 0, state ON}, DisplayMetrics{density=1.5, width=2380, height=1020, scaledDensity=1.5, xdpi=240.0, ydpi=240.0}, isValid=true }
03-24 04:13:51.951 D/SapService( 5148): profile stopped successfully
03-24 04:13:51.951 I/MediaRouter( 1990): Skip setBluetoothA2dpOn(): types=8388615, isPlaybackActive()=false, BT route=null
03-24 04:13:51.952 V/MediaRouter( 1990): Audio routes updated: AudioRoutesInfo{ type=SPEAKER }, a2dp=false
03-24 04:13:51.952 V/MediaRouter( 1990): Selecting route: RouteInfo{ name=骞虫澘鐢佃剳, description=null, status=null, category=RouteCategory{ name=绯荤粺 types=ROUTE_TYPE_LIVE_AUDIO ROUTE_TYPE_LIVE_VIDEO groupable=false }, supportedTypes=ROUTE_TYPE_LIVE_AUDIO ROUTE_TYPE_LIVE_VIDEO , presentationDisplay=Display id 2: DisplayInfo{"Recording Display", displayId 2", displayGroupId 0, FLAG_PRIVATE, FLAG_PRESENTATION, real 2380 x 1020, largest app 2380 x 2380, smallest app 1020 x 1020, appVsyncOff 0, presDeadline 16666666, mode 4, defaultMode 4, modes [{id=4, width=2380, height=1020, fps=60.0, alternativeRefreshRates=[]}], hdrCapabilities null, userDisabledHdrTypes [], minimalPostProcessingSupported false, rotation 0, state ON}, DisplayMetrics{density=1.5, width=2380, height=1020, scaledDensity=1.5, xdpi=240.0, ydpi=240.0}, isValid=true }
03-24 04:13:51.952 D/BluetoothSap( 1990): Proxy object disconnected
03-24 04:13:51.952 D/BluetoothSap( 1990): Unbinding service...
03-24 04:13:51.952 I/MediaRouter( 2390): Skip setBluetoothA2dpOn(): types=8388615, isPlaybackActive()=false, BT route=null
03-24 04:13:51.952 D/BluetoothOppService( 5148): : Received stop request...Stopping profile...
03-24 04:13:51.952 D/BtOppService( 5148): stop
03-24 04:13:51.952 D/BtOppService( 5148): setBluetoothOppService(): set to: null
03-24 04:13:51.953 D/BluetoothOppService( 5148): profile stopped successfully
03-24 04:13:51.953 V/MediaRouter( 2390): Audio routes updated: AudioRoutesInfo{ type=SPEAKER }, a2dp=false
03-24 04:13:51.953 V/MediaRouter( 2390): Selecting route: RouteInfo{ name=骞虫澘鐢佃剳, description=null, status=null, category=RouteCategory{ name=绯荤粺 types=ROUTE_TYPE_LIVE_AUDIO ROUTE_TYPE_LIVE_VIDEO groupable=false }, supportedTypes=ROUTE_TYPE_LIVE_AUDIO ROUTE_TYPE_LIVE_VIDEO , presentationDisplay=Display id 2: DisplayInfo{"Recording Display", displayId 2", displayGroupId 0, FLAG_PRIVATE, FLAG_PRESENTATION, real 2380 x 1020, largest app 2380 x 2380, smallest app 1020 x 1020, appVsyncOff 0, presDeadline 16666666, mode 4, defaultMode 4, modes [{id=4, width=2380, height=1020, fps=60.0, alternativeRefreshRates=[]}], hdrCapabilities null, userDisabledHdrTypes [], minimalPostProcessingSupported false, rotation 0, state ON, type VIRTUAL, uniqueId "virtual:com.android.systemui,10078,Recording Display,0", app 2380 x 1020, density 240 (240.0 x 240.0) dpi, layerStack 2, colorMode 0, supportedColorModes [0], deviceProductInfo null, owner com.android.systemui (uid 10078), removeMode 1, refreshRateOverride 0.0, brightnessMinimum 0.0, brightnessMaximum 0.0, brightnessDefault 0.0}, DisplayMetrics{density=1.5, width=2380, height=1020, scaledDensity=1.5, xdpi=240.0, ydpi=240.0}, isValid=true }
03-24 04:13:51.953 D/BluetoothSap( 2390): Proxy object disconnected
03-24 04:13:51.953 D/BluetoothSap( 2390): Unbinding service...
03-24 04:13:51.955 D/BluetoothPbapService( 5148): : Received stop request...Stopping profile...
03-24 04:13:51.955 D/BluetoothPbapService( 5148): setBluetoothPbapService(): set to: null
03-24 04:13:51.956 D/BluetoothPbapService( 5148): cleanUpSdpRecord, mSdpHandle=1
03-24 04:13:51.956 D/BluetoothSdpJni( 5148): sdpRemoveSdpRecordNative
03-24 04:13:51.956 D/BluetoothSdpJni( 5148): SDP Remove record success - handle: 1
03-24 04:13:51.956 D/ObexServerSockets0( 5148): shutdown(block = false)
03-24 04:13:51.956 D/BluetoothSocket( 5148): close() this: android.bluetooth.BluetoothSocket@3293dcd, channel: 19, mSocketIS: android.net.LocalSocketImpl$SocketInputStream@2f1f682, mSocketOS: android.net.LocalSocketImpl$SocketOutputStream@4adc193mSocket: android.net.LocalSocket@9a865d0 impl:android.net.LocalSocketImpl@a98e9c9 fd:java.io.FileDescriptor@4ccf8ce, mSocketState: LISTENING
03-24 04:13:51.956 D/ObexServerSockets0( 5148): shutdown called from another thread - interrupt().
03-24 04:13:51.956 D/BluetoothSocket( 5148): close() this: android.bluetooth.BluetoothSocket@c68e3ef, channel: 4133, mSocketIS: android.net.LocalSocketImpl$SocketInputStream@7f60efc, mSocketOS: android.net.LocalSocketImpl$SocketOutputStream@f3d5985mSocket: android.net.LocalSocket@43d3da impl:android.net.LocalSocketImpl@c09d00b fd:java.io.FileDescriptor@1131ee8, mSocketState: LISTENING
03-24 04:13:51.956 I/Telecom ( 1526): WiredHeadsetManager: ACTION_HEADSET_PLUG event, plugged in: false, : WHC.oADR@AFk
03-24 04:13:51.956 D/ObexServerSockets0( 5148): AcceptThread ended for: ServerSocket: Type: TYPE_L2CAP Channel: 4133
03-24 04:13:51.956 E/bt_btif ( 5148): SOCK_LIST: free(id = 1) - NO app_fd!
03-24 04:13:51.956 D/ObexServerSockets0( 5148): shutdown called from another thread - interrupt().
03-24 04:13:51.956 D/ObexServerSockets0( 5148): AcceptThread ended for: ServerSocket: Type: TYPE_RFCOMM Channel: 19
03-24 04:13:51.956 W/bt_l2cap( 5148): L2CAP - L2CA_Deregister() called for PSM: 0x1025
03-24 04:13:51.957 D/BluetoothPbapService( 5148): profile stopped successfully
03-24 04:13:51.962 D/HearingAidService( 5148): : Received stop request...Stopping profile...
03-24 04:13:51.962 D/HearingAidService( 5148): stop()
03-24 04:13:51.962 D/HearingAidService( 5148): setHearingAidService(): set to: null
03-24 04:13:51.962 I/bt_stack( 5148): [INFO:hearing_aid_audio_source.cc(365)] Stop: Hearing Aid Source Close
03-24 04:13:51.962 I/bt_stack( 5148): [INFO:hearing_aid_software_encoding.cc(414)] end_session
03-24 04:13:51.962 I/bt_stack( 5148): [INFO:client_interface.cc(656)] EndSession: sessoin ended already
03-24 04:13:51.962 I/bt_stack( 5148): [INFO:hearing_aid_software_encoding.cc(367)] cleanup
03-24 04:13:51.962 I/bt_stack( 5148): [INFO:client_interface.cc(656)] EndSession: sessoin ended already
03-24 04:13:51.962 V/bt_stack( 5148): [VERBOSE1:gatt_api.cc(1270)] GATT_Deregister gatt_if=5
03-24 04:13:51.962 V/bt_stack( 5148): [VERBOSE1:connection_manager.cc(161)] on_app_deregistered : app_id 0x05
03-24 04:13:51.963 D/HearingAidService( 5148): profile stopped successfully
03-24 04:13:51.964 D/BluetoothHearingAid( 1526): Proxy object disconnected
03-24 04:13:51.964 D/BluetoothHearingAid( 1526): Unbinding service...
03-24 04:13:51.964 D/BluetoothHearingAid( 2390): Proxy object disconnected
03-24 04:13:51.964 D/BluetoothHearingAid( 2390): Unbinding service...
03-24 04:13:51.964 D/BluetoothHearingAid( 1990): Proxy object disconnected
03-24 04:13:51.964 D/BluetoothHearingAid( 1990): Unbinding service...
03-24 04:13:51.964 I/HeadsetService( 5148): cleanup
03-24 04:13:51.964 W/BluetoothVendorHfJni( 5148): Cleaning up Bluetooth Vendor Interface...
03-24 04:13:51.964 I/bt_btif_vendor_hf( 5148): cleanup
03-24 04:13:51.964 W/BluetoothVendorHfJni( 5148): Cleaning up Bluetooth Vendor callback object
03-24 04:13:51.965 D/BluetoothHearingAid( 1526): Proxy object disconnected
03-24 04:13:51.965 D/BluetoothHearingAid( 1526): Unbinding service...
03-24 04:13:51.965 D/AdapterProperties( 5148): PROFILE_CONNECTION_STATE_CHANGE: profile=12, device=14:3F:A6:D2:4D:63, 2 -> 3
03-24 04:13:51.965 D/BluetoothActiveDeviceManager( 5148): handleMessage(MESSAGE_A2DP_ACTION_ACTIVE_DEVICE_CHANGED): device= null
03-24 04:13:51.965 D/BluetoothActiveDeviceManager( 5148): set mA2dpActiveDevice to null
03-24 04:13:51.965 D/AdapterProperties( 5148): PROFILE_CONNECTION_STATE_CHANGE: profile=12, device=14:3F:A6:D2:4D:63, 3 -> 0
03-24 04:13:51.966 I/A2dpService( 5148): cleanup()
03-24 04:13:51.966 D/BluetoothHidHostService( 5148): Stopping Bluetooth HidHostService
03-24 04:13:51.966 W/BluetoothHidHostServiceJni( 5148): Cleaning up Bluetooth HID Interface...
03-24 04:13:51.966 W/bt_btif ( 5148): cleanup: HH disabling or disabled already, status = 0
03-24 04:13:51.966 W/BluetoothHidHostServiceJni( 5148): Cleaning up Bluetooth GID callback object
03-24 04:13:51.966 D/BluetoothHearingAid( 1526): Proxy object disconnected
03-24 04:13:51.966 D/BluetoothHidHostService( 5148): setHidHostService(): set to: null
03-24 04:13:51.966 D/BluetoothHearingAid( 1526): Unbinding service...
03-24 04:13:51.967 W/BluetoothPanServiceJni( 5148): Cleaning up Bluetooth PAN Interface...
03-24 04:13:51.967 W/BluetoothPanServiceJni( 5148): Cleaning up Bluetooth PAN callback object
03-24 04:13:51.967 W/bt_l2cap( 5148): L2CAP - L2CA_Deregister() called for PSM: 0x000f
03-24 04:13:51.967 I/PanService( 5148): cleanup
03-24 04:13:51.967 I/Telecom ( 1526): BluetoothDeviceManager: Lost BluetoothHearingAid service. Removing all tracked devices.: BMSL.oSD@AFo
03-24 04:13:51.967 I/BluetoothPhonePolicy( 5148): processProfileStateChanged, device=14:3F:A6:D2:4D:63, profile=1, 2 -> 0
03-24 04:13:51.967 W/HeadsetService( 5148): getHeadsetService(): service is NULL
03-24 04:13:51.967 W/A2dpService( 5148): getA2dpService(): service is null
03-24 04:13:51.967 W/PanService( 5148): getPanService(): service is null
03-24 04:13:51.967 D/BluetoothHearingAid( 1526): Proxy object disconnected
03-24 04:13:51.967 D/BluetoothHearingAid( 1526): Unbinding service...
03-24 04:13:51.967 I/BluetoothPhonePolicy( 5148): handleAllProfilesDisconnected: all profiles disconnected for 14:3F:A6:D2:4D:63
03-24 04:13:51.967 I/BluetoothPhonePolicy( 5148): handleAllProfilesDisconnected: all profiles disconnected for all devices
03-24 04:13:51.967 D/BluetoothSocket( 5148): close() this: android.bluetooth.BluetoothSocket@e6f4194, channel: 16, mSocketIS: android.net.LocalSocketImpl$SocketInputStream@7d2343d, mSocketOS: android.net.LocalSocketImpl$SocketOutputStream@4990432mSocket: android.net.LocalSocket@51a3583 impl:android.net.LocalSocketImpl@ec8e300 fd:java.io.FileDescriptor@2b2d739, mSocketState: LISTENING
03-24 04:13:51.968 I/BtOppService( 5148): handleMessage :200
03-24 04:13:51.968 V/BtOppService( 5148): onDestroy
03-24 04:13:51.968 D/BtOppService( 5148): stopListeners: mServerSocket is null
03-24 04:13:51.969 W/BluetoothAdapterService( 5148): onProfileServiceStateChange() - All profile services except gatt stopped..
03-24 04:13:51.969 D/HearingAidService( 5148): cleanup()
03-24 04:13:51.969 I/AdapterState( 5148): BLE_ON : entered
03-24 04:13:51.969 D/AdapterProperties( 5148): Setting state to BLE_ON
03-24 04:13:51.969 I/BluetoothPhonePolicy( 5148): processActiveDeviceChanged, device=null, profile=2
03-24 04:13:51.970 D/BluetoothAdapterService( 5148): updateAdapterState() - Broadcasting state BLE_ON to 1 receivers.
03-24 04:13:51.970 D/BluetoothManagerService( 1526): MESSAGE_BLUETOOTH_STATE_CHANGE: TURNING_OFF > BLE_ON
03-24 04:13:51.970 D/BluetoothManagerService( 1526): Intermediate off, back to LE only mode
03-24 04:13:51.970 D/BluetoothManagerService( 1526): Sending BLE State Change: TURNING_OFF > BLE_ON
03-24 04:13:51.971 D/BluetoothManagerService( 1526): Broadcasting onBluetoothStateChange(false) to 25 receivers.
03-24 04:13:51.971 D/CompanionDeviceManagerService( 1526): Received BT state transition broadcast: TURNING_OFF -> BLE_ON
03-24 04:13:51.972 D/BluetoothHeadset( 2390): onBluetoothStateChange: up=false
03-24 04:13:51.972 D/BluetoothHeadset( 1990): onBluetoothStateChange: up=false
03-24 04:13:51.972 D/BluetoothHeadset( 2390): Unbinding service...
03-24 04:13:51.972 D/BluetoothHeadset( 1990): Unbinding service...
03-24 04:13:51.972 D/BluetoothHeadset( 1526): onBluetoothStateChange: up=false
03-24 04:13:51.972 D/BluetoothHeadset( 1526): Unbinding service...
03-24 04:13:51.972 W/BluetoothManagerService( 1526): unbindBluetoothProfileService: calling psc.removeProxy
03-24 04:13:51.972 D/BluetoothHeadset( 1526): Proxy object disconnected
03-24 04:13:51.972 W/BluetoothManagerService( 1526): removing the proxy, count is 3
03-24 04:13:51.972 W/BluetoothManagerService( 1526): unbindBluetoothProfileService: calling psc.removeProxy
03-24 04:13:51.972 W/BluetoothManagerService( 1526): removing the proxy, count is 2
03-24 04:13:51.972 I/CompanionDeviceManagerService( 1526): startBleScan()
03-24 04:13:51.972 W/BluetoothManagerService( 1526): unbindBluetoothProfileService: calling psc.removeProxy
03-24 04:13:51.972 D/BluetoothHeadset( 2390): Proxy object disconnected
03-24 04:13:51.972 W/BluetoothManagerService( 1526): removing the proxy, count is 1
03-24 04:13:51.972 D/BluetoothHeadset( 1990): Proxy object disconnected
03-24 04:13:51.972 I/Telecom ( 1526): BluetoothDeviceManager: Lost BluetoothHeadset service. Removing all tracked devices: BMSL.oSD@AFs
03-24 04:13:51.972 D/BluetoothHeadset( 1526): onBluetoothStateChange: up=false
03-24 04:13:51.972 D/BluetoothHeadset( 1526): Unbinding service...
03-24 04:13:51.972 W/BluetoothManagerService( 1526): unbindBluetoothProfileService: calling psc.removeProxy
03-24 04:13:51.972 D/BluetoothHeadset( 1526): Proxy object disconnected
03-24 04:13:51.972 W/BluetoothManagerService( 1526): removing the proxy, count is 0
03-24 04:13:51.973 I/AS.BtHelper( 1526): setBtScoActiveDevice: (null) -> (null)
03-24 04:13:51.973 W/BluetoothManagerService( 1526): psc.isEmpty is true, removing psc entry for profile 1
03-24 04:13:51.973 D/BluetoothManagerService( 1526): Calling sendBrEdrDownCallback callbacks
03-24 04:13:51.973 D/BluetoothManagerService( 1526): isBleAppPresent() count: 0
03-24 04:13:51.974 D/BluetoothManagerService( 1526): Sending State Change: TURNING_OFF > OFF
03-24 04:13:51.974 I/AdapterState( 5148): BLE_TURNING_OFF : entered
03-24 04:13:51.974 D/AdapterProperties( 5148): Setting state to BLE_TURNING_OFF
03-24 04:13:51.974 D/BluetoothAdapterService( 5148): updateAdapterState() - Broadcasting state BLE_TURNING_OFF to 1 receivers.
03-24 04:13:51.975 D/BluetoothManagerService( 1526): MESSAGE_BLUETOOTH_STATE_CHANGE: BLE_ON > BLE_TURNING_OFF
03-24 04:13:51.975 D/BluetoothManagerService( 1526): Sending BLE State Change: BLE_ON > BLE_TURNING_OFF
03-24 04:13:51.976 I/AS.BtHelper( 1526): setBtScoActiveDevice: (null) -> (null)
03-24 04:13:51.976 D/BluetoothActiveDeviceManager( 5148): handleMessage(MESSAGE_ADAPTER_ACTION_STATE_CHANGED): newState=10
03-24 04:13:51.976 D/BtGatt.AdvertiseManager( 5148): stopAdvertisingSets()
03-24 04:13:51.976 I/bt_stack_manager( 5148): event_shut_down_stack is bringing down the stack
03-24 04:13:51.976 I/bt_btif_core( 5148): btif_disable_bluetooth entered
03-24 04:13:51.976 V/bt_stack( 5148): [VERBOSE1:ble_advertiser_hci_interface.cc(964)] CleanUp
03-24 04:13:51.977 E/bt_btif ( 5148): bta_jv_disable
03-24 04:13:51.977 W/bt_osi_thread( 5148): run_thread: thread id 5206, thread name btif_sock exited
03-24 04:13:51.977 D/CompanionDeviceManagerService( 1526): Received BT state transition broadcast: BLE_ON -> BLE_TURNING_OFF
03-24 04:13:51.977 V/bt_stack( 5148): [VERBOSE1:connection_manager.cc(198)] reset : after_reset0
03-24 04:13:51.977 W/BluetoothHeadset( 1990): Proxy not attached to service
03-24 04:13:51.977 V/bt_stack( 5148): [VERBOSE1:btm_ble_bgconn.cc(549)] BTM_WhiteListClear
03-24 04:13:51.977 W/BluetoothA2dp( 1990): Proxy not attached to service
03-24 04:13:51.977 W/BluetoothPbap( 1990): Proxy not attached to service
03-24 04:13:51.977 W/bt_btif ( 5148): bta_dm_disable BTA_DISABLE_DELAY set to 200 ms
03-24 04:13:51.977 W/BluetoothHeadset( 1990): Proxy not attached to service
03-24 04:13:51.977 W/BluetoothA2dp( 1990): Proxy not attached to service
03-24 04:13:51.978 W/BluetoothPbap( 1990): Proxy not attached to service
03-24 04:13:51.978 I/bt_stack( 5148): [INFO:btif_bqr.cc(304)] EnableBtQualityReport: is_enable: 0
03-24 04:13:51.978 V/bt_stack( 5148): [VERBOSE1:bta_gattc_act.cc(159)] bta_gattc_disable
03-24 04:13:51.978 W/BluetoothHeadset( 1990): Proxy not attached to service
03-24 04:13:51.978 W/bt_stack( 5148): [WARNING:btif_bqr.cc(318)] EnableBtQualityReport: Bluetooth Quality Report - Root inflammation event enabled, bqr_prop_evtmask: 16, bqr_prop_interval_ms: 0
03-24 04:13:51.978 W/BluetoothA2dp( 1990): Proxy not attached to service
03-24 04:13:51.978 V/bt_stack( 5148): [VERBOSE1:gatt_api.cc(1270)] GATT_Deregister gatt_if=3
03-24 04:13:51.978 I/bt_stack( 5148): [INFO:btif_bqr.cc(353)] EnableBtQualityReport: Event Mask: 0x8004001f, Interval: 0
03-24 04:13:51.978 W/BluetoothPbap( 1990): Proxy not attached to service
03-24 04:13:51.978 I/bt_stack( 5148): [INFO:btif_bqr.cc(402)] ConfigureBqr: Action: , Mask: 0x8004001f, Interval: 0
03-24 04:13:51.978 I/bt_btif_core( 5148): btif_disable_bluetooth finished
03-24 04:13:51.978 V/bt_stack( 5148): [VERBOSE1:connection_manager.cc(161)] on_app_deregistered : app_id 0x03
03-24 04:13:51.978 I/vendor.qti.bluetooth@1.0-ibs_handler( 801): ProcessIbsCmd: Received IBS_WAKE_IND: 0xFD
03-24 04:13:51.978 I/vendor.qti.bluetooth@1.0-ibs_handler( 801): ProcessIbsCmd: Writing IBS_WAKE_ACK
03-24 04:13:51.978 I/bt_core_module( 5148): module_shut_down Shutting down module "btif_config_module"
03-24 04:13:51.981 D/vendor.qti.bluetooth@1.0-uart_controller( 801): CheckForBQRRootInflammationBit: BQR root inflammation disabled
03-24 04:13:51.982 I/bt_stack( 5148): [INFO:btif_bqr.cc(386)] BqrVscCompleteCallback, current event mask: 0000000000
03-24 04:13:51.982 I/bt_stack( 5148): [INFO:btif_bqr.cc(288)] ConfigureBqrCmpl: current_evt_mask: 0000000000
03-24 04:13:51.982 I/bt_stack( 5148): [INFO:btm_devctl.cc(1311)] BTM_BT_Quality_Report_VSE_Register: Success to (un)register VSEvents. is_register: 0
03-24 04:13:51.983 I/stream_devices_changed( 1526): [3,128,2]
03-24 04:13:51.992 I/stream_devices_changed( 1526): [6,128,1]
03-24 04:13:51.996 I/bt_core_module( 5148): module_shut_down Shutdown of module "btif_config_module" completed
03-24 04:13:51.996 W/bt_stack( 5148): [WARNING:stack_interface.cc(101)] btif_stack_state OnStackState 0x04
03-24 04:13:51.996 I/bt_core_module( 5148): module_shut_down Shutting down module "btif_bap_config_module"
03-24 04:13:52.000 I/bt_core_module( 5148): module_shut_down Shutdown of module "btif_bap_config_module" completed
03-24 04:13:52.000 I/bt_core_module( 5148): module_shut_down Shutting down module "device_iot_config_module"
03-24 04:13:52.000 I/bt_core_module( 5148): module_shut_down Shutdown of module "device_iot_config_module" completed
03-24 04:13:52.006 D/BluetoothPbapService( 5148): quitHandlerThread
03-24 04:13:52.062 I/vendor.qti.bluetooth@1.0-ibs_handler( 801): ProcessIbsCmd: Received IBS_SLEEP_IND: 0xFE
03-24 04:13:52.076 D/RemoteControlService( 2327): startVlanDispatchThread
03-24 04:13:52.178 I/bt_btif_core( 5148): btif_disable_bluetooth_evt entered
03-24 04:13:52.178 I/bt_core_module( 5148): module_shut_down Shutting down module "hci_module"
03-24 04:13:52.179 I/bt_hci ( 5148): hci_module_shut_down
03-24 04:13:52.179 I/bt_hci ( 5148): hci_close
03-24 04:13:52.179 W/vendor.qti.bluetooth@1.0-bluetooth_hci( 801): BluetoothHci::close()
03-24 04:13:52.179 W/vendor.qti.bluetooth@1.0-data_handler( 801): DataHandler::CleanUp()
03-24 04:13:52.179 D/vendor.qti.bluetooth@1.0-data_handler( 801): StopInitTimer: InitTimer already stopped
03-24 04:13:52.179 I/vendor.qti.bluetooth@1.0-data_handler( 801): DataHandler:: init_status 3
03-24 04:13:52.179 D/vendor.qti.bluetooth@1.0-data_handler( 801): Close: Signal close to Diag interface
03-24 04:13:52.179 I/vendor.qti.bluetooth@1.0-data_handler( 801): Sending HCI Reset
03-24 04:13:52.179 I/auditd ( 801): type=1400 audit(0.0:815): avc: denied { read } for comm="bluetooth@1.0-s" name="ssrdump" dev="dm-10" ino=225 scontext=u:r:hal_bluetooth_default:s0 tcontext=u:object_r:vendor_ramdump_vendor_data_file:s0 tclass=dir permissive=0
03-24 04:13:52.183 I/vendor.qti.bluetooth@1.0-ibs_handler( 801): ProcessIbsCmd: Received IBS_WAKE_IND: 0xFD
03-24 04:13:52.183 I/vendor.qti.bluetooth@1.0-ibs_handler( 801): ProcessIbsCmd: Writing IBS_WAKE_ACK
03-24 04:13:52.183 W/vendor.qti.bluetooth@1.0-data_handler( 801): OnPacketReady: Received event for command sent internally: 03 0c
03-24 04:13:52.184 I/vendor.qti.bluetooth@1.0-data_handler( 801): Sending Pre-shutdown command
03-24 04:13:52.184 W/vendor.qti.bluetooth@1.0-data_handler( 801): OnPacketReady: Received event for command sent internally: 08 fc
03-24 04:13:52.184 E/vendor.qti.bluetooth@1.0-logger( 801): DeleteDumpsIfRequired: Cannot open dump location /data/vendor/ssrdump/
03-24 04:13:52.184 D/vendor.qti.bluetooth@1.0-uart_controller( 801): UartController::Cleanup, soc_need_reload_patch=1
03-24 04:13:52.184 I/vendor.qti.bluetooth@1.0-ibs_handler( 801): DeviceSleep: TX Awake, Sending SLEEP_IND
03-24 04:13:52.184 D/vendor.qti.bluetooth@1.0-ibs_handler( 801): waitUntilSleepIndRecvd, begin
03-24 04:13:52.184 I/vendor.qti.bluetooth@1.0-ibs_handler( 801): waitUntilSleepIndRecvd: system time before waiting for SLEEP IND tv_sec:1679602432 tv_nsec :184889122
03-24 04:13:52.221 I/hpplay-java( 2725): [main]:ServerTaskManager:get local ip:null
03-24 04:13:52.264 I/vendor.qti.bluetooth@1.0-ibs_handler( 801): ProcessIbsCmd: Received IBS_SLEEP_IND: 0xFE
