11-11 21:16:35.544 I/auditd ( 2720): type=1400 audit(0.0:1496392396): avc: denied { read } for comm="event_loop" lport=13400 scontext=u:r:hht_ota_mgr:s0 tcontext=u:r:hht_ota_mgr:s0 tclass=udp_socket permissive=0
11-11 21:16:35.544 I/auditd ( 2720): type=1400 audit(0.0:1496392397): avc: denied { read } for comm="event_loop" lport=13400 scontext=u:r:hht_ota_mgr:s0 tcontext=u:r:hht_ota_mgr:s0 tclass=udp_socket permissive=0
11-11 21:16:36.548 I/auditd ( 2720): type=1400 audit(0.0:1496659229): avc: denied { read } for comm="event_loop" lport=13400 scontext=u:r:hht_ota_mgr:s0 tcontext=u:r:hht_ota_mgr:s0 tclass=udp_socket permissive=0
11-11 21:16:36.548 I/auditd ( 2720): type=1400 audit(0.0:1496659230): avc: denied { read } for comm="event_loop" lport=13400 scontext=u:r:hht_ota_mgr:s0 tcontext=u:r:hht_ota_mgr:s0 tclass=udp_socket permissive=0
11-11 21:16:36.548 I/auditd ( 2720): type=1400 audit(0.0:1496659231): avc: denied { read } for comm="event_loop" lport=13400 scontext=u:r:hht_ota_mgr:s0 tcontext=u:r:hht_ota_mgr:s0 tclass=udp_socket permissive=0
11-11 21:16:36.548 I/auditd ( 2720): type=1400 audit(0.0:1496659232): avc: denied { read } for comm="event_loop" lport=13400 scontext=u:r:hht_ota_mgr:s0 tcontext=u:r:hht_ota_mgr:s0 tclass=udp_socket permissive=0
11-11 21:16:36.548 I/auditd ( 2720): type=1400 audit(0.0:1496659233): avc: denied { read } for comm="event_loop" lport=13400 scontext=u:r:hht_ota_mgr:s0 tcontext=u:r:hht_ota_mgr:s0 tclass=udp_socket permissive=0
11-11 21:16:37.548 I/auditd ( 2720): type=1400 audit(0.0:1496927113): avc: denied { read } for comm="event_loop" lport=13400 scontext=u:r:hht_ota_mgr:s0 tcontext=u:r:hht_ota_mgr:s0 tclass=udp_socket permissive=0
11-11 21:16:37.552 I/auditd ( 2720): type=1400 audit(0.0:1496927114): avc: denied { read } for comm="event_loop" lport=13400 scontext=u:r:hht_ota_mgr:s0 tcontext=u:r:hht_ota_mgr:s0 tclass=udp_socket permissive=0
11-11 21:16:37.552 I/auditd ( 2720): type=1400 audit(0.0:1496927115): avc: denied { read } for comm="event_loop" lport=13400 scontext=u:r:hht_ota_mgr:s0 tcontext=u:r:hht_ota_mgr:s0 tclass=udp_socket permissive=0
11-11 21:16:37.552 I/auditd ( 2720): type=1400 audit(0.0:1496927116): avc: denied { read } for comm="event_loop" lport=13400 scontext=u:r:hht_ota_mgr:s0 tcontext=u:r:hht_ota_mgr:s0 tclass=udp_socket permissive=0
11-11 21:16:37.552 I/auditd ( 2720): type=1400 audit(0.0:1496927117): avc: denied { read } for comm="event_loop" lport=13400 scontext=u:r:hht_ota_mgr:s0 tcontext=u:r:hht_ota_mgr:s0 tclass=udp_socket permissive=0
11-11 21:16:38.541 I/liblog ( 1394): 18
11-11 21:16:38.556 I/auditd ( 2720): type=1400 audit(0.0:1497194149): avc: denied { read } for comm="event_loop" lport=13400 scontext=u:r:hht_ota_mgr:s0 tcontext=u:r:hht_ota_mgr:s0 tclass=udp_socket permissive=0
11-11 21:16:38.556 I/auditd ( 2720): type=1400 audit(0.0:1497194150): avc: denied { read } for comm="event_loop" lport=13400 scontext=u:r:hht_ota_mgr:s0 tcontext=u:r:hht_ota_mgr:s0 tclass=udp_socket permissive=0
11-11 21:16:38.556 I/auditd ( 2720): type=1400 audit(0.0:1497194151): avc: denied { read } for comm="event_loop" lport=13400 scontext=u:r:hht_ota_mgr:s0 tcontext=u:r:hht_ota_mgr:s0 tclass=udp_socket permissive=0
11-11 21:16:38.556 I/auditd ( 2720): type=1400 audit(0.0:1497194152): avc: denied { read } for comm="event_loop" lport=13400 scontext=u:r:hht_ota_mgr:s0 tcontext=u:r:hht_ota_mgr:s0 tclass=udp_socket permissive=0
11-11 21:16:38.556 I/auditd ( 2720): type=1400 audit(0.0:1497194153): avc: denied { read } for comm="event_loop" lport=13400 scontext=u:r:hht_ota_mgr:s0 tcontext=u:r:hht_ota_mgr:s0 tclass=udp_socket permissive=0
11-11 21:16:39.560 I/auditd ( 2720): type=1400 audit(0.0:1497454273): avc: denied { read } for comm="event_loop" lport=13400 scontext=u:r:hht_ota_mgr:s0 tcontext=u:r:hht_ota_mgr:s0 tclass=udp_socket permissive=0
11-11 21:16:39.560 I/auditd ( 2720): type=1400 audit(0.0:1497454274): avc: denied { read } for comm="event_loop" lport=13400 scontext=u:r:hht_ota_mgr:s0 tcontext=u:r:hht_ota_mgr:s0 tclass=udp_socket permissive=0
11-11 21:16:39.560 I/auditd ( 2720): type=1400 audit(0.0:1497454275): avc: denied { read } for comm="event_loop" lport=13400 scontext=u:r:hht_ota_mgr:s0 tcontext=u:r:hht_ota_mgr:s0 tclass=udp_socket permissive=0
11-11 21:16:39.560 I/auditd ( 2720): type=1400 audit(0.0:1497454276): avc: denied { read } for comm="event_loop" lport=13400 scontext=u:r:hht_ota_mgr:s0 tcontext=u:r:hht_ota_mgr:s0 tclass=udp_socket permissive=0
11-11 21:16:39.560 I/auditd ( 2720): type=1400 audit(0.0:1497454277): avc: denied { read } for comm="event_loop" lport=13400 scontext=u:r:hht_ota_mgr:s0 tcontext=u:r:hht_ota_mgr:s0 tclass=udp_socket permissive=0
11-11 21:16:40.564 I/auditd ( 2720): type=1400 audit(0.0:1497713513): avc: denied { read } for comm="event_loop" lport=13400 scontext=u:r:hht_ota_mgr:s0 tcontext=u:r:hht_ota_mgr:s0 tclass=udp_socket permissive=0
11-11 21:16:40.564 I/auditd ( 2720): type=1400 audit(0.0:1497713514): avc: denied { read } for comm="event_loop" lport=13400 scontext=u:r:hht_ota_mgr:s0 tcontext=u:r:hht_ota_mgr:s0 tclass=udp_socket permissive=0
11-11 21:16:40.564 I/auditd ( 2720): type=1400 audit(0.0:1497713515): avc: denied { read } for comm="event_loop" lport=13400 scontext=u:r:hht_ota_mgr:s0 tcontext=u:r:hht_ota_mgr:s0 tclass=udp_socket permissive=0
11-11 21:16:40.564 I/auditd ( 2720): type=1400 audit(0.0:1497713516): avc: denied { read } for comm="event_loop" lport=13400 scontext=u:r:hht_ota_mgr:s0 tcontext=u:r:hht_ota_mgr:s0 tclass=udp_socket permissive=0
11-11 21:16:40.564 I/auditd ( 2720): type=1400 audit(0.0:1497713517): avc: denied { read } for comm="event_loop" lport=13400 scontext=u:r:hht_ota_mgr:s0 tcontext=u:r:hht_ota_mgr:s0 tclass=udp_socket permissive=0
11-11 21:16:41.568 I/auditd ( 2720): type=1400 audit(0.0:1497971111): avc: denied { read } for comm="event_loop" lport=13400 scontext=u:r:hht_ota_mgr:s0 tcontext=u:r:hht_ota_mgr:s0 tclass=udp_socket permissive=0
11-11 21:16:41.568 I/auditd ( 2720): type=1400 audit(0.0:1497971112): avc: denied { read } for comm="event_loop" lport=13400 scontext=u:r:hht_ota_mgr:s0 tcontext=u:r:hht_ota_mgr:s0 tclass=udp_socket permissive=0
11-11 21:16:41.568 I/auditd ( 2720): type=1400 audit(0.0:1497971113): avc: denied { read } for comm="event_loop" lport=13400 scontext=u:r:hht_ota_mgr:s0 tcontext=u:r:hht_ota_mgr:s0 tclass=udp_socket permissive=0
11-11 21:16:41.568 I/auditd ( 2720): type=1400 audit(0.0:1497971114): avc: denied { read } for comm="event_loop" lport=13400 scontext=u:r:hht_ota_mgr:s0 tcontext=u:r:hht_ota_mgr:s0 tclass=udp_socket permissive=0
11-11 21:16:41.568 I/auditd ( 2720): type=1400 audit(0.0:1497971115): avc: denied { read } for comm="event_loop" lport=13400 scontext=u:r:hht_ota_mgr:s0 tcontext=u:r:hht_ota_mgr:s0 tclass=udp_socket permissive=0
11-11 21:16:42.568 I/auditd ( 2720): type=1400 audit(0.0:1498231475): avc: denied { read } for comm="event_loop" lport=13400 scontext=u:r:hht_ota_mgr:s0 tcontext=u:r:hht_ota_mgr:s0 tclass=udp_socket permissive=0
11-11 21:16:42.572 I/auditd ( 2720): type=1400 audit(0.0:1498231476): avc: denied { read } for comm="event_loop" lport=13400 scontext=u:r:hht_ota_mgr:s0 tcontext=u:r:hht_ota_mgr:s0 tclass=udp_socket permissive=0
11-11 21:16:42.572 I/auditd ( 2720): type=1400 audit(0.0:1498231477): avc: denied { read } for comm="event_loop" lport=13400 scontext=u:r:hht_ota_mgr:s0 tcontext=u:r:hht_ota_mgr:s0 tclass=udp_socket permissive=0
11-11 21:16:42.572 I/auditd ( 2720): type=1400 audit(0.0:1498231478): avc: denied { read } for comm="event_loop" lport=13400 scontext=u:r:hht_ota_mgr:s0 tcontext=u:r:hht_ota_mgr:s0 tclass=udp_socket permissive=0
11-11 21:16:42.572 I/auditd ( 2720): type=1400 audit(0.0:1498231479): avc: denied { read } for comm="event_loop" lport=13400 scontext=u:r:hht_ota_mgr:s0 tcontext=u:r:hht_ota_mgr:s0 tclass=udp_socket permissive=0
11-11 21:16:43.576 I/auditd ( 2720): type=1400 audit(0.0:1498494365): avc: denied { read } for comm="event_loop" lport=13400 scontext=u:r:hht_ota_mgr:s0 tcontext=u:r:hht_ota_mgr:s0 tclass=udp_socket permissive=0
11-11 21:16:43.576 I/auditd ( 2720): type=1400 audit(0.0:1498494366): avc: denied { read } for comm="event_loop" lport=13400 scontext=u:r:hht_ota_mgr:s0 tcontext=u:r:hht_ota_mgr:s0 tclass=udp_socket permissive=0
11-11 21:16:43.576 I/auditd ( 2720): type=1400 audit(0.0:1498494367): avc: denied { read } for comm="event_loop" lport=13400 scontext=u:r:hht_ota_mgr:s0 tcontext=u:r:hht_ota_mgr:s0 tclass=udp_socket permissive=0
11-11 21:16:43.576 I/auditd ( 2720): type=1400 audit(0.0:1498494368): avc: denied { read } for comm="event_loop" lport=13400 scontext=u:r:hht_ota_mgr:s0 tcontext=u:r:hht_ota_mgr:s0 tclass=udp_socket permissive=0
11-11 21:16:43.576 I/auditd ( 2720): type=1400 audit(0.0:1498494369): avc: denied { read } for comm="event_loop" lport=13400 scontext=u:r:hht_ota_mgr:s0 tcontext=u:r:hht_ota_mgr:s0 tclass=udp_socket permissive=0
11-11 21:16:44.576 I/auditd ( 2720): type=1400 audit(0.0:1498759250): avc: denied { read } for comm="event_loop" lport=13400 scontext=u:r:hht_ota_mgr:s0 tcontext=u:r:hht_ota_mgr:s0 tclass=udp_socket permissive=0
11-11 21:16:44.580 I/auditd ( 2720): type=1400 audit(0.0:1498759251): avc: denied { read } for comm="event_loop" lport=13400 scontext=u:r:hht_ota_mgr:s0 tcontext=u:r:hht_ota_mgr:s0 tclass=udp_socket permissive=0
11-11 21:16:44.580 I/auditd ( 2720): type=1400 audit(0.0:1498759252): avc: denied { read } for comm="event_loop" lport=13400 scontext=u:r:hht_ota_mgr:s0 tcontext=u:r:hht_ota_mgr:s0 tclass=udp_socket permissive=0
11-11 21:16:44.580 I/auditd ( 2720): type=1400 audit(0.0:1498759253): avc: denied { read } for comm="event_loop" lport=13400 scontext=u:r:hht_ota_mgr:s0 tcontext=u:r:hht_ota_mgr:s0 tclass=udp_socket permissive=0
11-11 21:16:44.580 I/auditd ( 2720): type=1400 audit(0.0:1498759254): avc: denied { read } for comm="event_loop" lport=13400 scontext=u:r:hht_ota_mgr:s0 tcontext=u:r:hht_ota_mgr:s0 tclass=udp_socket permissive=0
11-11 21:16:45.584 I/auditd ( 2720): type=1400 audit(0.0:1499026469): avc: denied { read } for comm="event_loop" lport=13400 scontext=u:r:hht_ota_mgr:s0 tcontext=u:r:hht_ota_mgr:s0 tclass=udp_socket permissive=0
11-11 21:16:45.584 I/auditd ( 2720): type=1400 audit(0.0:1499026470): avc: denied { read } for comm="event_loop" lport=13400 scontext=u:r:hht_ota_mgr:s0 tcontext=u:r:hht_ota_mgr:s0 tclass=udp_socket permissive=0
11-11 21:16:45.584 I/auditd ( 2720): type=1400 audit(0.0:1499026471): avc: denied { read } for comm="event_loop" lport=13400 scontext=u:r:hht_ota_mgr:s0 tcontext=u:r:hht_ota_mgr:s0 tclass=udp_socket permissive=0
11-11 21:16:45.584 I/auditd ( 2720): type=1400 audit(0.0:1499026472): avc: denied { read } for comm="event_loop" lport=13400 scontext=u:r:hht_ota_mgr:s0 tcontext=u:r:hht_ota_mgr:s0 tclass=udp_socket permissive=0
11-11 21:16:45.584 I/auditd ( 2720): type=1400 audit(0.0:1499026473): avc: denied { read } for comm="event_loop" lport=13400 scontext=u:r:hht_ota_mgr:s0 tcontext=u:r:hht_ota_mgr:s0 tclass=udp_socket permissive=0
11-11 21:16:46.588 I/auditd ( 2720): type=1400 audit(0.0:1499293498): avc: denied { read } for comm="event_loop" lport=13400 scontext=u:r:hht_ota_mgr:s0 tcontext=u:r:hht_ota_mgr:s0 tclass=udp_socket permissive=0
11-11 21:16:46.588 I/auditd ( 2720): type=1400 audit(0.0:1499293499): avc: denied { read } for comm="event_loop" lport=13400 scontext=u:r:hht_ota_mgr:s0 tcontext=u:r:hht_ota_mgr:s0 tclass=udp_socket permissive=0
11-11 21:16:46.588 I/auditd ( 2720): type=1400 audit(0.0:1499293500): avc: denied { read } for comm="event_loop" lport=13400 scontext=u:r:hht_ota_mgr:s0 tcontext=u:r:hht_ota_mgr:s0 tclass=udp_socket permissive=0
11-11 21:16:46.588 I/auditd ( 2720): type=1400 audit(0.0:1499293501): avc: denied { read } for comm="event_loop" lport=13400 scontext=u:r:hht_ota_mgr:s0 tcontext=u:r:hht_ota_mgr:s0 tclass=udp_socket permissive=0
11-11 21:16:46.588 I/auditd ( 2720): type=1400 audit(0.0:1499293502): avc: denied { read } for comm="event_loop" lport=13400 scontext=u:r:hht_ota_mgr:s0 tcontext=u:r:hht_ota_mgr:s0 tclass=udp_socket permissive=0
11-11 21:16:47.588 I/auditd ( 2720): type=1400 audit(0.0:1499560689): avc: denied { read } for comm="event_loop" lport=13400 scontext=u:r:hht_ota_mgr:s0 tcontext=u:r:hht_ota_mgr:s0 tclass=udp_socket permissive=0
11-11 21:16:47.592 I/auditd ( 2720): type=1400 audit(0.0:1499560690): avc: denied { read } for comm="event_loop" lport=13400 scontext=u:r:hht_ota_mgr:s0 tcontext=u:r:hht_ota_mgr:s0 tclass=udp_socket permissive=0
11-11 21:16:47.592 I/auditd ( 2720): type=1400 audit(0.0:1499560691): avc: denied { read } for comm="event_loop" lport=13400 scontext=u:r:hht_ota_mgr:s0 tcontext=u:r:hht_ota_mgr:s0 tclass=udp_socket permissive=0
11-11 21:16:47.592 I/auditd ( 2720): type=1400 audit(0.0:1499560692): avc: denied { read } for comm="event_loop" lport=13400 scontext=u:r:hht_ota_mgr:s0 tcontext=u:r:hht_ota_mgr:s0 tclass=udp_socket permissive=0
11-11 21:16:47.592 I/auditd ( 2720): type=1400 audit(0.0:1499560693): avc: denied { read } for comm="event_loop" lport=13400 scontext=u:r:hht_ota_mgr:s0 tcontext=u:r:hht_ota_mgr:s0 tclass=udp_socket permissive=0
11-11 21:16:48.592 I/auditd ( 2720): type=1400 audit(0.0:1499828965): avc: denied { read } for comm="event_loop" lport=13400 scontext=u:r:hht_ota_mgr:s0 tcontext=u:r:hht_ota_mgr:s0 tclass=udp_socket permissive=0
11-11 21:16:48.596 I/auditd ( 2720): type=1400 audit(0.0:1499828966): avc: denied { read } for comm="event_loop" lport=13400 scontext=u:r:hht_ota_mgr:s0 tcontext=u:r:hht_ota_mgr:s0 tclass=udp_socket permissive=0
11-11 21:16:48.596 I/auditd ( 2720): type=1400 audit(0.0:1499828967): avc: denied { read } for comm="event_loop" lport=13400 scontext=u:r:hht_ota_mgr:s0 tcontext=u:r:hht_ota_mgr:s0 tclass=udp_socket permissive=0
11-11 21:16:48.596 I/auditd ( 2720): type=1400 audit(0.0:1499828968): avc: denied { read } for comm="event_loop" lport=13400 scontext=u:r:hht_ota_mgr:s0 tcontext=u:r:hht_ota_mgr:s0 tclass=udp_socket permissive=0
11-11 21:16:48.596 I/auditd ( 2720): type=1400 audit(0.0:1499828969): avc: denied { read } for comm="event_loop" lport=13400 scontext=u:r:hht_ota_mgr:s0 tcontext=u:r:hht_ota_mgr:s0 tclass=udp_socket permissive=0
11-11 21:16:49.596 I/auditd ( 2720): type=1400 audit(0.0:1500090440): avc: denied { read } for comm="event_loop" lport=13400 scontext=u:r:hht_ota_mgr:s0 tcontext=u:r:hht_ota_mgr:s0 tclass=udp_socket permissive=0
11-11 21:16:49.600 I/auditd ( 2720): type=1400 audit(0.0:1500090441): avc: denied { read } for comm="event_loop" lport=13400 scontext=u:r:hht_ota_mgr:s0 tcontext=u:r:hht_ota_mgr:s0 tclass=udp_socket permissive=0
11-11 21:16:49.600 I/auditd ( 2720): type=1400 audit(0.0:1500090442): avc: denied { read } for comm="event_loop" lport=13400 scontext=u:r:hht_ota_mgr:s0 tcontext=u:r:hht_ota_mgr:s0 tclass=udp_socket permissive=0
11-11 21:16:49.600 I/auditd ( 2720): type=1400 audit(0.0:1500090443): avc: denied { read } for comm="event_loop" lport=13400 scontext=u:r:hht_ota_mgr:s0 tcontext=u:r:hht_ota_mgr:s0 tclass=udp_socket permissive=0
11-11 21:16:49.600 I/auditd ( 2720): type=1400 audit(0.0:1500090444): avc: denied { read } for comm="event_loop" lport=13400 scontext=u:r:hht_ota_mgr:s0 tcontext=u:r:hht_ota_mgr:s0 tclass=udp_socket permissive=0
11-11 21:16:50.604 I/auditd ( 2720): type=1400 audit(0.0:1500348027): avc: denied { read } for comm="event_loop" lport=13400 scontext=u:r:hht_ota_mgr:s0 tcontext=u:r:hht_ota_mgr:s0 tclass=udp_socket permissive=0
11-11 21:16:50.604 I/auditd ( 2720): type=1400 audit(0.0:1500348028): avc: denied { read } for comm="event_loop" lport=13400 scontext=u:r:hht_ota_mgr:s0 tcontext=u:r:hht_ota_mgr:s0 tclass=udp_socket permissive=0
11-11 21:16:50.604 I/auditd ( 2720): type=1400 audit(0.0:1500348029): avc: denied { read } for comm="event_loop" lport=13400 scontext=u:r:hht_ota_mgr:s0 tcontext=u:r:hht_ota_mgr:s0 tclass=udp_socket permissive=0
11-11 21:16:50.604 I/auditd ( 2720): type=1400 audit(0.0:1500348030): avc: denied { read } for comm="event_loop" lport=13400 scontext=u:r:hht_ota_mgr:s0 tcontext=u:r:hht_ota_mgr:s0 tclass=udp_socket permissive=0
11-11 21:16:50.604 I/auditd ( 2720): type=1400 audit(0.0:1500348031): avc: denied { read } for comm="event_loop" lport=13400 scontext=u:r:hht_ota_mgr:s0 tcontext=u:r:hht_ota_mgr:s0 tclass=udp_socket permissive=0
11-11 21:16:51.608 I/auditd ( 2720): type=1400 audit(0.0:1500605479): avc: denied { read } for comm="event_loop" lport=13400 scontext=u:r:hht_ota_mgr:s0 tcontext=u:r:hht_ota_mgr:s0 tclass=udp_socket permissive=0
11-11 21:16:51.608 I/auditd ( 2720): type=1400 audit(0.0:1500605480): avc: denied { read } for comm="event_loop" lport=13400 scontext=u:r:hht_ota_mgr:s0 tcontext=u:r:hht_ota_mgr:s0 tclass=udp_socket permissive=0
11-11 21:16:51.608 I/auditd ( 2720): type=1400 audit(0.0:1500605481): avc: denied { read } for comm="event_loop" lport=13400 scontext=u:r:hht_ota_mgr:s0 tcontext=u:r:hht_ota_mgr:s0 tclass=udp_socket permissive=0
11-11 21:16:51.608 I/auditd ( 2720): type=1400 audit(0.0:1500605482): avc: denied { read } for comm="event_loop" lport=13400 scontext=u:r:hht_ota_mgr:s0 tcontext=u:r:hht_ota_mgr:s0 tclass=udp_socket permissive=0
11-11 21:16:51.608 I/auditd ( 2720): type=1400 audit(0.0:1500605483): avc: denied { read } for comm="event_loop" lport=13400 scontext=u:r:hht_ota_mgr:s0 tcontext=u:r:hht_ota_mgr:s0 tclass=udp_socket permissive=0
11-11 21:16:52.608 I/auditd ( 2720): type=1400 audit(0.0:1500865968): avc: denied { read } for comm="event_loop" lport=13400 scontext=u:r:hht_ota_mgr:s0 tcontext=u:r:hht_ota_mgr:s0 tclass=udp_socket permissive=0
11-11 21:16:52.612 I/auditd ( 2720): type=1400 audit(0.0:1500865969): avc: denied { read } for comm="event_loop" lport=13400 scontext=u:r:hht_ota_mgr:s0 tcontext=u:r:hht_ota_mgr:s0 tclass=udp_socket permissive=0
11-11 21:16:52.612 I/auditd ( 2720): type=1400 audit(0.0:1500865970): avc: denied { read } for comm="event_loop" lport=13400 scontext=u:r:hht_ota_mgr:s0 tcontext=u:r:hht_ota_mgr:s0 tclass=udp_socket permissive=0
11-11 21:16:52.612 I/auditd ( 2720): type=1400 audit(0.0:1500865971): avc: denied { read } for comm="event_loop" lport=13400 scontext=u:r:hht_ota_mgr:s0 tcontext=u:r:hht_ota_mgr:s0 tclass=udp_socket permissive=0
11-11 21:16:52.612 I/auditd ( 2720): type=1400 audit(0.0:1500865972): avc: denied { read } for comm="event_loop" lport=13400 scontext=u:r:hht_ota_mgr:s0 tcontext=u:r:hht_ota_mgr:s0 tclass=udp_socket permissive=0
11-11 21:16:53.616 I/auditd ( 2720): type=1400 audit(0.0:1501127814): avc: denied { read } for comm="event_loop" lport=13400 scontext=u:r:hht_ota_mgr:s0 tcontext=u:r:hht_ota_mgr:s0 tclass=udp_socket permissive=0
11-11 21:16:53.616 I/auditd ( 2720): type=1400 audit(0.0:1501127815): avc: denied { read } for comm="event_loop" lport=13400 scontext=u:r:hht_ota_mgr:s0 tcontext=u:r:hht_ota_mgr:s0 tclass=udp_socket permissive=0
11-11 21:16:53.616 I/auditd ( 2720): type=1400 audit(0.0:1501127816): avc: denied { read } for comm="event_loop" lport=13400 scontext=u:r:hht_ota_mgr:s0 tcontext=u:r:hht_ota_mgr:s0 tclass=udp_socket permissive=0
11-11 21:16:53.616 I/auditd ( 2720): type=1400 audit(0.0:1501127817): avc: denied { read } for comm="event_loop" lport=13400 scontext=u:r:hht_ota_mgr:s0 tcontext=u:r:hht_ota_mgr:s0 tclass=udp_socket permissive=0
11-11 21:16:53.616 I/auditd ( 2720): type=1400 audit(0.0:1501127818): avc: denied { read } for comm="event_loop" lport=13400 scontext=u:r:hht_ota_mgr:s0 tcontext=u:r:hht_ota_mgr:s0 tclass=udp_socket permissive=0
11-11 21:16:54.620 I/auditd ( 2720): type=1400 audit(0.0:1501391507): avc: denied { read } for comm="event_loop" lport=13400 scontext=u:r:hht_ota_mgr:s0 tcontext=u:r:hht_ota_mgr:s0 tclass=udp_socket permissive=0
11-11 21:16:54.620 I/auditd ( 2720): type=1400 audit(0.0:1501391508): avc: denied { read } for comm="event_loop" lport=13400 scontext=u:r:hht_ota_mgr:s0 tcontext=u:r:hht_ota_mgr:s0 tclass=udp_socket permissive=0
11-11 21:16:54.620 I/auditd ( 2720): type=1400 audit(0.0:1501391509): avc: denied { read } for comm="event_loop" lport=13400 scontext=u:r:hht_ota_mgr:s0 tcontext=u:r:hht_ota_mgr:s0 tclass=udp_socket permissive=0
11-11 21:16:54.620 I/auditd ( 2720): type=1400 audit(0.0:1501391510): avc: denied { read } for comm="event_loop" lport=13400 scontext=u:r:hht_ota_mgr:s0 tcontext=u:r:hht_ota_mgr:s0 tclass=udp_socket permissive=0
11-11 21:16:54.620 I/auditd ( 2720): type=1400 audit(0.0:1501391511): avc: denied { read } for comm="event_loop" lport=13400 scontext=u:r:hht_ota_mgr:s0 tcontext=u:r:hht_ota_mgr:s0 tclass=udp_socket permissive=0
11-11 21:16:55.624 I/auditd ( 2720): type=1400 audit(0.0:1501657583): avc: denied { read } for comm="event_loop" lport=13400 scontext=u:r:hht_ota_mgr:s0 tcontext=u:r:hht_ota_mgr:s0 tclass=udp_socket permissive=0
11-11 21:16:55.624 I/auditd ( 2720): type=1400 audit(0.0:1501657584): avc: denied { read } for comm="event_loop" lport=13400 scontext=u:r:hht_ota_mgr:s0 tcontext=u:r:hht_ota_mgr:s0 tclass=udp_socket permissive=0
11-11 21:16:55.624 I/auditd ( 2720): type=1400 audit(0.0:1501657585): avc: denied { read } for comm="event_loop" lport=13400 scontext=u:r:hht_ota_mgr:s0 tcontext=u:r:hht_ota_mgr:s0 tclass=udp_socket permissive=0
11-11 21:16:55.624 I/auditd ( 2720): type=1400 audit(0.0:1501657586): avc: denied { read } for comm="event_loop" lport=13400 scontext=u:r:hht_ota_mgr:s0 tcontext=u:r:hht_ota_mgr:s0 tclass=udp_socket permissive=0
11-11 21:16:55.624 I/auditd ( 2720): type=1400 audit(0.0:1501657587): avc: denied { read } for comm="event_loop" lport=13400 scontext=u:r:hht_ota_mgr:s0 tcontext=u:r:hht_ota_mgr:s0 tclass=udp_socket permissive=0
11-11 21:16:56.628 I/auditd ( 2720): type=1400 audit(0.0:1501924395): avc: denied { read } for comm="event_loop" lport=13400 scontext=u:r:hht_ota_mgr:s0 tcontext=u:r:hht_ota_mgr:s0 tclass=udp_socket permissive=0
11-11 21:16:56.628 I/auditd ( 2720): type=1400 audit(0.0:1501924396): avc: denied { read } for comm="event_loop" lport=13400 scontext=u:r:hht_ota_mgr:s0 tcontext=u:r:hht_ota_mgr:s0 tclass=udp_socket permissive=0
11-11 21:16:56.628 I/auditd ( 2720): type=1400 audit(0.0:1501924397): avc: denied { read } for comm="event_loop" lport=13400 scontext=u:r:hht_ota_mgr:s0 tcontext=u:r:hht_ota_mgr:s0 tclass=udp_socket permissive=0
11-11 21:16:56.628 I/auditd ( 2720): type=1400 audit(0.0:1501924398): avc: denied { read } for comm="event_loop" lport=13400 scontext=u:r:hht_ota_mgr:s0 tcontext=u:r:hht_ota_mgr:s0 tclass=udp_socket permissive=0
11-11 21:16:56.628 I/auditd ( 2720): type=1400 audit(0.0:1501924399): avc: denied { read } for comm="event_loop" lport=13400 scontext=u:r:hht_ota_mgr:s0 tcontext=u:r:hht_ota_mgr:s0 tclass=udp_socket permissive=0
11-11 21:16:57.628 I/auditd ( 2720): type=1400 audit(0.0:1502189776): avc: denied { read } for comm="event_loop" lport=13400 scontext=u:r:hht_ota_mgr:s0 tcontext=u:r:hht_ota_mgr:s0 tclass=udp_socket permissive=0
11-11 21:16:57.632 I/auditd ( 2720): type=1400 audit(0.0:1502189777): avc: denied { read } for comm="event_loop" lport=13400 scontext=u:r:hht_ota_mgr:s0 tcontext=u:r:hht_ota_mgr:s0 tclass=udp_socket permissive=0
11-11 21:16:57.632 I/auditd ( 2720): type=1400 audit(0.0:1502189778): avc: denied { read } for comm="event_loop" lport=13400 scontext=u:r:hht_ota_mgr:s0 tcontext=u:r:hht_ota_mgr:s0 tclass=udp_socket permissive=0
11-11 21:16:57.632 I/auditd ( 2720): type=1400 audit(0.0:1502189779): avc: denied { read } for comm="event_loop" lport=13400 scontext=u:r:hht_ota_mgr:s0 tcontext=u:r:hht_ota_mgr:s0 tclass=udp_socket permissive=0
11-11 21:16:57.632 I/auditd ( 2720): type=1400 audit(0.0:1502189780): avc: denied { read } for comm="event_loop" lport=13400 scontext=u:r:hht_ota_mgr:s0 tcontext=u:r:hht_ota_mgr:s0 tclass=udp_socket permissive=0
11-11 21:16:58.636 I/auditd ( 2720): type=1400 audit(0.0:1502455455): avc: denied { read } for comm="event_loop" lport=13400 scontext=u:r:hht_ota_mgr:s0 tcontext=u:r:hht_ota_mgr:s0 tclass=udp_socket permissive=0
11-11 21:16:58.636 I/auditd ( 2720): type=1400 audit(0.0:1502455456): avc: denied { read } for comm="event_loop" lport=13400 scontext=u:r:hht_ota_mgr:s0 tcontext=u:r:hht_ota_mgr:s0 tclass=udp_socket permissive=0
11-11 21:16:58.636 I/auditd ( 2720): type=1400 audit(0.0:1502455457): avc: denied { read } for comm="event_loop" lport=13400 scontext=u:r:hht_ota_mgr:s0 tcontext=u:r:hht_ota_mgr:s0 tclass=udp_socket permissive=0
11-11 21:16:58.636 I/auditd ( 2720): type=1400 audit(0.0:1502455458): avc: denied { read } for comm="event_loop" lport=13400 scontext=u:r:hht_ota_mgr:s0 tcontext=u:r:hht_ota_mgr:s0 tclass=udp_socket permissive=0
11-11 21:16:58.636 I/auditd ( 2720): type=1400 audit(0.0:1502455459): avc: denied { read } for comm="event_loop" lport=13400 scontext=u:r:hht_ota_mgr:s0 tcontext=u:r:hht_ota_mgr:s0 tclass=udp_socket permissive=0
11-11 21:16:59.636 I/auditd ( 2720): type=1400 audit(0.0:1502715123): avc: denied { read } for comm="event_loop" lport=13400 scontext=u:r:hht_ota_mgr:s0 tcontext=u:r:hht_ota_mgr:s0 tclass=udp_socket permissive=0
11-11 21:16:59.640 I/auditd ( 2720): type=1400 audit(0.0:1502715124): avc: denied { read } for comm="event_loop" lport=13400 scontext=u:r:hht_ota_mgr:s0 tcontext=u:r:hht_ota_mgr:s0 tclass=udp_socket permissive=0
11-11 21:16:59.640 I/auditd ( 2720): type=1400 audit(0.0:1502715125): avc: denied { read } for comm="event_loop" lport=13400 scontext=u:r:hht_ota_mgr:s0 tcontext=u:r:hht_ota_mgr:s0 tclass=udp_socket permissive=0
11-11 21:16:59.640 I/auditd ( 2720): type=1400 audit(0.0:1502715126): avc: denied { read } for comm="event_loop" lport=13400 scontext=u:r:hht_ota_mgr:s0 tcontext=u:r:hht_ota_mgr:s0 tclass=udp_socket permissive=0
11-11 21:16:59.640 I/auditd ( 2720): type=1400 audit(0.0:1502715127): avc: denied { read } for comm="event_loop" lport=13400 scontext=u:r:hht_ota_mgr:s0 tcontext=u:r:hht_ota_mgr:s0 tclass=udp_socket permissive=0
11-11 21:17:00.644 I/auditd ( 2720): type=1400 audit(0.0:1502972817): avc: denied { read } for comm="event_loop" lport=13400 scontext=u:r:hht_ota_mgr:s0 tcontext=u:r:hht_ota_mgr:s0 tclass=udp_socket permissive=0
11-11 21:17:00.644 I/auditd ( 2720): type=1400 audit(0.0:1502972818): avc: denied { read } for comm="event_loop" lport=13400 scontext=u:r:hht_ota_mgr:s0 tcontext=u:r:hht_ota_mgr:s0 tclass=udp_socket permissive=0
11-11 21:17:00.644 I/auditd ( 2720): type=1400 audit(0.0:1502972819): avc: denied { read } for comm="event_loop" lport=13400 scontext=u:r:hht_ota_mgr:s0 tcontext=u:r:hht_ota_mgr:s0 tclass=udp_socket permissive=0
11-11 21:17:00.644 I/auditd ( 2720): type=1400 audit(0.0:1502972820): avc: denied { read } for comm="event_loop" lport=13400 scontext=u:r:hht_ota_mgr:s0 tcontext=u:r:hht_ota_mgr:s0 tclass=udp_socket permissive=0
11-11 21:17:00.644 I/auditd ( 2720): type=1400 audit(0.0:1502972821): avc: denied { read } for comm="event_loop" lport=13400 scontext=u:r:hht_ota_mgr:s0 tcontext=u:r:hht_ota_mgr:s0 tclass=udp_socket permissive=0
11-11 21:17:01.644 I/auditd ( 2720): type=1400 audit(0.0:1503231185): avc: denied { read } for comm="event_loop" lport=13400 scontext=u:r:hht_ota_mgr:s0 tcontext=u:r:hht_ota_mgr:s0 tclass=udp_socket permissive=0
11-11 21:17:01.648 I/auditd ( 2720): type=1400 audit(0.0:1503231186): avc: denied { read } for comm="event_loop" lport=13400 scontext=u:r:hht_ota_mgr:s0 tcontext=u:r:hht_ota_mgr:s0 tclass=udp_socket permissive=0
11-11 21:17:01.648 I/auditd ( 2720): type=1400 audit(0.0:1503231187): avc: denied { read } for comm="event_loop" lport=13400 scontext=u:r:hht_ota_mgr:s0 tcontext=u:r:hht_ota_mgr:s0 tclass=udp_socket permissive=0
11-11 21:17:01.648 I/auditd ( 2720): type=1400 audit(0.0:1503231188): avc: denied { read } for comm="event_loop" lport=13400 scontext=u:r:hht_ota_mgr:s0 tcontext=u:r:hht_ota_mgr:s0 tclass=udp_socket permissive=0
11-11 21:17:01.648 I/auditd ( 2720): type=1400 audit(0.0:1503231189): avc: denied { read } for comm="event_loop" lport=13400 scontext=u:r:hht_ota_mgr:s0 tcontext=u:r:hht_ota_mgr:s0 tclass=udp_socket permissive=0
11-11 21:17:02.648 I/auditd ( 2720): type=1400 audit(0.0:1503491297): avc: denied { read } for comm="event_loop" lport=13400 scontext=u:r:hht_ota_mgr:s0 tcontext=u:r:hht_ota_mgr:s0 tclass=udp_socket permissive=0
11-11 21:17:02.652 I/auditd ( 2720): type=1400 audit(0.0:1503491298): avc: denied { read } for comm="event_loop" lport=13400 scontext=u:r:hht_ota_mgr:s0 tcontext=u:r:hht_ota_mgr:s0 tclass=udp_socket permissive=0
11-11 21:17:02.652 I/auditd ( 2720): type=1400 audit(0.0:1503491299): avc: denied { read } for comm="event_loop" lport=13400 scontext=u:r:hht_ota_mgr:s0 tcontext=u:r:hht_ota_mgr:s0 tclass=udp_socket permissive=0
11-11 21:17:02.652 I/auditd ( 2720): type=1400 audit(0.0:1503491300): avc: denied { read } for comm="event_loop" lport=13400 scontext=u:r:hht_ota_mgr:s0 tcontext=u:r:hht_ota_mgr:s0 tclass=udp_socket permissive=0
11-11 21:17:02.652 I/auditd ( 2720): type=1400 audit(0.0:1503491301): avc: denied { read } for comm="event_loop" lport=13400 scontext=u:r:hht_ota_mgr:s0 tcontext=u:r:hht_ota_mgr:s0 tclass=udp_socket permissive=0
11-11 21:17:03.656 I/auditd ( 2720): type=1400 audit(0.0:1503751993): avc: denied { read } for comm="event_loop" lport=13400 scontext=u:r:hht_ota_mgr:s0 tcontext=u:r:hht_ota_mgr:s0 tclass=udp_socket permissive=0
11-11 21:17:03.656 I/auditd ( 2720): type=1400 audit(0.0:1503751994): avc: denied { read } for comm="event_loop" lport=13400 scontext=u:r:hht_ota_mgr:s0 tcontext=u:r:hht_ota_mgr:s0 tclass=udp_socket permissive=0
11-11 21:17:03.656 I/auditd ( 2720): type=1400 audit(0.0:1503751995): avc: denied { read } for comm="event_loop" lport=13400 scontext=u:r:hht_ota_mgr:s0 tcontext=u:r:hht_ota_mgr:s0 tclass=udp_socket permissive=0
11-11 21:17:03.656 I/auditd ( 2720): type=1400 audit(0.0:1503751996): avc: denied { read } for comm="event_loop" lport=13400 scontext=u:r:hht_ota_mgr:s0 tcontext=u:r:hht_ota_mgr:s0 tclass=udp_socket permissive=0
11-11 21:17:03.656 I/auditd ( 2720): type=1400 audit(0.0:1503751997): avc: denied { read } for comm="event_loop" lport=13400 scontext=u:r:hht_ota_mgr:s0 tcontext=u:r:hht_ota_mgr:s0 tclass=udp_socket permissive=0
11-11 21:17:04.656 I/auditd ( 2720): type=1400 audit(0.0:1504015744): avc: denied { read } for comm="event_loop" lport=13400 scontext=u:r:hht_ota_mgr:s0 tcontext=u:r:hht_ota_mgr:s0 tclass=udp_socket permissive=0
11-11 21:17:04.660 I/auditd ( 2720): type=1400 audit(0.0:1504015745): avc: denied { read } for comm="event_loop" lport=13400 scontext=u:r:hht_ota_mgr:s0 tcontext=u:r:hht_ota_mgr:s0 tclass=udp_socket permissive=0
11-11 21:17:04.660 I/auditd ( 2720): type=1400 audit(0.0:1504015746): avc: denied { read } for comm="event_loop" lport=13400 scontext=u:r:hht_ota_mgr:s0 tcontext=u:r:hht_ota_mgr:s0 tclass=udp_socket permissive=0
11-11 21:17:04.660 I/auditd ( 2720): type=1400 audit(0.0:1504015747): avc: denied { read } for comm="event_loop" lport=13400 scontext=u:r:hht_ota_mgr:s0 tcontext=u:r:hht_ota_mgr:s0 tclass=udp_socket permissive=0
11-11 21:17:04.660 I/auditd ( 2720): type=1400 audit(0.0:1504015748): avc: denied { read } for comm="event_loop" lport=13400 scontext=u:r:hht_ota_mgr:s0 tcontext=u:r:hht_ota_mgr:s0 tclass=udp_socket permissive=0
11-11 21:17:05.514 I/am_uid_idle( 1503): 10041
11-11 21:17:05.664 I/auditd ( 2720): type=1400 audit(0.0:1504281116): avc: denied { read } for comm="event_loop" lport=13400 scontext=u:r:hht_ota_mgr:s0 tcontext=u:r:hht_ota_mgr:s0 tclass=udp_socket permissive=0
11-11 21:17:05.664 I/auditd ( 2720): type=1400 audit(0.0:1504281117): avc: denied { read } for comm="event_loop" lport=13400 scontext=u:r:hht_ota_mgr:s0 tcontext=u:r:hht_ota_mgr:s0 tclass=udp_socket permissive=0
11-11 21:17:05.664 I/auditd ( 2720): type=1400 audit(0.0:1504281118): avc: denied { read } for comm="event_loop" lport=13400 scontext=u:r:hht_ota_mgr:s0 tcontext=u:r:hht_ota_mgr:s0 tclass=udp_socket permissive=0
11-11 21:17:05.664 I/auditd ( 2720): type=1400 audit(0.0:1504281119): avc: denied { read } for comm="event_loop" lport=13400 scontext=u:r:hht_ota_mgr:s0 tcontext=u:r:hht_ota_mgr:s0 tclass=udp_socket permissive=0
11-11 21:17:05.664 I/auditd ( 2720): type=1400 audit(0.0:1504281120): avc: denied { read } for comm="event_loop" lport=13400 scontext=u:r:hht_ota_mgr:s0 tcontext=u:r:hht_ota_mgr:s0 tclass=udp_socket permissive=0
11-11 21:17:06.091 I/input_interaction( 1503): Interaction with: e6c46ee com.android.settings/com.android.settings.homepage.SettingsHomepageActivity (server), edge-swipe (server), swipe-up (server), PointerEventDispatcher0 (server),
11-11 21:17:06.117 I/view_enqueue_input_event( 9934): [Motion - Cancel,com.android.settings/com.android.settings.homepage.SettingsHomepageActivity]
11-11 21:17:06.127 I/input_interaction( 1503): Interaction with: edge-swipe (server), swipe-up (server), PointerEventDispatcher0 (server),
11-11 21:17:06.255 I/sysui_multi_action( 1503): [757,803,799,key_back_press,802,1]
11-11 21:17:06.258 I/input_interaction( 1503): Interaction with: e6c46ee com.android.settings/com.android.settings.homepage.SettingsHomepageActivity (server), PointerEventDispatcher0 (server),
11-11 21:17:06.263 I/wm_task_moved( 1503): [32,0,0]
11-11 21:17:06.265 I/wm_focused_root_task( 1503): [0,0,1,32,moveTaskToBackLocked]
11-11 21:17:06.266 I/wm_add_to_stopping( 1503): [0,143108517,com.android.settings/.homepage.SettingsHomepageActivity,makeInvisible]
11-11 21:17:06.267 I/wm_pause_activity( 1503): [0,143108517,com.android.settings/.homepage.SettingsHomepageActivity,userLeaving=false,pauseBackTasks]
11-11 21:17:06.271 I/wm_set_resumed_activity( 1503): [0,com.android.launcher3/.uioverrides.QuickstepLauncher,resumeTopActivityInnerLocked]
11-11 21:17:06.275 I/wm_resume_activity( 1503): [0,158215347,24,com.android.launcher3/.uioverrides.QuickstepLauncher]
11-11 21:17:06.276 I/wm_on_top_resumed_lost_called( 9934): [143108517,com.android.settings.homepage.SettingsHomepageActivity,topStateChangedWhenResumed]
11-11 21:17:06.281 I/sysui_multi_action( 9934): [757,103,758,2,1089,50113]
11-11 21:17:06.282 I/wm_on_restart_called( 2526): [158215347,com.android.launcher3.uioverrides.QuickstepLauncher,performRestartActivity]
11-11 21:17:06.282 I/wm_on_start_called( 2526): [158215347,com.android.launcher3.uioverrides.QuickstepLauncher,handleStartActivity]
11-11 21:17:06.283 I/sysui_multi_action( 9934): [757,35,758,2,1089,50111]
11-11 21:17:06.283 I/wm_on_resume_called( 2526): [158215347,com.android.launcher3.uioverrides.QuickstepLauncher,RESUME_ACTIVITY]
11-11 21:17:06.283 I/wm_on_paused_called( 9934): [143108517,com.android.settings.homepage.SettingsHomepageActivity,performPause]
11-11 21:17:06.283 I/wm_on_top_resumed_gained_called( 2526): [158215347,com.android.launcher3.uioverrides.QuickstepLauncher,topStateChangedWhenResumed]
11-11 21:17:06.286 I/sysui_multi_action( 1503): [757,803,799,window_time_0,802,51]
11-11 21:17:06.294 I/input_focus( 1503): [Focus request 81633e2 com.android.launcher3/com.android.launcher3.uioverrides.QuickstepLauncher,reason=UpdateInputWindows]
11-11 21:17:06.298 I/input_focus( 1503): [Focus leaving e6c46ee com.android.settings/com.android.settings.homepage.SettingsHomepageActivity (server),reason=NO_WINDOW]
11-11 21:17:06.317 I/am_pss ( 1503): [9934,1000,com.android.settings,167950336,153780224,0,302923776,0,2,11]
11-11 21:17:06.324 I/am_pss ( 1503): [9962,10083,com.qualcomm.qti.qccauthmgr,6750208,4304896,0,95117312,0,19,6]
11-11 21:17:06.332 I/am_pss ( 1503): [9762,10041,com.thundercomm.screensaver,33354752,27291648,0,145436672,0,19,7]
11-11 21:17:06.340 I/input_focus( 1503): [Focus entering 81633e2 com.android.launcher3/com.android.launcher3.uioverrides.QuickstepLauncher (server),reason=Window became focusable. Previous reason: NOT_VISIBLE]
11-11 21:17:06.668 I/auditd ( 2720): type=1400 audit(0.0:1504538766): avc: denied { read } for comm="event_loop" lport=13400 scontext=u:r:hht_ota_mgr:s0 tcontext=u:r:hht_ota_mgr:s0 tclass=udp_socket permissive=0
11-11 21:17:06.668 I/auditd ( 2720): type=1400 audit(0.0:1504538767): avc: denied { read } for comm="event_loop" lport=13400 scontext=u:r:hht_ota_mgr:s0 tcontext=u:r:hht_ota_mgr:s0 tclass=udp_socket permissive=0
11-11 21:17:06.668 I/auditd ( 2720): type=1400 audit(0.0:1504538768): avc: denied { read } for comm="event_loop" lport=13400 scontext=u:r:hht_ota_mgr:s0 tcontext=u:r:hht_ota_mgr:s0 tclass=udp_socket permissive=0
11-11 21:17:06.668 I/auditd ( 2720): type=1400 audit(0.0:1504538769): avc: denied { read } for comm="event_loop" lport=13400 scontext=u:r:hht_ota_mgr:s0 tcontext=u:r:hht_ota_mgr:s0 tclass=udp_socket permissive=0
11-11 21:17:06.668 I/auditd ( 2720): type=1400 audit(0.0:1504538770): avc: denied { read } for comm="event_loop" lport=13400 scontext=u:r:hht_ota_mgr:s0 tcontext=u:r:hht_ota_mgr:s0 tclass=udp_socket permissive=0
11-11 21:17:06.692 I/wm_stop_activity( 1503): [0,143108517,com.android.settings/.homepage.SettingsHomepageActivity]
11-11 21:17:06.726 I/wm_on_stop_called( 9934): [143108517,com.android.settings.homepage.SettingsHomepageActivity,STOP_ACTIVITY_ITEM]
11-11 21:17:07.456 I/input_interaction( 1503): Interaction with: 81633e2 com.android.launcher3/com.android.launcher3.uioverrides.QuickstepLauncher (server), 43cbacc com.android.systemui.ImageWallpaper (server), edge-swipe (server), swipe-up (server), PointerEventDispatcher0 (server),
11-11 21:17:07.524 I/view_enqueue_input_event( 2526): [Motion - Cancel,com.android.launcher3/com.android.launcher3.uioverrides.QuickstepLauncher]
11-11 21:17:07.535 I/input_interaction( 1503): Interaction with: edge-swipe (server), swipe-up (server), PointerEventDispatcher0 (server),
11-11 21:17:07.672 I/auditd ( 2720): type=1400 audit(0.0:1504794299): avc: denied { read } for comm="event_loop" lport=13400 scontext=u:r:hht_ota_mgr:s0 tcontext=u:r:hht_ota_mgr:s0 tclass=udp_socket permissive=0
11-11 21:17:07.672 I/auditd ( 2720): type=1400 audit(0.0:1504794300): avc: denied { read } for comm="event_loop" lport=13400 scontext=u:r:hht_ota_mgr:s0 tcontext=u:r:hht_ota_mgr:s0 tclass=udp_socket permissive=0
11-11 21:17:07.672 I/auditd ( 2720): type=1400 audit(0.0:1504794301): avc: denied { read } for comm="event_loop" lport=13400 scontext=u:r:hht_ota_mgr:s0 tcontext=u:r:hht_ota_mgr:s0 tclass=udp_socket permissive=0
11-11 21:17:07.672 I/auditd ( 2720): type=1400 audit(0.0:1504794302): avc: denied { read } for comm="event_loop" lport=13400 scontext=u:r:hht_ota_mgr:s0 tcontext=u:r:hht_ota_mgr:s0 tclass=udp_socket permissive=0
11-11 21:17:07.672 I/auditd ( 2720): type=1400 audit(0.0:1504794303): avc: denied { read } for comm="event_loop" lport=13400 scontext=u:r:hht_ota_mgr:s0 tcontext=u:r:hht_ota_mgr:s0 tclass=udp_socket permissive=0
11-11 21:17:07.695 I/commit_sys_config_file( 1503): [settings-1-0,5]
11-11 21:17:08.101 I/commit_sys_config_file( 1503): [settings-1-0,4]
11-11 21:17:08.494 I/liblog ( 1394): 85
11-11 21:17:08.676 I/auditd ( 2720): type=1400 audit(0.0:1505048306): avc: denied { read } for comm="event_loop" lport=13400 scontext=u:r:hht_ota_mgr:s0 tcontext=u:r:hht_ota_mgr:s0 tclass=udp_socket permissive=0
11-11 21:17:08.676 I/auditd ( 2720): type=1400 audit(0.0:1505048307): avc: denied { read } for comm="event_loop" lport=13400 scontext=u:r:hht_ota_mgr:s0 tcontext=u:r:hht_ota_mgr:s0 tclass=udp_socket permissive=0
11-11 21:17:08.676 I/auditd ( 2720): type=1400 audit(0.0:1505048308): avc: denied { read } for comm="event_loop" lport=13400 scontext=u:r:hht_ota_mgr:s0 tcontext=u:r:hht_ota_mgr:s0 tclass=udp_socket permissive=0
11-11 21:17:08.676 I/auditd ( 2720): type=1400 audit(0.0:1505048309): avc: denied { read } for comm="event_loop" lport=13400 scontext=u:r:hht_ota_mgr:s0 tcontext=u:r:hht_ota_mgr:s0 tclass=udp_socket permissive=0
11-11 21:17:08.676 I/auditd ( 2720): type=1400 audit(0.0:1505048310): avc: denied { read } for comm="event_loop" lport=13400 scontext=u:r:hht_ota_mgr:s0 tcontext=u:r:hht_ota_mgr:s0 tclass=udp_socket permissive=0
11-11 21:17:08.934 I/input_interaction( 1503): Interaction with: 81633e2 com.android.launcher3/com.android.launcher3.uioverrides.QuickstepLauncher (server), 43cbacc com.android.systemui.ImageWallpaper (server), edge-swipe (server), swipe-up (server), PointerEventDispatcher0 (server),
11-11 21:17:09.680 I/auditd ( 2720): type=1400 audit(0.0:1505306249): avc: denied { read } for comm="event_loop" lport=13400 scontext=u:r:hht_ota_mgr:s0 tcontext=u:r:hht_ota_mgr:s0 tclass=udp_socket permissive=0
11-11 21:17:09.680 I/auditd ( 2720): type=1400 audit(0.0:1505306250): avc: denied { read } for comm="event_loop" lport=13400 scontext=u:r:hht_ota_mgr:s0 tcontext=u:r:hht_ota_mgr:s0 tclass=udp_socket permissive=0
11-11 21:17:09.680 I/auditd ( 2720): type=1400 audit(0.0:1505306251): avc: denied { read } for comm="event_loop" lport=13400 scontext=u:r:hht_ota_mgr:s0 tcontext=u:r:hht_ota_mgr:s0 tclass=udp_socket permissive=0
11-11 21:17:09.680 I/auditd ( 2720): type=1400 audit(0.0:1505306252): avc: denied { read } for comm="event_loop" lport=13400 scontext=u:r:hht_ota_mgr:s0 tcontext=u:r:hht_ota_mgr:s0 tclass=udp_socket permissive=0
11-11 21:17:09.680 I/auditd ( 2720): type=1400 audit(0.0:1505306253): avc: denied { read } for comm="event_loop" lport=13400 scontext=u:r:hht_ota_mgr:s0 tcontext=u:r:hht_ota_mgr:s0 tclass=udp_socket permissive=0
11-11 21:17:09.845 I/view_enqueue_input_event( 2526): [Motion - Cancel,com.android.launcher3/com.android.launcher3.uioverrides.QuickstepLauncher]
11-11 21:17:09.847 I/input_interaction( 1503): Interaction with: edge-swipe (server), swipe-up (server), PointerEventDispatcher0 (server),
11-11 21:17:10.037 I/commit_sys_config_file( 1503): [settings-1-0,8]
11-11 21:17:10.386 I/commit_sys_config_file( 1503): [settings-1-0,4]
11-11 21:17:10.684 I/auditd ( 2720): type=1400 audit(0.0:1505561409): avc: denied { read } for comm="event_loop" lport=13400 scontext=u:r:hht_ota_mgr:s0 tcontext=u:r:hht_ota_mgr:s0 tclass=udp_socket permissive=0
11-11 21:17:10.684 I/auditd ( 2720): type=1400 audit(0.0:1505561410): avc: denied { read } for comm="event_loop" lport=13400 scontext=u:r:hht_ota_mgr:s0 tcontext=u:r:hht_ota_mgr:s0 tclass=udp_socket permissive=0
11-11 21:17:10.684 I/auditd ( 2720): type=1400 audit(0.0:1505561411): avc: denied { read } for comm="event_loop" lport=13400 scontext=u:r:hht_ota_mgr:s0 tcontext=u:r:hht_ota_mgr:s0 tclass=udp_socket permissive=0
11-11 21:17:10.684 I/auditd ( 2720): type=1400 audit(0.0:1505561412): avc: denied { read } for comm="event_loop" lport=13400 scontext=u:r:hht_ota_mgr:s0 tcontext=u:r:hht_ota_mgr:s0 tclass=udp_socket permissive=0
11-11 21:17:10.684 I/auditd ( 2720): type=1400 audit(0.0:1505561413): avc: denied { read } for comm="event_loop" lport=13400 scontext=u:r:hht_ota_mgr:s0 tcontext=u:r:hht_ota_mgr:s0 tclass=udp_socket permissive=0
11-11 21:17:11.298 I/input_interaction( 1503): Interaction with: 81633e2 com.android.launcher3/com.android.launcher3.uioverrides.QuickstepLauncher (server), 43cbacc com.android.systemui.ImageWallpaper (server), edge-swipe (server), swipe-up (server), PointerEventDispatcher0 (server),
11-11 21:17:11.688 I/auditd ( 2720): type=1400 audit(0.0:1505820335): avc: denied { read } for comm="event_loop" lport=13400 scontext=u:r:hht_ota_mgr:s0 tcontext=u:r:hht_ota_mgr:s0 tclass=udp_socket permissive=0
11-11 21:17:11.688 I/auditd ( 2720): type=1400 audit(0.0:1505820336): avc: denied { read } for comm="event_loop" lport=13400 scontext=u:r:hht_ota_mgr:s0 tcontext=u:r:hht_ota_mgr:s0 tclass=udp_socket permissive=0
11-11 21:17:11.688 I/auditd ( 2720): type=1400 audit(0.0:1505820337): avc: denied { read } for comm="event_loop" lport=13400 scontext=u:r:hht_ota_mgr:s0 tcontext=u:r:hht_ota_mgr:s0 tclass=udp_socket permissive=0
11-11 21:17:11.688 I/auditd ( 2720): type=1400 audit(0.0:1505820338): avc: denied { read } for comm="event_loop" lport=13400 scontext=u:r:hht_ota_mgr:s0 tcontext=u:r:hht_ota_mgr:s0 tclass=udp_socket permissive=0
11-11 21:17:11.688 I/auditd ( 2720): type=1400 audit(0.0:1505820339): avc: denied { read } for comm="event_loop" lport=13400 scontext=u:r:hht_ota_mgr:s0 tcontext=u:r:hht_ota_mgr:s0 tclass=udp_socket permissive=0
11-11 21:17:12.185 I/view_enqueue_input_event( 2526): [Motion - Cancel,com.android.launcher3/com.android.launcher3.uioverrides.QuickstepLauncher]
11-11 21:17:12.188 I/input_interaction( 1503): Interaction with: edge-swipe (server), swipe-up (server), PointerEventDispatcher0 (server),
11-11 21:17:12.376 I/commit_sys_config_file( 1503): [settings-1-0,7]
11-11 21:17:12.692 I/auditd ( 2720): type=1400 audit(0.0:1506076194): avc: denied { read } for comm="event_loop" lport=13400 scontext=u:r:hht_ota_mgr:s0 tcontext=u:r:hht_ota_mgr:s0 tclass=udp_socket permissive=0
11-11 21:17:12.692 I/auditd ( 2720): type=1400 audit(0.0:1506076195): avc: denied { read } for comm="event_loop" lport=13400 scontext=u:r:hht_ota_mgr:s0 tcontext=u:r:hht_ota_mgr:s0 tclass=udp_socket permissive=0
11-11 21:17:12.692 I/auditd ( 2720): type=1400 audit(0.0:1506076196): avc: denied { read } for comm="event_loop" lport=13400 scontext=u:r:hht_ota_mgr:s0 tcontext=u:r:hht_ota_mgr:s0 tclass=udp_socket permissive=0
11-11 21:17:12.692 I/auditd ( 2720): type=1400 audit(0.0:1506076197): avc: denied { read } for comm="event_loop" lport=13400 scontext=u:r:hht_ota_mgr:s0 tcontext=u:r:hht_ota_mgr:s0 tclass=udp_socket permissive=0
11-11 21:17:12.692 I/auditd ( 2720): type=1400 audit(0.0:1506076198): avc: denied { read } for comm="event_loop" lport=13400 scontext=u:r:hht_ota_mgr:s0 tcontext=u:r:hht_ota_mgr:s0 tclass=udp_socket permissive=0
11-11 21:17:12.697 I/commit_sys_config_file( 1503): [settings-1-0,6]
11-11 21:17:13.073 I/input_interaction( 1503): Interaction with: 81633e2 com.android.launcher3/com.android.launcher3.uioverrides.QuickstepLauncher (server), 43cbacc com.android.systemui.ImageWallpaper (server), edge-swipe (server), swipe-up (server), PointerEventDispatcher0 (server),
11-11 21:17:13.696 I/auditd ( 2720): type=1400 audit(0.0:1506333901): avc: denied { read } for comm="event_loop" lport=13400 scontext=u:r:hht_ota_mgr:s0 tcontext=u:r:hht_ota_mgr:s0 tclass=udp_socket permissive=0
11-11 21:17:13.696 I/auditd ( 2720): type=1400 audit(0.0:1506333902): avc: denied { read } for comm="event_loop" lport=13400 scontext=u:r:hht_ota_mgr:s0 tcontext=u:r:hht_ota_mgr:s0 tclass=udp_socket permissive=0
11-11 21:17:13.696 I/auditd ( 2720): type=1400 audit(0.0:1506333903): avc: denied { read } for comm="event_loop" lport=13400 scontext=u:r:hht_ota_mgr:s0 tcontext=u:r:hht_ota_mgr:s0 tclass=udp_socket permissive=0
11-11 21:17:13.696 I/auditd ( 2720): type=1400 audit(0.0:1506333904): avc: denied { read } for comm="event_loop" lport=13400 scontext=u:r:hht_ota_mgr:s0 tcontext=u:r:hht_ota_mgr:s0 tclass=udp_socket permissive=0
11-11 21:17:13.696 I/auditd ( 2720): type=1400 audit(0.0:1506333905): avc: denied { read } for comm="event_loop" lport=13400 scontext=u:r:hht_ota_mgr:s0 tcontext=u:r:hht_ota_mgr:s0 tclass=udp_socket permissive=0
11-11 21:17:14.696 I/auditd ( 2720): type=1400 audit(0.0:1506592705): avc: denied { read } for comm="event_loop" lport=13400 scontext=u:r:hht_ota_mgr:s0 tcontext=u:r:hht_ota_mgr:s0 tclass=udp_socket permissive=0
11-11 21:17:14.700 I/auditd ( 2720): type=1400 audit(0.0:1506592706): avc: denied { read } for comm="event_loop" lport=13400 scontext=u:r:hht_ota_mgr:s0 tcontext=u:r:hht_ota_mgr:s0 tclass=udp_socket permissive=0
11-11 21:17:14.700 I/auditd ( 2720): type=1400 audit(0.0:1506592707): avc: denied { read } for comm="event_loop" lport=13400 scontext=u:r:hht_ota_mgr:s0 tcontext=u:r:hht_ota_mgr:s0 tclass=udp_socket permissive=0
11-11 21:17:14.700 I/auditd ( 2720): type=1400 audit(0.0:1506592708): avc: denied { read } for comm="event_loop" lport=13400 scontext=u:r:hht_ota_mgr:s0 tcontext=u:r:hht_ota_mgr:s0 tclass=udp_socket permissive=0
11-11 21:17:14.700 I/auditd ( 2720): type=1400 audit(0.0:1506592709): avc: denied { read } for comm="event_loop" lport=13400 scontext=u:r:hht_ota_mgr:s0 tcontext=u:r:hht_ota_mgr:s0 tclass=udp_socket permissive=0
11-11 21:17:15.510 I/view_enqueue_input_event( 2526): [Motion - Cancel,com.android.launcher3/com.android.launcher3.uioverrides.QuickstepLauncher]
11-11 21:17:15.516 I/input_interaction( 1503): Interaction with: edge-swipe (server), swipe-up (server), PointerEventDispatcher0 (server),
11-11 21:17:15.697 I/commit_sys_config_file( 1503): [settings-1-0,4]
11-11 21:17:15.704 I/auditd ( 2720): type=1400 audit(0.0:1506847898): avc: denied { read } for comm="event_loop" lport=13400 scontext=u:r:hht_ota_mgr:s0 tcontext=u:r:hht_ota_mgr:s0 tclass=udp_socket permissive=0
11-11 21:17:15.704 I/auditd ( 2720): type=1400 audit(0.0:1506847899): avc: denied { read } for comm="event_loop" lport=13400 scontext=u:r:hht_ota_mgr:s0 tcontext=u:r:hht_ota_mgr:s0 tclass=udp_socket permissive=0
11-11 21:17:15.704 I/auditd ( 2720): type=1400 audit(0.0:1506847900): avc: denied { read } for comm="event_loop" lport=13400 scontext=u:r:hht_ota_mgr:s0 tcontext=u:r:hht_ota_mgr:s0 tclass=udp_socket permissive=0
11-11 21:17:15.704 I/auditd ( 2720): type=1400 audit(0.0:1506847901): avc: denied { read } for comm="event_loop" lport=13400 scontext=u:r:hht_ota_mgr:s0 tcontext=u:r:hht_ota_mgr:s0 tclass=udp_socket permissive=0
11-11 21:17:15.704 I/auditd ( 2720): type=1400 audit(0.0:1506847902): avc: denied { read } for comm="event_loop" lport=13400 scontext=u:r:hht_ota_mgr:s0 tcontext=u:r:hht_ota_mgr:s0 tclass=udp_socket permissive=0
11-11 21:17:16.089 I/commit_sys_config_file( 1503): [settings-1-0,11]
11-11 21:17:16.538 I/input_interaction( 1503): Interaction with: 81633e2 com.android.launcher3/com.android.launcher3.uioverrides.QuickstepLauncher (server), 43cbacc com.android.systemui.ImageWallpaper (server), edge-swipe (server), swipe-up (server), PointerEventDispatcher0 (server),
11-11 21:17:16.708 I/auditd ( 2720): type=1400 audit(0.0:1507101935): avc: denied { read } for comm="event_loop" lport=13400 scontext=u:r:hht_ota_mgr:s0 tcontext=u:r:hht_ota_mgr:s0 tclass=udp_socket permissive=0
