11-11 21:17:16.708 I/auditd ( 2720): type=1400 audit(0.0:1507101936): avc: denied { read } for comm="event_loop" lport=13400 scontext=u:r:hht_ota_mgr:s0 tcontext=u:r:hht_ota_mgr:s0 tclass=udp_socket permissive=0
11-11 21:17:16.708 I/auditd ( 2720): type=1400 audit(0.0:1507101937): avc: denied { read } for comm="event_loop" lport=13400 scontext=u:r:hht_ota_mgr:s0 tcontext=u:r:hht_ota_mgr:s0 tclass=udp_socket permissive=0
11-11 21:17:16.708 I/auditd ( 2720): type=1400 audit(0.0:1507101938): avc: denied { read } for comm="event_loop" lport=13400 scontext=u:r:hht_ota_mgr:s0 tcontext=u:r:hht_ota_mgr:s0 tclass=udp_socket permissive=0
11-11 21:17:16.708 I/auditd ( 2720): type=1400 audit(0.0:1507101939): avc: denied { read } for comm="event_loop" lport=13400 scontext=u:r:hht_ota_mgr:s0 tcontext=u:r:hht_ota_mgr:s0 tclass=udp_socket permissive=0
11-11 21:17:17.712 I/auditd ( 2720): type=1400 audit(0.0:1507359011): avc: denied { read } for comm="event_loop" lport=13400 scontext=u:r:hht_ota_mgr:s0 tcontext=u:r:hht_ota_mgr:s0 tclass=udp_socket permissive=0
11-11 21:17:17.712 I/auditd ( 2720): type=1400 audit(0.0:1507359012): avc: denied { read } for comm="event_loop" lport=13400 scontext=u:r:hht_ota_mgr:s0 tcontext=u:r:hht_ota_mgr:s0 tclass=udp_socket permissive=0
11-11 21:17:17.712 I/auditd ( 2720): type=1400 audit(0.0:1507359013): avc: denied { read } for comm="event_loop" lport=13400 scontext=u:r:hht_ota_mgr:s0 tcontext=u:r:hht_ota_mgr:s0 tclass=udp_socket permissive=0
11-11 21:17:17.712 I/auditd ( 2720): type=1400 audit(0.0:1507359014): avc: denied { read } for comm="event_loop" lport=13400 scontext=u:r:hht_ota_mgr:s0 tcontext=u:r:hht_ota_mgr:s0 tclass=udp_socket permissive=0
11-11 21:17:17.712 I/auditd ( 2720): type=1400 audit(0.0:1507359015): avc: denied { read } for comm="event_loop" lport=13400 scontext=u:r:hht_ota_mgr:s0 tcontext=u:r:hht_ota_mgr:s0 tclass=udp_socket permissive=0
11-11 21:17:18.303 I/sysui_multi_action( 1503): [757,127,758,1]
11-11 21:17:18.304 I/sysui_multi_action( 1503): [757,804,799,note_load,801,2,802,1]
11-11 21:17:18.304 I/notification_panel_revealed( 1503): 2
11-11 21:17:18.313 I/input_focus( 1503): [Focus request 90f6769 NotificationShade,reason=UpdateInputWindows]
11-11 21:17:18.323 I/sysui_multi_action( 1503): [757,128,758,1,793,1518061243,794,0,795,1518061243,796,26,798,0,806,android,857,DEVELOPER_IMPORTANT,858,4,947,0,1395,2,1500,1518060983,1688,1]
11-11 21:17:18.323 I/sysui_multi_action( 1503): [757,804,799,note_freshness,801,1518061243,802,1]
11-11 21:17:18.323 I/notification_visibility( 1503): [-1|android|26|null|1000,1,1518061243,1518061243,0,0]
11-11 21:17:18.323 I/sysui_multi_action( 1503): [757,128,758,1,793,1518061725,794,0,795,1518061725,796,32,798,1,806,android,857,USB,858,1,947,0,1395,2,1500,1518061401,1688,1]
11-11 21:17:18.323 I/sysui_multi_action( 1503): [757,804,799,note_freshness,801,1518061725,802,1]
11-11 21:17:18.323 I/notification_visibility( 1503): [-1|android|32|null|1000,1,1518061725,1518061725,0,1]
11-11 21:17:18.337 I/input_focus( 1503): [Focus leaving 81633e2 com.android.launcher3/com.android.launcher3.uioverrides.QuickstepLauncher (server),reason=setFocusedWindow]
11-11 21:17:18.338 I/input_focus( 1503): [Focus entering 90f6769 NotificationShade (server),reason=setFocusedWindow]
11-11 21:17:18.339 I/input_interaction( 1503): Interaction with: 81633e2 com.android.launcher3/com.android.launcher3.uioverrides.QuickstepLauncher (server), 43cbacc com.android.systemui.ImageWallpaper (server), 90f6769 NotificationShade (server), edge-swipe (server), swipe-up (server), PointerEventDispatcher0 (server),
11-11 21:17:18.342 I/view_enqueue_input_event( 2526): [Motion - Cancel,com.android.launcher3/com.android.launcher3.uioverrides.QuickstepLauncher]
11-11 21:17:18.351 I/input_interaction( 1503): Interaction with: 43cbacc com.android.systemui.ImageWallpaper (server), 90f6769 NotificationShade (server), edge-swipe (server), swipe-up (server), PointerEventDispatcher0 (server),
11-11 21:17:18.373 I/input_focus( 1503): [Focus request 81633e2 com.android.launcher3/com.android.launcher3.uioverrides.QuickstepLauncher,reason=UpdateInputWindows]
11-11 21:17:18.394 I/input_focus( 1503): [Focus request 90f6769 NotificationShade,reason=UpdateInputWindows]
11-11 21:17:18.405 I/input_focus( 1503): [Focus leaving 90f6769 NotificationShade (server),reason=NOT_FOCUSABLE]
11-11 21:17:18.405 I/input_focus( 1503): [Focus entering 81633e2 com.android.launcher3/com.android.launcher3.uioverrides.QuickstepLauncher (server),reason=setFocusedWindow]
11-11 21:17:18.428 I/input_focus( 1503): [Focus leaving 81633e2 com.android.launcher3/com.android.launcher3.uioverrides.QuickstepLauncher (server),reason=setFocusedWindow]
11-11 21:17:18.428 I/input_focus( 1503): [Focus entering 90f6769 NotificationShade (server),reason=setFocusedWindow]
11-11 21:17:18.434 I/sysui_multi_action( 1982): [757,111,758,1]
11-11 21:17:18.434 I/sysui_multi_action( 1982): [757,126,758,1,759,126,927,0,928,1,1593,0]
11-11 21:17:18.435 I/sysui_multi_action( 1982): [757,113,758,1,759,113,927,1,928,0,1593,0]
11-11 21:17:18.435 I/sysui_multi_action( 1982): [757,0,758,1,759,0,927,2,928,0,1593,0]
11-11 21:17:18.435 I/sysui_multi_action( 1982): [757,0,758,1,759,0,927,3,928,0,1593,0]
11-11 21:17:18.435 I/sysui_multi_action( 1982): [757,491,758,1,759,491,927,4,928,0,1311,-1,1593,0]
11-11 21:17:18.435 I/sysui_multi_action( 1982): [757,0,758,1,759,0,927,5,928,0,1593,0]
11-11 21:17:18.435 I/sysui_multi_action( 1982): [757,111,758,1]
11-11 21:17:18.436 I/sysui_multi_action( 1982): [757,126,758,1,759,126,927,0,928,1,1593,0]
11-11 21:17:18.436 I/sysui_multi_action( 1982): [757,113,758,1,759,113,927,1,928,0,1593,0]
11-11 21:17:18.436 I/sysui_multi_action( 1982): [757,0,758,1,759,0,927,2,928,0,1593,0]
11-11 21:17:18.436 I/sysui_multi_action( 1982): [757,0,758,1,759,0,927,3,928,0,1593,0]
11-11 21:17:18.716 I/auditd ( 2720): type=1400 audit(0.0:1507614940): avc: denied { read } for comm="event_loop" lport=13400 scontext=u:r:hht_ota_mgr:s0 tcontext=u:r:hht_ota_mgr:s0 tclass=udp_socket permissive=0
11-11 21:17:18.716 I/auditd ( 2720): type=1400 audit(0.0:1507614941): avc: denied { read } for comm="event_loop" lport=13400 scontext=u:r:hht_ota_mgr:s0 tcontext=u:r:hht_ota_mgr:s0 tclass=udp_socket permissive=0
11-11 21:17:18.716 I/auditd ( 2720): type=1400 audit(0.0:1507614942): avc: denied { read } for comm="event_loop" lport=13400 scontext=u:r:hht_ota_mgr:s0 tcontext=u:r:hht_ota_mgr:s0 tclass=udp_socket permissive=0
11-11 21:17:18.716 I/auditd ( 2720): type=1400 audit(0.0:1507614943): avc: denied { read } for comm="event_loop" lport=13400 scontext=u:r:hht_ota_mgr:s0 tcontext=u:r:hht_ota_mgr:s0 tclass=udp_socket permissive=0
11-11 21:17:18.716 I/auditd ( 2720): type=1400 audit(0.0:1507614944): avc: denied { read } for comm="event_loop" lport=13400 scontext=u:r:hht_ota_mgr:s0 tcontext=u:r:hht_ota_mgr:s0 tclass=udp_socket permissive=0
11-11 21:17:19.396 I/input_interaction( 1503): Interaction with: 90f6769 NotificationShade (server), edge-swipe (server), swipe-up (server), PointerEventDispatcher0 (server),
11-11 21:17:19.720 I/auditd ( 2720): type=1400 audit(0.0:1507862967): avc: denied { read } for comm="event_loop" lport=13400 scontext=u:r:hht_ota_mgr:s0 tcontext=u:r:hht_ota_mgr:s0 tclass=udp_socket permissive=0
11-11 21:17:19.720 I/auditd ( 2720): type=1400 audit(0.0:1507862968): avc: denied { read } for comm="event_loop" lport=13400 scontext=u:r:hht_ota_mgr:s0 tcontext=u:r:hht_ota_mgr:s0 tclass=udp_socket permissive=0
11-11 21:17:19.720 I/auditd ( 2720): type=1400 audit(0.0:1507862969): avc: denied { read } for comm="event_loop" lport=13400 scontext=u:r:hht_ota_mgr:s0 tcontext=u:r:hht_ota_mgr:s0 tclass=udp_socket permissive=0
11-11 21:17:19.720 I/auditd ( 2720): type=1400 audit(0.0:1507862970): avc: denied { read } for comm="event_loop" lport=13400 scontext=u:r:hht_ota_mgr:s0 tcontext=u:r:hht_ota_mgr:s0 tclass=udp_socket permissive=0
11-11 21:17:19.720 I/auditd ( 2720): type=1400 audit(0.0:1507862971): avc: denied { read } for comm="event_loop" lport=13400 scontext=u:r:hht_ota_mgr:s0 tcontext=u:r:hht_ota_mgr:s0 tclass=udp_socket permissive=0
11-11 21:17:19.874 I/notification_enqueue( 1503): [10078,1982,com.android.systemui,2048,NULL,0,Notification(channel=updateNotification shortcut=null contentView=null vibrate=null sound=null defaults=0x0 flags=0x0 color=0x00000000 vis=PRIVATE),1]
11-11 21:17:19.876 I/sysui_multi_action( 1982): [757,111,758,2]
11-11 21:17:19.876 I/sysui_multi_action( 1982): [757,111,758,2]
11-11 21:17:19.947 I/input_interaction( 1503): Interaction with: 90f6769 NotificationShade (server), 43cbacc com.android.systemui.ImageWallpaper (server), edge-swipe (server), swipe-up (server), PointerEventDispatcher0 (server),
11-11 21:17:20.182 I/input_focus( 1503): [Focus request 81633e2 com.android.launcher3/com.android.launcher3.uioverrides.QuickstepLauncher,reason=UpdateInputWindows]
11-11 21:17:20.188 I/sysui_multi_action( 1503): [757,128,758,2,793,1518063109,794,1866,795,1518063109,796,26,798,0,806,android,857,DEVELOPER_IMPORTANT,858,4,947,0,1395,2,1500,1518062849,1688,1]
11-11 21:17:20.188 I/notification_visibility( 1503): [-1|android|26|null|1000,0,1518063109,1518063109,0,0]
11-11 21:17:20.189 I/sysui_multi_action( 1503): [757,128,758,2,793,1518063590,794,1865,795,1518063590,796,32,798,1,806,android,857,USB,858,1,947,0,1395,2,1500,1518063266,1688,1]
11-11 21:17:20.189 I/notification_visibility( 1503): [-1|android|32|null|1000,0,1518063590,1518063590,0,1]
11-11 21:17:20.189 I/sysui_multi_action( 1503): [757,127,758,2]
11-11 21:17:20.189 I/notification_panel_hidden( 1503):
11-11 21:17:20.208 I/input_focus( 1503): [Focus leaving 90f6769 NotificationShade (server),reason=NO_WINDOW]
11-11 21:17:20.208 I/input_focus( 1503): [Focus entering 81633e2 com.android.launcher3/com.android.launcher3.uioverrides.QuickstepLauncher (server),reason=setFocusedWindow]
11-11 21:17:20.428 I/input_interaction( 1503): Interaction with: 81633e2 com.android.launcher3/com.android.launcher3.uioverrides.QuickstepLauncher (server), 43cbacc com.android.systemui.ImageWallpaper (server), edge-swipe (server), swipe-up (server), PointerEventDispatcher0 (server),
11-11 21:17:20.724 I/auditd ( 2720): type=1400 audit(0.0:1508116893): avc: denied { read } for comm="event_loop" lport=13400 scontext=u:r:hht_ota_mgr:s0 tcontext=u:r:hht_ota_mgr:s0 tclass=udp_socket permissive=0
11-11 21:17:20.724 I/auditd ( 2720): type=1400 audit(0.0:1508116894): avc: denied { read } for comm="event_loop" lport=13400 scontext=u:r:hht_ota_mgr:s0 tcontext=u:r:hht_ota_mgr:s0 tclass=udp_socket permissive=0
11-11 21:17:20.724 I/auditd ( 2720): type=1400 audit(0.0:1508116895): avc: denied { read } for comm="event_loop" lport=13400 scontext=u:r:hht_ota_mgr:s0 tcontext=u:r:hht_ota_mgr:s0 tclass=udp_socket permissive=0
11-11 21:17:20.724 I/auditd ( 2720): type=1400 audit(0.0:1508116896): avc: denied { read } for comm="event_loop" lport=13400 scontext=u:r:hht_ota_mgr:s0 tcontext=u:r:hht_ota_mgr:s0 tclass=udp_socket permissive=0
11-11 21:17:20.724 I/auditd ( 2720): type=1400 audit(0.0:1508116897): avc: denied { read } for comm="event_loop" lport=13400 scontext=u:r:hht_ota_mgr:s0 tcontext=u:r:hht_ota_mgr:s0 tclass=udp_socket permissive=0
11-11 21:17:21.728 I/auditd ( 2720): type=1400 audit(0.0:1508374776): avc: denied { read } for comm="event_loop" lport=13400 scontext=u:r:hht_ota_mgr:s0 tcontext=u:r:hht_ota_mgr:s0 tclass=udp_socket permissive=0
11-11 21:17:21.728 I/auditd ( 2720): type=1400 audit(0.0:1508374777): avc: denied { read } for comm="event_loop" lport=13400 scontext=u:r:hht_ota_mgr:s0 tcontext=u:r:hht_ota_mgr:s0 tclass=udp_socket permissive=0
11-11 21:17:21.728 I/auditd ( 2720): type=1400 audit(0.0:1508374778): avc: denied { read } for comm="event_loop" lport=13400 scontext=u:r:hht_ota_mgr:s0 tcontext=u:r:hht_ota_mgr:s0 tclass=udp_socket permissive=0
11-11 21:17:21.728 I/auditd ( 2720): type=1400 audit(0.0:1508374779): avc: denied { read } for comm="event_loop" lport=13400 scontext=u:r:hht_ota_mgr:s0 tcontext=u:r:hht_ota_mgr:s0 tclass=udp_socket permissive=0
11-11 21:17:21.728 I/auditd ( 2720): type=1400 audit(0.0:1508374780): avc: denied { read } for comm="event_loop" lport=13400 scontext=u:r:hht_ota_mgr:s0 tcontext=u:r:hht_ota_mgr:s0 tclass=udp_socket permissive=0
11-11 21:17:21.755 I/wm_task_created( 1503): [37,-1]
11-11 21:17:21.761 I/wm_task_moved( 1503): [37,1,9]
11-11 21:17:21.761 I/wm_task_to_front( 1503): [0,37]
11-11 21:17:21.762 I/wm_create_task( 1503): [0,37]
11-11 21:17:21.762 I/wm_create_activity( 1503): [0,63301941,37,com.android.documentsui/.LauncherActivity,android.intent.action.MAIN,NULL,NULL,270532608]
11-11 21:17:21.762 I/wm_task_moved( 1503): [37,1,9]
11-11 21:17:21.764 I/wm_pause_activity( 1503): [0,158215347,com.android.launcher3/.uioverrides.QuickstepLauncher,userLeaving=true,pauseBackTasks]
11-11 21:17:21.768 I/wm_on_top_resumed_lost_called( 2526): [158215347,com.android.launcher3.uioverrides.QuickstepLauncher,topStateChangedWhenResumed]
11-11 21:17:21.770 I/am_uid_running( 1503): 10033
11-11 21:17:21.770 I/wm_on_paused_called( 2526): [158215347,com.android.launcher3.uioverrides.QuickstepLauncher,performPause]
11-11 21:17:21.775 I/sysui_multi_action( 1503): [757,803,799,window_time_0,802,15]
11-11 21:17:21.783 I/am_proc_start( 1503): [0,10054,10033,com.android.documentsui,pre-top-activity,{com.android.documentsui/com.android.documentsui.LauncherActivity}]
11-11 21:17:21.806 I/am_proc_bound( 1503): [0,10054,com.android.documentsui]
11-11 21:17:21.809 I/wm_restart_activity( 1503): [0,63301941,37,com.android.documentsui/.LauncherActivity]
11-11 21:17:21.811 I/wm_set_resumed_activity( 1503): [0,com.android.documentsui/.LauncherActivity,minimalResumeActivityLocked]
11-11 21:17:21.812 I/am_uid_active( 1503): 10033
11-11 21:17:21.838 I/am_uid_running( 1503): 10018
11-11 21:17:21.845 I/am_proc_start( 1503): [0,10081,10018,com.android.externalstorage,content provider,{com.android.externalstorage/com.android.externalstorage.ExternalStorageProvider}]
11-11 21:17:21.856 I/am_proc_bound( 1503): [0,10081,com.android.externalstorage]
11-11 21:17:21.857 I/wm_task_created( 1503): [38,-1]
11-11 21:17:21.859 I/wm_task_moved( 1503): [38,1,10]
11-11 21:17:21.859 I/wm_task_to_front( 1503): [0,38]
11-11 21:17:21.859 I/wm_create_task( 1503): [0,38]
11-11 21:17:21.859 I/wm_create_activity( 1503): [0,39646156,38,com.android.documentsui/.files.FilesActivity,NULL,NULL,//com.android.documentsui.launchControl,271056896]
11-11 21:17:21.859 I/wm_task_moved( 1503): [38,1,10]
11-11 21:17:21.860 I/service_manager_stats( 1503): [100,48,72071]
11-11 21:17:21.860 I/wm_pause_activity( 1503): [0,63301941,com.android.documentsui/.LauncherActivity,userLeaving=true,pauseBackTasks]
11-11 21:17:21.862 I/wm_finish_activity( 1503): [0,63301941,37,com.android.documentsui/.LauncherActivity,app-request]
11-11 21:17:21.862 I/wm_on_create_called(10054): [63301941,com.android.documentsui.LauncherActivity,performCreate]
11-11 21:17:21.866 I/wm_add_to_stopping( 1503): [0,63301941,com.android.documentsui/.LauncherActivity,completeFinishing]
11-11 21:17:21.867 I/wm_add_to_stopping( 1503): [0,158215347,com.android.launcher3/.uioverrides.QuickstepLauncher,makeInvisible]
11-11 21:17:21.868 I/wm_restart_activity( 1503): [0,39646156,38,com.android.documentsui/.files.FilesActivity]
11-11 21:17:21.868 I/wm_set_resumed_activity( 1503): [0,com.android.documentsui/.files.FilesActivity,minimalResumeActivityLocked]
11-11 21:17:21.870 I/wm_destroy_activity( 1503): [0,63301941,37,com.android.documentsui/.LauncherActivity,finish-imm:idle]
11-11 21:17:21.871 I/am_uid_active( 1503): 10018
11-11 21:17:21.874 I/sysui_multi_action( 1503): [757,803,799,window_time_0,802,0]
11-11 21:17:21.893 I/input_focus( 1503): [Focus leaving 81633e2 com.android.launcher3/com.android.launcher3.uioverrides.QuickstepLauncher (server),reason=NO_WINDOW]
11-11 21:17:21.898 I/am_uid_running( 1503): 10023
11-11 21:17:21.912 I/am_proc_start( 1503): [0,10119,10023,android.process.media,content provider,{com.android.mtp/com.android.mtp.MtpDocumentsProvider}]
11-11 21:17:21.924 I/am_proc_bound( 1503): [0,10119,android.process.media]
11-11 21:17:21.926 I/am_uid_active( 1503): 10023
11-11 21:17:21.927 I/wm_on_create_called(10054): [39646156,com.android.documentsui.files.FilesActivity,performCreate]
11-11 21:17:21.930 I/wm_on_start_called(10054): [39646156,com.android.documentsui.files.FilesActivity,handleStartActivity]
11-11 21:17:21.967 I/am_uid_running( 1503): 10031
11-11 21:17:21.973 I/am_proc_start( 1503): [0,10137,10031,com.android.traceur,content provider,{com.android.traceur/com.android.traceur.StorageProvider}]
11-11 21:17:21.981 I/am_proc_bound( 1503): [0,10137,com.android.traceur]
11-11 21:17:21.983 I/am_uid_active( 1503): 10031
11-11 21:17:21.999 I/am_uid_active( 1503): 2000
11-11 21:17:22.002 I/wm_on_resume_called(10054): [39646156,com.android.documentsui.files.FilesActivity,RESUME_ACTIVITY]
11-11 21:17:22.008 I/wm_on_top_resumed_gained_called(10054): [39646156,com.android.documentsui.files.FilesActivity,topStateChangedWhenResumed]
11-11 21:17:22.009 I/wm_on_destroy_called(10054): [63301941,com.android.documentsui.LauncherActivity,performDestroy]
11-11 21:17:22.009 I/wm_task_removed( 1503): [37,removeChild:removeChild last r=ActivityRecord{3c5e935 u0 com.android.documentsui/.LauncherActivity t-1 f}} in t=Task{a4b80b8 #37 type=standard A=10033:com.android.documentsui U=0 visible=false mode=fullscreen translucent=true sz=0}]
11-11 21:17:22.009 I/wm_task_removed( 1503): [37,removeChild]
11-11 21:17:22.020 I/input_focus( 1503): [Focus request 30e672e com.android.documentsui/com.android.documentsui.files.FilesActivity,reason=UpdateInputWindows]
11-11 21:17:22.052 I/sysui_multi_action( 1503): [319,136,321,133,322,300,325,6498,757,761,758,7,759,1,806,com.android.documentsui,871,com.android.documentsui.files.FilesActivity,904,com.android.documentsui,905,0,945,59,1320,4,1321,1]
11-11 21:17:22.055 I/wm_activity_launch_time( 1503): [0,39646156,com.android.documentsui/.files.FilesActivity,300]
11-11 21:17:22.060 I/input_focus( 1503): [Focus entering 30e672e com.android.documentsui/com.android.documentsui.files.FilesActivity (server),reason=Window became focusable. Previous reason: NOT_VISIBLE]
11-11 21:17:22.174 I/am_uid_idle( 1503): 10083
11-11 21:17:22.412 I/wm_stop_activity( 1503): [0,158215347,com.android.launcher3/.uioverrides.QuickstepLauncher]
11-11 21:17:22.428 I/wm_on_stop_called( 2526): [158215347,com.android.launcher3.uioverrides.QuickstepLauncher,STOP_ACTIVITY_ITEM]
11-11 21:17:22.732 I/auditd ( 2720): type=1400 audit(0.0:1508597820): avc: denied { read } for comm="event_loop" lport=13400 scontext=u:r:hht_ota_mgr:s0 tcontext=u:r:hht_ota_mgr:s0 tclass=udp_socket permissive=0
11-11 21:17:22.732 I/auditd ( 2720): type=1400 audit(0.0:1508597821): avc: denied { read } for comm="event_loop" lport=13400 scontext=u:r:hht_ota_mgr:s0 tcontext=u:r:hht_ota_mgr:s0 tclass=udp_socket permissive=0
11-11 21:17:22.732 I/auditd ( 2720): type=1400 audit(0.0:1508597822): avc: denied { read } for comm="event_loop" lport=13400 scontext=u:r:hht_ota_mgr:s0 tcontext=u:r:hht_ota_mgr:s0 tclass=udp_socket permissive=0
11-11 21:17:22.732 I/auditd ( 2720): type=1400 audit(0.0:1508597823): avc: denied { read } for comm="event_loop" lport=13400 scontext=u:r:hht_ota_mgr:s0 tcontext=u:r:hht_ota_mgr:s0 tclass=udp_socket permissive=0
11-11 21:17:22.732 I/auditd ( 2720): type=1400 audit(0.0:1508597824): avc: denied { read } for comm="event_loop" lport=13400 scontext=u:r:hht_ota_mgr:s0 tcontext=u:r:hht_ota_mgr:s0 tclass=udp_socket permissive=0
11-11 21:17:23.112 I/input_interaction( 1503): Interaction with: 30e672e com.android.documentsui/com.android.documentsui.files.FilesActivity (server), edge-swipe (server), swipe-up (server), PointerEventDispatcher0 (server),
11-11 21:17:23.138 I/view_enqueue_input_event(10054): [Motion - Cancel,com.android.documentsui/com.android.documentsui.files.FilesActivity]
11-11 21:17:23.152 I/input_interaction( 1503): Interaction with: edge-swipe (server), swipe-up (server), PointerEventDispatcher0 (server),
11-11 21:17:23.276 I/sysui_multi_action( 1503): [757,803,799,key_back_press,802,1]
11-11 21:17:23.278 I/input_interaction( 1503): Interaction with: 30e672e com.android.documentsui/com.android.documentsui.files.FilesActivity (server), PointerEventDispatcher0 (server),
11-11 21:17:23.280 I/wm_finish_activity( 1503): [0,39646156,38,com.android.documentsui/.files.FilesActivity,app-request]
11-11 21:17:23.280 I/wm_task_moved( 1503): [1,1,9]
11-11 21:17:23.280 I/wm_task_moved( 1503): [24,1,2147483647]
11-11 21:17:23.280 I/wm_task_to_front( 1503): [0,24]
11-11 21:17:23.280 I/wm_focused_root_task( 1503): [0,0,1,38,finish-top adjustFocusToNextFocusableTask]
11-11 21:17:23.280 I/wm_set_resumed_activity( 1503): [0,com.android.launcher3/.uioverrides.QuickstepLauncher,finish-top adjustFocusToNextFocusableTask]
11-11 21:17:23.288 I/wm_pause_activity( 1503): [0,39646156,com.android.documentsui/.files.FilesActivity,userLeaving=false,finish]
11-11 21:17:23.289 I/wm_on_top_resumed_lost_called(10054): [39646156,com.android.documentsui.files.FilesActivity,topStateChangedWhenResumed]
11-11 21:17:23.290 I/wm_on_paused_called(10054): [39646156,com.android.documentsui.files.FilesActivity,performPause]
11-11 21:17:23.290 I/wm_add_to_stopping( 1503): [0,39646156,com.android.documentsui/.files.FilesActivity,completeFinishing]
11-11 21:17:23.291 I/wm_set_resumed_activity( 1503): [0,com.android.launcher3/.uioverrides.QuickstepLauncher,resumeTopActivityInnerLocked]
11-11 21:17:23.293 I/wm_resume_activity( 1503): [0,158215347,24,com.android.launcher3/.uioverrides.QuickstepLauncher]
11-11 21:17:23.294 I/wm_on_restart_called( 2526): [158215347,com.android.launcher3.uioverrides.QuickstepLauncher,performRestartActivity]
11-11 21:17:23.294 I/wm_on_start_called( 2526): [158215347,com.android.launcher3.uioverrides.QuickstepLauncher,handleStartActivity]
11-11 21:17:23.294 I/wm_on_resume_called( 2526): [158215347,com.android.launcher3.uioverrides.QuickstepLauncher,RESUME_ACTIVITY]
11-11 21:17:23.294 I/wm_on_top_resumed_gained_called( 2526): [158215347,com.android.launcher3.uioverrides.QuickstepLauncher,topWhenResuming]
11-11 21:17:23.298 I/sysui_multi_action( 1503): [757,803,799,window_time_0,802,2]
11-11 21:17:23.300 I/input_focus( 1503): [Focus leaving 30e672e com.android.documentsui/com.android.documentsui.files.FilesActivity (server),reason=NO_WINDOW]
11-11 21:17:23.311 I/am_pss ( 1503): [8966,1000,com.qti.diagservices,6081536,3817472,0,94003200,0,10,6]
11-11 21:17:23.316 I/input_focus( 1503): [Focus request 81633e2 com.android.launcher3/com.android.launcher3.uioverrides.QuickstepLauncher,reason=UpdateInputWindows]
11-11 21:17:23.346 I/input_focus( 1503): [Focus entering 81633e2 com.android.launcher3/com.android.launcher3.uioverrides.QuickstepLauncher (server),reason=Window became focusable. Previous reason: NOT_VISIBLE]
11-11 21:17:23.702 I/wm_destroy_activity( 1503): [0,39646156,38,com.android.documentsui/.files.FilesActivity,finish-imm:idle]
11-11 21:17:23.719 I/wm_on_stop_called(10054): [39646156,com.android.documentsui.files.FilesActivity,LIFECYCLER_STOP_ACTIVITY]
11-11 21:17:23.724 I/wm_on_destroy_called(10054): [39646156,com.android.documentsui.files.FilesActivity,performDestroy]
11-11 21:17:23.726 I/wm_task_removed( 1503): [38,removeChild:removeChild last r=ActivityRecord{25cf3cc u0 com.android.documentsui/.files.FilesActivity t-1 f}} in t=Task{ac549f7 #38 type=standard A=10033:com.android.documentsui U=0 visible=false mode=fullscreen translucent=true sz=0}]
11-11 21:17:23.726 I/wm_task_removed( 1503): [38,removeChild]
11-11 21:17:23.736 I/auditd ( 2720): type=1400 audit(0.0:1508830250): avc: denied { read } for comm="event_loop" lport=13400 scontext=u:r:hht_ota_mgr:s0 tcontext=u:r:hht_ota_mgr:s0 tclass=udp_socket permissive=0
11-11 21:17:23.736 I/auditd ( 2720): type=1400 audit(0.0:1508830251): avc: denied { read } for comm="event_loop" lport=13400 scontext=u:r:hht_ota_mgr:s0 tcontext=u:r:hht_ota_mgr:s0 tclass=udp_socket permissive=0
11-11 21:17:23.736 I/auditd ( 2720): type=1400 audit(0.0:1508830252): avc: denied { read } for comm="event_loop" lport=13400 scontext=u:r:hht_ota_mgr:s0 tcontext=u:r:hht_ota_mgr:s0 tclass=udp_socket permissive=0
11-11 21:17:23.736 I/auditd ( 2720): type=1400 audit(0.0:1508830253): avc: denied { read } for comm="event_loop" lport=13400 scontext=u:r:hht_ota_mgr:s0 tcontext=u:r:hht_ota_mgr:s0 tclass=udp_socket permissive=0
11-11 21:17:23.736 I/auditd ( 2720): type=1400 audit(0.0:1508830254): avc: denied { read } for comm="event_loop" lport=13400 scontext=u:r:hht_ota_mgr:s0 tcontext=u:r:hht_ota_mgr:s0 tclass=udp_socket permissive=0
11-11 21:17:24.260 I/input_interaction( 1503): Interaction with: 81633e2 com.android.launcher3/com.android.launcher3.uioverrides.QuickstepLauncher (server), 43cbacc com.android.systemui.ImageWallpaper (server), edge-swipe (server), swipe-up (server), PointerEventDispatcher0 (server),
11-11 21:17:24.339 I/view_enqueue_input_event( 2526): [Motion - Cancel,com.android.launcher3/com.android.launcher3.uioverrides.QuickstepLauncher]
11-11 21:17:24.350 I/input_interaction( 1503): Interaction with: edge-swipe (server), swipe-up (server), PointerEventDispatcher0 (server),
11-11 21:17:24.502 I/commit_sys_config_file( 1503): [settings-1-0,4]
11-11 21:17:24.740 I/auditd ( 2720): type=1400 audit(0.0:1509069311): avc: denied { read } for comm="event_loop" lport=13400 scontext=u:r:hht_ota_mgr:s0 tcontext=u:r:hht_ota_mgr:s0 tclass=udp_socket permissive=0
11-11 21:17:24.740 I/auditd ( 2720): type=1400 audit(0.0:1509069312): avc: denied { read } for comm="event_loop" lport=13400 scontext=u:r:hht_ota_mgr:s0 tcontext=u:r:hht_ota_mgr:s0 tclass=udp_socket permissive=0
11-11 21:17:24.740 I/auditd ( 2720): type=1400 audit(0.0:1509069313): avc: denied { read } for comm="event_loop" lport=13400 scontext=u:r:hht_ota_mgr:s0 tcontext=u:r:hht_ota_mgr:s0 tclass=udp_socket permissive=0
11-11 21:17:24.740 I/auditd ( 2720): type=1400 audit(0.0:1509069314): avc: denied { read } for comm="event_loop" lport=13400 scontext=u:r:hht_ota_mgr:s0 tcontext=u:r:hht_ota_mgr:s0 tclass=udp_socket permissive=0
11-11 21:17:24.740 I/auditd ( 2720): type=1400 audit(0.0:1509069315): avc: denied { read } for comm="event_loop" lport=13400 scontext=u:r:hht_ota_mgr:s0 tcontext=u:r:hht_ota_mgr:s0 tclass=udp_socket permissive=0
11-11 21:17:24.901 I/commit_sys_config_file( 1503): [settings-1-0,3]
11-11 21:17:25.740 I/auditd ( 2720): type=1400 audit(0.0:1509316680): avc: denied { read } for comm="event_loop" lport=13400 scontext=u:r:hht_ota_mgr:s0 tcontext=u:r:hht_ota_mgr:s0 tclass=udp_socket permissive=0
11-11 21:17:25.744 I/auditd ( 2720): type=1400 audit(0.0:1509316681): avc: denied { read } for comm="event_loop" lport=13400 scontext=u:r:hht_ota_mgr:s0 tcontext=u:r:hht_ota_mgr:s0 tclass=udp_socket permissive=0
11-11 21:17:25.744 I/auditd ( 2720): type=1400 audit(0.0:1509316682): avc: denied { read } for comm="event_loop" lport=13400 scontext=u:r:hht_ota_mgr:s0 tcontext=u:r:hht_ota_mgr:s0 tclass=udp_socket permissive=0
11-11 21:17:25.744 I/auditd ( 2720): type=1400 audit(0.0:1509316683): avc: denied { read } for comm="event_loop" lport=13400 scontext=u:r:hht_ota_mgr:s0 tcontext=u:r:hht_ota_mgr:s0 tclass=udp_socket permissive=0
11-11 21:17:25.744 I/auditd ( 2720): type=1400 audit(0.0:1509316684): avc: denied { read } for comm="event_loop" lport=13400 scontext=u:r:hht_ota_mgr:s0 tcontext=u:r:hht_ota_mgr:s0 tclass=udp_socket permissive=0
11-11 21:17:26.524 I/input_interaction( 1503): Interaction with: 81633e2 com.android.launcher3/com.android.launcher3.uioverrides.QuickstepLauncher (server), 43cbacc com.android.systemui.ImageWallpaper (server), edge-swipe (server), swipe-up (server), PointerEventDispatcher0 (server),
11-11 21:17:26.744 I/auditd ( 2720): type=1400 audit(0.0:1509572562): avc: denied { read } for comm="event_loop" lport=13400 scontext=u:r:hht_ota_mgr:s0 tcontext=u:r:hht_ota_mgr:s0 tclass=udp_socket permissive=0
11-11 21:17:26.748 I/auditd ( 2720): type=1400 audit(0.0:1509572563): avc: denied { read } for comm="event_loop" lport=13400 scontext=u:r:hht_ota_mgr:s0 tcontext=u:r:hht_ota_mgr:s0 tclass=udp_socket permissive=0
11-11 21:17:26.748 I/auditd ( 2720): type=1400 audit(0.0:1509572564): avc: denied { read } for comm="event_loop" lport=13400 scontext=u:r:hht_ota_mgr:s0 tcontext=u:r:hht_ota_mgr:s0 tclass=udp_socket permissive=0
11-11 21:17:26.748 I/auditd ( 2720): type=1400 audit(0.0:1509572565): avc: denied { read } for comm="event_loop" lport=13400 scontext=u:r:hht_ota_mgr:s0 tcontext=u:r:hht_ota_mgr:s0 tclass=udp_socket permissive=0
11-11 21:17:26.748 I/auditd ( 2720): type=1400 audit(0.0:1509572566): avc: denied { read } for comm="event_loop" lport=13400 scontext=u:r:hht_ota_mgr:s0 tcontext=u:r:hht_ota_mgr:s0 tclass=udp_socket permissive=0
11-11 21:17:27.054 I/wm_finish_activity( 1503): [0,144728070,26,com.android.music/.MusicBrowserActivity,recent-task-trimmed]
11-11 21:17:27.056 I/wm_destroy_activity( 1503): [0,144728070,26,com.android.music/.MusicBrowserActivity,finish-imm:finishIfPossible]
11-11 21:17:27.057 I/wm_task_removed( 1503): [26,removeChild:removeChild last r=ActivityRecord{8a06006 u0 com.android.music/.MusicBrowserActivity t-1 f}} in t=Task{89dbea8 #26 type=standard A=10085:android.task.music U=0 visible=false mode=fullscreen translucent=true sz=0}]
11-11 21:17:27.058 I/wm_task_removed( 1503): [26,removeChild]
11-11 21:17:27.064 I/wm_finish_activity( 1503): [0,30750722,31,com.tencent.qqmusicpad/.activity.newplayeractivity.ui.PlayerActivityNew,recent-task-trimmed]
11-11 21:17:27.066 I/wm_destroy_activity( 1503): [0,30750722,31,com.tencent.qqmusicpad/.activity.newplayeractivity.ui.PlayerActivityNew,finish-imm:finishIfPossible]
11-11 21:17:27.068 I/wm_finish_activity( 1503): [0,25175483,31,com.tencent.qqmusicpad/.activity.MainActivity,recent-task-trimmed]
11-11 21:17:27.070 I/wm_destroy_activity( 1503): [0,25175483,31,com.tencent.qqmusicpad/.activity.MainActivity,finish-imm:finishIfPossible]
11-11 21:17:27.071 I/wm_finish_activity( 1503): [0,143108517,32,com.android.settings/.homepage.SettingsHomepageActivity,recent-task-trimmed]
11-11 21:17:27.071 I/wm_destroy_activity( 1503): [0,143108517,32,com.android.settings/.homepage.SettingsHomepageActivity,finish-imm:finishIfPossible]
11-11 21:17:27.072 I/wm_on_destroy_called( 4392): [30750722,com.tencent.qqmusicpad.activity.newplayeractivity.ui.PlayerActivityNew,performDestroy]
11-11 21:17:27.077 I/sysui_multi_action( 1503): [757,803,799,window_time_0,802,3]
11-11 21:17:27.080 I/wm_on_destroy_called( 9934): [143108517,com.android.settings.homepage.SettingsHomepageActivity,performDestroy]
11-11 21:17:27.084 I/sysui_multi_action( 1503): [757,803,799,window_time_0,802,0]
11-11 21:17:27.092 I/am_kill ( 1503): [0,9934,com.android.settings,905,remove task]
11-11 21:17:27.098 I/sysui_multi_action( 1503): [757,803,799,window_time_0,802,0]
11-11 21:17:27.100 I/wm_task_removed( 1503): [32,removeChild:removeChild last r=ActivityRecord{887a9a5 u0 com.android.settings/.homepage.SettingsHomepageActivity t-1 f}} in t=Task{5796b46 #32 type=standard A=1000:com.android.settings.root U=0 visible=false mode=fullscreen translucent=true sz=0}]
11-11 21:17:27.100 I/wm_task_removed( 1503): [32,removeChild]
11-11 21:17:27.118 I/wm_on_destroy_called( 4392): [25175483,com.tencent.qqmusicpad.activity.MainActivity,performDestroy]
11-11 21:17:27.119 I/am_pss ( 1503): [9934,1000,com.android.settings,393216,393216,0,393216,0,19,0]
11-11 21:17:27.129 I/wm_task_removed( 1503): [31,removeChild:removeChild last r=ActivityRecord{18025bb u0 com.tencent.qqmusicpad/.activity.MainActivity t-1 f}} in t=Task{8a6ee4 #31 type=standard A=10093:com.tencent.qqmusicpad U=0 visible=false mode=fullscreen translucent=true sz=0}]
11-11 21:17:27.129 I/wm_task_removed( 1503): [31,removeChild]
11-11 21:17:27.143 I/sysui_multi_action( 1503): [757,128,758,5,759,8,793,1517482558,794,0,795,888955,796,1,806,com.tencent.qqmusicpad,857,channel_notification_player,858,2,947,0,1500,888955,1688,1]
11-11 21:17:27.143 I/notification_canceled( 1503): [0|com.tencent.qqmusicpad|1|null|10093,8,1517482558,888955,0,-1,-1,NULL]
11-11 21:17:27.180 I/am_proc_died( 1503): [0,9934,com.android.settings,905,19]
11-11 21:17:27.194 I/am_pss ( 1503): [9962,10083,com.qualcomm.qti.qccauthmgr,6552576,4304896,0,95117312,0,19,5]
11-11 21:17:27.196 I/am_proc_start( 1503): [0,10209,1000,com.android.settings,NULL,]
11-11 21:17:27.202 I/am_pss ( 1503): [9762,10041,com.thundercomm.screensaver,33185792,27303936,0,145448960,0,19,7]
11-11 21:17:27.224 I/am_proc_bound( 1503): [0,10209,com.android.settings]
11-11 21:17:27.669 I/am_proc_died( 1503): [0,4918,com.tencent.qqmusicpad:QQPlayerService,925,19]
11-11 21:17:27.752 I/auditd ( 2720): type=1400 audit(0.0:1509826557): avc: denied { read } for comm="event_loop" lport=13400 scontext=u:r:hht_ota_mgr:s0 tcontext=u:r:hht_ota_mgr:s0 tclass=udp_socket permissive=0
11-11 21:17:27.752 I/auditd ( 2720): type=1400 audit(0.0:1509826558): avc: denied { read } for comm="event_loop" lport=13400 scontext=u:r:hht_ota_mgr:s0 tcontext=u:r:hht_ota_mgr:s0 tclass=udp_socket permissive=0
11-11 21:17:27.752 I/auditd ( 2720): type=1400 audit(0.0:1509826559): avc: denied { read } for comm="event_loop" lport=13400 scontext=u:r:hht_ota_mgr:s0 tcontext=u:r:hht_ota_mgr:s0 tclass=udp_socket permissive=0
11-11 21:17:27.752 I/auditd ( 2720): type=1400 audit(0.0:1509826560): avc: denied { read } for comm="event_loop" lport=13400 scontext=u:r:hht_ota_mgr:s0 tcontext=u:r:hht_ota_mgr:s0 tclass=udp_socket permissive=0
11-11 21:17:27.752 I/auditd ( 2720): type=1400 audit(0.0:1509826561): avc: denied { read } for comm="event_loop" lport=13400 scontext=u:r:hht_ota_mgr:s0 tcontext=u:r:hht_ota_mgr:s0 tclass=udp_socket permissive=0
11-11 21:17:27.762 I/am_proc_died( 1503): [0,4392,com.tencent.qqmusicpad,0,10]
11-11 21:17:27.763 I/am_schedule_service_restart( 1503): [0,com.tencent.qqmusicpad/.business.lockscreen.LockScreenService,1000]
11-11 21:17:27.763 I/am_schedule_service_restart( 1503): [0,com.tencent.qqmusicpad/com.tencent.wns.service.WnsMain,11000]
11-11 21:17:27.764 I/am_uid_stopped( 1503): 10093
11-11 21:17:28.756 I/auditd ( 2720): type=1400 audit(0.0:1510080464): avc: denied { read } for comm="event_loop" lport=13400 scontext=u:r:hht_ota_mgr:s0 tcontext=u:r:hht_ota_mgr:s0 tclass=udp_socket permissive=0
11-11 21:17:28.756 I/auditd ( 2720): type=1400 audit(0.0:1510080465): avc: denied { read } for comm="event_loop" lport=13400 scontext=u:r:hht_ota_mgr:s0 tcontext=u:r:hht_ota_mgr:s0 tclass=udp_socket permissive=0
11-11 21:17:28.756 I/auditd ( 2720): type=1400 audit(0.0:1510080466): avc: denied { read } for comm="event_loop" lport=13400 scontext=u:r:hht_ota_mgr:s0 tcontext=u:r:hht_ota_mgr:s0 tclass=udp_socket permissive=0
11-11 21:17:28.756 I/auditd ( 2720): type=1400 audit(0.0:1510080467): avc: denied { read } for comm="event_loop" lport=13400 scontext=u:r:hht_ota_mgr:s0 tcontext=u:r:hht_ota_mgr:s0 tclass=udp_socket permissive=0
11-11 21:17:28.756 I/auditd ( 2720): type=1400 audit(0.0:1510080468): avc: denied { read } for comm="event_loop" lport=13400 scontext=u:r:hht_ota_mgr:s0 tcontext=u:r:hht_ota_mgr:s0 tclass=udp_socket permissive=0
11-11 21:17:28.764 I/am_uid_running( 1503): 10093
11-11 21:17:28.771 I/am_proc_start( 1503): [0,10233,10093,com.tencent.qqmusicpad,service,{com.tencent.qqmusicpad/com.tencent.qqmusicpad.business.lockscreen.LockScreenService}]
11-11 21:17:28.798 I/am_proc_bound( 1503): [0,10233,com.tencent.qqmusicpad]
11-11 21:17:28.802 I/am_stop_idle_service( 1503): [10093,com.tencent.qqmusicpad/.business.lockscreen.LockScreenService]
11-11 21:17:28.802 I/am_stop_idle_service( 1503): [10093,com.tencent.qqmusicpad/com.tencent.wns.service.WnsMain]
11-11 21:17:29.717 I/am_wtf ( 1503): [0,1503,system_server,-1,ActivityManager,Background started FGS: Disallowed [callingPackage: com.tencent.qqmusicpad; callingUid: 10093; uidState: SVC ; intent: Intent { cmp=com.tencent.qqmusicpad/com.tencent.qqmusic.innovation.network.service.NetworkService }; code:DENIED; tempAllowListReason:; targetSdkVersion:28; callerTargetSdkVersion:28; startForegroundCount:0; bindFromPackage:null]]
11-11 21:17:29.719 I/am_uid_active( 1503): 10093
11-11 21:17:29.760 I/auditd ( 2720): type=1400 audit(0.0:1510335043): avc: denied { read } for comm="event_loop" lport=13400 scontext=u:r:hht_ota_mgr:s0 tcontext=u:r:hht_ota_mgr:s0 tclass=udp_socket permissive=0
11-11 21:17:29.760 I/auditd ( 2720): type=1400 audit(0.0:1510335044): avc: denied { read } for comm="event_loop" lport=13400 scontext=u:r:hht_ota_mgr:s0 tcontext=u:r:hht_ota_mgr:s0 tclass=udp_socket permissive=0
11-11 21:17:29.760 I/auditd ( 2720): type=1400 audit(0.0:1510335045): avc: denied { read } for comm="event_loop" lport=13400 scontext=u:r:hht_ota_mgr:s0 tcontext=u:r:hht_ota_mgr:s0 tclass=udp_socket permissive=0
11-11 21:17:29.760 I/auditd ( 2720): type=1400 audit(0.0:1510335046): avc: denied { read } for comm="event_loop" lport=13400 scontext=u:r:hht_ota_mgr:s0 tcontext=u:r:hht_ota_mgr:s0 tclass=udp_socket permissive=0
11-11 21:17:29.760 I/auditd ( 2720): type=1400 audit(0.0:1510335047): avc: denied { read } for comm="event_loop" lport=13400 scontext=u:r:hht_ota_mgr:s0 tcontext=u:r:hht_ota_mgr:s0 tclass=udp_socket permissive=0
11-11 21:17:29.814 I/am_proc_start( 1503): [0,10353,10093,com.tencent.qqmusicpad:QQPlayerService,service,{com.tencent.qqmusicpad/com.tencent.qqmusicplayerprocess.service.QQPlayerServiceNew}]
11-11 21:17:29.839 I/am_proc_bound( 1503): [0,10353,com.tencent.qqmusicpad:QQPlayerService]
11-11 21:17:29.853 I/notification_enqueue( 1503): [10093,10233,com.tencent.qqmusicpad,1,NULL,0,Notification(channel=NetworkService_1 shortcut=null contentView=null vibrate=null sound=null defaults=0x0 flags=0x40 color=0x00000000 vis=PRIVATE),0]
11-11 21:17:29.855 I/sysui_multi_action( 1503): [757,128,758,5,759,8,793,4,794,0,795,4,796,1,806,com.tencent.qqmusicpad,857,NetworkService_1,858,2,947,0,1500,4]
11-11 21:17:29.855 I/notification_canceled( 1503): [0|com.tencent.qqmusicpad|1|null|10093,8,4,4,0,-1,-1,NULL]
11-11 21:17:30.081 I/sysui_multi_action( 1503): [757,127,758,1]
11-11 21:17:30.081 I/sysui_multi_action( 1503): [757,804,799,note_load,801,2,802,1]
11-11 21:17:30.081 I/notification_panel_revealed( 1503): 2
11-11 21:17:30.086 I/input_focus( 1503): [Focus request 90f6769 NotificationShade,reason=UpdateInputWindows]
11-11 21:17:30.096 I/sysui_multi_action( 1503): [757,128,758,1,793,1518073017,794,0,795,1518073017,796,26,798,0,806,android,857,DEVELOPER_IMPORTANT,858,4,947,0,1395,2,1500,1518072757,1688,1]
11-11 21:17:30.096 I/sysui_multi_action( 1503): [757,804,799,note_freshness,801,1518073017,802,1]
11-11 21:17:30.096 I/notification_visibility( 1503): [-1|android|26|null|1000,1,1518073017,1518073017,0,0]
11-11 21:17:30.096 I/sysui_multi_action( 1503): [757,128,758,1,793,1518073498,794,0,795,1518073498,796,32,798,1,806,android,857,USB,858,1,947,0,1395,2,1500,1518073174,1688,1]
11-11 21:17:30.096 I/sysui_multi_action( 1503): [757,804,799,note_freshness,801,1518073498,802,1]
11-11 21:17:30.096 I/notification_visibility( 1503): [-1|android|32|null|1000,1,1518073498,1518073498,0,1]
11-11 21:17:30.100 I/input_focus( 1503): [Focus leaving 81633e2 com.android.launcher3/com.android.launcher3.uioverrides.QuickstepLauncher (server),reason=setFocusedWindow]
11-11 21:17:30.100 I/input_focus( 1503): [Focus entering 90f6769 NotificationShade (server),reason=setFocusedWindow]
11-11 21:17:30.112 I/input_interaction( 1503): Interaction with: 81633e2 com.android.launcher3/com.android.launcher3.uioverrides.QuickstepLauncher (server), 43cbacc com.android.systemui.ImageWallpaper (server), 90f6769 NotificationShade (server), edge-swipe (server), swipe-up (server), PointerEventDispatcher0 (server),
11-11 21:17:30.112 I/view_enqueue_input_event( 2526): [Motion - Cancel,com.android.launcher3/com.android.launcher3.uioverrides.QuickstepLauncher]
11-11 21:17:30.126 I/input_interaction( 1503): Interaction with: 43cbacc com.android.systemui.ImageWallpaper (server), 90f6769 NotificationShade (server), edge-swipe (server), swipe-up (server), PointerEventDispatcher0 (server),
11-11 21:17:30.131 I/notification_enqueue( 1503): [10093,10233,com.tencent.qqmusicpad,1,NULL,0,Notification(channel=NetworkService_1 shortcut=null contentView=null vibrate=null sound=null defaults=0x0 flags=0x40 color=0x00000000 vis=PRIVATE),0]
11-11 21:17:30.132 I/sysui_multi_action( 1503): [757,128,758,5,759,8,793,2,794,0,795,2,796,1,806,com.tencent.qqmusicpad,857,NetworkService_1,858,2,947,0,1500,2]
11-11 21:17:30.132 I/notification_canceled( 1503): [0|com.tencent.qqmusicpad|1|null|10093,8,2,2,0,-1,-1,NULL]
11-11 21:17:30.147 I/input_focus( 1503): [Focus request 81633e2 com.android.launcher3/com.android.launcher3.uioverrides.QuickstepLauncher,reason=UpdateInputWindows]
11-11 21:17:30.163 I/input_focus( 1503): [Focus request 90f6769 NotificationShade,reason=UpdateInputWindows]
11-11 21:17:30.166 I/input_focus( 1503): [Focus leaving 90f6769 NotificationShade (server),reason=NOT_FOCUSABLE]
11-11 21:17:30.166 I/input_focus( 1503): [Focus entering 81633e2 com.android.launcher3/com.android.launcher3.uioverrides.QuickstepLauncher (server),reason=setFocusedWindow]
11-11 21:17:30.182 I/input_focus( 1503): [Focus leaving 81633e2 com.android.launcher3/com.android.launcher3.uioverrides.QuickstepLauncher (server),reason=setFocusedWindow]
11-11 21:17:30.182 I/input_focus( 1503): [Focus entering 90f6769 NotificationShade (server),reason=setFocusedWindow]
11-11 21:17:30.193 I/sysui_multi_action( 1982): [757,111,758,1]
11-11 21:17:30.193 I/sysui_multi_action( 1982): [757,126,758,1,759,126,927,0,928,1,1593,0]
11-11 21:17:30.193 I/sysui_multi_action( 1982): [757,113,758,1,759,113,927,1,928,0,1593,0]
11-11 21:17:30.193 I/sysui_multi_action( 1982): [757,0,758,1,759,0,927,2,928,0,1593,0]
11-11 21:17:30.193 I/sysui_multi_action( 1982): [757,0,758,1,759,0,927,3,928,0,1593,0]
11-11 21:17:30.193 I/sysui_multi_action( 1982): [757,491,758,1,759,491,927,4,928,0,1311,-1,1593,0]
11-11 21:17:30.193 I/sysui_multi_action( 1982): [757,0,758,1,759,0,927,5,928,0,1593,0]
11-11 21:17:30.193 I/sysui_multi_action( 1982): [757,111,758,1]
11-11 21:17:30.193 I/sysui_multi_action( 1982): [757,126,758,1,759,126,927,0,928,1,1593,0]
11-11 21:17:30.193 I/sysui_multi_action( 1982): [757,113,758,1,759,113,927,1,928,0,1593,0]
11-11 21:17:30.193 I/sysui_multi_action( 1982): [757,0,758,1,759,0,927,2,928,0,1593,0]
11-11 21:17:30.193 I/sysui_multi_action( 1982): [757,0,758,1,759,0,927,3,928,0,1593,0]
11-11 21:17:30.306 I/notification_cancel_all( 1503): [10093,10233,com.tencent.qqmusicpad,0,0,64,9,NULL]
11-11 21:17:30.523 I/commit_sys_config_file( 1503): [settings-2-0,11]
11-11 21:17:30.764 I/auditd ( 2720): type=1400 audit(0.0:1510557851): avc: denied { read } for comm="event_loop" lport=13400 scontext=u:r:hht_ota_mgr:s0 tcontext=u:r:hht_ota_mgr:s0 tclass=udp_socket permissive=0
11-11 21:17:30.764 I/auditd ( 2720): type=1400 audit(0.0:1510557852): avc: denied { read } for comm="event_loop" lport=13400 scontext=u:r:hht_ota_mgr:s0 tcontext=u:r:hht_ota_mgr:s0 tclass=udp_socket permissive=0
11-11 21:17:30.764 I/auditd ( 2720): type=1400 audit(0.0:1510557853): avc: denied { read } for comm="event_loop" lport=13400 scontext=u:r:hht_ota_mgr:s0 tcontext=u:r:hht_ota_mgr:s0 tclass=udp_socket permissive=0
11-11 21:17:30.764 I/auditd ( 2720): type=1400 audit(0.0:1510557854): avc: denied { read } for comm="event_loop" lport=13400 scontext=u:r:hht_ota_mgr:s0 tcontext=u:r:hht_ota_mgr:s0 tclass=udp_socket permissive=0
11-11 21:17:30.764 I/auditd ( 2720): type=1400 audit(0.0:1510557855): avc: denied { read } for comm="event_loop" lport=13400 scontext=u:r:hht_ota_mgr:s0 tcontext=u:r:hht_ota_mgr:s0 tclass=udp_socket permissive=0
11-11 21:17:31.185 I/netstats_mobile_sample( 1503): [0,0,0,0,0,0,0,0,0,0,0,0,1668233851185]
11-11 21:17:31.186 I/netstats_wifi_sample( 1503): [135623927,192985,2718367,32026,135623927,192985,2718367,32026,230834562,380741,2148119,28418,1668233851185]
11-11 21:17:31.548 I/input_interaction( 1503): Interaction with: 90f6769 NotificationShade (server), edge-swipe (server), swipe-up (server), PointerEventDispatcher0 (server),
11-11 21:17:31.768 I/auditd ( 2720): type=1400 audit(0.0:1510793995): avc: denied { read } for comm="event_loop" lport=13400 scontext=u:r:hht_ota_mgr:s0 tcontext=u:r:hht_ota_mgr:s0 tclass=udp_socket permissive=0
11-11 21:17:31.768 I/auditd ( 2720): type=1400 audit(0.0:1510793996): avc: denied { read } for comm="event_loop" lport=13400 scontext=u:r:hht_ota_mgr:s0 tcontext=u:r:hht_ota_mgr:s0 tclass=udp_socket permissive=0
11-11 21:17:31.768 I/auditd ( 2720): type=1400 audit(0.0:1510793997): avc: denied { read } for comm="event_loop" lport=13400 scontext=u:r:hht_ota_mgr:s0 tcontext=u:r:hht_ota_mgr:s0 tclass=udp_socket permissive=0
11-11 21:17:31.768 I/auditd ( 2720): type=1400 audit(0.0:1510793998): avc: denied { read } for comm="event_loop" lport=13400 scontext=u:r:hht_ota_mgr:s0 tcontext=u:r:hht_ota_mgr:s0 tclass=udp_socket permissive=0
11-11 21:17:31.768 I/auditd ( 2720): type=1400 audit(0.0:1510793999): avc: denied { read } for comm="event_loop" lport=13400 scontext=u:r:hht_ota_mgr:s0 tcontext=u:r:hht_ota_mgr:s0 tclass=udp_socket permissive=0
11-11 21:17:32.518 I/sysui_multi_action( 1982): [757,111,758,2]
11-11 21:17:32.518 I/notification_enqueue( 1503): [10078,1982,com.android.systemui,2048,NULL,0,Notification(channel=updateNotification shortcut=null contentView=null vibrate=null sound=null defaults=0x0 flags=0x0 color=0x00000000 vis=PRIVATE),1]
11-11 21:17:32.518 I/sysui_multi_action( 1982): [757,111,758,2]
11-11 21:17:32.708 I/input_focus( 1503): [Focus request 81633e2 com.android.launcher3/com.android.launcher3.uioverrides.QuickstepLauncher,reason=UpdateInputWindows]
11-11 21:17:32.711 I/sysui_multi_action( 1503): [757,128,758,2,793,1518075631,794,2614,795,1518075631,796,26,798,0,806,android,857,DEVELOPER_IMPORTANT,858,4,947,0,1395,2,1500,1518075371,1688,1]
11-11 21:17:32.711 I/notification_visibility( 1503): [-1|android|26|null|1000,0,1518075631,1518075631,0,0]
11-11 21:17:32.712 I/sysui_multi_action( 1503): [757,128,758,2,793,1518076113,794,2615,795,1518076113,796,32,798,1,806,android,857,USB,858,1,947,0,1395,2,1500,1518075789,1688,1]
11-11 21:17:32.712 I/notification_visibility( 1503): [-1|android|32|null|1000,0,1518076113,1518076113,0,1]
11-11 21:17:32.712 I/sysui_multi_action( 1503): [757,127,758,2]
11-11 21:17:32.712 I/notification_panel_hidden( 1503):
11-11 21:17:32.740 I/input_focus( 1503): [Focus leaving 90f6769 NotificationShade (server),reason=NO_WINDOW]
11-11 21:17:32.740 I/input_focus( 1503): [Focus entering 81633e2 com.android.launcher3/com.android.launcher3.uioverrides.QuickstepLauncher (server),reason=setFocusedWindow]
11-11 21:17:32.768 I/auditd ( 2720): type=1400 audit(0.0:1511036158): avc: denied { read } for comm="event_loop" lport=13400 scontext=u:r:hht_ota_mgr:s0 tcontext=u:r:hht_ota_mgr:s0 tclass=udp_socket permissive=0
11-11 21:17:32.772 I/auditd ( 2720): type=1400 audit(0.0:1511036159): avc: denied { read } for comm="event_loop" lport=13400 scontext=u:r:hht_ota_mgr:s0 tcontext=u:r:hht_ota_mgr:s0 tclass=udp_socket permissive=0
11-11 21:17:32.772 I/auditd ( 2720): type=1400 audit(0.0:1511036160): avc: denied { read } for comm="event_loop" lport=13400 scontext=u:r:hht_ota_mgr:s0 tcontext=u:r:hht_ota_mgr:s0 tclass=udp_socket permissive=0
11-11 21:17:32.772 I/auditd ( 2720): type=1400 audit(0.0:1511036161): avc: denied { read } for comm="event_loop" lport=13400 scontext=u:r:hht_ota_mgr:s0 tcontext=u:r:hht_ota_mgr:s0 tclass=udp_socket permissive=0
11-11 21:17:32.772 I/auditd ( 2720): type=1400 audit(0.0:1511036162): avc: denied { read } for comm="event_loop" lport=13400 scontext=u:r:hht_ota_mgr:s0 tcontext=u:r:hht_ota_mgr:s0 tclass=udp_socket permissive=0
11-11 21:17:32.907 I/input_interaction( 1503): Interaction with: 81633e2 com.android.launcher3/com.android.launcher3.uioverrides.QuickstepLauncher (server), 43cbacc com.android.systemui.ImageWallpaper (server), edge-swipe (server), swipe-up (server), PointerEventDispatcher0 (server),
11-11 21:17:33.772 I/auditd ( 2720): type=1400 audit(0.0:1511285819): avc: denied { read } for comm="event_loop" lport=13400 scontext=u:r:hht_ota_mgr:s0 tcontext=u:r:hht_ota_mgr:s0 tclass=udp_socket permissive=0
11-11 21:17:33.776 I/auditd ( 2720): type=1400 audit(0.0:1511285820): avc: denied { read } for comm="event_loop" lport=13400 scontext=u:r:hht_ota_mgr:s0 tcontext=u:r:hht_ota_mgr:s0 tclass=udp_socket permissive=0
11-11 21:17:33.776 I/auditd ( 2720): type=1400 audit(0.0:1511285821): avc: denied { read } for comm="event_loop" lport=13400 scontext=u:r:hht_ota_mgr:s0 tcontext=u:r:hht_ota_mgr:s0 tclass=udp_socket permissive=0
11-11 21:17:33.776 I/auditd ( 2720): type=1400 audit(0.0:1511285822): avc: denied { read } for comm="event_loop" lport=13400 scontext=u:r:hht_ota_mgr:s0 tcontext=u:r:hht_ota_mgr:s0 tclass=udp_socket permissive=0
11-11 21:17:33.776 I/auditd ( 2720): type=1400 audit(0.0:1511285823): avc: denied { read } for comm="event_loop" lport=13400 scontext=u:r:hht_ota_mgr:s0 tcontext=u:r:hht_ota_mgr:s0 tclass=udp_socket permissive=0
11-11 21:17:34.776 I/auditd ( 2720): type=1400 audit(0.0:1511542338): avc: denied { read } for comm="event_loop" lport=13400 scontext=u:r:hht_ota_mgr:s0 tcontext=u:r:hht_ota_mgr:s0 tclass=udp_socket permissive=0
11-11 21:17:34.780 I/auditd ( 2720): type=1400 audit(0.0:1511542339): avc: denied { read } for comm="event_loop" lport=13400 scontext=u:r:hht_ota_mgr:s0 tcontext=u:r:hht_ota_mgr:s0 tclass=udp_socket permissive=0
11-11 21:17:34.780 I/auditd ( 2720): type=1400 audit(0.0:1511542340): avc: denied { read } for comm="event_loop" lport=13400 scontext=u:r:hht_ota_mgr:s0 tcontext=u:r:hht_ota_mgr:s0 tclass=udp_socket permissive=0
