11-11 21:14:22.012 I/auditd ( 2720): type=1400 audit(0.0:1461081266): avc: denied { read } for comm="event_loop" lport=13400 scontext=u:r:hht_ota_mgr:s0 tcontext=u:r:hht_ota_mgr:s0 tclass=udp_socket permissive=0
11-11 21:14:22.012 I/auditd ( 2720): type=1400 audit(0.0:1461081267): avc: denied { read } for comm="event_loop" lport=13400 scontext=u:r:hht_ota_mgr:s0 tcontext=u:r:hht_ota_mgr:s0 tclass=udp_socket permissive=0
11-11 21:14:22.012 I/auditd ( 2720): type=1400 audit(0.0:1461081268): avc: denied { read } for comm="event_loop" lport=13400 scontext=u:r:hht_ota_mgr:s0 tcontext=u:r:hht_ota_mgr:s0 tclass=udp_socket permissive=0
11-11 21:14:23.016 I/auditd ( 2720): type=1400 audit(0.0:1461350831): avc: denied { read } for comm="event_loop" lport=13400 scontext=u:r:hht_ota_mgr:s0 tcontext=u:r:hht_ota_mgr:s0 tclass=udp_socket permissive=0
11-11 21:14:23.016 I/auditd ( 2720): type=1400 audit(0.0:1461350832): avc: denied { read } for comm="event_loop" lport=13400 scontext=u:r:hht_ota_mgr:s0 tcontext=u:r:hht_ota_mgr:s0 tclass=udp_socket permissive=0
11-11 21:14:23.016 I/auditd ( 2720): type=1400 audit(0.0:1461350833): avc: denied { read } for comm="event_loop" lport=13400 scontext=u:r:hht_ota_mgr:s0 tcontext=u:r:hht_ota_mgr:s0 tclass=udp_socket permissive=0
11-11 21:14:23.016 I/auditd ( 2720): type=1400 audit(0.0:1461350834): avc: denied { read } for comm="event_loop" lport=13400 scontext=u:r:hht_ota_mgr:s0 tcontext=u:r:hht_ota_mgr:s0 tclass=udp_socket permissive=0
11-11 21:14:23.016 I/auditd ( 2720): type=1400 audit(0.0:1461350835): avc: denied { read } for comm="event_loop" lport=13400 scontext=u:r:hht_ota_mgr:s0 tcontext=u:r:hht_ota_mgr:s0 tclass=udp_socket permissive=0
11-11 21:14:24.020 I/auditd ( 2720): type=1400 audit(0.0:1461620218): avc: denied { read } for comm="event_loop" lport=13400 scontext=u:r:hht_ota_mgr:s0 tcontext=u:r:hht_ota_mgr:s0 tclass=udp_socket permissive=0
11-11 21:14:24.020 I/auditd ( 2720): type=1400 audit(0.0:1461620219): avc: denied { read } for comm="event_loop" lport=13400 scontext=u:r:hht_ota_mgr:s0 tcontext=u:r:hht_ota_mgr:s0 tclass=udp_socket permissive=0
11-11 21:14:24.020 I/auditd ( 2720): type=1400 audit(0.0:1461620220): avc: denied { read } for comm="event_loop" lport=13400 scontext=u:r:hht_ota_mgr:s0 tcontext=u:r:hht_ota_mgr:s0 tclass=udp_socket permissive=0
11-11 21:14:24.020 I/auditd ( 2720): type=1400 audit(0.0:1461620221): avc: denied { read } for comm="event_loop" lport=13400 scontext=u:r:hht_ota_mgr:s0 tcontext=u:r:hht_ota_mgr:s0 tclass=udp_socket permissive=0
11-11 21:14:24.020 I/auditd ( 2720): type=1400 audit(0.0:1461620222): avc: denied { read } for comm="event_loop" lport=13400 scontext=u:r:hht_ota_mgr:s0 tcontext=u:r:hht_ota_mgr:s0 tclass=udp_socket permissive=0
11-11 21:14:25.024 I/auditd ( 2720): type=1400 audit(0.0:1461889185): avc: denied { read } for comm="event_loop" lport=13400 scontext=u:r:hht_ota_mgr:s0 tcontext=u:r:hht_ota_mgr:s0 tclass=udp_socket permissive=0
11-11 21:14:25.024 I/auditd ( 2720): type=1400 audit(0.0:1461889186): avc: denied { read } for comm="event_loop" lport=13400 scontext=u:r:hht_ota_mgr:s0 tcontext=u:r:hht_ota_mgr:s0 tclass=udp_socket permissive=0
11-11 21:14:25.024 I/auditd ( 2720): type=1400 audit(0.0:1461889187): avc: denied { read } for comm="event_loop" lport=13400 scontext=u:r:hht_ota_mgr:s0 tcontext=u:r:hht_ota_mgr:s0 tclass=udp_socket permissive=0
11-11 21:14:25.024 I/auditd ( 2720): type=1400 audit(0.0:1461889188): avc: denied { read } for comm="event_loop" lport=13400 scontext=u:r:hht_ota_mgr:s0 tcontext=u:r:hht_ota_mgr:s0 tclass=udp_socket permissive=0
11-11 21:14:25.024 I/auditd ( 2720): type=1400 audit(0.0:1461889189): avc: denied { read } for comm="event_loop" lport=13400 scontext=u:r:hht_ota_mgr:s0 tcontext=u:r:hht_ota_mgr:s0 tclass=udp_socket permissive=0
11-11 21:14:26.028 I/auditd ( 2720): type=1400 audit(0.0:1462158168): avc: denied { read } for comm="event_loop" lport=13400 scontext=u:r:hht_ota_mgr:s0 tcontext=u:r:hht_ota_mgr:s0 tclass=udp_socket permissive=0
11-11 21:14:26.028 I/auditd ( 2720): type=1400 audit(0.0:1462158169): avc: denied { read } for comm="event_loop" lport=13400 scontext=u:r:hht_ota_mgr:s0 tcontext=u:r:hht_ota_mgr:s0 tclass=udp_socket permissive=0
11-11 21:14:26.028 I/auditd ( 2720): type=1400 audit(0.0:1462158170): avc: denied { read } for comm="event_loop" lport=13400 scontext=u:r:hht_ota_mgr:s0 tcontext=u:r:hht_ota_mgr:s0 tclass=udp_socket permissive=0
11-11 21:14:26.028 I/auditd ( 2720): type=1400 audit(0.0:1462158171): avc: denied { read } for comm="event_loop" lport=13400 scontext=u:r:hht_ota_mgr:s0 tcontext=u:r:hht_ota_mgr:s0 tclass=udp_socket permissive=0
11-11 21:14:26.028 I/auditd ( 2720): type=1400 audit(0.0:1462158172): avc: denied { read } for comm="event_loop" lport=13400 scontext=u:r:hht_ota_mgr:s0 tcontext=u:r:hht_ota_mgr:s0 tclass=udp_socket permissive=0
11-11 21:14:27.028 I/auditd ( 2720): type=1400 audit(0.0:1462428148): avc: denied { read } for comm="event_loop" lport=13400 scontext=u:r:hht_ota_mgr:s0 tcontext=u:r:hht_ota_mgr:s0 tclass=udp_socket permissive=0
11-11 21:14:27.032 I/auditd ( 2720): type=1400 audit(0.0:1462428149): avc: denied { read } for comm="event_loop" lport=13400 scontext=u:r:hht_ota_mgr:s0 tcontext=u:r:hht_ota_mgr:s0 tclass=udp_socket permissive=0
11-11 21:14:27.032 I/auditd ( 2720): type=1400 audit(0.0:1462428150): avc: denied { read } for comm="event_loop" lport=13400 scontext=u:r:hht_ota_mgr:s0 tcontext=u:r:hht_ota_mgr:s0 tclass=udp_socket permissive=0
11-11 21:14:27.032 I/auditd ( 2720): type=1400 audit(0.0:1462428151): avc: denied { read } for comm="event_loop" lport=13400 scontext=u:r:hht_ota_mgr:s0 tcontext=u:r:hht_ota_mgr:s0 tclass=udp_socket permissive=0
11-11 21:14:27.032 I/auditd ( 2720): type=1400 audit(0.0:1462428152): avc: denied { read } for comm="event_loop" lport=13400 scontext=u:r:hht_ota_mgr:s0 tcontext=u:r:hht_ota_mgr:s0 tclass=udp_socket permissive=0
11-11 21:14:28.032 I/auditd ( 2720): type=1400 audit(0.0:1462697449): avc: denied { read } for comm="event_loop" lport=13400 scontext=u:r:hht_ota_mgr:s0 tcontext=u:r:hht_ota_mgr:s0 tclass=udp_socket permissive=0
11-11 21:14:28.036 I/auditd ( 2720): type=1400 audit(0.0:1462697450): avc: denied { read } for comm="event_loop" lport=13400 scontext=u:r:hht_ota_mgr:s0 tcontext=u:r:hht_ota_mgr:s0 tclass=udp_socket permissive=0
11-11 21:14:28.036 I/auditd ( 2720): type=1400 audit(0.0:1462697451): avc: denied { read } for comm="event_loop" lport=13400 scontext=u:r:hht_ota_mgr:s0 tcontext=u:r:hht_ota_mgr:s0 tclass=udp_socket permissive=0
11-11 21:14:28.036 I/auditd ( 2720): type=1400 audit(0.0:1462697452): avc: denied { read } for comm="event_loop" lport=13400 scontext=u:r:hht_ota_mgr:s0 tcontext=u:r:hht_ota_mgr:s0 tclass=udp_socket permissive=0
11-11 21:14:28.036 I/auditd ( 2720): type=1400 audit(0.0:1462697453): avc: denied { read } for comm="event_loop" lport=13400 scontext=u:r:hht_ota_mgr:s0 tcontext=u:r:hht_ota_mgr:s0 tclass=udp_socket permissive=0
11-11 21:14:29.036 I/auditd ( 2720): type=1400 audit(0.0:1462966405): avc: denied { read } for comm="event_loop" lport=13400 scontext=u:r:hht_ota_mgr:s0 tcontext=u:r:hht_ota_mgr:s0 tclass=udp_socket permissive=0
11-11 21:14:29.040 I/auditd ( 2720): type=1400 audit(0.0:1462966406): avc: denied { read } for comm="event_loop" lport=13400 scontext=u:r:hht_ota_mgr:s0 tcontext=u:r:hht_ota_mgr:s0 tclass=udp_socket permissive=0
11-11 21:14:29.040 I/auditd ( 2720): type=1400 audit(0.0:1462966407): avc: denied { read } for comm="event_loop" lport=13400 scontext=u:r:hht_ota_mgr:s0 tcontext=u:r:hht_ota_mgr:s0 tclass=udp_socket permissive=0
11-11 21:14:29.040 I/auditd ( 2720): type=1400 audit(0.0:1462966408): avc: denied { read } for comm="event_loop" lport=13400 scontext=u:r:hht_ota_mgr:s0 tcontext=u:r:hht_ota_mgr:s0 tclass=udp_socket permissive=0
11-11 21:14:29.040 I/auditd ( 2720): type=1400 audit(0.0:1462966409): avc: denied { read } for comm="event_loop" lport=13400 scontext=u:r:hht_ota_mgr:s0 tcontext=u:r:hht_ota_mgr:s0 tclass=udp_socket permissive=0
11-11 21:14:30.044 I/auditd ( 2720): type=1400 audit(0.0:1463236187): avc: denied { read } for comm="event_loop" lport=13400 scontext=u:r:hht_ota_mgr:s0 tcontext=u:r:hht_ota_mgr:s0 tclass=udp_socket permissive=0
11-11 21:14:30.044 I/auditd ( 2720): type=1400 audit(0.0:1463236188): avc: denied { read } for comm="event_loop" lport=13400 scontext=u:r:hht_ota_mgr:s0 tcontext=u:r:hht_ota_mgr:s0 tclass=udp_socket permissive=0
11-11 21:14:30.044 I/auditd ( 2720): type=1400 audit(0.0:1463236189): avc: denied { read } for comm="event_loop" lport=13400 scontext=u:r:hht_ota_mgr:s0 tcontext=u:r:hht_ota_mgr:s0 tclass=udp_socket permissive=0
11-11 21:14:30.044 I/auditd ( 2720): type=1400 audit(0.0:1463236190): avc: denied { read } for comm="event_loop" lport=13400 scontext=u:r:hht_ota_mgr:s0 tcontext=u:r:hht_ota_mgr:s0 tclass=udp_socket permissive=0
11-11 21:14:30.044 I/auditd ( 2720): type=1400 audit(0.0:1463236191): avc: denied { read } for comm="event_loop" lport=13400 scontext=u:r:hht_ota_mgr:s0 tcontext=u:r:hht_ota_mgr:s0 tclass=udp_socket permissive=0
11-11 21:14:31.048 I/auditd ( 2720): type=1400 audit(0.0:1463506826): avc: denied { read } for comm="event_loop" lport=13400 scontext=u:r:hht_ota_mgr:s0 tcontext=u:r:hht_ota_mgr:s0 tclass=udp_socket permissive=0
11-11 21:14:31.048 I/auditd ( 2720): type=1400 audit(0.0:1463506827): avc: denied { read } for comm="event_loop" lport=13400 scontext=u:r:hht_ota_mgr:s0 tcontext=u:r:hht_ota_mgr:s0 tclass=udp_socket permissive=0
11-11 21:14:31.048 I/auditd ( 2720): type=1400 audit(0.0:1463506828): avc: denied { read } for comm="event_loop" lport=13400 scontext=u:r:hht_ota_mgr:s0 tcontext=u:r:hht_ota_mgr:s0 tclass=udp_socket permissive=0
11-11 21:14:31.048 I/auditd ( 2720): type=1400 audit(0.0:1463506829): avc: denied { read } for comm="event_loop" lport=13400 scontext=u:r:hht_ota_mgr:s0 tcontext=u:r:hht_ota_mgr:s0 tclass=udp_socket permissive=0
11-11 21:14:31.048 I/auditd ( 2720): type=1400 audit(0.0:1463506830): avc: denied { read } for comm="event_loop" lport=13400 scontext=u:r:hht_ota_mgr:s0 tcontext=u:r:hht_ota_mgr:s0 tclass=udp_socket permissive=0
11-11 21:14:32.052 I/auditd ( 2720): type=1400 audit(0.0:1463775991): avc: denied { read } for comm="event_loop" lport=13400 scontext=u:r:hht_ota_mgr:s0 tcontext=u:r:hht_ota_mgr:s0 tclass=udp_socket permissive=0
11-11 21:14:32.052 I/auditd ( 2720): type=1400 audit(0.0:1463775992): avc: denied { read } for comm="event_loop" lport=13400 scontext=u:r:hht_ota_mgr:s0 tcontext=u:r:hht_ota_mgr:s0 tclass=udp_socket permissive=0
11-11 21:14:32.052 I/auditd ( 2720): type=1400 audit(0.0:1463775993): avc: denied { read } for comm="event_loop" lport=13400 scontext=u:r:hht_ota_mgr:s0 tcontext=u:r:hht_ota_mgr:s0 tclass=udp_socket permissive=0
11-11 21:14:32.052 I/auditd ( 2720): type=1400 audit(0.0:1463775994): avc: denied { read } for comm="event_loop" lport=13400 scontext=u:r:hht_ota_mgr:s0 tcontext=u:r:hht_ota_mgr:s0 tclass=udp_socket permissive=0
11-11 21:14:32.052 I/auditd ( 2720): type=1400 audit(0.0:1463775995): avc: denied { read } for comm="event_loop" lport=13400 scontext=u:r:hht_ota_mgr:s0 tcontext=u:r:hht_ota_mgr:s0 tclass=udp_socket permissive=0
11-11 21:14:33.056 I/auditd ( 2720): type=1400 audit(0.0:1464043664): avc: denied { read } for comm="event_loop" lport=13400 scontext=u:r:hht_ota_mgr:s0 tcontext=u:r:hht_ota_mgr:s0 tclass=udp_socket permissive=0
11-11 21:14:33.056 I/auditd ( 2720): type=1400 audit(0.0:1464043665): avc: denied { read } for comm="event_loop" lport=13400 scontext=u:r:hht_ota_mgr:s0 tcontext=u:r:hht_ota_mgr:s0 tclass=udp_socket permissive=0
11-11 21:14:33.056 I/auditd ( 2720): type=1400 audit(0.0:1464043666): avc: denied { read } for comm="event_loop" lport=13400 scontext=u:r:hht_ota_mgr:s0 tcontext=u:r:hht_ota_mgr:s0 tclass=udp_socket permissive=0
11-11 21:14:33.056 I/auditd ( 2720): type=1400 audit(0.0:1464043667): avc: denied { read } for comm="event_loop" lport=13400 scontext=u:r:hht_ota_mgr:s0 tcontext=u:r:hht_ota_mgr:s0 tclass=udp_socket permissive=0
11-11 21:14:33.056 I/auditd ( 2720): type=1400 audit(0.0:1464043668): avc: denied { read } for comm="event_loop" lport=13400 scontext=u:r:hht_ota_mgr:s0 tcontext=u:r:hht_ota_mgr:s0 tclass=udp_socket permissive=0
11-11 21:14:34.056 I/auditd ( 2720): type=1400 audit(0.0:1464312157): avc: denied { read } for comm="event_loop" lport=13400 scontext=u:r:hht_ota_mgr:s0 tcontext=u:r:hht_ota_mgr:s0 tclass=udp_socket permissive=0
11-11 21:14:34.060 I/auditd ( 2720): type=1400 audit(0.0:1464312158): avc: denied { read } for comm="event_loop" lport=13400 scontext=u:r:hht_ota_mgr:s0 tcontext=u:r:hht_ota_mgr:s0 tclass=udp_socket permissive=0
11-11 21:14:34.060 I/auditd ( 2720): type=1400 audit(0.0:1464312159): avc: denied { read } for comm="event_loop" lport=13400 scontext=u:r:hht_ota_mgr:s0 tcontext=u:r:hht_ota_mgr:s0 tclass=udp_socket permissive=0
11-11 21:14:34.060 I/auditd ( 2720): type=1400 audit(0.0:1464312160): avc: denied { read } for comm="event_loop" lport=13400 scontext=u:r:hht_ota_mgr:s0 tcontext=u:r:hht_ota_mgr:s0 tclass=udp_socket permissive=0
11-11 21:14:34.060 I/auditd ( 2720): type=1400 audit(0.0:1464312161): avc: denied { read } for comm="event_loop" lport=13400 scontext=u:r:hht_ota_mgr:s0 tcontext=u:r:hht_ota_mgr:s0 tclass=udp_socket permissive=0
11-11 21:14:35.060 I/auditd ( 2720): type=1400 audit(0.0:1464581518): avc: denied { read } for comm="event_loop" lport=13400 scontext=u:r:hht_ota_mgr:s0 tcontext=u:r:hht_ota_mgr:s0 tclass=udp_socket permissive=0
11-11 21:14:35.064 I/auditd ( 2720): type=1400 audit(0.0:1464581519): avc: denied { read } for comm="event_loop" lport=13400 scontext=u:r:hht_ota_mgr:s0 tcontext=u:r:hht_ota_mgr:s0 tclass=udp_socket permissive=0
11-11 21:14:35.064 I/auditd ( 2720): type=1400 audit(0.0:1464581520): avc: denied { read } for comm="event_loop" lport=13400 scontext=u:r:hht_ota_mgr:s0 tcontext=u:r:hht_ota_mgr:s0 tclass=udp_socket permissive=0
11-11 21:14:35.064 I/auditd ( 2720): type=1400 audit(0.0:1464581521): avc: denied { read } for comm="event_loop" lport=13400 scontext=u:r:hht_ota_mgr:s0 tcontext=u:r:hht_ota_mgr:s0 tclass=udp_socket permissive=0
11-11 21:14:35.064 I/auditd ( 2720): type=1400 audit(0.0:1464581522): avc: denied { read } for comm="event_loop" lport=13400 scontext=u:r:hht_ota_mgr:s0 tcontext=u:r:hht_ota_mgr:s0 tclass=udp_socket permissive=0
11-11 21:14:36.068 I/auditd ( 2720): type=1400 audit(0.0:1464850390): avc: denied { read } for comm="event_loop" lport=13400 scontext=u:r:hht_ota_mgr:s0 tcontext=u:r:hht_ota_mgr:s0 tclass=udp_socket permissive=0
11-11 21:14:36.068 I/auditd ( 2720): type=1400 audit(0.0:1464850391): avc: denied { read } for comm="event_loop" lport=13400 scontext=u:r:hht_ota_mgr:s0 tcontext=u:r:hht_ota_mgr:s0 tclass=udp_socket permissive=0
11-11 21:14:36.068 I/auditd ( 2720): type=1400 audit(0.0:1464850392): avc: denied { read } for comm="event_loop" lport=13400 scontext=u:r:hht_ota_mgr:s0 tcontext=u:r:hht_ota_mgr:s0 tclass=udp_socket permissive=0
11-11 21:14:36.068 I/auditd ( 2720): type=1400 audit(0.0:1464850393): avc: denied { read } for comm="event_loop" lport=13400 scontext=u:r:hht_ota_mgr:s0 tcontext=u:r:hht_ota_mgr:s0 tclass=udp_socket permissive=0
11-11 21:14:36.068 I/auditd ( 2720): type=1400 audit(0.0:1464850394): avc: denied { read } for comm="event_loop" lport=13400 scontext=u:r:hht_ota_mgr:s0 tcontext=u:r:hht_ota_mgr:s0 tclass=udp_socket permissive=0
11-11 21:14:37.068 I/auditd ( 2720): type=1400 audit(0.0:1465118912): avc: denied { read } for comm="event_loop" lport=13400 scontext=u:r:hht_ota_mgr:s0 tcontext=u:r:hht_ota_mgr:s0 tclass=udp_socket permissive=0
11-11 21:14:37.072 I/auditd ( 2720): type=1400 audit(0.0:1465118913): avc: denied { read } for comm="event_loop" lport=13400 scontext=u:r:hht_ota_mgr:s0 tcontext=u:r:hht_ota_mgr:s0 tclass=udp_socket permissive=0
11-11 21:14:37.072 I/auditd ( 2720): type=1400 audit(0.0:1465118914): avc: denied { read } for comm="event_loop" lport=13400 scontext=u:r:hht_ota_mgr:s0 tcontext=u:r:hht_ota_mgr:s0 tclass=udp_socket permissive=0
11-11 21:14:37.072 I/auditd ( 2720): type=1400 audit(0.0:1465118915): avc: denied { read } for comm="event_loop" lport=13400 scontext=u:r:hht_ota_mgr:s0 tcontext=u:r:hht_ota_mgr:s0 tclass=udp_socket permissive=0
11-11 21:14:37.072 I/auditd ( 2720): type=1400 audit(0.0:1465118916): avc: denied { read } for comm="event_loop" lport=13400 scontext=u:r:hht_ota_mgr:s0 tcontext=u:r:hht_ota_mgr:s0 tclass=udp_socket permissive=0
11-11 21:14:38.072 I/auditd ( 2720): type=1400 audit(0.0:1465387852): avc: denied { read } for comm="event_loop" lport=13400 scontext=u:r:hht_ota_mgr:s0 tcontext=u:r:hht_ota_mgr:s0 tclass=udp_socket permissive=0
11-11 21:14:38.076 I/auditd ( 2720): type=1400 audit(0.0:1465387853): avc: denied { read } for comm="event_loop" lport=13400 scontext=u:r:hht_ota_mgr:s0 tcontext=u:r:hht_ota_mgr:s0 tclass=udp_socket permissive=0
11-11 21:14:38.076 I/auditd ( 2720): type=1400 audit(0.0:1465387854): avc: denied { read } for comm="event_loop" lport=13400 scontext=u:r:hht_ota_mgr:s0 tcontext=u:r:hht_ota_mgr:s0 tclass=udp_socket permissive=0
11-11 21:14:38.076 I/auditd ( 2720): type=1400 audit(0.0:1465387855): avc: denied { read } for comm="event_loop" lport=13400 scontext=u:r:hht_ota_mgr:s0 tcontext=u:r:hht_ota_mgr:s0 tclass=udp_socket permissive=0
11-11 21:14:38.076 I/auditd ( 2720): type=1400 audit(0.0:1465387856): avc: denied { read } for comm="event_loop" lport=13400 scontext=u:r:hht_ota_mgr:s0 tcontext=u:r:hht_ota_mgr:s0 tclass=udp_socket permissive=0
11-11 21:14:39.076 I/auditd ( 2720): type=1400 audit(0.0:1465657213): avc: denied { read } for comm="event_loop" lport=13400 scontext=u:r:hht_ota_mgr:s0 tcontext=u:r:hht_ota_mgr:s0 tclass=udp_socket permissive=0
11-11 21:14:39.080 I/auditd ( 2720): type=1400 audit(0.0:1465657214): avc: denied { read } for comm="event_loop" lport=13400 scontext=u:r:hht_ota_mgr:s0 tcontext=u:r:hht_ota_mgr:s0 tclass=udp_socket permissive=0
11-11 21:14:39.080 I/auditd ( 2720): type=1400 audit(0.0:1465657215): avc: denied { read } for comm="event_loop" lport=13400 scontext=u:r:hht_ota_mgr:s0 tcontext=u:r:hht_ota_mgr:s0 tclass=udp_socket permissive=0
11-11 21:14:39.080 I/auditd ( 2720): type=1400 audit(0.0:1465657216): avc: denied { read } for comm="event_loop" lport=13400 scontext=u:r:hht_ota_mgr:s0 tcontext=u:r:hht_ota_mgr:s0 tclass=udp_socket permissive=0
11-11 21:14:39.080 I/auditd ( 2720): type=1400 audit(0.0:1465657217): avc: denied { read } for comm="event_loop" lport=13400 scontext=u:r:hht_ota_mgr:s0 tcontext=u:r:hht_ota_mgr:s0 tclass=udp_socket permissive=0
11-11 21:14:40.084 I/auditd ( 2720): type=1400 audit(0.0:1465926599): avc: denied { read } for comm="event_loop" lport=13400 scontext=u:r:hht_ota_mgr:s0 tcontext=u:r:hht_ota_mgr:s0 tclass=udp_socket permissive=0
11-11 21:14:40.084 I/auditd ( 2720): type=1400 audit(0.0:1465926600): avc: denied { read } for comm="event_loop" lport=13400 scontext=u:r:hht_ota_mgr:s0 tcontext=u:r:hht_ota_mgr:s0 tclass=udp_socket permissive=0
11-11 21:14:40.084 I/auditd ( 2720): type=1400 audit(0.0:1465926601): avc: denied { read } for comm="event_loop" lport=13400 scontext=u:r:hht_ota_mgr:s0 tcontext=u:r:hht_ota_mgr:s0 tclass=udp_socket permissive=0
11-11 21:14:40.084 I/auditd ( 2720): type=1400 audit(0.0:1465926602): avc: denied { read } for comm="event_loop" lport=13400 scontext=u:r:hht_ota_mgr:s0 tcontext=u:r:hht_ota_mgr:s0 tclass=udp_socket permissive=0
11-11 21:14:40.084 I/auditd ( 2720): type=1400 audit(0.0:1465926603): avc: denied { read } for comm="event_loop" lport=13400 scontext=u:r:hht_ota_mgr:s0 tcontext=u:r:hht_ota_mgr:s0 tclass=udp_socket permissive=0
11-11 21:14:41.088 I/auditd ( 2720): type=1400 audit(0.0:1466195295): avc: denied { read } for comm="event_loop" lport=13400 scontext=u:r:hht_ota_mgr:s0 tcontext=u:r:hht_ota_mgr:s0 tclass=udp_socket permissive=0
11-11 21:14:41.088 I/auditd ( 2720): type=1400 audit(0.0:1466195296): avc: denied { read } for comm="event_loop" lport=13400 scontext=u:r:hht_ota_mgr:s0 tcontext=u:r:hht_ota_mgr:s0 tclass=udp_socket permissive=0
11-11 21:14:41.088 I/auditd ( 2720): type=1400 audit(0.0:1466195297): avc: denied { read } for comm="event_loop" lport=13400 scontext=u:r:hht_ota_mgr:s0 tcontext=u:r:hht_ota_mgr:s0 tclass=udp_socket permissive=0
11-11 21:14:41.088 I/auditd ( 2720): type=1400 audit(0.0:1466195298): avc: denied { read } for comm="event_loop" lport=13400 scontext=u:r:hht_ota_mgr:s0 tcontext=u:r:hht_ota_mgr:s0 tclass=udp_socket permissive=0
11-11 21:14:41.088 I/auditd ( 2720): type=1400 audit(0.0:1466195299): avc: denied { read } for comm="event_loop" lport=13400 scontext=u:r:hht_ota_mgr:s0 tcontext=u:r:hht_ota_mgr:s0 tclass=udp_socket permissive=0
11-11 21:14:42.088 I/auditd ( 2720): type=1400 audit(0.0:1466463774): avc: denied { read } for comm="event_loop" lport=13400 scontext=u:r:hht_ota_mgr:s0 tcontext=u:r:hht_ota_mgr:s0 tclass=udp_socket permissive=0
11-11 21:14:42.092 I/auditd ( 2720): type=1400 audit(0.0:1466463775): avc: denied { read } for comm="event_loop" lport=13400 scontext=u:r:hht_ota_mgr:s0 tcontext=u:r:hht_ota_mgr:s0 tclass=udp_socket permissive=0
11-11 21:14:42.092 I/auditd ( 2720): type=1400 audit(0.0:1466463776): avc: denied { read } for comm="event_loop" lport=13400 scontext=u:r:hht_ota_mgr:s0 tcontext=u:r:hht_ota_mgr:s0 tclass=udp_socket permissive=0
11-11 21:14:42.092 I/auditd ( 2720): type=1400 audit(0.0:1466463777): avc: denied { read } for comm="event_loop" lport=13400 scontext=u:r:hht_ota_mgr:s0 tcontext=u:r:hht_ota_mgr:s0 tclass=udp_socket permissive=0
11-11 21:14:42.092 I/auditd ( 2720): type=1400 audit(0.0:1466463778): avc: denied { read } for comm="event_loop" lport=13400 scontext=u:r:hht_ota_mgr:s0 tcontext=u:r:hht_ota_mgr:s0 tclass=udp_socket permissive=0
11-11 21:14:43.092 I/auditd ( 2720): type=1400 audit(0.0:1466732020): avc: denied { read } for comm="event_loop" lport=13400 scontext=u:r:hht_ota_mgr:s0 tcontext=u:r:hht_ota_mgr:s0 tclass=udp_socket permissive=0
11-11 21:14:43.096 I/auditd ( 2720): type=1400 audit(0.0:1466732021): avc: denied { read } for comm="event_loop" lport=13400 scontext=u:r:hht_ota_mgr:s0 tcontext=u:r:hht_ota_mgr:s0 tclass=udp_socket permissive=0
11-11 21:14:43.096 I/auditd ( 2720): type=1400 audit(0.0:1466732022): avc: denied { read } for comm="event_loop" lport=13400 scontext=u:r:hht_ota_mgr:s0 tcontext=u:r:hht_ota_mgr:s0 tclass=udp_socket permissive=0
11-11 21:14:43.096 I/auditd ( 2720): type=1400 audit(0.0:1466732023): avc: denied { read } for comm="event_loop" lport=13400 scontext=u:r:hht_ota_mgr:s0 tcontext=u:r:hht_ota_mgr:s0 tclass=udp_socket permissive=0
11-11 21:14:43.096 I/auditd ( 2720): type=1400 audit(0.0:1466732024): avc: denied { read } for comm="event_loop" lport=13400 scontext=u:r:hht_ota_mgr:s0 tcontext=u:r:hht_ota_mgr:s0 tclass=udp_socket permissive=0
11-11 21:14:44.100 I/auditd ( 2720): type=1400 audit(0.0:1466999670): avc: denied { read } for comm="event_loop" lport=13400 scontext=u:r:hht_ota_mgr:s0 tcontext=u:r:hht_ota_mgr:s0 tclass=udp_socket permissive=0
11-11 21:14:44.100 I/auditd ( 2720): type=1400 audit(0.0:1466999671): avc: denied { read } for comm="event_loop" lport=13400 scontext=u:r:hht_ota_mgr:s0 tcontext=u:r:hht_ota_mgr:s0 tclass=udp_socket permissive=0
11-11 21:14:44.100 I/auditd ( 2720): type=1400 audit(0.0:1466999672): avc: denied { read } for comm="event_loop" lport=13400 scontext=u:r:hht_ota_mgr:s0 tcontext=u:r:hht_ota_mgr:s0 tclass=udp_socket permissive=0
11-11 21:14:44.100 I/auditd ( 2720): type=1400 audit(0.0:1466999673): avc: denied { read } for comm="event_loop" lport=13400 scontext=u:r:hht_ota_mgr:s0 tcontext=u:r:hht_ota_mgr:s0 tclass=udp_socket permissive=0
11-11 21:14:44.100 I/auditd ( 2720): type=1400 audit(0.0:1466999674): avc: denied { read } for comm="event_loop" lport=13400 scontext=u:r:hht_ota_mgr:s0 tcontext=u:r:hht_ota_mgr:s0 tclass=udp_socket permissive=0
11-11 21:14:45.104 I/auditd ( 2720): type=1400 audit(0.0:1467267673): avc: denied { read } for comm="event_loop" lport=13400 scontext=u:r:hht_ota_mgr:s0 tcontext=u:r:hht_ota_mgr:s0 tclass=udp_socket permissive=0
11-11 21:14:45.104 I/auditd ( 2720): type=1400 audit(0.0:1467267674): avc: denied { read } for comm="event_loop" lport=13400 scontext=u:r:hht_ota_mgr:s0 tcontext=u:r:hht_ota_mgr:s0 tclass=udp_socket permissive=0
11-11 21:14:45.104 I/auditd ( 2720): type=1400 audit(0.0:1467267675): avc: denied { read } for comm="event_loop" lport=13400 scontext=u:r:hht_ota_mgr:s0 tcontext=u:r:hht_ota_mgr:s0 tclass=udp_socket permissive=0
11-11 21:14:45.104 I/auditd ( 2720): type=1400 audit(0.0:1467267676): avc: denied { read } for comm="event_loop" lport=13400 scontext=u:r:hht_ota_mgr:s0 tcontext=u:r:hht_ota_mgr:s0 tclass=udp_socket permissive=0
11-11 21:14:45.104 I/auditd ( 2720): type=1400 audit(0.0:1467267677): avc: denied { read } for comm="event_loop" lport=13400 scontext=u:r:hht_ota_mgr:s0 tcontext=u:r:hht_ota_mgr:s0 tclass=udp_socket permissive=0
11-11 21:14:46.104 I/auditd ( 2720): type=1400 audit(0.0:1467536305): avc: denied { read } for comm="event_loop" lport=13400 scontext=u:r:hht_ota_mgr:s0 tcontext=u:r:hht_ota_mgr:s0 tclass=udp_socket permissive=0
11-11 21:14:46.108 I/auditd ( 2720): type=1400 audit(0.0:1467536306): avc: denied { read } for comm="event_loop" lport=13400 scontext=u:r:hht_ota_mgr:s0 tcontext=u:r:hht_ota_mgr:s0 tclass=udp_socket permissive=0
11-11 21:14:46.108 I/auditd ( 2720): type=1400 audit(0.0:1467536307): avc: denied { read } for comm="event_loop" lport=13400 scontext=u:r:hht_ota_mgr:s0 tcontext=u:r:hht_ota_mgr:s0 tclass=udp_socket permissive=0
11-11 21:14:46.108 I/auditd ( 2720): type=1400 audit(0.0:1467536308): avc: denied { read } for comm="event_loop" lport=13400 scontext=u:r:hht_ota_mgr:s0 tcontext=u:r:hht_ota_mgr:s0 tclass=udp_socket permissive=0
11-11 21:14:46.108 I/auditd ( 2720): type=1400 audit(0.0:1467536309): avc: denied { read } for comm="event_loop" lport=13400 scontext=u:r:hht_ota_mgr:s0 tcontext=u:r:hht_ota_mgr:s0 tclass=udp_socket permissive=0
11-11 21:14:47.112 I/auditd ( 2720): type=1400 audit(0.0:1467805817): avc: denied { read } for comm="event_loop" lport=13400 scontext=u:r:hht_ota_mgr:s0 tcontext=u:r:hht_ota_mgr:s0 tclass=udp_socket permissive=0
11-11 21:14:47.112 I/auditd ( 2720): type=1400 audit(0.0:1467805818): avc: denied { read } for comm="event_loop" lport=13400 scontext=u:r:hht_ota_mgr:s0 tcontext=u:r:hht_ota_mgr:s0 tclass=udp_socket permissive=0
11-11 21:14:47.112 I/auditd ( 2720): type=1400 audit(0.0:1467805819): avc: denied { read } for comm="event_loop" lport=13400 scontext=u:r:hht_ota_mgr:s0 tcontext=u:r:hht_ota_mgr:s0 tclass=udp_socket permissive=0
11-11 21:14:47.112 I/auditd ( 2720): type=1400 audit(0.0:1467805820): avc: denied { read } for comm="event_loop" lport=13400 scontext=u:r:hht_ota_mgr:s0 tcontext=u:r:hht_ota_mgr:s0 tclass=udp_socket permissive=0
11-11 21:14:47.112 I/auditd ( 2720): type=1400 audit(0.0:1467805821): avc: denied { read } for comm="event_loop" lport=13400 scontext=u:r:hht_ota_mgr:s0 tcontext=u:r:hht_ota_mgr:s0 tclass=udp_socket permissive=0
11-11 21:14:48.116 I/auditd ( 2720): type=1400 audit(0.0:1468074907): avc: denied { read } for comm="event_loop" lport=13400 scontext=u:r:hht_ota_mgr:s0 tcontext=u:r:hht_ota_mgr:s0 tclass=udp_socket permissive=0
11-11 21:14:48.116 I/auditd ( 2720): type=1400 audit(0.0:1468074908): avc: denied { read } for comm="event_loop" lport=13400 scontext=u:r:hht_ota_mgr:s0 tcontext=u:r:hht_ota_mgr:s0 tclass=udp_socket permissive=0
11-11 21:14:48.116 I/auditd ( 2720): type=1400 audit(0.0:1468074909): avc: denied { read } for comm="event_loop" lport=13400 scontext=u:r:hht_ota_mgr:s0 tcontext=u:r:hht_ota_mgr:s0 tclass=udp_socket permissive=0
11-11 21:14:48.116 I/auditd ( 2720): type=1400 audit(0.0:1468074910): avc: denied { read } for comm="event_loop" lport=13400 scontext=u:r:hht_ota_mgr:s0 tcontext=u:r:hht_ota_mgr:s0 tclass=udp_socket permissive=0
11-11 21:14:48.116 I/auditd ( 2720): type=1400 audit(0.0:1468074911): avc: denied { read } for comm="event_loop" lport=13400 scontext=u:r:hht_ota_mgr:s0 tcontext=u:r:hht_ota_mgr:s0 tclass=udp_socket permissive=0
11-11 21:14:49.120 I/auditd ( 2720): type=1400 audit(0.0:1468343095): avc: denied { read } for comm="event_loop" lport=13400 scontext=u:r:hht_ota_mgr:s0 tcontext=u:r:hht_ota_mgr:s0 tclass=udp_socket permissive=0
11-11 21:14:49.120 I/auditd ( 2720): type=1400 audit(0.0:1468343096): avc: denied { read } for comm="event_loop" lport=13400 scontext=u:r:hht_ota_mgr:s0 tcontext=u:r:hht_ota_mgr:s0 tclass=udp_socket permissive=0
11-11 21:14:49.120 I/auditd ( 2720): type=1400 audit(0.0:1468343097): avc: denied { read } for comm="event_loop" lport=13400 scontext=u:r:hht_ota_mgr:s0 tcontext=u:r:hht_ota_mgr:s0 tclass=udp_socket permissive=0
11-11 21:14:49.120 I/auditd ( 2720): type=1400 audit(0.0:1468343098): avc: denied { read } for comm="event_loop" lport=13400 scontext=u:r:hht_ota_mgr:s0 tcontext=u:r:hht_ota_mgr:s0 tclass=udp_socket permissive=0
11-11 21:14:49.120 I/auditd ( 2720): type=1400 audit(0.0:1468343099): avc: denied { read } for comm="event_loop" lport=13400 scontext=u:r:hht_ota_mgr:s0 tcontext=u:r:hht_ota_mgr:s0 tclass=udp_socket permissive=0
11-11 21:14:50.120 I/auditd ( 2720): type=1400 audit(0.0:1468612211): avc: denied { read } for comm="event_loop" lport=13400 scontext=u:r:hht_ota_mgr:s0 tcontext=u:r:hht_ota_mgr:s0 tclass=udp_socket permissive=0
11-11 21:14:50.124 I/auditd ( 2720): type=1400 audit(0.0:1468612212): avc: denied { read } for comm="event_loop" lport=13400 scontext=u:r:hht_ota_mgr:s0 tcontext=u:r:hht_ota_mgr:s0 tclass=udp_socket permissive=0
11-11 21:14:50.124 I/auditd ( 2720): type=1400 audit(0.0:1468612213): avc: denied { read } for comm="event_loop" lport=13400 scontext=u:r:hht_ota_mgr:s0 tcontext=u:r:hht_ota_mgr:s0 tclass=udp_socket permissive=0
11-11 21:14:50.124 I/auditd ( 2720): type=1400 audit(0.0:1468612214): avc: denied { read } for comm="event_loop" lport=13400 scontext=u:r:hht_ota_mgr:s0 tcontext=u:r:hht_ota_mgr:s0 tclass=udp_socket permissive=0
11-11 21:14:50.124 I/auditd ( 2720): type=1400 audit(0.0:1468612215): avc: denied { read } for comm="event_loop" lport=13400 scontext=u:r:hht_ota_mgr:s0 tcontext=u:r:hht_ota_mgr:s0 tclass=udp_socket permissive=0
11-11 21:14:51.128 I/auditd ( 2720): type=1400 audit(0.0:1468881269): avc: denied { read } for comm="event_loop" lport=13400 scontext=u:r:hht_ota_mgr:s0 tcontext=u:r:hht_ota_mgr:s0 tclass=udp_socket permissive=0
11-11 21:14:51.128 I/auditd ( 2720): type=1400 audit(0.0:1468881270): avc: denied { read } for comm="event_loop" lport=13400 scontext=u:r:hht_ota_mgr:s0 tcontext=u:r:hht_ota_mgr:s0 tclass=udp_socket permissive=0
11-11 21:14:51.128 I/auditd ( 2720): type=1400 audit(0.0:1468881271): avc: denied { read } for comm="event_loop" lport=13400 scontext=u:r:hht_ota_mgr:s0 tcontext=u:r:hht_ota_mgr:s0 tclass=udp_socket permissive=0
11-11 21:14:51.128 I/auditd ( 2720): type=1400 audit(0.0:1468881272): avc: denied { read } for comm="event_loop" lport=13400 scontext=u:r:hht_ota_mgr:s0 tcontext=u:r:hht_ota_mgr:s0 tclass=udp_socket permissive=0
11-11 21:14:51.128 I/auditd ( 2720): type=1400 audit(0.0:1468881273): avc: denied { read } for comm="event_loop" lport=13400 scontext=u:r:hht_ota_mgr:s0 tcontext=u:r:hht_ota_mgr:s0 tclass=udp_socket permissive=0
11-11 21:14:52.132 I/auditd ( 2720): type=1400 audit(0.0:1469150207): avc: denied { read } for comm="event_loop" lport=13400 scontext=u:r:hht_ota_mgr:s0 tcontext=u:r:hht_ota_mgr:s0 tclass=udp_socket permissive=0
11-11 21:14:52.132 I/auditd ( 2720): type=1400 audit(0.0:1469150208): avc: denied { read } for comm="event_loop" lport=13400 scontext=u:r:hht_ota_mgr:s0 tcontext=u:r:hht_ota_mgr:s0 tclass=udp_socket permissive=0
11-11 21:14:52.132 I/auditd ( 2720): type=1400 audit(0.0:1469150209): avc: denied { read } for comm="event_loop" lport=13400 scontext=u:r:hht_ota_mgr:s0 tcontext=u:r:hht_ota_mgr:s0 tclass=udp_socket permissive=0
11-11 21:14:52.132 I/auditd ( 2720): type=1400 audit(0.0:1469150210): avc: denied { read } for comm="event_loop" lport=13400 scontext=u:r:hht_ota_mgr:s0 tcontext=u:r:hht_ota_mgr:s0 tclass=udp_socket permissive=0
11-11 21:14:52.132 I/auditd ( 2720): type=1400 audit(0.0:1469150211): avc: denied { read } for comm="event_loop" lport=13400 scontext=u:r:hht_ota_mgr:s0 tcontext=u:r:hht_ota_mgr:s0 tclass=udp_socket permissive=0
11-11 21:14:53.132 I/auditd ( 2720): type=1400 audit(0.0:1469418971): avc: denied { read } for comm="event_loop" lport=13400 scontext=u:r:hht_ota_mgr:s0 tcontext=u:r:hht_ota_mgr:s0 tclass=udp_socket permissive=0
11-11 21:14:53.136 I/auditd ( 2720): type=1400 audit(0.0:1469418972): avc: denied { read } for comm="event_loop" lport=13400 scontext=u:r:hht_ota_mgr:s0 tcontext=u:r:hht_ota_mgr:s0 tclass=udp_socket permissive=0
11-11 21:14:53.136 I/auditd ( 2720): type=1400 audit(0.0:1469418973): avc: denied { read } for comm="event_loop" lport=13400 scontext=u:r:hht_ota_mgr:s0 tcontext=u:r:hht_ota_mgr:s0 tclass=udp_socket permissive=0
11-11 21:14:53.136 I/auditd ( 2720): type=1400 audit(0.0:1469418974): avc: denied { read } for comm="event_loop" lport=13400 scontext=u:r:hht_ota_mgr:s0 tcontext=u:r:hht_ota_mgr:s0 tclass=udp_socket permissive=0
11-11 21:14:53.136 I/auditd ( 2720): type=1400 audit(0.0:1469418975): avc: denied { read } for comm="event_loop" lport=13400 scontext=u:r:hht_ota_mgr:s0 tcontext=u:r:hht_ota_mgr:s0 tclass=udp_socket permissive=0
11-11 21:14:54.136 I/auditd ( 2720): type=1400 audit(0.0:1469688034): avc: denied { read } for comm="event_loop" lport=13400 scontext=u:r:hht_ota_mgr:s0 tcontext=u:r:hht_ota_mgr:s0 tclass=udp_socket permissive=0
11-11 21:14:54.140 I/auditd ( 2720): type=1400 audit(0.0:1469688035): avc: denied { read } for comm="event_loop" lport=13400 scontext=u:r:hht_ota_mgr:s0 tcontext=u:r:hht_ota_mgr:s0 tclass=udp_socket permissive=0
11-11 21:14:54.140 I/auditd ( 2720): type=1400 audit(0.0:1469688036): avc: denied { read } for comm="event_loop" lport=13400 scontext=u:r:hht_ota_mgr:s0 tcontext=u:r:hht_ota_mgr:s0 tclass=udp_socket permissive=0
11-11 21:14:54.140 I/auditd ( 2720): type=1400 audit(0.0:1469688037): avc: denied { read } for comm="event_loop" lport=13400 scontext=u:r:hht_ota_mgr:s0 tcontext=u:r:hht_ota_mgr:s0 tclass=udp_socket permissive=0
11-11 21:14:54.140 I/auditd ( 2720): type=1400 audit(0.0:1469688038): avc: denied { read } for comm="event_loop" lport=13400 scontext=u:r:hht_ota_mgr:s0 tcontext=u:r:hht_ota_mgr:s0 tclass=udp_socket permissive=0
11-11 21:14:55.144 I/auditd ( 2720): type=1400 audit(0.0:1469957190): avc: denied { read } for comm="event_loop" lport=13400 scontext=u:r:hht_ota_mgr:s0 tcontext=u:r:hht_ota_mgr:s0 tclass=udp_socket permissive=0
11-11 21:14:55.144 I/auditd ( 2720): type=1400 audit(0.0:1469957191): avc: denied { read } for comm="event_loop" lport=13400 scontext=u:r:hht_ota_mgr:s0 tcontext=u:r:hht_ota_mgr:s0 tclass=udp_socket permissive=0
11-11 21:14:55.144 I/auditd ( 2720): type=1400 audit(0.0:1469957192): avc: denied { read } for comm="event_loop" lport=13400 scontext=u:r:hht_ota_mgr:s0 tcontext=u:r:hht_ota_mgr:s0 tclass=udp_socket permissive=0
11-11 21:14:55.144 I/auditd ( 2720): type=1400 audit(0.0:1469957193): avc: denied { read } for comm="event_loop" lport=13400 scontext=u:r:hht_ota_mgr:s0 tcontext=u:r:hht_ota_mgr:s0 tclass=udp_socket permissive=0
11-11 21:14:55.144 I/auditd ( 2720): type=1400 audit(0.0:1469957194): avc: denied { read } for comm="event_loop" lport=13400 scontext=u:r:hht_ota_mgr:s0 tcontext=u:r:hht_ota_mgr:s0 tclass=udp_socket permissive=0
11-11 21:14:56.148 I/auditd ( 2720): type=1400 audit(0.0:1470226599): avc: denied { read } for comm="event_loop" lport=13400 scontext=u:r:hht_ota_mgr:s0 tcontext=u:r:hht_ota_mgr:s0 tclass=udp_socket permissive=0
11-11 21:14:56.148 I/auditd ( 2720): type=1400 audit(0.0:1470226600): avc: denied { read } for comm="event_loop" lport=13400 scontext=u:r:hht_ota_mgr:s0 tcontext=u:r:hht_ota_mgr:s0 tclass=udp_socket permissive=0
11-11 21:14:56.148 I/auditd ( 2720): type=1400 audit(0.0:1470226601): avc: denied { read } for comm="event_loop" lport=13400 scontext=u:r:hht_ota_mgr:s0 tcontext=u:r:hht_ota_mgr:s0 tclass=udp_socket permissive=0
11-11 21:14:56.148 I/auditd ( 2720): type=1400 audit(0.0:1470226602): avc: denied { read } for comm="event_loop" lport=13400 scontext=u:r:hht_ota_mgr:s0 tcontext=u:r:hht_ota_mgr:s0 tclass=udp_socket permissive=0
11-11 21:14:56.148 I/auditd ( 2720): type=1400 audit(0.0:1470226603): avc: denied { read } for comm="event_loop" lport=13400 scontext=u:r:hht_ota_mgr:s0 tcontext=u:r:hht_ota_mgr:s0 tclass=udp_socket permissive=0
11-11 21:14:57.152 I/auditd ( 2720): type=1400 audit(0.0:1470495371): avc: denied { read } for comm="event_loop" lport=13400 scontext=u:r:hht_ota_mgr:s0 tcontext=u:r:hht_ota_mgr:s0 tclass=udp_socket permissive=0
11-11 21:14:57.152 I/auditd ( 2720): type=1400 audit(0.0:1470495372): avc: denied { read } for comm="event_loop" lport=13400 scontext=u:r:hht_ota_mgr:s0 tcontext=u:r:hht_ota_mgr:s0 tclass=udp_socket permissive=0
11-11 21:14:57.152 I/auditd ( 2720): type=1400 audit(0.0:1470495373): avc: denied { read } for comm="event_loop" lport=13400 scontext=u:r:hht_ota_mgr:s0 tcontext=u:r:hht_ota_mgr:s0 tclass=udp_socket permissive=0
11-11 21:14:57.152 I/auditd ( 2720): type=1400 audit(0.0:1470495374): avc: denied { read } for comm="event_loop" lport=13400 scontext=u:r:hht_ota_mgr:s0 tcontext=u:r:hht_ota_mgr:s0 tclass=udp_socket permissive=0
11-11 21:14:57.152 I/auditd ( 2720): type=1400 audit(0.0:1470495375): avc: denied { read } for comm="event_loop" lport=13400 scontext=u:r:hht_ota_mgr:s0 tcontext=u:r:hht_ota_mgr:s0 tclass=udp_socket permissive=0
11-11 21:14:58.152 I/auditd ( 2720): type=1400 audit(0.0:1470763938): avc: denied { read } for comm="event_loop" lport=13400 scontext=u:r:hht_ota_mgr:s0 tcontext=u:r:hht_ota_mgr:s0 tclass=udp_socket permissive=0
11-11 21:14:58.156 I/auditd ( 2720): type=1400 audit(0.0:1470763939): avc: denied { read } for comm="event_loop" lport=13400 scontext=u:r:hht_ota_mgr:s0 tcontext=u:r:hht_ota_mgr:s0 tclass=udp_socket permissive=0
11-11 21:14:58.156 I/auditd ( 2720): type=1400 audit(0.0:1470763940): avc: denied { read } for comm="event_loop" lport=13400 scontext=u:r:hht_ota_mgr:s0 tcontext=u:r:hht_ota_mgr:s0 tclass=udp_socket permissive=0
11-11 21:14:58.156 I/auditd ( 2720): type=1400 audit(0.0:1470763941): avc: denied { read } for comm="event_loop" lport=13400 scontext=u:r:hht_ota_mgr:s0 tcontext=u:r:hht_ota_mgr:s0 tclass=udp_socket permissive=0
11-11 21:14:58.156 I/auditd ( 2720): type=1400 audit(0.0:1470763942): avc: denied { read } for comm="event_loop" lport=13400 scontext=u:r:hht_ota_mgr:s0 tcontext=u:r:hht_ota_mgr:s0 tclass=udp_socket permissive=0
11-11 21:14:59.156 I/auditd ( 2720): type=1400 audit(0.0:1471032857): avc: denied { read } for comm="event_loop" lport=13400 scontext=u:r:hht_ota_mgr:s0 tcontext=u:r:hht_ota_mgr:s0 tclass=udp_socket permissive=0
11-11 21:14:59.160 I/auditd ( 2720): type=1400 audit(0.0:1471032858): avc: denied { read } for comm="event_loop" lport=13400 scontext=u:r:hht_ota_mgr:s0 tcontext=u:r:hht_ota_mgr:s0 tclass=udp_socket permissive=0
11-11 21:14:59.160 I/auditd ( 2720): type=1400 audit(0.0:1471032859): avc: denied { read } for comm="event_loop" lport=13400 scontext=u:r:hht_ota_mgr:s0 tcontext=u:r:hht_ota_mgr:s0 tclass=udp_socket permissive=0
11-11 21:14:59.160 I/auditd ( 2720): type=1400 audit(0.0:1471032860): avc: denied { read } for comm="event_loop" lport=13400 scontext=u:r:hht_ota_mgr:s0 tcontext=u:r:hht_ota_mgr:s0 tclass=udp_socket permissive=0
11-11 21:14:59.160 I/auditd ( 2720): type=1400 audit(0.0:1471032861): avc: denied { read } for comm="event_loop" lport=13400 scontext=u:r:hht_ota_mgr:s0 tcontext=u:r:hht_ota_mgr:s0 tclass=udp_socket permissive=0
11-11 21:15:00.164 I/auditd ( 2720): type=1400 audit(0.0:1471301453): avc: denied { read } for comm="event_loop" lport=13400 scontext=u:r:hht_ota_mgr:s0 tcontext=u:r:hht_ota_mgr:s0 tclass=udp_socket permissive=0
11-11 21:15:00.164 I/auditd ( 2720): type=1400 audit(0.0:1471301454): avc: denied { read } for comm="event_loop" lport=13400 scontext=u:r:hht_ota_mgr:s0 tcontext=u:r:hht_ota_mgr:s0 tclass=udp_socket permissive=0
11-11 21:15:00.164 I/auditd ( 2720): type=1400 audit(0.0:1471301455): avc: denied { read } for comm="event_loop" lport=13400 scontext=u:r:hht_ota_mgr:s0 tcontext=u:r:hht_ota_mgr:s0 tclass=udp_socket permissive=0
11-11 21:15:00.164 I/auditd ( 2720): type=1400 audit(0.0:1471301456): avc: denied { read } for comm="event_loop" lport=13400 scontext=u:r:hht_ota_mgr:s0 tcontext=u:r:hht_ota_mgr:s0 tclass=udp_socket permissive=0
11-11 21:15:00.164 I/auditd ( 2720): type=1400 audit(0.0:1471301457): avc: denied { read } for comm="event_loop" lport=13400 scontext=u:r:hht_ota_mgr:s0 tcontext=u:r:hht_ota_mgr:s0 tclass=udp_socket permissive=0
11-11 21:15:00.420 I/input_interaction( 1503): Interaction with: abc902b com.thundercomm.screensaver/android.service.dreams.DreamActivity (server), edge-swipe (server), swipe-up (server), PointerEventDispatcher0 (server),
11-11 21:15:00.423 I/wm_finish_activity( 1503): [0,188342799,35,com.thundercomm.screensaver/android.service.dreams.DreamActivity,finish-activity]
11-11 21:15:00.423 I/wm_task_moved( 1503): [1,1,8]
11-11 21:15:00.424 I/wm_task_moved( 1503): [24,1,2147483647]
11-11 21:15:00.424 I/wm_task_to_front( 1503): [0,24]
11-11 21:15:00.424 I/wm_focused_root_task( 1503): [0,0,1,35,finish-top adjustFocusToNextFocusableTask]
11-11 21:15:00.424 I/wm_set_resumed_activity( 1503): [0,com.android.launcher3/.uioverrides.QuickstepLauncher,finish-top adjustFocusToNextFocusableTask]
11-11 21:15:00.426 I/wm_pause_activity( 1503): [0,188342799,com.thundercomm.screensaver/android.service.dreams.DreamActivity,userLeaving=false,finish]
11-11 21:15:00.431 I/sysui_multi_action( 1503): [757,803,799,window_time_0,802,287]
11-11 21:15:00.432 I/wm_on_top_resumed_lost_called( 9762): [188342799,android.service.dreams.DreamActivity,topStateChangedWhenResumed]
11-11 21:15:00.432 I/wm_on_paused_called( 9762): [188342799,android.service.dreams.DreamActivity,performPause]
11-11 21:15:00.433 I/wm_add_to_stopping( 1503): [0,188342799,com.thundercomm.screensaver/android.service.dreams.DreamActivity,completeFinishing]
11-11 21:15:00.435 I/wm_set_resumed_activity( 1503): [0,com.android.launcher3/.uioverrides.QuickstepLauncher,resumeTopActivityInnerLocked]
11-11 21:15:00.436 I/wm_resume_activity( 1503): [0,158215347,24,com.android.launcher3/.uioverrides.QuickstepLauncher]
11-11 21:15:00.442 I/sysui_multi_action( 1503): [757,803,799,window_time_0,802,0]
11-11 21:15:00.445 I/am_uid_active( 1503): 10064
11-11 21:15:00.452 I/view_enqueue_input_event( 9762): [Motion - Cancel,com.thundercomm.screensaver/android.service.dreams.DreamActivity]
11-11 21:15:00.452 I/input_focus( 1503): [Focus leaving abc902b com.thundercomm.screensaver/android.service.dreams.DreamActivity (server),reason=NO_WINDOW]
11-11 21:15:00.454 I/am_pss ( 1503): [4918,10093,com.tencent.qqmusicpad:QQPlayerService,45184000,20836352,0,133615616,0,4,6]
11-11 21:15:00.457 I/input_interaction( 1503): Interaction with: edge-swipe (server), swipe-up (server), PointerEventDispatcher0 (server),
11-11 21:15:00.459 I/wm_on_restart_called( 2526): [158215347,com.android.launcher3.uioverrides.QuickstepLauncher,performRestartActivity]
11-11 21:15:00.459 I/wm_on_start_called( 2526): [158215347,com.android.launcher3.uioverrides.QuickstepLauncher,handleStartActivity]
11-11 21:15:00.459 I/wm_on_resume_called( 2526): [158215347,com.android.launcher3.uioverrides.QuickstepLauncher,RESUME_ACTIVITY]
11-11 21:15:00.459 I/wm_on_top_resumed_gained_called( 2526): [158215347,com.android.launcher3.uioverrides.QuickstepLauncher,topWhenResuming]
11-11 21:15:00.477 I/input_focus( 1503): [Focus request 81633e2 com.android.launcher3/com.android.launcher3.uioverrides.QuickstepLauncher,reason=UpdateInputWindows]
11-11 21:15:00.489 I/input_focus( 1503): [Focus entering 81633e2 com.android.launcher3/com.android.launcher3.uioverrides.QuickstepLauncher (server),reason=setFocusedWindow]
11-11 21:15:00.722 I/wm_destroy_activity( 1503): [0,188342799,35,com.thundercomm.screensaver/android.service.dreams.DreamActivity,finish-imm:idle]
11-11 21:15:00.744 I/wm_on_stop_called( 9762): [188342799,android.service.dreams.DreamActivity,LIFECYCLER_STOP_ACTIVITY]
11-11 21:15:00.745 I/wm_on_destroy_called( 9762): [188342799,android.service.dreams.DreamActivity,performDestroy]
11-11 21:15:00.747 I/sysui_multi_action( 1503): [757,222,758,2]
11-11 21:15:00.747 I/sysui_multi_action( 1503): [757,804,799,dreaming_minutes,801,4,802,1]
11-11 21:15:00.754 I/wm_task_removed( 1503): [35,removeChild:removeChild last r=ActivityRecord{b39e20f u0 com.thundercomm.screensaver/android.service.dreams.DreamActivity t-1 f}} in t=Task{e79f35d #35 type=dream A=10041:android:com.thundercomm.screensaver/dream U=0 visible=false mode=fullscreen translucent=true sz=0}]
11-11 21:15:00.754 I/wm_task_removed( 1503): [35,removeChild]
11-11 21:15:01.164 I/auditd ( 2720): type=1400 audit(0.0:1471567884): avc: denied { read } for comm="event_loop" lport=13400 scontext=u:r:hht_ota_mgr:s0 tcontext=u:r:hht_ota_mgr:s0 tclass=udp_socket permissive=0
11-11 21:15:01.168 I/auditd ( 2720): type=1400 audit(0.0:1471567885): avc: denied { read } for comm="event_loop" lport=13400 scontext=u:r:hht_ota_mgr:s0 tcontext=u:r:hht_ota_mgr:s0 tclass=udp_socket permissive=0
11-11 21:15:01.168 I/auditd ( 2720): type=1400 audit(0.0:1471567886): avc: denied { read } for comm="event_loop" lport=13400 scontext=u:r:hht_ota_mgr:s0 tcontext=u:r:hht_ota_mgr:s0 tclass=udp_socket permissive=0
11-11 21:15:01.168 I/auditd ( 2720): type=1400 audit(0.0:1471567887): avc: denied { read } for comm="event_loop" lport=13400 scontext=u:r:hht_ota_mgr:s0 tcontext=u:r:hht_ota_mgr:s0 tclass=udp_socket permissive=0
11-11 21:15:01.168 I/auditd ( 2720): type=1400 audit(0.0:1471567888): avc: denied { read } for comm="event_loop" lport=13400 scontext=u:r:hht_ota_mgr:s0 tcontext=u:r:hht_ota_mgr:s0 tclass=udp_socket permissive=0
11-11 21:15:01.381 I/input_interaction( 1503): Interaction with: 81633e2 com.android.launcher3/com.android.launcher3.uioverrides.QuickstepLauncher (server), 43cbacc com.android.systemui.ImageWallpaper (server), edge-swipe (server), swipe-up (server), PointerEventDispatcher0 (server),
11-11 21:15:01.472 I/sysui_multi_action( 1503): [757,127,758,1]
11-11 21:15:01.472 I/sysui_multi_action( 1503): [757,804,799,note_load,801,2,802,1]
11-11 21:15:01.472 I/notification_panel_revealed( 1503): 2
11-11 21:15:01.474 I/sysui_multi_action( 1503): [757,128,758,1,793,1517924394,794,0,795,1517924394,796,26,798,0,806,android,857,DEVELOPER_IMPORTANT,858,4,947,0,1395,2,1500,1517924134,1688,1]
11-11 21:15:01.474 I/sysui_multi_action( 1503): [757,804,799,note_freshness,801,1517924394,802,1]
11-11 21:15:01.474 I/notification_visibility( 1503): [-1|android|26|null|1000,1,1517924394,1517924394,0,0]
11-11 21:15:01.474 I/sysui_multi_action( 1503): [757,128,758,1,793,1517924876,794,0,795,1517924876,796,32,798,1,806,android,857,USB,858,1,947,0,1395,2,1500,1517924552,1688,1]
11-11 21:15:01.475 I/sysui_multi_action( 1503): [757,804,799,note_freshness,801,1517924876,802,1]
11-11 21:15:01.475 I/notification_visibility( 1503): [-1|android|32|null|1000,1,1517924876,1517924876,0,1]
11-11 21:15:01.492 I/input_focus( 1503): [Focus request 90f6769 NotificationShade,reason=UpdateInputWindows]
11-11 21:15:01.508 I/input_focus( 1503): [Focus leaving 81633e2 com.android.launcher3/com.android.launcher3.uioverrides.QuickstepLauncher (server),reason=setFocusedWindow]
11-11 21:15:01.508 I/input_focus( 1503): [Focus entering 90f6769 NotificationShade (server),reason=setFocusedWindow]
11-11 21:15:01.514 I/input_interaction( 1503): Interaction with: 81633e2 com.android.launcher3/com.android.launcher3.uioverrides.QuickstepLauncher (server), 43cbacc com.android.systemui.ImageWallpaper (server), 90f6769 NotificationShade (server), edge-swipe (server), swipe-up (server), PointerEventDispatcher0 (server),
11-11 21:15:01.515 I/view_enqueue_input_event( 2526): [Motion - Cancel,com.android.launcher3/com.android.launcher3.uioverrides.QuickstepLauncher]
11-11 21:15:01.528 I/input_interaction( 1503): Interaction with: 43cbacc com.android.systemui.ImageWallpaper (server), 90f6769 NotificationShade (server), edge-swipe (server), swipe-up (server), PointerEventDispatcher0 (server),
11-11 21:15:01.541 I/input_focus( 1503): [Focus request 81633e2 com.android.launcher3/com.android.launcher3.uioverrides.QuickstepLauncher,reason=UpdateInputWindows]
11-11 21:15:01.558 I/input_focus( 1503): [Focus request 90f6769 NotificationShade,reason=UpdateInputWindows]
11-11 21:15:01.562 I/input_focus( 1503): [Focus leaving 90f6769 NotificationShade (server),reason=NOT_FOCUSABLE]
11-11 21:15:01.562 I/input_focus( 1503): [Focus entering 81633e2 com.android.launcher3/com.android.launcher3.uioverrides.QuickstepLauncher (server),reason=setFocusedWindow]
11-11 21:15:01.576 I/input_focus( 1503): [Focus leaving 81633e2 com.android.launcher3/com.android.launcher3.uioverrides.QuickstepLauncher (server),reason=setFocusedWindow]
11-11 21:15:01.576 I/input_focus( 1503): [Focus entering 90f6769 NotificationShade (server),reason=setFocusedWindow]
11-11 21:15:01.586 I/sysui_multi_action( 1982): [757,111,758,1]
11-11 21:15:01.586 I/sysui_multi_action( 1982): [757,126,758,1,759,126,927,0,928,1,1593,0]
11-11 21:15:01.586 I/sysui_multi_action( 1982): [757,113,758,1,759,113,927,1,928,0,1593,0]
11-11 21:15:01.586 I/sysui_multi_action( 1982): [757,0,758,1,759,0,927,2,928,0,1593,0]
11-11 21:15:01.587 I/sysui_multi_action( 1982): [757,0,758,1,759,0,927,3,928,0,1593,0]
11-11 21:15:01.587 I/sysui_multi_action( 1982): [757,491,758,1,759,491,927,4,928,0,1311,-1,1593,0]
11-11 21:15:01.587 I/sysui_multi_action( 1982): [757,0,758,1,759,0,927,5,928,0,1593,0]
