11-11 21:37:16.488 I/auditd ( 2720): type=1400 audit(0.0:1828227958): avc: denied { read } for comm="event_loop" lport=13400 scontext=u:r:hht_ota_mgr:s0 tcontext=u:r:hht_ota_mgr:s0 tclass=udp_socket permissive=0
11-11 21:37:16.488 I/auditd ( 2720): type=1400 audit(0.0:1828227959): avc: denied { read } for comm="event_loop" lport=13400 scontext=u:r:hht_ota_mgr:s0 tcontext=u:r:hht_ota_mgr:s0 tclass=udp_socket permissive=0
11-11 21:37:16.488 I/auditd ( 2720): type=1400 audit(0.0:1828227960): avc: denied { read } for comm="event_loop" lport=13400 scontext=u:r:hht_ota_mgr:s0 tcontext=u:r:hht_ota_mgr:s0 tclass=udp_socket permissive=0
11-11 21:37:16.488 I/auditd ( 2720): type=1400 audit(0.0:1828227961): avc: denied { read } for comm="event_loop" lport=13400 scontext=u:r:hht_ota_mgr:s0 tcontext=u:r:hht_ota_mgr:s0 tclass=udp_socket permissive=0
11-11 21:37:17.488 I/auditd ( 2720): type=1400 audit(0.0:1828497365): avc: denied { read } for comm="event_loop" lport=13400 scontext=u:r:hht_ota_mgr:s0 tcontext=u:r:hht_ota_mgr:s0 tclass=udp_socket permissive=0
11-11 21:37:17.492 I/auditd ( 2720): type=1400 audit(0.0:1828497366): avc: denied { read } for comm="event_loop" lport=13400 scontext=u:r:hht_ota_mgr:s0 tcontext=u:r:hht_ota_mgr:s0 tclass=udp_socket permissive=0
11-11 21:37:17.492 I/auditd ( 2720): type=1400 audit(0.0:1828497367): avc: denied { read } for comm="event_loop" lport=13400 scontext=u:r:hht_ota_mgr:s0 tcontext=u:r:hht_ota_mgr:s0 tclass=udp_socket permissive=0
11-11 21:37:17.492 I/auditd ( 2720): type=1400 audit(0.0:1828497368): avc: denied { read } for comm="event_loop" lport=13400 scontext=u:r:hht_ota_mgr:s0 tcontext=u:r:hht_ota_mgr:s0 tclass=udp_socket permissive=0
11-11 21:37:17.492 I/auditd ( 2720): type=1400 audit(0.0:1828497369): avc: denied { read } for comm="event_loop" lport=13400 scontext=u:r:hht_ota_mgr:s0 tcontext=u:r:hht_ota_mgr:s0 tclass=udp_socket permissive=0
11-11 21:37:18.496 I/auditd ( 2720): type=1400 audit(0.0:1828768015): avc: denied { read } for comm="event_loop" lport=13400 scontext=u:r:hht_ota_mgr:s0 tcontext=u:r:hht_ota_mgr:s0 tclass=udp_socket permissive=0
11-11 21:37:18.496 I/auditd ( 2720): type=1400 audit(0.0:1828768016): avc: denied { read } for comm="event_loop" lport=13400 scontext=u:r:hht_ota_mgr:s0 tcontext=u:r:hht_ota_mgr:s0 tclass=udp_socket permissive=0
11-11 21:37:18.496 I/auditd ( 2720): type=1400 audit(0.0:1828768017): avc: denied { read } for comm="event_loop" lport=13400 scontext=u:r:hht_ota_mgr:s0 tcontext=u:r:hht_ota_mgr:s0 tclass=udp_socket permissive=0
11-11 21:37:18.496 I/auditd ( 2720): type=1400 audit(0.0:1828768018): avc: denied { read } for comm="event_loop" lport=13400 scontext=u:r:hht_ota_mgr:s0 tcontext=u:r:hht_ota_mgr:s0 tclass=udp_socket permissive=0
11-11 21:37:18.496 I/auditd ( 2720): type=1400 audit(0.0:1828768019): avc: denied { read } for comm="event_loop" lport=13400 scontext=u:r:hht_ota_mgr:s0 tcontext=u:r:hht_ota_mgr:s0 tclass=udp_socket permissive=0
11-11 21:37:19.500 I/auditd ( 2720): type=1400 audit(0.0:1829038420): avc: denied { read } for comm="event_loop" lport=13400 scontext=u:r:hht_ota_mgr:s0 tcontext=u:r:hht_ota_mgr:s0 tclass=udp_socket permissive=0
11-11 21:37:19.500 I/auditd ( 2720): type=1400 audit(0.0:1829038421): avc: denied { read } for comm="event_loop" lport=13400 scontext=u:r:hht_ota_mgr:s0 tcontext=u:r:hht_ota_mgr:s0 tclass=udp_socket permissive=0
11-11 21:37:19.500 I/auditd ( 2720): type=1400 audit(0.0:1829038422): avc: denied { read } for comm="event_loop" lport=13400 scontext=u:r:hht_ota_mgr:s0 tcontext=u:r:hht_ota_mgr:s0 tclass=udp_socket permissive=0
11-11 21:37:19.500 I/auditd ( 2720): type=1400 audit(0.0:1829038423): avc: denied { read } for comm="event_loop" lport=13400 scontext=u:r:hht_ota_mgr:s0 tcontext=u:r:hht_ota_mgr:s0 tclass=udp_socket permissive=0
11-11 21:37:19.500 I/auditd ( 2720): type=1400 audit(0.0:1829038424): avc: denied { read } for comm="event_loop" lport=13400 scontext=u:r:hht_ota_mgr:s0 tcontext=u:r:hht_ota_mgr:s0 tclass=udp_socket permissive=0
11-11 21:37:20.504 I/auditd ( 2720): type=1400 audit(0.0:1829308840): avc: denied { read } for comm="event_loop" lport=13400 scontext=u:r:hht_ota_mgr:s0 tcontext=u:r:hht_ota_mgr:s0 tclass=udp_socket permissive=0
11-11 21:37:20.504 I/auditd ( 2720): type=1400 audit(0.0:1829308841): avc: denied { read } for comm="event_loop" lport=13400 scontext=u:r:hht_ota_mgr:s0 tcontext=u:r:hht_ota_mgr:s0 tclass=udp_socket permissive=0
11-11 21:37:20.504 I/auditd ( 2720): type=1400 audit(0.0:1829308842): avc: denied { read } for comm="event_loop" lport=13400 scontext=u:r:hht_ota_mgr:s0 tcontext=u:r:hht_ota_mgr:s0 tclass=udp_socket permissive=0
11-11 21:37:20.504 I/auditd ( 2720): type=1400 audit(0.0:1829308843): avc: denied { read } for comm="event_loop" lport=13400 scontext=u:r:hht_ota_mgr:s0 tcontext=u:r:hht_ota_mgr:s0 tclass=udp_socket permissive=0
11-11 21:37:20.504 I/auditd ( 2720): type=1400 audit(0.0:1829308844): avc: denied { read } for comm="event_loop" lport=13400 scontext=u:r:hht_ota_mgr:s0 tcontext=u:r:hht_ota_mgr:s0 tclass=udp_socket permissive=0
11-11 21:37:21.508 I/auditd ( 2720): type=1400 audit(0.0:1829578898): avc: denied { read } for comm="event_loop" lport=13400 scontext=u:r:hht_ota_mgr:s0 tcontext=u:r:hht_ota_mgr:s0 tclass=udp_socket permissive=0
11-11 21:37:21.508 I/auditd ( 2720): type=1400 audit(0.0:1829578899): avc: denied { read } for comm="event_loop" lport=13400 scontext=u:r:hht_ota_mgr:s0 tcontext=u:r:hht_ota_mgr:s0 tclass=udp_socket permissive=0
11-11 21:37:21.508 I/auditd ( 2720): type=1400 audit(0.0:1829578900): avc: denied { read } for comm="event_loop" lport=13400 scontext=u:r:hht_ota_mgr:s0 tcontext=u:r:hht_ota_mgr:s0 tclass=udp_socket permissive=0
11-11 21:37:21.508 I/auditd ( 2720): type=1400 audit(0.0:1829578901): avc: denied { read } for comm="event_loop" lport=13400 scontext=u:r:hht_ota_mgr:s0 tcontext=u:r:hht_ota_mgr:s0 tclass=udp_socket permissive=0
11-11 21:37:21.508 I/auditd ( 2720): type=1400 audit(0.0:1829578902): avc: denied { read } for comm="event_loop" lport=13400 scontext=u:r:hht_ota_mgr:s0 tcontext=u:r:hht_ota_mgr:s0 tclass=udp_socket permissive=0
11-11 21:37:22.512 I/auditd ( 2720): type=1400 audit(0.0:1829849532): avc: denied { read } for comm="event_loop" lport=13400 scontext=u:r:hht_ota_mgr:s0 tcontext=u:r:hht_ota_mgr:s0 tclass=udp_socket permissive=0
11-11 21:37:22.512 I/auditd ( 2720): type=1400 audit(0.0:1829849533): avc: denied { read } for comm="event_loop" lport=13400 scontext=u:r:hht_ota_mgr:s0 tcontext=u:r:hht_ota_mgr:s0 tclass=udp_socket permissive=0
11-11 21:37:22.512 I/auditd ( 2720): type=1400 audit(0.0:1829849534): avc: denied { read } for comm="event_loop" lport=13400 scontext=u:r:hht_ota_mgr:s0 tcontext=u:r:hht_ota_mgr:s0 tclass=udp_socket permissive=0
11-11 21:37:22.512 I/auditd ( 2720): type=1400 audit(0.0:1829849535): avc: denied { read } for comm="event_loop" lport=13400 scontext=u:r:hht_ota_mgr:s0 tcontext=u:r:hht_ota_mgr:s0 tclass=udp_socket permissive=0
11-11 21:37:22.512 I/auditd ( 2720): type=1400 audit(0.0:1829849536): avc: denied { read } for comm="event_loop" lport=13400 scontext=u:r:hht_ota_mgr:s0 tcontext=u:r:hht_ota_mgr:s0 tclass=udp_socket permissive=0
11-11 21:37:23.516 I/auditd ( 2720): type=1400 audit(0.0:1830119401): avc: denied { read } for comm="event_loop" lport=13400 scontext=u:r:hht_ota_mgr:s0 tcontext=u:r:hht_ota_mgr:s0 tclass=udp_socket permissive=0
11-11 21:37:23.516 I/auditd ( 2720): type=1400 audit(0.0:1830119402): avc: denied { read } for comm="event_loop" lport=13400 scontext=u:r:hht_ota_mgr:s0 tcontext=u:r:hht_ota_mgr:s0 tclass=udp_socket permissive=0
11-11 21:37:23.516 I/auditd ( 2720): type=1400 audit(0.0:1830119403): avc: denied { read } for comm="event_loop" lport=13400 scontext=u:r:hht_ota_mgr:s0 tcontext=u:r:hht_ota_mgr:s0 tclass=udp_socket permissive=0
11-11 21:37:23.516 I/auditd ( 2720): type=1400 audit(0.0:1830119404): avc: denied { read } for comm="event_loop" lport=13400 scontext=u:r:hht_ota_mgr:s0 tcontext=u:r:hht_ota_mgr:s0 tclass=udp_socket permissive=0
11-11 21:37:23.516 I/auditd ( 2720): type=1400 audit(0.0:1830119405): avc: denied { read } for comm="event_loop" lport=13400 scontext=u:r:hht_ota_mgr:s0 tcontext=u:r:hht_ota_mgr:s0 tclass=udp_socket permissive=0
11-11 21:37:24.520 I/auditd ( 2720): type=1400 audit(0.0:1830389325): avc: denied { read } for comm="event_loop" lport=13400 scontext=u:r:hht_ota_mgr:s0 tcontext=u:r:hht_ota_mgr:s0 tclass=udp_socket permissive=0
11-11 21:37:24.520 I/auditd ( 2720): type=1400 audit(0.0:1830389326): avc: denied { read } for comm="event_loop" lport=13400 scontext=u:r:hht_ota_mgr:s0 tcontext=u:r:hht_ota_mgr:s0 tclass=udp_socket permissive=0
11-11 21:37:24.520 I/auditd ( 2720): type=1400 audit(0.0:1830389327): avc: denied { read } for comm="event_loop" lport=13400 scontext=u:r:hht_ota_mgr:s0 tcontext=u:r:hht_ota_mgr:s0 tclass=udp_socket permissive=0
11-11 21:37:24.520 I/auditd ( 2720): type=1400 audit(0.0:1830389328): avc: denied { read } for comm="event_loop" lport=13400 scontext=u:r:hht_ota_mgr:s0 tcontext=u:r:hht_ota_mgr:s0 tclass=udp_socket permissive=0
11-11 21:37:24.520 I/auditd ( 2720): type=1400 audit(0.0:1830389329): avc: denied { read } for comm="event_loop" lport=13400 scontext=u:r:hht_ota_mgr:s0 tcontext=u:r:hht_ota_mgr:s0 tclass=udp_socket permissive=0
11-11 21:37:25.520 I/auditd ( 2720): type=1400 audit(0.0:1830658761): avc: denied { read } for comm="event_loop" lport=13400 scontext=u:r:hht_ota_mgr:s0 tcontext=u:r:hht_ota_mgr:s0 tclass=udp_socket permissive=0
11-11 21:37:25.524 I/auditd ( 2720): type=1400 audit(0.0:1830658762): avc: denied { read } for comm="event_loop" lport=13400 scontext=u:r:hht_ota_mgr:s0 tcontext=u:r:hht_ota_mgr:s0 tclass=udp_socket permissive=0
11-11 21:37:25.524 I/auditd ( 2720): type=1400 audit(0.0:1830658763): avc: denied { read } for comm="event_loop" lport=13400 scontext=u:r:hht_ota_mgr:s0 tcontext=u:r:hht_ota_mgr:s0 tclass=udp_socket permissive=0
11-11 21:37:25.524 I/auditd ( 2720): type=1400 audit(0.0:1830658764): avc: denied { read } for comm="event_loop" lport=13400 scontext=u:r:hht_ota_mgr:s0 tcontext=u:r:hht_ota_mgr:s0 tclass=udp_socket permissive=0
11-11 21:37:25.524 I/auditd ( 2720): type=1400 audit(0.0:1830658765): avc: denied { read } for comm="event_loop" lport=13400 scontext=u:r:hht_ota_mgr:s0 tcontext=u:r:hht_ota_mgr:s0 tclass=udp_socket permissive=0
11-11 21:37:26.528 I/auditd ( 2720): type=1400 audit(0.0:1830929199): avc: denied { read } for comm="event_loop" lport=13400 scontext=u:r:hht_ota_mgr:s0 tcontext=u:r:hht_ota_mgr:s0 tclass=udp_socket permissive=0
11-11 21:37:26.528 I/auditd ( 2720): type=1400 audit(0.0:1830929200): avc: denied { read } for comm="event_loop" lport=13400 scontext=u:r:hht_ota_mgr:s0 tcontext=u:r:hht_ota_mgr:s0 tclass=udp_socket permissive=0
11-11 21:37:26.528 I/auditd ( 2720): type=1400 audit(0.0:1830929201): avc: denied { read } for comm="event_loop" lport=13400 scontext=u:r:hht_ota_mgr:s0 tcontext=u:r:hht_ota_mgr:s0 tclass=udp_socket permissive=0
11-11 21:37:26.528 I/auditd ( 2720): type=1400 audit(0.0:1830929202): avc: denied { read } for comm="event_loop" lport=13400 scontext=u:r:hht_ota_mgr:s0 tcontext=u:r:hht_ota_mgr:s0 tclass=udp_socket permissive=0
11-11 21:37:26.528 I/auditd ( 2720): type=1400 audit(0.0:1830929203): avc: denied { read } for comm="event_loop" lport=13400 scontext=u:r:hht_ota_mgr:s0 tcontext=u:r:hht_ota_mgr:s0 tclass=udp_socket permissive=0
11-11 21:37:27.390 I/am_freeze( 1503): [10571,com.android.settings]
11-11 21:37:27.392 I/am_kill ( 1503): [0,10571,com.android.settings,905,Unable to freeze binder interface]
11-11 21:37:27.418 I/am_proc_died( 1503): [0,10571,com.android.settings,905,19]
11-11 21:37:27.435 I/am_proc_start( 1503): [0,10625,1000,com.android.settings,NULL,]
11-11 21:37:27.462 I/am_proc_bound( 1503): [0,10625,com.android.settings]
11-11 21:37:27.532 I/auditd ( 2720): type=1400 audit(0.0:1831199146): avc: denied { read } for comm="event_loop" lport=13400 scontext=u:r:hht_ota_mgr:s0 tcontext=u:r:hht_ota_mgr:s0 tclass=udp_socket permissive=0
11-11 21:37:27.532 I/auditd ( 2720): type=1400 audit(0.0:1831199147): avc: denied { read } for comm="event_loop" lport=13400 scontext=u:r:hht_ota_mgr:s0 tcontext=u:r:hht_ota_mgr:s0 tclass=udp_socket permissive=0
11-11 21:37:27.532 I/auditd ( 2720): type=1400 audit(0.0:1831199148): avc: denied { read } for comm="event_loop" lport=13400 scontext=u:r:hht_ota_mgr:s0 tcontext=u:r:hht_ota_mgr:s0 tclass=udp_socket permissive=0
11-11 21:37:27.532 I/auditd ( 2720): type=1400 audit(0.0:1831199149): avc: denied { read } for comm="event_loop" lport=13400 scontext=u:r:hht_ota_mgr:s0 tcontext=u:r:hht_ota_mgr:s0 tclass=udp_socket permissive=0
11-11 21:37:27.532 I/auditd ( 2720): type=1400 audit(0.0:1831199150): avc: denied { read } for comm="event_loop" lport=13400 scontext=u:r:hht_ota_mgr:s0 tcontext=u:r:hht_ota_mgr:s0 tclass=udp_socket permissive=0
11-11 21:37:27.621 I/input_interaction( 1503): Interaction with: dcac9f2 com.thundercomm.screensaver/android.service.dreams.DreamActivity (server), edge-swipe (server), swipe-up (server), PointerEventDispatcher0 (server),
11-11 21:37:27.624 I/wm_finish_activity( 1503): [0,85682343,41,com.thundercomm.screensaver/android.service.dreams.DreamActivity,finish-activity]
11-11 21:37:27.624 I/wm_task_moved( 1503): [1,1,5]
11-11 21:37:27.625 I/wm_task_moved( 1503): [24,1,2147483647]
11-11 21:37:27.625 I/wm_task_to_front( 1503): [0,24]
11-11 21:37:27.625 I/wm_focused_root_task( 1503): [0,0,1,41,finish-top adjustFocusToNextFocusableTask]
11-11 21:37:27.625 I/wm_set_resumed_activity( 1503): [0,com.android.launcher3/.uioverrides.QuickstepLauncher,finish-top adjustFocusToNextFocusableTask]
11-11 21:37:27.626 I/wm_pause_activity( 1503): [0,85682343,com.thundercomm.screensaver/android.service.dreams.DreamActivity,userLeaving=false,finish]
11-11 21:37:27.633 I/sysui_multi_action( 1503): [757,803,799,window_time_0,802,1131]
11-11 21:37:27.634 I/wm_on_top_resumed_lost_called( 9762): [85682343,android.service.dreams.DreamActivity,topStateChangedWhenResumed]
11-11 21:37:27.634 I/wm_on_paused_called( 9762): [85682343,android.service.dreams.DreamActivity,performPause]
11-11 21:37:27.635 I/wm_add_to_stopping( 1503): [0,85682343,com.thundercomm.screensaver/android.service.dreams.DreamActivity,completeFinishing]
11-11 21:37:27.637 I/wm_set_resumed_activity( 1503): [0,com.android.launcher3/.uioverrides.QuickstepLauncher,resumeTopActivityInnerLocked]
11-11 21:37:27.637 I/wm_resume_activity( 1503): [0,158215347,24,com.android.launcher3/.uioverrides.QuickstepLauncher]
11-11 21:37:27.641 I/sysui_multi_action( 1503): [757,803,799,window_time_0,802,0]
11-11 21:37:27.644 I/view_enqueue_input_event( 9762): [Motion - Cancel,com.thundercomm.screensaver/android.service.dreams.DreamActivity]
11-11 21:37:27.645 I/input_focus( 1503): [Focus leaving dcac9f2 com.thundercomm.screensaver/android.service.dreams.DreamActivity (server),reason=NO_WINDOW]
11-11 21:37:27.645 I/input_interaction( 1503): Interaction with: edge-swipe (server), swipe-up (server), PointerEventDispatcher0 (server),
11-11 21:37:27.648 I/am_pss ( 1503): [10607,1000,com.qti.diagservices,6420480,3858432,0,94031872,0,10,4]
11-11 21:37:27.652 I/wm_on_restart_called( 2526): [158215347,com.android.launcher3.uioverrides.QuickstepLauncher,performRestartActivity]
11-11 21:37:27.652 I/wm_on_start_called( 2526): [158215347,com.android.launcher3.uioverrides.QuickstepLauncher,handleStartActivity]
11-11 21:37:27.652 I/wm_on_resume_called( 2526): [158215347,com.android.launcher3.uioverrides.QuickstepLauncher,RESUME_ACTIVITY]
11-11 21:37:27.652 I/wm_on_top_resumed_gained_called( 2526): [158215347,com.android.launcher3.uioverrides.QuickstepLauncher,topWhenResuming]
11-11 21:37:27.653 I/am_uid_running( 1503): 10064
11-11 21:37:27.658 I/am_proc_start( 1503): [0,10642,10064,com.thundercomm.gamemode.provider,content provider,{com.thundercomm.gamemode.provider/com.thundercomm.gamemode.provider.SettingsProvider}]
11-11 21:37:27.663 I/input_focus( 1503): [Focus request 81633e2 com.android.launcher3/com.android.launcher3.uioverrides.QuickstepLauncher,reason=UpdateInputWindows]
11-11 21:37:27.679 I/am_proc_bound( 1503): [0,10642,com.thundercomm.gamemode.provider]
11-11 21:37:27.682 I/input_focus( 1503): [Focus entering 81633e2 com.android.launcher3/com.android.launcher3.uioverrides.QuickstepLauncher (server),reason=setFocusedWindow]
11-11 21:37:27.684 I/am_uid_active( 1503): 10064
11-11 21:37:27.910 I/wm_destroy_activity( 1503): [0,85682343,41,com.thundercomm.screensaver/android.service.dreams.DreamActivity,finish-imm:idle]
11-11 21:37:27.928 I/wm_on_stop_called( 9762): [85682343,android.service.dreams.DreamActivity,LIFECYCLER_STOP_ACTIVITY]
11-11 21:37:27.928 I/wm_on_destroy_called( 9762): [85682343,android.service.dreams.DreamActivity,performDestroy]
11-11 21:37:27.930 I/sysui_multi_action( 1503): [757,222,758,2]
11-11 21:37:27.930 I/sysui_multi_action( 1503): [757,804,799,dreaming_minutes,801,18,802,1]
11-11 21:37:27.939 I/wm_task_removed( 1503): [41,removeChild:removeChild last r=ActivityRecord{51b68a7 u0 com.thundercomm.screensaver/android.service.dreams.DreamActivity t-1 f}} in t=Task{8f6c6ec #41 type=dream A=10041:android:com.thundercomm.screensaver/dream U=0 visible=false mode=fullscreen translucent=true sz=0}]
11-11 21:37:27.939 I/wm_task_removed( 1503): [41,removeChild]
11-11 21:37:28.536 I/auditd ( 2720): type=1400 audit(0.0:1831465533): avc: denied { read } for comm="event_loop" lport=13400 scontext=u:r:hht_ota_mgr:s0 tcontext=u:r:hht_ota_mgr:s0 tclass=udp_socket permissive=0
11-11 21:37:28.536 I/auditd ( 2720): type=1400 audit(0.0:1831465534): avc: denied { read } for comm="event_loop" lport=13400 scontext=u:r:hht_ota_mgr:s0 tcontext=u:r:hht_ota_mgr:s0 tclass=udp_socket permissive=0
11-11 21:37:28.536 I/auditd ( 2720): type=1400 audit(0.0:1831465535): avc: denied { read } for comm="event_loop" lport=13400 scontext=u:r:hht_ota_mgr:s0 tcontext=u:r:hht_ota_mgr:s0 tclass=udp_socket permissive=0
11-11 21:37:28.536 I/auditd ( 2720): type=1400 audit(0.0:1831465536): avc: denied { read } for comm="event_loop" lport=13400 scontext=u:r:hht_ota_mgr:s0 tcontext=u:r:hht_ota_mgr:s0 tclass=udp_socket permissive=0
11-11 21:37:28.536 I/auditd ( 2720): type=1400 audit(0.0:1831465537): avc: denied { read } for comm="event_loop" lport=13400 scontext=u:r:hht_ota_mgr:s0 tcontext=u:r:hht_ota_mgr:s0 tclass=udp_socket permissive=0
11-11 21:37:29.085 I/input_interaction( 1503): Interaction with: 774c2fa StatusBar (server), edge-swipe (server), swipe-up (server), PointerEventDispatcher0 (server),
11-11 21:37:29.131 I/sysui_multi_action( 1503): [757,127,758,1]
11-11 21:37:29.131 I/sysui_multi_action( 1503): [757,804,799,note_load,801,2,802,1]
11-11 21:37:29.131 I/notification_panel_revealed( 1503): 2
11-11 21:37:29.142 I/sysui_multi_action( 1503): [757,128,758,1,793,1519272063,794,0,795,1519272063,796,26,798,0,806,android,857,DEVELOPER_IMPORTANT,858,4,947,0,1395,2,1500,1519271803,1688,1]
11-11 21:37:29.142 I/sysui_multi_action( 1503): [757,804,799,note_freshness,801,1519272063,802,1]
11-11 21:37:29.143 I/notification_visibility( 1503): [-1|android|26|null|1000,1,1519272063,1519272063,0,0]
11-11 21:37:29.143 I/sysui_multi_action( 1503): [757,128,758,1,793,1519272545,794,0,795,1519272545,796,32,798,1,806,android,857,USB,858,1,947,0,1395,2,1500,1519272221,1688,1]
11-11 21:37:29.143 I/sysui_multi_action( 1503): [757,804,799,note_freshness,801,1519272545,802,1]
11-11 21:37:29.144 I/notification_visibility( 1503): [-1|android|32|null|1000,1,1519272545,1519272545,0,1]
11-11 21:37:29.150 I/input_focus( 1503): [Focus request 90f6769 NotificationShade,reason=UpdateInputWindows]
11-11 21:37:29.180 I/input_focus( 1503): [Focus leaving 81633e2 com.android.launcher3/com.android.launcher3.uioverrides.QuickstepLauncher (server),reason=setFocusedWindow]
11-11 21:37:29.180 I/input_focus( 1503): [Focus entering 90f6769 NotificationShade (server),reason=setFocusedWindow]
11-11 21:37:29.225 I/sysui_multi_action( 1982): [757,111,758,1]
11-11 21:37:29.225 I/sysui_multi_action( 1982): [757,126,758,1,759,126,927,0,928,1,1593,0]
11-11 21:37:29.225 I/sysui_multi_action( 1982): [757,113,758,1,759,113,927,1,928,0,1593,0]
11-11 21:37:29.225 I/sysui_multi_action( 1982): [757,0,758,1,759,0,927,2,928,0,1593,0]
11-11 21:37:29.225 I/sysui_multi_action( 1982): [757,0,758,1,759,0,927,3,928,0,1593,0]
11-11 21:37:29.225 I/sysui_multi_action( 1982): [757,491,758,1,759,491,927,4,928,0,1311,-1,1593,0]
11-11 21:37:29.226 I/sysui_multi_action( 1982): [757,0,758,1,759,0,927,5,928,0,1593,0]
11-11 21:37:29.226 I/sysui_multi_action( 1982): [757,111,758,1]
11-11 21:37:29.226 I/sysui_multi_action( 1982): [757,126,758,1,759,126,927,0,928,1,1593,0]
11-11 21:37:29.226 I/sysui_multi_action( 1982): [757,113,758,1,759,113,927,1,928,0,1593,0]
11-11 21:37:29.226 I/sysui_multi_action( 1982): [757,0,758,1,759,0,927,2,928,0,1593,0]
11-11 21:37:29.226 I/sysui_multi_action( 1982): [757,0,758,1,759,0,927,3,928,0,1593,0]
11-11 21:37:29.540 I/auditd ( 2720): type=1400 audit(0.0:1831731847): avc: denied { read } for comm="event_loop" lport=13400 scontext=u:r:hht_ota_mgr:s0 tcontext=u:r:hht_ota_mgr:s0 tclass=udp_socket permissive=0
11-11 21:37:29.540 I/auditd ( 2720): type=1400 audit(0.0:1831731848): avc: denied { read } for comm="event_loop" lport=13400 scontext=u:r:hht_ota_mgr:s0 tcontext=u:r:hht_ota_mgr:s0 tclass=udp_socket permissive=0
11-11 21:37:29.540 I/auditd ( 2720): type=1400 audit(0.0:1831731849): avc: denied { read } for comm="event_loop" lport=13400 scontext=u:r:hht_ota_mgr:s0 tcontext=u:r:hht_ota_mgr:s0 tclass=udp_socket permissive=0
11-11 21:37:29.540 I/auditd ( 2720): type=1400 audit(0.0:1831731850): avc: denied { read } for comm="event_loop" lport=13400 scontext=u:r:hht_ota_mgr:s0 tcontext=u:r:hht_ota_mgr:s0 tclass=udp_socket permissive=0
11-11 21:37:29.540 I/auditd ( 2720): type=1400 audit(0.0:1831731851): avc: denied { read } for comm="event_loop" lport=13400 scontext=u:r:hht_ota_mgr:s0 tcontext=u:r:hht_ota_mgr:s0 tclass=udp_socket permissive=0
11-11 21:37:30.186 I/input_interaction( 1503): Interaction with: 90f6769 NotificationShade (server), edge-swipe (server), swipe-up (server), PointerEventDispatcher0 (server),
11-11 21:37:30.544 I/auditd ( 2720): type=1400 audit(0.0:1831991767): avc: denied { read } for comm="event_loop" lport=13400 scontext=u:r:hht_ota_mgr:s0 tcontext=u:r:hht_ota_mgr:s0 tclass=udp_socket permissive=0
11-11 21:37:30.544 I/auditd ( 2720): type=1400 audit(0.0:1831991768): avc: denied { read } for comm="event_loop" lport=13400 scontext=u:r:hht_ota_mgr:s0 tcontext=u:r:hht_ota_mgr:s0 tclass=udp_socket permissive=0
11-11 21:37:30.544 I/auditd ( 2720): type=1400 audit(0.0:1831991769): avc: denied { read } for comm="event_loop" lport=13400 scontext=u:r:hht_ota_mgr:s0 tcontext=u:r:hht_ota_mgr:s0 tclass=udp_socket permissive=0
11-11 21:37:30.544 I/auditd ( 2720): type=1400 audit(0.0:1831991770): avc: denied { read } for comm="event_loop" lport=13400 scontext=u:r:hht_ota_mgr:s0 tcontext=u:r:hht_ota_mgr:s0 tclass=udp_socket permissive=0
11-11 21:37:30.544 I/auditd ( 2720): type=1400 audit(0.0:1831991771): avc: denied { read } for comm="event_loop" lport=13400 scontext=u:r:hht_ota_mgr:s0 tcontext=u:r:hht_ota_mgr:s0 tclass=udp_socket permissive=0
11-11 21:37:30.632 I/notification_enqueue( 1503): [10078,1982,com.android.systemui,2048,NULL,0,Notification(channel=updateNotification shortcut=null contentView=null vibrate=null sound=null defaults=0x0 flags=0x0 color=0x00000000 vis=PRIVATE),1]
11-11 21:37:30.633 I/sysui_multi_action( 1982): [757,111,758,2]
11-11 21:37:30.633 I/sysui_multi_action( 1982): [757,111,758,2]
11-11 21:37:30.843 I/input_focus( 1503): [Focus request 81633e2 com.android.launcher3/com.android.launcher3.uioverrides.QuickstepLauncher,reason=UpdateInputWindows]
11-11 21:37:30.848 I/sysui_multi_action( 1503): [757,128,758,2,793,1519273768,794,1705,795,1519273768,796,26,798,0,806,android,857,DEVELOPER_IMPORTANT,858,4,947,0,1395,2,1500,1519273508,1688,1]
11-11 21:37:30.848 I/notification_visibility( 1503): [-1|android|26|null|1000,0,1519273768,1519273768,0,0]
11-11 21:37:30.848 I/sysui_multi_action( 1503): [757,128,758,2,793,1519274250,794,1705,795,1519274250,796,32,798,1,806,android,857,USB,858,1,947,0,1395,2,1500,1519273926,1688,1]
11-11 21:37:30.848 I/notification_visibility( 1503): [-1|android|32|null|1000,0,1519274250,1519274250,0,1]
11-11 21:37:30.849 I/sysui_multi_action( 1503): [757,127,758,2]
11-11 21:37:30.849 I/notification_panel_hidden( 1503):
11-11 21:37:30.870 I/input_focus( 1503): [Focus leaving 90f6769 NotificationShade (server),reason=NO_WINDOW]
11-11 21:37:30.870 I/input_focus( 1503): [Focus entering 81633e2 com.android.launcher3/com.android.launcher3.uioverrides.QuickstepLauncher (server),reason=setFocusedWindow]
11-11 21:37:31.544 I/auditd ( 2720): type=1400 audit(0.0:1832255070): avc: denied { read } for comm="event_loop" lport=13400 scontext=u:r:hht_ota_mgr:s0 tcontext=u:r:hht_ota_mgr:s0 tclass=udp_socket permissive=0
11-11 21:37:31.548 I/auditd ( 2720): type=1400 audit(0.0:1832255071): avc: denied { read } for comm="event_loop" lport=13400 scontext=u:r:hht_ota_mgr:s0 tcontext=u:r:hht_ota_mgr:s0 tclass=udp_socket permissive=0
11-11 21:37:31.548 I/auditd ( 2720): type=1400 audit(0.0:1832255072): avc: denied { read } for comm="event_loop" lport=13400 scontext=u:r:hht_ota_mgr:s0 tcontext=u:r:hht_ota_mgr:s0 tclass=udp_socket permissive=0
11-11 21:37:31.548 I/auditd ( 2720): type=1400 audit(0.0:1832255073): avc: denied { read } for comm="event_loop" lport=13400 scontext=u:r:hht_ota_mgr:s0 tcontext=u:r:hht_ota_mgr:s0 tclass=udp_socket permissive=0
11-11 21:37:31.548 I/auditd ( 2720): type=1400 audit(0.0:1832255074): avc: denied { read } for comm="event_loop" lport=13400 scontext=u:r:hht_ota_mgr:s0 tcontext=u:r:hht_ota_mgr:s0 tclass=udp_socket permissive=0
11-11 21:37:32.548 I/auditd ( 2720): type=1400 audit(0.0:1832523330): avc: denied { read } for comm="event_loop" lport=13400 scontext=u:r:hht_ota_mgr:s0 tcontext=u:r:hht_ota_mgr:s0 tclass=udp_socket permissive=0
11-11 21:37:32.552 I/auditd ( 2720): type=1400 audit(0.0:1832523331): avc: denied { read } for comm="event_loop" lport=13400 scontext=u:r:hht_ota_mgr:s0 tcontext=u:r:hht_ota_mgr:s0 tclass=udp_socket permissive=0
11-11 21:37:32.552 I/auditd ( 2720): type=1400 audit(0.0:1832523332): avc: denied { read } for comm="event_loop" lport=13400 scontext=u:r:hht_ota_mgr:s0 tcontext=u:r:hht_ota_mgr:s0 tclass=udp_socket permissive=0
11-11 21:37:32.552 I/auditd ( 2720): type=1400 audit(0.0:1832523333): avc: denied { read } for comm="event_loop" lport=13400 scontext=u:r:hht_ota_mgr:s0 tcontext=u:r:hht_ota_mgr:s0 tclass=udp_socket permissive=0
11-11 21:37:32.552 I/auditd ( 2720): type=1400 audit(0.0:1832523334): avc: denied { read } for comm="event_loop" lport=13400 scontext=u:r:hht_ota_mgr:s0 tcontext=u:r:hht_ota_mgr:s0 tclass=udp_socket permissive=0
11-11 21:37:33.552 I/auditd ( 2720): type=1400 audit(0.0:1832791499): avc: denied { read } for comm="event_loop" lport=13400 scontext=u:r:hht_ota_mgr:s0 tcontext=u:r:hht_ota_mgr:s0 tclass=udp_socket permissive=0
11-11 21:37:33.556 I/auditd ( 2720): type=1400 audit(0.0:1832791500): avc: denied { read } for comm="event_loop" lport=13400 scontext=u:r:hht_ota_mgr:s0 tcontext=u:r:hht_ota_mgr:s0 tclass=udp_socket permissive=0
11-11 21:37:33.556 I/auditd ( 2720): type=1400 audit(0.0:1832791501): avc: denied { read } for comm="event_loop" lport=13400 scontext=u:r:hht_ota_mgr:s0 tcontext=u:r:hht_ota_mgr:s0 tclass=udp_socket permissive=0
11-11 21:37:33.556 I/auditd ( 2720): type=1400 audit(0.0:1832791502): avc: denied { read } for comm="event_loop" lport=13400 scontext=u:r:hht_ota_mgr:s0 tcontext=u:r:hht_ota_mgr:s0 tclass=udp_socket permissive=0
11-11 21:37:33.556 I/auditd ( 2720): type=1400 audit(0.0:1832791503): avc: denied { read } for comm="event_loop" lport=13400 scontext=u:r:hht_ota_mgr:s0 tcontext=u:r:hht_ota_mgr:s0 tclass=udp_socket permissive=0
11-11 21:37:34.556 I/auditd ( 2720): type=1400 audit(0.0:1833059595): avc: denied { read } for comm="event_loop" lport=13400 scontext=u:r:hht_ota_mgr:s0 tcontext=u:r:hht_ota_mgr:s0 tclass=udp_socket permissive=0
11-11 21:37:34.560 I/auditd ( 2720): type=1400 audit(0.0:1833059596): avc: denied { read } for comm="event_loop" lport=13400 scontext=u:r:hht_ota_mgr:s0 tcontext=u:r:hht_ota_mgr:s0 tclass=udp_socket permissive=0
11-11 21:37:34.560 I/auditd ( 2720): type=1400 audit(0.0:1833059597): avc: denied { read } for comm="event_loop" lport=13400 scontext=u:r:hht_ota_mgr:s0 tcontext=u:r:hht_ota_mgr:s0 tclass=udp_socket permissive=0
11-11 21:37:34.560 I/auditd ( 2720): type=1400 audit(0.0:1833059598): avc: denied { read } for comm="event_loop" lport=13400 scontext=u:r:hht_ota_mgr:s0 tcontext=u:r:hht_ota_mgr:s0 tclass=udp_socket permissive=0
11-11 21:37:34.560 I/auditd ( 2720): type=1400 audit(0.0:1833059599): avc: denied { read } for comm="event_loop" lport=13400 scontext=u:r:hht_ota_mgr:s0 tcontext=u:r:hht_ota_mgr:s0 tclass=udp_socket permissive=0
11-11 21:37:35.560 I/auditd ( 2720): type=1400 audit(0.0:1833328949): avc: denied { read } for comm="event_loop" lport=13400 scontext=u:r:hht_ota_mgr:s0 tcontext=u:r:hht_ota_mgr:s0 tclass=udp_socket permissive=0
11-11 21:37:35.564 I/auditd ( 2720): type=1400 audit(0.0:1833328950): avc: denied { read } for comm="event_loop" lport=13400 scontext=u:r:hht_ota_mgr:s0 tcontext=u:r:hht_ota_mgr:s0 tclass=udp_socket permissive=0
11-11 21:37:35.564 I/auditd ( 2720): type=1400 audit(0.0:1833328951): avc: denied { read } for comm="event_loop" lport=13400 scontext=u:r:hht_ota_mgr:s0 tcontext=u:r:hht_ota_mgr:s0 tclass=udp_socket permissive=0
11-11 21:37:35.564 I/auditd ( 2720): type=1400 audit(0.0:1833328952): avc: denied { read } for comm="event_loop" lport=13400 scontext=u:r:hht_ota_mgr:s0 tcontext=u:r:hht_ota_mgr:s0 tclass=udp_socket permissive=0
11-11 21:37:35.564 I/auditd ( 2720): type=1400 audit(0.0:1833328953): avc: denied { read } for comm="event_loop" lport=13400 scontext=u:r:hht_ota_mgr:s0 tcontext=u:r:hht_ota_mgr:s0 tclass=udp_socket permissive=0
11-11 21:37:36.564 I/auditd ( 2720): type=1400 audit(0.0:1833598713): avc: denied { read } for comm="event_loop" lport=13400 scontext=u:r:hht_ota_mgr:s0 tcontext=u:r:hht_ota_mgr:s0 tclass=udp_socket permissive=0
11-11 21:37:36.568 I/auditd ( 2720): type=1400 audit(0.0:1833598714): avc: denied { read } for comm="event_loop" lport=13400 scontext=u:r:hht_ota_mgr:s0 tcontext=u:r:hht_ota_mgr:s0 tclass=udp_socket permissive=0
11-11 21:37:36.568 I/auditd ( 2720): type=1400 audit(0.0:1833598715): avc: denied { read } for comm="event_loop" lport=13400 scontext=u:r:hht_ota_mgr:s0 tcontext=u:r:hht_ota_mgr:s0 tclass=udp_socket permissive=0
11-11 21:37:36.568 I/auditd ( 2720): type=1400 audit(0.0:1833598716): avc: denied { read } for comm="event_loop" lport=13400 scontext=u:r:hht_ota_mgr:s0 tcontext=u:r:hht_ota_mgr:s0 tclass=udp_socket permissive=0
11-11 21:37:36.568 I/auditd ( 2720): type=1400 audit(0.0:1833598717): avc: denied { read } for comm="event_loop" lport=13400 scontext=u:r:hht_ota_mgr:s0 tcontext=u:r:hht_ota_mgr:s0 tclass=udp_socket permissive=0
11-11 21:37:37.572 I/auditd ( 2720): type=1400 audit(0.0:1833867617): avc: denied { read } for comm="event_loop" lport=13400 scontext=u:r:hht_ota_mgr:s0 tcontext=u:r:hht_ota_mgr:s0 tclass=udp_socket permissive=0
11-11 21:37:37.572 I/auditd ( 2720): type=1400 audit(0.0:1833867618): avc: denied { read } for comm="event_loop" lport=13400 scontext=u:r:hht_ota_mgr:s0 tcontext=u:r:hht_ota_mgr:s0 tclass=udp_socket permissive=0
11-11 21:37:37.572 I/auditd ( 2720): type=1400 audit(0.0:1833867619): avc: denied { read } for comm="event_loop" lport=13400 scontext=u:r:hht_ota_mgr:s0 tcontext=u:r:hht_ota_mgr:s0 tclass=udp_socket permissive=0
11-11 21:37:37.572 I/auditd ( 2720): type=1400 audit(0.0:1833867620): avc: denied { read } for comm="event_loop" lport=13400 scontext=u:r:hht_ota_mgr:s0 tcontext=u:r:hht_ota_mgr:s0 tclass=udp_socket permissive=0
11-11 21:37:37.572 I/auditd ( 2720): type=1400 audit(0.0:1833867621): avc: denied { read } for comm="event_loop" lport=13400 scontext=u:r:hht_ota_mgr:s0 tcontext=u:r:hht_ota_mgr:s0 tclass=udp_socket permissive=0
11-11 21:37:38.576 I/auditd ( 2720): type=1400 audit(0.0:1834136879): avc: denied { read } for comm="event_loop" lport=13400 scontext=u:r:hht_ota_mgr:s0 tcontext=u:r:hht_ota_mgr:s0 tclass=udp_socket permissive=0
11-11 21:37:38.576 I/auditd ( 2720): type=1400 audit(0.0:1834136880): avc: denied { read } for comm="event_loop" lport=13400 scontext=u:r:hht_ota_mgr:s0 tcontext=u:r:hht_ota_mgr:s0 tclass=udp_socket permissive=0
11-11 21:37:38.576 I/auditd ( 2720): type=1400 audit(0.0:1834136881): avc: denied { read } for comm="event_loop" lport=13400 scontext=u:r:hht_ota_mgr:s0 tcontext=u:r:hht_ota_mgr:s0 tclass=udp_socket permissive=0
11-11 21:37:38.576 I/auditd ( 2720): type=1400 audit(0.0:1834136882): avc: denied { read } for comm="event_loop" lport=13400 scontext=u:r:hht_ota_mgr:s0 tcontext=u:r:hht_ota_mgr:s0 tclass=udp_socket permissive=0
11-11 21:37:38.576 I/auditd ( 2720): type=1400 audit(0.0:1834136883): avc: denied { read } for comm="event_loop" lport=13400 scontext=u:r:hht_ota_mgr:s0 tcontext=u:r:hht_ota_mgr:s0 tclass=udp_socket permissive=0
11-11 21:37:39.580 I/auditd ( 2720): type=1400 audit(0.0:1834405553): avc: denied { read } for comm="event_loop" lport=13400 scontext=u:r:hht_ota_mgr:s0 tcontext=u:r:hht_ota_mgr:s0 tclass=udp_socket permissive=0
11-11 21:37:39.580 I/auditd ( 2720): type=1400 audit(0.0:1834405554): avc: denied { read } for comm="event_loop" lport=13400 scontext=u:r:hht_ota_mgr:s0 tcontext=u:r:hht_ota_mgr:s0 tclass=udp_socket permissive=0
11-11 21:37:39.580 I/auditd ( 2720): type=1400 audit(0.0:1834405555): avc: denied { read } for comm="event_loop" lport=13400 scontext=u:r:hht_ota_mgr:s0 tcontext=u:r:hht_ota_mgr:s0 tclass=udp_socket permissive=0
11-11 21:37:39.580 I/auditd ( 2720): type=1400 audit(0.0:1834405556): avc: denied { read } for comm="event_loop" lport=13400 scontext=u:r:hht_ota_mgr:s0 tcontext=u:r:hht_ota_mgr:s0 tclass=udp_socket permissive=0
11-11 21:37:39.580 I/auditd ( 2720): type=1400 audit(0.0:1834405557): avc: denied { read } for comm="event_loop" lport=13400 scontext=u:r:hht_ota_mgr:s0 tcontext=u:r:hht_ota_mgr:s0 tclass=udp_socket permissive=0
11-11 21:37:40.584 I/auditd ( 2720): type=1400 audit(0.0:1834674739): avc: denied { read } for comm="event_loop" lport=13400 scontext=u:r:hht_ota_mgr:s0 tcontext=u:r:hht_ota_mgr:s0 tclass=udp_socket permissive=0
11-11 21:37:40.584 I/auditd ( 2720): type=1400 audit(0.0:1834674740): avc: denied { read } for comm="event_loop" lport=13400 scontext=u:r:hht_ota_mgr:s0 tcontext=u:r:hht_ota_mgr:s0 tclass=udp_socket permissive=0
11-11 21:37:40.584 I/auditd ( 2720): type=1400 audit(0.0:1834674741): avc: denied { read } for comm="event_loop" lport=13400 scontext=u:r:hht_ota_mgr:s0 tcontext=u:r:hht_ota_mgr:s0 tclass=udp_socket permissive=0
11-11 21:37:40.584 I/auditd ( 2720): type=1400 audit(0.0:1834674742): avc: denied { read } for comm="event_loop" lport=13400 scontext=u:r:hht_ota_mgr:s0 tcontext=u:r:hht_ota_mgr:s0 tclass=udp_socket permissive=0
11-11 21:37:40.584 I/auditd ( 2720): type=1400 audit(0.0:1834674743): avc: denied { read } for comm="event_loop" lport=13400 scontext=u:r:hht_ota_mgr:s0 tcontext=u:r:hht_ota_mgr:s0 tclass=udp_socket permissive=0
11-11 21:37:41.584 I/auditd ( 2720): type=1400 audit(0.0:1834943787): avc: denied { read } for comm="event_loop" lport=13400 scontext=u:r:hht_ota_mgr:s0 tcontext=u:r:hht_ota_mgr:s0 tclass=udp_socket permissive=0
11-11 21:37:41.588 I/auditd ( 2720): type=1400 audit(0.0:1834943788): avc: denied { read } for comm="event_loop" lport=13400 scontext=u:r:hht_ota_mgr:s0 tcontext=u:r:hht_ota_mgr:s0 tclass=udp_socket permissive=0
11-11 21:37:41.588 I/auditd ( 2720): type=1400 audit(0.0:1834943789): avc: denied { read } for comm="event_loop" lport=13400 scontext=u:r:hht_ota_mgr:s0 tcontext=u:r:hht_ota_mgr:s0 tclass=udp_socket permissive=0
11-11 21:37:41.588 I/auditd ( 2720): type=1400 audit(0.0:1834943790): avc: denied { read } for comm="event_loop" lport=13400 scontext=u:r:hht_ota_mgr:s0 tcontext=u:r:hht_ota_mgr:s0 tclass=udp_socket permissive=0
11-11 21:37:41.588 I/auditd ( 2720): type=1400 audit(0.0:1834943791): avc: denied { read } for comm="event_loop" lport=13400 scontext=u:r:hht_ota_mgr:s0 tcontext=u:r:hht_ota_mgr:s0 tclass=udp_socket permissive=0
11-11 21:37:42.588 I/auditd ( 2720): type=1400 audit(0.0:1835213103): avc: denied { read } for comm="event_loop" lport=13400 scontext=u:r:hht_ota_mgr:s0 tcontext=u:r:hht_ota_mgr:s0 tclass=udp_socket permissive=0
11-11 21:37:42.592 I/auditd ( 2720): type=1400 audit(0.0:1835213104): avc: denied { read } for comm="event_loop" lport=13400 scontext=u:r:hht_ota_mgr:s0 tcontext=u:r:hht_ota_mgr:s0 tclass=udp_socket permissive=0
11-11 21:37:42.592 I/auditd ( 2720): type=1400 audit(0.0:1835213105): avc: denied { read } for comm="event_loop" lport=13400 scontext=u:r:hht_ota_mgr:s0 tcontext=u:r:hht_ota_mgr:s0 tclass=udp_socket permissive=0
11-11 21:37:42.592 I/auditd ( 2720): type=1400 audit(0.0:1835213106): avc: denied { read } for comm="event_loop" lport=13400 scontext=u:r:hht_ota_mgr:s0 tcontext=u:r:hht_ota_mgr:s0 tclass=udp_socket permissive=0
11-11 21:37:42.592 I/auditd ( 2720): type=1400 audit(0.0:1835213107): avc: denied { read } for comm="event_loop" lport=13400 scontext=u:r:hht_ota_mgr:s0 tcontext=u:r:hht_ota_mgr:s0 tclass=udp_socket permissive=0
11-11 21:37:43.592 I/auditd ( 2720): type=1400 audit(0.0:1835482320): avc: denied { read } for comm="event_loop" lport=13400 scontext=u:r:hht_ota_mgr:s0 tcontext=u:r:hht_ota_mgr:s0 tclass=udp_socket permissive=0
11-11 21:37:43.596 I/auditd ( 2720): type=1400 audit(0.0:1835482321): avc: denied { read } for comm="event_loop" lport=13400 scontext=u:r:hht_ota_mgr:s0 tcontext=u:r:hht_ota_mgr:s0 tclass=udp_socket permissive=0
11-11 21:37:43.596 I/auditd ( 2720): type=1400 audit(0.0:1835482322): avc: denied { read } for comm="event_loop" lport=13400 scontext=u:r:hht_ota_mgr:s0 tcontext=u:r:hht_ota_mgr:s0 tclass=udp_socket permissive=0
11-11 21:37:43.596 I/auditd ( 2720): type=1400 audit(0.0:1835482323): avc: denied { read } for comm="event_loop" lport=13400 scontext=u:r:hht_ota_mgr:s0 tcontext=u:r:hht_ota_mgr:s0 tclass=udp_socket permissive=0
11-11 21:37:43.596 I/auditd ( 2720): type=1400 audit(0.0:1835482324): avc: denied { read } for comm="event_loop" lport=13400 scontext=u:r:hht_ota_mgr:s0 tcontext=u:r:hht_ota_mgr:s0 tclass=udp_socket permissive=0
11-11 21:37:44.596 I/auditd ( 2720): type=1400 audit(0.0:1835751806): avc: denied { read } for comm="event_loop" lport=13400 scontext=u:r:hht_ota_mgr:s0 tcontext=u:r:hht_ota_mgr:s0 tclass=udp_socket permissive=0
11-11 21:37:44.600 I/auditd ( 2720): type=1400 audit(0.0:1835751807): avc: denied { read } for comm="event_loop" lport=13400 scontext=u:r:hht_ota_mgr:s0 tcontext=u:r:hht_ota_mgr:s0 tclass=udp_socket permissive=0
11-11 21:37:44.600 I/auditd ( 2720): type=1400 audit(0.0:1835751808): avc: denied { read } for comm="event_loop" lport=13400 scontext=u:r:hht_ota_mgr:s0 tcontext=u:r:hht_ota_mgr:s0 tclass=udp_socket permissive=0
11-11 21:37:44.600 I/auditd ( 2720): type=1400 audit(0.0:1835751809): avc: denied { read } for comm="event_loop" lport=13400 scontext=u:r:hht_ota_mgr:s0 tcontext=u:r:hht_ota_mgr:s0 tclass=udp_socket permissive=0
11-11 21:37:44.600 I/auditd ( 2720): type=1400 audit(0.0:1835751810): avc: denied { read } for comm="event_loop" lport=13400 scontext=u:r:hht_ota_mgr:s0 tcontext=u:r:hht_ota_mgr:s0 tclass=udp_socket permissive=0
11-11 21:37:45.600 I/auditd ( 2720): type=1400 audit(0.0:1836021200): avc: denied { read } for comm="event_loop" lport=13400 scontext=u:r:hht_ota_mgr:s0 tcontext=u:r:hht_ota_mgr:s0 tclass=udp_socket permissive=0
11-11 21:37:45.604 I/auditd ( 2720): type=1400 audit(0.0:1836021201): avc: denied { read } for comm="event_loop" lport=13400 scontext=u:r:hht_ota_mgr:s0 tcontext=u:r:hht_ota_mgr:s0 tclass=udp_socket permissive=0
11-11 21:37:45.604 I/auditd ( 2720): type=1400 audit(0.0:1836021202): avc: denied { read } for comm="event_loop" lport=13400 scontext=u:r:hht_ota_mgr:s0 tcontext=u:r:hht_ota_mgr:s0 tclass=udp_socket permissive=0
11-11 21:37:45.604 I/auditd ( 2720): type=1400 audit(0.0:1836021203): avc: denied { read } for comm="event_loop" lport=13400 scontext=u:r:hht_ota_mgr:s0 tcontext=u:r:hht_ota_mgr:s0 tclass=udp_socket permissive=0
11-11 21:37:45.604 I/auditd ( 2720): type=1400 audit(0.0:1836021204): avc: denied { read } for comm="event_loop" lport=13400 scontext=u:r:hht_ota_mgr:s0 tcontext=u:r:hht_ota_mgr:s0 tclass=udp_socket permissive=0
11-11 21:37:46.604 I/auditd ( 2720): type=1400 audit(0.0:1836291749): avc: denied { read } for comm="event_loop" lport=13400 scontext=u:r:hht_ota_mgr:s0 tcontext=u:r:hht_ota_mgr:s0 tclass=udp_socket permissive=0
11-11 21:37:46.608 I/auditd ( 2720): type=1400 audit(0.0:1836291750): avc: denied { read } for comm="event_loop" lport=13400 scontext=u:r:hht_ota_mgr:s0 tcontext=u:r:hht_ota_mgr:s0 tclass=udp_socket permissive=0
11-11 21:37:46.608 I/auditd ( 2720): type=1400 audit(0.0:1836291751): avc: denied { read } for comm="event_loop" lport=13400 scontext=u:r:hht_ota_mgr:s0 tcontext=u:r:hht_ota_mgr:s0 tclass=udp_socket permissive=0
11-11 21:37:46.608 I/auditd ( 2720): type=1400 audit(0.0:1836291752): avc: denied { read } for comm="event_loop" lport=13400 scontext=u:r:hht_ota_mgr:s0 tcontext=u:r:hht_ota_mgr:s0 tclass=udp_socket permissive=0
11-11 21:37:46.608 I/auditd ( 2720): type=1400 audit(0.0:1836291753): avc: denied { read } for comm="event_loop" lport=13400 scontext=u:r:hht_ota_mgr:s0 tcontext=u:r:hht_ota_mgr:s0 tclass=udp_socket permissive=0
11-11 21:37:47.612 I/auditd ( 2720): type=1400 audit(0.0:1836561704): avc: denied { read } for comm="event_loop" lport=13400 scontext=u:r:hht_ota_mgr:s0 tcontext=u:r:hht_ota_mgr:s0 tclass=udp_socket permissive=0
11-11 21:37:47.612 I/auditd ( 2720): type=1400 audit(0.0:1836561705): avc: denied { read } for comm="event_loop" lport=13400 scontext=u:r:hht_ota_mgr:s0 tcontext=u:r:hht_ota_mgr:s0 tclass=udp_socket permissive=0
11-11 21:37:47.612 I/auditd ( 2720): type=1400 audit(0.0:1836561706): avc: denied { read } for comm="event_loop" lport=13400 scontext=u:r:hht_ota_mgr:s0 tcontext=u:r:hht_ota_mgr:s0 tclass=udp_socket permissive=0
11-11 21:37:47.612 I/auditd ( 2720): type=1400 audit(0.0:1836561707): avc: denied { read } for comm="event_loop" lport=13400 scontext=u:r:hht_ota_mgr:s0 tcontext=u:r:hht_ota_mgr:s0 tclass=udp_socket permissive=0
11-11 21:37:47.612 I/auditd ( 2720): type=1400 audit(0.0:1836561708): avc: denied { read } for comm="event_loop" lport=13400 scontext=u:r:hht_ota_mgr:s0 tcontext=u:r:hht_ota_mgr:s0 tclass=udp_socket permissive=0
11-11 21:37:48.612 I/auditd ( 2720): type=1400 audit(0.0:1836831194): avc: denied { read } for comm="event_loop" lport=13400 scontext=u:r:hht_ota_mgr:s0 tcontext=u:r:hht_ota_mgr:s0 tclass=udp_socket permissive=0
11-11 21:37:48.616 I/auditd ( 2720): type=1400 audit(0.0:1836831195): avc: denied { read } for comm="event_loop" lport=13400 scontext=u:r:hht_ota_mgr:s0 tcontext=u:r:hht_ota_mgr:s0 tclass=udp_socket permissive=0
11-11 21:37:48.616 I/auditd ( 2720): type=1400 audit(0.0:1836831196): avc: denied { read } for comm="event_loop" lport=13400 scontext=u:r:hht_ota_mgr:s0 tcontext=u:r:hht_ota_mgr:s0 tclass=udp_socket permissive=0
11-11 21:37:48.616 I/auditd ( 2720): type=1400 audit(0.0:1836831197): avc: denied { read } for comm="event_loop" lport=13400 scontext=u:r:hht_ota_mgr:s0 tcontext=u:r:hht_ota_mgr:s0 tclass=udp_socket permissive=0
11-11 21:37:48.616 I/auditd ( 2720): type=1400 audit(0.0:1836831198): avc: denied { read } for comm="event_loop" lport=13400 scontext=u:r:hht_ota_mgr:s0 tcontext=u:r:hht_ota_mgr:s0 tclass=udp_socket permissive=0
11-11 21:37:49.620 I/auditd ( 2720): type=1400 audit(0.0:1837101346): avc: denied { read } for comm="event_loop" lport=13400 scontext=u:r:hht_ota_mgr:s0 tcontext=u:r:hht_ota_mgr:s0 tclass=udp_socket permissive=0
11-11 21:37:49.620 I/auditd ( 2720): type=1400 audit(0.0:1837101347): avc: denied { read } for comm="event_loop" lport=13400 scontext=u:r:hht_ota_mgr:s0 tcontext=u:r:hht_ota_mgr:s0 tclass=udp_socket permissive=0
11-11 21:37:49.620 I/auditd ( 2720): type=1400 audit(0.0:1837101348): avc: denied { read } for comm="event_loop" lport=13400 scontext=u:r:hht_ota_mgr:s0 tcontext=u:r:hht_ota_mgr:s0 tclass=udp_socket permissive=0
11-11 21:37:49.620 I/auditd ( 2720): type=1400 audit(0.0:1837101349): avc: denied { read } for comm="event_loop" lport=13400 scontext=u:r:hht_ota_mgr:s0 tcontext=u:r:hht_ota_mgr:s0 tclass=udp_socket permissive=0
11-11 21:37:49.620 I/auditd ( 2720): type=1400 audit(0.0:1837101350): avc: denied { read } for comm="event_loop" lport=13400 scontext=u:r:hht_ota_mgr:s0 tcontext=u:r:hht_ota_mgr:s0 tclass=udp_socket permissive=0
11-11 21:37:50.624 I/auditd ( 2720): type=1400 audit(0.0:1837371104): avc: denied { read } for comm="event_loop" lport=13400 scontext=u:r:hht_ota_mgr:s0 tcontext=u:r:hht_ota_mgr:s0 tclass=udp_socket permissive=0
11-11 21:37:50.624 I/auditd ( 2720): type=1400 audit(0.0:1837371105): avc: denied { read } for comm="event_loop" lport=13400 scontext=u:r:hht_ota_mgr:s0 tcontext=u:r:hht_ota_mgr:s0 tclass=udp_socket permissive=0
11-11 21:37:50.624 I/auditd ( 2720): type=1400 audit(0.0:1837371106): avc: denied { read } for comm="event_loop" lport=13400 scontext=u:r:hht_ota_mgr:s0 tcontext=u:r:hht_ota_mgr:s0 tclass=udp_socket permissive=0
11-11 21:37:50.624 I/auditd ( 2720): type=1400 audit(0.0:1837371107): avc: denied { read } for comm="event_loop" lport=13400 scontext=u:r:hht_ota_mgr:s0 tcontext=u:r:hht_ota_mgr:s0 tclass=udp_socket permissive=0
11-11 21:37:50.624 I/auditd ( 2720): type=1400 audit(0.0:1837371108): avc: denied { read } for comm="event_loop" lport=13400 scontext=u:r:hht_ota_mgr:s0 tcontext=u:r:hht_ota_mgr:s0 tclass=udp_socket permissive=0
11-11 21:37:51.624 I/auditd ( 2720): type=1400 audit(0.0:1837639125): avc: denied { read } for comm="event_loop" lport=13400 scontext=u:r:hht_ota_mgr:s0 tcontext=u:r:hht_ota_mgr:s0 tclass=udp_socket permissive=0
11-11 21:37:51.628 I/auditd ( 2720): type=1400 audit(0.0:1837639126): avc: denied { read } for comm="event_loop" lport=13400 scontext=u:r:hht_ota_mgr:s0 tcontext=u:r:hht_ota_mgr:s0 tclass=udp_socket permissive=0
11-11 21:37:51.628 I/auditd ( 2720): type=1400 audit(0.0:1837639127): avc: denied { read } for comm="event_loop" lport=13400 scontext=u:r:hht_ota_mgr:s0 tcontext=u:r:hht_ota_mgr:s0 tclass=udp_socket permissive=0
11-11 21:37:51.628 I/auditd ( 2720): type=1400 audit(0.0:1837639128): avc: denied { read } for comm="event_loop" lport=13400 scontext=u:r:hht_ota_mgr:s0 tcontext=u:r:hht_ota_mgr:s0 tclass=udp_socket permissive=0
11-11 21:37:51.628 I/auditd ( 2720): type=1400 audit(0.0:1837639129): avc: denied { read } for comm="event_loop" lport=13400 scontext=u:r:hht_ota_mgr:s0 tcontext=u:r:hht_ota_mgr:s0 tclass=udp_socket permissive=0
11-11 21:37:52.628 I/auditd ( 2720): type=1400 audit(0.0:1837907724): avc: denied { read } for comm="event_loop" lport=13400 scontext=u:r:hht_ota_mgr:s0 tcontext=u:r:hht_ota_mgr:s0 tclass=udp_socket permissive=0
11-11 21:37:52.632 I/auditd ( 2720): type=1400 audit(0.0:1837907725): avc: denied { read } for comm="event_loop" lport=13400 scontext=u:r:hht_ota_mgr:s0 tcontext=u:r:hht_ota_mgr:s0 tclass=udp_socket permissive=0
11-11 21:37:52.632 I/auditd ( 2720): type=1400 audit(0.0:1837907726): avc: denied { read } for comm="event_loop" lport=13400 scontext=u:r:hht_ota_mgr:s0 tcontext=u:r:hht_ota_mgr:s0 tclass=udp_socket permissive=0
11-11 21:37:52.632 I/auditd ( 2720): type=1400 audit(0.0:1837907727): avc: denied { read } for comm="event_loop" lport=13400 scontext=u:r:hht_ota_mgr:s0 tcontext=u:r:hht_ota_mgr:s0 tclass=udp_socket permissive=0
11-11 21:37:52.632 I/auditd ( 2720): type=1400 audit(0.0:1837907728): avc: denied { read } for comm="event_loop" lport=13400 scontext=u:r:hht_ota_mgr:s0 tcontext=u:r:hht_ota_mgr:s0 tclass=udp_socket permissive=0
11-11 21:37:53.636 I/auditd ( 2720): type=1400 audit(0.0:1838176420): avc: denied { read } for comm="event_loop" lport=13400 scontext=u:r:hht_ota_mgr:s0 tcontext=u:r:hht_ota_mgr:s0 tclass=udp_socket permissive=0
11-11 21:37:53.636 I/auditd ( 2720): type=1400 audit(0.0:1838176421): avc: denied { read } for comm="event_loop" lport=13400 scontext=u:r:hht_ota_mgr:s0 tcontext=u:r:hht_ota_mgr:s0 tclass=udp_socket permissive=0
11-11 21:37:53.636 I/auditd ( 2720): type=1400 audit(0.0:1838176422): avc: denied { read } for comm="event_loop" lport=13400 scontext=u:r:hht_ota_mgr:s0 tcontext=u:r:hht_ota_mgr:s0 tclass=udp_socket permissive=0
11-11 21:37:53.636 I/auditd ( 2720): type=1400 audit(0.0:1838176423): avc: denied { read } for comm="event_loop" lport=13400 scontext=u:r:hht_ota_mgr:s0 tcontext=u:r:hht_ota_mgr:s0 tclass=udp_socket permissive=0
11-11 21:37:53.636 I/auditd ( 2720): type=1400 audit(0.0:1838176424): avc: denied { read } for comm="event_loop" lport=13400 scontext=u:r:hht_ota_mgr:s0 tcontext=u:r:hht_ota_mgr:s0 tclass=udp_socket permissive=0
11-11 21:37:54.636 I/auditd ( 2720): type=1400 audit(0.0:1838444930): avc: denied { read } for comm="event_loop" lport=13400 scontext=u:r:hht_ota_mgr:s0 tcontext=u:r:hht_ota_mgr:s0 tclass=udp_socket permissive=0
11-11 21:37:54.640 I/auditd ( 2720): type=1400 audit(0.0:1838444931): avc: denied { read } for comm="event_loop" lport=13400 scontext=u:r:hht_ota_mgr:s0 tcontext=u:r:hht_ota_mgr:s0 tclass=udp_socket permissive=0
11-11 21:37:54.640 I/auditd ( 2720): type=1400 audit(0.0:1838444932): avc: denied { read } for comm="event_loop" lport=13400 scontext=u:r:hht_ota_mgr:s0 tcontext=u:r:hht_ota_mgr:s0 tclass=udp_socket permissive=0
