11-11 21:18:13.932 I/auditd ( 2720): type=1400 audit(0.0:1521808651): avc: denied { read } for comm="event_loop" lport=13400 scontext=u:r:hht_ota_mgr:s0 tcontext=u:r:hht_ota_mgr:s0 tclass=udp_socket permissive=0
11-11 21:18:13.936 I/auditd ( 2720): type=1400 audit(0.0:1521808652): avc: denied { read } for comm="event_loop" lport=13400 scontext=u:r:hht_ota_mgr:s0 tcontext=u:r:hht_ota_mgr:s0 tclass=udp_socket permissive=0
11-11 21:18:13.936 I/auditd ( 2720): type=1400 audit(0.0:1521808653): avc: denied { read } for comm="event_loop" lport=13400 scontext=u:r:hht_ota_mgr:s0 tcontext=u:r:hht_ota_mgr:s0 tclass=udp_socket permissive=0
11-11 21:18:13.936 I/auditd ( 2720): type=1400 audit(0.0:1521808654): avc: denied { read } for comm="event_loop" lport=13400 scontext=u:r:hht_ota_mgr:s0 tcontext=u:r:hht_ota_mgr:s0 tclass=udp_socket permissive=0
11-11 21:18:13.936 I/auditd ( 2720): type=1400 audit(0.0:1521808655): avc: denied { read } for comm="event_loop" lport=13400 scontext=u:r:hht_ota_mgr:s0 tcontext=u:r:hht_ota_mgr:s0 tclass=udp_socket permissive=0
11-11 21:18:14.940 I/auditd ( 2720): type=1400 audit(0.0:1522077955): avc: denied { read } for comm="event_loop" lport=13400 scontext=u:r:hht_ota_mgr:s0 tcontext=u:r:hht_ota_mgr:s0 tclass=udp_socket permissive=0
11-11 21:18:14.940 I/auditd ( 2720): type=1400 audit(0.0:1522077956): avc: denied { read } for comm="event_loop" lport=13400 scontext=u:r:hht_ota_mgr:s0 tcontext=u:r:hht_ota_mgr:s0 tclass=udp_socket permissive=0
11-11 21:18:14.940 I/auditd ( 2720): type=1400 audit(0.0:1522077957): avc: denied { read } for comm="event_loop" lport=13400 scontext=u:r:hht_ota_mgr:s0 tcontext=u:r:hht_ota_mgr:s0 tclass=udp_socket permissive=0
11-11 21:18:14.940 I/auditd ( 2720): type=1400 audit(0.0:1522077958): avc: denied { read } for comm="event_loop" lport=13400 scontext=u:r:hht_ota_mgr:s0 tcontext=u:r:hht_ota_mgr:s0 tclass=udp_socket permissive=0
11-11 21:18:14.940 I/auditd ( 2720): type=1400 audit(0.0:1522077959): avc: denied { read } for comm="event_loop" lport=13400 scontext=u:r:hht_ota_mgr:s0 tcontext=u:r:hht_ota_mgr:s0 tclass=udp_socket permissive=0
11-11 21:18:15.940 I/auditd ( 2720): type=1400 audit(0.0:1522346915): avc: denied { read } for comm="event_loop" lport=13400 scontext=u:r:hht_ota_mgr:s0 tcontext=u:r:hht_ota_mgr:s0 tclass=udp_socket permissive=0
11-11 21:18:15.944 I/auditd ( 2720): type=1400 audit(0.0:1522346916): avc: denied { read } for comm="event_loop" lport=13400 scontext=u:r:hht_ota_mgr:s0 tcontext=u:r:hht_ota_mgr:s0 tclass=udp_socket permissive=0
11-11 21:18:15.944 I/auditd ( 2720): type=1400 audit(0.0:1522346917): avc: denied { read } for comm="event_loop" lport=13400 scontext=u:r:hht_ota_mgr:s0 tcontext=u:r:hht_ota_mgr:s0 tclass=udp_socket permissive=0
11-11 21:18:15.944 I/auditd ( 2720): type=1400 audit(0.0:1522346918): avc: denied { read } for comm="event_loop" lport=13400 scontext=u:r:hht_ota_mgr:s0 tcontext=u:r:hht_ota_mgr:s0 tclass=udp_socket permissive=0
11-11 21:18:15.944 I/auditd ( 2720): type=1400 audit(0.0:1522346919): avc: denied { read } for comm="event_loop" lport=13400 scontext=u:r:hht_ota_mgr:s0 tcontext=u:r:hht_ota_mgr:s0 tclass=udp_socket permissive=0
11-11 21:18:16.948 I/auditd ( 2720): type=1400 audit(0.0:1522616866): avc: denied { read } for comm="event_loop" lport=13400 scontext=u:r:hht_ota_mgr:s0 tcontext=u:r:hht_ota_mgr:s0 tclass=udp_socket permissive=0
11-11 21:18:16.948 I/auditd ( 2720): type=1400 audit(0.0:1522616867): avc: denied { read } for comm="event_loop" lport=13400 scontext=u:r:hht_ota_mgr:s0 tcontext=u:r:hht_ota_mgr:s0 tclass=udp_socket permissive=0
11-11 21:18:16.948 I/auditd ( 2720): type=1400 audit(0.0:1522616868): avc: denied { read } for comm="event_loop" lport=13400 scontext=u:r:hht_ota_mgr:s0 tcontext=u:r:hht_ota_mgr:s0 tclass=udp_socket permissive=0
11-11 21:18:16.948 I/auditd ( 2720): type=1400 audit(0.0:1522616869): avc: denied { read } for comm="event_loop" lport=13400 scontext=u:r:hht_ota_mgr:s0 tcontext=u:r:hht_ota_mgr:s0 tclass=udp_socket permissive=0
11-11 21:18:16.948 I/auditd ( 2720): type=1400 audit(0.0:1522616870): avc: denied { read } for comm="event_loop" lport=13400 scontext=u:r:hht_ota_mgr:s0 tcontext=u:r:hht_ota_mgr:s0 tclass=udp_socket permissive=0
11-11 21:18:17.952 I/auditd ( 2720): type=1400 audit(0.0:1522886683): avc: denied { read } for comm="event_loop" lport=13400 scontext=u:r:hht_ota_mgr:s0 tcontext=u:r:hht_ota_mgr:s0 tclass=udp_socket permissive=0
11-11 21:18:17.952 I/auditd ( 2720): type=1400 audit(0.0:1522886684): avc: denied { read } for comm="event_loop" lport=13400 scontext=u:r:hht_ota_mgr:s0 tcontext=u:r:hht_ota_mgr:s0 tclass=udp_socket permissive=0
11-11 21:18:17.952 I/auditd ( 2720): type=1400 audit(0.0:1522886685): avc: denied { read } for comm="event_loop" lport=13400 scontext=u:r:hht_ota_mgr:s0 tcontext=u:r:hht_ota_mgr:s0 tclass=udp_socket permissive=0
11-11 21:18:17.952 I/auditd ( 2720): type=1400 audit(0.0:1522886686): avc: denied { read } for comm="event_loop" lport=13400 scontext=u:r:hht_ota_mgr:s0 tcontext=u:r:hht_ota_mgr:s0 tclass=udp_socket permissive=0
11-11 21:18:17.952 I/auditd ( 2720): type=1400 audit(0.0:1522886687): avc: denied { read } for comm="event_loop" lport=13400 scontext=u:r:hht_ota_mgr:s0 tcontext=u:r:hht_ota_mgr:s0 tclass=udp_socket permissive=0
11-11 21:18:18.952 I/auditd ( 2720): type=1400 audit(0.0:1523157109): avc: denied { read } for comm="event_loop" lport=13400 scontext=u:r:hht_ota_mgr:s0 tcontext=u:r:hht_ota_mgr:s0 tclass=udp_socket permissive=0
11-11 21:18:18.956 I/auditd ( 2720): type=1400 audit(0.0:1523157110): avc: denied { read } for comm="event_loop" lport=13400 scontext=u:r:hht_ota_mgr:s0 tcontext=u:r:hht_ota_mgr:s0 tclass=udp_socket permissive=0
11-11 21:18:18.956 I/auditd ( 2720): type=1400 audit(0.0:1523157111): avc: denied { read } for comm="event_loop" lport=13400 scontext=u:r:hht_ota_mgr:s0 tcontext=u:r:hht_ota_mgr:s0 tclass=udp_socket permissive=0
11-11 21:18:18.956 I/auditd ( 2720): type=1400 audit(0.0:1523157112): avc: denied { read } for comm="event_loop" lport=13400 scontext=u:r:hht_ota_mgr:s0 tcontext=u:r:hht_ota_mgr:s0 tclass=udp_socket permissive=0
11-11 21:18:18.956 I/auditd ( 2720): type=1400 audit(0.0:1523157113): avc: denied { read } for comm="event_loop" lport=13400 scontext=u:r:hht_ota_mgr:s0 tcontext=u:r:hht_ota_mgr:s0 tclass=udp_socket permissive=0
11-11 21:18:19.960 I/auditd ( 2720): type=1400 audit(0.0:1523427625): avc: denied { read } for comm="event_loop" lport=13400 scontext=u:r:hht_ota_mgr:s0 tcontext=u:r:hht_ota_mgr:s0 tclass=udp_socket permissive=0
11-11 21:18:19.960 I/auditd ( 2720): type=1400 audit(0.0:1523427626): avc: denied { read } for comm="event_loop" lport=13400 scontext=u:r:hht_ota_mgr:s0 tcontext=u:r:hht_ota_mgr:s0 tclass=udp_socket permissive=0
11-11 21:18:19.960 I/auditd ( 2720): type=1400 audit(0.0:1523427627): avc: denied { read } for comm="event_loop" lport=13400 scontext=u:r:hht_ota_mgr:s0 tcontext=u:r:hht_ota_mgr:s0 tclass=udp_socket permissive=0
11-11 21:18:19.960 I/auditd ( 2720): type=1400 audit(0.0:1523427628): avc: denied { read } for comm="event_loop" lport=13400 scontext=u:r:hht_ota_mgr:s0 tcontext=u:r:hht_ota_mgr:s0 tclass=udp_socket permissive=0
11-11 21:18:19.960 I/auditd ( 2720): type=1400 audit(0.0:1523427629): avc: denied { read } for comm="event_loop" lport=13400 scontext=u:r:hht_ota_mgr:s0 tcontext=u:r:hht_ota_mgr:s0 tclass=udp_socket permissive=0
11-11 21:18:20.964 I/auditd ( 2720): type=1400 audit(0.0:1523698252): avc: denied { read } for comm="event_loop" lport=13400 scontext=u:r:hht_ota_mgr:s0 tcontext=u:r:hht_ota_mgr:s0 tclass=udp_socket permissive=0
11-11 21:18:20.964 I/auditd ( 2720): type=1400 audit(0.0:1523698253): avc: denied { read } for comm="event_loop" lport=13400 scontext=u:r:hht_ota_mgr:s0 tcontext=u:r:hht_ota_mgr:s0 tclass=udp_socket permissive=0
11-11 21:18:20.964 I/auditd ( 2720): type=1400 audit(0.0:1523698254): avc: denied { read } for comm="event_loop" lport=13400 scontext=u:r:hht_ota_mgr:s0 tcontext=u:r:hht_ota_mgr:s0 tclass=udp_socket permissive=0
11-11 21:18:20.964 I/auditd ( 2720): type=1400 audit(0.0:1523698255): avc: denied { read } for comm="event_loop" lport=13400 scontext=u:r:hht_ota_mgr:s0 tcontext=u:r:hht_ota_mgr:s0 tclass=udp_socket permissive=0
11-11 21:18:20.964 I/auditd ( 2720): type=1400 audit(0.0:1523698256): avc: denied { read } for comm="event_loop" lport=13400 scontext=u:r:hht_ota_mgr:s0 tcontext=u:r:hht_ota_mgr:s0 tclass=udp_socket permissive=0
11-11 21:18:21.968 I/auditd ( 2720): type=1400 audit(0.0:1523968418): avc: denied { read } for comm="event_loop" lport=13400 scontext=u:r:hht_ota_mgr:s0 tcontext=u:r:hht_ota_mgr:s0 tclass=udp_socket permissive=0
11-11 21:18:21.968 I/auditd ( 2720): type=1400 audit(0.0:1523968419): avc: denied { read } for comm="event_loop" lport=13400 scontext=u:r:hht_ota_mgr:s0 tcontext=u:r:hht_ota_mgr:s0 tclass=udp_socket permissive=0
11-11 21:18:21.968 I/auditd ( 2720): type=1400 audit(0.0:1523968420): avc: denied { read } for comm="event_loop" lport=13400 scontext=u:r:hht_ota_mgr:s0 tcontext=u:r:hht_ota_mgr:s0 tclass=udp_socket permissive=0
11-11 21:18:21.968 I/auditd ( 2720): type=1400 audit(0.0:1523968421): avc: denied { read } for comm="event_loop" lport=13400 scontext=u:r:hht_ota_mgr:s0 tcontext=u:r:hht_ota_mgr:s0 tclass=udp_socket permissive=0
11-11 21:18:21.968 I/auditd ( 2720): type=1400 audit(0.0:1523968422): avc: denied { read } for comm="event_loop" lport=13400 scontext=u:r:hht_ota_mgr:s0 tcontext=u:r:hht_ota_mgr:s0 tclass=udp_socket permissive=0
11-11 21:18:22.972 I/auditd ( 2720): type=1400 audit(0.0:1524237797): avc: denied { read } for comm="event_loop" lport=13400 scontext=u:r:hht_ota_mgr:s0 tcontext=u:r:hht_ota_mgr:s0 tclass=udp_socket permissive=0
11-11 21:18:22.972 I/auditd ( 2720): type=1400 audit(0.0:1524237798): avc: denied { read } for comm="event_loop" lport=13400 scontext=u:r:hht_ota_mgr:s0 tcontext=u:r:hht_ota_mgr:s0 tclass=udp_socket permissive=0
11-11 21:18:22.972 I/auditd ( 2720): type=1400 audit(0.0:1524237799): avc: denied { read } for comm="event_loop" lport=13400 scontext=u:r:hht_ota_mgr:s0 tcontext=u:r:hht_ota_mgr:s0 tclass=udp_socket permissive=0
11-11 21:18:22.972 I/auditd ( 2720): type=1400 audit(0.0:1524237800): avc: denied { read } for comm="event_loop" lport=13400 scontext=u:r:hht_ota_mgr:s0 tcontext=u:r:hht_ota_mgr:s0 tclass=udp_socket permissive=0
11-11 21:18:22.972 I/auditd ( 2720): type=1400 audit(0.0:1524237801): avc: denied { read } for comm="event_loop" lport=13400 scontext=u:r:hht_ota_mgr:s0 tcontext=u:r:hht_ota_mgr:s0 tclass=udp_socket permissive=0
11-11 21:18:23.320 I/am_uid_idle( 1503): 10031
11-11 21:18:23.320 I/am_uid_idle( 1503): 2000
11-11 21:18:23.976 I/auditd ( 2720): type=1400 audit(0.0:1524507561): avc: denied { read } for comm="event_loop" lport=13400 scontext=u:r:hht_ota_mgr:s0 tcontext=u:r:hht_ota_mgr:s0 tclass=udp_socket permissive=0
11-11 21:18:23.976 I/auditd ( 2720): type=1400 audit(0.0:1524507562): avc: denied { read } for comm="event_loop" lport=13400 scontext=u:r:hht_ota_mgr:s0 tcontext=u:r:hht_ota_mgr:s0 tclass=udp_socket permissive=0
11-11 21:18:23.976 I/auditd ( 2720): type=1400 audit(0.0:1524507563): avc: denied { read } for comm="event_loop" lport=13400 scontext=u:r:hht_ota_mgr:s0 tcontext=u:r:hht_ota_mgr:s0 tclass=udp_socket permissive=0
11-11 21:18:23.976 I/auditd ( 2720): type=1400 audit(0.0:1524507564): avc: denied { read } for comm="event_loop" lport=13400 scontext=u:r:hht_ota_mgr:s0 tcontext=u:r:hht_ota_mgr:s0 tclass=udp_socket permissive=0
11-11 21:18:23.976 I/auditd ( 2720): type=1400 audit(0.0:1524507565): avc: denied { read } for comm="event_loop" lport=13400 scontext=u:r:hht_ota_mgr:s0 tcontext=u:r:hht_ota_mgr:s0 tclass=udp_socket permissive=0
11-11 21:18:24.980 I/auditd ( 2720): type=1400 audit(0.0:1524777320): avc: denied { read } for comm="event_loop" lport=13400 scontext=u:r:hht_ota_mgr:s0 tcontext=u:r:hht_ota_mgr:s0 tclass=udp_socket permissive=0
11-11 21:18:24.980 I/auditd ( 2720): type=1400 audit(0.0:1524777321): avc: denied { read } for comm="event_loop" lport=13400 scontext=u:r:hht_ota_mgr:s0 tcontext=u:r:hht_ota_mgr:s0 tclass=udp_socket permissive=0
11-11 21:18:24.980 I/auditd ( 2720): type=1400 audit(0.0:1524777322): avc: denied { read } for comm="event_loop" lport=13400 scontext=u:r:hht_ota_mgr:s0 tcontext=u:r:hht_ota_mgr:s0 tclass=udp_socket permissive=0
11-11 21:18:24.980 I/auditd ( 2720): type=1400 audit(0.0:1524777323): avc: denied { read } for comm="event_loop" lport=13400 scontext=u:r:hht_ota_mgr:s0 tcontext=u:r:hht_ota_mgr:s0 tclass=udp_socket permissive=0
11-11 21:18:24.980 I/auditd ( 2720): type=1400 audit(0.0:1524777324): avc: denied { read } for comm="event_loop" lport=13400 scontext=u:r:hht_ota_mgr:s0 tcontext=u:r:hht_ota_mgr:s0 tclass=udp_socket permissive=0
11-11 21:18:25.980 I/auditd ( 2720): type=1400 audit(0.0:1525047138): avc: denied { read } for comm="event_loop" lport=13400 scontext=u:r:hht_ota_mgr:s0 tcontext=u:r:hht_ota_mgr:s0 tclass=udp_socket permissive=0
11-11 21:18:25.984 I/auditd ( 2720): type=1400 audit(0.0:1525047139): avc: denied { read } for comm="event_loop" lport=13400 scontext=u:r:hht_ota_mgr:s0 tcontext=u:r:hht_ota_mgr:s0 tclass=udp_socket permissive=0
11-11 21:18:25.984 I/auditd ( 2720): type=1400 audit(0.0:1525047140): avc: denied { read } for comm="event_loop" lport=13400 scontext=u:r:hht_ota_mgr:s0 tcontext=u:r:hht_ota_mgr:s0 tclass=udp_socket permissive=0
11-11 21:18:25.984 I/auditd ( 2720): type=1400 audit(0.0:1525047141): avc: denied { read } for comm="event_loop" lport=13400 scontext=u:r:hht_ota_mgr:s0 tcontext=u:r:hht_ota_mgr:s0 tclass=udp_socket permissive=0
11-11 21:18:25.984 I/auditd ( 2720): type=1400 audit(0.0:1525047142): avc: denied { read } for comm="event_loop" lport=13400 scontext=u:r:hht_ota_mgr:s0 tcontext=u:r:hht_ota_mgr:s0 tclass=udp_socket permissive=0
11-11 21:18:26.988 I/auditd ( 2720): type=1400 audit(0.0:1525316860): avc: denied { read } for comm="event_loop" lport=13400 scontext=u:r:hht_ota_mgr:s0 tcontext=u:r:hht_ota_mgr:s0 tclass=udp_socket permissive=0
11-11 21:18:26.988 I/auditd ( 2720): type=1400 audit(0.0:1525316861): avc: denied { read } for comm="event_loop" lport=13400 scontext=u:r:hht_ota_mgr:s0 tcontext=u:r:hht_ota_mgr:s0 tclass=udp_socket permissive=0
11-11 21:18:26.988 I/auditd ( 2720): type=1400 audit(0.0:1525316862): avc: denied { read } for comm="event_loop" lport=13400 scontext=u:r:hht_ota_mgr:s0 tcontext=u:r:hht_ota_mgr:s0 tclass=udp_socket permissive=0
11-11 21:18:26.988 I/auditd ( 2720): type=1400 audit(0.0:1525316863): avc: denied { read } for comm="event_loop" lport=13400 scontext=u:r:hht_ota_mgr:s0 tcontext=u:r:hht_ota_mgr:s0 tclass=udp_socket permissive=0
11-11 21:18:26.988 I/auditd ( 2720): type=1400 audit(0.0:1525316864): avc: denied { read } for comm="event_loop" lport=13400 scontext=u:r:hht_ota_mgr:s0 tcontext=u:r:hht_ota_mgr:s0 tclass=udp_socket permissive=0
11-11 21:18:27.988 I/auditd ( 2720): type=1400 audit(0.0:1525586899): avc: denied { read } for comm="event_loop" lport=13400 scontext=u:r:hht_ota_mgr:s0 tcontext=u:r:hht_ota_mgr:s0 tclass=udp_socket permissive=0
11-11 21:18:27.992 I/auditd ( 2720): type=1400 audit(0.0:1525586900): avc: denied { read } for comm="event_loop" lport=13400 scontext=u:r:hht_ota_mgr:s0 tcontext=u:r:hht_ota_mgr:s0 tclass=udp_socket permissive=0
11-11 21:18:27.992 I/auditd ( 2720): type=1400 audit(0.0:1525586901): avc: denied { read } for comm="event_loop" lport=13400 scontext=u:r:hht_ota_mgr:s0 tcontext=u:r:hht_ota_mgr:s0 tclass=udp_socket permissive=0
11-11 21:18:27.992 I/auditd ( 2720): type=1400 audit(0.0:1525586902): avc: denied { read } for comm="event_loop" lport=13400 scontext=u:r:hht_ota_mgr:s0 tcontext=u:r:hht_ota_mgr:s0 tclass=udp_socket permissive=0
11-11 21:18:27.992 I/auditd ( 2720): type=1400 audit(0.0:1525586903): avc: denied { read } for comm="event_loop" lport=13400 scontext=u:r:hht_ota_mgr:s0 tcontext=u:r:hht_ota_mgr:s0 tclass=udp_socket permissive=0
11-11 21:18:28.992 I/auditd ( 2720): type=1400 audit(0.0:1525857626): avc: denied { read } for comm="event_loop" lport=13400 scontext=u:r:hht_ota_mgr:s0 tcontext=u:r:hht_ota_mgr:s0 tclass=udp_socket permissive=0
11-11 21:18:28.996 I/auditd ( 2720): type=1400 audit(0.0:1525857627): avc: denied { read } for comm="event_loop" lport=13400 scontext=u:r:hht_ota_mgr:s0 tcontext=u:r:hht_ota_mgr:s0 tclass=udp_socket permissive=0
11-11 21:18:28.996 I/auditd ( 2720): type=1400 audit(0.0:1525857628): avc: denied { read } for comm="event_loop" lport=13400 scontext=u:r:hht_ota_mgr:s0 tcontext=u:r:hht_ota_mgr:s0 tclass=udp_socket permissive=0
11-11 21:18:28.996 I/auditd ( 2720): type=1400 audit(0.0:1525857629): avc: denied { read } for comm="event_loop" lport=13400 scontext=u:r:hht_ota_mgr:s0 tcontext=u:r:hht_ota_mgr:s0 tclass=udp_socket permissive=0
11-11 21:18:28.996 I/auditd ( 2720): type=1400 audit(0.0:1525857630): avc: denied { read } for comm="event_loop" lport=13400 scontext=u:r:hht_ota_mgr:s0 tcontext=u:r:hht_ota_mgr:s0 tclass=udp_socket permissive=0
11-11 21:18:29.545 I/sysui_multi_action( 1503): [757,1696,758,6,759,2]
11-11 21:18:29.551 I/am_wtf ( 1503): [0,1503,system_server,-1,DisplayDeviceConfig,requesting nits when no mapping exists.]
11-11 21:18:29.554 I/am_wtf ( 1503): [0,1503,system_server,-1,DisplayDeviceConfig,requesting nits when no mapping exists.]
11-11 21:18:29.566 I/am_wtf ( 1503): [0,1503,system_server,-1,DisplayDeviceConfig,requesting nits when no mapping exists.]
11-11 21:18:29.568 I/am_wtf ( 1503): [0,1503,system_server,-1,DisplayDeviceConfig,requesting nits when no mapping exists.]
11-11 21:18:29.584 I/am_wtf ( 1503): [0,1503,system_server,-1,DisplayDeviceConfig,requesting nits when no mapping exists.]
11-11 21:18:29.586 I/am_wtf ( 1503): [0,1503,system_server,-1,DisplayDeviceConfig,requesting nits when no mapping exists.]
11-11 21:18:29.603 I/am_wtf ( 1503): [0,1503,system_server,-1,DisplayDeviceConfig,requesting nits when no mapping exists.]
11-11 21:18:29.603 I/service_manager_stats( 1503): [100,45,67744]
11-11 21:18:29.604 I/am_wtf ( 1503): [0,1503,system_server,-1,DisplayDeviceConfig,requesting nits when no mapping exists.]
11-11 21:18:29.620 I/am_wtf ( 1503): [0,1503,system_server,-1,DisplayDeviceConfig,requesting nits when no mapping exists.]
11-11 21:18:29.620 I/am_wtf ( 1503): [0,1503,system_server,-1,DisplayDeviceConfig,requesting nits when no mapping exists.]
11-11 21:18:29.636 I/am_wtf ( 1503): [0,1503,system_server,-1,DisplayDeviceConfig,requesting nits when no mapping exists.]
11-11 21:18:29.637 I/am_wtf ( 1503): [0,1503,system_server,-1,DisplayDeviceConfig,requesting nits when no mapping exists.]
11-11 21:18:29.653 I/am_wtf ( 1503): [0,1503,system_server,-1,DisplayDeviceConfig,requesting nits when no mapping exists.]
11-11 21:18:29.654 I/am_wtf ( 1503): [0,1503,system_server,-1,DisplayDeviceConfig,requesting nits when no mapping exists.]
11-11 21:18:29.670 I/am_wtf ( 1503): [0,1503,system_server,-1,DisplayDeviceConfig,requesting nits when no mapping exists.]
11-11 21:18:29.671 I/am_wtf ( 1503): [0,1503,system_server,-1,DisplayDeviceConfig,requesting nits when no mapping exists.]
11-11 21:18:29.687 I/am_wtf ( 1503): [0,1503,system_server,-1,DisplayDeviceConfig,requesting nits when no mapping exists.]
11-11 21:18:29.688 I/am_wtf ( 1503): [0,1503,system_server,-1,DisplayDeviceConfig,requesting nits when no mapping exists.]
11-11 21:18:29.703 I/am_wtf ( 1503): [0,1503,system_server,-1,DisplayDeviceConfig,requesting nits when no mapping exists.]
11-11 21:18:29.704 I/am_wtf ( 1503): [0,1503,system_server,-1,DisplayDeviceConfig,requesting nits when no mapping exists.]
11-11 21:18:29.720 I/am_wtf ( 1503): [0,1503,system_server,-1,DisplayDeviceConfig,requesting nits when no mapping exists.]
11-11 21:18:29.721 I/am_wtf ( 1503): [0,1503,system_server,-1,DisplayDeviceConfig,requesting nits when no mapping exists.]
11-11 21:18:29.737 I/am_wtf ( 1503): [0,1503,system_server,-1,DisplayDeviceConfig,requesting nits when no mapping exists.]
11-11 21:18:29.737 I/am_wtf ( 1503): [0,1503,system_server,-1,DisplayDeviceConfig,requesting nits when no mapping exists.]
11-11 21:18:29.753 I/am_wtf ( 1503): [0,1503,system_server,-1,DisplayDeviceConfig,requesting nits when no mapping exists.]
11-11 21:18:29.755 I/am_wtf ( 1503): [0,1503,system_server,-1,DisplayDeviceConfig,requesting nits when no mapping exists.]
11-11 21:18:29.770 I/am_wtf ( 1503): [0,1503,system_server,-1,DisplayDeviceConfig,requesting nits when no mapping exists.]
11-11 21:18:29.771 I/am_wtf ( 1503): [0,1503,system_server,-1,DisplayDeviceConfig,requesting nits when no mapping exists.]
11-11 21:18:29.787 I/am_wtf ( 1503): [0,1503,system_server,-1,DisplayDeviceConfig,requesting nits when no mapping exists.]
11-11 21:18:29.788 I/am_wtf ( 1503): [0,1503,system_server,-1,DisplayDeviceConfig,requesting nits when no mapping exists.]
11-11 21:18:29.803 I/am_wtf ( 1503): [0,1503,system_server,-1,DisplayDeviceConfig,requesting nits when no mapping exists.]
11-11 21:18:29.804 I/am_wtf ( 1503): [0,1503,system_server,-1,DisplayDeviceConfig,requesting nits when no mapping exists.]
11-11 21:18:29.820 I/am_wtf ( 1503): [0,1503,system_server,-1,DisplayDeviceConfig,requesting nits when no mapping exists.]
11-11 21:18:29.821 I/am_wtf ( 1503): [0,1503,system_server,-1,DisplayDeviceConfig,requesting nits when no mapping exists.]
11-11 21:18:29.837 I/am_wtf ( 1503): [0,1503,system_server,-1,DisplayDeviceConfig,requesting nits when no mapping exists.]
11-11 21:18:29.837 I/am_wtf ( 1503): [0,1503,system_server,-1,DisplayDeviceConfig,requesting nits when no mapping exists.]
11-11 21:18:29.853 I/am_wtf ( 1503): [0,1503,system_server,-1,DisplayDeviceConfig,requesting nits when no mapping exists.]
11-11 21:18:29.854 I/am_wtf ( 1503): [0,1503,system_server,-1,DisplayDeviceConfig,requesting nits when no mapping exists.]
11-11 21:18:29.871 I/am_wtf ( 1503): [0,1503,system_server,-1,DisplayDeviceConfig,requesting nits when no mapping exists.]
11-11 21:18:29.872 I/am_wtf ( 1503): [0,1503,system_server,-1,DisplayDeviceConfig,requesting nits when no mapping exists.]
11-11 21:18:29.888 I/am_wtf ( 1503): [0,1503,system_server,-1,DisplayDeviceConfig,requesting nits when no mapping exists.]
11-11 21:18:29.889 I/am_wtf ( 1503): [0,1503,system_server,-1,DisplayDeviceConfig,requesting nits when no mapping exists.]
11-11 21:18:29.903 I/am_wtf ( 1503): [0,1503,system_server,-1,DisplayDeviceConfig,requesting nits when no mapping exists.]
11-11 21:18:29.904 I/am_wtf ( 1503): [0,1503,system_server,-1,DisplayDeviceConfig,requesting nits when no mapping exists.]
11-11 21:18:29.920 I/am_wtf ( 1503): [0,1503,system_server,-1,DisplayDeviceConfig,requesting nits when no mapping exists.]
11-11 21:18:29.921 I/am_wtf ( 1503): [0,1503,system_server,-1,DisplayDeviceConfig,requesting nits when no mapping exists.]
11-11 21:18:29.937 I/am_wtf ( 1503): [0,1503,system_server,-1,DisplayDeviceConfig,requesting nits when no mapping exists.]
11-11 21:18:29.938 I/am_wtf ( 1503): [0,1503,system_server,-1,DisplayDeviceConfig,requesting nits when no mapping exists.]
11-11 21:18:29.954 I/am_wtf ( 1503): [0,1503,system_server,-1,DisplayDeviceConfig,requesting nits when no mapping exists.]
11-11 21:18:29.955 I/am_wtf ( 1503): [0,1503,system_server,-1,DisplayDeviceConfig,requesting nits when no mapping exists.]
11-11 21:18:29.970 I/am_wtf ( 1503): [0,1503,system_server,-1,DisplayDeviceConfig,requesting nits when no mapping exists.]
11-11 21:18:29.971 I/am_wtf ( 1503): [0,1503,system_server,-1,DisplayDeviceConfig,requesting nits when no mapping exists.]
11-11 21:18:29.987 I/am_wtf ( 1503): [0,1503,system_server,-1,DisplayDeviceConfig,requesting nits when no mapping exists.]
11-11 21:18:29.988 I/am_wtf ( 1503): [0,1503,system_server,-1,DisplayDeviceConfig,requesting nits when no mapping exists.]
11-11 21:18:30.000 I/auditd ( 2720): type=1400 audit(0.0:1526127652): avc: denied { read } for comm="event_loop" lport=13400 scontext=u:r:hht_ota_mgr:s0 tcontext=u:r:hht_ota_mgr:s0 tclass=udp_socket permissive=0
11-11 21:18:30.000 I/auditd ( 2720): type=1400 audit(0.0:1526127653): avc: denied { read } for comm="event_loop" lport=13400 scontext=u:r:hht_ota_mgr:s0 tcontext=u:r:hht_ota_mgr:s0 tclass=udp_socket permissive=0
11-11 21:18:30.000 I/auditd ( 2720): type=1400 audit(0.0:1526127654): avc: denied { read } for comm="event_loop" lport=13400 scontext=u:r:hht_ota_mgr:s0 tcontext=u:r:hht_ota_mgr:s0 tclass=udp_socket permissive=0
11-11 21:18:30.000 I/auditd ( 2720): type=1400 audit(0.0:1526127655): avc: denied { read } for comm="event_loop" lport=13400 scontext=u:r:hht_ota_mgr:s0 tcontext=u:r:hht_ota_mgr:s0 tclass=udp_socket permissive=0
11-11 21:18:30.000 I/auditd ( 2720): type=1400 audit(0.0:1526127656): avc: denied { read } for comm="event_loop" lport=13400 scontext=u:r:hht_ota_mgr:s0 tcontext=u:r:hht_ota_mgr:s0 tclass=udp_socket permissive=0
11-11 21:18:30.004 I/am_wtf ( 1503): [0,1503,system_server,-1,DisplayDeviceConfig,requesting nits when no mapping exists.]
11-11 21:18:30.004 I/am_wtf ( 1503): [0,1503,system_server,-1,DisplayDeviceConfig,requesting nits when no mapping exists.]
11-11 21:18:30.021 I/am_wtf ( 1503): [0,1503,system_server,-1,DisplayDeviceConfig,requesting nits when no mapping exists.]
11-11 21:18:30.022 I/am_wtf ( 1503): [0,1503,system_server,-1,DisplayDeviceConfig,requesting nits when no mapping exists.]
11-11 21:18:30.037 I/am_wtf ( 1503): [0,1503,system_server,-1,DisplayDeviceConfig,requesting nits when no mapping exists.]
11-11 21:18:30.038 I/am_wtf ( 1503): [0,1503,system_server,-1,DisplayDeviceConfig,requesting nits when no mapping exists.]
11-11 21:18:30.054 I/am_wtf ( 1503): [0,1503,system_server,-1,DisplayDeviceConfig,requesting nits when no mapping exists.]
11-11 21:18:30.055 I/am_wtf ( 1503): [0,1503,system_server,-1,DisplayDeviceConfig,requesting nits when no mapping exists.]
11-11 21:18:30.071 I/am_wtf ( 1503): [0,1503,system_server,-1,DisplayDeviceConfig,requesting nits when no mapping exists.]
11-11 21:18:30.073 I/am_wtf ( 1503): [0,1503,system_server,-1,DisplayDeviceConfig,requesting nits when no mapping exists.]
11-11 21:18:30.087 I/am_wtf ( 1503): [0,1503,system_server,-1,DisplayDeviceConfig,requesting nits when no mapping exists.]
11-11 21:18:30.088 I/am_wtf ( 1503): [0,1503,system_server,-1,DisplayDeviceConfig,requesting nits when no mapping exists.]
11-11 21:18:30.104 I/am_wtf ( 1503): [0,1503,system_server,-1,DisplayDeviceConfig,requesting nits when no mapping exists.]
11-11 21:18:30.105 I/am_wtf ( 1503): [0,1503,system_server,-1,DisplayDeviceConfig,requesting nits when no mapping exists.]
11-11 21:18:30.121 I/am_wtf ( 1503): [0,1503,system_server,-1,DisplayDeviceConfig,requesting nits when no mapping exists.]
11-11 21:18:30.122 I/am_wtf ( 1503): [0,1503,system_server,-1,DisplayDeviceConfig,requesting nits when no mapping exists.]
11-11 21:18:30.138 I/am_wtf ( 1503): [0,1503,system_server,-1,DisplayDeviceConfig,requesting nits when no mapping exists.]
11-11 21:18:30.139 I/am_wtf ( 1503): [0,1503,system_server,-1,DisplayDeviceConfig,requesting nits when no mapping exists.]
11-11 21:18:30.154 I/am_wtf ( 1503): [0,1503,system_server,-1,DisplayDeviceConfig,requesting nits when no mapping exists.]
11-11 21:18:30.155 I/am_wtf ( 1503): [0,1503,system_server,-1,DisplayDeviceConfig,requesting nits when no mapping exists.]
11-11 21:18:30.171 I/am_wtf ( 1503): [0,1503,system_server,-1,DisplayDeviceConfig,requesting nits when no mapping exists.]
11-11 21:18:30.172 I/am_wtf ( 1503): [0,1503,system_server,-1,DisplayDeviceConfig,requesting nits when no mapping exists.]
11-11 21:18:30.188 I/am_wtf ( 1503): [0,1503,system_server,-1,DisplayDeviceConfig,requesting nits when no mapping exists.]
11-11 21:18:30.189 I/am_wtf ( 1503): [0,1503,system_server,-1,DisplayDeviceConfig,requesting nits when no mapping exists.]
11-11 21:18:30.204 I/am_wtf ( 1503): [0,1503,system_server,-1,DisplayDeviceConfig,requesting nits when no mapping exists.]
11-11 21:18:30.205 I/am_wtf ( 1503): [0,1503,system_server,-1,DisplayDeviceConfig,requesting nits when no mapping exists.]
11-11 21:18:30.220 I/am_wtf ( 1503): [0,1503,system_server,-1,DisplayDeviceConfig,requesting nits when no mapping exists.]
11-11 21:18:30.221 I/am_wtf ( 1503): [0,1503,system_server,-1,DisplayDeviceConfig,requesting nits when no mapping exists.]
11-11 21:18:30.237 I/am_wtf ( 1503): [0,1503,system_server,-1,DisplayDeviceConfig,requesting nits when no mapping exists.]
11-11 21:18:30.238 I/am_wtf ( 1503): [0,1503,system_server,-1,DisplayDeviceConfig,requesting nits when no mapping exists.]
11-11 21:18:30.254 I/am_wtf ( 1503): [0,1503,system_server,-1,DisplayDeviceConfig,requesting nits when no mapping exists.]
11-11 21:18:30.256 I/am_wtf ( 1503): [0,1503,system_server,-1,DisplayDeviceConfig,requesting nits when no mapping exists.]
11-11 21:18:30.271 I/am_wtf ( 1503): [0,1503,system_server,-1,DisplayDeviceConfig,requesting nits when no mapping exists.]
11-11 21:18:30.272 I/am_wtf ( 1503): [0,1503,system_server,-1,DisplayDeviceConfig,requesting nits when no mapping exists.]
11-11 21:18:30.288 I/am_wtf ( 1503): [0,1503,system_server,-1,DisplayDeviceConfig,requesting nits when no mapping exists.]
11-11 21:18:30.289 I/am_wtf ( 1503): [0,1503,system_server,-1,DisplayDeviceConfig,requesting nits when no mapping exists.]
11-11 21:18:30.304 I/am_wtf ( 1503): [0,1503,system_server,-1,DisplayDeviceConfig,requesting nits when no mapping exists.]
11-11 21:18:30.305 I/am_wtf ( 1503): [0,1503,system_server,-1,DisplayDeviceConfig,requesting nits when no mapping exists.]
11-11 21:18:30.321 I/am_wtf ( 1503): [0,1503,system_server,-1,DisplayDeviceConfig,requesting nits when no mapping exists.]
11-11 21:18:30.322 I/am_wtf ( 1503): [0,1503,system_server,-1,DisplayDeviceConfig,requesting nits when no mapping exists.]
11-11 21:18:30.338 I/am_wtf ( 1503): [0,1503,system_server,-1,DisplayDeviceConfig,requesting nits when no mapping exists.]
11-11 21:18:30.338 I/am_wtf ( 1503): [0,1503,system_server,-1,DisplayDeviceConfig,requesting nits when no mapping exists.]
11-11 21:18:30.355 I/am_wtf ( 1503): [0,1503,system_server,-1,DisplayDeviceConfig,requesting nits when no mapping exists.]
11-11 21:18:30.356 I/am_wtf ( 1503): [0,1503,system_server,-1,DisplayDeviceConfig,requesting nits when no mapping exists.]
11-11 21:18:30.372 I/am_wtf ( 1503): [0,1503,system_server,-1,DisplayDeviceConfig,requesting nits when no mapping exists.]
11-11 21:18:30.373 I/am_wtf ( 1503): [0,1503,system_server,-1,DisplayDeviceConfig,requesting nits when no mapping exists.]
11-11 21:18:30.388 I/am_wtf ( 1503): [0,1503,system_server,-1,DisplayDeviceConfig,requesting nits when no mapping exists.]
11-11 21:18:30.388 I/am_wtf ( 1503): [0,1503,system_server,-1,DisplayDeviceConfig,requesting nits when no mapping exists.]
11-11 21:18:30.404 I/am_wtf ( 1503): [0,1503,system_server,-1,DisplayDeviceConfig,requesting nits when no mapping exists.]
11-11 21:18:30.405 I/am_wtf ( 1503): [0,1503,system_server,-1,DisplayDeviceConfig,requesting nits when no mapping exists.]
11-11 21:18:30.421 I/am_wtf ( 1503): [0,1503,system_server,-1,DisplayDeviceConfig,requesting nits when no mapping exists.]
11-11 21:18:30.422 I/am_wtf ( 1503): [0,1503,system_server,-1,DisplayDeviceConfig,requesting nits when no mapping exists.]
11-11 21:18:30.438 I/am_wtf ( 1503): [0,1503,system_server,-1,DisplayDeviceConfig,requesting nits when no mapping exists.]
11-11 21:18:30.439 I/am_wtf ( 1503): [0,1503,system_server,-1,DisplayDeviceConfig,requesting nits when no mapping exists.]
11-11 21:18:30.455 I/am_wtf ( 1503): [0,1503,system_server,-1,DisplayDeviceConfig,requesting nits when no mapping exists.]
11-11 21:18:30.456 I/am_wtf ( 1503): [0,1503,system_server,-1,DisplayDeviceConfig,requesting nits when no mapping exists.]
11-11 21:18:30.472 I/am_wtf ( 1503): [0,1503,system_server,-1,DisplayDeviceConfig,requesting nits when no mapping exists.]
11-11 21:18:30.472 I/am_wtf ( 1503): [0,1503,system_server,-1,DisplayDeviceConfig,requesting nits when no mapping exists.]
11-11 21:18:30.488 I/am_wtf ( 1503): [0,1503,system_server,-1,DisplayDeviceConfig,requesting nits when no mapping exists.]
11-11 21:18:30.489 I/am_wtf ( 1503): [0,1503,system_server,-1,DisplayDeviceConfig,requesting nits when no mapping exists.]
11-11 21:18:30.505 I/am_wtf ( 1503): [0,1503,system_server,-1,DisplayDeviceConfig,requesting nits when no mapping exists.]
11-11 21:18:30.506 I/am_wtf ( 1503): [0,1503,system_server,-1,DisplayDeviceConfig,requesting nits when no mapping exists.]
11-11 21:18:31.000 I/auditd ( 2720): type=1400 audit(0.0:1526397423): avc: denied { read } for comm="event_loop" lport=13400 scontext=u:r:hht_ota_mgr:s0 tcontext=u:r:hht_ota_mgr:s0 tclass=udp_socket permissive=0
11-11 21:18:31.004 I/auditd ( 2720): type=1400 audit(0.0:1526397424): avc: denied { read } for comm="event_loop" lport=13400 scontext=u:r:hht_ota_mgr:s0 tcontext=u:r:hht_ota_mgr:s0 tclass=udp_socket permissive=0
11-11 21:18:31.004 I/auditd ( 2720): type=1400 audit(0.0:1526397425): avc: denied { read } for comm="event_loop" lport=13400 scontext=u:r:hht_ota_mgr:s0 tcontext=u:r:hht_ota_mgr:s0 tclass=udp_socket permissive=0
11-11 21:18:31.004 I/auditd ( 2720): type=1400 audit(0.0:1526397426): avc: denied { read } for comm="event_loop" lport=13400 scontext=u:r:hht_ota_mgr:s0 tcontext=u:r:hht_ota_mgr:s0 tclass=udp_socket permissive=0
11-11 21:18:31.004 I/auditd ( 2720): type=1400 audit(0.0:1526397427): avc: denied { read } for comm="event_loop" lport=13400 scontext=u:r:hht_ota_mgr:s0 tcontext=u:r:hht_ota_mgr:s0 tclass=udp_socket permissive=0
11-11 21:18:32.008 I/auditd ( 2720): type=1400 audit(0.0:1526667166): avc: denied { read } for comm="event_loop" lport=13400 scontext=u:r:hht_ota_mgr:s0 tcontext=u:r:hht_ota_mgr:s0 tclass=udp_socket permissive=0
11-11 21:18:32.008 I/auditd ( 2720): type=1400 audit(0.0:1526667167): avc: denied { read } for comm="event_loop" lport=13400 scontext=u:r:hht_ota_mgr:s0 tcontext=u:r:hht_ota_mgr:s0 tclass=udp_socket permissive=0
11-11 21:18:32.008 I/auditd ( 2720): type=1400 audit(0.0:1526667168): avc: denied { read } for comm="event_loop" lport=13400 scontext=u:r:hht_ota_mgr:s0 tcontext=u:r:hht_ota_mgr:s0 tclass=udp_socket permissive=0
11-11 21:18:32.008 I/auditd ( 2720): type=1400 audit(0.0:1526667169): avc: denied { read } for comm="event_loop" lport=13400 scontext=u:r:hht_ota_mgr:s0 tcontext=u:r:hht_ota_mgr:s0 tclass=udp_socket permissive=0
11-11 21:18:32.008 I/auditd ( 2720): type=1400 audit(0.0:1526667170): avc: denied { read } for comm="event_loop" lport=13400 scontext=u:r:hht_ota_mgr:s0 tcontext=u:r:hht_ota_mgr:s0 tclass=udp_socket permissive=0
11-11 21:18:33.008 I/auditd ( 2720): type=1400 audit(0.0:1526937237): avc: denied { read } for comm="event_loop" lport=13400 scontext=u:r:hht_ota_mgr:s0 tcontext=u:r:hht_ota_mgr:s0 tclass=udp_socket permissive=0
11-11 21:18:33.012 I/auditd ( 2720): type=1400 audit(0.0:1526937238): avc: denied { read } for comm="event_loop" lport=13400 scontext=u:r:hht_ota_mgr:s0 tcontext=u:r:hht_ota_mgr:s0 tclass=udp_socket permissive=0
11-11 21:18:33.012 I/auditd ( 2720): type=1400 audit(0.0:1526937239): avc: denied { read } for comm="event_loop" lport=13400 scontext=u:r:hht_ota_mgr:s0 tcontext=u:r:hht_ota_mgr:s0 tclass=udp_socket permissive=0
11-11 21:18:33.012 I/auditd ( 2720): type=1400 audit(0.0:1526937240): avc: denied { read } for comm="event_loop" lport=13400 scontext=u:r:hht_ota_mgr:s0 tcontext=u:r:hht_ota_mgr:s0 tclass=udp_socket permissive=0
11-11 21:18:33.012 I/auditd ( 2720): type=1400 audit(0.0:1526937241): avc: denied { read } for comm="event_loop" lport=13400 scontext=u:r:hht_ota_mgr:s0 tcontext=u:r:hht_ota_mgr:s0 tclass=udp_socket permissive=0
11-11 21:18:34.012 I/auditd ( 2720): type=1400 audit(0.0:1527205912): avc: denied { read } for comm="event_loop" lport=13400 scontext=u:r:hht_ota_mgr:s0 tcontext=u:r:hht_ota_mgr:s0 tclass=udp_socket permissive=0
11-11 21:18:34.016 I/auditd ( 2720): type=1400 audit(0.0:1527205913): avc: denied { read } for comm="event_loop" lport=13400 scontext=u:r:hht_ota_mgr:s0 tcontext=u:r:hht_ota_mgr:s0 tclass=udp_socket permissive=0
11-11 21:18:34.016 I/auditd ( 2720): type=1400 audit(0.0:1527205914): avc: denied { read } for comm="event_loop" lport=13400 scontext=u:r:hht_ota_mgr:s0 tcontext=u:r:hht_ota_mgr:s0 tclass=udp_socket permissive=0
11-11 21:18:34.016 I/auditd ( 2720): type=1400 audit(0.0:1527205915): avc: denied { read } for comm="event_loop" lport=13400 scontext=u:r:hht_ota_mgr:s0 tcontext=u:r:hht_ota_mgr:s0 tclass=udp_socket permissive=0
11-11 21:18:34.016 I/auditd ( 2720): type=1400 audit(0.0:1527205916): avc: denied { read } for comm="event_loop" lport=13400 scontext=u:r:hht_ota_mgr:s0 tcontext=u:r:hht_ota_mgr:s0 tclass=udp_socket permissive=0
11-11 21:18:35.020 I/auditd ( 2720): type=1400 audit(0.0:1527475266): avc: denied { read } for comm="event_loop" lport=13400 scontext=u:r:hht_ota_mgr:s0 tcontext=u:r:hht_ota_mgr:s0 tclass=udp_socket permissive=0
11-11 21:18:35.020 I/auditd ( 2720): type=1400 audit(0.0:1527475267): avc: denied { read } for comm="event_loop" lport=13400 scontext=u:r:hht_ota_mgr:s0 tcontext=u:r:hht_ota_mgr:s0 tclass=udp_socket permissive=0
11-11 21:18:35.020 I/auditd ( 2720): type=1400 audit(0.0:1527475268): avc: denied { read } for comm="event_loop" lport=13400 scontext=u:r:hht_ota_mgr:s0 tcontext=u:r:hht_ota_mgr:s0 tclass=udp_socket permissive=0
11-11 21:18:35.020 I/auditd ( 2720): type=1400 audit(0.0:1527475269): avc: denied { read } for comm="event_loop" lport=13400 scontext=u:r:hht_ota_mgr:s0 tcontext=u:r:hht_ota_mgr:s0 tclass=udp_socket permissive=0
11-11 21:18:35.020 I/auditd ( 2720): type=1400 audit(0.0:1527475270): avc: denied { read } for comm="event_loop" lport=13400 scontext=u:r:hht_ota_mgr:s0 tcontext=u:r:hht_ota_mgr:s0 tclass=udp_socket permissive=0
11-11 21:18:36.024 I/auditd ( 2720): type=1400 audit(0.0:1527745291): avc: denied { read } for comm="event_loop" lport=13400 scontext=u:r:hht_ota_mgr:s0 tcontext=u:r:hht_ota_mgr:s0 tclass=udp_socket permissive=0
11-11 21:18:36.024 I/auditd ( 2720): type=1400 audit(0.0:1527745292): avc: denied { read } for comm="event_loop" lport=13400 scontext=u:r:hht_ota_mgr:s0 tcontext=u:r:hht_ota_mgr:s0 tclass=udp_socket permissive=0
11-11 21:18:36.024 I/auditd ( 2720): type=1400 audit(0.0:1527745293): avc: denied { read } for comm="event_loop" lport=13400 scontext=u:r:hht_ota_mgr:s0 tcontext=u:r:hht_ota_mgr:s0 tclass=udp_socket permissive=0
11-11 21:18:36.024 I/auditd ( 2720): type=1400 audit(0.0:1527745294): avc: denied { read } for comm="event_loop" lport=13400 scontext=u:r:hht_ota_mgr:s0 tcontext=u:r:hht_ota_mgr:s0 tclass=udp_socket permissive=0
11-11 21:18:36.024 I/auditd ( 2720): type=1400 audit(0.0:1527745295): avc: denied { read } for comm="event_loop" lport=13400 scontext=u:r:hht_ota_mgr:s0 tcontext=u:r:hht_ota_mgr:s0 tclass=udp_socket permissive=0
11-11 21:18:36.534 I/sysui_multi_action( 1503): [757,222,758,1]
11-11 21:18:36.537 I/am_uid_active( 1503): 10041
11-11 21:18:36.539 I/service_manager_stats( 1503): [110,56,6935]
11-11 21:18:36.541 I/am_uid_idle( 1503): 10033
11-11 21:18:36.542 I/am_uid_idle( 1503): 10023
11-11 21:18:36.542 I/am_uid_idle( 1503): 10018
11-11 21:18:36.552 I/am_pss ( 1503): [10054,10033,com.android.documentsui,27502592,20434944,0,149258240,0,18,11]
11-11 21:18:36.553 I/wm_task_created( 1503): [41,-1]
11-11 21:18:36.560 I/am_pss ( 1503): [10081,10018,com.android.externalstorage,5946368,3899392,0,92839936,0,19,7]
11-11 21:18:36.561 I/wm_task_moved( 1503): [41,1,6]
11-11 21:18:36.561 I/wm_task_to_front( 1503): [0,41]
11-11 21:18:36.561 I/wm_create_task( 1503): [0,41]
11-11 21:18:36.561 I/wm_create_activity( 1503): [0,85682343,41,com.thundercomm.screensaver/android.service.dreams.DreamActivity,NULL,NULL,NULL,276824064]
11-11 21:18:36.561 I/wm_task_moved( 1503): [41,1,6]
11-11 21:18:36.562 I/wm_on_top_resumed_lost_called( 2526): [158215347,com.android.launcher3.uioverrides.QuickstepLauncher,topStateChangedWhenResumed]
11-11 21:18:36.563 I/wm_pause_activity( 1503): [0,158215347,com.android.launcher3/.uioverrides.QuickstepLauncher,userLeaving=true,pauseBackTasks]
11-11 21:18:36.566 I/wm_on_paused_called( 2526): [158215347,com.android.launcher3.uioverrides.QuickstepLauncher,performPause]
11-11 21:18:36.567 I/am_pss ( 1503): [10119,10023,android.process.media,12204032,9834496,0,103174144,0,19,6]
11-11 21:18:36.568 I/wm_add_to_stopping( 1503): [0,158215347,com.android.launcher3/.uioverrides.QuickstepLauncher,makeInvisible]
11-11 21:18:36.569 I/wm_restart_activity( 1503): [0,85682343,41,com.thundercomm.screensaver/android.service.dreams.DreamActivity]
11-11 21:18:36.569 I/wm_set_resumed_activity( 1503): [0,com.thundercomm.screensaver/android.service.dreams.DreamActivity,minimalResumeActivityLocked]
11-11 21:18:36.574 I/sysui_multi_action( 1503): [757,803,799,window_time_0,802,60]
11-11 21:18:36.574 I/am_pss ( 1503): [10233,10093,com.tencent.qqmusicpad,45630464,22044672,0,133222400,0,4,6]
11-11 21:18:36.574 I/wm_on_create_called( 9762): [85682343,android.service.dreams.DreamActivity,performCreate]
11-11 21:18:36.574 I/wm_on_start_called( 9762): [85682343,android.service.dreams.DreamActivity,handleStartActivity]
11-11 21:18:36.575 I/wm_on_resume_called( 9762): [85682343,android.service.dreams.DreamActivity,RESUME_ACTIVITY]
11-11 21:18:36.577 I/wm_on_top_resumed_gained_called( 9762): [85682343,android.service.dreams.DreamActivity,topStateChangedWhenResumed]
11-11 21:18:36.580 I/am_pss ( 1503): [10353,10093,com.tencent.qqmusicpad:QQPlayerService,38875136,16175104,0,123236352,0,4,5]
11-11 21:18:36.586 I/am_pss ( 1503): [10209,1000,com.android.settings,24087552,13180928,0,118497280,0,19,5]
11-11 21:18:36.588 I/input_focus( 1503): [Focus leaving 81633e2 com.android.launcher3/com.android.launcher3.uioverrides.QuickstepLauncher (server),reason=NO_WINDOW]
11-11 21:18:36.592 I/input_focus( 1503): [Focus request dcac9f2 com.thundercomm.screensaver/android.service.dreams.DreamActivity,reason=UpdateInputWindows]
11-11 21:18:36.594 I/am_pss ( 1503): [10137,10031,com.android.traceur,10665984,8650752,0,97267712,0,19,6]
11-11 21:18:36.600 I/sysui_multi_action( 1503): [319,50,322,49,325,6573,757,761,758,8,759,2,806,com.thundercomm.screensaver,871,android.service.dreams.DreamActivity,904,com.thundercomm.screensaver,905,0,1320,8,1321,5]
11-11 21:18:36.600 I/wm_activity_launch_time( 1503): [0,85682343,com.thundercomm.screensaver/android.service.dreams.DreamActivity,49]
11-11 21:18:36.600 I/sysui_multi_action( 1503): [757,1696,758,6,759,3]
11-11 21:18:36.605 I/am_wtf ( 1503): [0,1503,system_server,-1,DisplayDeviceConfig,requesting nits when no mapping exists.]
11-11 21:18:36.606 I/am_wtf ( 1503): [0,1503,system_server,-1,DisplayDeviceConfig,requesting nits when no mapping exists.]
11-11 21:18:36.621 I/input_focus( 1503): [Focus entering dcac9f2 com.thundercomm.screensaver/android.service.dreams.DreamActivity (server),reason=Window became focusable. Previous reason: NOT_VISIBLE]
11-11 21:18:36.622 I/am_wtf ( 1503): [0,1503,system_server,-1,DisplayDeviceConfig,requesting nits when no mapping exists.]
11-11 21:18:36.622 I/am_wtf ( 1503): [0,1503,system_server,-1,DisplayDeviceConfig,requesting nits when no mapping exists.]
11-11 21:18:36.638 I/am_wtf ( 1503): [0,1503,system_server,-1,DisplayDeviceConfig,requesting nits when no mapping exists.]
11-11 21:18:36.638 I/am_wtf ( 1503): [0,1503,system_server,-1,DisplayDeviceConfig,requesting nits when no mapping exists.]
11-11 21:18:36.655 I/am_wtf ( 1503): [0,1503,system_server,-1,DisplayDeviceConfig,requesting nits when no mapping exists.]
11-11 21:18:36.656 I/am_wtf ( 1503): [0,1503,system_server,-1,DisplayDeviceConfig,requesting nits when no mapping exists.]
11-11 21:18:36.673 I/am_wtf ( 1503): [0,1503,system_server,-1,DisplayDeviceConfig,requesting nits when no mapping exists.]
11-11 21:18:36.673 I/am_wtf ( 1503): [0,1503,system_server,-1,DisplayDeviceConfig,requesting nits when no mapping exists.]
11-11 21:18:36.688 I/am_wtf ( 1503): [0,1503,system_server,-1,DisplayDeviceConfig,requesting nits when no mapping exists.]
11-11 21:18:36.688 I/am_wtf ( 1503): [0,1503,system_server,-1,DisplayDeviceConfig,requesting nits when no mapping exists.]
11-11 21:18:36.705 I/am_wtf ( 1503): [0,1503,system_server,-1,DisplayDeviceConfig,requesting nits when no mapping exists.]
11-11 21:18:36.705 I/am_wtf ( 1503): [0,1503,system_server,-1,DisplayDeviceConfig,requesting nits when no mapping exists.]
11-11 21:18:36.721 I/am_wtf ( 1503): [0,1503,system_server,-1,DisplayDeviceConfig,requesting nits when no mapping exists.]
11-11 21:18:36.722 I/am_wtf ( 1503): [0,1503,system_server,-1,DisplayDeviceConfig,requesting nits when no mapping exists.]
11-11 21:18:36.738 I/am_wtf ( 1503): [0,1503,system_server,-1,DisplayDeviceConfig,requesting nits when no mapping exists.]
11-11 21:18:36.739 I/am_wtf ( 1503): [0,1503,system_server,-1,DisplayDeviceConfig,requesting nits when no mapping exists.]
11-11 21:18:36.755 I/am_wtf ( 1503): [0,1503,system_server,-1,DisplayDeviceConfig,requesting nits when no mapping exists.]
11-11 21:18:36.755 I/am_wtf ( 1503): [0,1503,system_server,-1,DisplayDeviceConfig,requesting nits when no mapping exists.]
11-11 21:18:36.771 I/am_wtf ( 1503): [0,1503,system_server,-1,DisplayDeviceConfig,requesting nits when no mapping exists.]
11-11 21:18:36.772 I/am_wtf ( 1503): [0,1503,system_server,-1,DisplayDeviceConfig,requesting nits when no mapping exists.]
11-11 21:18:36.788 I/am_wtf ( 1503): [0,1503,system_server,-1,DisplayDeviceConfig,requesting nits when no mapping exists.]
11-11 21:18:36.788 I/am_wtf ( 1503): [0,1503,system_server,-1,DisplayDeviceConfig,requesting nits when no mapping exists.]
11-11 21:18:36.805 I/am_wtf ( 1503): [0,1503,system_server,-1,DisplayDeviceConfig,requesting nits when no mapping exists.]
11-11 21:18:36.805 I/am_wtf ( 1503): [0,1503,system_server,-1,DisplayDeviceConfig,requesting nits when no mapping exists.]
11-11 21:18:36.822 I/am_wtf ( 1503): [0,1503,system_server,-1,DisplayDeviceConfig,requesting nits when no mapping exists.]
11-11 21:18:36.822 I/am_wtf ( 1503): [0,1503,system_server,-1,DisplayDeviceConfig,requesting nits when no mapping exists.]
11-11 21:18:36.838 I/am_wtf ( 1503): [0,1503,system_server,-1,DisplayDeviceConfig,requesting nits when no mapping exists.]
11-11 21:18:36.838 I/am_wtf ( 1503): [0,1503,system_server,-1,DisplayDeviceConfig,requesting nits when no mapping exists.]
11-11 21:18:36.855 I/am_wtf ( 1503): [0,1503,system_server,-1,DisplayDeviceConfig,requesting nits when no mapping exists.]
11-11 21:18:36.855 I/am_wtf ( 1503): [0,1503,system_server,-1,DisplayDeviceConfig,requesting nits when no mapping exists.]
11-11 21:18:36.872 I/am_wtf ( 1503): [0,1503,system_server,-1,DisplayDeviceConfig,requesting nits when no mapping exists.]
11-11 21:18:36.872 I/am_wtf ( 1503): [0,1503,system_server,-1,DisplayDeviceConfig,requesting nits when no mapping exists.]
11-11 21:18:36.889 I/wm_stop_activity( 1503): [0,158215347,com.android.launcher3/.uioverrides.QuickstepLauncher]
11-11 21:18:36.890 I/am_wtf ( 1503): [0,1503,system_server,-1,DisplayDeviceConfig,requesting nits when no mapping exists.]
11-11 21:18:36.891 I/am_wtf ( 1503): [0,1503,system_server,-1,DisplayDeviceConfig,requesting nits when no mapping exists.]
11-11 21:18:36.909 I/am_wtf ( 1503): [0,1503,system_server,-1,DisplayDeviceConfig,requesting nits when no mapping exists.]
11-11 21:18:36.910 I/am_wtf ( 1503): [0,1503,system_server,-1,DisplayDeviceConfig,requesting nits when no mapping exists.]
11-11 21:18:36.912 I/wm_on_stop_called( 2526): [158215347,com.android.launcher3.uioverrides.QuickstepLauncher,STOP_ACTIVITY_ITEM]
11-11 21:18:36.922 I/am_wtf ( 1503): [0,1503,system_server,-1,DisplayDeviceConfig,requesting nits when no mapping exists.]
11-11 21:18:36.922 I/am_wtf ( 1503): [0,1503,system_server,-1,DisplayDeviceConfig,requesting nits when no mapping exists.]
11-11 21:18:36.938 I/am_wtf ( 1503): [0,1503,system_server,-1,DisplayDeviceConfig,requesting nits when no mapping exists.]
11-11 21:18:36.939 I/am_wtf ( 1503): [0,1503,system_server,-1,DisplayDeviceConfig,requesting nits when no mapping exists.]
11-11 21:18:36.953 I/am_wtf ( 1503): [0,1503,system_server,-1,DisplayDeviceConfig,requesting nits when no mapping exists.]
11-11 21:18:36.953 I/am_wtf ( 1503): [0,1503,system_server,-1,DisplayDeviceConfig,requesting nits when no mapping exists.]
11-11 21:18:36.969 I/am_wtf ( 1503): [0,1503,system_server,-1,DisplayDeviceConfig,requesting nits when no mapping exists.]
11-11 21:18:36.970 I/am_wtf ( 1503): [0,1503,system_server,-1,DisplayDeviceConfig,requesting nits when no mapping exists.]
11-11 21:18:36.986 I/am_wtf ( 1503): [0,1503,system_server,-1,DisplayDeviceConfig,requesting nits when no mapping exists.]
11-11 21:18:36.986 I/am_wtf ( 1503): [0,1503,system_server,-1,DisplayDeviceConfig,requesting nits when no mapping exists.]
11-11 21:18:37.003 I/am_wtf ( 1503): [0,1503,system_server,-1,DisplayDeviceConfig,requesting nits when no mapping exists.]
11-11 21:18:37.003 I/am_wtf ( 1503): [0,1503,system_server,-1,DisplayDeviceConfig,requesting nits when no mapping exists.]
11-11 21:18:37.019 I/am_wtf ( 1503): [0,1503,system_server,-1,DisplayDeviceConfig,requesting nits when no mapping exists.]
11-11 21:18:37.020 I/am_wtf ( 1503): [0,1503,system_server,-1,DisplayDeviceConfig,requesting nits when no mapping exists.]
11-11 21:18:37.028 I/auditd ( 2720): type=1400 audit(0.0:1528005071): avc: denied { read } for comm="event_loop" lport=13400 scontext=u:r:hht_ota_mgr:s0 tcontext=u:r:hht_ota_mgr:s0 tclass=udp_socket permissive=0
11-11 21:18:37.028 I/auditd ( 2720): type=1400 audit(0.0:1528005072): avc: denied { read } for comm="event_loop" lport=13400 scontext=u:r:hht_ota_mgr:s0 tcontext=u:r:hht_ota_mgr:s0 tclass=udp_socket permissive=0
