--------- beginning of radio
03-23 11:44:37.257 D/TelephonyRegistry( 1503): listen oscl: mHasNotifySubscriptionInfoChangedOccurred==false no callback
03-23 11:44:37.807 D/TelephonyRegistry( 1503): listen oscl: mHasNotifySubscriptionInfoChangedOccurred==false no callback
03-23 11:44:37.832 D/TelephonyRegistry( 1503): listen oscl: mHasNotifySubscriptionInfoChangedOccurred==false no callback
03-23 11:44:37.839 D/TelephonyRegistry( 1503): listen oscl: mHasNotifySubscriptionInfoChangedOccurred==false no callback
03-23 11:44:37.864 D/TelephonyRegistry( 1503): listen oscl: mHasNotifySubscriptionInfoChangedOccurred==false no callback
03-23 11:44:37.889 W/CarrierConfigManager( 1503): Error getting config for subId -1 ICarrierConfigLoader is null
03-23 11:44:37.935 D/TelephonyRegistry( 1503): systemRunning register for intents
03-23 11:44:38.096 D/TelephonyRegistry( 1503): listen oscl: mHasNotifySubscriptionInfoChangedOccurred==false no callback
03-23 11:44:38.317 D/TelephonyRegistry( 1503): listen oscl: mHasNotifySubscriptionInfoChangedOccurred==false no callback
03-23 11:44:38.516 W/CarrierConfigManager( 1982): Error getting config for subId -1 ICarrierConfigLoader is null
03-23 11:44:38.526 D/TelephonyRegistry( 1503): listen oscl: mHasNotifySubscriptionInfoChangedOccurred==false no callback
03-23 11:44:38.601 D/TelephonyRegistry( 1503): listen oscl: mHasNotifySubscriptionInfoChangedOccurred==false no callback
03-23 11:44:38.609 D/TelephonyRegistry( 1503): notifyCellLocationForSubscriber: subId=2147483647 cellIdentity=null
03-23 11:44:39.511 D/TelephonyRegistry( 1503): listen oscl: mHasNotifySubscriptionInfoChangedOccurred==false no callback
03-23 11:44:39.930 D/TelephonyRegistry( 1503): listen oscl: mHasNotifySubscriptionInfoChangedOccurred==false no callback
03-23 11:44:39.965 D/TelephonyRegistry( 1503): listen oscl: mHasNotifySubscriptionInfoChangedOccurred==false no callback
11-11 20:26:54.450 D/TelephonyRegistry( 1503): listen oscl: mHasNotifySubscriptionInfoChangedOccurred==false no callback
11-11 20:29:24.202 D/TelephonyRegistry( 1503): listen oscl: mHasNotifySubscriptionInfoChangedOccurred==false no callback
11-11 20:29:55.312 D/TelephonyRegistry( 1503): listen oscl: mHasNotifySubscriptionInfoChangedOccurred==false no callback
11-11 20:39:36.260 D/TelephonyRegistry( 1503): listen oscl: mHasNotifySubscriptionInfoChangedOccurred==false no callback
11-11 20:46:51.132 D/TelephonyRegistry( 1503): listen oscl: mHasNotifySubscriptionInfoChangedOccurred==false no callback
11-11 20:48:37.900 D/TelephonyRegistry( 1503): listen oscl: mHasNotifySubscriptionInfoChangedOccurred==false no callback
11-11 20:55:31.290 D/TelephonyRegistry( 1503): listen oscl: mHasNotifySubscriptionInfoChangedOccurred==false no callback --------- beginning of events
11-11 21:10:07.446 I/am_wtf ( 1503): [0,1503,system_server,-1,DisplayDeviceConfig,requesting nits when no mapping exists.]
11-11 21:10:07.446 I/am_wtf ( 1503): [0,1503,system_server,-1,DisplayDeviceConfig,requesting nits when no mapping exists.]
11-11 21:10:07.463 I/am_wtf ( 1503): [0,1503,system_server,-1,DisplayDeviceConfig,requesting nits when no mapping exists.]
11-11 21:10:07.464 I/am_wtf ( 1503): [0,1503,system_server,-1,DisplayDeviceConfig,requesting nits when no mapping exists.]
11-11 21:10:07.479 I/am_wtf ( 1503): [0,1503,system_server,-1,DisplayDeviceConfig,requesting nits when no mapping exists.]
11-11 21:10:07.480 I/am_wtf ( 1503): [0,1503,system_server,-1,DisplayDeviceConfig,requesting nits when no mapping exists.]
11-11 21:10:07.496 I/am_wtf ( 1503): [0,1503,system_server,-1,DisplayDeviceConfig,requesting nits when no mapping exists.]
11-11 21:10:07.497 I/am_wtf ( 1503): [0,1503,system_server,-1,DisplayDeviceConfig,requesting nits when no mapping exists.]
11-11 21:10:07.513 I/am_wtf ( 1503): [0,1503,system_server,-1,DisplayDeviceConfig,requesting nits when no mapping exists.]
11-11 21:10:07.514 I/am_wtf ( 1503): [0,1503,system_server,-1,DisplayDeviceConfig,requesting nits when no mapping exists.]
11-11 21:10:07.529 I/am_wtf ( 1503): [0,1503,system_server,-1,DisplayDeviceConfig,requesting nits when no mapping exists.]
11-11 21:10:07.530 I/am_wtf ( 1503): [0,1503,system_server,-1,DisplayDeviceConfig,requesting nits when no mapping exists.]
11-11 21:10:07.546 I/am_wtf ( 1503): [0,1503,system_server,-1,DisplayDeviceConfig,requesting nits when no mapping exists.]
11-11 21:10:07.547 I/am_wtf ( 1503): [0,1503,system_server,-1,DisplayDeviceConfig,requesting nits when no mapping exists.]
11-11 21:10:07.563 I/am_wtf ( 1503): [0,1503,system_server,-1,DisplayDeviceConfig,requesting nits when no mapping exists.]
11-11 21:10:07.563 I/am_wtf ( 1503): [0,1503,system_server,-1,DisplayDeviceConfig,requesting nits when no mapping exists.]
11-11 21:10:07.579 I/am_wtf ( 1503): [0,1503,system_server,-1,DisplayDeviceConfig,requesting nits when no mapping exists.]
11-11 21:10:07.580 I/am_wtf ( 1503): [0,1503,system_server,-1,DisplayDeviceConfig,requesting nits when no mapping exists.]
11-11 21:10:07.596 I/am_wtf ( 1503): [0,1503,system_server,-1,DisplayDeviceConfig,requesting nits when no mapping exists.]
11-11 21:10:07.597 I/am_wtf ( 1503): [0,1503,system_server,-1,DisplayDeviceConfig,requesting nits when no mapping exists.]
11-11 21:10:07.612 I/am_wtf ( 1503): [0,1503,system_server,-1,DisplayDeviceConfig,requesting nits when no mapping exists.]
11-11 21:10:07.613 I/am_wtf ( 1503): [0,1503,system_server,-1,DisplayDeviceConfig,requesting nits when no mapping exists.]
11-11 21:10:07.629 I/am_wtf ( 1503): [0,1503,system_server,-1,DisplayDeviceConfig,requesting nits when no mapping exists.]
11-11 21:10:07.630 I/am_wtf ( 1503): [0,1503,system_server,-1,DisplayDeviceConfig,requesting nits when no mapping exists.]
11-11 21:10:07.647 I/am_wtf ( 1503): [0,1503,system_server,-1,DisplayDeviceConfig,requesting nits when no mapping exists.]
11-11 21:10:07.648 I/am_wtf ( 1503): [0,1503,system_server,-1,DisplayDeviceConfig,requesting nits when no mapping exists.]
11-11 21:10:07.663 I/am_wtf ( 1503): [0,1503,system_server,-1,DisplayDeviceConfig,requesting nits when no mapping exists.]
11-11 21:10:07.664 I/am_wtf ( 1503): [0,1503,system_server,-1,DisplayDeviceConfig,requesting nits when no mapping exists.]
11-11 21:10:07.680 I/am_wtf ( 1503): [0,1503,system_server,-1,DisplayDeviceConfig,requesting nits when no mapping exists.]
11-11 21:10:07.681 I/am_wtf ( 1503): [0,1503,system_server,-1,DisplayDeviceConfig,requesting nits when no mapping exists.]
11-11 21:10:07.696 I/am_wtf ( 1503): [0,1503,system_server,-1,DisplayDeviceConfig,requesting nits when no mapping exists.]
11-11 21:10:07.697 I/am_wtf ( 1503): [0,1503,system_server,-1,DisplayDeviceConfig,requesting nits when no mapping exists.]
11-11 21:10:07.713 I/am_wtf ( 1503): [0,1503,system_server,-1,DisplayDeviceConfig,requesting nits when no mapping exists.]
11-11 21:10:07.713 I/am_wtf ( 1503): [0,1503,system_server,-1,DisplayDeviceConfig,requesting nits when no mapping exists.]
11-11 21:10:07.730 I/am_wtf ( 1503): [0,1503,system_server,-1,DisplayDeviceConfig,requesting nits when no mapping exists.]
11-11 21:10:07.731 I/am_wtf ( 1503): [0,1503,system_server,-1,DisplayDeviceConfig,requesting nits when no mapping exists.]
11-11 21:10:07.746 I/am_wtf ( 1503): [0,1503,system_server,-1,DisplayDeviceConfig,requesting nits when no mapping exists.]
11-11 21:10:07.747 I/am_wtf ( 1503): [0,1503,system_server,-1,DisplayDeviceConfig,requesting nits when no mapping exists.]
11-11 21:10:07.763 I/am_wtf ( 1503): [0,1503,system_server,-1,DisplayDeviceConfig,requesting nits when no mapping exists.]
11-11 21:10:07.764 I/am_wtf ( 1503): [0,1503,system_server,-1,DisplayDeviceConfig,requesting nits when no mapping exists.]
11-11 21:10:07.780 I/am_wtf ( 1503): [0,1503,system_server,-1,DisplayDeviceConfig,requesting nits when no mapping exists.]
11-11 21:10:07.781 I/am_wtf ( 1503): [0,1503,system_server,-1,DisplayDeviceConfig,requesting nits when no mapping exists.]
11-11 21:10:07.796 I/am_wtf ( 1503): [0,1503,system_server,-1,DisplayDeviceConfig,requesting nits when no mapping exists.]
11-11 21:10:07.797 I/am_wtf ( 1503): [0,1503,system_server,-1,DisplayDeviceConfig,requesting nits when no mapping exists.]
11-11 21:10:07.813 I/am_wtf ( 1503): [0,1503,system_server,-1,DisplayDeviceConfig,requesting nits when no mapping exists.]
11-11 21:10:07.814 I/am_wtf ( 1503): [0,1503,system_server,-1,DisplayDeviceConfig,requesting nits when no mapping exists.]
11-11 21:10:07.830 I/am_wtf ( 1503): [0,1503,system_server,-1,DisplayDeviceConfig,requesting nits when no mapping exists.]
11-11 21:10:07.831 I/am_wtf ( 1503): [0,1503,system_server,-1,DisplayDeviceConfig,requesting nits when no mapping exists.]
11-11 21:10:07.847 I/am_wtf ( 1503): [0,1503,system_server,-1,DisplayDeviceConfig,requesting nits when no mapping exists.]
11-11 21:10:07.848 I/am_wtf ( 1503): [0,1503,system_server,-1,DisplayDeviceConfig,requesting nits when no mapping exists.]
11-11 21:10:07.863 I/am_wtf ( 1503): [0,1503,system_server,-1,DisplayDeviceConfig,requesting nits when no mapping exists.]
11-11 21:10:07.864 I/am_wtf ( 1503): [0,1503,system_server,-1,DisplayDeviceConfig,requesting nits when no mapping exists.]
11-11 21:10:07.880 I/am_wtf ( 1503): [0,1503,system_server,-1,DisplayDeviceConfig,requesting nits when no mapping exists.]
11-11 21:10:07.881 I/am_wtf ( 1503): [0,1503,system_server,-1,DisplayDeviceConfig,requesting nits when no mapping exists.]
11-11 21:10:07.897 I/am_wtf ( 1503): [0,1503,system_server,-1,DisplayDeviceConfig,requesting nits when no mapping exists.]
11-11 21:10:07.898 I/am_wtf ( 1503): [0,1503,system_server,-1,DisplayDeviceConfig,requesting nits when no mapping exists.]
11-11 21:10:07.913 I/am_wtf ( 1503): [0,1503,system_server,-1,DisplayDeviceConfig,requesting nits when no mapping exists.]
11-11 21:10:07.914 I/am_wtf ( 1503): [0,1503,system_server,-1,DisplayDeviceConfig,requesting nits when no mapping exists.]
11-11 21:10:07.930 I/am_wtf ( 1503): [0,1503,system_server,-1,DisplayDeviceConfig,requesting nits when no mapping exists.]
11-11 21:10:07.931 I/service_manager_stats( 1503): [100,48,55266]
11-11 21:10:07.931 I/am_wtf ( 1503): [0,1503,system_server,-1,DisplayDeviceConfig,requesting nits when no mapping exists.]
11-11 21:10:07.947 I/am_wtf ( 1503): [0,1503,system_server,-1,DisplayDeviceConfig,requesting nits when no mapping exists.]
11-11 21:10:07.947 I/am_wtf ( 1503): [0,1503,system_server,-1,DisplayDeviceConfig,requesting nits when no mapping exists.]
11-11 21:10:07.963 I/am_wtf ( 1503): [0,1503,system_server,-1,DisplayDeviceConfig,requesting nits when no mapping exists.]
11-11 21:10:07.965 I/am_wtf ( 1503): [0,1503,system_server,-1,DisplayDeviceConfig,requesting nits when no mapping exists.]
11-11 21:10:07.980 I/am_wtf ( 1503): [0,1503,system_server,-1,DisplayDeviceConfig,requesting nits when no mapping exists.]
11-11 21:10:07.981 I/am_wtf ( 1503): [0,1503,system_server,-1,DisplayDeviceConfig,requesting nits when no mapping exists.]
11-11 21:10:07.997 I/am_wtf ( 1503): [0,1503,system_server,-1,DisplayDeviceConfig,requesting nits when no mapping exists.]
11-11 21:10:07.998 I/am_wtf ( 1503): [0,1503,system_server,-1,DisplayDeviceConfig,requesting nits when no mapping exists.]
11-11 21:10:08.000 I/auditd ( 2720): type=1400 audit(0.0:1393190316): avc: denied { read } for comm="event_loop" lport=13400 scontext=u:r:hht_ota_mgr:s0 tcontext=u:r:hht_ota_mgr:s0 tclass=udp_socket permissive=0
11-11 21:10:08.000 I/auditd ( 2720): type=1400 audit(0.0:1393190317): avc: denied { read } for comm="event_loop" lport=13400 scontext=u:r:hht_ota_mgr:s0 tcontext=u:r:hht_ota_mgr:s0 tclass=udp_socket permissive=0
11-11 21:10:08.000 I/auditd ( 2720): type=1400 audit(0.0:1393190318): avc: denied { read } for comm="event_loop" lport=13400 scontext=u:r:hht_ota_mgr:s0 tcontext=u:r:hht_ota_mgr:s0 tclass=udp_socket permissive=0
11-11 21:10:08.000 I/auditd ( 2720): type=1400 audit(0.0:1393190319): avc: denied { read } for comm="event_loop" lport=13400 scontext=u:r:hht_ota_mgr:s0 tcontext=u:r:hht_ota_mgr:s0 tclass=udp_socket permissive=0
11-11 21:10:08.000 I/auditd ( 2720): type=1400 audit(0.0:1393190320): avc: denied { read } for comm="event_loop" lport=13400 scontext=u:r:hht_ota_mgr:s0 tcontext=u:r:hht_ota_mgr:s0 tclass=udp_socket permissive=0
11-11 21:10:08.013 I/am_wtf ( 1503): [0,1503,system_server,-1,DisplayDeviceConfig,requesting nits when no mapping exists.]
11-11 21:10:08.015 I/am_wtf ( 1503): [0,1503,system_server,-1,DisplayDeviceConfig,requesting nits when no mapping exists.]
11-11 21:10:08.030 I/am_wtf ( 1503): [0,1503,system_server,-1,DisplayDeviceConfig,requesting nits when no mapping exists.]
11-11 21:10:08.031 I/am_wtf ( 1503): [0,1503,system_server,-1,DisplayDeviceConfig,requesting nits when no mapping exists.]
11-11 21:10:08.048 I/am_wtf ( 1503): [0,1503,system_server,-1,DisplayDeviceConfig,requesting nits when no mapping exists.]
11-11 21:10:08.048 I/am_wtf ( 1503): [0,1503,system_server,-1,DisplayDeviceConfig,requesting nits when no mapping exists.]
11-11 21:10:08.064 I/am_wtf ( 1503): [0,1503,system_server,-1,DisplayDeviceConfig,requesting nits when no mapping exists.]
11-11 21:10:08.065 I/am_wtf ( 1503): [0,1503,system_server,-1,DisplayDeviceConfig,requesting nits when no mapping exists.]
11-11 21:10:08.082 I/am_wtf ( 1503): [0,1503,system_server,-1,DisplayDeviceConfig,requesting nits when no mapping exists.]
11-11 21:10:08.084 I/am_wtf ( 1503): [0,1503,system_server,-1,DisplayDeviceConfig,requesting nits when no mapping exists.]
11-11 21:10:08.097 I/am_wtf ( 1503): [0,1503,system_server,-1,DisplayDeviceConfig,requesting nits when no mapping exists.]
11-11 21:10:08.098 I/am_wtf ( 1503): [0,1503,system_server,-1,DisplayDeviceConfig,requesting nits when no mapping exists.]
11-11 21:10:09.004 I/auditd ( 2720): type=1400 audit(0.0:1393457316): avc: denied { read } for comm="event_loop" lport=13400 scontext=u:r:hht_ota_mgr:s0 tcontext=u:r:hht_ota_mgr:s0 tclass=udp_socket permissive=0
11-11 21:10:09.004 I/auditd ( 2720): type=1400 audit(0.0:1393457317): avc: denied { read } for comm="event_loop" lport=13400 scontext=u:r:hht_ota_mgr:s0 tcontext=u:r:hht_ota_mgr:s0 tclass=udp_socket permissive=0
11-11 21:10:09.004 I/auditd ( 2720): type=1400 audit(0.0:1393457318): avc: denied { read } for comm="event_loop" lport=13400 scontext=u:r:hht_ota_mgr:s0 tcontext=u:r:hht_ota_mgr:s0 tclass=udp_socket permissive=0
11-11 21:10:09.004 I/auditd ( 2720): type=1400 audit(0.0:1393457319): avc: denied { read } for comm="event_loop" lport=13400 scontext=u:r:hht_ota_mgr:s0 tcontext=u:r:hht_ota_mgr:s0 tclass=udp_socket permissive=0
11-11 21:10:09.004 I/auditd ( 2720): type=1400 audit(0.0:1393457320): avc: denied { read } for comm="event_loop" lport=13400 scontext=u:r:hht_ota_mgr:s0 tcontext=u:r:hht_ota_mgr:s0 tclass=udp_socket permissive=0
11-11 21:10:09.775 I/am_uid_idle( 1503): 10041
11-11 21:10:10.008 I/auditd ( 2720): type=1400 audit(0.0:1393725335): avc: denied { read } for comm="event_loop" lport=13400 scontext=u:r:hht_ota_mgr:s0 tcontext=u:r:hht_ota_mgr:s0 tclass=udp_socket permissive=0
11-11 21:10:10.008 I/auditd ( 2720): type=1400 audit(0.0:1393725336): avc: denied { read } for comm="event_loop" lport=13400 scontext=u:r:hht_ota_mgr:s0 tcontext=u:r:hht_ota_mgr:s0 tclass=udp_socket permissive=0
11-11 21:10:10.008 I/auditd ( 2720): type=1400 audit(0.0:1393725337): avc: denied { read } for comm="event_loop" lport=13400 scontext=u:r:hht_ota_mgr:s0 tcontext=u:r:hht_ota_mgr:s0 tclass=udp_socket permissive=0
11-11 21:10:10.008 I/auditd ( 2720): type=1400 audit(0.0:1393725338): avc: denied { read } for comm="event_loop" lport=13400 scontext=u:r:hht_ota_mgr:s0 tcontext=u:r:hht_ota_mgr:s0 tclass=udp_socket permissive=0
11-11 21:10:10.008 I/auditd ( 2720): type=1400 audit(0.0:1393725339): avc: denied { read } for comm="event_loop" lport=13400 scontext=u:r:hht_ota_mgr:s0 tcontext=u:r:hht_ota_mgr:s0 tclass=udp_socket permissive=0
11-11 21:10:11.008 I/auditd ( 2720): type=1400 audit(0.0:1393994491): avc: denied { read } for comm="event_loop" lport=13400 scontext=u:r:hht_ota_mgr:s0 tcontext=u:r:hht_ota_mgr:s0 tclass=udp_socket permissive=0
11-11 21:10:11.012 I/auditd ( 2720): type=1400 audit(0.0:1393994492): avc: denied { read } for comm="event_loop" lport=13400 scontext=u:r:hht_ota_mgr:s0 tcontext=u:r:hht_ota_mgr:s0 tclass=udp_socket permissive=0
11-11 21:10:11.012 I/auditd ( 2720): type=1400 audit(0.0:1393994493): avc: denied { read } for comm="event_loop" lport=13400 scontext=u:r:hht_ota_mgr:s0 tcontext=u:r:hht_ota_mgr:s0 tclass=udp_socket permissive=0
11-11 21:10:11.012 I/auditd ( 2720): type=1400 audit(0.0:1393994494): avc: denied { read } for comm="event_loop" lport=13400 scontext=u:r:hht_ota_mgr:s0 tcontext=u:r:hht_ota_mgr:s0 tclass=udp_socket permissive=0
11-11 21:10:11.012 I/auditd ( 2720): type=1400 audit(0.0:1393994495): avc: denied { read } for comm="event_loop" lport=13400 scontext=u:r:hht_ota_mgr:s0 tcontext=u:r:hht_ota_mgr:s0 tclass=udp_socket permissive=0
11-11 21:10:12.012 I/auditd ( 2720): type=1400 audit(0.0:1394262216): avc: denied { read } for comm="event_loop" lport=13400 scontext=u:r:hht_ota_mgr:s0 tcontext=u:r:hht_ota_mgr:s0 tclass=udp_socket permissive=0
11-11 21:10:12.016 I/auditd ( 2720): type=1400 audit(0.0:1394262217): avc: denied { read } for comm="event_loop" lport=13400 scontext=u:r:hht_ota_mgr:s0 tcontext=u:r:hht_ota_mgr:s0 tclass=udp_socket permissive=0
11-11 21:10:12.016 I/auditd ( 2720): type=1400 audit(0.0:1394262218): avc: denied { read } for comm="event_loop" lport=13400 scontext=u:r:hht_ota_mgr:s0 tcontext=u:r:hht_ota_mgr:s0 tclass=udp_socket permissive=0
11-11 21:10:12.016 I/auditd ( 2720): type=1400 audit(0.0:1394262219): avc: denied { read } for comm="event_loop" lport=13400 scontext=u:r:hht_ota_mgr:s0 tcontext=u:r:hht_ota_mgr:s0 tclass=udp_socket permissive=0
11-11 21:10:12.016 I/auditd ( 2720): type=1400 audit(0.0:1394262220): avc: denied { read } for comm="event_loop" lport=13400 scontext=u:r:hht_ota_mgr:s0 tcontext=u:r:hht_ota_mgr:s0 tclass=udp_socket permissive=0
11-11 21:10:13.016 I/auditd ( 2720): type=1400 audit(0.0:1394530907): avc: denied { read } for comm="event_loop" lport=13400 scontext=u:r:hht_ota_mgr:s0 tcontext=u:r:hht_ota_mgr:s0 tclass=udp_socket permissive=0
11-11 21:10:13.020 I/auditd ( 2720): type=1400 audit(0.0:1394530908): avc: denied { read } for comm="event_loop" lport=13400 scontext=u:r:hht_ota_mgr:s0 tcontext=u:r:hht_ota_mgr:s0 tclass=udp_socket permissive=0
11-11 21:10:13.020 I/auditd ( 2720): type=1400 audit(0.0:1394530909): avc: denied { read } for comm="event_loop" lport=13400 scontext=u:r:hht_ota_mgr:s0 tcontext=u:r:hht_ota_mgr:s0 tclass=udp_socket permissive=0
11-11 21:10:13.020 I/auditd ( 2720): type=1400 audit(0.0:1394530910): avc: denied { read } for comm="event_loop" lport=13400 scontext=u:r:hht_ota_mgr:s0 tcontext=u:r:hht_ota_mgr:s0 tclass=udp_socket permissive=0
11-11 21:10:13.020 I/auditd ( 2720): type=1400 audit(0.0:1394530911): avc: denied { read } for comm="event_loop" lport=13400 scontext=u:r:hht_ota_mgr:s0 tcontext=u:r:hht_ota_mgr:s0 tclass=udp_socket permissive=0
11-11 21:10:14.024 I/auditd ( 2720): type=1400 audit(0.0:1394799927): avc: denied { read } for comm="event_loop" lport=13400 scontext=u:r:hht_ota_mgr:s0 tcontext=u:r:hht_ota_mgr:s0 tclass=udp_socket permissive=0
11-11 21:10:14.024 I/auditd ( 2720): type=1400 audit(0.0:1394799928): avc: denied { read } for comm="event_loop" lport=13400 scontext=u:r:hht_ota_mgr:s0 tcontext=u:r:hht_ota_mgr:s0 tclass=udp_socket permissive=0
11-11 21:10:14.024 I/auditd ( 2720): type=1400 audit(0.0:1394799929): avc: denied { read } for comm="event_loop" lport=13400 scontext=u:r:hht_ota_mgr:s0 tcontext=u:r:hht_ota_mgr:s0 tclass=udp_socket permissive=0
11-11 21:10:14.024 I/auditd ( 2720): type=1400 audit(0.0:1394799930): avc: denied { read } for comm="event_loop" lport=13400 scontext=u:r:hht_ota_mgr:s0 tcontext=u:r:hht_ota_mgr:s0 tclass=udp_socket permissive=0
11-11 21:10:14.024 I/auditd ( 2720): type=1400 audit(0.0:1394799931): avc: denied { read } for comm="event_loop" lport=13400 scontext=u:r:hht_ota_mgr:s0 tcontext=u:r:hht_ota_mgr:s0 tclass=udp_socket permissive=0
11-11 21:10:14.158 I/sysui_multi_action( 1503): [757,222,758,1]
11-11 21:10:14.159 I/am_uid_active( 1503): 10041
11-11 21:10:14.172 I/wm_task_created( 1503): [35,-1]
11-11 21:10:14.177 I/wm_task_moved( 1503): [35,1,9]
11-11 21:10:14.177 I/wm_task_to_front( 1503): [0,35]
11-11 21:10:14.177 I/wm_create_task( 1503): [0,35]
11-11 21:10:14.177 I/wm_create_activity( 1503): [0,188342799,35,com.thundercomm.screensaver/android.service.dreams.DreamActivity,NULL,NULL,NULL,276824064]
11-11 21:10:14.177 I/wm_task_moved( 1503): [35,1,9]
11-11 21:10:14.177 I/wm_on_top_resumed_lost_called( 2526): [158215347,com.android.launcher3.uioverrides.QuickstepLauncher,topStateChangedWhenResumed]
11-11 21:10:14.178 I/wm_pause_activity( 1503): [0,158215347,com.android.launcher3/.uioverrides.QuickstepLauncher,userLeaving=true,pauseBackTasks]
11-11 21:10:14.180 I/wm_on_paused_called( 2526): [158215347,com.android.launcher3.uioverrides.QuickstepLauncher,performPause]
11-11 21:10:14.181 I/wm_add_to_stopping( 1503): [0,158215347,com.android.launcher3/.uioverrides.QuickstepLauncher,makeInvisible]
11-11 21:10:14.182 I/wm_restart_activity( 1503): [0,188342799,35,com.thundercomm.screensaver/android.service.dreams.DreamActivity]
11-11 21:10:14.182 I/wm_set_resumed_activity( 1503): [0,com.thundercomm.screensaver/android.service.dreams.DreamActivity,minimalResumeActivityLocked]
11-11 21:10:14.186 I/sysui_multi_action( 1503): [757,803,799,window_time_0,802,64]
11-11 21:10:14.188 I/wm_on_create_called( 9762): [188342799,android.service.dreams.DreamActivity,performCreate]
11-11 21:10:14.188 I/wm_on_start_called( 9762): [188342799,android.service.dreams.DreamActivity,handleStartActivity]
11-11 21:10:14.188 I/wm_on_resume_called( 9762): [188342799,android.service.dreams.DreamActivity,RESUME_ACTIVITY]
11-11 21:10:14.190 I/wm_on_top_resumed_gained_called( 9762): [188342799,android.service.dreams.DreamActivity,topStateChangedWhenResumed]
11-11 21:10:14.200 I/input_focus( 1503): [Focus request abc902b com.thundercomm.screensaver/android.service.dreams.DreamActivity,reason=UpdateInputWindows]
11-11 21:10:14.208 I/sysui_multi_action( 1503): [319,36,322,35,325,6070,757,761,758,8,759,2,806,com.thundercomm.screensaver,871,android.service.dreams.DreamActivity,904,com.thundercomm.screensaver,905,0,1320,8,1321,5]
11-11 21:10:14.208 I/wm_activity_launch_time( 1503): [0,188342799,com.thundercomm.screensaver/android.service.dreams.DreamActivity,35]
11-11 21:10:14.208 I/sysui_multi_action( 1503): [757,1696,758,6,759,3]
11-11 21:10:14.213 I/am_wtf ( 1503): [0,1503,system_server,-1,DisplayDeviceConfig,requesting nits when no mapping exists.]
11-11 21:10:14.214 I/am_wtf ( 1503): [0,1503,system_server,-1,DisplayDeviceConfig,requesting nits when no mapping exists.]
11-11 21:10:14.215 I/input_focus( 1503): [Focus leaving 81633e2 com.android.launcher3/com.android.launcher3.uioverrides.QuickstepLauncher (server),reason=NO_WINDOW]
11-11 21:10:14.230 I/am_wtf ( 1503): [0,1503,system_server,-1,DisplayDeviceConfig,requesting nits when no mapping exists.]
11-11 21:10:14.230 I/input_focus( 1503): [Focus entering abc902b com.thundercomm.screensaver/android.service.dreams.DreamActivity (server),reason=Window became focusable. Previous reason: NOT_VISIBLE]
11-11 21:10:14.230 I/am_wtf ( 1503): [0,1503,system_server,-1,DisplayDeviceConfig,requesting nits when no mapping exists.]
11-11 21:10:14.247 I/am_wtf ( 1503): [0,1503,system_server,-1,DisplayDeviceConfig,requesting nits when no mapping exists.]
11-11 21:10:14.247 I/am_wtf ( 1503): [0,1503,system_server,-1,DisplayDeviceConfig,requesting nits when no mapping exists.]
11-11 21:10:14.263 I/am_wtf ( 1503): [0,1503,system_server,-1,DisplayDeviceConfig,requesting nits when no mapping exists.]
11-11 21:10:14.264 I/am_wtf ( 1503): [0,1503,system_server,-1,DisplayDeviceConfig,requesting nits when no mapping exists.]
11-11 21:10:14.280 I/am_wtf ( 1503): [0,1503,system_server,-1,DisplayDeviceConfig,requesting nits when no mapping exists.]
11-11 21:10:14.281 I/am_wtf ( 1503): [0,1503,system_server,-1,DisplayDeviceConfig,requesting nits when no mapping exists.]
11-11 21:10:14.297 I/am_wtf ( 1503): [0,1503,system_server,-1,DisplayDeviceConfig,requesting nits when no mapping exists.]
11-11 21:10:14.298 I/am_wtf ( 1503): [0,1503,system_server,-1,DisplayDeviceConfig,requesting nits when no mapping exists.]
11-11 21:10:14.314 I/am_wtf ( 1503): [0,1503,system_server,-1,DisplayDeviceConfig,requesting nits when no mapping exists.]
11-11 21:10:14.314 I/am_wtf ( 1503): [0,1503,system_server,-1,DisplayDeviceConfig,requesting nits when no mapping exists.]
11-11 21:10:14.330 I/am_wtf ( 1503): [0,1503,system_server,-1,DisplayDeviceConfig,requesting nits when no mapping exists.]
11-11 21:10:14.331 I/am_wtf ( 1503): [0,1503,system_server,-1,DisplayDeviceConfig,requesting nits when no mapping exists.]
11-11 21:10:14.347 I/am_wtf ( 1503): [0,1503,system_server,-1,DisplayDeviceConfig,requesting nits when no mapping exists.]
11-11 21:10:14.347 I/am_wtf ( 1503): [0,1503,system_server,-1,DisplayDeviceConfig,requesting nits when no mapping exists.]
11-11 21:10:14.364 I/am_wtf ( 1503): [0,1503,system_server,-1,DisplayDeviceConfig,requesting nits when no mapping exists.]
11-11 21:10:14.365 I/am_wtf ( 1503): [0,1503,system_server,-1,DisplayDeviceConfig,requesting nits when no mapping exists.]
11-11 21:10:14.381 I/am_wtf ( 1503): [0,1503,system_server,-1,DisplayDeviceConfig,requesting nits when no mapping exists.]
11-11 21:10:14.381 I/am_wtf ( 1503): [0,1503,system_server,-1,DisplayDeviceConfig,requesting nits when no mapping exists.]
11-11 21:10:14.397 I/am_wtf ( 1503): [0,1503,system_server,-1,DisplayDeviceConfig,requesting nits when no mapping exists.]
11-11 21:10:14.398 I/am_wtf ( 1503): [0,1503,system_server,-1,DisplayDeviceConfig,requesting nits when no mapping exists.]
11-11 21:10:14.414 I/am_wtf ( 1503): [0,1503,system_server,-1,DisplayDeviceConfig,requesting nits when no mapping exists.]
11-11 21:10:14.414 I/am_wtf ( 1503): [0,1503,system_server,-1,DisplayDeviceConfig,requesting nits when no mapping exists.]
11-11 21:10:14.431 I/am_wtf ( 1503): [0,1503,system_server,-1,DisplayDeviceConfig,requesting nits when no mapping exists.]
11-11 21:10:14.431 I/am_wtf ( 1503): [0,1503,system_server,-1,DisplayDeviceConfig,requesting nits when no mapping exists.]
11-11 21:10:14.447 I/am_wtf ( 1503): [0,1503,system_server,-1,DisplayDeviceConfig,requesting nits when no mapping exists.]
11-11 21:10:14.448 I/am_wtf ( 1503): [0,1503,system_server,-1,DisplayDeviceConfig,requesting nits when no mapping exists.]
11-11 21:10:14.464 I/am_wtf ( 1503): [0,1503,system_server,-1,DisplayDeviceConfig,requesting nits when no mapping exists.]
11-11 21:10:14.464 I/am_wtf ( 1503): [0,1503,system_server,-1,DisplayDeviceConfig,requesting nits when no mapping exists.]
11-11 21:10:14.481 I/am_wtf ( 1503): [0,1503,system_server,-1,DisplayDeviceConfig,requesting nits when no mapping exists.]
11-11 21:10:14.481 I/am_wtf ( 1503): [0,1503,system_server,-1,DisplayDeviceConfig,requesting nits when no mapping exists.]
11-11 21:10:14.499 I/am_wtf ( 1503): [0,1503,system_server,-1,DisplayDeviceConfig,requesting nits when no mapping exists.]
11-11 21:10:14.499 I/am_wtf ( 1503): [0,1503,system_server,-1,DisplayDeviceConfig,requesting nits when no mapping exists.]
11-11 21:10:14.499 I/wm_stop_activity( 1503): [0,158215347,com.android.launcher3/.uioverrides.QuickstepLauncher]
11-11 21:10:14.515 I/am_wtf ( 1503): [0,1503,system_server,-1,DisplayDeviceConfig,requesting nits when no mapping exists.]
11-11 21:10:14.516 I/am_wtf ( 1503): [0,1503,system_server,-1,DisplayDeviceConfig,requesting nits when no mapping exists.]
11-11 21:10:14.519 I/wm_on_stop_called( 2526): [158215347,com.android.launcher3.uioverrides.QuickstepLauncher,STOP_ACTIVITY_ITEM]
11-11 21:10:14.532 I/am_wtf ( 1503): [0,1503,system_server,-1,DisplayDeviceConfig,requesting nits when no mapping exists.]
11-11 21:10:14.532 I/am_wtf ( 1503): [0,1503,system_server,-1,DisplayDeviceConfig,requesting nits when no mapping exists.]
11-11 21:10:14.547 I/am_wtf ( 1503): [0,1503,system_server,-1,DisplayDeviceConfig,requesting nits when no mapping exists.]
11-11 21:10:14.548 I/am_wtf ( 1503): [0,1503,system_server,-1,DisplayDeviceConfig,requesting nits when no mapping exists.]
11-11 21:10:14.562 I/am_wtf ( 1503): [0,1503,system_server,-1,DisplayDeviceConfig,requesting nits when no mapping exists.]
11-11 21:10:14.562 I/am_wtf ( 1503): [0,1503,system_server,-1,DisplayDeviceConfig,requesting nits when no mapping exists.]
11-11 21:10:14.578 I/am_wtf ( 1503): [0,1503,system_server,-1,DisplayDeviceConfig,requesting nits when no mapping exists.]
11-11 21:10:14.579 I/am_wtf ( 1503): [0,1503,system_server,-1,DisplayDeviceConfig,requesting nits when no mapping exists.]
11-11 21:10:14.595 I/am_wtf ( 1503): [0,1503,system_server,-1,DisplayDeviceConfig,requesting nits when no mapping exists.]
11-11 21:10:14.595 I/am_wtf ( 1503): [0,1503,system_server,-1,DisplayDeviceConfig,requesting nits when no mapping exists.]
11-11 21:10:14.612 I/am_wtf ( 1503): [0,1503,system_server,-1,DisplayDeviceConfig,requesting nits when no mapping exists.]
11-11 21:10:14.612 I/am_wtf ( 1503): [0,1503,system_server,-1,DisplayDeviceConfig,requesting nits when no mapping exists.]
11-11 21:10:14.628 I/am_wtf ( 1503): [0,1503,system_server,-1,DisplayDeviceConfig,requesting nits when no mapping exists.]
11-11 21:10:14.629 I/am_wtf ( 1503): [0,1503,system_server,-1,DisplayDeviceConfig,requesting nits when no mapping exists.]
11-11 21:10:14.645 I/am_wtf ( 1503): [0,1503,system_server,-1,DisplayDeviceConfig,requesting nits when no mapping exists.]
11-11 21:10:14.645 I/am_wtf ( 1503): [0,1503,system_server,-1,DisplayDeviceConfig,requesting nits when no mapping exists.]
11-11 21:10:14.662 I/am_wtf ( 1503): [0,1503,system_server,-1,DisplayDeviceConfig,requesting nits when no mapping exists.]
11-11 21:10:14.662 I/am_wtf ( 1503): [0,1503,system_server,-1,DisplayDeviceConfig,requesting nits when no mapping exists.]
11-11 21:10:14.679 I/am_wtf ( 1503): [0,1503,system_server,-1,DisplayDeviceConfig,requesting nits when no mapping exists.]
11-11 21:10:14.679 I/am_wtf ( 1503): [0,1503,system_server,-1,DisplayDeviceConfig,requesting nits when no mapping exists.]
11-11 21:10:14.695 I/am_wtf ( 1503): [0,1503,system_server,-1,DisplayDeviceConfig,requesting nits when no mapping exists.]
11-11 21:10:14.695 I/am_wtf ( 1503): [0,1503,system_server,-1,DisplayDeviceConfig,requesting nits when no mapping exists.]
11-11 21:10:14.712 I/am_wtf ( 1503): [0,1503,system_server,-1,DisplayDeviceConfig,requesting nits when no mapping exists.]
11-11 21:10:14.712 I/am_wtf ( 1503): [0,1503,system_server,-1,DisplayDeviceConfig,requesting nits when no mapping exists.]
11-11 21:10:14.729 I/am_wtf ( 1503): [0,1503,system_server,-1,DisplayDeviceConfig,requesting nits when no mapping exists.]
11-11 21:10:14.729 I/am_wtf ( 1503): [0,1503,system_server,-1,DisplayDeviceConfig,requesting nits when no mapping exists.]
11-11 21:10:14.745 I/am_wtf ( 1503): [0,1503,system_server,-1,DisplayDeviceConfig,requesting nits when no mapping exists.]
11-11 21:10:14.746 I/am_wtf ( 1503): [0,1503,system_server,-1,DisplayDeviceConfig,requesting nits when no mapping exists.]
11-11 21:10:14.762 I/am_wtf ( 1503): [0,1503,system_server,-1,DisplayDeviceConfig,requesting nits when no mapping exists.]
11-11 21:10:14.762 I/am_wtf ( 1503): [0,1503,system_server,-1,DisplayDeviceConfig,requesting nits when no mapping exists.]
11-11 21:10:14.779 I/am_wtf ( 1503): [0,1503,system_server,-1,DisplayDeviceConfig,requesting nits when no mapping exists.]
11-11 21:10:14.779 I/am_wtf ( 1503): [0,1503,system_server,-1,DisplayDeviceConfig,requesting nits when no mapping exists.]
11-11 21:10:14.796 I/am_wtf ( 1503): [0,1503,system_server,-1,DisplayDeviceConfig,requesting nits when no mapping exists.]
11-11 21:10:14.796 I/am_wtf ( 1503): [0,1503,system_server,-1,DisplayDeviceConfig,requesting nits when no mapping exists.]
11-11 21:10:14.812 I/am_wtf ( 1503): [0,1503,system_server,-1,DisplayDeviceConfig,requesting nits when no mapping exists.]
11-11 21:10:14.812 I/am_wtf ( 1503): [0,1503,system_server,-1,DisplayDeviceConfig,requesting nits when no mapping exists.]
11-11 21:10:14.829 I/am_wtf ( 1503): [0,1503,system_server,-1,DisplayDeviceConfig,requesting nits when no mapping exists.]
11-11 21:10:14.829 I/am_wtf ( 1503): [0,1503,system_server,-1,DisplayDeviceConfig,requesting nits when no mapping exists.]
11-11 21:10:14.846 I/am_wtf ( 1503): [0,1503,system_server,-1,DisplayDeviceConfig,requesting nits when no mapping exists.]
11-11 21:10:14.846 I/am_wtf ( 1503): [0,1503,system_server,-1,DisplayDeviceConfig,requesting nits when no mapping exists.]
11-11 21:10:14.862 I/am_wtf ( 1503): [0,1503,system_server,-1,DisplayDeviceConfig,requesting nits when no mapping exists.]
11-11 21:10:14.863 I/service_manager_stats( 1503): [100,31,6932]
11-11 21:10:14.863 I/am_wtf ( 1503): [0,1503,system_server,-1,DisplayDeviceConfig,requesting nits when no mapping exists.]
11-11 21:10:14.879 I/am_wtf ( 1503): [0,1503,system_server,-1,DisplayDeviceConfig,requesting nits when no mapping exists.]
11-11 21:10:14.879 I/am_wtf ( 1503): [0,1503,system_server,-1,DisplayDeviceConfig,requesting nits when no mapping exists.]
11-11 21:10:14.896 I/am_wtf ( 1503): [0,1503,system_server,-1,DisplayDeviceConfig,requesting nits when no mapping exists.]
11-11 21:10:14.896 I/am_wtf ( 1503): [0,1503,system_server,-1,DisplayDeviceConfig,requesting nits when no mapping exists.]
11-11 21:10:14.912 I/am_wtf ( 1503): [0,1503,system_server,-1,DisplayDeviceConfig,requesting nits when no mapping exists.]
11-11 21:10:14.913 I/am_wtf ( 1503): [0,1503,system_server,-1,DisplayDeviceConfig,requesting nits when no mapping exists.]
11-11 21:10:14.929 I/am_wtf ( 1503): [0,1503,system_server,-1,DisplayDeviceConfig,requesting nits when no mapping exists.]
11-11 21:10:14.929 I/am_wtf ( 1503): [0,1503,system_server,-1,DisplayDeviceConfig,requesting nits when no mapping exists.]
11-11 21:10:14.946 I/am_wtf ( 1503): [0,1503,system_server,-1,DisplayDeviceConfig,requesting nits when no mapping exists.]
11-11 21:10:14.946 I/am_wtf ( 1503): [0,1503,system_server,-1,DisplayDeviceConfig,requesting nits when no mapping exists.]
11-11 21:10:14.963 I/am_wtf ( 1503): [0,1503,system_server,-1,DisplayDeviceConfig,requesting nits when no mapping exists.]
11-11 21:10:14.963 I/am_wtf ( 1503): [0,1503,system_server,-1,DisplayDeviceConfig,requesting nits when no mapping exists.]
11-11 21:10:14.979 I/am_wtf ( 1503): [0,1503,system_server,-1,DisplayDeviceConfig,requesting nits when no mapping exists.]
11-11 21:10:14.980 I/am_wtf ( 1503): [0,1503,system_server,-1,DisplayDeviceConfig,requesting nits when no mapping exists.]
11-11 21:10:14.996 I/am_wtf ( 1503): [0,1503,system_server,-1,DisplayDeviceConfig,requesting nits when no mapping exists.]
11-11 21:10:14.996 I/am_wtf ( 1503): [0,1503,system_server,-1,DisplayDeviceConfig,requesting nits when no mapping exists.]
11-11 21:10:15.013 I/am_wtf ( 1503): [0,1503,system_server,-1,DisplayDeviceConfig,requesting nits when no mapping exists.]
11-11 21:10:15.013 I/am_wtf ( 1503): [0,1503,system_server,-1,DisplayDeviceConfig,requesting nits when no mapping exists.]
11-11 21:10:15.029 I/am_wtf ( 1503): [0,1503,system_server,-1,DisplayDeviceConfig,requesting nits when no mapping exists.]
11-11 21:10:15.024 I/auditd ( 2720): type=1400 audit(0.0:1395054113): avc: denied { read } for comm="event_loop" lport=13400 scontext=u:r:hht_ota_mgr:s0 tcontext=u:r:hht_ota_mgr:s0 tclass=udp_socket permissive=0
11-11 21:10:15.028 I/auditd ( 2720): type=1400 audit(0.0:1395054114): avc: denied { read } for comm="event_loop" lport=13400 scontext=u:r:hht_ota_mgr:s0 tcontext=u:r:hht_ota_mgr:s0 tclass=udp_socket permissive=0
11-11 21:10:15.030 I/am_wtf ( 1503): [0,1503,system_server,-1,DisplayDeviceConfig,requesting nits when no mapping exists.]
11-11 21:10:15.028 I/auditd ( 2720): type=1400 audit(0.0:1395054115): avc: denied { read } for comm="event_loop" lport=13400 scontext=u:r:hht_ota_mgr:s0 tcontext=u:r:hht_ota_mgr:s0 tclass=udp_socket permissive=0
11-11 21:10:15.028 I/auditd ( 2720): type=1400 audit(0.0:1395054116): avc: denied { read } for comm="event_loop" lport=13400 scontext=u:r:hht_ota_mgr:s0 tcontext=u:r:hht_ota_mgr:s0 tclass=udp_socket permissive=0
11-11 21:10:15.028 I/auditd ( 2720): type=1400 audit(0.0:1395054117): avc: denied { read } for comm="event_loop" lport=13400 scontext=u:r:hht_ota_mgr:s0 tcontext=u:r:hht_ota_mgr:s0 tclass=udp_socket permissive=0
11-11 21:10:15.046 I/am_wtf ( 1503): [0,1503,system_server,-1,DisplayDeviceConfig,requesting nits when no mapping exists.]
11-11 21:10:15.046 I/am_wtf ( 1503): [0,1503,system_server,-1,DisplayDeviceConfig,requesting nits when no mapping exists.]
11-11 21:10:15.063 I/am_wtf ( 1503): [0,1503,system_server,-1,DisplayDeviceConfig,requesting nits when no mapping exists.]
11-11 21:10:15.063 I/am_wtf ( 1503): [0,1503,system_server,-1,DisplayDeviceConfig,requesting nits when no mapping exists.]
11-11 21:10:15.080 I/am_wtf ( 1503): [0,1503,system_server,-1,DisplayDeviceConfig,requesting nits when no mapping exists.]
11-11 21:10:15.080 I/am_wtf ( 1503): [0,1503,system_server,-1,DisplayDeviceConfig,requesting nits when no mapping exists.]
11-11 21:10:15.096 I/am_wtf ( 1503): [0,1503,system_server,-1,DisplayDeviceConfig,requesting nits when no mapping exists.]
11-11 21:10:15.096 I/am_wtf ( 1503): [0,1503,system_server,-1,DisplayDeviceConfig,requesting nits when no mapping exists.]
11-11 21:10:15.113 I/am_wtf ( 1503): [0,1503,system_server,-1,DisplayDeviceConfig,requesting nits when no mapping exists.]
11-11 21:10:15.113 I/am_wtf ( 1503): [0,1503,system_server,-1,DisplayDeviceConfig,requesting nits when no mapping exists.]
11-11 21:10:15.130 I/am_wtf ( 1503): [0,1503,system_server,-1,DisplayDeviceConfig,requesting nits when no mapping exists.]
11-11 21:10:15.130 I/am_wtf ( 1503): [0,1503,system_server,-1,DisplayDeviceConfig,requesting nits when no mapping exists.]
11-11 21:10:15.146 I/am_wtf ( 1503): [0,1503,system_server,-1,DisplayDeviceConfig,requesting nits when no mapping exists.]
11-11 21:10:15.147 I/am_wtf ( 1503): [0,1503,system_server,-1,DisplayDeviceConfig,requesting nits when no mapping exists.]
11-11 21:10:15.163 I/am_wtf ( 1503): [0,1503,system_server,-1,DisplayDeviceConfig,requesting nits when no mapping exists.]
11-11 21:10:15.163 I/am_wtf ( 1503): [0,1503,system_server,-1,DisplayDeviceConfig,requesting nits when no mapping exists.]
11-11 21:10:16.032 I/auditd ( 2720): type=1400 audit(0.0:1395307486): avc: denied { read } for comm="event_loop" lport=13400 scontext=u:r:hht_ota_mgr:s0 tcontext=u:r:hht_ota_mgr:s0 tclass=udp_socket permissive=0
11-11 21:10:16.032 I/auditd ( 2720): type=1400 audit(0.0:1395307487): avc: denied { read } for comm="event_loop" lport=13400 scontext=u:r:hht_ota_mgr:s0 tcontext=u:r:hht_ota_mgr:s0 tclass=udp_socket permissive=0
11-11 21:10:16.032 I/auditd ( 2720): type=1400 audit(0.0:1395307488): avc: denied { read } for comm="event_loop" lport=13400 scontext=u:r:hht_ota_mgr:s0 tcontext=u:r:hht_ota_mgr:s0 tclass=udp_socket permissive=0
11-11 21:10:16.032 I/auditd ( 2720): type=1400 audit(0.0:1395307489): avc: denied { read } for comm="event_loop" lport=13400 scontext=u:r:hht_ota_mgr:s0 tcontext=u:r:hht_ota_mgr:s0 tclass=udp_socket permissive=0
11-11 21:10:16.032 I/auditd ( 2720): type=1400 audit(0.0:1395307490): avc: denied { read } for comm="event_loop" lport=13400 scontext=u:r:hht_ota_mgr:s0 tcontext=u:r:hht_ota_mgr:s0 tclass=udp_socket permissive=0
11-11 21:10:17.036 I/auditd ( 2720): type=1400 audit(0.0:1395570790): avc: denied { read } for comm="event_loop" lport=13400 scontext=u:r:hht_ota_mgr:s0 tcontext=u:r:hht_ota_mgr:s0 tclass=udp_socket permissive=0
11-11 21:10:17.036 I/auditd ( 2720): type=1400 audit(0.0:1395570791): avc: denied { read } for comm="event_loop" lport=13400 scontext=u:r:hht_ota_mgr:s0 tcontext=u:r:hht_ota_mgr:s0 tclass=udp_socket permissive=0
11-11 21:10:17.036 I/auditd ( 2720): type=1400 audit(0.0:1395570792): avc: denied { read } for comm="event_loop" lport=13400 scontext=u:r:hht_ota_mgr:s0 tcontext=u:r:hht_ota_mgr:s0 tclass=udp_socket permissive=0
11-11 21:10:17.036 I/auditd ( 2720): type=1400 audit(0.0:1395570793): avc: denied { read } for comm="event_loop" lport=13400 scontext=u:r:hht_ota_mgr:s0 tcontext=u:r:hht_ota_mgr:s0 tclass=udp_socket permissive=0
11-11 21:10:17.036 I/auditd ( 2720): type=1400 audit(0.0:1395570794): avc: denied { read } for comm="event_loop" lport=13400 scontext=u:r:hht_ota_mgr:s0 tcontext=u:r:hht_ota_mgr:s0 tclass=udp_socket permissive=0
11-11 21:10:18.040 I/auditd ( 2720): type=1400 audit(0.0:1395839671): avc: denied { read } for comm="event_loop" lport=13400 scontext=u:r:hht_ota_mgr:s0 tcontext=u:r:hht_ota_mgr:s0 tclass=udp_socket permissive=0
11-11 21:10:18.040 I/auditd ( 2720): type=1400 audit(0.0:1395839672): avc: denied { read } for comm="event_loop" lport=13400 scontext=u:r:hht_ota_mgr:s0 tcontext=u:r:hht_ota_mgr:s0 tclass=udp_socket permissive=0
11-11 21:10:18.040 I/auditd ( 2720): type=1400 audit(0.0:1395839673): avc: denied { read } for comm="event_loop" lport=13400 scontext=u:r:hht_ota_mgr:s0 tcontext=u:r:hht_ota_mgr:s0 tclass=udp_socket permissive=0
11-11 21:10:18.040 I/auditd ( 2720): type=1400 audit(0.0:1395839674): avc: denied { read } for comm="event_loop" lport=13400 scontext=u:r:hht_ota_mgr:s0 tcontext=u:r:hht_ota_mgr:s0 tclass=udp_socket permissive=0
11-11 21:10:18.040 I/auditd ( 2720): type=1400 audit(0.0:1395839675): avc: denied { read } for comm="event_loop" lport=13400 scontext=u:r:hht_ota_mgr:s0 tcontext=u:r:hht_ota_mgr:s0 tclass=udp_socket permissive=0
11-11 21:10:19.040 I/auditd ( 2720): type=1400 audit(0.0:1396108762): avc: denied { read } for comm="event_loop" lport=13400 scontext=u:r:hht_ota_mgr:s0 tcontext=u:r:hht_ota_mgr:s0 tclass=udp_socket permissive=0
11-11 21:10:19.044 I/auditd ( 2720): type=1400 audit(0.0:1396108763): avc: denied { read } for comm="event_loop" lport=13400 scontext=u:r:hht_ota_mgr:s0 tcontext=u:r:hht_ota_mgr:s0 tclass=udp_socket permissive=0
11-11 21:10:19.044 I/auditd ( 2720): type=1400 audit(0.0:1396108764): avc: denied { read } for comm="event_loop" lport=13400 scontext=u:r:hht_ota_mgr:s0 tcontext=u:r:hht_ota_mgr:s0 tclass=udp_socket permissive=0
11-11 21:10:19.044 I/auditd ( 2720): type=1400 audit(0.0:1396108765): avc: denied { read } for comm="event_loop" lport=13400 scontext=u:r:hht_ota_mgr:s0 tcontext=u:r:hht_ota_mgr:s0 tclass=udp_socket permissive=0
11-11 21:10:19.044 I/auditd ( 2720): type=1400 audit(0.0:1396108766): avc: denied { read } for comm="event_loop" lport=13400 scontext=u:r:hht_ota_mgr:s0 tcontext=u:r:hht_ota_mgr:s0 tclass=udp_socket permissive=0
11-11 21:10:20.048 I/auditd ( 2720): type=1400 audit(0.0:1396377931): avc: denied { read } for comm="event_loop" lport=13400 scontext=u:r:hht_ota_mgr:s0 tcontext=u:r:hht_ota_mgr:s0 tclass=udp_socket permissive=0
11-11 21:10:20.048 I/auditd ( 2720): type=1400 audit(0.0:1396377932): avc: denied { read } for comm="event_loop" lport=13400 scontext=u:r:hht_ota_mgr:s0 tcontext=u:r:hht_ota_mgr:s0 tclass=udp_socket permissive=0
11-11 21:10:20.048 I/auditd ( 2720): type=1400 audit(0.0:1396377933): avc: denied { read } for comm="event_loop" lport=13400 scontext=u:r:hht_ota_mgr:s0 tcontext=u:r:hht_ota_mgr:s0 tclass=udp_socket permissive=0
11-11 21:10:20.048 I/auditd ( 2720): type=1400 audit(0.0:1396377934): avc: denied { read } for comm="event_loop" lport=13400 scontext=u:r:hht_ota_mgr:s0 tcontext=u:r:hht_ota_mgr:s0 tclass=udp_socket permissive=0
11-11 21:10:20.048 I/auditd ( 2720): type=1400 audit(0.0:1396377935): avc: denied { read } for comm="event_loop" lport=13400 scontext=u:r:hht_ota_mgr:s0 tcontext=u:r:hht_ota_mgr:s0 tclass=udp_socket permissive=0
11-11 21:10:21.052 I/auditd ( 2720): type=1400 audit(0.0:1396645586): avc: denied { read } for comm="event_loop" lport=13400 scontext=u:r:hht_ota_mgr:s0 tcontext=u:r:hht_ota_mgr:s0 tclass=udp_socket permissive=0
11-11 21:10:21.052 I/auditd ( 2720): type=1400 audit(0.0:1396645587): avc: denied { read } for comm="event_loop" lport=13400 scontext=u:r:hht_ota_mgr:s0 tcontext=u:r:hht_ota_mgr:s0 tclass=udp_socket permissive=0
11-11 21:10:21.052 I/auditd ( 2720): type=1400 audit(0.0:1396645588): avc: denied { read } for comm="event_loop" lport=13400 scontext=u:r:hht_ota_mgr:s0 tcontext=u:r:hht_ota_mgr:s0 tclass=udp_socket permissive=0
11-11 21:10:21.052 I/auditd ( 2720): type=1400 audit(0.0:1396645589): avc: denied { read } for comm="event_loop" lport=13400 scontext=u:r:hht_ota_mgr:s0 tcontext=u:r:hht_ota_mgr:s0 tclass=udp_socket permissive=0
11-11 21:10:21.052 I/auditd ( 2720): type=1400 audit(0.0:1396645590): avc: denied { read } for comm="event_loop" lport=13400 scontext=u:r:hht_ota_mgr:s0 tcontext=u:r:hht_ota_mgr:s0 tclass=udp_socket permissive=0
11-11 21:10:22.056 I/auditd ( 2720): type=1400 audit(0.0:1396913824): avc: denied { read } for comm="event_loop" lport=13400 scontext=u:r:hht_ota_mgr:s0 tcontext=u:r:hht_ota_mgr:s0 tclass=udp_socket permissive=0
11-11 21:10:22.056 I/auditd ( 2720): type=1400 audit(0.0:1396913825): avc: denied { read } for comm="event_loop" lport=13400 scontext=u:r:hht_ota_mgr:s0 tcontext=u:r:hht_ota_mgr:s0 tclass=udp_socket permissive=0
11-11 21:10:22.056 I/auditd ( 2720): type=1400 audit(0.0:1396913826): avc: denied { read } for comm="event_loop" lport=13400 scontext=u:r:hht_ota_mgr:s0 tcontext=u:r:hht_ota_mgr:s0 tclass=udp_socket permissive=0
11-11 21:10:22.056 I/auditd ( 2720): type=1400 audit(0.0:1396913827): avc: denied { read } for comm="event_loop" lport=13400 scontext=u:r:hht_ota_mgr:s0 tcontext=u:r:hht_ota_mgr:s0 tclass=udp_socket permissive=0
11-11 21:10:22.056 I/auditd ( 2720): type=1400 audit(0.0:1396913828): avc: denied { read } for comm="event_loop" lport=13400 scontext=u:r:hht_ota_mgr:s0 tcontext=u:r:hht_ota_mgr:s0 tclass=udp_socket permissive=0
11-11 21:10:23.056 I/auditd ( 2720): type=1400 audit(0.0:1397182602): avc: denied { read } for comm="event_loop" lport=13400 scontext=u:r:hht_ota_mgr:s0 tcontext=u:r:hht_ota_mgr:s0 tclass=udp_socket permissive=0
11-11 21:10:23.060 I/auditd ( 2720): type=1400 audit(0.0:1397182603): avc: denied { read } for comm="event_loop" lport=13400 scontext=u:r:hht_ota_mgr:s0 tcontext=u:r:hht_ota_mgr:s0 tclass=udp_socket permissive=0
11-11 21:10:23.060 I/auditd ( 2720): type=1400 audit(0.0:1397182604): avc: denied { read } for comm="event_loop" lport=13400 scontext=u:r:hht_ota_mgr:s0 tcontext=u:r:hht_ota_mgr:s0 tclass=udp_socket permissive=0
11-11 21:10:23.060 I/auditd ( 2720): type=1400 audit(0.0:1397182605): avc: denied { read } for comm="event_loop" lport=13400 scontext=u:r:hht_ota_mgr:s0 tcontext=u:r:hht_ota_mgr:s0 tclass=udp_socket permissive=0
11-11 21:10:23.060 I/auditd ( 2720): type=1400 audit(0.0:1397182606): avc: denied { read } for comm="event_loop" lport=13400 scontext=u:r:hht_ota_mgr:s0 tcontext=u:r:hht_ota_mgr:s0 tclass=udp_socket permissive=0
11-11 21:10:24.064 I/auditd ( 2720): type=1400 audit(0.0:1397451899): avc: denied { read } for comm="event_loop" lport=13400 scontext=u:r:hht_ota_mgr:s0 tcontext=u:r:hht_ota_mgr:s0 tclass=udp_socket permissive=0
11-11 21:10:24.064 I/auditd ( 2720): type=1400 audit(0.0:1397451900): avc: denied { read } for comm="event_loop" lport=13400 scontext=u:r:hht_ota_mgr:s0 tcontext=u:r:hht_ota_mgr:s0 tclass=udp_socket permissive=0
11-11 21:10:24.064 I/auditd ( 2720): type=1400 audit(0.0:1397451901): avc: denied { read } for comm="event_loop" lport=13400 scontext=u:r:hht_ota_mgr:s0 tcontext=u:r:hht_ota_mgr:s0 tclass=udp_socket permissive=0
11-11 21:10:24.064 I/auditd ( 2720): type=1400 audit(0.0:1397451902): avc: denied { read } for comm="event_loop" lport=13400 scontext=u:r:hht_ota_mgr:s0 tcontext=u:r:hht_ota_mgr:s0 tclass=udp_socket permissive=0
11-11 21:10:24.064 I/auditd ( 2720): type=1400 audit(0.0:1397451903): avc: denied { read } for comm="event_loop" lport=13400 scontext=u:r:hht_ota_mgr:s0 tcontext=u:r:hht_ota_mgr:s0 tclass=udp_socket permissive=0
11-11 21:10:25.068 I/auditd ( 2720): type=1400 audit(0.0:1397721593): avc: denied { read } for comm="event_loop" lport=13400 scontext=u:r:hht_ota_mgr:s0 tcontext=u:r:hht_ota_mgr:s0 tclass=udp_socket permissive=0
11-11 21:10:25.068 I/auditd ( 2720): type=1400 audit(0.0:1397721594): avc: denied { read } for comm="event_loop" lport=13400 scontext=u:r:hht_ota_mgr:s0 tcontext=u:r:hht_ota_mgr:s0 tclass=udp_socket permissive=0
11-11 21:10:25.068 I/auditd ( 2720): type=1400 audit(0.0:1397721595): avc: denied { read } for comm="event_loop" lport=13400 scontext=u:r:hht_ota_mgr:s0 tcontext=u:r:hht_ota_mgr:s0 tclass=udp_socket permissive=0
11-11 21:10:25.068 I/auditd ( 2720): type=1400 audit(0.0:1397721596): avc: denied { read } for comm="event_loop" lport=13400 scontext=u:r:hht_ota_mgr:s0 tcontext=u:r:hht_ota_mgr:s0 tclass=udp_socket permissive=0
11-11 21:10:25.068 I/auditd ( 2720): type=1400 audit(0.0:1397721597): avc: denied { read } for comm="event_loop" lport=13400 scontext=u:r:hht_ota_mgr:s0 tcontext=u:r:hht_ota_mgr:s0 tclass=udp_socket permissive=0
11-11 21:10:26.072 I/auditd ( 2720): type=1400 audit(0.0:1397991602): avc: denied { read } for comm="event_loop" lport=13400 scontext=u:r:hht_ota_mgr:s0 tcontext=u:r:hht_ota_mgr:s0 tclass=udp_socket permissive=0
11-11 21:10:26.072 I/auditd ( 2720): type=1400 audit(0.0:1397991603): avc: denied { read } for comm="event_loop" lport=13400 scontext=u:r:hht_ota_mgr:s0 tcontext=u:r:hht_ota_mgr:s0 tclass=udp_socket permissive=0
11-11 21:10:26.072 I/auditd ( 2720): type=1400 audit(0.0:1397991604): avc: denied { read } for comm="event_loop" lport=13400 scontext=u:r:hht_ota_mgr:s0 tcontext=u:r:hht_ota_mgr:s0 tclass=udp_socket permissive=0
