11-11 21:16:04.670 I/am_wtf ( 1503): [0,1503,system_server,-1,DisplayDeviceConfig,requesting nits when no mapping exists.]
11-11 21:16:04.670 I/am_wtf ( 1503): [0,1503,system_server,-1,DisplayDeviceConfig,requesting nits when no mapping exists.]
11-11 21:16:04.687 I/am_wtf ( 1503): [0,1503,system_server,-1,DisplayDeviceConfig,requesting nits when no mapping exists.]
11-11 21:16:04.687 I/am_wtf ( 1503): [0,1503,system_server,-1,DisplayDeviceConfig,requesting nits when no mapping exists.]
11-11 21:16:04.703 I/am_wtf ( 1503): [0,1503,system_server,-1,DisplayDeviceConfig,requesting nits when no mapping exists.]
11-11 21:16:04.703 I/am_wtf ( 1503): [0,1503,system_server,-1,DisplayDeviceConfig,requesting nits when no mapping exists.]
11-11 21:16:04.720 I/am_wtf ( 1503): [0,1503,system_server,-1,DisplayDeviceConfig,requesting nits when no mapping exists.]
11-11 21:16:04.720 I/am_wtf ( 1503): [0,1503,system_server,-1,DisplayDeviceConfig,requesting nits when no mapping exists.]
11-11 21:16:04.737 I/am_wtf ( 1503): [0,1503,system_server,-1,DisplayDeviceConfig,requesting nits when no mapping exists.]
11-11 21:16:04.737 I/am_wtf ( 1503): [0,1503,system_server,-1,DisplayDeviceConfig,requesting nits when no mapping exists.]
11-11 21:16:04.753 I/am_wtf ( 1503): [0,1503,system_server,-1,DisplayDeviceConfig,requesting nits when no mapping exists.]
11-11 21:16:04.754 I/am_wtf ( 1503): [0,1503,system_server,-1,DisplayDeviceConfig,requesting nits when no mapping exists.]
11-11 21:16:05.220 I/input_interaction( 1503): Interaction with: 835cfd com.thundercomm.screensaver/android.service.dreams.DreamActivity (server), edge-swipe (server), swipe-up (server), PointerEventDispatcher0 (server),
11-11 21:16:05.221 I/wm_finish_activity( 1503): [0,254485953,36,com.thundercomm.screensaver/android.service.dreams.DreamActivity,finish-activity]
11-11 21:16:05.221 I/wm_task_moved( 1503): [1,1,8]
11-11 21:16:05.221 I/wm_task_moved( 1503): [24,1,2147483647]
11-11 21:16:05.221 I/wm_task_to_front( 1503): [0,24]
11-11 21:16:05.221 I/wm_focused_root_task( 1503): [0,0,1,36,finish-top adjustFocusToNextFocusableTask]
11-11 21:16:05.221 I/wm_set_resumed_activity( 1503): [0,com.android.launcher3/.uioverrides.QuickstepLauncher,finish-top adjustFocusToNextFocusableTask]
11-11 21:16:05.222 I/wm_pause_activity( 1503): [0,254485953,com.thundercomm.screensaver/android.service.dreams.DreamActivity,userLeaving=false,finish]
11-11 21:16:05.224 I/wm_on_top_resumed_lost_called( 9762): [254485953,android.service.dreams.DreamActivity,topStateChangedWhenResumed]
11-11 21:16:05.224 I/sysui_multi_action( 1503): [757,803,799,window_time_0,802,1]
11-11 21:16:05.224 I/wm_on_paused_called( 9762): [254485953,android.service.dreams.DreamActivity,performPause]
11-11 21:16:05.224 I/wm_add_to_stopping( 1503): [0,254485953,com.thundercomm.screensaver/android.service.dreams.DreamActivity,completeFinishing]
11-11 21:16:05.225 I/wm_set_resumed_activity( 1503): [0,com.android.launcher3/.uioverrides.QuickstepLauncher,resumeTopActivityInnerLocked]
11-11 21:16:05.226 I/wm_resume_activity( 1503): [0,158215347,24,com.android.launcher3/.uioverrides.QuickstepLauncher]
11-11 21:16:05.229 I/wm_on_restart_called( 2526): [158215347,com.android.launcher3.uioverrides.QuickstepLauncher,performRestartActivity]
11-11 21:16:05.229 I/wm_on_start_called( 2526): [158215347,com.android.launcher3.uioverrides.QuickstepLauncher,handleStartActivity]
11-11 21:16:05.229 I/sysui_multi_action( 1503): [757,803,799,window_time_0,802,0]
11-11 21:16:05.230 I/wm_on_resume_called( 2526): [158215347,com.android.launcher3.uioverrides.QuickstepLauncher,RESUME_ACTIVITY]
11-11 21:16:05.230 I/wm_on_top_resumed_gained_called( 2526): [158215347,com.android.launcher3.uioverrides.QuickstepLauncher,topWhenResuming]
11-11 21:16:05.241 I/view_enqueue_input_event( 9762): [Motion - Cancel,com.thundercomm.screensaver/android.service.dreams.DreamActivity]
11-11 21:16:05.241 I/input_focus( 1503): [Focus leaving 835cfd com.thundercomm.screensaver/android.service.dreams.DreamActivity (server),reason=NO_WINDOW]
11-11 21:16:05.243 I/input_focus( 1503): [Focus request 81633e2 com.android.launcher3/com.android.launcher3.uioverrides.QuickstepLauncher,reason=UpdateInputWindows]
11-11 21:16:05.244 I/input_interaction( 1503): Interaction with: edge-swipe (server), swipe-up (server), PointerEventDispatcher0 (server),
11-11 21:16:05.259 I/input_focus( 1503): [Focus entering 81633e2 com.android.launcher3/com.android.launcher3.uioverrides.QuickstepLauncher (server),reason=setFocusedWindow]
11-11 21:16:05.424 I/auditd ( 2720): type=1400 audit(0.0:1488715803): avc: denied { read } for comm="event_loop" lport=13400 scontext=u:r:hht_ota_mgr:s0 tcontext=u:r:hht_ota_mgr:s0 tclass=udp_socket permissive=0
11-11 21:16:05.424 I/auditd ( 2720): type=1400 audit(0.0:1488715804): avc: denied { read } for comm="event_loop" lport=13400 scontext=u:r:hht_ota_mgr:s0 tcontext=u:r:hht_ota_mgr:s0 tclass=udp_socket permissive=0
11-11 21:16:05.424 I/auditd ( 2720): type=1400 audit(0.0:1488715805): avc: denied { read } for comm="event_loop" lport=13400 scontext=u:r:hht_ota_mgr:s0 tcontext=u:r:hht_ota_mgr:s0 tclass=udp_socket permissive=0
11-11 21:16:05.424 I/auditd ( 2720): type=1400 audit(0.0:1488715806): avc: denied { read } for comm="event_loop" lport=13400 scontext=u:r:hht_ota_mgr:s0 tcontext=u:r:hht_ota_mgr:s0 tclass=udp_socket permissive=0
11-11 21:16:05.424 I/auditd ( 2720): type=1400 audit(0.0:1488715807): avc: denied { read } for comm="event_loop" lport=13400 scontext=u:r:hht_ota_mgr:s0 tcontext=u:r:hht_ota_mgr:s0 tclass=udp_socket permissive=0
11-11 21:16:05.493 I/wm_destroy_activity( 1503): [0,254485953,36,com.thundercomm.screensaver/android.service.dreams.DreamActivity,finish-imm:idle]
11-11 21:16:05.509 I/wm_on_stop_called( 9762): [254485953,android.service.dreams.DreamActivity,LIFECYCLER_STOP_ACTIVITY]
11-11 21:16:05.510 I/wm_on_destroy_called( 9762): [254485953,android.service.dreams.DreamActivity,performDestroy]
11-11 21:16:05.510 I/sysui_multi_action( 1503): [757,222,758,2]
11-11 21:16:05.510 I/sysui_multi_action( 1503): [757,804,799,dreaming_minutes,801,0,802,1]
11-11 21:16:05.514 I/wm_task_removed( 1503): [36,removeChild:removeChild last r=ActivityRecord{f2b25c1 u0 com.thundercomm.screensaver/android.service.dreams.DreamActivity t-1 f}} in t=Task{6ea899f #36 type=dream A=10041:android:com.thundercomm.screensaver/dream U=0 visible=false mode=fullscreen translucent=true sz=0}]
11-11 21:16:05.514 I/wm_task_removed( 1503): [36,removeChild]
11-11 21:16:06.428 I/auditd ( 2720): type=1400 audit(0.0:1488969775): avc: denied { read } for comm="event_loop" lport=13400 scontext=u:r:hht_ota_mgr:s0 tcontext=u:r:hht_ota_mgr:s0 tclass=udp_socket permissive=0
11-11 21:16:06.428 I/auditd ( 2720): type=1400 audit(0.0:1488969776): avc: denied { read } for comm="event_loop" lport=13400 scontext=u:r:hht_ota_mgr:s0 tcontext=u:r:hht_ota_mgr:s0 tclass=udp_socket permissive=0
11-11 21:16:06.428 I/auditd ( 2720): type=1400 audit(0.0:1488969777): avc: denied { read } for comm="event_loop" lport=13400 scontext=u:r:hht_ota_mgr:s0 tcontext=u:r:hht_ota_mgr:s0 tclass=udp_socket permissive=0
11-11 21:16:06.428 I/auditd ( 2720): type=1400 audit(0.0:1488969778): avc: denied { read } for comm="event_loop" lport=13400 scontext=u:r:hht_ota_mgr:s0 tcontext=u:r:hht_ota_mgr:s0 tclass=udp_socket permissive=0
11-11 21:16:06.428 I/auditd ( 2720): type=1400 audit(0.0:1488969779): avc: denied { read } for comm="event_loop" lport=13400 scontext=u:r:hht_ota_mgr:s0 tcontext=u:r:hht_ota_mgr:s0 tclass=udp_socket permissive=0
11-11 21:16:06.536 I/input_interaction( 1503): Interaction with: 81633e2 com.android.launcher3/com.android.launcher3.uioverrides.QuickstepLauncher (server), 43cbacc com.android.systemui.ImageWallpaper (server), edge-swipe (server), swipe-up (server), PointerEventDispatcher0 (server),
11-11 21:16:06.626 I/view_enqueue_input_event( 2526): [Motion - Cancel,com.android.launcher3/com.android.launcher3.uioverrides.QuickstepLauncher]
11-11 21:16:06.630 I/input_interaction( 1503): Interaction with: edge-swipe (server), swipe-up (server), PointerEventDispatcher0 (server),
11-11 21:16:06.814 I/commit_sys_config_file( 1503): [settings-1-0,3]
11-11 21:16:07.250 I/commit_sys_config_file( 1503): [settings-1-0,4]
11-11 21:16:07.432 I/auditd ( 2720): type=1400 audit(0.0:1489223634): avc: denied { read } for comm="event_loop" lport=13400 scontext=u:r:hht_ota_mgr:s0 tcontext=u:r:hht_ota_mgr:s0 tclass=udp_socket permissive=0
11-11 21:16:07.432 I/auditd ( 2720): type=1400 audit(0.0:1489223635): avc: denied { read } for comm="event_loop" lport=13400 scontext=u:r:hht_ota_mgr:s0 tcontext=u:r:hht_ota_mgr:s0 tclass=udp_socket permissive=0
11-11 21:16:07.432 I/auditd ( 2720): type=1400 audit(0.0:1489223636): avc: denied { read } for comm="event_loop" lport=13400 scontext=u:r:hht_ota_mgr:s0 tcontext=u:r:hht_ota_mgr:s0 tclass=udp_socket permissive=0
11-11 21:16:07.432 I/auditd ( 2720): type=1400 audit(0.0:1489223637): avc: denied { read } for comm="event_loop" lport=13400 scontext=u:r:hht_ota_mgr:s0 tcontext=u:r:hht_ota_mgr:s0 tclass=udp_socket permissive=0
11-11 21:16:07.432 I/auditd ( 2720): type=1400 audit(0.0:1489223638): avc: denied { read } for comm="event_loop" lport=13400 scontext=u:r:hht_ota_mgr:s0 tcontext=u:r:hht_ota_mgr:s0 tclass=udp_socket permissive=0
11-11 21:16:07.982 I/input_interaction( 1503): Interaction with: 81633e2 com.android.launcher3/com.android.launcher3.uioverrides.QuickstepLauncher (server), 43cbacc com.android.systemui.ImageWallpaper (server), edge-swipe (server), swipe-up (server), PointerEventDispatcher0 (server),
11-11 21:16:08.436 I/auditd ( 2720): type=1400 audit(0.0:1489483648): avc: denied { read } for comm="event_loop" lport=13400 scontext=u:r:hht_ota_mgr:s0 tcontext=u:r:hht_ota_mgr:s0 tclass=udp_socket permissive=0
11-11 21:16:08.436 I/auditd ( 2720): type=1400 audit(0.0:1489483649): avc: denied { read } for comm="event_loop" lport=13400 scontext=u:r:hht_ota_mgr:s0 tcontext=u:r:hht_ota_mgr:s0 tclass=udp_socket permissive=0
11-11 21:16:08.436 I/auditd ( 2720): type=1400 audit(0.0:1489483650): avc: denied { read } for comm="event_loop" lport=13400 scontext=u:r:hht_ota_mgr:s0 tcontext=u:r:hht_ota_mgr:s0 tclass=udp_socket permissive=0
11-11 21:16:08.436 I/auditd ( 2720): type=1400 audit(0.0:1489483651): avc: denied { read } for comm="event_loop" lport=13400 scontext=u:r:hht_ota_mgr:s0 tcontext=u:r:hht_ota_mgr:s0 tclass=udp_socket permissive=0
11-11 21:16:08.436 I/auditd ( 2720): type=1400 audit(0.0:1489483652): avc: denied { read } for comm="event_loop" lport=13400 scontext=u:r:hht_ota_mgr:s0 tcontext=u:r:hht_ota_mgr:s0 tclass=udp_socket permissive=0
11-11 21:16:09.440 I/auditd ( 2720): type=1400 audit(0.0:1489744191): avc: denied { read } for comm="event_loop" lport=13400 scontext=u:r:hht_ota_mgr:s0 tcontext=u:r:hht_ota_mgr:s0 tclass=udp_socket permissive=0
11-11 21:16:09.440 I/auditd ( 2720): type=1400 audit(0.0:1489744192): avc: denied { read } for comm="event_loop" lport=13400 scontext=u:r:hht_ota_mgr:s0 tcontext=u:r:hht_ota_mgr:s0 tclass=udp_socket permissive=0
11-11 21:16:09.440 I/auditd ( 2720): type=1400 audit(0.0:1489744193): avc: denied { read } for comm="event_loop" lport=13400 scontext=u:r:hht_ota_mgr:s0 tcontext=u:r:hht_ota_mgr:s0 tclass=udp_socket permissive=0
11-11 21:16:09.440 I/auditd ( 2720): type=1400 audit(0.0:1489744194): avc: denied { read } for comm="event_loop" lport=13400 scontext=u:r:hht_ota_mgr:s0 tcontext=u:r:hht_ota_mgr:s0 tclass=udp_socket permissive=0
11-11 21:16:09.440 I/auditd ( 2720): type=1400 audit(0.0:1489744195): avc: denied { read } for comm="event_loop" lport=13400 scontext=u:r:hht_ota_mgr:s0 tcontext=u:r:hht_ota_mgr:s0 tclass=udp_socket permissive=0
11-11 21:16:09.789 I/service_manager_stats( 1503): [107,22,5801]
11-11 21:16:09.837 I/sysui_multi_action( 1503): [757,127,758,1]
11-11 21:16:09.840 I/sysui_multi_action( 1503): [757,804,799,note_load,801,2,802,1]
11-11 21:16:09.840 I/notification_panel_revealed( 1503): 2
11-11 21:16:09.844 I/input_focus( 1503): [Focus request 90f6769 NotificationShade,reason=UpdateInputWindows]
11-11 21:16:09.852 I/sysui_multi_action( 1503): [757,128,758,1,793,1517992773,794,0,795,1517992773,796,26,798,0,806,android,857,DEVELOPER_IMPORTANT,858,4,947,0,1395,2,1500,1517992513,1688,1]
11-11 21:16:09.853 I/sysui_multi_action( 1503): [757,804,799,note_freshness,801,1517992773,802,1]
11-11 21:16:09.853 I/notification_visibility( 1503): [-1|android|26|null|1000,1,1517992773,1517992773,0,0]
11-11 21:16:09.853 I/sysui_multi_action( 1503): [757,128,758,1,793,1517993255,794,0,795,1517993255,796,32,798,1,806,android,857,USB,858,1,947,0,1395,2,1500,1517992931,1688,1]
11-11 21:16:09.853 I/sysui_multi_action( 1503): [757,804,799,note_freshness,801,1517993255,802,1]
11-11 21:16:09.853 I/notification_visibility( 1503): [-1|android|32|null|1000,1,1517993255,1517993255,0,1]
11-11 21:16:09.873 I/input_focus( 1503): [Focus leaving 81633e2 com.android.launcher3/com.android.launcher3.uioverrides.QuickstepLauncher (server),reason=setFocusedWindow]
11-11 21:16:09.873 I/input_focus( 1503): [Focus entering 90f6769 NotificationShade (server),reason=setFocusedWindow]
11-11 21:16:09.883 I/input_interaction( 1503): Interaction with: 81633e2 com.android.launcher3/com.android.launcher3.uioverrides.QuickstepLauncher (server), 43cbacc com.android.systemui.ImageWallpaper (server), 90f6769 NotificationShade (server), edge-swipe (server), swipe-up (server), PointerEventDispatcher0 (server),
11-11 21:16:09.883 I/view_enqueue_input_event( 2526): [Motion - Cancel,com.android.launcher3/com.android.launcher3.uioverrides.QuickstepLauncher]
11-11 21:16:09.896 I/input_interaction( 1503): Interaction with: 43cbacc com.android.systemui.ImageWallpaper (server), 90f6769 NotificationShade (server), edge-swipe (server), swipe-up (server), PointerEventDispatcher0 (server),
11-11 21:16:09.905 I/input_focus( 1503): [Focus request 81633e2 com.android.launcher3/com.android.launcher3.uioverrides.QuickstepLauncher,reason=UpdateInputWindows]
11-11 21:16:09.922 I/input_focus( 1503): [Focus leaving 90f6769 NotificationShade (server),reason=NOT_FOCUSABLE]
11-11 21:16:09.922 I/input_focus( 1503): [Focus entering 81633e2 com.android.launcher3/com.android.launcher3.uioverrides.QuickstepLauncher (server),reason=setFocusedWindow]
11-11 21:16:09.944 I/input_focus( 1503): [Focus request 90f6769 NotificationShade,reason=UpdateInputWindows]
11-11 21:16:09.950 I/sysui_multi_action( 1982): [757,111,758,1]
11-11 21:16:09.950 I/sysui_multi_action( 1982): [757,126,758,1,759,126,927,0,928,1,1593,0]
11-11 21:16:09.950 I/sysui_multi_action( 1982): [757,113,758,1,759,113,927,1,928,0,1593,0]
11-11 21:16:09.950 I/sysui_multi_action( 1982): [757,0,758,1,759,0,927,2,928,0,1593,0]
11-11 21:16:09.950 I/sysui_multi_action( 1982): [757,0,758,1,759,0,927,3,928,0,1593,0]
11-11 21:16:09.951 I/sysui_multi_action( 1982): [757,491,758,1,759,491,927,4,928,0,1311,-1,1593,0]
11-11 21:16:09.951 I/sysui_multi_action( 1982): [757,0,758,1,759,0,927,5,928,0,1593,0]
11-11 21:16:09.951 I/sysui_multi_action( 1982): [757,111,758,1]
11-11 21:16:09.951 I/sysui_multi_action( 1982): [757,126,758,1,759,126,927,0,928,1,1593,0]
11-11 21:16:09.951 I/sysui_multi_action( 1982): [757,113,758,1,759,113,927,1,928,0,1593,0]
11-11 21:16:09.951 I/sysui_multi_action( 1982): [757,0,758,1,759,0,927,2,928,0,1593,0]
11-11 21:16:09.951 I/sysui_multi_action( 1982): [757,0,758,1,759,0,927,3,928,0,1593,0]
11-11 21:16:09.972 I/input_focus( 1503): [Focus leaving 81633e2 com.android.launcher3/com.android.launcher3.uioverrides.QuickstepLauncher (server),reason=setFocusedWindow]
11-11 21:16:09.973 I/input_focus( 1503): [Focus entering 90f6769 NotificationShade (server),reason=setFocusedWindow]
11-11 21:16:10.444 I/auditd ( 2720): type=1400 audit(0.0:1490000295): avc: denied { read } for comm="event_loop" lport=13400 scontext=u:r:hht_ota_mgr:s0 tcontext=u:r:hht_ota_mgr:s0 tclass=udp_socket permissive=0
11-11 21:16:10.444 I/auditd ( 2720): type=1400 audit(0.0:1490000296): avc: denied { read } for comm="event_loop" lport=13400 scontext=u:r:hht_ota_mgr:s0 tcontext=u:r:hht_ota_mgr:s0 tclass=udp_socket permissive=0
11-11 21:16:10.444 I/auditd ( 2720): type=1400 audit(0.0:1490000297): avc: denied { read } for comm="event_loop" lport=13400 scontext=u:r:hht_ota_mgr:s0 tcontext=u:r:hht_ota_mgr:s0 tclass=udp_socket permissive=0
11-11 21:16:10.444 I/auditd ( 2720): type=1400 audit(0.0:1490000298): avc: denied { read } for comm="event_loop" lport=13400 scontext=u:r:hht_ota_mgr:s0 tcontext=u:r:hht_ota_mgr:s0 tclass=udp_socket permissive=0
11-11 21:16:10.444 I/auditd ( 2720): type=1400 audit(0.0:1490000299): avc: denied { read } for comm="event_loop" lport=13400 scontext=u:r:hht_ota_mgr:s0 tcontext=u:r:hht_ota_mgr:s0 tclass=udp_socket permissive=0
11-11 21:16:11.448 I/auditd ( 2720): type=1400 audit(0.0:1490253944): avc: denied { read } for comm="event_loop" lport=13400 scontext=u:r:hht_ota_mgr:s0 tcontext=u:r:hht_ota_mgr:s0 tclass=udp_socket permissive=0
11-11 21:16:11.448 I/auditd ( 2720): type=1400 audit(0.0:1490253945): avc: denied { read } for comm="event_loop" lport=13400 scontext=u:r:hht_ota_mgr:s0 tcontext=u:r:hht_ota_mgr:s0 tclass=udp_socket permissive=0
11-11 21:16:11.448 I/auditd ( 2720): type=1400 audit(0.0:1490253946): avc: denied { read } for comm="event_loop" lport=13400 scontext=u:r:hht_ota_mgr:s0 tcontext=u:r:hht_ota_mgr:s0 tclass=udp_socket permissive=0
11-11 21:16:11.448 I/auditd ( 2720): type=1400 audit(0.0:1490253947): avc: denied { read } for comm="event_loop" lport=13400 scontext=u:r:hht_ota_mgr:s0 tcontext=u:r:hht_ota_mgr:s0 tclass=udp_socket permissive=0
11-11 21:16:11.448 I/auditd ( 2720): type=1400 audit(0.0:1490253948): avc: denied { read } for comm="event_loop" lport=13400 scontext=u:r:hht_ota_mgr:s0 tcontext=u:r:hht_ota_mgr:s0 tclass=udp_socket permissive=0
11-11 21:16:12.452 I/auditd ( 2720): type=1400 audit(0.0:1490508010): avc: denied { read } for comm="event_loop" lport=13400 scontext=u:r:hht_ota_mgr:s0 tcontext=u:r:hht_ota_mgr:s0 tclass=udp_socket permissive=0
11-11 21:16:12.452 I/auditd ( 2720): type=1400 audit(0.0:1490508011): avc: denied { read } for comm="event_loop" lport=13400 scontext=u:r:hht_ota_mgr:s0 tcontext=u:r:hht_ota_mgr:s0 tclass=udp_socket permissive=0
11-11 21:16:12.452 I/auditd ( 2720): type=1400 audit(0.0:1490508012): avc: denied { read } for comm="event_loop" lport=13400 scontext=u:r:hht_ota_mgr:s0 tcontext=u:r:hht_ota_mgr:s0 tclass=udp_socket permissive=0
11-11 21:16:12.452 I/auditd ( 2720): type=1400 audit(0.0:1490508013): avc: denied { read } for comm="event_loop" lport=13400 scontext=u:r:hht_ota_mgr:s0 tcontext=u:r:hht_ota_mgr:s0 tclass=udp_socket permissive=0
11-11 21:16:12.452 I/auditd ( 2720): type=1400 audit(0.0:1490508014): avc: denied { read } for comm="event_loop" lport=13400 scontext=u:r:hht_ota_mgr:s0 tcontext=u:r:hht_ota_mgr:s0 tclass=udp_socket permissive=0
11-11 21:16:13.394 I/input_interaction( 1503): Interaction with: 90f6769 NotificationShade (server), edge-swipe (server), swipe-up (server), PointerEventDispatcher0 (server),
11-11 21:16:13.452 I/auditd ( 2720): type=1400 audit(0.0:1490763619): avc: denied { read } for comm="event_loop" lport=13400 scontext=u:r:hht_ota_mgr:s0 tcontext=u:r:hht_ota_mgr:s0 tclass=udp_socket permissive=0
11-11 21:16:13.456 I/auditd ( 2720): type=1400 audit(0.0:1490763620): avc: denied { read } for comm="event_loop" lport=13400 scontext=u:r:hht_ota_mgr:s0 tcontext=u:r:hht_ota_mgr:s0 tclass=udp_socket permissive=0
11-11 21:16:13.456 I/auditd ( 2720): type=1400 audit(0.0:1490763621): avc: denied { read } for comm="event_loop" lport=13400 scontext=u:r:hht_ota_mgr:s0 tcontext=u:r:hht_ota_mgr:s0 tclass=udp_socket permissive=0
11-11 21:16:13.456 I/auditd ( 2720): type=1400 audit(0.0:1490763622): avc: denied { read } for comm="event_loop" lport=13400 scontext=u:r:hht_ota_mgr:s0 tcontext=u:r:hht_ota_mgr:s0 tclass=udp_socket permissive=0
11-11 21:16:13.456 I/auditd ( 2720): type=1400 audit(0.0:1490763623): avc: denied { read } for comm="event_loop" lport=13400 scontext=u:r:hht_ota_mgr:s0 tcontext=u:r:hht_ota_mgr:s0 tclass=udp_socket permissive=0
11-11 21:16:13.996 I/notification_enqueue( 1503): [10078,1982,com.android.systemui,2048,NULL,0,Notification(channel=updateNotification shortcut=null contentView=null vibrate=null sound=null defaults=0x0 flags=0x0 color=0x00000000 vis=PRIVATE),1]
11-11 21:16:13.996 I/sysui_multi_action( 1982): [757,111,758,2]
11-11 21:16:13.996 I/sysui_multi_action( 1982): [757,111,758,2]
11-11 21:16:14.149 I/input_interaction( 1503): Interaction with: 90f6769 NotificationShade (server), 43cbacc com.android.systemui.ImageWallpaper (server), edge-swipe (server), swipe-up (server), PointerEventDispatcher0 (server),
11-11 21:16:14.239 I/input_focus( 1503): [Focus request 81633e2 com.android.launcher3/com.android.launcher3.uioverrides.QuickstepLauncher,reason=UpdateInputWindows]
11-11 21:16:14.243 I/sysui_multi_action( 1503): [757,128,758,2,793,1517997164,794,4391,795,1517997164,796,26,798,0,806,android,857,DEVELOPER_IMPORTANT,858,4,947,0,1395,2,1500,1517996904,1688,1]
11-11 21:16:14.243 I/notification_visibility( 1503): [-1|android|26|null|1000,0,1517997164,1517997164,0,0]
11-11 21:16:14.243 I/sysui_multi_action( 1503): [757,128,758,2,793,1517997645,794,4390,795,1517997645,796,32,798,1,806,android,857,USB,858,1,947,0,1395,2,1500,1517997321,1688,1]
11-11 21:16:14.243 I/notification_visibility( 1503): [-1|android|32|null|1000,0,1517997645,1517997645,0,1]
11-11 21:16:14.244 I/sysui_multi_action( 1503): [757,127,758,2]
11-11 21:16:14.244 I/notification_panel_hidden( 1503):
11-11 21:16:14.269 I/input_focus( 1503): [Focus leaving 90f6769 NotificationShade (server),reason=NO_WINDOW]
11-11 21:16:14.269 I/input_focus( 1503): [Focus entering 81633e2 com.android.launcher3/com.android.launcher3.uioverrides.QuickstepLauncher (server),reason=setFocusedWindow]
11-11 21:16:14.456 I/auditd ( 2720): type=1400 audit(0.0:1491017347): avc: denied { read } for comm="event_loop" lport=13400 scontext=u:r:hht_ota_mgr:s0 tcontext=u:r:hht_ota_mgr:s0 tclass=udp_socket permissive=0
11-11 21:16:14.460 I/auditd ( 2720): type=1400 audit(0.0:1491017348): avc: denied { read } for comm="event_loop" lport=13400 scontext=u:r:hht_ota_mgr:s0 tcontext=u:r:hht_ota_mgr:s0 tclass=udp_socket permissive=0
11-11 21:16:14.460 I/auditd ( 2720): type=1400 audit(0.0:1491017349): avc: denied { read } for comm="event_loop" lport=13400 scontext=u:r:hht_ota_mgr:s0 tcontext=u:r:hht_ota_mgr:s0 tclass=udp_socket permissive=0
11-11 21:16:14.460 I/auditd ( 2720): type=1400 audit(0.0:1491017350): avc: denied { read } for comm="event_loop" lport=13400 scontext=u:r:hht_ota_mgr:s0 tcontext=u:r:hht_ota_mgr:s0 tclass=udp_socket permissive=0
11-11 21:16:14.460 I/auditd ( 2720): type=1400 audit(0.0:1491017351): avc: denied { read } for comm="event_loop" lport=13400 scontext=u:r:hht_ota_mgr:s0 tcontext=u:r:hht_ota_mgr:s0 tclass=udp_socket permissive=0
11-11 21:16:15.460 I/auditd ( 2720): type=1400 audit(0.0:1491273947): avc: denied { read } for comm="event_loop" lport=13400 scontext=u:r:hht_ota_mgr:s0 tcontext=u:r:hht_ota_mgr:s0 tclass=udp_socket permissive=0
11-11 21:16:15.464 I/auditd ( 2720): type=1400 audit(0.0:1491273948): avc: denied { read } for comm="event_loop" lport=13400 scontext=u:r:hht_ota_mgr:s0 tcontext=u:r:hht_ota_mgr:s0 tclass=udp_socket permissive=0
11-11 21:16:15.464 I/auditd ( 2720): type=1400 audit(0.0:1491273949): avc: denied { read } for comm="event_loop" lport=13400 scontext=u:r:hht_ota_mgr:s0 tcontext=u:r:hht_ota_mgr:s0 tclass=udp_socket permissive=0
11-11 21:16:15.464 I/auditd ( 2720): type=1400 audit(0.0:1491273950): avc: denied { read } for comm="event_loop" lport=13400 scontext=u:r:hht_ota_mgr:s0 tcontext=u:r:hht_ota_mgr:s0 tclass=udp_socket permissive=0
11-11 21:16:15.464 I/auditd ( 2720): type=1400 audit(0.0:1491273951): avc: denied { read } for comm="event_loop" lport=13400 scontext=u:r:hht_ota_mgr:s0 tcontext=u:r:hht_ota_mgr:s0 tclass=udp_socket permissive=0
11-11 21:16:15.742 I/input_interaction( 1503): Interaction with: 81633e2 com.android.launcher3/com.android.launcher3.uioverrides.QuickstepLauncher (server), 43cbacc com.android.systemui.ImageWallpaper (server), edge-swipe (server), swipe-up (server), PointerEventDispatcher0 (server),
11-11 21:16:15.899 I/wm_task_moved( 1503): [32,1,8]
11-11 21:16:15.899 I/wm_task_to_front( 1503): [0,32]
11-11 21:16:15.899 I/wm_focused_root_task( 1503): [0,0,32,1,bringingFoundTaskToFront]
11-11 21:16:15.900 I/wm_set_resumed_activity( 1503): [0,com.android.settings/.homepage.SettingsHomepageActivity,bringingFoundTaskToFront]
11-11 21:16:15.900 I/wm_new_intent( 1503): [0,143108517,32,com.android.settings/.homepage.SettingsHomepageActivity,android.settings.WIFI_SETTINGS,NULL,NULL,335544320]
11-11 21:16:15.902 I/wm_pause_activity( 1503): [0,158215347,com.android.launcher3/.uioverrides.QuickstepLauncher,userLeaving=true,pauseBackTasks]
11-11 21:16:15.907 I/wm_on_top_resumed_lost_called( 2526): [158215347,com.android.launcher3.uioverrides.QuickstepLauncher,topStateChangedWhenResumed]
11-11 21:16:15.907 I/wm_on_paused_called( 2526): [158215347,com.android.launcher3.uioverrides.QuickstepLauncher,performPause]
11-11 21:16:15.914 I/wm_add_to_stopping( 1503): [0,158215347,com.android.launcher3/.uioverrides.QuickstepLauncher,makeInvisible]
11-11 21:16:15.924 I/sysui_multi_action( 1503): [757,803,799,window_time_0,802,11]
11-11 21:16:15.932 I/am_proc_start( 1503): [0,9934,1000,com.android.settings,pre-top-activity,{com.android.settings/com.android.settings.homepage.SettingsHomepageActivity}]
11-11 21:16:15.934 I/input_focus( 1503): [Focus leaving 81633e2 com.android.launcher3/com.android.launcher3.uioverrides.QuickstepLauncher (server),reason=NO_WINDOW]
11-11 21:16:15.960 I/am_proc_bound( 1503): [0,9934,com.android.settings]
11-11 21:16:15.966 I/wm_restart_activity( 1503): [0,143108517,32,com.android.settings/.homepage.SettingsHomepageActivity]
11-11 21:16:15.967 I/wm_set_resumed_activity( 1503): [0,com.android.settings/.homepage.SettingsHomepageActivity,minimalResumeActivityLocked]
11-11 21:16:16.021 I/netstats_mobile_sample( 1503): [0,0,0,0,0,0,0,0,0,0,0,0,1668233776021]
11-11 21:16:16.021 I/netstats_wifi_sample( 1503): [134541055,190333,2678430,31782,134541055,190333,2678430,31782,228236555,372691,2116544,28241,1668233776021]
11-11 21:16:16.027 I/netstats_mobile_sample( 1503): [0,0,0,0,0,0,0,0,0,0,0,0,1668233776027]
11-11 21:16:16.027 I/netstats_wifi_sample( 1503): [134541055,190333,2678430,31782,134541055,190333,2678430,31782,228236555,372691,2116544,28241,1668233776027]
11-11 21:16:16.131 I/am_uid_running( 1503): 10083
11-11 21:16:16.132 I/wm_on_create_called( 9934): [143108517,com.android.settings.homepage.SettingsHomepageActivity,performCreate]
11-11 21:16:16.137 I/am_proc_start( 1503): [0,9962,10083,com.qualcomm.qti.qccauthmgr,content provider,{com.qualcomm.qti.qccauthmgr/com.qualcomm.qti.qccauthmgr.providers.SMQContentProvider}]
11-11 21:16:16.147 I/am_proc_bound( 1503): [0,9962,com.qualcomm.qti.qccauthmgr]
11-11 21:16:16.149 I/am_uid_active( 1503): 10083
11-11 21:16:16.166 I/wm_on_start_called( 9934): [143108517,com.android.settings.homepage.SettingsHomepageActivity,handleStartActivity]
11-11 21:16:16.166 I/snet_event_log( 9934): [120484087,-1,]
11-11 21:16:16.167 I/wm_on_resume_called( 9934): [143108517,com.android.settings.homepage.SettingsHomepageActivity,RESUME_ACTIVITY]
11-11 21:16:16.169 I/sysui_multi_action( 9934): [757,103,758,1,833,0,1089,153]
11-11 21:16:16.172 I/sysui_multi_action( 9934): [757,35,758,1,833,0,1089,26]
11-11 21:16:16.173 I/sysui_multi_action( 9934): [757,1729,758,4,854,isParalleledControllers:false,1089,27]
11-11 21:16:16.178 I/wm_on_top_resumed_gained_called( 9934): [143108517,com.android.settings.homepage.SettingsHomepageActivity,topStateChangedWhenResumed]
11-11 21:16:16.209 I/input_focus( 1503): [Focus request e6c46ee com.android.settings/com.android.settings.homepage.SettingsHomepageActivity,reason=UpdateInputWindows]
11-11 21:16:16.255 I/sysui_multi_action( 1503): [324,0,757,1090,758,13,806,com.android.settings,871,com.android.settings.homepage.SettingsHomepageActivity,1091,366]
11-11 21:16:16.260 I/sysui_multi_action( 1503): [319,83,321,55,322,366,325,6432,757,761,758,7,759,1,806,com.android.settings,871,com.android.settings.homepage.SettingsHomepageActivity,904,com.android.systemui,905,0,945,74,1320,8,1321,5]
11-11 21:16:16.261 I/wm_activity_launch_time( 1503): [0,143108517,com.android.settings/.homepage.SettingsHomepageActivity,366]
11-11 21:16:16.268 I/input_focus( 1503): [Focus entering e6c46ee com.android.settings/com.android.settings.homepage.SettingsHomepageActivity (server),reason=Window became focusable. Previous reason: NOT_VISIBLE]
11-11 21:16:16.468 I/auditd ( 2720): type=1400 audit(0.0:1491508676): avc: denied { read } for comm="event_loop" lport=13400 scontext=u:r:hht_ota_mgr:s0 tcontext=u:r:hht_ota_mgr:s0 tclass=udp_socket permissive=0
11-11 21:16:16.468 I/auditd ( 2720): type=1400 audit(0.0:1491508677): avc: denied { read } for comm="event_loop" lport=13400 scontext=u:r:hht_ota_mgr:s0 tcontext=u:r:hht_ota_mgr:s0 tclass=udp_socket permissive=0
11-11 21:16:16.468 I/auditd ( 2720): type=1400 audit(0.0:1491508678): avc: denied { read } for comm="event_loop" lport=13400 scontext=u:r:hht_ota_mgr:s0 tcontext=u:r:hht_ota_mgr:s0 tclass=udp_socket permissive=0
11-11 21:16:16.468 I/auditd ( 2720): type=1400 audit(0.0:1491508679): avc: denied { read } for comm="event_loop" lport=13400 scontext=u:r:hht_ota_mgr:s0 tcontext=u:r:hht_ota_mgr:s0 tclass=udp_socket permissive=0
11-11 21:16:16.468 I/auditd ( 2720): type=1400 audit(0.0:1491508680): avc: denied { read } for comm="event_loop" lport=13400 scontext=u:r:hht_ota_mgr:s0 tcontext=u:r:hht_ota_mgr:s0 tclass=udp_socket permissive=0
11-11 21:16:16.504 I/wm_stop_activity( 1503): [0,158215347,com.android.launcher3/.uioverrides.QuickstepLauncher]
11-11 21:16:16.520 I/wm_on_stop_called( 2526): [158215347,com.android.launcher3.uioverrides.QuickstepLauncher,STOP_ACTIVITY_ITEM]
11-11 21:16:17.472 I/auditd ( 2720): type=1400 audit(0.0:1491739729): avc: denied { read } for comm="event_loop" lport=13400 scontext=u:r:hht_ota_mgr:s0 tcontext=u:r:hht_ota_mgr:s0 tclass=udp_socket permissive=0
11-11 21:16:17.472 I/auditd ( 2720): type=1400 audit(0.0:1491739730): avc: denied { read } for comm="event_loop" lport=13400 scontext=u:r:hht_ota_mgr:s0 tcontext=u:r:hht_ota_mgr:s0 tclass=udp_socket permissive=0
11-11 21:16:17.472 I/auditd ( 2720): type=1400 audit(0.0:1491739731): avc: denied { read } for comm="event_loop" lport=13400 scontext=u:r:hht_ota_mgr:s0 tcontext=u:r:hht_ota_mgr:s0 tclass=udp_socket permissive=0
11-11 21:16:17.472 I/auditd ( 2720): type=1400 audit(0.0:1491739732): avc: denied { read } for comm="event_loop" lport=13400 scontext=u:r:hht_ota_mgr:s0 tcontext=u:r:hht_ota_mgr:s0 tclass=udp_socket permissive=0
11-11 21:16:17.472 I/auditd ( 2720): type=1400 audit(0.0:1491739733): avc: denied { read } for comm="event_loop" lport=13400 scontext=u:r:hht_ota_mgr:s0 tcontext=u:r:hht_ota_mgr:s0 tclass=udp_socket permissive=0
11-11 21:16:18.476 I/auditd ( 2720): type=1400 audit(0.0:1491974868): avc: denied { read } for comm="event_loop" lport=13400 scontext=u:r:hht_ota_mgr:s0 tcontext=u:r:hht_ota_mgr:s0 tclass=udp_socket permissive=0
11-11 21:16:18.476 I/auditd ( 2720): type=1400 audit(0.0:1491974869): avc: denied { read } for comm="event_loop" lport=13400 scontext=u:r:hht_ota_mgr:s0 tcontext=u:r:hht_ota_mgr:s0 tclass=udp_socket permissive=0
11-11 21:16:18.476 I/auditd ( 2720): type=1400 audit(0.0:1491974870): avc: denied { read } for comm="event_loop" lport=13400 scontext=u:r:hht_ota_mgr:s0 tcontext=u:r:hht_ota_mgr:s0 tclass=udp_socket permissive=0
11-11 21:16:18.476 I/auditd ( 2720): type=1400 audit(0.0:1491974871): avc: denied { read } for comm="event_loop" lport=13400 scontext=u:r:hht_ota_mgr:s0 tcontext=u:r:hht_ota_mgr:s0 tclass=udp_socket permissive=0
11-11 21:16:18.476 I/auditd ( 2720): type=1400 audit(0.0:1491974872): avc: denied { read } for comm="event_loop" lport=13400 scontext=u:r:hht_ota_mgr:s0 tcontext=u:r:hht_ota_mgr:s0 tclass=udp_socket permissive=0
11-11 21:16:19.476 I/auditd ( 2720): type=1400 audit(0.0:1492222065): avc: denied { read } for comm="event_loop" lport=13400 scontext=u:r:hht_ota_mgr:s0 tcontext=u:r:hht_ota_mgr:s0 tclass=udp_socket permissive=0
11-11 21:16:19.480 I/auditd ( 2720): type=1400 audit(0.0:1492222066): avc: denied { read } for comm="event_loop" lport=13400 scontext=u:r:hht_ota_mgr:s0 tcontext=u:r:hht_ota_mgr:s0 tclass=udp_socket permissive=0
11-11 21:16:19.480 I/auditd ( 2720): type=1400 audit(0.0:1492222067): avc: denied { read } for comm="event_loop" lport=13400 scontext=u:r:hht_ota_mgr:s0 tcontext=u:r:hht_ota_mgr:s0 tclass=udp_socket permissive=0
11-11 21:16:19.480 I/auditd ( 2720): type=1400 audit(0.0:1492222068): avc: denied { read } for comm="event_loop" lport=13400 scontext=u:r:hht_ota_mgr:s0 tcontext=u:r:hht_ota_mgr:s0 tclass=udp_socket permissive=0
11-11 21:16:19.480 I/auditd ( 2720): type=1400 audit(0.0:1492222069): avc: denied { read } for comm="event_loop" lport=13400 scontext=u:r:hht_ota_mgr:s0 tcontext=u:r:hht_ota_mgr:s0 tclass=udp_socket permissive=0
11-11 21:16:20.484 I/auditd ( 2720): type=1400 audit(0.0:1492473498): avc: denied { read } for comm="event_loop" lport=13400 scontext=u:r:hht_ota_mgr:s0 tcontext=u:r:hht_ota_mgr:s0 tclass=udp_socket permissive=0
11-11 21:16:20.484 I/auditd ( 2720): type=1400 audit(0.0:1492473499): avc: denied { read } for comm="event_loop" lport=13400 scontext=u:r:hht_ota_mgr:s0 tcontext=u:r:hht_ota_mgr:s0 tclass=udp_socket permissive=0
11-11 21:16:20.484 I/auditd ( 2720): type=1400 audit(0.0:1492473500): avc: denied { read } for comm="event_loop" lport=13400 scontext=u:r:hht_ota_mgr:s0 tcontext=u:r:hht_ota_mgr:s0 tclass=udp_socket permissive=0
11-11 21:16:20.484 I/auditd ( 2720): type=1400 audit(0.0:1492473501): avc: denied { read } for comm="event_loop" lport=13400 scontext=u:r:hht_ota_mgr:s0 tcontext=u:r:hht_ota_mgr:s0 tclass=udp_socket permissive=0
11-11 21:16:20.484 I/auditd ( 2720): type=1400 audit(0.0:1492473502): avc: denied { read } for comm="event_loop" lport=13400 scontext=u:r:hht_ota_mgr:s0 tcontext=u:r:hht_ota_mgr:s0 tclass=udp_socket permissive=0
11-11 21:16:21.484 I/auditd ( 2720): type=1400 audit(0.0:1492729346): avc: denied { read } for comm="event_loop" lport=13400 scontext=u:r:hht_ota_mgr:s0 tcontext=u:r:hht_ota_mgr:s0 tclass=udp_socket permissive=0
11-11 21:16:21.488 I/auditd ( 2720): type=1400 audit(0.0:1492729347): avc: denied { read } for comm="event_loop" lport=13400 scontext=u:r:hht_ota_mgr:s0 tcontext=u:r:hht_ota_mgr:s0 tclass=udp_socket permissive=0
11-11 21:16:21.488 I/auditd ( 2720): type=1400 audit(0.0:1492729348): avc: denied { read } for comm="event_loop" lport=13400 scontext=u:r:hht_ota_mgr:s0 tcontext=u:r:hht_ota_mgr:s0 tclass=udp_socket permissive=0
11-11 21:16:21.488 I/auditd ( 2720): type=1400 audit(0.0:1492729349): avc: denied { read } for comm="event_loop" lport=13400 scontext=u:r:hht_ota_mgr:s0 tcontext=u:r:hht_ota_mgr:s0 tclass=udp_socket permissive=0
11-11 21:16:21.488 I/auditd ( 2720): type=1400 audit(0.0:1492729350): avc: denied { read } for comm="event_loop" lport=13400 scontext=u:r:hht_ota_mgr:s0 tcontext=u:r:hht_ota_mgr:s0 tclass=udp_socket permissive=0
11-11 21:16:22.492 I/auditd ( 2720): type=1400 audit(0.0:1492988023): avc: denied { read } for comm="event_loop" lport=13400 scontext=u:r:hht_ota_mgr:s0 tcontext=u:r:hht_ota_mgr:s0 tclass=udp_socket permissive=0
11-11 21:16:22.492 I/auditd ( 2720): type=1400 audit(0.0:1492988024): avc: denied { read } for comm="event_loop" lport=13400 scontext=u:r:hht_ota_mgr:s0 tcontext=u:r:hht_ota_mgr:s0 tclass=udp_socket permissive=0
11-11 21:16:22.492 I/auditd ( 2720): type=1400 audit(0.0:1492988025): avc: denied { read } for comm="event_loop" lport=13400 scontext=u:r:hht_ota_mgr:s0 tcontext=u:r:hht_ota_mgr:s0 tclass=udp_socket permissive=0
11-11 21:16:22.492 I/auditd ( 2720): type=1400 audit(0.0:1492988026): avc: denied { read } for comm="event_loop" lport=13400 scontext=u:r:hht_ota_mgr:s0 tcontext=u:r:hht_ota_mgr:s0 tclass=udp_socket permissive=0
11-11 21:16:22.492 I/auditd ( 2720): type=1400 audit(0.0:1492988027): avc: denied { read } for comm="event_loop" lport=13400 scontext=u:r:hht_ota_mgr:s0 tcontext=u:r:hht_ota_mgr:s0 tclass=udp_socket permissive=0
11-11 21:16:23.496 I/auditd ( 2720): type=1400 audit(0.0:1493248524): avc: denied { read } for comm="event_loop" lport=13400 scontext=u:r:hht_ota_mgr:s0 tcontext=u:r:hht_ota_mgr:s0 tclass=udp_socket permissive=0
11-11 21:16:23.496 I/auditd ( 2720): type=1400 audit(0.0:1493248525): avc: denied { read } for comm="event_loop" lport=13400 scontext=u:r:hht_ota_mgr:s0 tcontext=u:r:hht_ota_mgr:s0 tclass=udp_socket permissive=0
11-11 21:16:23.496 I/auditd ( 2720): type=1400 audit(0.0:1493248526): avc: denied { read } for comm="event_loop" lport=13400 scontext=u:r:hht_ota_mgr:s0 tcontext=u:r:hht_ota_mgr:s0 tclass=udp_socket permissive=0
11-11 21:16:23.496 I/auditd ( 2720): type=1400 audit(0.0:1493248527): avc: denied { read } for comm="event_loop" lport=13400 scontext=u:r:hht_ota_mgr:s0 tcontext=u:r:hht_ota_mgr:s0 tclass=udp_socket permissive=0
11-11 21:16:23.496 I/auditd ( 2720): type=1400 audit(0.0:1493248528): avc: denied { read } for comm="event_loop" lport=13400 scontext=u:r:hht_ota_mgr:s0 tcontext=u:r:hht_ota_mgr:s0 tclass=udp_socket permissive=0
11-11 21:16:24.500 I/auditd ( 2720): type=1400 audit(0.0:1493510934): avc: denied { read } for comm="event_loop" lport=13400 scontext=u:r:hht_ota_mgr:s0 tcontext=u:r:hht_ota_mgr:s0 tclass=udp_socket permissive=0
11-11 21:16:24.500 I/auditd ( 2720): type=1400 audit(0.0:1493510935): avc: denied { read } for comm="event_loop" lport=13400 scontext=u:r:hht_ota_mgr:s0 tcontext=u:r:hht_ota_mgr:s0 tclass=udp_socket permissive=0
11-11 21:16:24.500 I/auditd ( 2720): type=1400 audit(0.0:1493510936): avc: denied { read } for comm="event_loop" lport=13400 scontext=u:r:hht_ota_mgr:s0 tcontext=u:r:hht_ota_mgr:s0 tclass=udp_socket permissive=0
11-11 21:16:24.500 I/auditd ( 2720): type=1400 audit(0.0:1493510937): avc: denied { read } for comm="event_loop" lport=13400 scontext=u:r:hht_ota_mgr:s0 tcontext=u:r:hht_ota_mgr:s0 tclass=udp_socket permissive=0
11-11 21:16:24.500 I/auditd ( 2720): type=1400 audit(0.0:1493510938): avc: denied { read } for comm="event_loop" lport=13400 scontext=u:r:hht_ota_mgr:s0 tcontext=u:r:hht_ota_mgr:s0 tclass=udp_socket permissive=0
11-11 21:16:25.500 I/auditd ( 2720): type=1400 audit(0.0:1493773736): avc: denied { read } for comm="event_loop" lport=13400 scontext=u:r:hht_ota_mgr:s0 tcontext=u:r:hht_ota_mgr:s0 tclass=udp_socket permissive=0
11-11 21:16:25.504 I/auditd ( 2720): type=1400 audit(0.0:1493773737): avc: denied { read } for comm="event_loop" lport=13400 scontext=u:r:hht_ota_mgr:s0 tcontext=u:r:hht_ota_mgr:s0 tclass=udp_socket permissive=0
11-11 21:16:25.504 I/auditd ( 2720): type=1400 audit(0.0:1493773738): avc: denied { read } for comm="event_loop" lport=13400 scontext=u:r:hht_ota_mgr:s0 tcontext=u:r:hht_ota_mgr:s0 tclass=udp_socket permissive=0
11-11 21:16:25.504 I/auditd ( 2720): type=1400 audit(0.0:1493773739): avc: denied { read } for comm="event_loop" lport=13400 scontext=u:r:hht_ota_mgr:s0 tcontext=u:r:hht_ota_mgr:s0 tclass=udp_socket permissive=0
11-11 21:16:25.504 I/auditd ( 2720): type=1400 audit(0.0:1493773740): avc: denied { read } for comm="event_loop" lport=13400 scontext=u:r:hht_ota_mgr:s0 tcontext=u:r:hht_ota_mgr:s0 tclass=udp_socket permissive=0
11-11 21:16:26.508 I/auditd ( 2720): type=1400 audit(0.0:1494036244): avc: denied { read } for comm="event_loop" lport=13400 scontext=u:r:hht_ota_mgr:s0 tcontext=u:r:hht_ota_mgr:s0 tclass=udp_socket permissive=0
11-11 21:16:26.508 I/auditd ( 2720): type=1400 audit(0.0:1494036245): avc: denied { read } for comm="event_loop" lport=13400 scontext=u:r:hht_ota_mgr:s0 tcontext=u:r:hht_ota_mgr:s0 tclass=udp_socket permissive=0
11-11 21:16:26.508 I/auditd ( 2720): type=1400 audit(0.0:1494036246): avc: denied { read } for comm="event_loop" lport=13400 scontext=u:r:hht_ota_mgr:s0 tcontext=u:r:hht_ota_mgr:s0 tclass=udp_socket permissive=0
11-11 21:16:26.508 I/auditd ( 2720): type=1400 audit(0.0:1494036247): avc: denied { read } for comm="event_loop" lport=13400 scontext=u:r:hht_ota_mgr:s0 tcontext=u:r:hht_ota_mgr:s0 tclass=udp_socket permissive=0
11-11 21:16:26.508 I/auditd ( 2720): type=1400 audit(0.0:1494036248): avc: denied { read } for comm="event_loop" lport=13400 scontext=u:r:hht_ota_mgr:s0 tcontext=u:r:hht_ota_mgr:s0 tclass=udp_socket permissive=0
11-11 21:16:27.508 I/auditd ( 2720): type=1400 audit(0.0:1494299323): avc: denied { read } for comm="event_loop" lport=13400 scontext=u:r:hht_ota_mgr:s0 tcontext=u:r:hht_ota_mgr:s0 tclass=udp_socket permissive=0
11-11 21:16:27.512 I/auditd ( 2720): type=1400 audit(0.0:1494299324): avc: denied { read } for comm="event_loop" lport=13400 scontext=u:r:hht_ota_mgr:s0 tcontext=u:r:hht_ota_mgr:s0 tclass=udp_socket permissive=0
11-11 21:16:27.512 I/auditd ( 2720): type=1400 audit(0.0:1494299325): avc: denied { read } for comm="event_loop" lport=13400 scontext=u:r:hht_ota_mgr:s0 tcontext=u:r:hht_ota_mgr:s0 tclass=udp_socket permissive=0
11-11 21:16:27.512 I/auditd ( 2720): type=1400 audit(0.0:1494299326): avc: denied { read } for comm="event_loop" lport=13400 scontext=u:r:hht_ota_mgr:s0 tcontext=u:r:hht_ota_mgr:s0 tclass=udp_socket permissive=0
11-11 21:16:27.512 I/auditd ( 2720): type=1400 audit(0.0:1494299327): avc: denied { read } for comm="event_loop" lport=13400 scontext=u:r:hht_ota_mgr:s0 tcontext=u:r:hht_ota_mgr:s0 tclass=udp_socket permissive=0
11-11 21:16:28.516 I/auditd ( 2720): type=1400 audit(0.0:1494563497): avc: denied { read } for comm="event_loop" lport=13400 scontext=u:r:hht_ota_mgr:s0 tcontext=u:r:hht_ota_mgr:s0 tclass=udp_socket permissive=0
11-11 21:16:28.516 I/auditd ( 2720): type=1400 audit(0.0:1494563498): avc: denied { read } for comm="event_loop" lport=13400 scontext=u:r:hht_ota_mgr:s0 tcontext=u:r:hht_ota_mgr:s0 tclass=udp_socket permissive=0
11-11 21:16:28.516 I/auditd ( 2720): type=1400 audit(0.0:1494563499): avc: denied { read } for comm="event_loop" lport=13400 scontext=u:r:hht_ota_mgr:s0 tcontext=u:r:hht_ota_mgr:s0 tclass=udp_socket permissive=0
11-11 21:16:28.516 I/auditd ( 2720): type=1400 audit(0.0:1494563500): avc: denied { read } for comm="event_loop" lport=13400 scontext=u:r:hht_ota_mgr:s0 tcontext=u:r:hht_ota_mgr:s0 tclass=udp_socket permissive=0
11-11 21:16:28.516 I/auditd ( 2720): type=1400 audit(0.0:1494563501): avc: denied { read } for comm="event_loop" lport=13400 scontext=u:r:hht_ota_mgr:s0 tcontext=u:r:hht_ota_mgr:s0 tclass=udp_socket permissive=0
11-11 21:16:29.520 I/auditd ( 2720): type=1400 audit(0.0:1494822450): avc: denied { read } for comm="event_loop" lport=13400 scontext=u:r:hht_ota_mgr:s0 tcontext=u:r:hht_ota_mgr:s0 tclass=udp_socket permissive=0
11-11 21:16:29.520 I/auditd ( 2720): type=1400 audit(0.0:1494822451): avc: denied { read } for comm="event_loop" lport=13400 scontext=u:r:hht_ota_mgr:s0 tcontext=u:r:hht_ota_mgr:s0 tclass=udp_socket permissive=0
11-11 21:16:29.520 I/auditd ( 2720): type=1400 audit(0.0:1494822452): avc: denied { read } for comm="event_loop" lport=13400 scontext=u:r:hht_ota_mgr:s0 tcontext=u:r:hht_ota_mgr:s0 tclass=udp_socket permissive=0
11-11 21:16:29.520 I/auditd ( 2720): type=1400 audit(0.0:1494822453): avc: denied { read } for comm="event_loop" lport=13400 scontext=u:r:hht_ota_mgr:s0 tcontext=u:r:hht_ota_mgr:s0 tclass=udp_socket permissive=0
11-11 21:16:29.520 I/auditd ( 2720): type=1400 audit(0.0:1494822454): avc: denied { read } for comm="event_loop" lport=13400 scontext=u:r:hht_ota_mgr:s0 tcontext=u:r:hht_ota_mgr:s0 tclass=udp_socket permissive=0
11-11 21:16:30.520 I/auditd ( 2720): type=1400 audit(0.0:1495080545): avc: denied { read } for comm="event_loop" lport=13400 scontext=u:r:hht_ota_mgr:s0 tcontext=u:r:hht_ota_mgr:s0 tclass=udp_socket permissive=0
11-11 21:16:30.524 I/auditd ( 2720): type=1400 audit(0.0:1495080546): avc: denied { read } for comm="event_loop" lport=13400 scontext=u:r:hht_ota_mgr:s0 tcontext=u:r:hht_ota_mgr:s0 tclass=udp_socket permissive=0
11-11 21:16:30.524 I/auditd ( 2720): type=1400 audit(0.0:1495080547): avc: denied { read } for comm="event_loop" lport=13400 scontext=u:r:hht_ota_mgr:s0 tcontext=u:r:hht_ota_mgr:s0 tclass=udp_socket permissive=0
11-11 21:16:30.524 I/auditd ( 2720): type=1400 audit(0.0:1495080548): avc: denied { read } for comm="event_loop" lport=13400 scontext=u:r:hht_ota_mgr:s0 tcontext=u:r:hht_ota_mgr:s0 tclass=udp_socket permissive=0
11-11 21:16:30.524 I/auditd ( 2720): type=1400 audit(0.0:1495080549): avc: denied { read } for comm="event_loop" lport=13400 scontext=u:r:hht_ota_mgr:s0 tcontext=u:r:hht_ota_mgr:s0 tclass=udp_socket permissive=0
11-11 21:16:31.528 I/auditd ( 2720): type=1400 audit(0.0:1495338924): avc: denied { read } for comm="event_loop" lport=13400 scontext=u:r:hht_ota_mgr:s0 tcontext=u:r:hht_ota_mgr:s0 tclass=udp_socket permissive=0
11-11 21:16:31.528 I/auditd ( 2720): type=1400 audit(0.0:1495338925): avc: denied { read } for comm="event_loop" lport=13400 scontext=u:r:hht_ota_mgr:s0 tcontext=u:r:hht_ota_mgr:s0 tclass=udp_socket permissive=0
11-11 21:16:31.528 I/auditd ( 2720): type=1400 audit(0.0:1495338926): avc: denied { read } for comm="event_loop" lport=13400 scontext=u:r:hht_ota_mgr:s0 tcontext=u:r:hht_ota_mgr:s0 tclass=udp_socket permissive=0
11-11 21:16:31.528 I/auditd ( 2720): type=1400 audit(0.0:1495338927): avc: denied { read } for comm="event_loop" lport=13400 scontext=u:r:hht_ota_mgr:s0 tcontext=u:r:hht_ota_mgr:s0 tclass=udp_socket permissive=0
11-11 21:16:31.528 I/auditd ( 2720): type=1400 audit(0.0:1495338928): avc: denied { read } for comm="event_loop" lport=13400 scontext=u:r:hht_ota_mgr:s0 tcontext=u:r:hht_ota_mgr:s0 tclass=udp_socket permissive=0
11-11 21:16:32.532 I/auditd ( 2720): type=1400 audit(0.0:1495600095): avc: denied { read } for comm="event_loop" lport=13400 scontext=u:r:hht_ota_mgr:s0 tcontext=u:r:hht_ota_mgr:s0 tclass=udp_socket permissive=0
11-11 21:16:32.532 I/auditd ( 2720): type=1400 audit(0.0:1495600096): avc: denied { read } for comm="event_loop" lport=13400 scontext=u:r:hht_ota_mgr:s0 tcontext=u:r:hht_ota_mgr:s0 tclass=udp_socket permissive=0
11-11 21:16:32.532 I/auditd ( 2720): type=1400 audit(0.0:1495600097): avc: denied { read } for comm="event_loop" lport=13400 scontext=u:r:hht_ota_mgr:s0 tcontext=u:r:hht_ota_mgr:s0 tclass=udp_socket permissive=0
11-11 21:16:32.532 I/auditd ( 2720): type=1400 audit(0.0:1495600098): avc: denied { read } for comm="event_loop" lport=13400 scontext=u:r:hht_ota_mgr:s0 tcontext=u:r:hht_ota_mgr:s0 tclass=udp_socket permissive=0
11-11 21:16:32.532 I/auditd ( 2720): type=1400 audit(0.0:1495600099): avc: denied { read } for comm="event_loop" lport=13400 scontext=u:r:hht_ota_mgr:s0 tcontext=u:r:hht_ota_mgr:s0 tclass=udp_socket permissive=0
11-11 21:16:33.536 I/auditd ( 2720): type=1400 audit(0.0:1495863358): avc: denied { read } for comm="event_loop" lport=13400 scontext=u:r:hht_ota_mgr:s0 tcontext=u:r:hht_ota_mgr:s0 tclass=udp_socket permissive=0
11-11 21:16:33.536 I/auditd ( 2720): type=1400 audit(0.0:1495863359): avc: denied { read } for comm="event_loop" lport=13400 scontext=u:r:hht_ota_mgr:s0 tcontext=u:r:hht_ota_mgr:s0 tclass=udp_socket permissive=0
11-11 21:16:33.536 I/auditd ( 2720): type=1400 audit(0.0:1495863360): avc: denied { read } for comm="event_loop" lport=13400 scontext=u:r:hht_ota_mgr:s0 tcontext=u:r:hht_ota_mgr:s0 tclass=udp_socket permissive=0
11-11 21:16:33.536 I/auditd ( 2720): type=1400 audit(0.0:1495863361): avc: denied { read } for comm="event_loop" lport=13400 scontext=u:r:hht_ota_mgr:s0 tcontext=u:r:hht_ota_mgr:s0 tclass=udp_socket permissive=0
11-11 21:16:33.536 I/auditd ( 2720): type=1400 audit(0.0:1495863362): avc: denied { read } for comm="event_loop" lport=13400 scontext=u:r:hht_ota_mgr:s0 tcontext=u:r:hht_ota_mgr:s0 tclass=udp_socket permissive=0
11-11 21:16:34.540 I/auditd ( 2720): type=1400 audit(0.0:1496126462): avc: denied { read } for comm="event_loop" lport=13400 scontext=u:r:hht_ota_mgr:s0 tcontext=u:r:hht_ota_mgr:s0 tclass=udp_socket permissive=0
11-11 21:16:34.540 I/auditd ( 2720): type=1400 audit(0.0:1496126463): avc: denied { read } for comm="event_loop" lport=13400 scontext=u:r:hht_ota_mgr:s0 tcontext=u:r:hht_ota_mgr:s0 tclass=udp_socket permissive=0
11-11 21:16:34.540 I/auditd ( 2720): type=1400 audit(0.0:1496126464): avc: denied { read } for comm="event_loop" lport=13400 scontext=u:r:hht_ota_mgr:s0 tcontext=u:r:hht_ota_mgr:s0 tclass=udp_socket permissive=0
11-11 21:16:34.540 I/auditd ( 2720): type=1400 audit(0.0:1496126465): avc: denied { read } for comm="event_loop" lport=13400 scontext=u:r:hht_ota_mgr:s0 tcontext=u:r:hht_ota_mgr:s0 tclass=udp_socket permissive=0
11-11 21:16:34.540 I/auditd ( 2720): type=1400 audit(0.0:1496126466): avc: denied { read } for comm="event_loop" lport=13400 scontext=u:r:hht_ota_mgr:s0 tcontext=u:r:hht_ota_mgr:s0 tclass=udp_socket permissive=0
11-11 21:16:35.544 I/auditd ( 2720): type=1400 audit(0.0:1496392393): avc: denied { read } for comm="event_loop" lport=13400 scontext=u:r:hht_ota_mgr:s0 tcontext=u:r:hht_ota_mgr:s0 tclass=udp_socket permissive=0
11-11 21:16:35.544 I/auditd ( 2720): type=1400 audit(0.0:1496392394): avc: denied { read } for comm="event_loop" lport=13400 scontext=u:r:hht_ota_mgr:s0 tcontext=u:r:hht_ota_mgr:s0 tclass=udp_socket permissive=0
11-11 21:16:35.544 I/auditd ( 2720): type=1400 audit(0.0:1496392395): avc: denied { read } for comm="event_loop" lport=13400 scontext=u:r:hht_ota_mgr:s0 tcontext=u:r:hht_ota_mgr:s0 tclass=udp_socket permissive=0
