11-11 21:17:34.780 I/auditd ( 2720): type=1400 audit(0.0:1511542341): avc: denied { read } for comm="event_loop" lport=13400 scontext=u:r:hht_ota_mgr:s0 tcontext=u:r:hht_ota_mgr:s0 tclass=udp_socket permissive=0
11-11 21:17:34.780 I/auditd ( 2720): type=1400 audit(0.0:1511542342): avc: denied { read } for comm="event_loop" lport=13400 scontext=u:r:hht_ota_mgr:s0 tcontext=u:r:hht_ota_mgr:s0 tclass=udp_socket permissive=0
11-11 21:17:35.363 I/wm_task_created( 1503): [39,-1]
11-11 21:17:35.369 I/wm_task_moved( 1503): [39,1,6]
11-11 21:17:35.369 I/wm_task_to_front( 1503): [0,39]
11-11 21:17:35.369 I/wm_create_task( 1503): [0,39]
11-11 21:17:35.369 I/wm_create_activity( 1503): [0,21732590,39,com.android.documentsui/.LauncherActivity,android.intent.action.MAIN,NULL,NULL,270532608]
11-11 21:17:35.369 I/wm_task_moved( 1503): [39,1,6]
11-11 21:17:35.371 I/wm_pause_activity( 1503): [0,158215347,com.android.launcher3/.uioverrides.QuickstepLauncher,userLeaving=true,pauseBackTasks]
11-11 21:17:35.376 I/wm_on_top_resumed_lost_called( 2526): [158215347,com.android.launcher3.uioverrides.QuickstepLauncher,topStateChangedWhenResumed]
11-11 21:17:35.377 I/wm_on_paused_called( 2526): [158215347,com.android.launcher3.uioverrides.QuickstepLauncher,performPause]
11-11 21:17:35.380 I/wm_restart_activity( 1503): [0,21732590,39,com.android.documentsui/.LauncherActivity]
11-11 21:17:35.381 I/wm_set_resumed_activity( 1503): [0,com.android.documentsui/.LauncherActivity,minimalResumeActivityLocked]
11-11 21:17:35.389 I/sysui_multi_action( 1503): [757,803,799,window_time_0,802,9]
11-11 21:17:35.401 I/wm_task_created( 1503): [40,-1]
11-11 21:17:35.403 I/wm_task_moved( 1503): [40,1,7]
11-11 21:17:35.403 I/wm_task_to_front( 1503): [0,40]
11-11 21:17:35.404 I/wm_create_task( 1503): [0,40]
11-11 21:17:35.404 I/wm_create_activity( 1503): [0,5152161,40,com.android.documentsui/.files.FilesActivity,NULL,NULL,//com.android.documentsui.launchControl,271056896]
11-11 21:17:35.404 I/wm_task_moved( 1503): [40,1,7]
11-11 21:17:35.405 I/wm_pause_activity( 1503): [0,21732590,com.android.documentsui/.LauncherActivity,userLeaving=true,pauseBackTasks]
11-11 21:17:35.406 I/wm_finish_activity( 1503): [0,21732590,39,com.android.documentsui/.LauncherActivity,app-request]
11-11 21:17:35.406 I/wm_on_create_called(10054): [21732590,com.android.documentsui.LauncherActivity,performCreate]
11-11 21:17:35.409 I/wm_add_to_stopping( 1503): [0,21732590,com.android.documentsui/.LauncherActivity,completeFinishing]
11-11 21:17:35.411 I/wm_add_to_stopping( 1503): [0,158215347,com.android.launcher3/.uioverrides.QuickstepLauncher,makeInvisible]
11-11 21:17:35.411 I/wm_restart_activity( 1503): [0,5152161,40,com.android.documentsui/.files.FilesActivity]
11-11 21:17:35.412 I/wm_set_resumed_activity( 1503): [0,com.android.documentsui/.files.FilesActivity,minimalResumeActivityLocked]
11-11 21:17:35.414 I/wm_destroy_activity( 1503): [0,21732590,39,com.android.documentsui/.LauncherActivity,finish-imm:idle]
11-11 21:17:35.415 I/sysui_multi_action( 1503): [757,803,799,window_time_0,802,0]
11-11 21:17:35.440 I/wm_on_create_called(10054): [5152161,com.android.documentsui.files.FilesActivity,performCreate]
11-11 21:17:35.441 I/wm_on_start_called(10054): [5152161,com.android.documentsui.files.FilesActivity,handleStartActivity]
11-11 21:17:35.442 I/wm_on_resume_called(10054): [5152161,com.android.documentsui.files.FilesActivity,RESUME_ACTIVITY]
11-11 21:17:35.443 I/input_focus( 1503): [Focus leaving 81633e2 com.android.launcher3/com.android.launcher3.uioverrides.QuickstepLauncher (server),reason=NO_WINDOW]
11-11 21:17:35.444 I/wm_on_top_resumed_gained_called(10054): [5152161,com.android.documentsui.files.FilesActivity,topStateChangedWhenResumed]
11-11 21:17:35.445 I/wm_on_destroy_called(10054): [21732590,com.android.documentsui.LauncherActivity,performDestroy]
11-11 21:17:35.445 I/wm_task_removed( 1503): [39,removeChild:removeChild last r=ActivityRecord{14b9cee u0 com.android.documentsui/.LauncherActivity t-1 f}} in t=Task{b9672dd #39 type=standard A=10033:com.android.documentsui U=0 visible=false mode=fullscreen translucent=true sz=0}]
11-11 21:17:35.445 I/wm_task_removed( 1503): [39,removeChild]
11-11 21:17:35.461 I/input_focus( 1503): [Focus request 58b75aa com.android.documentsui/com.android.documentsui.files.FilesActivity,reason=UpdateInputWindows]
11-11 21:17:35.476 I/sysui_multi_action( 1503): [319,74,321,70,322,111,325,6512,757,761,758,8,759,1,806,com.android.documentsui,871,com.android.documentsui.files.FilesActivity,904,com.android.documentsui,905,0,1320,4,1321,1]
11-11 21:17:35.476 I/wm_activity_launch_time( 1503): [0,5152161,com.android.documentsui/.files.FilesActivity,111]
11-11 21:17:35.476 I/input_focus( 1503): [Focus entering 58b75aa com.android.documentsui/com.android.documentsui.files.FilesActivity (server),reason=setFocusedWindow]
11-11 21:17:35.784 I/auditd ( 2720): type=1400 audit(0.0:1511784233): avc: denied { read } for comm="event_loop" lport=13400 scontext=u:r:hht_ota_mgr:s0 tcontext=u:r:hht_ota_mgr:s0 tclass=udp_socket permissive=0
11-11 21:17:35.784 I/auditd ( 2720): type=1400 audit(0.0:1511784234): avc: denied { read } for comm="event_loop" lport=13400 scontext=u:r:hht_ota_mgr:s0 tcontext=u:r:hht_ota_mgr:s0 tclass=udp_socket permissive=0
11-11 21:17:35.784 I/auditd ( 2720): type=1400 audit(0.0:1511784235): avc: denied { read } for comm="event_loop" lport=13400 scontext=u:r:hht_ota_mgr:s0 tcontext=u:r:hht_ota_mgr:s0 tclass=udp_socket permissive=0
11-11 21:17:35.784 I/auditd ( 2720): type=1400 audit(0.0:1511784236): avc: denied { read } for comm="event_loop" lport=13400 scontext=u:r:hht_ota_mgr:s0 tcontext=u:r:hht_ota_mgr:s0 tclass=udp_socket permissive=0
11-11 21:17:35.784 I/auditd ( 2720): type=1400 audit(0.0:1511784237): avc: denied { read } for comm="event_loop" lport=13400 scontext=u:r:hht_ota_mgr:s0 tcontext=u:r:hht_ota_mgr:s0 tclass=udp_socket permissive=0
11-11 21:17:35.961 I/wm_stop_activity( 1503): [0,158215347,com.android.launcher3/.uioverrides.QuickstepLauncher]
11-11 21:17:35.977 I/wm_on_stop_called( 2526): [158215347,com.android.launcher3.uioverrides.QuickstepLauncher,STOP_ACTIVITY_ITEM]
11-11 21:17:36.356 I/input_interaction( 1503): Interaction with: 58b75aa com.android.documentsui/com.android.documentsui.files.FilesActivity (server), edge-swipe (server), swipe-up (server), PointerEventDispatcher0 (server),
11-11 21:17:36.395 I/view_enqueue_input_event(10054): [Motion - Cancel,com.android.documentsui/com.android.documentsui.files.FilesActivity]
11-11 21:17:36.409 I/input_interaction( 1503): Interaction with: edge-swipe (server), swipe-up (server), PointerEventDispatcher0 (server),
11-11 21:17:36.520 I/sysui_multi_action( 1503): [757,803,799,key_back_press,802,1]
11-11 21:17:36.521 I/input_interaction( 1503): Interaction with: 58b75aa com.android.documentsui/com.android.documentsui.files.FilesActivity (server), PointerEventDispatcher0 (server),
11-11 21:17:36.522 I/wm_finish_activity( 1503): [0,5152161,40,com.android.documentsui/.files.FilesActivity,app-request]
11-11 21:17:36.522 I/wm_task_moved( 1503): [1,1,6]
11-11 21:17:36.522 I/wm_task_moved( 1503): [24,1,2147483647]
11-11 21:17:36.522 I/wm_task_to_front( 1503): [0,24]
11-11 21:17:36.522 I/wm_focused_root_task( 1503): [0,0,1,40,finish-top adjustFocusToNextFocusableTask]
11-11 21:17:36.523 I/wm_set_resumed_activity( 1503): [0,com.android.launcher3/.uioverrides.QuickstepLauncher,finish-top adjustFocusToNextFocusableTask]
11-11 21:17:36.526 I/wm_pause_activity( 1503): [0,5152161,com.android.documentsui/.files.FilesActivity,userLeaving=false,finish]
11-11 21:17:36.527 I/wm_on_top_resumed_lost_called(10054): [5152161,com.android.documentsui.files.FilesActivity,topStateChangedWhenResumed]
11-11 21:17:36.527 I/wm_on_paused_called(10054): [5152161,com.android.documentsui.files.FilesActivity,performPause]
11-11 21:17:36.528 I/wm_add_to_stopping( 1503): [0,5152161,com.android.documentsui/.files.FilesActivity,completeFinishing]
11-11 21:17:36.529 I/wm_set_resumed_activity( 1503): [0,com.android.launcher3/.uioverrides.QuickstepLauncher,resumeTopActivityInnerLocked]
11-11 21:17:36.530 I/wm_resume_activity( 1503): [0,158215347,24,com.android.launcher3/.uioverrides.QuickstepLauncher]
11-11 21:17:36.532 I/sysui_multi_action( 1503): [757,803,799,window_time_0,802,1]
11-11 21:17:36.544 I/input_focus( 1503): [Focus leaving 58b75aa com.android.documentsui/com.android.documentsui.files.FilesActivity (server),reason=NO_WINDOW]
11-11 21:17:36.546 I/wm_on_restart_called( 2526): [158215347,com.android.launcher3.uioverrides.QuickstepLauncher,performRestartActivity]
11-11 21:17:36.546 I/wm_on_start_called( 2526): [158215347,com.android.launcher3.uioverrides.QuickstepLauncher,handleStartActivity]
11-11 21:17:36.546 I/wm_on_resume_called( 2526): [158215347,com.android.launcher3.uioverrides.QuickstepLauncher,RESUME_ACTIVITY]
11-11 21:17:36.546 I/wm_on_top_resumed_gained_called( 2526): [158215347,com.android.launcher3.uioverrides.QuickstepLauncher,topWhenResuming]
11-11 21:17:36.564 I/input_focus( 1503): [Focus request 81633e2 com.android.launcher3/com.android.launcher3.uioverrides.QuickstepLauncher,reason=UpdateInputWindows]
11-11 21:17:36.579 I/input_focus( 1503): [Focus entering 81633e2 com.android.launcher3/com.android.launcher3.uioverrides.QuickstepLauncher (server),reason=setFocusedWindow]
11-11 21:17:36.788 I/auditd ( 2720): type=1400 audit(0.0:1512015735): avc: denied { read } for comm="event_loop" lport=13400 scontext=u:r:hht_ota_mgr:s0 tcontext=u:r:hht_ota_mgr:s0 tclass=udp_socket permissive=0
11-11 21:17:36.788 I/auditd ( 2720): type=1400 audit(0.0:1512015736): avc: denied { read } for comm="event_loop" lport=13400 scontext=u:r:hht_ota_mgr:s0 tcontext=u:r:hht_ota_mgr:s0 tclass=udp_socket permissive=0
11-11 21:17:36.788 I/auditd ( 2720): type=1400 audit(0.0:1512015737): avc: denied { read } for comm="event_loop" lport=13400 scontext=u:r:hht_ota_mgr:s0 tcontext=u:r:hht_ota_mgr:s0 tclass=udp_socket permissive=0
11-11 21:17:36.788 I/auditd ( 2720): type=1400 audit(0.0:1512015738): avc: denied { read } for comm="event_loop" lport=13400 scontext=u:r:hht_ota_mgr:s0 tcontext=u:r:hht_ota_mgr:s0 tclass=udp_socket permissive=0
11-11 21:17:36.788 I/auditd ( 2720): type=1400 audit(0.0:1512015739): avc: denied { read } for comm="event_loop" lport=13400 scontext=u:r:hht_ota_mgr:s0 tcontext=u:r:hht_ota_mgr:s0 tclass=udp_socket permissive=0
11-11 21:17:36.929 I/wm_destroy_activity( 1503): [0,5152161,40,com.android.documentsui/.files.FilesActivity,finish-imm:idle]
11-11 21:17:36.950 I/wm_on_stop_called(10054): [5152161,com.android.documentsui.files.FilesActivity,LIFECYCLER_STOP_ACTIVITY]
11-11 21:17:36.954 I/wm_on_destroy_called(10054): [5152161,com.android.documentsui.files.FilesActivity,performDestroy]
11-11 21:17:36.957 I/wm_task_removed( 1503): [40,removeChild:removeChild last r=ActivityRecord{4e9da1 u0 com.android.documentsui/.files.FilesActivity t-1 f}} in t=Task{f842523 #40 type=standard A=10033:com.android.documentsui U=0 visible=false mode=fullscreen translucent=true sz=0}]
11-11 21:17:36.957 I/wm_task_removed( 1503): [40,removeChild]
11-11 21:17:37.792 I/auditd ( 2720): type=1400 audit(0.0:1512251063): avc: denied { read } for comm="event_loop" lport=13400 scontext=u:r:hht_ota_mgr:s0 tcontext=u:r:hht_ota_mgr:s0 tclass=udp_socket permissive=0
11-11 21:17:37.792 I/auditd ( 2720): type=1400 audit(0.0:1512251064): avc: denied { read } for comm="event_loop" lport=13400 scontext=u:r:hht_ota_mgr:s0 tcontext=u:r:hht_ota_mgr:s0 tclass=udp_socket permissive=0
11-11 21:17:37.792 I/auditd ( 2720): type=1400 audit(0.0:1512251065): avc: denied { read } for comm="event_loop" lport=13400 scontext=u:r:hht_ota_mgr:s0 tcontext=u:r:hht_ota_mgr:s0 tclass=udp_socket permissive=0
11-11 21:17:37.792 I/auditd ( 2720): type=1400 audit(0.0:1512251066): avc: denied { read } for comm="event_loop" lport=13400 scontext=u:r:hht_ota_mgr:s0 tcontext=u:r:hht_ota_mgr:s0 tclass=udp_socket permissive=0
11-11 21:17:37.792 I/auditd ( 2720): type=1400 audit(0.0:1512251067): avc: denied { read } for comm="event_loop" lport=13400 scontext=u:r:hht_ota_mgr:s0 tcontext=u:r:hht_ota_mgr:s0 tclass=udp_socket permissive=0
11-11 21:17:38.792 I/auditd ( 2720): type=1400 audit(0.0:1512502421): avc: denied { read } for comm="event_loop" lport=13400 scontext=u:r:hht_ota_mgr:s0 tcontext=u:r:hht_ota_mgr:s0 tclass=udp_socket permissive=0
11-11 21:17:38.796 I/auditd ( 2720): type=1400 audit(0.0:1512502422): avc: denied { read } for comm="event_loop" lport=13400 scontext=u:r:hht_ota_mgr:s0 tcontext=u:r:hht_ota_mgr:s0 tclass=udp_socket permissive=0
11-11 21:17:38.796 I/auditd ( 2720): type=1400 audit(0.0:1512502423): avc: denied { read } for comm="event_loop" lport=13400 scontext=u:r:hht_ota_mgr:s0 tcontext=u:r:hht_ota_mgr:s0 tclass=udp_socket permissive=0
11-11 21:17:38.796 I/auditd ( 2720): type=1400 audit(0.0:1512502424): avc: denied { read } for comm="event_loop" lport=13400 scontext=u:r:hht_ota_mgr:s0 tcontext=u:r:hht_ota_mgr:s0 tclass=udp_socket permissive=0
11-11 21:17:38.796 I/auditd ( 2720): type=1400 audit(0.0:1512502425): avc: denied { read } for comm="event_loop" lport=13400 scontext=u:r:hht_ota_mgr:s0 tcontext=u:r:hht_ota_mgr:s0 tclass=udp_socket permissive=0
11-11 21:17:39.800 I/auditd ( 2720): type=1400 audit(0.0:1512758851): avc: denied { read } for comm="event_loop" lport=13400 scontext=u:r:hht_ota_mgr:s0 tcontext=u:r:hht_ota_mgr:s0 tclass=udp_socket permissive=0
11-11 21:17:39.800 I/auditd ( 2720): type=1400 audit(0.0:1512758852): avc: denied { read } for comm="event_loop" lport=13400 scontext=u:r:hht_ota_mgr:s0 tcontext=u:r:hht_ota_mgr:s0 tclass=udp_socket permissive=0
11-11 21:17:39.800 I/auditd ( 2720): type=1400 audit(0.0:1512758853): avc: denied { read } for comm="event_loop" lport=13400 scontext=u:r:hht_ota_mgr:s0 tcontext=u:r:hht_ota_mgr:s0 tclass=udp_socket permissive=0
11-11 21:17:39.800 I/auditd ( 2720): type=1400 audit(0.0:1512758854): avc: denied { read } for comm="event_loop" lport=13400 scontext=u:r:hht_ota_mgr:s0 tcontext=u:r:hht_ota_mgr:s0 tclass=udp_socket permissive=0
11-11 21:17:39.800 I/auditd ( 2720): type=1400 audit(0.0:1512758855): avc: denied { read } for comm="event_loop" lport=13400 scontext=u:r:hht_ota_mgr:s0 tcontext=u:r:hht_ota_mgr:s0 tclass=udp_socket permissive=0
11-11 21:17:39.868 I/am_pss ( 1503): [10353,10093,com.tencent.qqmusicpad:QQPlayerService,38879232,16179200,0,123240448,0,4,12]
11-11 21:17:40.154 I/notification_enqueue( 1503): [10093,10353,com.tencent.qqmusicpad,1,NULL,0,Notification(channel=10000 shortcut=null contentView=null vibrate=null sound=null defaults=0x0 flags=0x40 color=0x00000000 vis=PRIVATE),0]
11-11 21:17:40.356 I/sysui_multi_action( 1503): [757,1501,758,1,793,203,794,0,795,203,796,1,806,com.tencent.qqmusicpad,857,10000,858,2,947,0,1500,0,1688,1]
11-11 21:17:40.356 I/sysui_multi_action( 1503): [757,804,799,note_interruptive,801,0,802,1]
11-11 21:17:40.800 I/auditd ( 2720): type=1400 audit(0.0:1513018163): avc: denied { read } for comm="event_loop" lport=13400 scontext=u:r:hht_ota_mgr:s0 tcontext=u:r:hht_ota_mgr:s0 tclass=udp_socket permissive=0
11-11 21:17:40.804 I/auditd ( 2720): type=1400 audit(0.0:1513018164): avc: denied { read } for comm="event_loop" lport=13400 scontext=u:r:hht_ota_mgr:s0 tcontext=u:r:hht_ota_mgr:s0 tclass=udp_socket permissive=0
11-11 21:17:40.804 I/auditd ( 2720): type=1400 audit(0.0:1513018165): avc: denied { read } for comm="event_loop" lport=13400 scontext=u:r:hht_ota_mgr:s0 tcontext=u:r:hht_ota_mgr:s0 tclass=udp_socket permissive=0
11-11 21:17:40.804 I/auditd ( 2720): type=1400 audit(0.0:1513018166): avc: denied { read } for comm="event_loop" lport=13400 scontext=u:r:hht_ota_mgr:s0 tcontext=u:r:hht_ota_mgr:s0 tclass=udp_socket permissive=0
11-11 21:17:40.804 I/auditd ( 2720): type=1400 audit(0.0:1513018167): avc: denied { read } for comm="event_loop" lport=13400 scontext=u:r:hht_ota_mgr:s0 tcontext=u:r:hht_ota_mgr:s0 tclass=udp_socket permissive=0
11-11 21:17:41.804 I/auditd ( 2720): type=1400 audit(0.0:1513277648): avc: denied { read } for comm="event_loop" lport=13400 scontext=u:r:hht_ota_mgr:s0 tcontext=u:r:hht_ota_mgr:s0 tclass=udp_socket permissive=0
11-11 21:17:41.808 I/auditd ( 2720): type=1400 audit(0.0:1513277649): avc: denied { read } for comm="event_loop" lport=13400 scontext=u:r:hht_ota_mgr:s0 tcontext=u:r:hht_ota_mgr:s0 tclass=udp_socket permissive=0
11-11 21:17:41.808 I/auditd ( 2720): type=1400 audit(0.0:1513277650): avc: denied { read } for comm="event_loop" lport=13400 scontext=u:r:hht_ota_mgr:s0 tcontext=u:r:hht_ota_mgr:s0 tclass=udp_socket permissive=0
11-11 21:17:41.808 I/auditd ( 2720): type=1400 audit(0.0:1513277651): avc: denied { read } for comm="event_loop" lport=13400 scontext=u:r:hht_ota_mgr:s0 tcontext=u:r:hht_ota_mgr:s0 tclass=udp_socket permissive=0
11-11 21:17:41.808 I/auditd ( 2720): type=1400 audit(0.0:1513277652): avc: denied { read } for comm="event_loop" lport=13400 scontext=u:r:hht_ota_mgr:s0 tcontext=u:r:hht_ota_mgr:s0 tclass=udp_socket permissive=0
11-11 21:17:42.812 I/auditd ( 2720): type=1400 audit(0.0:1513538493): avc: denied { read } for comm="event_loop" lport=13400 scontext=u:r:hht_ota_mgr:s0 tcontext=u:r:hht_ota_mgr:s0 tclass=udp_socket permissive=0
11-11 21:17:42.812 I/auditd ( 2720): type=1400 audit(0.0:1513538494): avc: denied { read } for comm="event_loop" lport=13400 scontext=u:r:hht_ota_mgr:s0 tcontext=u:r:hht_ota_mgr:s0 tclass=udp_socket permissive=0
11-11 21:17:42.812 I/auditd ( 2720): type=1400 audit(0.0:1513538495): avc: denied { read } for comm="event_loop" lport=13400 scontext=u:r:hht_ota_mgr:s0 tcontext=u:r:hht_ota_mgr:s0 tclass=udp_socket permissive=0
11-11 21:17:42.812 I/auditd ( 2720): type=1400 audit(0.0:1513538496): avc: denied { read } for comm="event_loop" lport=13400 scontext=u:r:hht_ota_mgr:s0 tcontext=u:r:hht_ota_mgr:s0 tclass=udp_socket permissive=0
11-11 21:17:42.812 I/auditd ( 2720): type=1400 audit(0.0:1513538497): avc: denied { read } for comm="event_loop" lport=13400 scontext=u:r:hht_ota_mgr:s0 tcontext=u:r:hht_ota_mgr:s0 tclass=udp_socket permissive=0
11-11 21:17:43.816 I/auditd ( 2720): type=1400 audit(0.0:1513799959): avc: denied { read } for comm="event_loop" lport=13400 scontext=u:r:hht_ota_mgr:s0 tcontext=u:r:hht_ota_mgr:s0 tclass=udp_socket permissive=0
11-11 21:17:43.816 I/auditd ( 2720): type=1400 audit(0.0:1513799960): avc: denied { read } for comm="event_loop" lport=13400 scontext=u:r:hht_ota_mgr:s0 tcontext=u:r:hht_ota_mgr:s0 tclass=udp_socket permissive=0
11-11 21:17:43.816 I/auditd ( 2720): type=1400 audit(0.0:1513799961): avc: denied { read } for comm="event_loop" lport=13400 scontext=u:r:hht_ota_mgr:s0 tcontext=u:r:hht_ota_mgr:s0 tclass=udp_socket permissive=0
11-11 21:17:43.816 I/auditd ( 2720): type=1400 audit(0.0:1513799962): avc: denied { read } for comm="event_loop" lport=13400 scontext=u:r:hht_ota_mgr:s0 tcontext=u:r:hht_ota_mgr:s0 tclass=udp_socket permissive=0
11-11 21:17:43.816 I/auditd ( 2720): type=1400 audit(0.0:1513799963): avc: denied { read } for comm="event_loop" lport=13400 scontext=u:r:hht_ota_mgr:s0 tcontext=u:r:hht_ota_mgr:s0 tclass=udp_socket permissive=0
11-11 21:17:44.816 I/auditd ( 2720): type=1400 audit(0.0:1514061355): avc: denied { read } for comm="event_loop" lport=13400 scontext=u:r:hht_ota_mgr:s0 tcontext=u:r:hht_ota_mgr:s0 tclass=udp_socket permissive=0
11-11 21:17:44.820 I/auditd ( 2720): type=1400 audit(0.0:1514061356): avc: denied { read } for comm="event_loop" lport=13400 scontext=u:r:hht_ota_mgr:s0 tcontext=u:r:hht_ota_mgr:s0 tclass=udp_socket permissive=0
11-11 21:17:44.820 I/auditd ( 2720): type=1400 audit(0.0:1514061357): avc: denied { read } for comm="event_loop" lport=13400 scontext=u:r:hht_ota_mgr:s0 tcontext=u:r:hht_ota_mgr:s0 tclass=udp_socket permissive=0
11-11 21:17:44.820 I/auditd ( 2720): type=1400 audit(0.0:1514061358): avc: denied { read } for comm="event_loop" lport=13400 scontext=u:r:hht_ota_mgr:s0 tcontext=u:r:hht_ota_mgr:s0 tclass=udp_socket permissive=0
11-11 21:17:44.820 I/auditd ( 2720): type=1400 audit(0.0:1514061359): avc: denied { read } for comm="event_loop" lport=13400 scontext=u:r:hht_ota_mgr:s0 tcontext=u:r:hht_ota_mgr:s0 tclass=udp_socket permissive=0
11-11 21:17:45.824 I/auditd ( 2720): type=1400 audit(0.0:1514324379): avc: denied { read } for comm="event_loop" lport=13400 scontext=u:r:hht_ota_mgr:s0 tcontext=u:r:hht_ota_mgr:s0 tclass=udp_socket permissive=0
11-11 21:17:45.824 I/auditd ( 2720): type=1400 audit(0.0:1514324380): avc: denied { read } for comm="event_loop" lport=13400 scontext=u:r:hht_ota_mgr:s0 tcontext=u:r:hht_ota_mgr:s0 tclass=udp_socket permissive=0
11-11 21:17:45.824 I/auditd ( 2720): type=1400 audit(0.0:1514324381): avc: denied { read } for comm="event_loop" lport=13400 scontext=u:r:hht_ota_mgr:s0 tcontext=u:r:hht_ota_mgr:s0 tclass=udp_socket permissive=0
11-11 21:17:45.824 I/auditd ( 2720): type=1400 audit(0.0:1514324382): avc: denied { read } for comm="event_loop" lport=13400 scontext=u:r:hht_ota_mgr:s0 tcontext=u:r:hht_ota_mgr:s0 tclass=udp_socket permissive=0
11-11 21:17:45.824 I/auditd ( 2720): type=1400 audit(0.0:1514324383): avc: denied { read } for comm="event_loop" lport=13400 scontext=u:r:hht_ota_mgr:s0 tcontext=u:r:hht_ota_mgr:s0 tclass=udp_socket permissive=0
11-11 21:17:46.824 I/auditd ( 2720): type=1400 audit(0.0:1514588580): avc: denied { read } for comm="event_loop" lport=13400 scontext=u:r:hht_ota_mgr:s0 tcontext=u:r:hht_ota_mgr:s0 tclass=udp_socket permissive=0
11-11 21:17:46.828 I/auditd ( 2720): type=1400 audit(0.0:1514588581): avc: denied { read } for comm="event_loop" lport=13400 scontext=u:r:hht_ota_mgr:s0 tcontext=u:r:hht_ota_mgr:s0 tclass=udp_socket permissive=0
11-11 21:17:46.828 I/auditd ( 2720): type=1400 audit(0.0:1514588582): avc: denied { read } for comm="event_loop" lport=13400 scontext=u:r:hht_ota_mgr:s0 tcontext=u:r:hht_ota_mgr:s0 tclass=udp_socket permissive=0
11-11 21:17:46.828 I/auditd ( 2720): type=1400 audit(0.0:1514588583): avc: denied { read } for comm="event_loop" lport=13400 scontext=u:r:hht_ota_mgr:s0 tcontext=u:r:hht_ota_mgr:s0 tclass=udp_socket permissive=0
11-11 21:17:46.828 I/auditd ( 2720): type=1400 audit(0.0:1514588584): avc: denied { read } for comm="event_loop" lport=13400 scontext=u:r:hht_ota_mgr:s0 tcontext=u:r:hht_ota_mgr:s0 tclass=udp_socket permissive=0
11-11 21:17:47.832 I/auditd ( 2720): type=1400 audit(0.0:1514853540): avc: denied { read } for comm="event_loop" lport=13400 scontext=u:r:hht_ota_mgr:s0 tcontext=u:r:hht_ota_mgr:s0 tclass=udp_socket permissive=0
11-11 21:17:47.832 I/auditd ( 2720): type=1400 audit(0.0:1514853541): avc: denied { read } for comm="event_loop" lport=13400 scontext=u:r:hht_ota_mgr:s0 tcontext=u:r:hht_ota_mgr:s0 tclass=udp_socket permissive=0
11-11 21:17:47.832 I/auditd ( 2720): type=1400 audit(0.0:1514853542): avc: denied { read } for comm="event_loop" lport=13400 scontext=u:r:hht_ota_mgr:s0 tcontext=u:r:hht_ota_mgr:s0 tclass=udp_socket permissive=0
11-11 21:17:47.832 I/auditd ( 2720): type=1400 audit(0.0:1514853543): avc: denied { read } for comm="event_loop" lport=13400 scontext=u:r:hht_ota_mgr:s0 tcontext=u:r:hht_ota_mgr:s0 tclass=udp_socket permissive=0
11-11 21:17:47.832 I/auditd ( 2720): type=1400 audit(0.0:1514853544): avc: denied { read } for comm="event_loop" lport=13400 scontext=u:r:hht_ota_mgr:s0 tcontext=u:r:hht_ota_mgr:s0 tclass=udp_socket permissive=0
11-11 21:17:48.832 I/auditd ( 2720): type=1400 audit(0.0:1515118074): avc: denied { read } for comm="event_loop" lport=13400 scontext=u:r:hht_ota_mgr:s0 tcontext=u:r:hht_ota_mgr:s0 tclass=udp_socket permissive=0
11-11 21:17:48.836 I/auditd ( 2720): type=1400 audit(0.0:1515118075): avc: denied { read } for comm="event_loop" lport=13400 scontext=u:r:hht_ota_mgr:s0 tcontext=u:r:hht_ota_mgr:s0 tclass=udp_socket permissive=0
11-11 21:17:48.836 I/auditd ( 2720): type=1400 audit(0.0:1515118076): avc: denied { read } for comm="event_loop" lport=13400 scontext=u:r:hht_ota_mgr:s0 tcontext=u:r:hht_ota_mgr:s0 tclass=udp_socket permissive=0
11-11 21:17:48.836 I/auditd ( 2720): type=1400 audit(0.0:1515118077): avc: denied { read } for comm="event_loop" lport=13400 scontext=u:r:hht_ota_mgr:s0 tcontext=u:r:hht_ota_mgr:s0 tclass=udp_socket permissive=0
11-11 21:17:48.836 I/auditd ( 2720): type=1400 audit(0.0:1515118078): avc: denied { read } for comm="event_loop" lport=13400 scontext=u:r:hht_ota_mgr:s0 tcontext=u:r:hht_ota_mgr:s0 tclass=udp_socket permissive=0
11-11 21:17:49.840 I/auditd ( 2720): type=1400 audit(0.0:1515381886): avc: denied { read } for comm="event_loop" lport=13400 scontext=u:r:hht_ota_mgr:s0 tcontext=u:r:hht_ota_mgr:s0 tclass=udp_socket permissive=0
11-11 21:17:49.840 I/auditd ( 2720): type=1400 audit(0.0:1515381887): avc: denied { read } for comm="event_loop" lport=13400 scontext=u:r:hht_ota_mgr:s0 tcontext=u:r:hht_ota_mgr:s0 tclass=udp_socket permissive=0
11-11 21:17:49.840 I/auditd ( 2720): type=1400 audit(0.0:1515381888): avc: denied { read } for comm="event_loop" lport=13400 scontext=u:r:hht_ota_mgr:s0 tcontext=u:r:hht_ota_mgr:s0 tclass=udp_socket permissive=0
11-11 21:17:49.840 I/auditd ( 2720): type=1400 audit(0.0:1515381889): avc: denied { read } for comm="event_loop" lport=13400 scontext=u:r:hht_ota_mgr:s0 tcontext=u:r:hht_ota_mgr:s0 tclass=udp_socket permissive=0
11-11 21:17:49.840 I/auditd ( 2720): type=1400 audit(0.0:1515381890): avc: denied { read } for comm="event_loop" lport=13400 scontext=u:r:hht_ota_mgr:s0 tcontext=u:r:hht_ota_mgr:s0 tclass=udp_socket permissive=0
11-11 21:17:50.840 I/auditd ( 2720): type=1400 audit(0.0:1515646166): avc: denied { read } for comm="event_loop" lport=13400 scontext=u:r:hht_ota_mgr:s0 tcontext=u:r:hht_ota_mgr:s0 tclass=udp_socket permissive=0
11-11 21:17:50.844 I/auditd ( 2720): type=1400 audit(0.0:1515646167): avc: denied { read } for comm="event_loop" lport=13400 scontext=u:r:hht_ota_mgr:s0 tcontext=u:r:hht_ota_mgr:s0 tclass=udp_socket permissive=0
11-11 21:17:50.844 I/auditd ( 2720): type=1400 audit(0.0:1515646168): avc: denied { read } for comm="event_loop" lport=13400 scontext=u:r:hht_ota_mgr:s0 tcontext=u:r:hht_ota_mgr:s0 tclass=udp_socket permissive=0
11-11 21:17:50.844 I/auditd ( 2720): type=1400 audit(0.0:1515646169): avc: denied { read } for comm="event_loop" lport=13400 scontext=u:r:hht_ota_mgr:s0 tcontext=u:r:hht_ota_mgr:s0 tclass=udp_socket permissive=0
11-11 21:17:50.844 I/auditd ( 2720): type=1400 audit(0.0:1515646170): avc: denied { read } for comm="event_loop" lport=13400 scontext=u:r:hht_ota_mgr:s0 tcontext=u:r:hht_ota_mgr:s0 tclass=udp_socket permissive=0
11-11 21:17:51.848 I/auditd ( 2720): type=1400 audit(0.0:1515911064): avc: denied { read } for comm="event_loop" lport=13400 scontext=u:r:hht_ota_mgr:s0 tcontext=u:r:hht_ota_mgr:s0 tclass=udp_socket permissive=0
11-11 21:17:51.848 I/auditd ( 2720): type=1400 audit(0.0:1515911065): avc: denied { read } for comm="event_loop" lport=13400 scontext=u:r:hht_ota_mgr:s0 tcontext=u:r:hht_ota_mgr:s0 tclass=udp_socket permissive=0
11-11 21:17:51.848 I/auditd ( 2720): type=1400 audit(0.0:1515911066): avc: denied { read } for comm="event_loop" lport=13400 scontext=u:r:hht_ota_mgr:s0 tcontext=u:r:hht_ota_mgr:s0 tclass=udp_socket permissive=0
11-11 21:17:51.848 I/auditd ( 2720): type=1400 audit(0.0:1515911067): avc: denied { read } for comm="event_loop" lport=13400 scontext=u:r:hht_ota_mgr:s0 tcontext=u:r:hht_ota_mgr:s0 tclass=udp_socket permissive=0
11-11 21:17:51.848 I/auditd ( 2720): type=1400 audit(0.0:1515911068): avc: denied { read } for comm="event_loop" lport=13400 scontext=u:r:hht_ota_mgr:s0 tcontext=u:r:hht_ota_mgr:s0 tclass=udp_socket permissive=0
11-11 21:17:52.852 I/auditd ( 2720): type=1400 audit(0.0:1516176371): avc: denied { read } for comm="event_loop" lport=13400 scontext=u:r:hht_ota_mgr:s0 tcontext=u:r:hht_ota_mgr:s0 tclass=udp_socket permissive=0
11-11 21:17:52.852 I/auditd ( 2720): type=1400 audit(0.0:1516176372): avc: denied { read } for comm="event_loop" lport=13400 scontext=u:r:hht_ota_mgr:s0 tcontext=u:r:hht_ota_mgr:s0 tclass=udp_socket permissive=0
11-11 21:17:52.852 I/auditd ( 2720): type=1400 audit(0.0:1516176373): avc: denied { read } for comm="event_loop" lport=13400 scontext=u:r:hht_ota_mgr:s0 tcontext=u:r:hht_ota_mgr:s0 tclass=udp_socket permissive=0
11-11 21:17:52.852 I/auditd ( 2720): type=1400 audit(0.0:1516176374): avc: denied { read } for comm="event_loop" lport=13400 scontext=u:r:hht_ota_mgr:s0 tcontext=u:r:hht_ota_mgr:s0 tclass=udp_socket permissive=0
11-11 21:17:52.852 I/auditd ( 2720): type=1400 audit(0.0:1516176375): avc: denied { read } for comm="event_loop" lport=13400 scontext=u:r:hht_ota_mgr:s0 tcontext=u:r:hht_ota_mgr:s0 tclass=udp_socket permissive=0
11-11 21:17:53.852 I/auditd ( 2720): type=1400 audit(0.0:1516442189): avc: denied { read } for comm="event_loop" lport=13400 scontext=u:r:hht_ota_mgr:s0 tcontext=u:r:hht_ota_mgr:s0 tclass=udp_socket permissive=0
11-11 21:17:53.856 I/auditd ( 2720): type=1400 audit(0.0:1516442190): avc: denied { read } for comm="event_loop" lport=13400 scontext=u:r:hht_ota_mgr:s0 tcontext=u:r:hht_ota_mgr:s0 tclass=udp_socket permissive=0
11-11 21:17:53.856 I/auditd ( 2720): type=1400 audit(0.0:1516442191): avc: denied { read } for comm="event_loop" lport=13400 scontext=u:r:hht_ota_mgr:s0 tcontext=u:r:hht_ota_mgr:s0 tclass=udp_socket permissive=0
11-11 21:17:53.856 I/auditd ( 2720): type=1400 audit(0.0:1516442192): avc: denied { read } for comm="event_loop" lport=13400 scontext=u:r:hht_ota_mgr:s0 tcontext=u:r:hht_ota_mgr:s0 tclass=udp_socket permissive=0
11-11 21:17:53.856 I/auditd ( 2720): type=1400 audit(0.0:1516442193): avc: denied { read } for comm="event_loop" lport=13400 scontext=u:r:hht_ota_mgr:s0 tcontext=u:r:hht_ota_mgr:s0 tclass=udp_socket permissive=0
11-11 21:17:54.856 I/auditd ( 2720): type=1400 audit(0.0:1516709622): avc: denied { read } for comm="event_loop" lport=13400 scontext=u:r:hht_ota_mgr:s0 tcontext=u:r:hht_ota_mgr:s0 tclass=udp_socket permissive=0
11-11 21:17:54.860 I/auditd ( 2720): type=1400 audit(0.0:1516709623): avc: denied { read } for comm="event_loop" lport=13400 scontext=u:r:hht_ota_mgr:s0 tcontext=u:r:hht_ota_mgr:s0 tclass=udp_socket permissive=0
11-11 21:17:54.860 I/auditd ( 2720): type=1400 audit(0.0:1516709624): avc: denied { read } for comm="event_loop" lport=13400 scontext=u:r:hht_ota_mgr:s0 tcontext=u:r:hht_ota_mgr:s0 tclass=udp_socket permissive=0
11-11 21:17:54.860 I/auditd ( 2720): type=1400 audit(0.0:1516709625): avc: denied { read } for comm="event_loop" lport=13400 scontext=u:r:hht_ota_mgr:s0 tcontext=u:r:hht_ota_mgr:s0 tclass=udp_socket permissive=0
11-11 21:17:54.860 I/auditd ( 2720): type=1400 audit(0.0:1516709626): avc: denied { read } for comm="event_loop" lport=13400 scontext=u:r:hht_ota_mgr:s0 tcontext=u:r:hht_ota_mgr:s0 tclass=udp_socket permissive=0
11-11 21:17:55.860 I/auditd ( 2720): type=1400 audit(0.0:1516975743): avc: denied { read } for comm="event_loop" lport=13400 scontext=u:r:hht_ota_mgr:s0 tcontext=u:r:hht_ota_mgr:s0 tclass=udp_socket permissive=0
11-11 21:17:55.864 I/auditd ( 2720): type=1400 audit(0.0:1516975744): avc: denied { read } for comm="event_loop" lport=13400 scontext=u:r:hht_ota_mgr:s0 tcontext=u:r:hht_ota_mgr:s0 tclass=udp_socket permissive=0
11-11 21:17:55.864 I/auditd ( 2720): type=1400 audit(0.0:1516975745): avc: denied { read } for comm="event_loop" lport=13400 scontext=u:r:hht_ota_mgr:s0 tcontext=u:r:hht_ota_mgr:s0 tclass=udp_socket permissive=0
11-11 21:17:55.864 I/auditd ( 2720): type=1400 audit(0.0:1516975746): avc: denied { read } for comm="event_loop" lport=13400 scontext=u:r:hht_ota_mgr:s0 tcontext=u:r:hht_ota_mgr:s0 tclass=udp_socket permissive=0
11-11 21:17:55.864 I/auditd ( 2720): type=1400 audit(0.0:1516975747): avc: denied { read } for comm="event_loop" lport=13400 scontext=u:r:hht_ota_mgr:s0 tcontext=u:r:hht_ota_mgr:s0 tclass=udp_socket permissive=0
11-11 21:17:56.864 I/auditd ( 2720): type=1400 audit(0.0:1517241892): avc: denied { read } for comm="event_loop" lport=13400 scontext=u:r:hht_ota_mgr:s0 tcontext=u:r:hht_ota_mgr:s0 tclass=udp_socket permissive=0
11-11 21:17:56.868 I/auditd ( 2720): type=1400 audit(0.0:1517241893): avc: denied { read } for comm="event_loop" lport=13400 scontext=u:r:hht_ota_mgr:s0 tcontext=u:r:hht_ota_mgr:s0 tclass=udp_socket permissive=0
11-11 21:17:56.868 I/auditd ( 2720): type=1400 audit(0.0:1517241894): avc: denied { read } for comm="event_loop" lport=13400 scontext=u:r:hht_ota_mgr:s0 tcontext=u:r:hht_ota_mgr:s0 tclass=udp_socket permissive=0
11-11 21:17:56.868 I/auditd ( 2720): type=1400 audit(0.0:1517241895): avc: denied { read } for comm="event_loop" lport=13400 scontext=u:r:hht_ota_mgr:s0 tcontext=u:r:hht_ota_mgr:s0 tclass=udp_socket permissive=0
11-11 21:17:56.868 I/auditd ( 2720): type=1400 audit(0.0:1517241896): avc: denied { read } for comm="event_loop" lport=13400 scontext=u:r:hht_ota_mgr:s0 tcontext=u:r:hht_ota_mgr:s0 tclass=udp_socket permissive=0
11-11 21:17:57.872 I/auditd ( 2720): type=1400 audit(0.0:1517510358): avc: denied { read } for comm="event_loop" lport=13400 scontext=u:r:hht_ota_mgr:s0 tcontext=u:r:hht_ota_mgr:s0 tclass=udp_socket permissive=0
11-11 21:17:57.872 I/auditd ( 2720): type=1400 audit(0.0:1517510359): avc: denied { read } for comm="event_loop" lport=13400 scontext=u:r:hht_ota_mgr:s0 tcontext=u:r:hht_ota_mgr:s0 tclass=udp_socket permissive=0
11-11 21:17:57.872 I/auditd ( 2720): type=1400 audit(0.0:1517510360): avc: denied { read } for comm="event_loop" lport=13400 scontext=u:r:hht_ota_mgr:s0 tcontext=u:r:hht_ota_mgr:s0 tclass=udp_socket permissive=0
11-11 21:17:57.872 I/auditd ( 2720): type=1400 audit(0.0:1517510361): avc: denied { read } for comm="event_loop" lport=13400 scontext=u:r:hht_ota_mgr:s0 tcontext=u:r:hht_ota_mgr:s0 tclass=udp_socket permissive=0
11-11 21:17:57.872 I/auditd ( 2720): type=1400 audit(0.0:1517510362): avc: denied { read } for comm="event_loop" lport=13400 scontext=u:r:hht_ota_mgr:s0 tcontext=u:r:hht_ota_mgr:s0 tclass=udp_socket permissive=0
11-11 21:17:58.876 I/auditd ( 2720): type=1400 audit(0.0:1517778888): avc: denied { read } for comm="event_loop" lport=13400 scontext=u:r:hht_ota_mgr:s0 tcontext=u:r:hht_ota_mgr:s0 tclass=udp_socket permissive=0
11-11 21:17:58.876 I/auditd ( 2720): type=1400 audit(0.0:1517778889): avc: denied { read } for comm="event_loop" lport=13400 scontext=u:r:hht_ota_mgr:s0 tcontext=u:r:hht_ota_mgr:s0 tclass=udp_socket permissive=0
11-11 21:17:58.876 I/auditd ( 2720): type=1400 audit(0.0:1517778890): avc: denied { read } for comm="event_loop" lport=13400 scontext=u:r:hht_ota_mgr:s0 tcontext=u:r:hht_ota_mgr:s0 tclass=udp_socket permissive=0
11-11 21:17:58.876 I/auditd ( 2720): type=1400 audit(0.0:1517778891): avc: denied { read } for comm="event_loop" lport=13400 scontext=u:r:hht_ota_mgr:s0 tcontext=u:r:hht_ota_mgr:s0 tclass=udp_socket permissive=0
11-11 21:17:58.876 I/auditd ( 2720): type=1400 audit(0.0:1517778892): avc: denied { read } for comm="event_loop" lport=13400 scontext=u:r:hht_ota_mgr:s0 tcontext=u:r:hht_ota_mgr:s0 tclass=udp_socket permissive=0
11-11 21:17:59.880 I/auditd ( 2720): type=1400 audit(0.0:1518047448): avc: denied { read } for comm="event_loop" lport=13400 scontext=u:r:hht_ota_mgr:s0 tcontext=u:r:hht_ota_mgr:s0 tclass=udp_socket permissive=0
11-11 21:17:59.880 I/auditd ( 2720): type=1400 audit(0.0:1518047449): avc: denied { read } for comm="event_loop" lport=13400 scontext=u:r:hht_ota_mgr:s0 tcontext=u:r:hht_ota_mgr:s0 tclass=udp_socket permissive=0
11-11 21:17:59.880 I/auditd ( 2720): type=1400 audit(0.0:1518047450): avc: denied { read } for comm="event_loop" lport=13400 scontext=u:r:hht_ota_mgr:s0 tcontext=u:r:hht_ota_mgr:s0 tclass=udp_socket permissive=0
11-11 21:17:59.880 I/auditd ( 2720): type=1400 audit(0.0:1518047451): avc: denied { read } for comm="event_loop" lport=13400 scontext=u:r:hht_ota_mgr:s0 tcontext=u:r:hht_ota_mgr:s0 tclass=udp_socket permissive=0
11-11 21:17:59.880 I/auditd ( 2720): type=1400 audit(0.0:1518047452): avc: denied { read } for comm="event_loop" lport=13400 scontext=u:r:hht_ota_mgr:s0 tcontext=u:r:hht_ota_mgr:s0 tclass=udp_socket permissive=0
11-11 21:18:00.884 I/auditd ( 2720): type=1400 audit(0.0:1518312581): avc: denied { read } for comm="event_loop" lport=13400 scontext=u:r:hht_ota_mgr:s0 tcontext=u:r:hht_ota_mgr:s0 tclass=udp_socket permissive=0
11-11 21:18:00.884 I/auditd ( 2720): type=1400 audit(0.0:1518312582): avc: denied { read } for comm="event_loop" lport=13400 scontext=u:r:hht_ota_mgr:s0 tcontext=u:r:hht_ota_mgr:s0 tclass=udp_socket permissive=0
11-11 21:18:00.884 I/auditd ( 2720): type=1400 audit(0.0:1518312583): avc: denied { read } for comm="event_loop" lport=13400 scontext=u:r:hht_ota_mgr:s0 tcontext=u:r:hht_ota_mgr:s0 tclass=udp_socket permissive=0
11-11 21:18:00.884 I/auditd ( 2720): type=1400 audit(0.0:1518312584): avc: denied { read } for comm="event_loop" lport=13400 scontext=u:r:hht_ota_mgr:s0 tcontext=u:r:hht_ota_mgr:s0 tclass=udp_socket permissive=0
11-11 21:18:00.884 I/auditd ( 2720): type=1400 audit(0.0:1518312585): avc: denied { read } for comm="event_loop" lport=13400 scontext=u:r:hht_ota_mgr:s0 tcontext=u:r:hht_ota_mgr:s0 tclass=udp_socket permissive=0
11-11 21:18:01.884 I/auditd ( 2720): type=1400 audit(0.0:1518577383): avc: denied { read } for comm="event_loop" lport=13400 scontext=u:r:hht_ota_mgr:s0 tcontext=u:r:hht_ota_mgr:s0 tclass=udp_socket permissive=0
11-11 21:18:01.888 I/auditd ( 2720): type=1400 audit(0.0:1518577384): avc: denied { read } for comm="event_loop" lport=13400 scontext=u:r:hht_ota_mgr:s0 tcontext=u:r:hht_ota_mgr:s0 tclass=udp_socket permissive=0
11-11 21:18:01.888 I/auditd ( 2720): type=1400 audit(0.0:1518577385): avc: denied { read } for comm="event_loop" lport=13400 scontext=u:r:hht_ota_mgr:s0 tcontext=u:r:hht_ota_mgr:s0 tclass=udp_socket permissive=0
11-11 21:18:01.888 I/auditd ( 2720): type=1400 audit(0.0:1518577386): avc: denied { read } for comm="event_loop" lport=13400 scontext=u:r:hht_ota_mgr:s0 tcontext=u:r:hht_ota_mgr:s0 tclass=udp_socket permissive=0
11-11 21:18:01.888 I/auditd ( 2720): type=1400 audit(0.0:1518577387): avc: denied { read } for comm="event_loop" lport=13400 scontext=u:r:hht_ota_mgr:s0 tcontext=u:r:hht_ota_mgr:s0 tclass=udp_socket permissive=0
11-11 21:18:02.888 I/auditd ( 2720): type=1400 audit(0.0:1518844180): avc: denied { read } for comm="event_loop" lport=13400 scontext=u:r:hht_ota_mgr:s0 tcontext=u:r:hht_ota_mgr:s0 tclass=udp_socket permissive=0
11-11 21:18:02.892 I/auditd ( 2720): type=1400 audit(0.0:1518844181): avc: denied { read } for comm="event_loop" lport=13400 scontext=u:r:hht_ota_mgr:s0 tcontext=u:r:hht_ota_mgr:s0 tclass=udp_socket permissive=0
11-11 21:18:02.892 I/auditd ( 2720): type=1400 audit(0.0:1518844182): avc: denied { read } for comm="event_loop" lport=13400 scontext=u:r:hht_ota_mgr:s0 tcontext=u:r:hht_ota_mgr:s0 tclass=udp_socket permissive=0
11-11 21:18:02.892 I/auditd ( 2720): type=1400 audit(0.0:1518844183): avc: denied { read } for comm="event_loop" lport=13400 scontext=u:r:hht_ota_mgr:s0 tcontext=u:r:hht_ota_mgr:s0 tclass=udp_socket permissive=0
11-11 21:18:02.892 I/auditd ( 2720): type=1400 audit(0.0:1518844184): avc: denied { read } for comm="event_loop" lport=13400 scontext=u:r:hht_ota_mgr:s0 tcontext=u:r:hht_ota_mgr:s0 tclass=udp_socket permissive=0
11-11 21:18:03.892 I/auditd ( 2720): type=1400 audit(0.0:1519113547): avc: denied { read } for comm="event_loop" lport=13400 scontext=u:r:hht_ota_mgr:s0 tcontext=u:r:hht_ota_mgr:s0 tclass=udp_socket permissive=0
11-11 21:18:03.896 I/auditd ( 2720): type=1400 audit(0.0:1519113548): avc: denied { read } for comm="event_loop" lport=13400 scontext=u:r:hht_ota_mgr:s0 tcontext=u:r:hht_ota_mgr:s0 tclass=udp_socket permissive=0
11-11 21:18:03.896 I/auditd ( 2720): type=1400 audit(0.0:1519113549): avc: denied { read } for comm="event_loop" lport=13400 scontext=u:r:hht_ota_mgr:s0 tcontext=u:r:hht_ota_mgr:s0 tclass=udp_socket permissive=0
11-11 21:18:03.896 I/auditd ( 2720): type=1400 audit(0.0:1519113550): avc: denied { read } for comm="event_loop" lport=13400 scontext=u:r:hht_ota_mgr:s0 tcontext=u:r:hht_ota_mgr:s0 tclass=udp_socket permissive=0
11-11 21:18:03.896 I/auditd ( 2720): type=1400 audit(0.0:1519113551): avc: denied { read } for comm="event_loop" lport=13400 scontext=u:r:hht_ota_mgr:s0 tcontext=u:r:hht_ota_mgr:s0 tclass=udp_socket permissive=0
11-11 21:18:04.896 I/auditd ( 2720): type=1400 audit(0.0:1519383256): avc: denied { read } for comm="event_loop" lport=13400 scontext=u:r:hht_ota_mgr:s0 tcontext=u:r:hht_ota_mgr:s0 tclass=udp_socket permissive=0
11-11 21:18:04.900 I/auditd ( 2720): type=1400 audit(0.0:1519383257): avc: denied { read } for comm="event_loop" lport=13400 scontext=u:r:hht_ota_mgr:s0 tcontext=u:r:hht_ota_mgr:s0 tclass=udp_socket permissive=0
11-11 21:18:04.900 I/auditd ( 2720): type=1400 audit(0.0:1519383258): avc: denied { read } for comm="event_loop" lport=13400 scontext=u:r:hht_ota_mgr:s0 tcontext=u:r:hht_ota_mgr:s0 tclass=udp_socket permissive=0
11-11 21:18:04.900 I/auditd ( 2720): type=1400 audit(0.0:1519383259): avc: denied { read } for comm="event_loop" lport=13400 scontext=u:r:hht_ota_mgr:s0 tcontext=u:r:hht_ota_mgr:s0 tclass=udp_socket permissive=0
11-11 21:18:04.900 I/auditd ( 2720): type=1400 audit(0.0:1519383260): avc: denied { read } for comm="event_loop" lport=13400 scontext=u:r:hht_ota_mgr:s0 tcontext=u:r:hht_ota_mgr:s0 tclass=udp_socket permissive=0
11-11 21:18:05.900 I/auditd ( 2720): type=1400 audit(0.0:1519651904): avc: denied { read } for comm="event_loop" lport=13400 scontext=u:r:hht_ota_mgr:s0 tcontext=u:r:hht_ota_mgr:s0 tclass=udp_socket permissive=0
11-11 21:18:05.904 I/auditd ( 2720): type=1400 audit(0.0:1519651905): avc: denied { read } for comm="event_loop" lport=13400 scontext=u:r:hht_ota_mgr:s0 tcontext=u:r:hht_ota_mgr:s0 tclass=udp_socket permissive=0
11-11 21:18:05.904 I/auditd ( 2720): type=1400 audit(0.0:1519651906): avc: denied { read } for comm="event_loop" lport=13400 scontext=u:r:hht_ota_mgr:s0 tcontext=u:r:hht_ota_mgr:s0 tclass=udp_socket permissive=0
11-11 21:18:05.904 I/auditd ( 2720): type=1400 audit(0.0:1519651907): avc: denied { read } for comm="event_loop" lport=13400 scontext=u:r:hht_ota_mgr:s0 tcontext=u:r:hht_ota_mgr:s0 tclass=udp_socket permissive=0
11-11 21:18:05.904 I/auditd ( 2720): type=1400 audit(0.0:1519651908): avc: denied { read } for comm="event_loop" lport=13400 scontext=u:r:hht_ota_mgr:s0 tcontext=u:r:hht_ota_mgr:s0 tclass=udp_socket permissive=0
11-11 21:18:06.908 I/auditd ( 2720): type=1400 audit(0.0:1519921287): avc: denied { read } for comm="event_loop" lport=13400 scontext=u:r:hht_ota_mgr:s0 tcontext=u:r:hht_ota_mgr:s0 tclass=udp_socket permissive=0
11-11 21:18:06.908 I/auditd ( 2720): type=1400 audit(0.0:1519921288): avc: denied { read } for comm="event_loop" lport=13400 scontext=u:r:hht_ota_mgr:s0 tcontext=u:r:hht_ota_mgr:s0 tclass=udp_socket permissive=0
11-11 21:18:06.908 I/auditd ( 2720): type=1400 audit(0.0:1519921289): avc: denied { read } for comm="event_loop" lport=13400 scontext=u:r:hht_ota_mgr:s0 tcontext=u:r:hht_ota_mgr:s0 tclass=udp_socket permissive=0
11-11 21:18:06.908 I/auditd ( 2720): type=1400 audit(0.0:1519921290): avc: denied { read } for comm="event_loop" lport=13400 scontext=u:r:hht_ota_mgr:s0 tcontext=u:r:hht_ota_mgr:s0 tclass=udp_socket permissive=0
11-11 21:18:06.908 I/auditd ( 2720): type=1400 audit(0.0:1519921291): avc: denied { read } for comm="event_loop" lport=13400 scontext=u:r:hht_ota_mgr:s0 tcontext=u:r:hht_ota_mgr:s0 tclass=udp_socket permissive=0
11-11 21:18:07.908 I/auditd ( 2720): type=1400 audit(0.0:1520191004): avc: denied { read } for comm="event_loop" lport=13400 scontext=u:r:hht_ota_mgr:s0 tcontext=u:r:hht_ota_mgr:s0 tclass=udp_socket permissive=0
11-11 21:18:07.912 I/auditd ( 2720): type=1400 audit(0.0:1520191005): avc: denied { read } for comm="event_loop" lport=13400 scontext=u:r:hht_ota_mgr:s0 tcontext=u:r:hht_ota_mgr:s0 tclass=udp_socket permissive=0
11-11 21:18:07.912 I/auditd ( 2720): type=1400 audit(0.0:1520191006): avc: denied { read } for comm="event_loop" lport=13400 scontext=u:r:hht_ota_mgr:s0 tcontext=u:r:hht_ota_mgr:s0 tclass=udp_socket permissive=0
11-11 21:18:07.912 I/auditd ( 2720): type=1400 audit(0.0:1520191007): avc: denied { read } for comm="event_loop" lport=13400 scontext=u:r:hht_ota_mgr:s0 tcontext=u:r:hht_ota_mgr:s0 tclass=udp_socket permissive=0
11-11 21:18:07.912 I/auditd ( 2720): type=1400 audit(0.0:1520191008): avc: denied { read } for comm="event_loop" lport=13400 scontext=u:r:hht_ota_mgr:s0 tcontext=u:r:hht_ota_mgr:s0 tclass=udp_socket permissive=0
11-11 21:18:08.916 I/auditd ( 2720): type=1400 audit(0.0:1520461083): avc: denied { read } for comm="event_loop" lport=13400 scontext=u:r:hht_ota_mgr:s0 tcontext=u:r:hht_ota_mgr:s0 tclass=udp_socket permissive=0
11-11 21:18:08.916 I/auditd ( 2720): type=1400 audit(0.0:1520461084): avc: denied { read } for comm="event_loop" lport=13400 scontext=u:r:hht_ota_mgr:s0 tcontext=u:r:hht_ota_mgr:s0 tclass=udp_socket permissive=0
11-11 21:18:08.916 I/auditd ( 2720): type=1400 audit(0.0:1520461085): avc: denied { read } for comm="event_loop" lport=13400 scontext=u:r:hht_ota_mgr:s0 tcontext=u:r:hht_ota_mgr:s0 tclass=udp_socket permissive=0
11-11 21:18:08.916 I/auditd ( 2720): type=1400 audit(0.0:1520461086): avc: denied { read } for comm="event_loop" lport=13400 scontext=u:r:hht_ota_mgr:s0 tcontext=u:r:hht_ota_mgr:s0 tclass=udp_socket permissive=0
11-11 21:18:08.916 I/auditd ( 2720): type=1400 audit(0.0:1520461087): avc: denied { read } for comm="event_loop" lport=13400 scontext=u:r:hht_ota_mgr:s0 tcontext=u:r:hht_ota_mgr:s0 tclass=udp_socket permissive=0
11-11 21:18:09.920 I/auditd ( 2720): type=1400 audit(0.0:1520730865): avc: denied { read } for comm="event_loop" lport=13400 scontext=u:r:hht_ota_mgr:s0 tcontext=u:r:hht_ota_mgr:s0 tclass=udp_socket permissive=0
11-11 21:18:09.920 I/auditd ( 2720): type=1400 audit(0.0:1520730866): avc: denied { read } for comm="event_loop" lport=13400 scontext=u:r:hht_ota_mgr:s0 tcontext=u:r:hht_ota_mgr:s0 tclass=udp_socket permissive=0
11-11 21:18:09.920 I/auditd ( 2720): type=1400 audit(0.0:1520730867): avc: denied { read } for comm="event_loop" lport=13400 scontext=u:r:hht_ota_mgr:s0 tcontext=u:r:hht_ota_mgr:s0 tclass=udp_socket permissive=0
11-11 21:18:09.920 I/auditd ( 2720): type=1400 audit(0.0:1520730868): avc: denied { read } for comm="event_loop" lport=13400 scontext=u:r:hht_ota_mgr:s0 tcontext=u:r:hht_ota_mgr:s0 tclass=udp_socket permissive=0
11-11 21:18:09.920 I/auditd ( 2720): type=1400 audit(0.0:1520730869): avc: denied { read } for comm="event_loop" lport=13400 scontext=u:r:hht_ota_mgr:s0 tcontext=u:r:hht_ota_mgr:s0 tclass=udp_socket permissive=0
11-11 21:18:10.924 I/auditd ( 2720): type=1400 audit(0.0:1521000938): avc: denied { read } for comm="event_loop" lport=13400 scontext=u:r:hht_ota_mgr:s0 tcontext=u:r:hht_ota_mgr:s0 tclass=udp_socket permissive=0
11-11 21:18:10.924 I/auditd ( 2720): type=1400 audit(0.0:1521000939): avc: denied { read } for comm="event_loop" lport=13400 scontext=u:r:hht_ota_mgr:s0 tcontext=u:r:hht_ota_mgr:s0 tclass=udp_socket permissive=0
11-11 21:18:10.924 I/auditd ( 2720): type=1400 audit(0.0:1521000940): avc: denied { read } for comm="event_loop" lport=13400 scontext=u:r:hht_ota_mgr:s0 tcontext=u:r:hht_ota_mgr:s0 tclass=udp_socket permissive=0
11-11 21:18:10.924 I/auditd ( 2720): type=1400 audit(0.0:1521000941): avc: denied { read } for comm="event_loop" lport=13400 scontext=u:r:hht_ota_mgr:s0 tcontext=u:r:hht_ota_mgr:s0 tclass=udp_socket permissive=0
11-11 21:18:10.924 I/auditd ( 2720): type=1400 audit(0.0:1521000942): avc: denied { read } for comm="event_loop" lport=13400 scontext=u:r:hht_ota_mgr:s0 tcontext=u:r:hht_ota_mgr:s0 tclass=udp_socket permissive=0
11-11 21:18:11.928 I/auditd ( 2720): type=1400 audit(0.0:1521270886): avc: denied { read } for comm="event_loop" lport=13400 scontext=u:r:hht_ota_mgr:s0 tcontext=u:r:hht_ota_mgr:s0 tclass=udp_socket permissive=0
11-11 21:18:11.928 I/auditd ( 2720): type=1400 audit(0.0:1521270887): avc: denied { read } for comm="event_loop" lport=13400 scontext=u:r:hht_ota_mgr:s0 tcontext=u:r:hht_ota_mgr:s0 tclass=udp_socket permissive=0
11-11 21:18:11.928 I/auditd ( 2720): type=1400 audit(0.0:1521270888): avc: denied { read } for comm="event_loop" lport=13400 scontext=u:r:hht_ota_mgr:s0 tcontext=u:r:hht_ota_mgr:s0 tclass=udp_socket permissive=0
11-11 21:18:11.928 I/auditd ( 2720): type=1400 audit(0.0:1521270889): avc: denied { read } for comm="event_loop" lport=13400 scontext=u:r:hht_ota_mgr:s0 tcontext=u:r:hht_ota_mgr:s0 tclass=udp_socket permissive=0
11-11 21:18:11.928 I/auditd ( 2720): type=1400 audit(0.0:1521270890): avc: denied { read } for comm="event_loop" lport=13400 scontext=u:r:hht_ota_mgr:s0 tcontext=u:r:hht_ota_mgr:s0 tclass=udp_socket permissive=0
11-11 21:18:12.928 I/auditd ( 2720): type=1400 audit(0.0:1521538924): avc: denied { read } for comm="event_loop" lport=13400 scontext=u:r:hht_ota_mgr:s0 tcontext=u:r:hht_ota_mgr:s0 tclass=udp_socket permissive=0
11-11 21:18:12.932 I/auditd ( 2720): type=1400 audit(0.0:1521538925): avc: denied { read } for comm="event_loop" lport=13400 scontext=u:r:hht_ota_mgr:s0 tcontext=u:r:hht_ota_mgr:s0 tclass=udp_socket permissive=0
11-11 21:18:12.932 I/auditd ( 2720): type=1400 audit(0.0:1521538926): avc: denied { read } for comm="event_loop" lport=13400 scontext=u:r:hht_ota_mgr:s0 tcontext=u:r:hht_ota_mgr:s0 tclass=udp_socket permissive=0
11-11 21:18:12.932 I/auditd ( 2720): type=1400 audit(0.0:1521538927): avc: denied { read } for comm="event_loop" lport=13400 scontext=u:r:hht_ota_mgr:s0 tcontext=u:r:hht_ota_mgr:s0 tclass=udp_socket permissive=0
11-11 21:18:12.932 I/auditd ( 2720): type=1400 audit(0.0:1521538928): avc: denied { read } for comm="event_loop" lport=13400 scontext=u:r:hht_ota_mgr:s0 tcontext=u:r:hht_ota_mgr:s0 tclass=udp_socket permissive=0
