01-01 08:01:08.648 0 0 E msm_ext_disp_update_audio_ops: Display not found (EXT_DISPLAY_TYPE_DP) ctld (0) stream (0)
01-01 08:01:08.657 0 0 E msm_ext_disp_update_audio_ops: Display not found (EXT_DISPLAY_TYPE_DP) ctld (0) stream (0)
01-01 08:01:08.667 0 0 E msm_ext_disp_update_audio_ops: Display not found (EXT_DISPLAY_TYPE_DP) ctld (0) stream (0)
01-01 08:01:08.677 0 0 E msm-ext-disp-audio-codec-rx soc: qcom,msm-ext-disp:qcom,msm-ext-disp-audio-codec-rx: msm_ext_disp_audio_type_get: get_audio_edid_blk() or get_intf_id is NULL
01-01 08:01:08.692 0 0 E msm_ext_disp_update_audio_ops: Display not found (EXT_DISPLAY_TYPE_DP) ctld (0) stream (0)
01-01 08:01:08.702 0 0 E msm-ext-disp-audio-codec-rx soc: qcom,msm-ext-disp:qcom,msm-ext-disp-audio-codec-rx: msm_ext_disp_audio_type_get: get_audio_edid_blk() or get_intf_id is NULL
01-01 08:01:08.717 0 0 E msm_ext_disp_update_audio_ops: Display not found (EXT_DISPLAY_TYPE_DP) ctld (0) stream (0)
01-01 08:01:08.727 0 0 E msm-ext-disp-audio-codec-rx soc: qcom,msm-ext-disp:qcom,msm-ext-disp-audio-codec-rx: msm_ext_disp_audio_type_get: get_audio_edid_blk() or get_intf_id is NULL
01-01 08:01:08.743 0 0 E msm-ext-disp-audio-codec-rx soc: qcom,msm-ext-disp:qcom,msm-ext-disp-audio-codec-rx: msm_ext_disp_audio_device_get: invalid dai id: 4
01-01 08:01:08.790 0 0 E : msm_pcm_volume_ctl_get substream not found
01-01 08:01:08.962 0 0 E : msm_qti_pp_get_rms_value_control, back not active to query rms be_idx:3
01-01 08:01:08.982 0 0 I core_get_license_status: cmdrsp_license_result.result = 0x15 for module 0x131ff
01-01 08:01:08.982 0 0 E msm_ext_disp_update_audio_ops: Display not found (EXT_DISPLAY_TYPE_DP) ctld (0) stream (0)
01-01 08:01:08.992 0 0 E msm_ext_disp_update_audio_ops: Display not found (EXT_DISPLAY_TYPE_HDMI) ctld (0) stream (0)
01-01 08:01:09.002 0 0 E msm_ext_disp_update_audio_ops: Display not found (EXT_DISPLAY_TYPE_DP) ctld (0) stream (0)
01-01 08:01:09.011 0 0 E msm_ext_disp_update_audio_ops: Display not found (EXT_DISPLAY_TYPE_DP) ctld (0) stream (0)
01-01 08:01:09.021 0 0 E msm_ext_disp_update_audio_ops: Display not found (EXT_DISPLAY_TYPE_DP) ctld (0) stream (0)
01-01 08:01:09.030 0 0 E HL6111R : is_dc_online: DC psy unavailable
01-01 08:01:09.031 0 0 E msm-ext-disp-audio-codec-rx soc: qcom,msm-ext-disp:qcom,msm-ext-disp-audio-codec-rx: msm_ext_disp_audio_type_get: get_audio_edid_blk() or get_intf_id is NULL
01-01 08:01:09.052 0 0 E msm_ext_disp_update_audio_ops: Display not found (EXT_DISPLAY_TYPE_DP) ctld (0) stream (0)
01-01 08:01:09.061 0 0 E msm-ext-disp-audio-codec-rx soc: qcom,msm-ext-disp:qcom,msm-ext-disp-audio-codec-rx: msm_ext_disp_audio_type_get: get_audio_edid_blk() or get_intf_id is NULL
01-01 08:01:09.077 0 0 E msm_ext_disp_update_audio_ops: Display not found (EXT_DISPLAY_TYPE_DP) ctld (0) stream (0)
01-01 08:01:09.086 0 0 E msm-ext-disp-audio-codec-rx soc: qcom,msm-ext-disp:qcom,msm-ext-disp-audio-codec-rx: msm_ext_disp_audio_type_get: get_audio_edid_blk() or get_intf_id is NULL
01-01 08:01:09.103 0 0 E msm-ext-disp-audio-codec-rx soc: qcom,msm-ext-disp:qcom,msm-ext-disp-audio-codec-rx: msm_ext_disp_audio_device_get: invalid dai id: 4
01-01 08:01:09.144 0 0 E : msm_pcm_volume_ctl_get substream not found
03-28 06:13:35.236 1124 1710 V HistoricalRegistry: Interaction before persistence initialized
03-28 06:13:35.300 1124 1124 D MicroServiceManager: bindMicroService: called already get service
03-28 06:13:35.300 1124 1124 I MicroServiceManager: cleanAllAddedListeners
03-28 06:13:35.300 1124 1124 I MicroServiceManager: addCommonCallbackListener add listener
03-28 06:13:35.300 1124 1124 I MicroServiceManager: addConnectChangedListener add listener
03-28 06:13:35.301 1124 1124 I SystemServerTiming: StartSoundTriggerMiddlewareService
03-28 06:13:35.301 1124 1124 I SystemServiceManager: Starting com.android.server.soundtrigger_middleware.SoundTriggerMiddlewareService$Lifecycle
03-28 06:13:35.303 1124 1124 I SystemServerTiming: StartDockObserver
03-28 06:13:35.303 1124 1124 I SystemServiceManager: Starting com.android.server.DockObserver
03-28 06:13:35.303 1124 1124 W DockObserver: This kernel does not have dock station support
03-28 06:13:35.303 1124 1124 I SystemServerTiming: StartWiredAccessoryManager
03-28 06:13:35.304 1124 1124 W WiredAccessoryManager: This kernel does not have usb audio support
03-28 06:13:35.304 1124 1124 W WiredAccessoryManager: This kernel does not have HDMI audio support
03-28 06:13:35.304 1124 1124 E WiredAccessoryManager: file /sys/devices/platform/soc/soc:qcom,msm-ext-disp/extcon/extcon3/name not found
03-28 06:13:35.304 1124 1124 W WiredAccessoryManager: Conn soc:qcom,msm-ext-disp/3/0 does not have DP audio support
03-28 06:13:35.304 1124 1124 E WiredAccessoryManager: file /sys/devices/platform/soc/soc:qcom,msm-ext-disp/extcon/extcon2/name not found
03-28 06:13:35.304 1124 1124 W WiredAccessoryManager: Conn soc:qcom,msm-ext-disp/2/0 does not have DP audio support
03-28 06:13:35.304 1124 1124 E WiredAccessoryManager: set dev_index 1
03-28 06:13:35.304 1124 1124 W WiredAccessoryManager: checkCableIndex set cable 0
03-28 06:13:35.305 1124 1124 E WiredAccessoryManager: set dev_index 0
03-28 06:13:35.305 1124 1124 W WiredAccessoryManager: checkCableIndex set cable 0
03-28 06:13:35.305 1124 1124 I SystemServerTiming: StartMidiManager
03-28 06:13:35.305 1124 1124 I SystemServiceManager: Starting com.android.server.midi.MidiService$Lifecycle
03-28 06:13:35.305 1124 1124 I SystemServerTiming: StartAdbService
03-28 06:13:35.305 1124 1124 I SystemServiceManager: Starting com.android.server.adb.AdbService$Lifecycle
03-28 06:13:35.305 1124 1124 I SystemServerTiming: StartUsbService
03-28 06:13:35.305 1124 1124 I SystemServiceManager: Starting com.android.server.usb.UsbService$Lifecycle
03-28 06:13:35.306 1124 1124 I SystemServerTiming: StartSerialService
03-28 06:13:35.306 1124 1530 I SystemServerTimingAsync: InitThreadPoolExec:UsbService$Lifecycle#onStart
03-28 06:13:35.306 1124 1530 D SystemServerInitThreadPool: Started executing UsbService$Lifecycle#onStart
03-28 06:13:35.306 1124 1124 I SystemServerTiming: StartHardwarePropertiesManagerService
03-28 06:13:35.306 1124 1530 E UsbDeviceManager: failed to write to /sys/class/android_usb/android0/f_rndis/ethaddr
03-28 06:13:35.306 1124 1530 I UsbDeviceManager: USB GADGET HAL not present in the device
03-28 06:13:35.306 1124 1530 I UsbDeviceManager: java.util.NoSuchElementException
03-28 06:13:35.306 1124 1530 I UsbDeviceManager: at android.os.HwBinder.getService(Native Method)
03-28 06:13:35.306 1124 1530 I UsbDeviceManager: at android.hardware.usb.gadget.V1_0.IUsbGadget.getService(IUsbGadget.java:57)
03-28 06:13:35.306 1124 1530 I UsbDeviceManager: at android.hardware.usb.gadget.V1_0.IUsbGadget.getService(IUsbGadget.java:64)
03-28 06:13:35.306 1124 1530 I UsbDeviceManager: at com.android.server.usb.UsbDeviceManager.(UsbDeviceManager.java:293)
03-28 06:13:35.306 1124 1530 I UsbDeviceManager: at com.android.server.usb.UsbService.(UsbService.java:178)
03-28 06:13:35.306 1124 1530 I UsbDeviceManager: at com.android.server.usb.UsbService$Lifecycle.lambda$onStart$0$UsbService$Lifecycle(UsbService.java:92)
03-28 06:13:35.306 1124 1530 I UsbDeviceManager: at com.android.server.usb.UsbService$Lifecycle$$ExternalSyntheticLambda1.run(Unknown Source:2)
03-28 06:13:35.306 1124 1530 I UsbDeviceManager: at com.android.server.SystemServerInitThreadPool.lambda$submitTask$0$SystemServerInitThreadPool(SystemServerInitThreadPool.java:105)
03-28 06:13:35.306 1124 1530 I UsbDeviceManager: at com.android.server.SystemServerInitThreadPool$$ExternalSyntheticLambda0.run(Unknown Source:6)
03-28 06:13:35.306 1124 1530 I UsbDeviceManager: at java.util.concurrent.Executors$RunnableAdapter.call(Executors.java:462)
03-28 06:13:35.306 1124 1530 I UsbDeviceManager: at java.util.concurrent.FutureTask.run(FutureTask.java:266)
03-28 06:13:35.306 1124 1530 I UsbDeviceManager: at java.util.concurrent.ThreadPoolExecutor.runWorker(ThreadPoolExecutor.java:1167)
03-28 06:13:35.306 1124 1530 I UsbDeviceManager: at java.util.concurrent.ThreadPoolExecutor$Worker.run(ThreadPoolExecutor.java:641)
03-28 06:13:35.306 1124 1530 I UsbDeviceManager: at com.android.internal.util.ConcurrentUtils$1$1.run(ConcurrentUtils.java:65)
03-28 06:13:35.306 1124 1530 E UsbDeviceManager: Failed to open control for mtp
03-28 06:13:35.306 1124 1530 E UsbDeviceManager: Failed to open control for ptp
03-28 06:13:35.307 1124 1530 W StorageManagerService: No primary storage defined yet; hacking together a stub
01-01 08:01:09.566 0 0 I : acc_open
01-01 08:01:09.566 0 0 I : acc_release
03-28 06:13:35.308 1124 1124 I SystemServerTiming: StartTwilightService
03-28 06:13:35.308 1124 1124 I SystemServiceManager: Starting com.android.server.twilight.TwilightService
03-28 06:13:35.308 1124 1124 I SystemServerTiming: StartColorDisplay
03-28 06:13:35.308 1124 1124 I SystemServiceManager: Starting com.android.server.display.color.ColorDisplayService
03-28 06:13:35.308 1124 1124 I SystemServerTiming: StartJobScheduler
03-28 06:13:35.308 1124 1696 I UsbPortManager: Usb hal service started android.hardware.usb@1.0::IUsb default
03-28 06:13:35.309 1124 1124 I SystemServiceManager: Starting com.android.server.job.JobSchedulerService
03-28 06:13:35.311 1124 1124 D JobStore: Start tag: job-info
03-28 06:13:35.311 1124 1124 W JobStore: Periodic job for uid='10090' persisted run-time is too big [360:00:26, 720:00:26]. Clamping to [360:00:19,720:00:19]
03-28 06:13:35.312 1124 1124 W JobStore: Periodic job for uid='1000' persisted run-time is too big [24:00:26, 48:00:26]. Clamping to [24:00:19,48:00:19]
03-28 06:13:35.312 1124 1124 W JobStore: Periodic job for uid='1000' persisted run-time is too big [360:00:27, 720:00:27]. Clamping to [360:00:19,720:00:19]
03-28 06:13:35.312 1124 1124 W JobStore: Periodic job for uid='1000' persisted run-time is too big [24:00:26, 48:00:26]. Clamping to [24:00:19,48:00:19]
03-28 06:13:35.313 1124 1530 I UsbPortManager: USB HAL version: 12
03-28 06:13:35.313 1124 1124 W JobStore: Periodic job for uid='1000' persisted run-time is too big [24:00:23, 48:00:23]. Clamping to [24:00:19,48:00:19]
03-28 06:13:35.313 1124 1124 I JobStore: Read 6 jobs
03-28 06:13:35.313 1124 1530 D SystemServerInitThreadPool: Finished executing UsbService$Lifecycle#onStart
03-28 06:13:35.315 1124 1124 V HistoricalRegistry: Interaction before persistence initialized
03-28 06:13:35.315 1124 1124 V HistoricalRegistry: Interaction before persistence initialized
03-28 06:13:35.315 1124 1124 W JobScheduler: !!! RTC not yet good; tracking time updates for job scheduling
03-28 06:13:35.315 1124 1124 I SystemServerTiming: StartSoundTrigger
03-28 06:13:35.315 1124 1124 I SystemServiceManager: Starting com.android.server.soundtrigger.SoundTriggerService
03-28 06:13:35.316 1124 1124 I SystemServerTiming: StartTrustManager
03-28 06:13:35.316 1124 1124 I SystemServiceManager: Starting com.android.server.trust.TrustManagerService
03-28 06:13:35.316 1124 1124 I SystemServerTiming: StartBackupManager
03-28 06:13:35.316 1124 1124 I SystemServiceManager: Starting com.android.server.backup.BackupManagerService$Lifecycle
03-28 06:13:35.317 1124 1124 I SystemServerTiming: StartAppWidgetService
03-28 06:13:35.317 1124 1124 I SystemServiceManager: Starting com.android.server.appwidget.AppWidgetService
03-28 06:13:35.318 1124 1124 I SystemServerTiming: StartVoiceRecognitionManager
03-28 06:13:35.318 1124 1124 I SystemServiceManager: Starting com.android.server.voiceinteraction.VoiceInteractionManagerService
03-28 06:13:35.320 1124 1124 I SystemServerTiming: StartAppHibernationService
03-28 06:13:35.320 1124 1124 I SystemServiceManager: Starting com.android.server.apphibernation.AppHibernationService
03-28 06:13:35.321 1124 1124 I SystemServerTiming: StartSensorNotification
03-28 06:13:35.321 1124 1124 I SystemServiceManager: Starting com.android.server.SensorNotificationService
03-28 06:13:35.321 1124 1124 I SystemServerTiming: StartDiskStatsService
03-28 06:13:35.322 1124 1124 I SystemServerTiming: RuntimeService
03-28 06:13:35.322 1124 1124 I SystemServerTiming: StartNetworkTimeUpdateService
03-28 06:13:35.323 1124 1124 I SystemServerTiming: CertBlacklister
03-28 06:13:35.323 1124 1124 I SystemServerTiming: StartEmergencyAffordanceService
03-28 06:13:35.323 1124 1124 I SystemServiceManager: Starting com.android.server.emergency.EmergencyAffordanceService
03-28 06:13:35.323 1124 1124 I SystemServerTiming: startBlobStoreManagerService
03-28 06:13:35.324 1124 1124 I SystemServiceManager: Starting com.android.server.blob.BlobStoreManagerService
03-28 06:13:35.324 1124 1124 I SystemServerTiming: StartDreamManager
03-28 06:13:35.324 1124 1124 I SystemServiceManager: Starting com.android.server.dreams.DreamManagerService
03-28 06:13:35.324 1124 1124 I SystemServerTiming: AddGraphicsStatsService
03-28 06:13:35.326 1124 1124 I SystemServerTiming: StartCompanionDeviceManager
03-28 06:13:35.327 1124 1124 I SystemServiceManager: Starting com.android.server.companion.CompanionDeviceManagerService
03-28 06:13:35.328 1124 1124 I SystemServerTiming: StartRestrictionManager
03-28 06:13:35.328 1124 1124 I SystemServiceManager: Starting com.android.server.restrictions.RestrictionsManagerService
03-28 06:13:35.328 1124 1124 I SystemServerTiming: StartMediaSessionService
03-28 06:13:35.328 1124 1124 I SystemServiceManager: Starting com.android.server.media.MediaSessionService
03-28 06:13:35.329 1124 1124 I SystemServerTiming: StartMediaResourceMonitor
03-28 06:13:35.329 1124 1124 I SystemServiceManager: Starting com.android.server.media.MediaResourceMonitorService
03-28 06:13:35.329 1124 1124 I SystemServerTiming: StartMediaRouterService
03-28 06:13:35.329 1124 1124 V HistoricalRegistry: Interaction before persistence initialized
03-28 06:13:35.330 1124 1124 I SystemServerTiming: StartFingerprintSensor
03-28 06:13:35.330 1124 1124 I SystemServiceManager: Starting com.android.server.biometrics.sensors.fingerprint.FingerprintService
03-28 06:13:35.330 1124 1124 I SystemServerTiming: StartBiometricService
03-28 06:13:35.330 1124 1124 I SystemServiceManager: Starting com.android.server.biometrics.BiometricService
03-28 06:13:35.331 1124 1124 I SystemServerTiming: StartAuthService
03-28 06:13:35.331 1124 1124 I SystemServiceManager: Starting com.android.server.biometrics.AuthService
03-28 06:13:35.332 1124 1124 D AuthService: Registering HIDL ID: 0 Modality: 2 Strength: 15
03-28 06:13:35.332 1124 1124 D AuthService: Registering HIDL ID: 1 Modality: 8 Strength: 15
03-28 06:13:35.332 1124 1124 E AuthService: HIDL face configuration exists, but FaceService is null.
03-28 06:13:35.333 1124 1124 I SystemServerTiming: StartBackgroundDexOptService
03-28 06:13:35.333 1124 1124 I SystemServerTiming: StartDynamicCodeLoggingService
03-28 06:13:35.333 1124 1124 I SystemServerTiming: StartPruneInstantAppsJobService
03-28 06:13:35.333 1124 1124 I SystemServerTiming: StartShortcutServiceLifecycle
03-28 06:13:35.333 1124 1124 I SystemServiceManager: Starting com.android.server.pm.ShortcutService$Lifecycle
03-28 06:13:35.334 1124 1124 V HistoricalRegistry: Interaction before persistence initialized
03-28 06:13:35.334 1124 1870 D BiometricService: Registering ID: 0 Modality: 2 Strength: 15
03-28 06:13:35.334 1124 1124 I SystemServerTiming: StartLauncherAppsService
03-28 06:13:35.334 1124 1124 I SystemServiceManager: Starting com.android.server.pm.LauncherAppsService
03-28 06:13:35.334 1124 1870 D BiometricStrengthController: updateStrengths: revert sensorId=0 to oemStrength=15
03-28 06:13:35.334 1124 1870 D BiometricService/Sensor: updateStrength: Before(ID(0), oemStrength: 15, updatedStrength: 15, modality 2, state: 0, cookie: 0, props: ID: 0, Strength: 2, Type: 1) After(ID(0), oemStrength: 15, updatedStrength: 15, modality 2, state: 0, cookie: 0, props: ID: 0, Strength: 2, Type: 1)
03-28 06:13:35.335 1124 1124 I SystemServerTiming: StartCrossProfileAppsService
03-28 06:13:35.335 1124 1124 I SystemServiceManager: Starting com.android.server.pm.CrossProfileAppsService
03-28 06:13:35.335 1124 1124 I SystemServerTiming: StartPeopleService
03-28 06:13:35.335 1124 1124 I SystemServiceManager: Starting com.android.server.people.PeopleService
03-28 06:13:35.335 1124 1124 I SystemServerTiming: StartMediaMetricsManager
03-28 06:13:35.335 1124 1124 I SystemServiceManager: Starting com.android.server.media.metrics.MediaMetricsManagerService
03-28 06:13:35.336 1124 1124 I SystemServerTiming: StartMediaProjectionManager
03-28 06:13:35.336 1124 1124 I SystemServiceManager: Starting com.android.server.media.projection.MediaProjectionManagerService
03-28 06:13:35.337 1124 1124 I SystemServerTiming: StartSliceManagerService
03-28 06:13:35.337 1124 1124 I SystemServiceManager: Starting com.android.server.slice.SliceManagerService$Lifecycle
03-28 06:13:35.338 1124 1124 I SystemServerTiming: StartStatsCompanion
03-28 06:13:35.341 1124 1124 I SystemServiceManager: Starting com.android.server.stats.StatsCompanion$Lifecycle
03-28 06:13:35.342 1124 1124 I SystemServerTiming: StartRebootReadinessManagerService
03-28 06:13:35.347 1124 1124 I SystemServiceManager: Starting com.android.server.scheduling.RebootReadinessManagerService$Lifecycle
03-28 06:13:35.349 1124 1124 I SystemServerTiming: StartStatsPullAtomService
03-28 06:13:35.349 1124 1124 I SystemServiceManager: Starting com.android.server.stats.pull.StatsPullAtomService
03-28 06:13:35.349 1124 1124 I SystemServerTiming: StartIncidentCompanionService
03-28 06:13:35.349 1124 1124 I SystemServiceManager: Starting com.android.server.incident.IncidentCompanionService
03-28 06:13:35.349 1124 1124 I SystemServerTiming: StartMmsService
03-28 06:13:35.349 1124 1124 I SystemServiceManager: Starting com.android.server.MmsServiceBroker
03-28 06:13:35.350 1124 1124 I SystemServerTiming: StartAutoFillService
03-28 06:13:35.350 1124 1124 I SystemServiceManager: Starting com.android.server.autofill.AutofillManagerService
03-28 06:13:35.350 1124 1124 D AutofillManagerService: setLogLevelFromSettings(): level=2, debug=true, verbose=false
03-28 06:13:35.350 1124 1124 D AutofillManagerService: setMaxPartitionsFromSettings(): 10
03-28 06:13:35.350 1124 1124 D AutofillManagerService: setMaxVisibleDatasetsFromSettings(): 0
03-28 06:13:35.350 1124 1522 D AutofillUI: destroySaveUiUiThread(): already destroyed
03-28 06:13:35.350 1124 1124 D AutofillManagerServiceImpl: Reset component for user 0:
03-28 06:13:35.351 1124 1124 D SystemServer: TranslationService not defined by OEM
03-28 06:13:35.351 1124 1124 I SystemServerTiming: StartClipboardService
03-28 06:13:35.351 1124 1124 I SystemServiceManager: Starting com.android.server.clipboard.ClipboardService
03-28 06:13:35.352 1124 1124 I SystemServerTiming: AppServiceManager
03-28 06:13:35.352 1124 1124 I SystemServiceManager: Starting com.android.server.appbinding.AppBindingService$Lifecycle
03-28 06:13:35.352 1124 1124 I SystemServerTiming: startTracingServiceProxy
03-28 06:13:35.352 1124 1124 I SystemServiceManager: Starting com.android.server.tracing.TracingServiceProxy
03-28 06:13:35.352 1124 1124 I SystemServerTiming: MakeLockSettingsServiceReady
03-28 06:13:35.355 1124 1124 I SyntheticPasswordManager: Device does not support weaver
03-28 06:13:35.355 1124 1124 I LockSettingsService: Device doesn't implement AuthSecret HAL
03-28 06:13:35.355 1124 1124 I SystemServerTiming: StartBootPhaseLockSettingsReady
03-28 06:13:35.355 1124 1124 I SystemServiceManager: Starting phase 480
03-28 06:13:35.355 1124 1124 I SystemServerTiming: OnBootPhase_480
03-28 06:13:35.355 1124 1124 I SystemServerTiming: OnBootPhase_480_com.android.server.security.FileIntegrityService
03-28 06:13:35.355 1124 1124 I SystemServerTiming: OnBootPhase_480_com.android.server.pm.Installer
03-28 06:13:35.355 1124 1124 I SystemServerTiming: OnBootPhase_480_com.android.server.os.DeviceIdentifiersPolicyService
03-28 06:13:35.355 1124 1124 I SystemServerTiming: OnBootPhase_480_com.android.server.uri.UriGrantsManagerService$Lifecycle
03-28 06:13:35.355 1124 1124 I SystemServerTiming: OnBootPhase_480_com.android.server.powerstats.PowerStatsService
03-28 06:13:35.355 1124 1124 I SystemServerTiming: OnBootPhase_480_com.android.server.wm.ActivityTaskManagerService$Lifecycle
03-28 06:13:35.355 1124 1124 I SystemServerTiming: OnBootPhase_480_com.android.server.am.ActivityManagerService$Lifecycle
03-28 06:13:35.355 1124 1124 I SystemServerTiming: OnBootPhase_480_com.android.server.pm.DataLoaderManagerService
03-28 06:13:35.355 1124 1124 I SystemServerTiming: OnBootPhase_480_com.android.server.power.PowerManagerService
03-28 06:13:35.355 1124 1124 I SystemServerTiming: OnBootPhase_480_com.android.server.power.ThermalManagerService
03-28 06:13:35.355 1124 1124 I SystemServerTiming: OnBootPhase_480_com.android.server.power.hint.HintManagerService
03-28 06:13:35.355 1124 1124 I SystemServerTiming: OnBootPhase_480_com.android.server.recoverysystem.RecoverySystemService$Lifecycle
03-28 06:13:35.355 1124 1124 I SystemServerTiming: OnBootPhase_480_com.android.server.lights.LightsService
03-28 06:13:35.355 1124 1124 I SystemServerTiming: OnBootPhase_480_com.android.server.display.DisplayManagerService
03-28 06:13:35.355 1124 1124 I SystemServerTiming: OnBootPhase_480_com.android.server.pm.verify.domain.DomainVerificationService
03-28 06:13:35.355 1124 1124 I SystemServerTiming: OnBootPhase_480_com.android.server.pm.PackageInstallerService$Lifecycle
03-28 06:13:35.355 1124 1124 I SystemServerTiming: OnBootPhase_480_com.android.server.pm.UserManagerService$LifeCycle
03-28 06:13:35.355 1124 1124 I SystemServerTiming: OnBootPhase_480_com.android.server.om.OverlayManagerService
03-28 06:13:35.355 1124 1124 I SystemServerTiming: OnBootPhase_480_com.android.server.SensorPrivacyService
03-28 06:13:35.355 1124 1124 I SystemServerTiming: OnBootPhase_480_com.android.server.thunderperf.ThunderBoostPerfService
03-28 06:13:35.355 1124 1124 I SystemServerTiming: OnBootPhase_480_com.android.server.sensors.SensorService
03-28 06:13:35.355 1124 1124 I SystemServerTiming: OnBootPhase_480_com.android.server.SystemConfigService
03-28 06:13:35.356 1124 1124 I SystemServerTiming: OnBootPhase_480_com.android.server.BatteryService
03-28 06:13:35.356 1124 1124 I SystemServerTiming: OnBootPhase_480_com.android.server.usage.UsageStatsService
03-28 06:13:35.356 1124 1124 I SystemServerTiming: OnBootPhase_480_com.android.server.webkit.WebViewUpdateService
03-28 06:13:35.356 1124 1124 I SystemServerTiming: OnBootPhase_480_com.android.server.CachedDeviceStateService
03-28 06:13:35.356 1124 1124 I SystemServerTiming: OnBootPhase_480_com.android.server.BinderCallsStatsService$LifeCycle
03-28 06:13:35.356 1124 1124 I SystemServerTiming: OnBootPhase_480_com.android.server.LooperStatsService$Lifecycle
03-28 06:13:35.356 1124 1124 I SystemServerTiming: OnBootPhase_480_com.android.server.rollback.RollbackManagerService
03-28 06:13:35.356 1124 1124 I SystemServerTiming: OnBootPhase_480_com.android.server.os.NativeTombstoneManagerService
03-28 06:13:35.356 1124 1124 I SystemServerTiming: OnBootPhase_480_com.android.server.os.BugreportManagerService
03-28 06:13:35.356 1124 1124 I SystemServerTiming: OnBootPhase_480_com.android.server.gpu.GpuService
03-28 06:13:35.356 1124 1124 I SystemServerTiming: OnBootPhase_480_com.android.server.security.KeyChainSystemService
03-28 06:13:35.356 1124 1124 I SystemServerTiming: OnBootPhase_480_com.android.server.telecom.TelecomLoaderService
03-28 06:13:35.356 1124 1124 I SystemServerTiming: OnBootPhase_480_com.android.server.accounts.AccountManagerService$Lifecycle
03-28 06:13:35.356 1124 1124 I SystemServerTiming: OnBootPhase_480_com.android.server.content.ContentService$Lifecycle
03-28 06:13:35.356 1124 1124 I SystemServerTiming: OnBootPhase_480_com.android.server.DropBoxManagerService
03-28 06:13:35.356 1124 1124 I SystemServerTiming: OnBootPhase_480_com.android.role.RoleService
03-28 06:13:35.356 1124 1124 I SystemServerTiming: OnBootPhase_480_com.android.server.vibrator.VibratorManagerService$Lifecycle
03-28 06:13:35.356 1124 1124 I SystemServerTiming: OnBootPhase_480_com.android.server.alarm.AlarmManagerService
03-28 06:13:35.356 1124 1124 I SystemServerTiming: OnBootPhase_480_com.android.server.devicestate.DeviceStateManagerService
03-28 06:13:35.356 1124 1124 I SystemServerTiming: OnBootPhase_480_com.android.server.camera.CameraServiceProxy
03-28 06:13:35.356 1124 1124 I SystemServerTiming: OnBootPhase_480_com.android.server.BluetoothService
03-28 06:13:35.356 1124 1124 I SystemServerTiming: OnBootPhase_480_com.android.server.connectivity.IpConnectivityMetrics
03-28 06:13:35.356 1124 1124 I SystemServerTiming: OnBootPhase_480_com.android.server.net.watchlist.NetworkWatchlistService$Lifecycle
03-28 06:13:35.356 1124 1124 I SystemServerTiming: OnBootPhase_480_com.android.server.PinnerService
03-28 06:13:35.356 1124 1124 I SystemServerTiming: OnBootPhase_480_com.google.android.startop.iorap.IorapForwardingService
03-28 06:13:35.356 1124 1124 I SystemServerTiming: OnBootPhase_480_com.android.server.ActivityTriggerService
03-28 06:13:35.356 1124 1124 I SystemServerTiming: OnBootPhase_480_com.android.server.integrity.AppIntegrityManagerService
03-28 06:13:35.356 1124 1124 I SystemServerTiming: OnBootPhase_480_com.android.server.inputmethod.InputMethodManagerService$Lifecycle
03-28 06:13:35.356 1124 1124 I SystemServerTiming: OnBootPhase_480_com.android.server.accessibility.AccessibilityManagerService$Lifecycle
03-28 06:13:35.356 1124 1124 I SystemServerTiming: OnBootPhase_480_com.android.server.StorageManagerService$Lifecycle
03-28 06:13:35.356 1124 1124 I SystemServerTiming: OnBootPhase_480_com.android.server.usage.StorageStatsService$Lifecycle
03-28 06:13:35.356 1124 1124 I SystemServerTiming: OnBootPhase_480_com.android.server.UiModeManagerService
03-28 06:13:35.356 1124 1124 I SystemServerTiming: OnBootPhase_480_com.android.server.locksettings.LockSettingsService$Lifecycle
03-28 06:13:35.356 1124 1124 I SystemServerTiming: OnBootPhase_480_com.android.server.PersistentDataBlockService
03-28 06:13:35.356 1124 1124 I SystemServerTiming: OnBootPhase_480_com.android.server.testharness.TestHarnessModeService
03-28 06:13:35.356 1124 1124 I SystemServerTiming: OnBootPhase_480_com.android.server.oemlock.OemLockService
03-28 06:13:35.356 1124 1124 I SystemServerTiming: OnBootPhase_480_com.android.server.DeviceIdleController
03-28 06:13:35.356 1124 1124 I SystemServerTiming: OnBootPhase_480_com.android.server.devicepolicy.DevicePolicyManagerService$Lifecycle
03-28 06:13:35.357 1124 1124 I DevicePolicyManager: Current version 2, latest version 2, not upgrading.
03-28 06:13:35.359 1124 1124 I SystemServerTiming: OnBootPhase_480_com.android.server.texttospeech.TextToSpeechManagerService
03-28 06:13:35.359 1124 1662 I SystemServerTimingAsync: InitThreadPoolExec:DevicePolicyManager
03-28 06:13:35.359 1124 1124 I SystemServerTiming: OnBootPhase_480_com.android.server.speech.SpeechRecognitionManagerService
03-28 06:13:35.359 1124 1662 D SystemServerInitThreadPool: Started executing DevicePolicyManager
03-28 06:13:35.359 1124 1124 I SystemServerTiming: OnBootPhase_480_com.android.server.searchui.SearchUiManagerService
03-28 06:13:35.359 1124 1124 I SystemServerTiming: OnBootPhase_480_com.android.server.smartspace.SmartspaceManagerService
03-28 06:13:35.359 1124 1124 I SystemServerTiming: OnBootPhase_480_com.android.server.graphics.fonts.FontManagerService$Lifecycle
03-28 06:13:35.359 1124 1124 I SystemServerTiming: OnBootPhase_480_com.android.server.textservices.TextServicesManagerService$Lifecycle
03-28 06:13:35.359 1124 1124 I SystemServerTiming: OnBootPhase_480_com.android.server.textclassifier.TextClassificationManagerService$Lifecycle
03-28 06:13:35.359 1124 1124 I SystemServerTiming: OnBootPhase_480_com.android.server.NetworkScoreService$Lifecycle
03-28 06:13:35.359 1124 1124 I SystemServerTiming: OnBootPhase_480_com.android.server.wifi.WifiService
03-28 06:13:35.359 1124 1124 I SystemServerTiming: OnBootPhase_480_com.android.server.wifi.scanner.WifiScanningService
03-28 06:13:35.359 1124 1124 I SystemServerTiming: OnBootPhase_480_com.android.server.wifi.rtt.RttService
03-28 06:13:35.359 1124 1124 I SystemServerTiming: OnBootPhase_480_com.android.server.wifi.aware.WifiAwareService
03-28 06:13:35.359 1124 1124 I SystemServerTiming: OnBootPhase_480_com.android.server.wifi.p2p.WifiP2pService
03-28 06:13:35.359 1124 1124 I SystemServerTiming: OnBootPhase_480_com.android.server.ethernet.EthernetService
03-28 06:13:35.359 1124 1124 I SystemServerTiming: OnBootPhase_480_com.android.server.ConnectivityServiceInitializer
03-28 06:13:35.359 1124 1124 I SystemServerTiming: OnBootPhase_480_com.android.server.notification.NotificationManagerService
03-28 06:13:35.359 1124 1124 I SystemServerTiming: OnBootPhase_480_com.android.server.storage.DeviceStorageMonitorService
03-28 06:13:35.359 1124 1124 I SystemServerTiming: OnBootPhase_480_com.android.server.location.LocationManagerService$Lifecycle
03-28 06:13:35.359 1124 1124 I SystemServerTiming: OnBootPhase_480_com.android.server.timedetector.TimeDetectorService$Lifecycle
03-28 06:13:35.359 1124 1124 I SystemServerTiming: OnBootPhase_480_com.android.server.timezonedetector.TimeZoneDetectorService$Lifecycle
03-28 06:13:35.359 1124 1124 I SystemServerTiming: OnBootPhase_480_com.android.server.timezonedetector.location.LocationTimeZoneManagerService$Lifecycle
03-28 06:13:35.359 1124 1124 I SystemServerTiming: OnBootPhase_480_com.android.server.search.SearchManagerService$Lifecycle
03-28 06:13:35.359 1124 1124 I SystemServerTiming: OnBootPhase_480_com.android.server.wallpaper.WallpaperManagerService$Lifecycle
03-28 06:13:35.359 1124 1124 I SystemServerTiming: OnBootPhase_480_com.android.server.audio.AudioService$Lifecycle
03-28 06:13:35.359 1124 1124 I SystemServerTiming: OnBootPhase_480_com.android.server.soundtrigger_middleware.SoundTriggerMiddlewareService$Lifecycle
03-28 06:13:35.359 1124 1124 I SystemServerTiming: OnBootPhase_480_com.android.server.DockObserver
03-28 06:13:35.359 1124 1124 I SystemServerTiming: OnBootPhase_480_com.android.server.midi.MidiService$Lifecycle
03-28 06:13:35.359 1124 1662 D SystemServerInitThreadPool: Finished executing DevicePolicyManager
03-28 06:13:35.359 1124 1124 I SystemServerTiming: OnBootPhase_480_com.android.server.adb.AdbService$Lifecycle
03-28 06:13:35.359 1124 1124 I SystemServerTiming: OnBootPhase_480_com.android.server.usb.UsbService$Lifecycle
03-28 06:13:35.359 1124 1124 I SystemServerTiming: OnBootPhase_480_com.android.server.twilight.TwilightService
03-28 06:13:35.359 1124 1124 I SystemServerTiming: OnBootPhase_480_com.android.server.display.color.ColorDisplayService
03-28 06:13:35.359 1124 1124 I SystemServerTiming: OnBootPhase_480_com.android.server.job.JobSchedulerService
03-28 06:13:35.359 1124 1124 I SystemServerTiming: OnBootPhase_480_com.android.server.soundtrigger.SoundTriggerService
03-28 06:13:35.359 1124 1124 D SoundTriggerService: onBootPhase: 480 : false
03-28 06:13:35.359 1124 1124 I SystemServerTiming: OnBootPhase_480_com.android.server.trust.TrustManagerService
03-28 06:13:35.359 1124 1124 I SystemServerTiming: OnBootPhase_480_com.android.server.backup.BackupManagerService$Lifecycle
03-28 06:13:35.359 1124 1124 I SystemServerTiming: OnBootPhase_480_com.android.server.appwidget.AppWidgetService
03-28 06:13:35.359 1124 1124 I SystemServerTiming: OnBootPhase_480_com.android.server.voiceinteraction.VoiceInteractionManagerService
03-28 06:13:35.359 1124 1124 I SystemServerTiming: OnBootPhase_480_com.android.server.apphibernation.AppHibernationService
03-28 06:13:35.359 1124 1124 I SystemServerTiming: OnBootPhase_480_com.android.server.SensorNotificationService
03-28 06:13:35.359 1124 1124 I SystemServerTiming: OnBootPhase_480_com.android.server.emergency.EmergencyAffordanceService
03-28 06:13:35.359 1124 1124 I SystemServerTiming: OnBootPhase_480_com.android.server.blob.BlobStoreManagerService
03-28 06:13:35.360 1124 1124 I SystemServerTiming: OnBootPhase_480_com.android.server.dreams.DreamManagerService
03-28 06:13:35.360 1124 1124 I SystemServerTiming: OnBootPhase_480_com.android.server.companion.CompanionDeviceManagerService
03-28 06:13:35.360 1124 1124 I SystemServerTiming: OnBootPhase_480_com.android.server.restrictions.RestrictionsManagerService
03-28 06:13:35.360 1124 1124 I SystemServerTiming: OnBootPhase_480_com.android.server.media.MediaSessionService
03-28 06:13:35.360 1124 1124 I SystemServerTiming: OnBootPhase_480_com.android.server.media.MediaResourceMonitorService
03-28 06:13:35.360 1124 1124 I SystemServerTiming: OnBootPhase_480_com.android.server.biometrics.sensors.fingerprint.FingerprintService
03-28 06:13:35.360 1124 1124 I SystemServerTiming: OnBootPhase_480_com.android.server.biometrics.BiometricService
03-28 06:13:35.360 1124 1124 I SystemServerTiming: OnBootPhase_480_com.android.server.biometrics.AuthService
03-28 06:13:35.360 1124 1124 I SystemServerTiming: OnBootPhase_480_com.android.server.pm.ShortcutService$Lifecycle
03-28 06:13:35.360 1124 1124 I SystemServerTiming: OnBootPhase_480_com.android.server.pm.LauncherAppsService
03-28 06:13:35.360 1124 1124 I SystemServerTiming: OnBootPhase_480_com.android.server.pm.CrossProfileAppsService
03-28 06:13:35.360 1124 1124 I SystemServerTiming: OnBootPhase_480_com.android.server.people.PeopleService
03-28 06:13:35.360 1124 1124 I SystemServerTiming: OnBootPhase_480_com.android.server.media.metrics.MediaMetricsManagerService
03-28 06:13:35.360 1124 1124 I SystemServerTiming: OnBootPhase_480_com.android.server.media.projection.MediaProjectionManagerService
03-28 06:13:35.360 1124 1124 I SystemServerTiming: OnBootPhase_480_com.android.server.slice.SliceManagerService$Lifecycle
03-28 06:13:35.360 1124 1124 I SystemServerTiming: OnBootPhase_480_com.android.server.stats.StatsCompanion$Lifecycle
03-28 06:13:35.360 1124 1124 I SystemServerTiming: OnBootPhase_480_com.android.server.scheduling.RebootReadinessManagerService$Lifecycle
03-28 06:13:35.360 1124 1124 I SystemServerTiming: OnBootPhase_480_com.android.server.stats.pull.StatsPullAtomService
03-28 06:13:35.360 1124 1124 I SystemServerTiming: OnBootPhase_480_com.android.server.incident.IncidentCompanionService
03-28 06:13:35.360 1124 1124 I SystemServerTiming: OnBootPhase_480_com.android.server.MmsServiceBroker
03-28 06:13:35.360 1124 1124 I SystemServerTiming: OnBootPhase_480_com.android.server.autofill.AutofillManagerService
03-28 06:13:35.360 1124 1124 I SystemServerTiming: OnBootPhase_480_com.android.server.clipboard.ClipboardService
03-28 06:13:35.360 1124 1124 I SystemServerTiming: OnBootPhase_480_com.android.server.appbinding.AppBindingService$Lifecycle
03-28 06:13:35.360 1124 1124 I SystemServerTiming: OnBootPhase_480_com.android.server.tracing.TracingServiceProxy
03-28 06:13:35.360 1124 1124 I SystemServerTiming: StartBootPhaseSystemServicesReady
03-28 06:13:35.361 1124 1124 I SystemServiceManager: Starting phase 500
03-28 06:13:35.361 1124 1124 I SystemServerTiming: OnBootPhase_500
03-28 06:13:35.361 1124 1124 I SystemServerTiming: OnBootPhase_500_com.android.server.security.FileIntegrityService
03-28 06:13:35.361 1124 1124 I SystemServerTiming: OnBootPhase_500_com.android.server.pm.Installer
03-28 06:13:35.361 1124 1124 I SystemServerTiming: OnBootPhase_500_com.android.server.os.DeviceIdentifiersPolicyService
03-28 06:13:35.361 1124 1124 I SystemServerTiming: OnBootPhase_500_com.android.server.uri.UriGrantsManagerService$Lifecycle
03-28 06:13:35.361 1124 1124 I SystemServerTiming: OnBootPhase_500_com.android.server.powerstats.PowerStatsService
03-28 06:13:35.361 1124 1124 E StatsPullAtomCallbackImpl: Failed to start PowerStatsService statsd pullers
03-28 06:13:35.361 1124 1124 I SystemServerTiming: OnBootPhase_500_com.android.server.wm.ActivityTaskManagerService$Lifecycle
03-28 06:13:35.361 1124 1124 I SystemServerTiming: OnBootPhase_500_com.android.server.am.ActivityManagerService$Lifecycle
03-28 06:13:35.362 1124 1124 E BatteryStatsService: Could not register PowerStatsInternal
03-28 06:13:35.363 1124 1124 I SystemServerTiming: OnBootPhase_500_com.android.server.pm.DataLoaderManagerService
03-28 06:13:35.363 1124 1124 I SystemServerTiming: OnBootPhase_500_com.android.server.power.PowerManagerService
03-28 06:13:35.363 1124 1124 I SystemServerTiming: OnBootPhase_500_com.android.server.power.ThermalManagerService
03-28 06:13:35.363 1124 1124 I SystemServerTiming: OnBootPhase_500_com.android.server.power.hint.HintManagerService
03-28 06:13:35.363 1124 1124 V HintManagerService: Initializing HintManager service...
03-28 06:13:35.363 1124 1124 V HistoricalRegistry: Interaction before persistence initialized
03-28 06:13:35.363 1124 1124 I SystemServerTiming: OnBootPhase_500_com.android.server.recoverysystem.RecoverySystemService$Lifecycle
03-28 06:13:35.363 1124 1124 I SystemServerTiming: OnBootPhase_500_com.android.server.lights.LightsService
03-28 06:13:35.363 1124 1124 I SystemServerTiming: OnBootPhase_500_com.android.server.display.DisplayManagerService
03-28 06:13:35.363 1124 1124 I SystemServerTiming: OnBootPhase_500_com.android.server.pm.verify.domain.DomainVerificationService
03-28 06:13:35.363 1124 1124 I SystemServerTiming: OnBootPhase_500_com.android.server.pm.PackageInstallerService$Lifecycle
03-28 06:13:35.363 1124 1124 I SystemServerTiming: OnBootPhase_500_com.android.server.pm.UserManagerService$LifeCycle
03-28 06:13:35.363 1124 1124 I SystemServerTiming: OnBootPhase_500_com.android.server.om.OverlayManagerService
03-28 06:13:35.363 1124 1124 I SystemServerTiming: OnBootPhase_500_com.android.server.SensorPrivacyService
03-28 06:13:35.364 1124 1124 I SystemServerTiming: OnBootPhase_500_com.android.server.thunderperf.ThunderBoostPerfService
03-28 06:13:35.364 1124 1124 I SystemServerTiming: OnBootPhase_500_com.android.server.sensors.SensorService
03-28 06:13:35.364 1124 1124 I SystemServerTiming: OnBootPhase_500_com.android.server.SystemConfigService
03-28 06:13:35.364 1124 1124 I SystemServerTiming: OnBootPhase_500_com.android.server.BatteryService
03-28 06:13:35.364 1124 1124 I SystemServerTiming: OnBootPhase_500_com.android.server.usage.UsageStatsService
03-28 06:13:35.364 1124 1124 D AppStandbyController: Setting app idle enabled state
03-28 06:13:35.365 1124 1124 V HistoricalRegistry: Interaction before persistence initialized
03-28 06:13:35.365 1124 1124 I SystemServerTiming: OnBootPhase_500_com.android.server.webkit.WebViewUpdateService
03-28 06:13:35.365 1124 1124 I SystemServerTiming: OnBootPhase_500_com.android.server.CachedDeviceStateService
03-28 06:13:35.365 1124 1124 I SystemServerTiming: OnBootPhase_500_com.android.server.BinderCallsStatsService$LifeCycle
03-28 06:13:35.367 1124 1124 I SystemServerTiming: OnBootPhase_500_com.android.server.LooperStatsService$Lifecycle
03-28 06:13:35.367 1124 1124 I SystemServerTiming: OnBootPhase_500_com.android.server.rollback.RollbackManagerService
03-28 06:13:35.367 1124 1124 I SystemServerTiming: OnBootPhase_500_com.android.server.os.NativeTombstoneManagerService
03-28 06:13:35.367 1124 1124 I SystemServerTiming: OnBootPhase_500_com.android.server.os.BugreportManagerService
03-28 06:13:35.367 1124 1124 I SystemServerTiming: OnBootPhase_500_com.android.server.gpu.GpuService
03-28 06:13:35.367 1124 1124 I SystemServerTiming: OnBootPhase_500_com.android.server.security.KeyChainSystemService
03-28 06:13:35.367 1124 1124 I SystemServerTiming: OnBootPhase_500_com.android.server.telecom.TelecomLoaderService
03-28 06:13:35.367 1124 1124 I SystemServerTiming: OnBootPhase_500_com.android.server.accounts.AccountManagerService$Lifecycle
03-28 06:13:35.367 1124 1124 I SystemServerTiming: OnBootPhase_500_com.android.server.content.ContentService$Lifecycle
03-28 06:13:35.367 1124 1124 I SystemServerTiming: OnBootPhase_500_com.android.server.DropBoxManagerService
01-01 08:01:09.625 0 0 I msm_vidc: high: 00000001: ....e: Opening video instance: 0000000000000000, 0
01-01 08:01:09.625 0 0 I msm_vidc: err : 00000001: ....e: Failed to create debugfs for msm_vidc
03-28 06:13:35.367 1124 1124 I SystemServerTiming: OnBootPhase_500_com.android.role.RoleService
03-28 06:13:35.367 1124 1124 I SystemServerTiming: OnBootPhase_500_com.android.server.vibrator.VibratorManagerService$Lifecycle
03-28 06:13:35.367 1124 1124 V VibratorManagerService: Initializing VibratorManager service...
03-28 06:13:35.367 1124 1124 V HistoricalRegistry: Interaction before persistence initialized
03-28 06:13:35.368 1124 1124 V VibratorManagerService: VibratorManager service initialized
03-28 06:13:35.368 1124 1124 I SystemServerTiming: OnBootPhase_500_com.android.server.alarm.AlarmManagerService
03-28 06:13:35.368 1124 1124 E LazyAlarmStore: Removed TIME_TICK alarm
03-28 06:13:35.369 1124 1543 I DropBoxManagerService: add tag=system_server_wtf isTagEnabled=true flags=0x2
03-28 06:13:35.369 1124 1124 I SystemServerTiming: OnBootPhase_500_com.android.server.devicestate.DeviceStateManagerService
03-28 06:13:35.369 1124 1124 I SystemServerTiming: OnBootPhase_500_com.android.server.camera.CameraServiceProxy
03-28 06:13:35.369 1124 1124 I SystemServerTiming: OnBootPhase_500_com.android.server.BluetoothService
03-28 06:13:35.369 1124 1124 I SystemServerTiming: OnBootPhase_500_com.android.server.connectivity.IpConnectivityMetrics
01-01 08:01:09.629 0 0 I msm_vidc: high: 00000001: h265e: Closed video instance: 0000000000000000
03-28 06:13:35.379 1124 1124 I SystemServerTiming: OnBootPhase_500_com.android.server.net.watchlist.NetworkWatchlistService$Lifecycle
03-28 06:13:35.379 1124 1124 I SystemServerTiming: OnBootPhase_500_com.android.server.PinnerService
03-28 06:13:35.379 1124 1124 I SystemServerTiming: OnBootPhase_500_com.google.android.startop.iorap.IorapForwardingService
03-28 06:13:35.379 1124 1124 I SystemServerTiming: OnBootPhase_500_com.android.server.ActivityTriggerService
03-28 06:13:35.379 1124 1124 I SystemServerTiming: OnBootPhase_500_com.android.server.integrity.AppIntegrityManagerService
03-28 06:13:35.379 1124 1124 I SystemServerTiming: OnBootPhase_500_com.android.server.inputmethod.InputMethodManagerService$Lifecycle
03-28 06:13:35.379 1124 1124 I SystemServerTiming: OnBootPhase_500_com.android.server.accessibility.AccessibilityManagerService$Lifecycle
03-28 06:13:35.379 1124 1124 I SystemServerTiming: OnBootPhase_500_com.android.server.StorageManagerService$Lifecycle
03-28 06:13:35.380 1124 1124 I SystemServerTiming: OnBootPhase_500_com.android.server.usage.StorageStatsService$Lifecycle
03-28 06:13:35.380 1124 1124 I SystemServerTiming: OnBootPhase_500_com.android.server.UiModeManagerService
03-28 06:13:35.380 1124 1124 I ActivityTaskManager: Config changes=200 {1.0 ?mcc?mnc [zh_CN] ldltr sw720dp w1706dp h652dp 240dpi lrg long land finger -keyb/v/h -nav/h winConfig={ mBounds=Rect(0, 0 - 2560, 1080) mAppBounds=Rect(0, 0 - 2560, 1014) mMaxBounds=Rect(0, 0 - 2560, 1080) mWindowingMode=fullscreen mDisplayWindowingMode=fullscreen mActivityType=undefined mAlwaysOnTop=undefined mRotation=ROTATION_0} s.6 ?fontWeightAdjustment}
03-28 06:13:35.381 1124 1124 I WindowManager: Override config changes=200 {1.0 ?mcc?mnc [zh_CN] ldltr sw720dp w1706dp h652dp 240dpi lrg long land finger -keyb/v/h -nav/h winConfig={ mBounds=Rect(0, 0 - 2560, 1080) mAppBounds=Rect(0, 0 - 2560, 1014) mMaxBounds=Rect(0, 0 - 2560, 1080) mWindowingMode=fullscreen mDisplayWindowingMode=fullscreen mActivityType=undefined mAlwaysOnTop=undefined mRotation=ROTATION_0} s.6 ?fontWeightAdjustment} for displayId=0
03-28 06:13:35.381 1124 1124 I SystemServerTiming: OnBootPhase_500_com.android.server.locksettings.LockSettingsService$Lifecycle
03-28 06:13:35.381 1124 1124 I SystemServerTiming: OnBootPhase_500_com.android.server.PersistentDataBlockService
03-28 06:13:35.381 1124 1124 I SystemServerTiming: OnBootPhase_500_com.android.server.testharness.TestHarnessModeService
03-28 06:13:35.382 1124 1124 D TestHarnessModeService: Setting up test harness mode
03-28 06:13:35.382 1124 1124 D TestHarnessModeService: Getting PersistentDataBlockManagerInternal from LocalServices
01-01 08:01:09.640 0 0 I msm_vidc: high: 00000001: ....d: Opening video instance: 0000000000000000, 1
01-01 08:01:09.640 0 0 I msm_vidc: err : 00000001: ....d: Failed to create debugfs for msm_vidc
01-01 08:01:09.644 0 0 I msm_vidc: high: 00000001: h264d: Closed video instance: 0000000000000000
03-28 06:13:35.388 1124 1124 I SystemServerTiming: OnBootPhase_500_com.android.server.oemlock.OemLockService
03-28 06:13:35.388 1124 1124 I SystemServerTiming: OnBootPhase_500_com.android.server.DeviceIdleController
03-28 06:13:35.388 1124 1124 V HistoricalRegistry: Interaction before persistence initialized
03-28 06:13:35.389 1124 1124 I SystemServerTiming: OnBootPhase_500_com.android.server.devicepolicy.DevicePolicyManagerService$Lifecycle
03-28 06:13:35.389 1124 1124 I SystemServerTiming: OnBootPhase_500_com.android.server.texttospeech.TextToSpeechManagerService
03-28 06:13:35.389 1124 1124 I SystemServerTiming: OnBootPhase_500_com.android.server.speech.SpeechRecognitionManagerService
03-28 06:13:35.389 1124 1124 I SystemServerTiming: OnBootPhase_500_com.android.server.searchui.SearchUiManagerService
03-28 06:13:35.389 1124 1124 I SystemServerTiming: OnBootPhase_500_com.android.server.smartspace.SmartspaceManagerService
03-28 06:13:35.389 1124 1124 I SystemServerTiming: OnBootPhase_500_com.android.server.graphics.fonts.FontManagerService$Lifecycle
03-28 06:13:35.389 1124 1124 I SystemServerTiming: OnBootPhase_500_com.android.server.textservices.TextServicesManagerService$Lifecycle
03-28 06:13:35.389 1124 1124 I SystemServerTiming: OnBootPhase_500_com.android.server.textclassifier.TextClassificationManagerService$Lifecycle
03-28 06:13:35.389 1124 1124 I SystemServerTiming: OnBootPhase_500_com.android.server.NetworkScoreService$Lifecycle
03-28 06:13:35.389 1124 1124 I SystemServerTiming: OnBootPhase_500_com.android.server.wifi.WifiService
03-28 06:13:35.389 1124 1124 I SystemServerTiming: OnBootPhase_500_com.android.server.wifi.scanner.WifiScanningService
03-28 06:13:35.389 1124 1124 I SystemServerTiming: OnBootPhase_500_com.android.server.wifi.rtt.RttService
03-28 06:13:35.391 1124 1124 I SystemServerTiming: OnBootPhase_500_com.android.server.wifi.aware.WifiAwareService
01-01 08:01:09.650 0 0 I msm_vidc: high: 00000001: ....d: Opening video instance: 0000000000000000, 1
01-01 08:01:09.650 0 0 I msm_vidc: err : 00000001: ....d: Failed to create debugfs for msm_vidc
03-28 06:13:35.393 1124 1124 I SystemServerTiming: OnBootPhase_500_com.android.server.wifi.p2p.WifiP2pService
03-28 06:13:35.393 1124 1124 I SystemServerTiming: OnBootPhase_500_com.android.server.ethernet.EthernetService
03-28 06:13:35.395 1124 1124 I SystemServerTiming: OnBootPhase_500_com.android.server.ConnectivityServiceInitializer
03-28 06:13:35.395 1124 1124 I SystemServerTiming: OnBootPhase_500_com.android.server.notification.NotificationManagerService
03-28 06:13:35.397 1124 1124 I GameModeConfig: isGameModeOn = false
01-01 08:01:09.654 0 0 I msm_vidc: high: 00000001: h264d: Closed video instance: 0000000000000000
03-28 06:13:35.398 1124 1124 I SystemServerTiming: OnBootPhase_500_com.android.server.storage.DeviceStorageMonitorService
03-28 06:13:35.398 1124 1124 I SystemServerTiming: OnBootPhase_500_com.android.server.location.LocationManagerService$Lifecycle
03-28 06:13:35.399 1124 1124 V HistoricalRegistry: Interaction before persistence initialized
03-28 06:13:35.400 1124 1124 I SystemServerTiming: OnBootPhase_500_com.android.server.timedetector.TimeDetectorService$Lifecycle
03-28 06:13:35.400 1124 1124 I SystemServerTiming: OnBootPhase_500_com.android.server.timezonedetector.TimeZoneDetectorService$Lifecycle
03-28 06:13:35.400 1124 1124 I SystemServerTiming: OnBootPhase_500_com.android.server.timezonedetector.location.LocationTimeZoneManagerService$Lifecycle
03-28 06:13:35.400 1124 1124 I SystemServerTiming: OnBootPhase_500_com.android.server.search.SearchManagerService$Lifecycle
03-28 06:13:35.400 1124 1124 I SystemServerTiming: OnBootPhase_500_com.android.server.wallpaper.WallpaperManagerService$Lifecycle
03-28 06:13:35.400 1124 1124 I SystemServerTiming: OnBootPhase_500_com.android.server.audio.AudioService$Lifecycle
03-28 06:13:35.400 1124 1124 I SystemServerTiming: OnBootPhase_500_com.android.server.soundtrigger_middleware.SoundTriggerMiddlewareService$Lifecycle
03-28 06:13:35.400 1124 1124 I SystemServerTiming: OnBootPhase_500_com.android.server.DockObserver
03-28 06:13:35.400 1124 1124 I SystemServerTiming: OnBootPhase_500_com.android.server.midi.MidiService$Lifecycle
03-28 06:13:35.400 1124 1124 I SystemServerTiming: OnBootPhase_500_com.android.server.adb.AdbService$Lifecycle
03-28 06:13:35.400 1124 1124 I SystemServerTiming: OnBootPhase_500_com.android.server.usb.UsbService$Lifecycle
03-28 06:13:35.400 1124 1124 I SystemServerTiming: OnBootPhase_500_com.android.server.twilight.TwilightService
03-28 06:13:35.400 1124 1124 I SystemServerTiming: OnBootPhase_500_com.android.server.display.color.ColorDisplayService
03-28 06:13:35.401 1124 1124 I SystemServerTiming: OnBootPhase_500_com.android.server.job.JobSchedulerService
03-28 06:13:35.403 1124 1124 V HistoricalRegistry: Interaction before persistence initialized
03-28 06:13:35.403 1124 1124 I SystemServerTiming: OnBootPhase_500_com.android.server.soundtrigger.SoundTriggerService
03-28 06:13:35.403 1124 1124 D SoundTriggerService: onBootPhase: 500 : false
03-28 06:13:35.403 1124 1124 I SystemServerTiming: OnBootPhase_500_com.android.server.trust.TrustManagerService
03-28 06:13:35.403 1124 1124 I SystemServerTiming: OnBootPhase_500_com.android.server.backup.BackupManagerService$Lifecycle
03-28 06:13:35.403 1124 1124 I SystemServerTiming: OnBootPhase_500_com.android.server.appwidget.AppWidgetService
03-28 06:13:35.404 1124 1124 I SystemServerTiming: OnBootPhase_500_com.android.server.voiceinteraction.VoiceInteractionManagerService
