03-28 06:14:42.188 649 663 I mpu_uart: [MSG-P:RECV]:No message received in 1000 ms
03-28 06:14:42.197 649 662 I mpu_uart: [MSG-P:R]:recv sync frame timeout
03-28 06:14:43.189 649 663 I mpu_uart: [MSG-P:RECV]:No message received in 1000 ms
03-28 06:14:43.431 2762 4671 I adbd : host-12: read thread spawning
03-28 06:14:43.431 2762 4672 I adbd : host-12: write thread spawning
03-28 06:14:43.432 2762 2762 I adbd : host-12: already offline
03-28 06:14:43.432 2762 2762 I adbd : authentication not required
03-28 06:14:43.648 2896 2896 I hpplay-java: [main]:ServerTaskManager:restart by error
03-28 06:14:43.649 2896 2896 I hpplay-java: [main]:ServerTaskManager:startServer
03-28 06:14:43.649 2896 2896 I hpplay-java: [main]:ServerTaskManager:startServer add, reason: server is starting or running
03-28 06:14:43.649 2896 2896 I hpplay-java: [main]:ServerTaskManager:addStopTask
03-28 06:14:43.649 2896 2896 I hpplay-java: [main]:ServerTaskManager:addStartTask
03-28 06:14:43.649 2896 2896 I hpplay-java: [main]:ServerTaskManager:exeTask stopServer
03-28 06:14:43.649 2896 2896 I hpplay-java: [main]:Bridge:stopServer keepPush: false
03-28 06:14:43.650 2896 2896 D hpplay-base: [jniBridge:909] Bridge__1stopServer status:2
03-28 06:14:43.650 2896 2896 D hpplay-base: [LelinkBase:654] stopAllServer will start thread!
03-28 06:14:43.651 2896 4673 I hpplay-base: [mDNSEmbeded:65] embedded_mDNSExit call
03-28 06:14:43.651 2896 4659 D hpplay-base: [REventUtils:197] handleREventThread thread end!!,tid is 4659
03-28 06:14:43.651 2896 4658 D hpplay-base: [AEventUtils:588] handle AEvent thread end!!,tid is 4658
03-28 06:14:43.678 2896 4644 D hpplay-base: [stream_mirror_compat:1284] mirror stream begin to exit,server fd:80,thread_id:3112681920!!
03-28 06:14:43.679 2896 4644 D hpplay-base: [stream_mirror_compat:1323] ##screen stream exit successfully!!##
03-28 06:14:43.850 2896 4643 D hpplay-base: [Server:447] startHttpServer will END srv->serverType:0
03-28 06:14:43.851 2896 4643 D hpplay-base: [Server:646] startHttpServer cond srv_shutdown:1 connectNummber:0
03-28 06:14:43.851 2896 4643 D hpplay-base: [Server:669] startHttpServer wait cond END. srv_shutdown:1 connectNummber:0
03-28 06:14:43.851 2896 4643 D hpplay-base: [Server:457] HttpServer END, tid is 4643
03-28 06:14:43.918 2896 4655 I hpplay-base: [mDNSEmbeded:140] embedded_mDNSLoop Exiting end,tid is 4655
03-28 06:14:43.918 2896 4673 D hpplay-base: [mDNSEmbeded:452] stopmDNSServer end stopmDNSNow=2, nRet=0
03-28 06:14:44.135 2896 4656 I hpplay-base: [mDNSEmbeded:376] end lelink publish server, tid is 4656
03-28 06:14:44.136 2896 4673 D hpplay-base: [mDNSEmbeded:420] stopmLelinkServer end nRet=0
03-28 06:14:44.136 2896 4673 D hpplay-base: [LelinkBase:615] lebodlna stopServerThreadFunc dlnaEnable:1
03-28 06:14:44.136 2896 4673 D hpplay-base-dlna: [lebodlna_api:49] stop DMR
03-28 06:14:44.136 2896 4673 D hpplay-base-dlna: [lebodlna_api:344] m_pRender Release
03-28 06:14:44.189 649 663 I mpu_uart: [MSG-P:RECV]:No message received in 1000 ms
03-28 06:14:44.193 2896 4673 D hpplay-base-dlna: [UpnpDefine:867] DMRender release success
03-28 06:14:44.193 2896 4673 D hpplay-base-dlna: [lebodlna_api:352] m_pAVT Release
03-28 06:14:44.193 2896 4673 D hpplay-base-dlna: [lebodlna_api:360] m_pRCS Release
03-28 06:14:44.193 2896 4673 D hpplay-base-dlna: [lebodlna_api:365] dmrender destroydmr
03-28 06:14:44.494 2896 4673 D hpplay-base-dlna: [lebodlna-dlna_android:186] stopDLNA
03-28 06:14:44.494 2896 4673 D hpplay-base-dlna: [lebodlna-dlna_android:189] dlnaservice destroy
03-28 06:14:44.494 2896 4673 D hpplay-base-dlna: [lebodlna-dlna_android:49] dlnaservice Destroy 49 int CDlnaService::Destroy()
03-28 06:14:44.494 2896 4673 D hpplay-base-dlna: [lebodlna-dlnaframe:245] dlnaservice Destroy 245 static ERROR_TYPE IDlnaFrame::DestroyDlnaFrame(IDlnaFrame *)
03-28 06:14:44.494 2896 4673 D hpplay-base-dlna: [lebodlna-dlnaframe:179] dlnaservice Destroy 179 virtual void CDlnaFrame::Release()
03-28 06:14:44.494 2896 4673 D hpplay-base-dlna: [lebodlna-dlnaframe:190] dlnaservice Destroy 190 virtual void CDlnaFrame::Release()
03-28 06:14:44.494 2896 4673 D hpplay-base-dlna: [lebodlna-dlnaframe:192] dlnaservice Destroy 192 virtual void CDlnaFrame::Release()
03-28 06:14:44.494 2896 4673 D hpplay-base-dlna: [lebodlna-dlnaframe:247] dlnaservice Destroy 247 static ERROR_TYPE IDlnaFrame::DestroyDlnaFrame(IDlnaFrame *)
03-28 06:14:44.494 2896 4673 D hpplay-base-dlna: [lebodlna-dlnaframe:251] dlnaservice Destroy 251 static ERROR_TYPE IDlnaFrame::DestroyDlnaFrame(IDlnaFrame *)
03-28 06:14:44.496 2896 4673 E hpplay-base-dlna: upnpapi.c:655::before gminiserver ThreadPoolShutdown
03-28 06:14:44.496 2896 4673 E hpplay-base-dlna: ThreadPool.c:1047::on ThreadPoolShutdown tp->totalThreads:3
03-28 06:14:44.497 2896 4673 E hpplay-base-dlna: ThreadPool.c:1056::after ThreadPoolShutdown
03-28 06:14:44.497 2896 4673 E hpplay-base-dlna: ThreadPool.c:1057::ThreadPoolShutdown tp->totalThreads:0
03-28 06:14:44.497 2896 4673 E hpplay-base-dlna: upnpapi.c:657::after gminiserver ThreadPoolShutdown
03-28 06:14:44.497 2896 4673 E hpplay-base-dlna: upnpapi.c:659::before grecv ThreadPoolShutdown
03-28 06:14:44.498 2896 4673 E hpplay-base-dlna: ThreadPool.c:1047::on ThreadPoolShutdown tp->totalThreads:12
03-28 06:14:44.498 2896 4673 E hpplay-base-dlna: ThreadPool.c:1047::on ThreadPoolShutdown tp->totalThreads:9
03-28 06:14:44.498 2896 4673 E hpplay-base-dlna: ThreadPool.c:1047::on ThreadPoolShutdown tp->totalThreads:8
03-28 06:14:44.498 2896 4673 E hpplay-base-dlna: ThreadPool.c:1047::on ThreadPoolShutdown tp->totalThreads:7
03-28 06:14:44.499 2896 4673 E hpplay-base-dlna: ThreadPool.c:1047::on ThreadPoolShutdown tp->totalThreads:6
03-28 06:14:44.499 2896 4673 E hpplay-base-dlna: ThreadPool.c:1047::on ThreadPoolShutdown tp->totalThreads:5
03-28 06:14:44.499 2896 4673 E hpplay-base-dlna: ThreadPool.c:1047::on ThreadPoolShutdown tp->totalThreads:4
03-28 06:14:44.499 2896 4673 E hpplay-base-dlna: ThreadPool.c:1047::on ThreadPoolShutdown tp->totalThreads:3
03-28 06:14:44.500 2896 4673 E hpplay-base-dlna: ThreadPool.c:1047::on ThreadPoolShutdown tp->totalThreads:2
03-28 06:14:44.500 2896 4673 E hpplay-base-dlna: ThreadPool.c:1047::on ThreadPoolShutdown tp->totalThreads:1
03-28 06:14:44.500 2896 4673 E hpplay-base-dlna: ThreadPool.c:1056::after ThreadPoolShutdown
03-28 06:14:44.500 2896 4673 E hpplay-base-dlna: ThreadPool.c:1057::ThreadPoolShutdown tp->totalThreads:0
03-28 06:14:44.500 2896 4673 E hpplay-base-dlna: upnpapi.c:661::after grecv ThreadPoolShutdown
03-28 06:14:44.500 2896 4673 E hpplay-base-dlna: upnpapi.c:663::before gsend ThreadPoolShutdown
03-28 06:14:44.501 2896 4673 E hpplay-base-dlna: ThreadPool.c:1047::on ThreadPoolShutdown tp->totalThreads:3
03-28 06:14:44.501 2896 4673 E hpplay-base-dlna: ThreadPool.c:1047::on ThreadPoolShutdown tp->totalThreads:2
03-28 06:14:44.501 2896 4673 E hpplay-base-dlna: ThreadPool.c:1047::on ThreadPoolShutdown tp->totalThreads:1
03-28 06:14:44.501 2896 4673 E hpplay-base-dlna: ThreadPool.c:1056::after ThreadPoolShutdown
03-28 06:14:44.501 2896 4673 E hpplay-base-dlna: ThreadPool.c:1057::ThreadPoolShutdown tp->totalThreads:0
03-28 06:14:44.501 2896 4673 E hpplay-base-dlna: upnpapi.c:665::after gsend ThreadPoolShutdown
03-28 06:14:44.501 2896 4673 D hpplay-base-dlna: [lebodlna-dlnaframe:253] dlnaservice Destroy 253 static ERROR_TYPE IDlnaFrame::DestroyDlnaFrame(IDlnaFrame *)
03-28 06:14:44.501 2896 4673 D hpplay-base-dlna: [lebodlna-dlna_android:51] dlnaservice Destroy 51 int CDlnaService::Destroy()
03-28 06:14:44.501 2896 4673 D hpplay-base-dlna: [lebodlna-dlna_android:194] stopDLNA end
03-28 06:14:44.554 1197 1197 I CNSS : cnss_open_log_file: directory /data/vendor/wifi/wlan_logs/ created
03-28 06:14:44.802 2896 4673 D hpplay-base: [stream_mirror_compat:1489] request to stop screen stream session!!
03-28 06:14:44.802 2896 4673 D hpplay-base: [AEventUtils:625] begin to stop event handle service!!
03-28 06:14:44.802 2896 4673 D hpplay-base: [AEventUtils:628] stop event handle service ok!!
03-28 06:14:44.802 2896 4673 D hpplay-base: [REventUtils:231] begin to stop report handle service!!
03-28 06:14:44.802 2896 4673 D hpplay-base: [REventUtils:234] stop report handle service ok!!
03-28 06:14:44.802 2896 4673 D hpplay-base: [lelinkSinkServer:711] HTTP Server stopSinkServer End .
03-28 06:14:44.802 2896 4673 D hpplay-base: [jniBridge:1135] notifyJavaServerStoped
03-28 06:14:44.803 2896 4673 D hpplay-base: [jniBridge:1726] notifyJava, what:202, castType:0, mimeType:0 baseStatus:4
03-28 06:14:44.803 2896 4673 D hpplay-base: [jniBridge:1727] notifyJava sessionID:(null)
03-28 06:14:44.804 2896 4673 I hpplay-java: [Thread-37]:Bridge:notify: what: 202
03-28 06:14:44.806 2896 4673 I hpplay-java: [Thread-37]:Bridge:notify: out: OutParameters:{audioSessionId=-1, audiotrackIndex=0, castHandleType=-1, castType=0, deviceName='', dlnaName='', dramaID='', extra=0, frameHandleType=-1, handleInside=true, headduration=0, header='', headers=null, isAD=false, isMultiMirror=false, lelinkVer='', limitTime=0, , mediaAlbum='null', mediaAlbumArtURI='', mediaArtist='null', mediaAssets='', mediaTitle='null', mimeType=0, multiSession=null, period=0, pinCode='', playSpeed=0.0, playerChoice=0, plugin=0, port=0, position=0.0, positionUnit=2, protocol=0, realSessionID='', regType='', , sinkIp='', sourceAPPVersion='', sourceChannel='', sourceClientInfo='', sourceDeviceInfo='', sourceDeviceModel='', sourceDeviceName='', sourceDeviceType=0, sourceHID='', , sourceInfo='', , , sourceOSVersion='', sourceSDKVersion='', sourceUid='', stopDetail=0, stopReason=0, tailduration=0, url='', urlID='', urls=null, userAgent='', videoDecoder=0, volume=0, what=202}com.hpplay.sdk.sink.protocol.OutParameters@ceffe52
03-28 06:14:44.806 2896 4673 I hpplay-java: [Thread-37]:Bridge:notify: address:119043363
03-28 06:14:44.807 2896 4673 D hpplay-base: [LelinkBase:645] stopServerThreadFunc notifyJavaServerStoped!
03-28 06:14:44.807 2896 2896 I hpplay-java: [main]:ServerTaskManager:startTimeOutCheck
03-28 06:14:44.807 2896 2896 I hpplay-java: [main]:ServerBusiness:stopDaemonBusiness
03-28 06:14:44.808 2896 2896 I hpplay-java: [main]:SinkDataReport:logout
03-28 06:14:44.808 2896 2896 I hpplay-java: [main]:EPControl:release
03-28 06:14:44.812 2896 2896 I hpplay-java: [main]:Dispatcher:notifyAllReverseControlsStop
03-28 06:14:44.812 2896 2896 I hpplay-java: [main]:Preference:checkFeature none
03-28 06:14:44.812 2896 3851 I hpplay-java: [AsyncTask #4]:GlideCreator:clearCache clearDiskCache
03-28 06:14:44.813 2896 4638 W hpplay-java: NanoHTTPDServerRunnable:Communication with the client broken
03-28 06:14:44.813 2896 4638 W hpplay-java: java.net.SocketException: Socket closed
03-28 06:14:44.813 2896 4638 W hpplay-java: at java.net.PlainSocketImpl.socketAccept(PlainSocketImpl.java:213)
03-28 06:14:44.813 2896 4638 W hpplay-java: at java.net.AbstractPlainSocketImpl.accept(AbstractPlainSocketImpl.java:451)
03-28 06:14:44.813 2896 4638 W hpplay-java: at java.net.ServerSocket.implAccept(ServerSocket.java:547)
03-28 06:14:44.813 2896 4638 W hpplay-java: at java.net.ServerSocket.accept(ServerSocket.java:515)
03-28 06:14:44.813 2896 4638 W hpplay-java: at com.hpplay.nanohttpd.protocols.http.ServerRunnable.run(SourceFile:118)
03-28 06:14:44.813 2896 4638 W hpplay-java: at java.lang.Thread.run(Thread.java:920)
03-28 06:14:44.813 2896 4638 I hpplay-java: NanoHTTPDNanoHTTPD:server is stoped
03-28 06:14:44.813 2896 4638 I hpplay-java: NanoHTTPDNanoHTTPD:clear obj
03-28 06:14:44.814 2896 2896 I hpplay-java: [main]:Dispatcher:notifyAllUIControlsStop set: []
03-28 06:14:44.814 2896 2896 I hpplay-java: [main]:Bridge:findServiceID start out: 119043363
03-28 06:14:44.814 2896 2896 I hpplay-java: [main]:Bridge:findServiceID end
03-28 06:14:44.814 2896 2896 I hpplay-java: [main]:ServerTaskManager:onStop retry:true
03-28 06:14:44.814 2896 2896 I hpplay-java: [main]:ServerTaskManager:cancelTimeOutCheck
03-28 06:14:44.816 2896 2896 I hpplay-java: [main]:IPManager:getActiveNets type: WIFI
03-28 06:14:44.816 2896 2896 I hpplay-java: [main]:IPManager:getActiveNets eth0:false wifi:true mobile:false ap:false
03-28 06:14:44.816 2896 2896 I hpplay-java: [main]:IPManager:getIPAddress IP_WLAN0
03-28 06:14:44.818 2896 2896 I hpplay-java: [main]:IPManager:updateIPAddress getIPAddress: 192.168.4.16 name:vlan4
03-28 06:14:44.818 2896 2896 I hpplay-java: [main]:IPManager:updateIPAddress getIPAddress: 10.0.0.129 name:wlan0
03-28 06:14:44.818 2896 2896 I hpplay-java: [main]:IPManager:updateIPAddress getIPAddress: 192.168.8.16 name:vlan8
03-28 06:14:44.818 2896 2896 I hpplay-java: [main]:IPManager:updateIPAddress getIPAddress: 192.168.11.16 name:vlan11
03-28 06:14:44.818 2896 2896 I hpplay-java: [main]:IPManager:updateIPAddress getIPAddress: 192.168.0.16 name:vlan0
03-28 06:14:44.818 2896 2896 I hpplay-java: [main]:IPManager:updateIPAddress getIPAddress: 192.168.2.16 name:vlan2
03-28 06:14:44.818 2896 2896 I hpplay-java: [main]:IPManager:updateIPAddress getIPAddress: 192.168.1.16 name:vlan1
03-28 06:14:44.819 2896 2896 I hpplay-java: [main]:ServerTaskManager:exeTask startServer
03-28 06:14:44.820 2896 4032 I hpplay-java: [AsyncTask #26]:ServerBusiness:startDaemonBusiness
03-28 06:14:44.820 2896 2896 I hpplay-java: [main]:ServerTaskManager:startTimeOutCheck
03-28 06:14:44.820 2896 3863 I hpplay-java: [AsyncTask #13]:Bridge:assembleInParameters
03-28 06:14:44.820 2896 4032 I hpplay-java: [AsyncTask #26]:TimeOutCheckUtil:addTask id:upgrade
03-28 06:14:44.820 2896 4032 I hpplay-java: [AsyncTask #26]:TimeOutCheckUtil:addTask id:ijkupgrade
03-28 06:14:44.820 2896 3863 I hpplay-java: [AsyncTask #13]:Bridge:createDeviceId deviceId:Nzc6OTA6MDY6MmM6ZWM6MTU=
03-28 06:14:44.821 2896 3863 I hpplay-java: [AsyncTask #13]:IPManager:getActiveNets type: WIFI
03-28 06:14:44.821 2896 3863 I hpplay-java: [AsyncTask #13]:IPManager:getActiveNets eth0:false wifi:true mobile:false ap:false
03-28 06:14:44.821 2896 3863 I hpplay-java: [AsyncTask #13]:IPManager:getIPAddress IP_WLAN0
03-28 06:14:44.821 2896 4677 I hpplay-java: NanoHTTPDNanoHTTPD:server is started
03-28 06:14:44.821 2896 3863 I hpplay-java: [AsyncTask #13]:Preference:checkFeature none
03-28 06:14:44.821 2896 3863 I hpplay-java: [AsyncTask #13]:SWI:dlna tip
03-28 06:14:44.821 2896 3863 I hpplay-java: [AsyncTask #13]:SWI:lefp tip
03-28 06:14:44.821 2896 3863 I hpplay-java: [AsyncTask #13]:Bridge:assembleInParameters none alias name use device name: 高合娱乐副屏
03-28 06:14:44.822 2896 3863 I hpplay-java: [AsyncTask #13]:Feature:isSendAdvertisement
03-28 06:14:44.822 2896 3863 I hpplay-java: [AsyncTask #13]:Preference:checkFeature none
03-28 06:14:44.822 2896 3863 I hpplay-java: [AsyncTask #13]:Preference:checkFeature none
03-28 06:14:44.822 2896 3863 I hpplay-java: [AsyncTask #13]:Bridge:backupHpplayDat bakPath:
03-28 06:14:44.823 2896 3863 I hpplay-java: [AsyncTask #13]:Bridge:path:/data/user/0/com.hht.lebocast/files/hpplay/file/happyplay.dat
03-28 06:14:44.823 2896 3863 I hpplay-java: [AsyncTask #13]:Bridge:mAppId:21409
03-28 06:14:44.823 2896 3863 I hpplay-java: [AsyncTask #13]:Bridge:mode:3
03-28 06:14:44.823 2896 3863 I hpplay-java: [AsyncTask #13]:Bridge:type:1
03-28 06:14:44.823 2896 3863 I hpplay-java: [AsyncTask #13]:Bridge:SN:
03-28 06:14:44.823 2896 3863 I hpplay-java: [AsyncTask #13]:Preference:checkFeature none
03-28 06:14:44.823 2896 3863 I hpplay-java: [AsyncTask #13]:Bridge:backPath:
03-28 06:14:44.823 2896 3863 I hpplay-java: [AsyncTask #13]:DeviceUtil:getPermissionDid: 1
03-28 06:14:44.823 2896 3863 I hpplay-java: [AsyncTask #13]:DeviceUtil:getPermissionDid: 1
03-28 06:14:44.823 2896 3863 I hpplay-java: [AsyncTask #13]:BPIFileUtil:getMd5ByFile: 0FA04FD08975C81CDD9275F6AE23A020
03-28 06:14:44.823 2896 3863 I hpplay-java: [AsyncTask #13]:Preference:checkFeature none
03-28 06:14:44.823 2896 3863 I hpplay-java: [AsyncTask #13]:Preference:checkFeature none
03-28 06:14:44.823 2896 3863 I hpplay-java: [AsyncTask #13]:Preference:checkFeature none
03-28 06:14:44.824 2896 3863 I hpplay-java: [AsyncTask #13]:Preference:checkFeature none
03-28 06:14:44.824 2896 3863 I hpplay-java: [AsyncTask #13]:Preference:checkFeature none
03-28 06:14:44.831 2896 4032 W hpplay-java: [AsyncTask #26]:ServerBusiness:startDaemonBusiness start LelinkHTTPD sucess 52288
03-28 06:14:44.833 2896 2896 I hpplay-java: [main]:ServerBusiness:get deviceCode:2438898122
03-28 06:14:44.841 2896 3863 W hpplay-java: [AsyncTask #13]:DeviceUtils:getDomain create lb domain
03-28 06:14:44.841 2896 3863 I hpplay-java: [AsyncTask #13]:Feature:getMirrorAudioVideoSync DISABLE
03-28 06:14:44.841 2896 3863 I hpplay-java: [AsyncTask #13]:Feature:checkSupportRedirectOtherApp,no set redirect api
03-28 06:14:44.841 2896 3863 I hpplay-java: [AsyncTask #13]:Feature:getRedirectSearchFlag,value: 0
03-28 06:14:44.842 2896 3863 I hpplay-java: [AsyncTask #13]:Bridge:mIn: InParameters{appInfo='0', appKey='21409', authMode=0, authPwd='null', broadcastDirection=0, broadcastState=1, broadcastTimeout=3, buildType='release', cacheAVPath='/data/user/0/com.hht.lebocast/cache/hpplay/av', cachePhotoPath='/data/user/0/com.hht.lebocast/cache/hpplay/image', channel='LEBO-APK--60146-25915', desPath='/data/user/0/com.hht.lebocast/files/hpplay/file/config/dcf', , deviceName='高合娱乐副屏', dlna=1, dlnaCompany='Microsoft Corporation', dlnaCompanyURL='http://www.microsoft.com', dlnaDeviceDescribe='Media Renderer', dlnaDeviceName='Windows Media Player', dlnaDeviceURL='http://go.microsoft.com/fwlink/Linkld=105927', dlnaLelinkSwitch=1, dlnaManufacturer=0, dlnaName='高合娱乐副屏', dlnaUPC='null', dlnaUUID='5bdabc8b-fbb2-81e5-159c-21871da08aee', domain='Lebo-figure-1e982b1b75ee', drainage=0, feature='6655', fps=60, height=1080, host='null', , keyPath='/data/user/0/com.hht.lebocast/files/hpplay/file', lelinkfp=1, lelinkfp2=0, logBaseState=1, logPath='/storage/emulated/0/com.hht.lebocast/sink/sdk/common', , mdnsEnable=1, mirrorSyncType=0, netCastVer='2.0', packageName='com.hht.lebocast', packagePath='/data/user/0/com.hht.lebocast', permissionDid='1e:98:2b:1b:75:ee', permissionMode=3, permissionPreSN='', port=0, preemptMode=0, regType='_leboremote._tcp.', serverPorts=null, sockWaitTimeOut=45, teleControlPort=53388, tunnels=3, txtKeys=null, txtValues=null, uid='10000039936617', videoFrameType=1001, width=1920}com.hpplay.sdk.sink.protocol.InParameters@a8e9184
03-28 06:14:44.842 2896 2896 I hpplay-java: [main]:Bridge:startServer state: 0
03-28 06:14:44.842 2896 2896 D hpplay-base: [jniBridge:185] not conference version
03-28 06:14:44.843 2896 2896 I hpplay-base: [jniBridge:241] 1initServer nSettingWidth=1920 nSettingHeight=1080 nSettingMaxFPS=60 dlnaEnable=1 lelinkFpEnable=1
03-28 06:14:44.843 2896 2896 D hpplay-base: [jniBridge:283] 1initServer cfg.leLinkIp=10.0.0.129
03-28 06:14:44.843 2896 2896 D hpplay-base: [jniBridge:286] 1initServer cfg.mPermissionMode=3
03-28 06:14:44.843 2896 2896 D hpplay-base: [jniBridge:304] 1initServer cfg.permissionDid=1e:98:2b:1b:75:ee000000000000000
03-28 06:14:44.843 2896 2896 D hpplay-base: [jniBridge:313] 1initServer cfg.mPermissionPreSN=00000000000000000000000000000000
03-28 06:14:44.843 2896 2896 D hpplay-base: [jniBridge:317] Bridge___1initServer status:0
03-28 06:14:44.843 2896 2896 I hpplay-base: [jniBridge:325] 1initServer cfg.feature=6655
03-28 06:14:44.843 2896 2896 D hpplay-base: [jniBridge:377] 1initServer isSendBroadCast=3
03-28 06:14:44.843 2896 2896 D hpplay-base: [jniBridge:380] 1initServer broadcastDirection=0
03-28 06:14:44.843 2896 2896 D hpplay-base: [jniBridge:382] 1initServer ipBroadcast direction=0
03-28 06:14:44.843 2896 2896 D hpplay-base: [jniBridge:387] 1initServer tunnel=3
03-28 06:14:44.843 2896 2896 D hpplay-base: [jniBridge:390] 1initServer drainage=0
03-28 06:14:44.843 2896 2896 D hpplay-base: [jniBridge:401] 1initServer mDNSEnable=1
03-28 06:14:44.843 2896 2896 D hpplay-base: [jniBridge:406] 1initServer nSockWaitTimeOut=45
03-28 06:14:44.843 2896 2896 D hpplay-base: [jniBridge:410] 1initServer nMirrorAudioVideoSync=0
03-28 06:14:44.843 2896 2896 I hpplay-base: [sign_check:168] checkSign strPackageName:com.hht.lebocast
03-28 06:14:44.843 2896 2896 I hpplay-base: [sign_check:169] checkSign buildType:release
03-28 06:14:44.843 2896 2896 I hpplay-base: [sign_check:170] checkSign appKey:21409
03-28 06:14:44.843 2896 2896 D hpplay-base: [LelinkBase:405] bridgeInit port: 0, lelinkfp: 0
03-28 06:14:44.843 2896 2896 D hpplay-base: [LelinkBase:462] bridgeInit mPackagePath =/data/user/0/com.hht.lebocast
03-28 06:14:44.843 2896 2896 D hpplay-base: [LelinkBase:463] bridgeInit mKeyPath =/data/user/0/com.hht.lebocast/files/hpplay/file
03-28 06:14:44.843 2896 2896 D hpplay-base: [SinkContext:97] initSinkContext mPackagePath =/data/user/0/com.hht.lebocast
03-28 06:14:44.843 2896 2896 D hpplay-base: [SinkContext:98] initSinkContext mKeyPath =/data/user/0/com.hht.lebocast/files/hpplay/file
03-28 06:14:44.843 2896 2896 D hpplay-base: [jniBridge:478] Java_com_hpplay_sdk_sink_protocol_Bridge__1initServer end
03-28 06:14:44.843 2896 2896 D hpplay-base: [jniBridge:869] Bridge__1startServer status:1
03-28 06:14:44.843 2896 2896 D hpplay-base: [LelinkBase:492] startAllServer at base
03-28 06:14:44.844 2896 2896 D hpplay-base: [lelinkSinkServer:152] httpPlugins_SetServerPort TYPE_SERVER_LELINK:52266
03-28 06:14:44.844 2896 2896 D hpplay-base: [network.c:362] protocol bind host :10.0.0.129 port:52266 curent bind port:52266
03-28 06:14:44.844 2896 2896 D hpplay-base: [lelinkSinkServer:681] HTTP Server real at:52266
03-28 06:14:44.844 2896 4682 D hpplay-base: [lelinkSinkServer:644] Connected Service Type:0
03-28 06:14:44.844 2896 2896 D hpplay-base: [ScreenStream:1285] current bind port:7100
03-28 06:14:44.844 2896 4682 I hpplay-base: : (server.c.315) startServer listen_ing....:
03-28 06:14:44.844 2896 4682 D hpplay-base: [Server:371] startHttpServer srv_sockets.used:1 nCurrentFd:77, tid is 4682
03-28 06:14:44.844 2896 2896 D hpplay-base: [LelinkBase:515] startAllServer pBaseContext->config.dlnaEnable:1
03-28 06:14:44.844 2896 2896 D hpplay-base: [lelinkDlna:324] addDMRCallback end
03-28 06:14:44.844 2896 4683 D hpplay-base: [stream_mirror_compat:759] compat mirror stream begin to run,server fd:78,thread_id:3111629248!!
03-28 06:14:44.846 2896 2896 E hpplay-base-dlna: miniserver.c:788::dlna_port(ipv4: 49152 ipv6:0)
03-28 06:14:44.849 2896 4037 I hpplay-java: [AsyncTask #29]:HttpRequest:doGet responseCode:200 0
03-28 06:14:44.897 2896 2896 D hpplay-base-dlna: [lebodlna-dlnaframe:166] succeed to load lebodlnaplugin
03-28 06:14:44.897 2896 2896 D hpplay-base-dlna: [lebodlna-dlnaframe:232] Succeed to load specified plugin:lebodlna_plugin
03-28 06:14:44.897 2896 2896 D hpplay-base: [lelinkDlna:328] startDLNAServer ret=0
03-28 06:14:44.897 2896 2896 D hpplay-base: [LelinkBase:531] startDLNAServer ret= 0
03-28 06:14:44.897 2896 2896 D hpplay-base: [lelinkDlna:342] setDMRFriendlyName 高合娱乐副屏
03-28 06:14:44.897 2896 2896 D hpplay-base-dlna: [lebodlna-dlna_android:136] setBroadcastTimeout mBroadcastTimeOut=66 status=3!
03-28 06:14:44.897 2896 2896 D hpplay-base-dlna: [lebodlna_api:32] start DMR
03-28 06:14:44.897 2896 2896 D hpplay-base-dlna: [UpnpDefine:434] RegisterDMRender invalid lelink info
03-28 06:14:44.898 2896 2896 D hpplay-base-dlna: [UpnpDefine:551] DLNA DESCRIPTION FROME SERVER
03-28 06:14:44.901 2896 2896 E hpplay-base-dlna: upnpapi.c:1078::Exiting RegisterRootDevice2 *Hnd =1, return value == 0
03-28 06:14:44.901 2896 2896 D hpplay-base-dlna: [CUpnpDevice:41] Register Root Device 2:0
03-28 06:14:44.901 2896 2896 D hpplay-base-dlna: [UpnpDefine:794] ESDMRender:Register success
03-28 06:14:44.901 2896 2896 D hpplay-base-dlna: [lebodlna_api:41] sendBroadcast mBroadcastTimeOut=3
03-28 06:14:44.901 2896 2896 D hpplay-base-dlna: [lebodlna_api:44] sendBroadcast timeout=66
03-28 06:14:44.962 2896 2896 D hpplay-base: [lelinkDlna:361] startDLNADevice dlnaManufacturer:0 ret=0
03-28 06:14:44.962 2896 2896 D hpplay-base: [LelinkBase:535] lelinkSetDlnaInfo ret= 0
03-28 06:14:44.962 2896 2896 D hpplay-base: [LelinkBase:547] startAllServer pBaseContext->config.mDNSEnable:1
03-28 06:14:44.964 2896 2896 D hpplay-base: [base_mdns:509] mdns net.hostname:
03-28 06:14:44.964 2896 2896 D hpplay-base: [base_mdns:529] mdns namelabel:-36-7C-7C-00-00-0F
03-28 06:14:44.964 2896 2896 D hpplay-base: [base_mdns:509] mdns net.hostname:
03-28 06:14:44.964 2896 2896 D hpplay-base: [base_mdns:529] mdns namelabel:-36-7C-7C-00-00-0F
03-28 06:14:44.964 2896 2896 D hpplay-base: [mdns:813] mdns start bind port:0
03-28 06:14:44.967 2896 2896 D hpplay-base: [mdns:813] mdns start bind port:5353
03-28 06:14:44.968 2896 2896 D hpplay-base: [mdns:813] mdns start bind port:5353
03-28 06:14:44.968 2896 2896 D hpplay-base: [mdns:813] mdns start bind port:5353
03-28 06:14:44.968 2896 2896 D hpplay-base: [mdns:813] mdns start bind port:5353
03-28 06:14:44.968 2896 2896 D hpplay-base: [mdns:813] mdns start bind port:5353
03-28 06:14:44.968 2896 2896 D hpplay-base: [mdns:813] mdns start bind port:5353
03-28 06:14:44.968 2896 2896 D hpplay-base: [mdns:813] mdns start bind port:5353
03-28 06:14:44.969 2896 2896 I hpplay-base: [mDNSEmbeded:57] embedded_mDNSInit stopmDNSNow:0 status:0
03-28 06:14:44.969 2896 2896 D hpplay-base: [mDNSEmbeded:436] startmDNSServer end nRet=0
03-28 06:14:44.969 2896 2896 D hpplay-base: [LelinkBase:555] lelink broadcast_on_off:1 log2java_on_off:1
03-28 06:14:44.969 2896 2896 D hpplay-base: [AEventUtils:595] request to start event handle service!!
03-28 06:14:44.969 2896 2896 D hpplay-base: [AEventUtils:603] start_event_handle_service,begin to run!!
03-28 06:14:44.969 2896 4702 D hpplay-base: [LelinkMDNS:729] leboAuthorizationCheck strUuid=1e:98:2b:1b:75:ee000000000000000
03-28 06:14:44.969 2896 4702 D hpplay-base: [LelinkMDNS:730] leboAuthorizationCheck mPermissionDid=1e:98:2b:1b:75:ee000000000000000
03-28 06:14:44.970 2896 4703 I hpplay-base: [mDNSEmbeded:268] start lelink publish server, tid is 4703
03-28 06:14:44.970 2896 4702 D hpplay-base: [LelinkMDNS:755] leboAuthorizationCheck mPermissionMac=1e:98:2b:1b:75:ee000000000000000
03-28 06:14:44.970 2896 4704 D hpplay-base: [mDNSEmbeded:197] http_port bind check 197 http_port_check
03-28 06:14:44.971 2896 2896 D hpplay-base: [REventUtils:210] start_event_handle_service,begin to run!!
03-28 06:14:44.972 2896 4705 D hpplay-base: [AEventUtils:171] create handle AEvent thread ok!!,tid is 4705
03-28 06:14:44.972 2896 4704 D hpplay-base: [mDNSEmbeded:217] http_port bind check 217 http_port_check
03-28 06:14:44.972 2896 2896 D hpplay-base: [LelinkBase:576] startAllServer success .
03-28 06:14:44.972 2896 4707 D hpplay-base: [REventUtils:59] create handleREventThread thread ok!!,tid is 4707
03-28 06:14:44.972 2896 4704 D hpplay-base: [mDNSEmbeded:222] http_port bind check 222 http_port_check
03-28 06:14:44.972 2896 2896 D hpplay-base: [jniBridge:894] startDlna_link:http://10.0.0.129:49152/description.xml
03-28 06:14:44.972 2896 4708 D hpplay-base: [jniBridge:1081] notifyJavaDlnalink:http://10.0.0.129:49152/description.xml
03-28 06:14:44.972 2896 4708 D hpplay-base: [jniBridge:1726] notifyJava, what:207, castType:0, mimeType:0 baseStatus:2
03-28 06:14:44.972 2896 4708 D hpplay-base: [jniBridge:1727] notifyJava sessionID:(null)
03-28 06:14:44.974 2896 4702 D hpplay-base: [LelinkMDNS:766] devicePermissionPublic leboPermissionCheck:-2
03-28 06:14:44.974 2896 4708 I hpplay-java: [Thread-39]:Bridge:notify: what: 207
03-28 06:14:44.974 2896 4702 D hpplay-base: [jniBridge:1125] com_hpplay_sdk_sink_protocol_Bridge_WHAT_SERVER_ERROR
03-28 06:14:44.974 2896 4704 D hpplay-base: [mDNSEmbeded:234] http_port bind check 234 http_port_check port:52266
03-28 06:14:44.974 2896 4704 D hpplay-base: [mDNSEmbeded:237] http_port bind check 237 http_port_check
03-28 06:14:44.975 2896 4709 D hpplay-base: [lelinkSinkServer:93] new client connection from 127.0.0.1 47779, fd=123
03-28 06:14:44.975 2896 4709 D hpplay-base: [SinkContext:137] addSinkContextSession,begin to run!!
03-28 06:14:44.975 2896 4709 D hpplay-base: [SinkContext:142] addSinkContextSession,begin to get lock!!
03-28 06:14:44.975 2896 4709 D hpplay-base: [SinkContext:144] addSinkContextSession,get lock ok!!
03-28 06:14:44.975 2896 4709 D hpplay-base: [SinkContext:149] addSinkContextSession,session list is null,begin to malloc!!
03-28 06:14:44.975 2896 4709 D hpplay-base: [SinkContext:156] addSinkContextSession,begin to update!!
03-28 06:14:44.975 2896 4709 D hpplay-base: [SinkContext:160] addSinkContextSession,begin to update header!!
03-28 06:14:44.975 2896 4709 D hpplay-base: [SinkContext:172] addSinkContextSession,begin to unlock!!
03-28 06:14:44.975 2896 4709 D hpplay-base: [SinkContext:174] addSinkContextSession,unlock ok!!
03-28 06:14:44.975 2896 4709 D hpplay-base: [LelinkReceiver:4908] get ping !!!
03-28 06:14:44.975 2896 4704 D hpplay-base: [mDNSEmbeded:240] http_port bind check 240 http_port_check recieved:64
03-28 06:14:44.975 2896 4704 D hpplay-base: [mDNSEmbeded:243] http_port bind check 243 http_port_check
03-28 06:14:44.976 2896 4704 D hpplay-base: [mDNSEmbeded:244] http_port bind check ok!
03-28 06:14:44.976 2896 4708 I hpplay-java: [Thread-39]:Bridge:notify: out: OutParameters:{audioSessionId=-1, audiotrackIndex=0, castHandleType=-1, castType=0, deviceName='http://10.0.0.129:49152/description.xml', dlnaName='', dramaID='', extra=0, frameHandleType=-1, handleInside=true, headduration=0, header='', headers=null, isAD=false, isMultiMirror=false, lelinkVer='', limitTime=0, , mediaAlbum='null', mediaAlbumArtURI='', mediaArtist='null', mediaAssets='', mediaTitle='null', mimeType=0, multiSession=null, period=0, pinCode='', playSpeed=0.0, playerChoice=0, plugin=0, port=0, position=0.0, positionUnit=2, protocol=0, realSessionID='', regType='', , sinkIp='', sourceAPPVersion='', sourceChannel='', sourceClientInfo='', sourceDeviceInfo='', sourceDeviceModel='', sourceDeviceName='', sourceDeviceType=0, sourceHID='', , sourceInfo='', , , sourceOSVersion='', sourceSDKVersion='', sourceUid='', stopDetail=0, stopReason=0, tailduration=0, url='', urlID='', urls=null, userAgent='', videoDecoder=0, volume=0, what=207}com.hpplay.sdk.sink.protocol.OutParameters@4c80111
03-28 06:14:44.976 2896 4708 I hpplay-java: [Thread-39]:Bridge:notify: address:228708982
03-28 06:14:44.976 2896 4702 D hpplay-base: [jniBridge:1726] notifyJava, what:204, castType:0, mimeType:0 baseStatus:2
03-28 06:14:44.976 2896 4702 D hpplay-base: [jniBridge:1727] notifyJava sessionID:(null)
03-28 06:14:44.976 2896 4702 I hpplay-java: [Thread-40]:Bridge:notify: what: 204
03-28 06:14:44.977 2896 4702 I hpplay-java: [Thread-40]:Bridge:notify: out: OutParameters:{audioSessionId=-1, audiotrackIndex=0, castHandleType=-1, castType=0, deviceName='', dlnaName='', dramaID='', extra=-2002, frameHandleType=-1, handleInside=true, headduration=0, header='', headers=null, isAD=false, isMultiMirror=false, lelinkVer='', limitTime=0, , mediaAlbum='null', mediaAlbumArtURI='', mediaArtist='null', mediaAssets='', mediaTitle='null', mimeType=0, multiSession=null, period=0, pinCode='', playSpeed=0.0, playerChoice=0, plugin=0, port=0, position=0.0, positionUnit=2, protocol=0, realSessionID='', regType='', , sinkIp='', sourceAPPVersion='', sourceChannel='', sourceClientInfo='', sourceDeviceInfo='', sourceDeviceModel='', sourceDeviceName='', sourceDeviceType=0, sourceHID='', , sourceInfo='', , , sourceOSVersion='', sourceSDKVersion='', sourceUid='', stopDetail=0, stopReason=0, tailduration=0, url='', urlID='', urls=null, userAgent='', videoDecoder=0, volume=0, what=204}com.hpplay.sdk.sink.protocol.OutParameters@94ac077
03-28 06:14:44.977 2896 4702 I hpplay-java: [Thread-40]:Bridge:notify: address:243426532
03-28 06:14:44.977 2896 4702 I hpplay-base: [mDNSEmbeded:79] embedded_mDNSLoop stopmDNSNow:0 nPublish:-2 nExitFlag:6 tid is 4702
03-28 06:14:44.977 2896 2896 I hpplay-java: [main]:Bridge:findServiceID start out: 243426532
03-28 06:14:44.977 2896 2896 I hpplay-java: [main]:Bridge:findServiceID end
03-28 06:14:44.978 2896 2896 E hpplay-java: [main]:ServerTaskManager:onError 204/-2002 com.hht.lebocast.LelinkHelper$e@614b4b6
03-28 06:14:44.978 2896 2896 I hpplay-java: [main]:ServerTaskManager:cancelTimeOutCheck
03-28 06:14:44.979 2896 2896 W hpplay-java: [main]:ServerTaskManager:onErrorDispatcher errorCode:-2002
03-28 06:14:44.979 2896 2896 I hpplay-java: [main]:ServerTaskManager:onError retry later
03-28 06:14:44.995 2896 4016 I hpplay-java: [AsyncTask #18]:HttpRequest:doGet responseCode:200 0
01-01 08:02:19.429 0 0 E DTC_Display: screen not ready(0)
03-28 06:14:45.179 2896 4709 I hpplay-base: [LelinkReceiver:14605] _connectionFinalize (123)
03-28 06:14:45.179 2896 4709 D hpplay-base: [LelinkReceiver:14752] ###connectionFinalize,release ok!!###
03-28 06:14:45.190 649 663 I mpu_uart: [MSG-P:RECV]:No message received in 1000 ms
03-28 06:14:45.200 649 662 I mpu_uart: [MSG-P:R]:recv sync frame timeout
01-01 08:02:20.221 0 0 E DTC_ETH,link_delay_work_func: 3003, SQI=0, link=0
03-28 06:14:46.001 1306 1369 E tlogd : [TzLogger](isPathReadable) file /sys/kernel/debug/tzdbg/qsee_log isn't exist or no permission, err: No such file or directory
03-28 06:14:46.001 1306 1369 E tlogd : [TzLogger](saveTzlogAsync) /sys/kernel/debug/tzdbg/qsee_log can not read.
03-28 06:14:46.002 1306 1369 E tlogd : [TzLogger](isPathReadable) file /sys/kernel/debug/tzdbg/log isn't exist or no permission, err: No such file or directory
03-28 06:14:46.002 1306 1369 E tlogd : [TzLogger](saveTzlogAsync) /sys/kernel/debug/tzdbg/log can not read.
03-28 06:14:46.190 649 663 I mpu_uart: [MSG-P:RECV]:No message received in 1000 ms
03-28 06:14:46.214 2896 2896 I hpplay-java: [main]:Upgrade:upgrade not be allowed
03-28 06:14:47.191 649 663 I mpu_uart: [MSG-P:RECV]:No message received in 1000 ms
03-28 06:14:47.981 2896 2896 I hpplay-java: [main]:ServerTaskManager:restart by error
03-28 06:14:47.981 2896 2896 I hpplay-java: [main]:ServerTaskManager:startServer
03-28 06:14:47.981 2896 2896 I hpplay-java: [main]:ServerTaskManager:startServer add, reason: server is starting or running
03-28 06:14:47.981 2896 2896 I hpplay-java: [main]:ServerTaskManager:addStopTask
03-28 06:14:47.981 2896 2896 I hpplay-java: [main]:ServerTaskManager:addStartTask
03-28 06:14:47.981 2896 2896 I hpplay-java: [main]:ServerTaskManager:exeTask stopServer
03-28 06:14:47.982 2896 2896 I hpplay-java: [main]:Bridge:stopServer keepPush: false
03-28 06:14:47.982 2896 2896 D hpplay-base: [jniBridge:909] Bridge__1stopServer status:2
03-28 06:14:47.983 2896 2896 D hpplay-base: [LelinkBase:654] stopAllServer will start thread!
03-28 06:14:47.983 2896 4705 D hpplay-base: [AEventUtils:588] handle AEvent thread end!!,tid is 4705
03-28 06:14:47.984 2896 4711 I hpplay-base: [mDNSEmbeded:65] embedded_mDNSExit call
03-28 06:14:47.984 2896 4707 D hpplay-base: [REventUtils:197] handleREventThread thread end!!,tid is 4707
03-28 06:14:48.050 2896 4683 D hpplay-base: [stream_mirror_compat:1284] mirror stream begin to exit,server fd:78,thread_id:3111629248!!
03-28 06:14:48.050 2896 4683 D hpplay-base: [stream_mirror_compat:1323] ##screen stream exit successfully!!##
03-28 06:14:48.183 2896 4682 D hpplay-base: [Server:447] startHttpServer will END srv->serverType:0
03-28 06:14:48.183 2896 4682 D hpplay-base: [Server:646] startHttpServer cond srv_shutdown:1 connectNummber:0
03-28 06:14:48.183 2896 4682 D hpplay-base: [Server:669] startHttpServer wait cond END. srv_shutdown:1 connectNummber:0
03-28 06:14:48.183 2896 4682 D hpplay-base: [Server:457] HttpServer END, tid is 4682
03-28 06:14:48.191 649 663 I mpu_uart: [MSG-P:RECV]:No message received in 1000 ms
03-28 06:14:48.203 649 662 I mpu_uart: [MSG-P:R]:recv sync frame timeout
03-28 06:14:48.783 2896 4702 I hpplay-base: [mDNSEmbeded:140] embedded_mDNSLoop Exiting end,tid is 4702
03-28 06:14:48.784 2896 4711 D hpplay-base: [mDNSEmbeded:452] stopmDNSServer end stopmDNSNow=2, nRet=0
03-28 06:14:48.872 2896 4703 I hpplay-base: [mDNSEmbeded:376] end lelink publish server, tid is 4703
03-28 06:14:48.872 2896 4711 D hpplay-base: [mDNSEmbeded:420] stopmLelinkServer end nRet=0
03-28 06:14:48.872 2896 4711 D hpplay-base: [LelinkBase:615] lebodlna stopServerThreadFunc dlnaEnable:1
03-28 06:14:48.872 2896 4711 D hpplay-base-dlna: [lebodlna_api:49] stop DMR
03-28 06:14:48.872 2896 4711 D hpplay-base-dlna: [lebodlna_api:344] m_pRender Release
03-28 06:14:48.932 2896 4711 D hpplay-base-dlna: [UpnpDefine:867] DMRender release success
03-28 06:14:48.932 2896 4711 D hpplay-base-dlna: [lebodlna_api:352] m_pAVT Release
03-28 06:14:48.932 2896 4711 D hpplay-base-dlna: [lebodlna_api:360] m_pRCS Release
03-28 06:14:48.932 2896 4711 D hpplay-base-dlna: [lebodlna_api:365] dmrender destroydmr
03-28 06:14:49.192 649 663 I mpu_uart: [MSG-P:RECV]:No message received in 1000 ms
03-28 06:14:49.233 2896 4711 D hpplay-base-dlna: [lebodlna-dlna_android:186] stopDLNA
03-28 06:14:49.233 2896 4711 D hpplay-base-dlna: [lebodlna-dlna_android:189] dlnaservice destroy
03-28 06:14:49.233 2896 4711 D hpplay-base-dlna: [lebodlna-dlna_android:49] dlnaservice Destroy 49 int CDlnaService::Destroy()
03-28 06:14:49.233 2896 4711 D hpplay-base-dlna: [lebodlna-dlnaframe:245] dlnaservice Destroy 245 static ERROR_TYPE IDlnaFrame::DestroyDlnaFrame(IDlnaFrame *)
03-28 06:14:49.233 2896 4711 D hpplay-base-dlna: [lebodlna-dlnaframe:179] dlnaservice Destroy 179 virtual void CDlnaFrame::Release()
03-28 06:14:49.233 2896 4711 D hpplay-base-dlna: [lebodlna-dlnaframe:190] dlnaservice Destroy 190 virtual void CDlnaFrame::Release()
03-28 06:14:49.233 2896 4711 D hpplay-base-dlna: [lebodlna-dlnaframe:192] dlnaservice Destroy 192 virtual void CDlnaFrame::Release()
03-28 06:14:49.233 2896 4711 D hpplay-base-dlna: [lebodlna-dlnaframe:247] dlnaservice Destroy 247 static ERROR_TYPE IDlnaFrame::DestroyDlnaFrame(IDlnaFrame *)
03-28 06:14:49.233 2896 4711 D hpplay-base-dlna: [lebodlna-dlnaframe:251] dlnaservice Destroy 251 static ERROR_TYPE IDlnaFrame::DestroyDlnaFrame(IDlnaFrame *)
03-28 06:14:49.236 2896 4711 E hpplay-base-dlna: upnpapi.c:655::before gminiserver ThreadPoolShutdown
03-28 06:14:49.236 2896 4711 E hpplay-base-dlna: ThreadPool.c:1047::on ThreadPoolShutdown tp->totalThreads:3
03-28 06:14:49.237 2896 4711 E hpplay-base-dlna: ThreadPool.c:1056::after ThreadPoolShutdown
03-28 06:14:49.237 2896 4711 E hpplay-base-dlna: ThreadPool.c:1057::ThreadPoolShutdown tp->totalThreads:0
03-28 06:14:49.237 2896 4711 E hpplay-base-dlna: upnpapi.c:657::after gminiserver ThreadPoolShutdown
03-28 06:14:49.237 2896 4711 E hpplay-base-dlna: upnpapi.c:659::before grecv ThreadPoolShutdown
03-28 06:14:49.237 2896 4711 E hpplay-base-dlna: ThreadPool.c:1047::on ThreadPoolShutdown tp->totalThreads:12
03-28 06:14:49.237 2896 4711 E hpplay-base-dlna: ThreadPool.c:1047::on ThreadPoolShutdown tp->totalThreads:11
03-28 06:14:49.238 2896 4711 E hpplay-base-dlna: ThreadPool.c:1047::on ThreadPoolShutdown tp->totalThreads:3
03-28 06:14:49.238 2896 4711 E hpplay-base-dlna: ThreadPool.c:1047::on ThreadPoolShutdown tp->totalThreads:2
03-28 06:14:49.238 2896 4711 E hpplay-base-dlna: ThreadPool.c:1047::on ThreadPoolShutdown tp->totalThreads:1
03-28 06:14:49.238 2896 4711 E hpplay-base-dlna: ThreadPool.c:1056::after ThreadPoolShutdown
03-28 06:14:49.238 2896 4711 E hpplay-base-dlna: ThreadPool.c:1057::ThreadPoolShutdown tp->totalThreads:0
03-28 06:14:49.239 2896 4711 E hpplay-base-dlna: upnpapi.c:661::after grecv ThreadPoolShutdown
03-28 06:14:49.239 2896 4711 E hpplay-base-dlna: upnpapi.c:663::before gsend ThreadPoolShutdown
03-28 06:14:49.239 2896 4711 E hpplay-base-dlna: ThreadPool.c:1047::on ThreadPoolShutdown tp->totalThreads:3
03-28 06:14:49.239 2896 4711 E hpplay-base-dlna: ThreadPool.c:1047::on ThreadPoolShutdown tp->totalThreads:2
03-28 06:14:49.239 2896 4711 E hpplay-base-dlna: ThreadPool.c:1047::on ThreadPoolShutdown tp->totalThreads:1
03-28 06:14:49.239 2896 4711 E hpplay-base-dlna: ThreadPool.c:1056::after ThreadPoolShutdown
03-28 06:14:49.239 2896 4711 E hpplay-base-dlna: ThreadPool.c:1057::ThreadPoolShutdown tp->totalThreads:0
03-28 06:14:49.239 2896 4711 E hpplay-base-dlna: upnpapi.c:665::after gsend ThreadPoolShutdown
03-28 06:14:49.239 2896 4711 D hpplay-base-dlna: [lebodlna-dlnaframe:253] dlnaservice Destroy 253 static ERROR_TYPE IDlnaFrame::DestroyDlnaFrame(IDlnaFrame *)
03-28 06:14:49.239 2896 4711 D hpplay-base-dlna: [lebodlna-dlna_android:51] dlnaservice Destroy 51 int CDlnaService::Destroy()
03-28 06:14:49.239 2896 4711 D hpplay-base-dlna: [lebodlna-dlna_android:194] stopDLNA end
03-28 06:14:49.540 2896 4711 D hpplay-base: [stream_mirror_compat:1489] request to stop screen stream session!!
03-28 06:14:49.540 2896 4711 D hpplay-base: [AEventUtils:625] begin to stop event handle service!!
03-28 06:14:49.540 2896 4711 D hpplay-base: [AEventUtils:628] stop event handle service ok!!
03-28 06:14:49.540 2896 4711 D hpplay-base: [REventUtils:231] begin to stop report handle service!!
03-28 06:14:49.540 2896 4711 D hpplay-base: [REventUtils:234] stop report handle service ok!!
03-28 06:14:49.540 2896 4711 D hpplay-base: [lelinkSinkServer:711] HTTP Server stopSinkServer End .
03-28 06:14:49.540 2896 4711 D hpplay-base: [jniBridge:1135] notifyJavaServerStoped
03-28 06:14:49.540 2896 4711 D hpplay-base: [jniBridge:1726] notifyJava, what:202, castType:0, mimeType:0 baseStatus:4
03-28 06:14:49.540 2896 4711 D hpplay-base: [jniBridge:1727] notifyJava sessionID:(null)
03-28 06:14:49.541 2896 4711 I hpplay-java: [Thread-41]:Bridge:notify: what: 202
03-28 06:14:49.544 2896 4711 I hpplay-java: [Thread-41]:Bridge:notify: out: OutParameters:{audioSessionId=-1, audiotrackIndex=0, castHandleType=-1, castType=0, deviceName='', dlnaName='', dramaID='', extra=0, frameHandleType=-1, handleInside=true, headduration=0, header='', headers=null, isAD=false, isMultiMirror=false, lelinkVer='', limitTime=0, , mediaAlbum='null', mediaAlbumArtURI='', mediaArtist='null', mediaAssets='', mediaTitle='null', mimeType=0, multiSession=null, period=0, pinCode='', playSpeed=0.0, playerChoice=0, plugin=0, port=0, position=0.0, positionUnit=2, protocol=0, realSessionID='', regType='', , sinkIp='', sourceAPPVersion='', sourceChannel='', sourceClientInfo='', sourceDeviceInfo='', sourceDeviceModel='', sourceDeviceName='', sourceDeviceType=0, sourceHID='', , sourceInfo='', , , sourceOSVersion='', sourceSDKVersion='', sourceUid='', stopDetail=0, stopReason=0, tailduration=0, url='', urlID='', urls=null, userAgent='', videoDecoder=0, volume=0, what=202}com.hpplay.sdk.sink.protocol.OutParameters@850a002
03-28 06:14:49.544 2896 4711 I hpplay-java: [Thread-41]:Bridge:notify: address:245427475
03-28 06:14:49.544 2896 4711 D hpplay-base: [LelinkBase:645] stopServerThreadFunc notifyJavaServerStoped!
03-28 06:14:49.545 2896 2896 I hpplay-java: [main]:ServerTaskManager:startTimeOutCheck
03-28 06:14:49.545 2896 2896 I hpplay-java: [main]:ServerBusiness:stopDaemonBusiness
03-28 06:14:49.545 2896 2896 I hpplay-java: [main]:SinkDataReport:logout
03-28 06:14:49.546 2896 2896 I hpplay-java: [main]:EPControl:release
03-28 06:14:49.548 2896 3853 I hpplay-java: [AsyncTask #6]:GlideCreator:clearCache clearDiskCache
03-28 06:14:49.550 2896 4677 W hpplay-java: NanoHTTPDServerRunnable:Communication with the client broken
03-28 06:14:49.550 2896 4677 W hpplay-java: java.net.SocketException: Socket closed
03-28 06:14:49.550 2896 4677 W hpplay-java: at java.net.PlainSocketImpl.socketAccept(PlainSocketImpl.java:213)
03-28 06:14:49.550 2896 4677 W hpplay-java: at java.net.AbstractPlainSocketImpl.accept(AbstractPlainSocketImpl.java:451)
03-28 06:14:49.550 2896 4677 W hpplay-java: at java.net.ServerSocket.implAccept(ServerSocket.java:547)
03-28 06:14:49.550 2896 4677 W hpplay-java: at java.net.ServerSocket.accept(ServerSocket.java:515)
03-28 06:14:49.550 2896 4677 W hpplay-java: at com.hpplay.nanohttpd.protocols.http.ServerRunnable.run(SourceFile:118)
03-28 06:14:49.550 2896 4677 W hpplay-java: at java.lang.Thread.run(Thread.java:920)
03-28 06:14:49.550 2896 4677 I hpplay-java: NanoHTTPDNanoHTTPD:server is stoped
03-28 06:14:49.551 2896 2896 I hpplay-java: [main]:Dispatcher:notifyAllReverseControlsStop
03-28 06:14:49.551 2896 2896 I hpplay-java: [main]:Preference:checkFeature none
03-28 06:14:49.551 2896 2896 I hpplay-java: [main]:Dispatcher:notifyAllUIControlsStop set: []
03-28 06:14:49.552 2896 2896 I hpplay-java: [main]:Bridge:findServiceID start out: 245427475
03-28 06:14:49.552 2896 2896 I hpplay-java: [main]:Bridge:findServiceID end
03-28 06:14:49.552 2896 2896 I hpplay-java: [main]:ServerTaskManager:onStop retry:true
03-28 06:14:49.552 2896 2896 I hpplay-java: [main]:ServerTaskManager:cancelTimeOutCheck
03-28 06:14:49.553 2896 4677 I hpplay-java: NanoHTTPDNanoHTTPD:clear obj
03-28 06:14:49.554 2896 2896 I hpplay-java: [main]:IPManager:getActiveNets type: WIFI
03-28 06:14:49.554 2896 2896 I hpplay-java: [main]:IPManager:getActiveNets eth0:false wifi:true mobile:false ap:false
03-28 06:14:49.554 2896 2896 I hpplay-java: [main]:IPManager:getIPAddress IP_WLAN0
03-28 06:14:49.558 2896 2896 I hpplay-java: [main]:IPManager:updateIPAddress getIPAddress: 192.168.4.16 name:vlan4
03-28 06:14:49.559 2896 2896 I hpplay-java: [main]:IPManager:updateIPAddress getIPAddress: 10.0.0.129 name:wlan0
03-28 06:14:49.559 2896 2896 I hpplay-java: [main]:IPManager:updateIPAddress getIPAddress: 192.168.8.16 name:vlan8
03-28 06:14:49.559 2896 2896 I hpplay-java: [main]:IPManager:updateIPAddress getIPAddress: 192.168.11.16 name:vlan11
03-28 06:14:49.559 2896 2896 I hpplay-java: [main]:IPManager:updateIPAddress getIPAddress: 192.168.0.16 name:vlan0
03-28 06:14:49.559 2896 2896 I hpplay-java: [main]:IPManager:updateIPAddress getIPAddress: 192.168.2.16 name:vlan2
03-28 06:14:49.559 2896 2896 I hpplay-java: [main]:IPManager:updateIPAddress getIPAddress: 192.168.1.16 name:vlan1
03-28 06:14:49.560 2896 2896 I hpplay-java: [main]:ServerTaskManager:exeTask startServer
03-28 06:14:49.560 2896 3862 I hpplay-java: [AsyncTask #12]:ServerBusiness:startDaemonBusiness
03-28 06:14:49.561 2896 3866 I hpplay-java: [AsyncTask #14]:Bridge:assembleInParameters
03-28 06:14:49.561 2896 3862 I hpplay-java: [AsyncTask #12]:TimeOutCheckUtil:addTask id:upgrade
03-28 06:14:49.561 2896 3862 I hpplay-java: [AsyncTask #12]:TimeOutCheckUtil:addTask id:ijkupgrade
03-28 06:14:49.561 2896 2896 I hpplay-java: [main]:ServerTaskManager:startTimeOutCheck
03-28 06:14:49.562 2896 3866 I hpplay-java: [AsyncTask #14]:Bridge:createDeviceId deviceId:Nzc6OTA6MDY6MmM6ZWM6MTU=
03-28 06:14:49.563 2896 4714 I hpplay-java: NanoHTTPDNanoHTTPD:server is started
03-28 06:14:49.563 2896 3866 I hpplay-java: [AsyncTask #14]:IPManager:getActiveNets type: WIFI
03-28 06:14:49.563 2896 3866 I hpplay-java: [AsyncTask #14]:IPManager:getActiveNets eth0:false wifi:true mobile:false ap:false
03-28 06:14:49.563 2896 3866 I hpplay-java: [AsyncTask #14]:IPManager:getIPAddress IP_WLAN0
03-28 06:14:49.563 2896 3866 I hpplay-java: [AsyncTask #14]:Preference:checkFeature none
03-28 06:14:49.563 2896 3866 I hpplay-java: [AsyncTask #14]:SWI:dlna tip
03-28 06:14:49.563 2896 3866 I hpplay-java: [AsyncTask #14]:SWI:lefp tip
03-28 06:14:49.563 2896 3866 I hpplay-java: [AsyncTask #14]:Bridge:assembleInParameters none alias name use device name: 高合娱乐副屏
03-28 06:14:49.564 2896 3866 I hpplay-java: [AsyncTask #14]:Feature:isSendAdvertisement
03-28 06:14:49.564 2896 3866 I hpplay-java: [AsyncTask #14]:Preference:checkFeature none
03-28 06:14:49.564 2896 3861 I hpplay-java: [AsyncTask #11]:HttpRequest:doGet responseCode:200 0
03-28 06:14:49.565 2896 3866 I hpplay-java: [AsyncTask #14]:Preference:checkFeature none
03-28 06:14:49.565 2896 3866 I hpplay-java: [AsyncTask #14]:Bridge:backupHpplayDat bakPath:
03-28 06:14:49.565 2896 3866 I hpplay-java: [AsyncTask #14]:Bridge:path:/data/user/0/com.hht.lebocast/files/hpplay/file/happyplay.dat
03-28 06:14:49.565 2896 3866 I hpplay-java: [AsyncTask #14]:Bridge:mAppId:21409
03-28 06:14:49.565 2896 3866 I hpplay-java: [AsyncTask #14]:Bridge:mode:3
03-28 06:14:49.565 2896 3866 I hpplay-java: [AsyncTask #14]:Bridge:type:1
03-28 06:14:49.565 2896 3866 I hpplay-java: [AsyncTask #14]:Bridge:SN:
03-28 06:14:49.565 2896 3866 I hpplay-java: [AsyncTask #14]:Preference:checkFeature none
03-28 06:14:49.565 2896 3866 I hpplay-java: [AsyncTask #14]:Bridge:backPath:
03-28 06:14:49.565 2896 3866 I hpplay-java: [AsyncTask #14]:DeviceUtil:getPermissionDid: 1
03-28 06:14:49.565 2896 3866 I hpplay-java: [AsyncTask #14]:DeviceUtil:getPermissionDid: 1
03-28 06:14:49.566 2896 3866 I hpplay-java: [AsyncTask #14]:BPIFileUtil:getMd5ByFile: 0FA04FD08975C81CDD9275F6AE23A020
03-28 06:14:49.566 2896 3866 I hpplay-java: [AsyncTask #14]:Preference:checkFeature none
03-28 06:14:49.566 2896 3866 I hpplay-java: [AsyncTask #14]:Preference:checkFeature none
03-28 06:14:49.567 2896 3866 I hpplay-java: [AsyncTask #14]:Preference:checkFeature none
03-28 06:14:49.567 2896 3866 I hpplay-java: [AsyncTask #14]:Preference:checkFeature none
03-28 06:14:49.567 2896 3866 I hpplay-java: [AsyncTask #14]:Preference:checkFeature none
03-28 06:14:49.572 2896 3862 W hpplay-java: [AsyncTask #12]:ServerBusiness:startDaemonBusiness start LelinkHTTPD sucess 52288
03-28 06:14:49.575 2896 2896 I hpplay-java: [main]:ServerBusiness:get deviceCode:2438898122
03-28 06:14:49.584 2896 3866 W hpplay-java: [AsyncTask #14]:DeviceUtils:getDomain create lb domain
03-28 06:14:49.585 2896 3866 I hpplay-java: [AsyncTask #14]:Feature:getMirrorAudioVideoSync DISABLE
03-28 06:14:49.585 2896 3866 I hpplay-java: [AsyncTask #14]:Feature:checkSupportRedirectOtherApp,no set redirect api
03-28 06:14:49.585 2896 3866 I hpplay-java: [AsyncTask #14]:Feature:getRedirectSearchFlag,value: 0
