03-28 06:13:36.156 1124 1544 D CompatibilityChangeReporter: Compat change id reported: 143937733; UID 10092; state: ENABLED
03-28 06:13:36.160 1124 2157 D CompatibilityChangeReporter: Compat change id reported: 168419799; UID 1000; state: DISABLED
03-28 06:13:36.161 1124 1544 W ActivityManager: Slow operation: 209ms so far, now at startProcess: returned from zygote!
03-28 06:13:36.162 1124 1544 W ActivityManager: Slow operation: 210ms so far, now at startProcess: done updating battery stats
03-28 06:13:36.162 1124 1544 W ActivityManager: Slow operation: 210ms so far, now at startProcess: building log message
03-28 06:13:36.162 1124 1544 I ActivityManager: Start proc 2496:android.ext.services/u0a92 for service {android.ext.services/android.ext.services.autofill.InlineSuggestionRenderServiceImpl}
03-28 06:13:36.162 1124 1544 W ActivityManager: Slow operation: 210ms so far, now at startProcess: starting to update pids map
03-28 06:13:36.162 1124 1544 W ActivityManager: Slow operation: 210ms so far, now at startProcess: done updating pids map
03-28 06:13:36.162 1124 1544 D CompatibilityChangeReporter: Compat change id reported: 143937733; UID 10062; state: ENABLED
01-01 08:01:10.423 0 0 I binder : 2331:2331 ioctl 40046210 7fc521abe4 returned -22
03-28 06:13:36.168 1124 1544 W ActivityManager: Slow operation: 55ms so far, now at startProcess: returned from zygote!
03-28 06:13:36.168 1124 1544 W ActivityManager: Slow operation: 55ms so far, now at startProcess: done updating battery stats
03-28 06:13:36.168 1124 1544 W ActivityManager: Slow operation: 55ms so far, now at startProcess: building log message
03-28 06:13:36.168 1124 1544 I ActivityManager: Start proc 2500:com.thundercomm.gamemode.provider/u0a62 for content provider {com.thundercomm.gamemode.provider/com.thundercomm.gamemode.provider.SettingsProvider}
03-28 06:13:36.168 1124 1544 W ActivityManager: Slow operation: 55ms so far, now at startProcess: starting to update pids map
03-28 06:13:36.169 1124 1544 W ActivityManager: Slow operation: 56ms so far, now at startProcess: done updating pids map
01-01 08:01:10.429 0 0 E DTC_Display: screen not ready(0)
01-01 08:01:10.434 0 0 I binder : 2436:2436 ioctl 40046210 7fc521bc34 returned -22
01-01 08:01:10.434 0 0 E DTC_Display: Backlight not on(0)
03-28 06:13:36.185 1124 1124 W Looper : Slow dispatch took 119ms main h=android.app.ActivityThread$H c=android.app.LoadedApk$ReceiverDispatcher$Args$$ExternalSyntheticLambda0@cd8c5db m=0
03-28 06:13:36.186 1124 1124 D BluetoothManagerService: Bluetooth Adapter name changed to 高合娱乐副屏 by android
03-28 06:13:36.186 1124 1124 D BluetoothManagerService: Stored Bluetooth name: 高合娱乐副屏
03-28 06:13:36.187 1124 1124 D ConditionProviders.SCP: onSubscribe condition://android/schedule?days=1.2.3.4.5.6.7&start=22.0&end=7.0&exitAtAlarm=true
03-28 06:13:36.187 1124 1124 D ConditionProviders.SCP: setRegistered true
01-01 08:01:10.446 0 0 I binder : 2496:2496 ioctl 40046210 7fc521bc34 returned -22
01-01 08:01:10.446 0 0 I atmel_mxt_ts 0-004a: FB event:1,blank:0
01-01 08:01:10.446 0 0 I atmel_mxt_ts 0-004a: drm_notifier_callback: UNBLANK! Resume by drm notifier.
03-28 06:13:36.190 1124 2003 D CompatibilityChangeReporter: Compat change id reported: 168419799; UID 10065; state: DISABLED
03-28 06:13:36.191 1124 1124 D ConditionProviders.SCP: evaluateSubscriptionLocked cal=ScheduleCalendar[mDays={1, 2, 3, 4, 5, 6, 7}, mSchedule=ScheduleInfo{days=[1, 2, 3, 4, 5, 6, 7], startHour=22, startMinute=0, endHour=7, endMinute=0, exitAtAlarm=true, nextAlarm=Thu Jan 01 08:00:00 GMT+08:00 1970 (0)}], now=Tue Mar 28 06:13:36 GMT+08:00 2023 (1679955216187), nextUserAlarmTime=Thu Jan 01 08:00:00 GMT+08:00 1970 (0)
03-28 06:13:36.191 1124 1124 D ConditionProviders.SCP: notifyCondition condition://android/schedule?days=1.2.3.4.5.6.7&start=22.0&end=7.0&exitAtAlarm=true STATE_TRUE reason=meetsSchedule
01-01 08:01:10.450 0 0 I binder : 2500:2500 ioctl 40046210 7fc521bc34 returned -22
03-28 06:13:36.192 1124 2122 D CompatibilityChangeReporter: Compat change id reported: 168419799; UID 10092; state: DISABLED
03-28 06:13:36.194 1124 1124 D ConditionProviders.SCP: Scheduling evaluate for Tue Mar 28 07:00:00 GMT+08:00 2023 (1679958000000), in +46m23s813ms, now=Tue Mar 28 06:13:36 GMT+08:00 2023 (1679955216187)
03-28 06:13:36.195 1124 1124 D CompatibilityChangeReporter: Compat change id reported: 171306433; UID 1000; state: ENABLED
03-28 06:13:36.197 1124 1124 D BluetoothManagerService: BluetoothServiceConnection: com.android.bluetooth.btservice.AdapterService
03-28 06:13:36.197 1124 1523 D BluetoothManagerService: MESSAGE_BLUETOOTH_SERVICE_CONNECTED: 1
03-28 06:13:36.197 1124 1124 I ConnectivityModuleConnector: Networking module service connected
01-01 08:01:10.458 0 0 I binder : 2490:2490 ioctl 40046210 7fc521bc34 returned -22
03-28 06:13:36.200 1124 2123 D CompatibilityChangeReporter: Compat change id reported: 168419799; UID 10062; state: DISABLED
03-28 06:13:36.200 1124 1523 D BluetoothManagerService: MESSAGE_INFORM_ADAPTER_SERVICE_UP
03-28 06:13:36.200 1124 1523 D BluetoothManagerService: Broadcasting onBluetoothServiceUp() to 3 receivers.
03-28 06:13:36.204 1124 1523 D BluetoothManagerService: MESSAGE_BLUETOOTH_STATE_CHANGE: OFF > BLE_TURNING_ON
03-28 06:13:36.204 1124 1523 D BluetoothManagerService: Sending BLE State Change: OFF > BLE_TURNING_ON
03-28 06:13:36.212 1124 2122 D CompatibilityChangeReporter: Compat change id reported: 168419799; UID 1000; state: DISABLED
03-28 06:13:36.220 1124 1165 D CompatibilityChangeReporter: Compat change id reported: 168419799; UID 1002; state: DISABLED
03-28 06:13:36.227 1124 1727 W ActivityThread: Failed to find provider info for com.android.calendar (user not unlocked)
03-28 06:13:36.229 1124 1727 W ActivityThread: Failed to find provider info for com.android.calendar (user not unlocked)
03-28 06:13:36.232 1124 1124 W BluetoothManagerService: bindBluetoothProfileService:Trying to bind to profile: 1, while Bluetooth is disabled
01-01 08:01:10.496 0 0 I binder : 2427:2427 ioctl 40046210 7fc521a7a4 returned -22
03-28 06:13:36.241 1124 2582 I Telecom : BluetoothRouteManager: getBluetoothAudioConnectedDevice: no service available.
03-28 06:13:36.243 1124 1124 I Telecom : SystemStateHelper: Registering broadcast receiver: android.content.IntentFilter@f0106c8: TS.init@AAA
03-28 06:13:36.243 1124 1124 I Telecom : SystemStateHelper: Registering broadcast receiver: android.content.IntentFilter@a310361: TS.init@AAA
03-28 06:13:36.247 2427 2427 W ContextImpl: Calling a method in the system process without a qualified user: android.app.ContextImpl.startService:1816 android.content.ContextWrapper.startService:774 com.thundercomm.tcservice.TCService.init:46 com.thundercomm.tcservice.TCService.onCreate:33 android.app.ActivityThread.handleCreateService:4488
03-28 06:13:36.261 1124 2591 I Telecom : Logging.Events: Non-call EVENT: AUDIO_ROUTE, Entering state QuiescentEarpieceRoute
03-28 06:13:36.261 1124 2591 I Telecom : BluetoothRouteManager: getBluetoothAudioConnectedDevice: no service available.
03-28 06:13:36.263 1124 2612 I Telecom : CallAudioModeStateMachine: Message received: null.: TS.init->CAMSM.pM_1@AAA
03-28 06:13:36.265 1124 1124 I Telecom : MissedCallNotifierImpl: reloadFromDatabase: Boot not yet complete -- call log db may not be available. Deferring loading until boot complete for user 0: TS.init@AAA
03-28 06:13:36.268 1124 1710 D CompatibilityChangeReporter: Compat change id reported: 135634846; UID 10071; state: DISABLED
03-28 06:13:36.268 1124 1710 D CompatibilityChangeReporter: Compat change id reported: 177438394; UID 10071; state: DISABLED
03-28 06:13:36.268 1124 1710 D CompatibilityChangeReporter: Compat change id reported: 135772972; UID 10071; state: DISABLED
03-28 06:13:36.268 1124 1710 D CompatibilityChangeReporter: Compat change id reported: 135754954; UID 10071; state: ENABLED
03-28 06:13:36.268 1124 1544 D CompatibilityChangeReporter: Compat change id reported: 143937733; UID 10071; state: ENABLED
01-01 08:01:10.519 0 0 E bt_ioctl: BT_CMD_PWR_CTRL pwr_cntrl:0
01-01 08:01:10.524 0 0 E bt_ioctl: BT state already:0 no change done
03-28 06:13:36.274 1124 1544 I ActivityManager: Start proc 2617:com.android.launcher3/u0a71 for service {com.android.launcher3/com.android.quickstep.TouchInteractionService}
01-01 08:01:10.533 0 0 E bt_ioctl: BT_CMD_PWR_CTRL pwr_cntrl:1
01-01 08:01:10.533 0 0 E diag : In diag_ioctl_set_buffering_mode, invalid peripheral = -22
01-01 08:01:10.535 0 0 I binder : 2000:2614 ioctl 40046210 6cd67ac124 returned -22
01-01 08:01:10.538 0 0 I bt_power vendor: bt_qca6390: Linked as a consumer to regulator.9
01-01 08:01:10.546 0 0 E bt_vreg_enable: vreg_en successful for : qca,bt-vdd-aon
01-01 08:01:10.549 0 0 I binder : 2456:2456 ioctl 40046210 7fc5219c14 returned -22
01-01 08:01:10.552 0 0 I bt_power vendor: bt_qca6390: Linked as a consumer to regulator.51
01-01 08:01:10.552 0 0 E bt_vreg_enable: vreg_en successful for : qca,bt-vdd-dig
01-01 08:01:10.559 0 0 I bt_power vendor: bt_qca6390: Linked as a consumer to regulator.8
01-01 08:01:10.559 0 0 E bt_vreg_enable: vreg_en successful for : qca,bt-vdd-rfa1
01-01 08:01:10.564 0 0 I binder : 2617:2617 ioctl 40046210 7fc521bc34 returned -22
01-01 08:01:10.566 0 0 I bt_power vendor: bt_qca6390: Linked as a consumer to regulator.36
01-01 08:01:10.566 0 0 E bt_vreg_enable: vreg_en successful for : qca,bt-vdd-rfa2
01-01 08:01:10.573 0 0 I bt_power vendor: bt_qca6390: Linked as a consumer to regulator.27
01-01 08:01:10.573 0 0 E bt_vreg_enable: vreg_en successful for : qca,bt-vdd-asd
03-28 06:13:36.321 1124 1710 D CompatibilityChangeReporter: Compat change id reported: 168419799; UID 10071; state: DISABLED
03-28 06:13:36.352 1124 1710 D CompatibilityChangeReporter: Compat change id reported: 135634846; UID 10086; state: DISABLED
03-28 06:13:36.352 1124 1710 D CompatibilityChangeReporter: Compat change id reported: 177438394; UID 10086; state: DISABLED
03-28 06:13:36.352 1124 1710 D CompatibilityChangeReporter: Compat change id reported: 135772972; UID 10086; state: DISABLED
03-28 06:13:36.352 1124 1710 D CompatibilityChangeReporter: Compat change id reported: 135754954; UID 10086; state: ENABLED
03-28 06:13:36.353 1124 1544 D CompatibilityChangeReporter: Compat change id reported: 143937733; UID 10086; state: ENABLED
01-01 08:01:10.611 0 0 I binder : 2490:2635 ioctl 40046210 6d4ad361f4 returned -22
03-28 06:13:36.361 1124 1544 I ActivityManager: Start proc 2663:com.qualcomm.qti.qccauthmgr/u0a86 for content provider {com.qualcomm.qti.qccauthmgr/com.qualcomm.qti.qccauthmgr.providers.SMQContentProvider}
03-28 06:13:36.365 1124 1524 I ActivityManagerTiming: FinishBooting
03-28 06:13:36.368 1124 1524 W KeyguardServiceDelegate: onScreenTurningOn(): no keyguard service!
01-01 08:01:10.633 0 0 I bt_configure_gpios: BTON:Turn Bt Off bt-reset-gpio(1121) value(0)
01-01 08:01:10.633 0 0 I bt_configure_gpios: BTON:Turn Bt Off
01-01 08:01:10.633 0 0 I bt_configure_gpios: bt-sw-ctrl-gpio(1224) value(1)
01-01 08:01:10.633 0 0 I bt_enable_bt_reset_gpios_safely: bt_enable_bt_reset_gpios_safely: BTON:Turn Bt On
01-01 08:01:10.633 0 0 I bt_enable_bt_reset_gpios_safely: bt_enable_bt_reset_gpios_safely: wl-reset-gpio(1120) value(1)
01-01 08:01:10.633 0 0 I bt_enable_bt_reset_gpios_safely: bt_enable_bt_reset_gpios_safely: BTON: Asserting BT_EN
03-28 06:13:36.378 1124 1124 I Telecom : MissedCallNotifierImpl: reloadFromDatabase: Boot not yet complete -- call log db may not be available. Deferring loading until boot complete for user 0: TS.init@AAA
03-28 06:13:36.380 1124 1124 I Telecom : Class: TelecomSystem.INSTANCE being set
01-01 08:01:10.638 0 0 I binder : 2663:2663 ioctl 40046210 7fc521bc34 returned -22
03-28 06:13:36.381 1124 1124 W Looper : Slow dispatch took 178ms main h=android.app.ActivityThread$H c=android.app.LoadedApk$ServiceDispatcher$RunConnection@779aa2f m=0
03-28 06:13:36.383 1124 1124 D AutofillManagerService: Restriction did not change for user 0
03-28 06:13:36.385 1124 2122 D CompatibilityChangeReporter: Compat change id reported: 168419799; UID 10086; state: DISABLED
03-28 06:13:36.386 1124 1124 I ConnectivityModuleConnector: Networking module service connected
03-28 06:13:36.387 1124 2122 I StatusBarManagerService: registerStatusBar bar=com.android.internal.statusbar.IStatusBar$Stub$Proxy@ad9b379
03-28 06:13:36.390 1124 1124 D CompanionDeviceManagerService: Received BT state transition broadcast: OFF -> BLE_TURNING_ON
03-28 06:13:36.390 1124 1124 I ExplicitHealthCheckController: Explicit health check service is connected ComponentInfo{android.ext.services/android.ext.services.watchdog.ExplicitHealthCheckServiceImpl}
03-28 06:13:36.390 1124 1124 I ExplicitHealthCheckController: Service initialized, syncing requests
03-28 06:13:36.391 1124 1124 I Telecom : WiredHeadsetManager: ACTION_HEADSET_PLUG event, plugged in: false, : WHC.oADA@AAE
03-28 06:13:36.391 1124 1124 V NotificationAssistants: 0 notification assistant service connected: ComponentInfo{android.ext.services/android.ext.services.notification.Assistant}
03-28 06:13:36.392 1124 1124 W Looper : Drained
03-28 06:13:36.395 1124 1124 I GameModeConfig: isGameModeOn = false
03-28 06:13:36.397 1124 1124 W NotificationHistory: Attempted to add notif for locked/gone/disabled user 0
03-28 06:13:36.397 1124 1124 I PackageWatchdog: Syncing health check requests for packages: {com.qualcomm.qti.devicestatisticsservice}
03-28 06:13:36.397 1124 1124 D ExplicitHealthCheckController: Getting health check supported packages
03-28 06:13:36.398 1124 2122 I ExplicitHealthCheckController: Explicit health check supported packages [PackageConfig{com.android.networkstack, 86400000}]
03-28 06:13:36.398 1124 2122 D PackageWatchdog: Received supported packages [PackageConfig{com.android.networkstack, 86400000}]
03-28 06:13:36.398 1124 2122 I PackageWatchdog: Updated health check state for package com.qualcomm.qti.devicestatisticsservice: INACTIVE -> PASSED
03-28 06:13:36.398 1124 2122 I PackageWatchdog: Syncing state, reason: updated health check supported packages [PackageConfig{com.android.networkstack, 86400000}]
03-28 06:13:36.398 1124 1541 I PackageWatchdog: Saving observer state to file
03-28 06:13:36.398 1124 2122 D ExplicitHealthCheckController: Getting health check requested packages
03-28 06:13:36.400 1124 1124 I PackageWatchdog: Syncing health check requests for packages: {}
03-28 06:13:36.400 1124 1124 D ExplicitHealthCheckController: Getting health check supported packages
03-28 06:13:36.401 1124 2152 I ExplicitHealthCheckController: Explicit health check requested packages []
03-28 06:13:36.401 1124 2152 I ExplicitHealthCheckController: No more health check requests, unbinding...
03-28 06:13:36.401 1124 2122 I ExplicitHealthCheckController: Explicit health check supported packages [PackageConfig{com.android.networkstack, 86400000}]
03-28 06:13:36.401 1124 2122 D PackageWatchdog: Received supported packages [PackageConfig{com.android.networkstack, 86400000}]
03-28 06:13:36.402 1124 2152 I ExplicitHealthCheckController: Explicit health check service is unbound
03-28 06:13:36.402 1124 2122 I ExplicitHealthCheckController: Service not ready to get health check requested packages. Binding...
03-28 06:13:36.403 1124 2122 I ExplicitHealthCheckController: Explicit health check service is bound
03-28 06:13:36.404 1124 1124 I ExplicitHealthCheckController: Explicit health check service is connected ComponentInfo{android.ext.services/android.ext.services.watchdog.ExplicitHealthCheckServiceImpl}
03-28 06:13:36.404 1124 1124 I ExplicitHealthCheckController: Service initialized, syncing requests
03-28 06:13:36.404 1124 1124 I PackageWatchdog: Syncing health check requests for packages: {}
03-28 06:13:36.404 1124 1124 D ExplicitHealthCheckController: Getting health check supported packages
03-28 06:13:36.405 1124 2122 I ExplicitHealthCheckController: Explicit health check supported packages [PackageConfig{com.android.networkstack, 86400000}]
03-28 06:13:36.405 1124 2122 D PackageWatchdog: Received supported packages [PackageConfig{com.android.networkstack, 86400000}]
03-28 06:13:36.405 1124 2122 D ExplicitHealthCheckController: Getting health check requested packages
03-28 06:13:36.405 1124 2122 I ExplicitHealthCheckController: Explicit health check requested packages []
03-28 06:13:36.405 1124 2122 I ExplicitHealthCheckController: No more health check requests, unbinding...
03-28 06:13:36.405 1124 2122 I ExplicitHealthCheckController: Explicit health check service is unbound
03-28 06:13:36.418 1124 2152 D CompatibilityChangeReporter: Compat change id reported: 171306433; UID 1000; state: ENABLED
01-01 08:01:10.689 0 0 I bt_configure_gpios: BTON:Turn Bt On bt-reset-gpio(1121) value(1)
01-01 08:01:10.689 0 0 I bt_configure_gpios: BTON:Turn Bt On
01-01 08:01:10.689 0 0 I bt_configure_gpios: bt-sw-ctrl-gpio(1224) value(1)
01-01 08:01:10.689 0 0 I bt_configure_gpios: bt_gpio= 1121 on: 1 is successful
01-01 08:01:10.715 0 0 E bt_ioctl: unified Current SOC Version : 400a0200
03-28 06:13:36.509 1124 2122 D CompatibilityChangeReporter: Compat change id reported: 168419799; UID 10078; state: DISABLED
03-28 06:13:36.536 2000 2498 W ActivityThread: Failed to find provider info for com.android.contacts (user not unlocked)
03-28 06:13:36.600 2000 2605 W ActivityThread: Failed to find provider info for com.android.contacts (user not unlocked)
03-28 06:13:36.611 2000 2605 W ActivityThread: Failed to find provider info for com.android.contacts (user not unlocked)
03-28 06:13:36.617 2000 2605 W ActivityThread: Failed to find provider info for com.android.contacts (user not unlocked)
01-01 08:01:10.909 0 0 I msm-dwc3 a800000.ssusb: DWC3 in low power mode
01-01 08:01:10.909 0 0 I msm-dwc3 a600000.ssusb: DWC3 in low power mode
01-01 08:01:11.033 0 0 I qcom_rpmh DRV: apps_rsc TCS Busy, retrying RPMH message send: addr=0x30010
03-28 06:13:36.779 1124 1524 I ActivityManagerTiming: FinishBooting
03-28 06:13:36.780 1124 1524 I ActivityManager: About to commit checkpoint
03-28 06:13:36.780 1124 1524 W ActivityManager: FinishBooting sync begin
03-28 06:13:36.781 1124 1524 W ActivityManager: FinishBooting sync end
03-28 06:13:36.781 1124 1524 I SystemServiceManager: Starting phase 1000
03-28 06:13:36.781 1124 1524 I ActivityManagerTiming: OnBootPhase_1000
03-28 06:13:36.781 1124 1524 I ActivityManagerTiming: OnBootPhase_1000_com.android.server.security.FileIntegrityService
03-28 06:13:36.782 1124 1524 I ActivityManagerTiming: OnBootPhase_1000_com.android.server.pm.Installer
03-28 06:13:36.782 1124 1524 I ActivityManagerTiming: OnBootPhase_1000_com.android.server.os.DeviceIdentifiersPolicyService
03-28 06:13:36.782 1124 1524 I ActivityManagerTiming: OnBootPhase_1000_com.android.server.uri.UriGrantsManagerService$Lifecycle
03-28 06:13:36.782 1124 1524 I ActivityManagerTiming: OnBootPhase_1000_com.android.server.powerstats.PowerStatsService
03-28 06:13:36.782 1124 1524 E PowerStatsService: Failed to start PowerStatsService loggers
03-28 06:13:36.782 1124 1524 I ActivityManagerTiming: OnBootPhase_1000_com.android.server.wm.ActivityTaskManagerService$Lifecycle
03-28 06:13:36.782 1124 1524 I ActivityManagerTiming: OnBootPhase_1000_com.android.server.am.ActivityManagerService$Lifecycle
03-28 06:13:36.782 1124 1524 I ActivityManagerTiming: OnBootPhase_1000_com.android.server.pm.DataLoaderManagerService
03-28 06:13:36.782 1124 1524 I ActivityManagerTiming: OnBootPhase_1000_com.android.server.power.PowerManagerService
03-28 06:13:36.782 1124 1524 I ActivityManagerTiming: OnBootPhase_1000_com.android.server.power.ThermalManagerService
03-28 06:13:36.782 1124 1524 I ActivityManagerTiming: OnBootPhase_1000_com.android.server.power.hint.HintManagerService
03-28 06:13:36.782 1124 1524 I ActivityManagerTiming: OnBootPhase_1000_com.android.server.recoverysystem.RecoverySystemService$Lifecycle
03-28 06:13:36.782 1124 1524 I ActivityManagerTiming: OnBootPhase_1000_com.android.server.lights.LightsService
03-28 06:13:36.782 1124 1524 I ActivityManagerTiming: OnBootPhase_1000_com.android.server.display.DisplayManagerService
03-28 06:13:36.782 1124 1578 V DisplayPowerController[0]: Brightness [1.0] reason changing to: 'manual', previous reason: 'override'.
03-28 06:13:36.782 1124 1524 I ActivityManagerTiming: OnBootPhase_1000_com.android.server.pm.verify.domain.DomainVerificationService
03-28 06:13:36.782 1124 1524 I ActivityManagerTiming: OnBootPhase_1000_com.android.server.pm.PackageInstallerService$Lifecycle
03-28 06:13:36.782 1124 1524 I ActivityManagerTiming: OnBootPhase_1000_com.android.server.pm.UserManagerService$LifeCycle
03-28 06:13:36.782 1124 1524 I ActivityManagerTiming: OnBootPhase_1000_com.android.server.om.OverlayManagerService
03-28 06:13:36.782 1124 1524 I ActivityManagerTiming: OnBootPhase_1000_com.android.server.SensorPrivacyService
03-28 06:13:36.782 1124 1524 I ActivityManagerTiming: OnBootPhase_1000_com.android.server.thunderperf.ThunderBoostPerfService
03-28 06:13:36.782 1124 1524 I ActivityManagerTiming: OnBootPhase_1000_com.android.server.sensors.SensorService
03-28 06:13:36.783 1124 1524 I ActivityManagerTiming: OnBootPhase_1000_com.android.server.SystemConfigService
03-28 06:13:36.783 1124 1524 I ActivityManagerTiming: OnBootPhase_1000_com.android.server.BatteryService
03-28 06:13:36.783 1124 1524 I ActivityManagerTiming: OnBootPhase_1000_com.android.server.usage.UsageStatsService
03-28 06:13:36.783 1124 1524 I ActivityManagerTiming: OnBootPhase_1000_com.android.server.webkit.WebViewUpdateService
03-28 06:13:36.783 1124 1524 I ActivityManagerTiming: OnBootPhase_1000_com.android.server.CachedDeviceStateService
03-28 06:13:36.783 1124 1524 I ActivityManagerTiming: OnBootPhase_1000_com.android.server.BinderCallsStatsService$LifeCycle
03-28 06:13:36.783 1124 1524 I ActivityManagerTiming: OnBootPhase_1000_com.android.server.LooperStatsService$Lifecycle
03-28 06:13:36.783 1124 1524 I ActivityManagerTiming: OnBootPhase_1000_com.android.server.rollback.RollbackManagerService
03-28 06:13:36.784 1124 1524 I ActivityManagerTiming: OnBootPhase_1000_com.android.server.os.NativeTombstoneManagerService
03-28 06:13:36.784 1124 1524 I ActivityManagerTiming: OnBootPhase_1000_com.android.server.os.BugreportManagerService
03-28 06:13:36.784 1124 1524 I ActivityManagerTiming: OnBootPhase_1000_com.android.server.gpu.GpuService
03-28 06:13:36.784 1124 1659 D RollbackManager: mRollbackLifetimeDurationInMillis=1209600000
03-28 06:13:36.785 1124 1656 D AppStandbyController: Loading headless system app cache. appIdleEnabled=false
03-28 06:13:36.786 1124 1524 I ActivityManagerTiming: OnBootPhase_1000_com.android.server.security.KeyChainSystemService
03-28 06:13:36.786 1124 1524 I ActivityManagerTiming: OnBootPhase_1000_com.android.server.telecom.TelecomLoaderService
03-28 06:13:36.786 1124 1524 I ActivityManagerTiming: OnBootPhase_1000_com.android.server.accounts.AccountManagerService$Lifecycle
03-28 06:13:36.786 1124 1524 I ActivityManagerTiming: OnBootPhase_1000_com.android.server.content.ContentService$Lifecycle
03-28 06:13:36.786 1124 1524 I ActivityManagerTiming: OnBootPhase_1000_com.android.server.DropBoxManagerService
03-28 06:13:36.786 1124 1524 I ActivityManagerTiming: OnBootPhase_1000_com.android.role.RoleService
03-28 06:13:36.786 1124 1524 I ActivityManagerTiming: OnBootPhase_1000_com.android.server.vibrator.VibratorManagerService$Lifecycle
03-28 06:13:36.786 1124 1524 I ActivityManagerTiming: OnBootPhase_1000_com.android.server.alarm.AlarmManagerService
03-28 06:13:36.786 1124 1524 I ActivityManagerTiming: OnBootPhase_1000_com.android.server.devicestate.DeviceStateManagerService
03-28 06:13:36.786 1124 1524 I ActivityManagerTiming: OnBootPhase_1000_com.android.server.camera.CameraServiceProxy
03-28 06:13:36.787 1124 1524 I ActivityManagerTiming: OnBootPhase_1000_com.android.server.BluetoothService
03-28 06:13:36.787 1124 1524 I ActivityManagerTiming: OnBootPhase_1000_com.android.server.connectivity.IpConnectivityMetrics
03-28 06:13:36.787 1124 1524 I ActivityManagerTiming: OnBootPhase_1000_com.android.server.net.watchlist.NetworkWatchlistService$Lifecycle
03-28 06:13:36.787 1124 1524 I ActivityManagerTiming: OnBootPhase_1000_com.android.server.PinnerService
03-28 06:13:36.787 1124 1524 I ActivityManagerTiming: OnBootPhase_1000_com.google.android.startop.iorap.IorapForwardingService
03-28 06:13:36.787 1124 1524 I ActivityManagerTiming: OnBootPhase_1000_com.android.server.ActivityTriggerService
03-28 06:13:36.787 1124 1524 I ActivityManagerTiming: OnBootPhase_1000_com.android.server.integrity.AppIntegrityManagerService
03-28 06:13:36.787 1124 1524 I ActivityManagerTiming: OnBootPhase_1000_com.android.server.inputmethod.InputMethodManagerService$Lifecycle
03-28 06:13:36.787 1124 1524 I ActivityManagerTiming: OnBootPhase_1000_com.android.server.accessibility.AccessibilityManagerService$Lifecycle
03-28 06:13:36.787 1124 1524 I ActivityManagerTiming: OnBootPhase_1000_com.android.server.StorageManagerService$Lifecycle
03-28 06:13:36.787 1124 1524 I ActivityManagerTiming: OnBootPhase_1000_com.android.server.usage.StorageStatsService$Lifecycle
03-28 06:13:36.787 1124 1524 I ActivityManagerTiming: OnBootPhase_1000_com.android.server.UiModeManagerService
03-28 06:13:36.787 1124 1705 D StorageManagerService: Thinking about init, mBootCompleted=true, mDaemonConnected=true
03-28 06:13:36.788 1124 1705 D StorageManagerService: Thinking about reset, mBootCompleted=true, mDaemonConnected=true
03-28 06:13:36.788 1124 1705 I StorageSessionController: Started resetting external storage service...
03-28 06:13:36.788 1124 1705 I StorageSessionController: Finished resetting external storage service
03-28 06:13:36.788 1124 1705 I StorageManagerService: Resetting vold...
03-28 06:13:36.788 1124 1705 I StorageManagerService: Reset vold
03-28 06:13:36.788 551 551 I vold : onUserAdded: 0
03-28 06:13:36.791 1124 1524 I ActivityManagerTiming: OnBootPhase_1000_com.android.server.locksettings.LockSettingsService$Lifecycle
03-28 06:13:36.791 1124 1524 I ActivityManagerTiming: OnBootPhase_1000_com.android.server.PersistentDataBlockService
03-28 06:13:36.791 1124 1524 I ActivityManagerTiming: OnBootPhase_1000_com.android.server.testharness.TestHarnessModeService
03-28 06:13:36.791 1124 1524 D TestHarnessModeService: Completing Test Harness Mode setup.
03-28 06:13:36.798 1124 1524 I ActivityManagerTiming: OnBootPhase_1000_com.android.server.oemlock.OemLockService
03-28 06:13:36.798 1124 1524 I ActivityManagerTiming: OnBootPhase_1000_com.android.server.DeviceIdleController
03-28 06:13:36.798 1124 1524 I ActivityManagerTiming: OnBootPhase_1000_com.android.server.devicepolicy.DevicePolicyManagerService$Lifecycle
03-28 06:13:36.798 1124 1524 I ActivityManagerTiming: OnBootPhase_1000_com.android.server.texttospeech.TextToSpeechManagerService
03-28 06:13:36.798 1124 1524 I ActivityManagerTiming: OnBootPhase_1000_com.android.server.speech.SpeechRecognitionManagerService
03-28 06:13:36.798 1124 1524 I ActivityManagerTiming: OnBootPhase_1000_com.android.server.searchui.SearchUiManagerService
03-28 06:13:36.798 1124 1524 I ActivityManagerTiming: OnBootPhase_1000_com.android.server.smartspace.SmartspaceManagerService
03-28 06:13:36.798 1124 1524 I ActivityManagerTiming: OnBootPhase_1000_com.android.server.graphics.fonts.FontManagerService$Lifecycle
03-28 06:13:36.798 1124 1524 I ActivityManagerTiming: OnBootPhase_1000_com.android.server.textservices.TextServicesManagerService$Lifecycle
03-28 06:13:36.798 1124 1524 I ActivityManagerTiming: OnBootPhase_1000_com.android.server.textclassifier.TextClassificationManagerService$Lifecycle
03-28 06:13:36.798 1124 1524 I ActivityManagerTiming: OnBootPhase_1000_com.android.server.NetworkScoreService$Lifecycle
03-28 06:13:36.798 1124 1524 I ActivityManagerTiming: OnBootPhase_1000_com.android.server.wifi.WifiService
03-28 06:13:36.798 1124 1524 I ActivityManagerTiming: OnBootPhase_1000_com.android.server.wifi.scanner.WifiScanningService
03-28 06:13:36.798 1124 1524 I ActivityManagerTiming: OnBootPhase_1000_com.android.server.wifi.rtt.RttService
03-28 06:13:36.798 1124 1524 I ActivityManagerTiming: OnBootPhase_1000_com.android.server.wifi.aware.WifiAwareService
03-28 06:13:36.798 1124 1524 I ActivityManagerTiming: OnBootPhase_1000_com.android.server.wifi.p2p.WifiP2pService
03-28 06:13:36.798 1124 1524 I ActivityManagerTiming: OnBootPhase_1000_com.android.server.ethernet.EthernetService
03-28 06:13:36.798 1124 1524 I ActivityManagerTiming: OnBootPhase_1000_com.android.server.ConnectivityServiceInitializer
03-28 06:13:36.798 1124 1524 I ActivityManagerTiming: OnBootPhase_1000_com.android.server.notification.NotificationManagerService
03-28 06:13:36.798 1124 1524 I ActivityManagerTiming: OnBootPhase_1000_com.android.server.storage.DeviceStorageMonitorService
03-28 06:13:36.798 1124 1524 I ActivityManagerTiming: OnBootPhase_1000_com.android.server.location.LocationManagerService$Lifecycle
03-28 06:13:36.798 1124 1524 I ActivityManagerTiming: OnBootPhase_1000_com.android.server.timedetector.TimeDetectorService$Lifecycle
03-28 06:13:36.798 1124 1524 I ActivityManagerTiming: OnBootPhase_1000_com.android.server.timezonedetector.TimeZoneDetectorService$Lifecycle
03-28 06:13:36.798 1124 1524 I ActivityManagerTiming: OnBootPhase_1000_com.android.server.timezonedetector.location.LocationTimeZoneManagerService$Lifecycle
03-28 06:13:36.798 1124 1524 I ActivityManagerTiming: OnBootPhase_1000_com.android.server.search.SearchManagerService$Lifecycle
03-28 06:13:36.798 1124 1524 I ActivityManagerTiming: OnBootPhase_1000_com.android.server.wallpaper.WallpaperManagerService$Lifecycle
03-28 06:13:36.798 1124 1524 I ActivityManagerTiming: OnBootPhase_1000_com.android.server.audio.AudioService$Lifecycle
03-28 06:13:36.798 1124 1524 I ActivityManagerTiming: OnBootPhase_1000_com.android.server.soundtrigger_middleware.SoundTriggerMiddlewareService$Lifecycle
03-28 06:13:36.798 1124 1524 I ActivityManagerTiming: OnBootPhase_1000_com.android.server.DockObserver
03-28 06:13:36.798 1124 1524 I ActivityManagerTiming: OnBootPhase_1000_com.android.server.midi.MidiService$Lifecycle
03-28 06:13:36.798 1124 1524 I ActivityManagerTiming: OnBootPhase_1000_com.android.server.adb.AdbService$Lifecycle
03-28 06:13:36.798 1124 1524 I ActivityManagerTiming: OnBootPhase_1000_com.android.server.usb.UsbService$Lifecycle
03-28 06:13:36.798 1124 1524 I ActivityManagerTiming: OnBootPhase_1000_com.android.server.twilight.TwilightService
03-28 06:13:36.799 1124 1524 I ActivityManagerTiming: OnBootPhase_1000_com.android.server.display.color.ColorDisplayService
03-28 06:13:36.799 1124 1524 I ActivityManagerTiming: OnBootPhase_1000_com.android.server.job.JobSchedulerService
03-28 06:13:36.799 1124 1524 I ActivityManagerTiming: OnBootPhase_1000_com.android.server.soundtrigger.SoundTriggerService
03-28 06:13:36.799 1124 1524 D SoundTriggerService: onBootPhase: 1000 : false
03-28 06:13:36.799 1124 1524 I ActivityManagerTiming: OnBootPhase_1000_com.android.server.trust.TrustManagerService
03-28 06:13:36.799 1124 1524 I ActivityManagerTiming: OnBootPhase_1000_com.android.server.backup.BackupManagerService$Lifecycle
03-28 06:13:36.799 1124 1524 I ActivityManagerTiming: OnBootPhase_1000_com.android.server.appwidget.AppWidgetService
03-28 06:13:36.799 1124 1524 I ActivityManagerTiming: OnBootPhase_1000_com.android.server.voiceinteraction.VoiceInteractionManagerService
03-28 06:13:36.799 1124 1524 I ActivityManagerTiming: OnBootPhase_1000_com.android.server.apphibernation.AppHibernationService
03-28 06:13:36.799 1124 1524 I ActivityManagerTiming: OnBootPhase_1000_com.android.server.SensorNotificationService
03-28 06:13:36.799 1124 2727 I HibernationStateDiskStore: No hibernation file on disk for file /data/system/hibernation/states
03-28 06:13:36.801 1124 1524 D CompatibilityChangeReporter: Compat change id reported: 168936375; UID 1000; state: ENABLED
03-28 06:13:36.801 1124 1524 D CompatibilityChangeReporter: Compat change id reported: 168936375; UID 1000; state: DISABLED
03-28 06:13:36.802 1124 1524 D CompatibilityChangeReporter: Compat change id reported: 73144566; UID 1000; state: ENABLED
03-28 06:13:36.802 1124 2137 D Fingerprint21: Daemon was null, reconnecting, current operation: null
03-28 06:13:36.803 1124 1524 D CompatibilityChangeReporter: Compat change id reported: 73144566; UID 1000; state: DISABLED
03-28 06:13:36.803 1124 1524 I ActivityManagerTiming: OnBootPhase_1000_com.android.server.emergency.EmergencyAffordanceService
03-28 06:13:36.803 1124 1524 I ActivityManagerTiming: OnBootPhase_1000_com.android.server.blob.BlobStoreManagerService
03-28 06:13:36.803 1124 1524 I ActivityManagerTiming: OnBootPhase_1000_com.android.server.dreams.DreamManagerService
03-28 06:13:36.803 1124 1524 I ActivityManagerTiming: OnBootPhase_1000_com.android.server.companion.CompanionDeviceManagerService
03-28 06:13:36.803 1124 1524 I ActivityManagerTiming: OnBootPhase_1000_com.android.server.restrictions.RestrictionsManagerService
03-28 06:13:36.803 1124 1524 I ActivityManagerTiming: OnBootPhase_1000_com.android.server.media.MediaSessionService
03-28 06:13:36.803 1124 2137 D Fingerprint21: Fingerprint HAL ready, HAL ID: 5326416
03-28 06:13:36.804 1124 1524 I ActivityManagerTiming: OnBootPhase_1000_com.android.server.media.MediaResourceMonitorService
03-28 06:13:36.804 1124 1524 I ActivityManagerTiming: OnBootPhase_1000_com.android.server.biometrics.sensors.fingerprint.FingerprintService
03-28 06:13:36.804 1124 1524 I ActivityManagerTiming: OnBootPhase_1000_com.android.server.biometrics.BiometricService
03-28 06:13:36.804 1124 1524 I ActivityManagerTiming: OnBootPhase_1000_com.android.server.biometrics.AuthService
03-28 06:13:36.804 1124 1524 I ActivityManagerTiming: OnBootPhase_1000_com.android.server.pm.ShortcutService$Lifecycle
03-28 06:13:36.804 1124 1524 I ActivityManagerTiming: OnBootPhase_1000_com.android.server.pm.LauncherAppsService
03-28 06:13:36.804 1124 1524 I ActivityManagerTiming: OnBootPhase_1000_com.android.server.pm.CrossProfileAppsService
03-28 06:13:36.804 1124 1524 I ActivityManagerTiming: OnBootPhase_1000_com.android.server.people.PeopleService
03-28 06:13:36.804 1124 1524 I ActivityManagerTiming: OnBootPhase_1000_com.android.server.media.metrics.MediaMetricsManagerService
03-28 06:13:36.804 1124 1524 I ActivityManagerTiming: OnBootPhase_1000_com.android.server.media.projection.MediaProjectionManagerService
03-28 06:13:36.804 1124 1524 I ActivityManagerTiming: OnBootPhase_1000_com.android.server.slice.SliceManagerService$Lifecycle
03-28 06:13:36.804 1124 1524 I ActivityManagerTiming: OnBootPhase_1000_com.android.server.stats.StatsCompanion$Lifecycle
03-28 06:13:36.804 1124 1124 D BiometricScheduler/Fingerprint21: [Added] {[0] FingerprintUpdateActiveUserClient, proto=1, owner=android, cookie=0, requestId=-1, userId=0}, new queue size: 1
03-28 06:13:36.804 1124 1124 D BiometricScheduler/Fingerprint21: [Polled] {[0] FingerprintUpdateActiveUserClient, proto=1, owner=android, cookie=0, requestId=-1, userId=0}, State: 0
03-28 06:13:36.804 1124 1124 D BiometricScheduler/Fingerprint21: [Starting] {[0] FingerprintUpdateActiveUserClient, proto=1, owner=android, cookie=0, requestId=-1, userId=0}, State: 0
03-28 06:13:36.804 1124 1524 I ActivityManagerTiming: OnBootPhase_1000_com.android.server.scheduling.RebootReadinessManagerService$Lifecycle
03-28 06:13:36.804 1124 1524 I ActivityManagerTiming: OnBootPhase_1000_com.android.server.stats.pull.StatsPullAtomService
03-28 06:13:36.804 1124 1524 I ActivityManagerTiming: OnBootPhase_1000_com.android.server.incident.IncidentCompanionService
03-28 06:13:36.804 1124 1124 D BiometricScheduler/Fingerprint21: [Started] {[0] FingerprintUpdateActiveUserClient, proto=1, owner=android, cookie=0, requestId=-1, userId=0}
03-28 06:13:36.804 1124 1524 I ActivityManagerTiming: OnBootPhase_1000_com.android.server.MmsServiceBroker
03-28 06:13:36.804 1124 1524 I ActivityManagerTiming: OnBootPhase_1000_com.android.server.autofill.AutofillManagerService
03-28 06:13:36.804 1124 1524 I ActivityManagerTiming: OnBootPhase_1000_com.android.server.clipboard.ClipboardService
03-28 06:13:36.804 1124 1524 I ActivityManagerTiming: OnBootPhase_1000_com.android.server.appbinding.AppBindingService$Lifecycle
03-28 06:13:36.804 1124 1524 I ActivityManagerTiming: OnBootPhase_1000_com.android.server.tracing.TracingServiceProxy
03-28 06:13:36.804 1124 1524 I ActivityManagerTiming: OnBootPhase_1000_com.android.server.policy.PermissionPolicyService
03-28 06:13:36.804 1124 1524 I ActivityManagerTiming: OnBootPhase_1000_com.android.server.pm.StagingManager$Lifecycle
03-28 06:13:36.804 1124 1524 I ActivityManagerTiming: OnBootPhase_1000_com.android.server.app.GameManagerService$Lifecycle
03-28 06:13:36.804 1124 1524 D GameManagerService: onBootCompleted
03-28 06:13:36.804 1124 1524 I ActivityManagerTiming: OnBootPhase_1000_com.android.server.appsearch.AppSearchManagerService
03-28 06:13:36.804 1124 1524 I ActivityManagerTiming: OnBootPhase_1000_com.android.server.media.MediaCommunicationService
03-28 06:13:36.804 1124 1524 D ActivityManagerTiming: TotalBootTime took to complete: 6137ms
03-28 06:13:36.804 1124 1524 D SystemServerInitThreadPool: Shutdown requested
03-28 06:13:36.804 1124 1524 I SystemServerTiming: WaitInitThreadPoolShutdown
01-01 08:01:11.062 0 0 D qbt : qbt_open: entry minor_no=0 fd_available=1
01-01 08:01:11.062 0 0 D qbt : qbt_open: exit : 0 fd_available=0
01-01 08:01:11.062 0 0 D qbt : qbt_open: entry minor_no=1 fd_available=0
01-01 08:01:11.062 0 0 D qbt : qbt_open: exit : 0 fd_available=0
01-01 08:01:11.062 0 0 D qbt : qbt_ioctl: cmd received 107
01-01 08:01:11.062 0 0 D qbt : qbt_ioctl: Acquiring wakelock
03-28 06:13:36.806 1124 1524 D SystemServerInitThreadPool: Shutdown successful
03-28 06:13:36.808 1124 1524 I ActivityManager: User 0 state changed from BOOTING to RUNNING_LOCKED
03-28 06:13:36.808 1124 1524 W ActivityManager: UserLifecycleEvent 4 received without an active userJourneySession.
03-28 06:13:36.809 1124 1524 D StorageManagerService: unlockUserKey: 0 isFileEncryptedNativeOrEmulated: true hasToken: false hasSecret: false
03-28 06:13:36.809 551 551 D vold : fscrypt_unlock_user_key 0 serial=0
03-28 06:13:36.810 551 551 D vold : Trying user CE key /data/misc/vold/user_keys/ce/0/current
01-01 08:01:11.073 0 0 W QSEECOM : qseecom_load_app: App (fingerpr) does'nt exist, loading apps for first time
03-28 06:13:36.825 2733 2733 F libc : Fatal signal 6 (SIGABRT), code -1 (SI_QUEUE) in tid 2733 (init), pid 2733 (init)
01-01 08:01:11.080 0 0 W : Boot completed
01-01 08:01:11.097 0 0 W audit_log_start: 3966 callbacks suppressed
01-01 08:01:11.097 0 0 W audit : audit_backlog=65 > audit_backlog_limit=64
01-01 08:01:11.097 0 0 W audit : audit_lost=1324 audit_rate_limit=0 audit_backlog_limit=64
01-01 08:01:11.097 0 0 E audit : backlog limit exceeded
01-01 08:01:11.102 0 0 W audit : audit_backlog=65 > audit_backlog_limit=64
01-01 08:01:11.102 0 0 W audit : audit_lost=1325 audit_rate_limit=0 audit_backlog_limit=64
01-01 08:01:11.102 0 0 E audit : backlog limit exceeded
01-01 08:01:11.108 0 0 W audit : audit_backlog=65 > audit_backlog_limit=64
01-01 08:01:11.108 0 0 W audit : audit_lost=1326 audit_rate_limit=0 audit_backlog_limit=64
01-01 08:01:11.108 0 0 E audit : backlog limit exceeded
01-01 08:01:11.114 0 0 W audit : audit_backlog=65 > audit_backlog_limit=64
03-28 06:13:36.865 2736 2736 F DEBUG : *** *** *** *** *** *** *** *** *** *** *** *** *** *** *** ***
03-28 06:13:36.865 2736 2736 F DEBUG : Build fingerprint: 'TC/figure_CN/figure:12/SKQ1.220201.001/2637:user/test-keys'
03-28 06:13:36.865 2736 2736 F DEBUG : Revision: '0'
03-28 06:13:36.865 2736 2736 F DEBUG : ABI: 'arm64'
03-28 06:13:36.865 2736 2736 F DEBUG : Timestamp: 2023-03-28 06:13:36.835537289+0800
03-28 06:13:36.865 2736 2736 F DEBUG : Process uptime: 0s
03-28 06:13:36.865 2736 2736 F DEBUG : Cmdline: /system/bin/init second_stage
03-28 06:13:36.865 2736 2736 F DEBUG : pid: 2733, tid: 2733, name: init >>> /system/bin/init <<<
03-28 06:13:36.865 2736 2736 F DEBUG : uid: 0
03-28 06:13:36.865 2736 2736 F DEBUG : signal 6 (SIGABRT), code -1 (SI_QUEUE), fault addr --------
03-28 06:13:36.865 2736 2736 F DEBUG : x0 0000000000000000 x1 0000000000000aad x2 0000000000000006 x3 0000007fc6347870
03-28 06:13:36.865 2736 2736 F DEBUG : x4 000000000000000a x5 000000000000000a x6 000000000000000a x7 000000000000000a
03-28 06:13:36.865 2736 2736 F DEBUG : x8 00000000000000f0 x9 dac53eedcbe2bc62 x10 0000000000000000 x11 ffffff80ffffffdf
03-28 06:13:36.865 2736 2736 F DEBUG : x12 0000000000000001 x13 3a73747069726373 x14 0000000000000010 x15 0000000000000000
03-28 06:13:36.865 2736 2736 F DEBUG : x16 0000007f8f10f060 x17 0000007f8f0eb560 x18 0000007f92264000 x19 0000000000000aad
03-28 06:13:36.865 2736 2736 F DEBUG : x20 0000000000000aad x21 00000000ffffffff x22 0000007f92123000 x23 0000007f92123000
03-28 06:13:36.865 2736 2736 F DEBUG : x24 0000007fc6347b40 x25 0000007fc6347b40 x26 0000000000000000 x27 0000007f92123000
03-28 06:13:36.865 2736 2736 F DEBUG : x28 0000007f8f09fd20 x29 0000007fc63478f0
03-28 06:13:36.865 2736 2736 F DEBUG : lr 0000007f8f09b95c sp 0000007fc6347850 pc 0000007f8f09b988 pst 0000000000001000
03-28 06:13:36.865 2736 2736 F DEBUG : backtrace:
03-28 06:13:36.865 2736 2736 F DEBUG : #00 pc 0000000000051988 /system/lib64/bootstrap/libc.so (abort+168) (BuildId: 369edc656806aeaf384cbeb8f7a347af)
03-28 06:13:36.865 2736 2736 F DEBUG : #01 pc 0000000000015038 /system/lib64/libbase.so (android::base::DefaultAborter(char const*)+16) (BuildId: 96895dcea0300fc102132e9762aef6bc)
03-28 06:13:36.865 2736 2736 F DEBUG : #02 pc 0000000000016bc4 /system/lib64/libbase.so (android::base::SetAborter(std::__1::function&&)::$_3::__invoke(char const*)+80) (BuildId: 96895dcea0300fc102132e9762aef6bc)
03-28 06:13:36.865 2736 2736 F DEBUG : #03 pc 0000000000016184 /system/lib64/libbase.so (android::base::LogMessage::~LogMessage()+368) (BuildId: 96895dcea0300fc102132e9762aef6bc)
03-28 06:13:36.865 2736 2736 F DEBUG : #04 pc 00000000000d8128 /system/bin/init (android::init::Service::SetProcessAttributesAndCaps()+716) (BuildId: 22e05086498bc9c9e3a5fc9a10a930c1)
03-28 06:13:36.865 2736 2736 F DEBUG : #05 pc 00000000000dac18 /system/bin/init (android::init::Service::Start()+7348) (BuildId: 22e05086498bc9c9e3a5fc9a10a930c1)
03-28 06:13:36.865 2736 2736 F DEBUG : #06 pc 00000000000cda20 /system/bin/init (android::init::do_start(android::init::BuiltinArguments const&)+316) (BuildId: 22e05086498bc9c9e3a5fc9a10a930c1)
03-28 06:13:36.865 2736 2736 F DEBUG : #07 pc 00000000000b16cc /system/bin/init (android::init::RunBuiltinFunction(std::__1::function (android::init::BuiltinArguments const&)> const&, std::__1::vector, std::__1::allocator >, std::__1::allocator, std::__1::allocator > > > const&, std::__1::basic_string, std::__1::allocator > const&)+476) (BuildId: 22e05086498bc9c9e3a5fc9a10a930c1)
03-28 06:13:36.865 2736 2736 F DEBUG : #08 pc 00000000000b1880 /system/bin/init (android::init::Command::InvokeFunc(android::init::Subcontext*) const+284) (BuildId: 22e05086498bc9c9e3a5fc9a10a930c1)
03-28 06:13:36.865 2736 2736 F DEBUG : #09 pc 00000000000b22e4 /system/bin/init (android::init::Action::ExecuteCommand(android::init::Command const&) const+80) (BuildId: 22e05086498bc9c9e3a5fc9a10a930c1)
03-28 06:13:36.865 2736 2736 F DEBUG : #10 pc 00000000000b21d8 /system/bin/init (android::init::Action::ExecuteOneCommand(unsigned long) const+336) (BuildId: 22e05086498bc9c9e3a5fc9a10a930c1)
03-28 06:13:36.865 2736 2736 F DEBUG : #11 pc 00000000000e2d74 /system/bin/init (android::init::ActionManager::ExecuteOneCommand()+188) (BuildId: 22e05086498bc9c9e3a5fc9a10a930c1)
03-28 06:13:36.865 2736 2736 F DEBUG : #12 pc 00000000000fa6dc /system/bin/init (android::init::SecondStageMain(int, char**)+7560) (BuildId: 22e05086498bc9c9e3a5fc9a10a930c1)
03-28 06:13:36.865 2736 2736 F DEBUG : #13 pc 00000000000ac19c /system/bin/init (main+308) (BuildId: 22e05086498bc9c9e3a5fc9a10a930c1)
03-28 06:13:36.865 2736 2736 F DEBUG : #14 pc 000000000004a084 /system/lib64/bootstrap/libc.so (__libc_init+100) (BuildId: 369edc656806aeaf384cbeb8f7a347af)
03-28 06:13:36.868 1124 2032 W NativeCrashListener: Couldn't find ProcessRecord for pid 2733
03-28 06:13:36.872 1124 1660 I BootReceiver: Copying /data/tombstones/tombstone_08 to DropBox (SYSTEM_TOMBSTONE)
03-28 06:13:36.872 1124 1660 I DropBoxManagerService: add tag=SYSTEM_TOMBSTONE isTagEnabled=true flags=0x6
03-28 06:13:36.876 1124 1660 E NativeTombstoneManager: Tombstone's UID (0) not an app, ignoring
03-28 06:13:36.876 1124 1660 I DropBoxManagerService: add tag=SYSTEM_TOMBSTONE_PROTO isTagEnabled=true flags=0x4
01-01 08:01:11.158 0 0 W QSEECOM : qseecom_load_app: App with id 7 (fingerpr) now loaded
03-28 06:13:36.901 1124 2726 W AdbDebuggingManager: Read failed with count -1
03-28 06:13:36.902 1124 2726 E AdbDebuggingManager: Caught an exception opening the socket: java.io.IOException: Connection refused
03-28 06:13:36.904 551 551 D vold : Successfully retrieved key
01-01 08:01:11.163 0 0 I init : Command 'stop adbd' action=sys.boot_completed=1 (/vendor/etc/init/hw/init.qcom.rc:950) took 79ms and succeeded
01-01 08:01:11.163 0 0 I init : Service 'adbd' (pid 1174) received signal 9
01-01 08:01:11.164 0 0 I init : Service 'qti-testscripts' (pid 2733) received signal 6 oneshot service took 0.081000 seconds in background
01-01 08:01:11.164 0 0 I init : Sending signal 9 to service 'qti-testscripts' (pid 2733) process group...
01-01 08:01:11.164 0 0 I libprocessgroup: Successfully killed process cgroup uid 0 pid 2733 in 0ms
01-01 08:01:11.165 0 0 I init : Untracked pid 2736 exited with status 0
01-01 08:01:11.165 0 0 I init : Untracked pid 2739 exited with status 0
01-01 08:01:11.166 0 0 I init : starting service 'adbd'...
01-01 08:01:11.167 0 0 I init : Created socket '/dev/socket/adbd', mode 660, user 1000, group 1000
01-01 08:01:11.173 0 0 I init : processing action (sys.boot_completed=1) from (/vendor/etc/init/hw/init.target.rc:172)
03-28 06:13:36.927 551 551 D vold : Installed fscrypt key with ref c0f0dea6e1604e591d19de441a7e90ee to /data
03-28 06:13:36.927 551 551 D vold : Added fscrypt-provisioning key for c0f0dea6e1604e591d19de441a7e90ee to session keyring
03-28 06:13:36.927 551 551 D vold : Installed ce key for user 0
03-28 06:13:36.928 1124 1524 W ActivityManager: UserLifecycleEvent 5 received without an active userJourneySession.
03-28 06:13:36.928 1124 1524 D ActivityManager: Started unlocking user 0
03-28 06:13:36.928 1124 1524 D ActivityManager: Unlocking user 0 progress 0
03-28 06:13:36.928 1124 1524 D ActivityManager: Unlocking user 0 progress 5
03-28 06:13:36.931 1124 1543 D CompatibilityChangeReporter: Compat change id reported: 168419799; UID 10085; state: DISABLED
03-28 06:13:36.932 551 551 D vold : fscrypt_prepare_user_storage for volume null, user 0, serial 0, flags 2
03-28 06:13:36.932 551 551 D vold : Preparing: /data/system_ce/0
03-28 06:13:36.932 551 551 D vold : Preparing: /data/misc_ce/0
03-28 06:13:36.932 551 551 D vold : Preparing: /data/vendor_ce/0
03-28 06:13:36.933 1124 1524 D ColorDisplayService: setUp: currentUser=0
03-28 06:13:36.934 551 551 D vold : Preparing: /data/media/0
03-28 06:13:36.934 551 551 D vold : Preparing: /data/data
03-28 06:13:36.934 1124 2152 D CompatibilityChangeReporter: Compat change id reported: 135634846; UID 10073; state: DISABLED
03-28 06:13:36.934 1124 2152 D CompatibilityChangeReporter: Compat change id reported: 177438394; UID 10073; state: DISABLED
03-28 06:13:36.934 551 551 I vold : Verified that /data/system_ce/0 has the encryption policy c0f0dea6e1604e591d19de441a7e90ee v2 modes 1/4 flags 0xa
03-28 06:13:36.935 1124 2152 D CompatibilityChangeReporter: Compat change id reported: 135772972; UID 10073; state: DISABLED
03-28 06:13:36.935 551 551 I vold : Verified that /data/misc_ce/0 has the encryption policy c0f0dea6e1604e591d19de441a7e90ee v2 modes 1/4 flags 0xa
03-28 06:13:36.935 551 551 I vold : Verified that /data/vendor_ce/0 has the encryption policy c0f0dea6e1604e591d19de441a7e90ee v2 modes 1/4 flags 0xa
03-28 06:13:36.935 551 551 I vold : Verified that /data/media/0 has the encryption policy c0f0dea6e1604e591d19de441a7e90ee v2 modes 1/4 flags 0xa
03-28 06:13:36.935 551 551 I vold : Verified that /data/data has the encryption policy c0f0dea6e1604e591d19de441a7e90ee v2 modes 1/4 flags 0xa
03-28 06:13:36.935 551 551 D vold : Starting restorecon of /data/system_ce/0
03-28 06:13:36.935 1124 2152 D CompatibilityChangeReporter: Compat change id reported: 135754954; UID 10073; state: ENABLED
03-28 06:13:36.935 1124 1544 D CompatibilityChangeReporter: Compat change id reported: 143937733; UID 10073; state: ENABLED
01-01 08:01:11.197 0 0 I init : qssi copy & sync /metadata/vold/metadata_encryption/key/encrypted_key to /persist/key/encrypted_key_bak: No such file or directory
01-01 08:01:11.198 0 0 I : read descriptors
01-01 08:01:11.198 0 0 I : read strings
03-28 06:13:36.944 1124 1524 D ColorDisplayService: onNightDisplayAutoModeChanged: autoMode=0
03-28 06:13:36.944 1124 1544 I ActivityManager: Start proc 2776:com.qualcomm.location/u0a73 for broadcast {com.qualcomm.location/com.qualcomm.location.LocationServiceReceiver}
03-28 06:13:36.944 1124 1524 I ColorDisplayService: Turning off night display
03-28 06:13:36.944 1124 1524 D ColorDisplayService: Setting bright color reduction level: 50
03-28 06:13:36.944 1124 1578 V DisplayPowerController[0]: Brightness [1.0] manual adjustment.
03-28 06:13:36.946 551 551 D vold : Finished restorecon of /data/system_ce/0
03-28 06:13:36.946 551 551 D vold : Starting restorecon of /data/vendor_ce/0
03-28 06:13:36.950 551 551 D vold : Finished restorecon of /data/vendor_ce/0
03-28 06:13:36.950 551 551 D vold : Starting restorecon of /data/misc_ce/0
03-28 06:13:36.952 551 551 D vold : Finished restorecon of /data/misc_ce/0
03-28 06:13:36.952 551 551 D vold : /system/bin/vold_prepare_subdirs
03-28 06:13:36.952 551 551 D vold : prepare
