03-28 06:13:35.741 1124 1124 V StorageManagerService: Package com.baidu.input does not have legacy storage
03-28 06:13:35.741 1124 1124 V StorageManagerService: Package com.android.systemui.overlay.common does not have legacy storage
03-28 06:13:35.741 1124 1124 V StorageManagerService: Package com.android.cameraextensions does not have legacy storage
03-28 06:13:35.741 1124 1124 V StorageManagerService: Package com.thundercomm.tcservice does not have legacy storage
03-28 06:13:35.741 1124 1124 V StorageManagerService: Package com.android.localtransport does not have legacy storage
03-28 06:13:35.741 1124 1124 V StorageManagerService: Package com.android.packageinstaller does not have legacy storage
03-28 06:13:35.741 1124 1124 V StorageManagerService: Package com.qualcomm.qti.devicestatisticsservice does not have legacy storage
03-28 06:13:35.741 1124 1124 V StorageManagerService: Package com.android.theme.font.notoserifsource does not have legacy storage
03-28 06:13:35.741 1124 1124 V StorageManagerService: Package com.android.proxyhandler does not have legacy storage
03-28 06:13:35.741 1124 1124 V StorageManagerService: Package com.android.internal.display.cutout.emulation.waterfall does not have legacy storage
03-28 06:13:35.741 1124 1124 V StorageManagerService: Package com.qualcomm.qti.workloadclassifier does not have legacy storage
03-28 06:13:35.741 1124 1124 V StorageManagerService: Package com.android.inputmethod.latin does not have legacy storage
03-28 06:13:35.741 1124 1124 V StorageManagerService: Package com.android.providers.settings.overlay does not have legacy storage
03-28 06:13:35.742 1124 1124 V StorageManagerService: Package com.android.managedprovisioning does not have legacy storage
03-28 06:13:35.742 1124 1124 V StorageManagerService: Package com.android.networkstack.tethering does not have legacy storage
03-28 06:13:35.742 1124 1124 V StorageManagerService: Package com.android.soundpicker does not have legacy storage
03-28 06:13:35.742 1124 1124 V StorageManagerService: Package com.android.dreams.phototable does not have legacy storage
03-28 06:13:35.742 1124 1124 V StorageManagerService: Package com.thundercomm.screensaver does not have legacy storage
03-28 06:13:35.742 1124 1124 V StorageManagerService: Package com.android.wallpaper.livepicker does not have legacy storage
03-28 06:13:35.742 1124 1124 V StorageManagerService: Package com.android.apps.tag does not have legacy storage
03-28 06:13:35.742 1124 1124 V StorageManagerService: Package com.android.storagemanager does not have legacy storage
03-28 06:13:35.742 1124 1124 V StorageManagerService: Package com.android.bookmarkprovider does not have legacy storage
03-28 06:13:35.742 1124 1124 V StorageManagerService: Package com.android.settings does not have legacy storage
03-28 06:13:35.742 1124 1124 V StorageManagerService: Package com.android.networkstack.permissionconfig does not have legacy storage
03-28 06:13:35.742 1124 1124 V StorageManagerService: Package com.qualcomm.location does not have legacy storage
03-28 06:13:35.742 1124 1124 V StorageManagerService: Package com.android.cts.ctsshim does not have legacy storage
03-28 06:13:35.742 1124 1124 V StorageManagerService: Package com.qti.diagservices does not have legacy storage
03-28 06:13:35.742 1124 1124 V StorageManagerService: Package com.android.vpndialogs does not have legacy storage
03-28 06:13:35.742 1124 1124 V StorageManagerService: Package com.qualcomm.location.XT does not have legacy storage
03-28 06:13:35.742 1124 1124 V StorageManagerService: Package com.android.music does not have legacy storage
03-28 06:13:35.742 1124 1124 V StorageManagerService: Package com.android.shell does not have legacy storage
03-28 06:13:35.742 1124 1124 V StorageManagerService: Package com.android.wallpaperbackup does not have legacy storage
03-28 06:13:35.742 1124 1124 V StorageManagerService: Package com.android.providers.userdictionary does not have legacy storage
03-28 06:13:35.742 1124 1124 V StorageManagerService: Package com.android.providers.media.module does not have legacy storage
03-28 06:13:35.743 1124 1124 V StorageManagerService: Package com.android.emergency does not have legacy storage
03-28 06:13:35.743 1124 1124 V StorageManagerService: Package com.android.hotspot2.osulogin does not have legacy storage
03-28 06:13:35.743 1124 1124 V StorageManagerService: Package com.qualcomm.qti.qdma does not have legacy storage
03-28 06:13:35.743 1124 1124 V StorageManagerService: Package com.qualcomm.qti.xrcb does not have legacy storage
03-28 06:13:35.743 1124 1124 V StorageManagerService: Package com.android.internal.systemui.navbar.gestural does not have legacy storage
03-28 06:13:35.743 1124 1124 V StorageManagerService: Package com.android.location.fused does not have legacy storage
03-28 06:13:35.743 1124 1124 V StorageManagerService: Package com.android.systemui does not have legacy storage
03-28 06:13:35.743 1124 1124 V StorageManagerService: Package com.android.bluetoothmidiservice does not have legacy storage
03-28 06:13:35.743 1124 1124 V StorageManagerService: Package com.qti.ltebc does not have legacy storage
03-28 06:13:35.743 1124 1124 V StorageManagerService: Package com.android.permissioncontroller does not have legacy storage
03-28 06:13:35.743 1124 1124 V StorageManagerService: Package com.android.traceur does not have legacy storage
03-28 06:13:35.743 1124 1124 V StorageManagerService: Package com.qualcomm.qti.qccauthmgr does not have legacy storage
03-28 06:13:35.743 1124 1124 V StorageManagerService: Package com.qualcomm.qti.qms.service.trustzoneaccess does not have legacy storage
03-28 06:13:35.743 1124 1124 V StorageManagerService: Package com.qualcomm.qtil.aptxui does not have legacy storage
03-28 06:13:35.743 1124 1124 V StorageManagerService: Package com.android.bluetooth does not have legacy storage
03-28 06:13:35.743 1124 1124 V StorageManagerService: Package com.qualcomm.timeservice does not have legacy storage
03-28 06:13:35.743 1124 1124 V StorageManagerService: Package com.qualcomm.embms does not have legacy storage
03-28 06:13:35.743 1124 1124 V StorageManagerService: Package com.android.providers.contacts does not have legacy storage
03-28 06:13:35.744 1124 1124 V StorageManagerService: Package com.android.captiveportallogin does not have legacy storage
03-28 06:13:35.744 1124 1124 V StorageManagerService: Package com.android.internal.systemui.navbar.gestural_narrow_back does not have legacy storage
03-28 06:13:35.744 1124 1124 V StorageManagerService: Package com.android.cellbroadcastreceiver.overlay.common does not have legacy storage
03-28 06:13:35.744 1124 1124 I SystemServerTiming: ssm.onStartUser-0_com.android.server.usage.StorageStatsService$Lifecycle
03-28 06:13:35.744 1124 1124 I SystemServerTiming: ssm.onStartUser-0_com.android.server.UiModeManagerService
03-28 06:13:35.744 1124 1124 I SystemServerTiming: ssm.onStartUser-0_com.android.server.locksettings.LockSettingsService$Lifecycle
03-28 06:13:35.744 1124 1544 W ActivityManager: Slow operation: 140ms so far, now at startProcess: returned from zygote!
03-28 06:13:35.744 1124 1124 I SystemServerTiming: ssm.onStartUser-0_com.android.server.PersistentDataBlockService
03-28 06:13:35.744 1124 1124 I SystemServerTiming: ssm.onStartUser-0_com.android.server.testharness.TestHarnessModeService
03-28 06:13:35.744 1124 1124 I SystemServerTiming: ssm.onStartUser-0_com.android.server.oemlock.OemLockService
03-28 06:13:35.744 1124 1124 I SystemServerTiming: ssm.onStartUser-0_com.android.server.DeviceIdleController
03-28 06:13:35.744 1124 1124 I SystemServerTiming: ssm.onStartUser-0_com.android.server.devicepolicy.DevicePolicyManagerService$Lifecycle
03-28 06:13:35.744 1124 1124 I SystemServerTiming: ssm.onStartUser-0_com.android.server.texttospeech.TextToSpeechManagerService
03-28 06:13:35.744 1124 1124 I SystemServerTiming: ssm.onStartUser-0_com.android.server.speech.SpeechRecognitionManagerService
03-28 06:13:35.744 1124 1124 I SystemServerTiming: ssm.onStartUser-0_com.android.server.searchui.SearchUiManagerService
03-28 06:13:35.744 1124 1124 I SystemServerTiming: ssm.onStartUser-0_com.android.server.smartspace.SmartspaceManagerService
03-28 06:13:35.744 1124 1124 I SystemServerTiming: ssm.onStartUser-0_com.android.server.graphics.fonts.FontManagerService$Lifecycle
03-28 06:13:35.744 1124 1124 I SystemServerTiming: ssm.onStartUser-0_com.android.server.textservices.TextServicesManagerService$Lifecycle
03-28 06:13:35.744 1124 1124 I SystemServerTiming: ssm.onStartUser-0_com.android.server.textclassifier.TextClassificationManagerService$Lifecycle
03-28 06:13:35.745 1124 1544 W ActivityManager: Slow operation: 141ms so far, now at startProcess: done updating battery stats
03-28 06:13:35.745 1124 1544 W ActivityManager: Slow operation: 141ms so far, now at startProcess: building log message
03-28 06:13:35.745 1124 1544 I ActivityManager: Start proc 2059:WebViewLoader-armeabi-v7a/1037 [android.webkit.WebViewLibraryLoader$RelroFileCreator] for null
03-28 06:13:35.745 1124 1544 W ActivityManager: Slow operation: 141ms so far, now at startProcess: starting to update pids map
03-28 06:13:35.745 1124 1544 W ActivityManager: Slow operation: 141ms so far, now at startProcess: done updating pids map
03-28 06:13:35.745 1124 1544 W ActivityManager: Slow operation: 140ms so far, now at startProcess: asking zygote to start proc
03-28 06:13:35.745 1124 1124 I SystemServerTiming: ssm.onStartUser-0_com.android.server.NetworkScoreService$Lifecycle
03-28 06:13:35.745 1124 1124 I SystemServerTiming: ssm.onStartUser-0_com.android.server.wifi.WifiService
03-28 06:13:35.745 1124 1124 I SystemServerTiming: ssm.onStartUser-0_com.android.server.wifi.scanner.WifiScanningService
03-28 06:13:35.745 1124 1124 I SystemServerTiming: ssm.onStartUser-0_com.android.server.wifi.rtt.RttService
03-28 06:13:35.745 1124 1124 I SystemServerTiming: ssm.onStartUser-0_com.android.server.wifi.aware.WifiAwareService
03-28 06:13:35.745 1124 1124 I SystemServerTiming: ssm.onStartUser-0_com.android.server.wifi.p2p.WifiP2pService
03-28 06:13:35.745 1124 1124 I SystemServerTiming: ssm.onStartUser-0_com.android.server.ethernet.EthernetService
03-28 06:13:35.745 1124 1124 I SystemServerTiming: ssm.onStartUser-0_com.android.server.ConnectivityServiceInitializer
03-28 06:13:35.745 1124 1124 I SystemServerTiming: ssm.onStartUser-0_com.android.server.notification.NotificationManagerService
03-28 06:13:35.745 1124 1124 I SystemServerTiming: ssm.onStartUser-0_com.android.server.storage.DeviceStorageMonitorService
03-28 06:13:35.745 1124 1124 I SystemServerTiming: ssm.onStartUser-0_com.android.server.location.LocationManagerService$Lifecycle
03-28 06:13:35.745 1124 1124 I SystemServerTiming: ssm.onStartUser-0_com.android.server.timedetector.TimeDetectorService$Lifecycle
03-28 06:13:35.745 1124 1124 I SystemServerTiming: ssm.onStartUser-0_com.android.server.timezonedetector.TimeZoneDetectorService$Lifecycle
03-28 06:13:35.745 1124 1124 I SystemServerTiming: ssm.onStartUser-0_com.android.server.timezonedetector.location.LocationTimeZoneManagerService$Lifecycle
03-28 06:13:35.745 1124 1124 I SystemServerTiming: ssm.onStartUser-0_com.android.server.search.SearchManagerService$Lifecycle
03-28 06:13:35.746 1124 1124 I SystemServerTiming: ssm.onStartUser-0_com.android.server.wallpaper.WallpaperManagerService$Lifecycle
03-28 06:13:35.746 1124 1124 I SystemServerTiming: ssm.onStartUser-0_com.android.server.audio.AudioService$Lifecycle
03-28 06:13:35.746 1124 1124 I SystemServerTiming: ssm.onStartUser-0_com.android.server.soundtrigger_middleware.SoundTriggerMiddlewareService$Lifecycle
03-28 06:13:35.746 1124 1124 I SystemServerTiming: ssm.onStartUser-0_com.android.server.DockObserver
03-28 06:13:35.746 1124 1124 I SystemServerTiming: ssm.onStartUser-0_com.android.server.midi.MidiService$Lifecycle
03-28 06:13:35.746 1124 1124 I SystemServerTiming: ssm.onStartUser-0_com.android.server.adb.AdbService$Lifecycle
03-28 06:13:35.746 1124 1124 I SystemServerTiming: ssm.onStartUser-0_com.android.server.usb.UsbService$Lifecycle
03-28 06:13:35.746 1124 1124 I SystemServerTiming: ssm.onStartUser-0_com.android.server.twilight.TwilightService
03-28 06:13:35.746 1124 1124 I SystemServerTiming: ssm.onStartUser-0_com.android.server.display.color.ColorDisplayService
03-28 06:13:35.746 1124 1124 I SystemServerTiming: ssm.onStartUser-0_com.android.server.job.JobSchedulerService
03-28 06:13:35.746 1124 1124 I SystemServerTiming: ssm.onStartUser-0_com.android.server.soundtrigger.SoundTriggerService
03-28 06:13:35.746 1124 1124 I SystemServerTiming: ssm.onStartUser-0_com.android.server.trust.TrustManagerService
03-28 06:13:35.746 1124 1124 I SystemServerTiming: ssm.onStartUser-0_com.android.server.backup.BackupManagerService$Lifecycle
03-28 06:13:35.746 1124 1124 I SystemServerTiming: ssm.onStartUser-0_com.android.server.appwidget.AppWidgetService
03-28 06:13:35.746 1124 1124 I SystemServerTiming: ssm.onStartUser-0_com.android.server.voiceinteraction.VoiceInteractionManagerService
03-28 06:13:35.746 1124 1124 W VoiceInteractionManager: no available voice recognition services found for user 0
03-28 06:13:35.746 1124 1124 I SystemServerTiming: ssm.onStartUser-0_com.android.server.apphibernation.AppHibernationService
03-28 06:13:35.746 1124 1124 I SystemServerTiming: ssm.onStartUser-0_com.android.server.SensorNotificationService
03-28 06:13:35.746 1124 1124 I SystemServerTiming: ssm.onStartUser-0_com.android.server.emergency.EmergencyAffordanceService
03-28 06:13:35.746 1124 1124 I SystemServerTiming: ssm.onStartUser-0_com.android.server.blob.BlobStoreManagerService
03-28 06:13:35.746 1124 1124 I SystemServerTiming: ssm.onStartUser-0_com.android.server.dreams.DreamManagerService
03-28 06:13:35.746 1124 1124 I SystemServerTiming: ssm.onStartUser-0_com.android.server.companion.CompanionDeviceManagerService
03-28 06:13:35.746 1124 1124 I SystemServerTiming: ssm.onStartUser-0_com.android.server.restrictions.RestrictionsManagerService
03-28 06:13:35.746 1124 1124 I SystemServerTiming: ssm.onStartUser-0_com.android.server.media.MediaSessionService
03-28 06:13:35.747 1124 1124 I SystemServerTiming: ssm.onStartUser-0_com.android.server.media.MediaResourceMonitorService
03-28 06:13:35.747 1124 1124 I SystemServerTiming: ssm.onStartUser-0_com.android.server.biometrics.sensors.fingerprint.FingerprintService
03-28 06:13:35.747 1124 1124 I SystemServerTiming: ssm.onStartUser-0_com.android.server.biometrics.BiometricService
03-28 06:13:35.747 1124 1124 I SystemServerTiming: ssm.onStartUser-0_com.android.server.biometrics.AuthService
03-28 06:13:35.747 1124 1124 I SystemServerTiming: ssm.onStartUser-0_com.android.server.pm.ShortcutService$Lifecycle
03-28 06:13:35.747 1124 1124 I SystemServerTiming: ssm.onStartUser-0_com.android.server.pm.LauncherAppsService
03-28 06:13:35.747 1124 1124 I SystemServerTiming: ssm.onStartUser-0_com.android.server.pm.CrossProfileAppsService
03-28 06:13:35.747 1124 1124 I SystemServerTiming: ssm.onStartUser-0_com.android.server.people.PeopleService
03-28 06:13:35.747 1124 1124 I SystemServerTiming: ssm.onStartUser-0_com.android.server.media.metrics.MediaMetricsManagerService
03-28 06:13:35.747 1124 1124 I SystemServerTiming: ssm.onStartUser-0_com.android.server.media.projection.MediaProjectionManagerService
03-28 06:13:35.747 1124 1124 I SystemServerTiming: ssm.onStartUser-0_com.android.server.slice.SliceManagerService$Lifecycle
03-28 06:13:35.747 1124 1124 I SystemServerTiming: ssm.onStartUser-0_com.android.server.stats.StatsCompanion$Lifecycle
03-28 06:13:35.747 1124 1124 I SystemServerTiming: ssm.onStartUser-0_com.android.server.scheduling.RebootReadinessManagerService$Lifecycle
03-28 06:13:35.747 1124 1124 I SystemServerTiming: ssm.onStartUser-0_com.android.server.stats.pull.StatsPullAtomService
03-28 06:13:35.747 1124 1124 I SystemServerTiming: ssm.onStartUser-0_com.android.server.incident.IncidentCompanionService
03-28 06:13:35.747 1124 1124 I SystemServerTiming: ssm.onStartUser-0_com.android.server.MmsServiceBroker
03-28 06:13:35.747 1124 1124 I SystemServerTiming: ssm.onStartUser-0_com.android.server.autofill.AutofillManagerService
03-28 06:13:35.747 1124 1124 I SystemServerTiming: ssm.onStartUser-0_com.android.server.clipboard.ClipboardService
03-28 06:13:35.747 1124 1124 I SystemServerTiming: ssm.onStartUser-0_com.android.server.appbinding.AppBindingService$Lifecycle
03-28 06:13:35.747 1124 1124 W AppBindingService: [Default SMS app] u0 Target package not found
03-28 06:13:35.747 1124 1124 I SystemServerTiming: ssm.onStartUser-0_com.android.server.tracing.TracingServiceProxy
03-28 06:13:35.747 1124 1124 I SystemServerTiming: ssm.onStartUser-0_com.android.server.policy.PermissionPolicyService
03-28 06:13:35.747 1124 1124 I SystemServerTiming: ssm.onStartUser-0_com.android.server.pm.StagingManager$Lifecycle
03-28 06:13:35.747 1124 1124 I SystemServerTiming: ssm.onStartUser-0_com.android.server.app.GameManagerService$Lifecycle
03-28 06:13:35.749 1124 1544 W ActivityManager: Slow operation: 144ms so far, now at startProcess: returned from zygote!
03-28 06:13:35.749 1124 1544 W ActivityManager: Slow operation: 144ms so far, now at startProcess: done updating battery stats
03-28 06:13:35.749 1124 1544 W ActivityManager: Slow operation: 144ms so far, now at startProcess: building log message
03-28 06:13:35.749 1124 1544 I ActivityManager: Start proc 2062:WebViewLoader-arm64-v8a/1037 [android.webkit.WebViewLibraryLoader$RelroFileCreator] for null
03-28 06:13:35.749 1124 1544 W ActivityManager: Slow operation: 145ms so far, now at startProcess: starting to update pids map
03-28 06:13:35.751 1124 1544 W ActivityManager: Slow operation: 146ms so far, now at startProcess: done updating pids map
03-28 06:13:35.751 1124 1544 W ActivityManager: Slow operation: 52ms so far, now at startProcess: asking zygote to start proc
03-28 06:13:35.759 1124 1124 V GameManagerService: Settings file doesn't exists, skip reading
03-28 06:13:35.759 1124 1124 I SystemServerTiming: ssm.onStartUser-0_com.android.server.appsearch.AppSearchManagerService
03-28 06:13:35.759 1124 1124 I SystemServerTiming: ssm.onStartUser-0_com.android.server.media.MediaCommunicationService
03-28 06:13:35.759 1124 1124 I SystemServerTiming: startPersistentApps
03-28 06:13:35.760 1124 1124 D CompatibilityChangeReporter: Compat change id reported: 135754954; UID 1000; state: ENABLED
03-28 06:13:35.762 1124 1124 D CompatibilityChangeReporter: Compat change id reported: 135634846; UID 1001; state: DISABLED
03-28 06:13:35.762 1124 1124 D CompatibilityChangeReporter: Compat change id reported: 177438394; UID 1001; state: DISABLED
03-28 06:13:35.762 1124 1124 D CompatibilityChangeReporter: Compat change id reported: 135772972; UID 1001; state: DISABLED
03-28 06:13:35.762 1124 1124 D CompatibilityChangeReporter: Compat change id reported: 135754954; UID 1001; state: ENABLED
03-28 06:13:35.762 1124 1124 D CompatibilityChangeReporter: Compat change id reported: 135634846; UID 10054; state: DISABLED
03-28 06:13:35.765 1124 1124 D CompatibilityChangeReporter: Compat change id reported: 177438394; UID 10054; state: DISABLED
03-28 06:13:35.765 1124 1124 D CompatibilityChangeReporter: Compat change id reported: 135772972; UID 10054; state: DISABLED
03-28 06:13:35.765 1124 1124 D CompatibilityChangeReporter: Compat change id reported: 135754954; UID 10054; state: DISABLED
03-28 06:13:35.772 1124 1544 W ActivityManager: Slow operation: 73ms so far, now at startProcess: returned from zygote!
03-28 06:13:35.773 1124 1124 D CompatibilityChangeReporter: Compat change id reported: 135634846; UID 10085; state: DISABLED
03-28 06:13:35.773 1124 1124 D CompatibilityChangeReporter: Compat change id reported: 177438394; UID 10085; state: DISABLED
03-28 06:13:35.773 1124 1124 D CompatibilityChangeReporter: Compat change id reported: 135772972; UID 10085; state: DISABLED
03-28 06:13:35.774 1124 1124 D CompatibilityChangeReporter: Compat change id reported: 135754954; UID 10085; state: DISABLED
01-01 08:01:10.032 0 0 I binder : 2059:2059 ioctl 40046210 ffad80c8 returned -22
03-28 06:13:35.775 1124 1124 D CompatibilityChangeReporter: Compat change id reported: 135634846; UID 1068; state: DISABLED
01-01 08:01:10.037 0 0 I binder : 2062:2062 ioctl 40046210 7fc521bc34 returned -22
03-28 06:13:35.779 1124 1124 D CompatibilityChangeReporter: Compat change id reported: 135634846; UID 10065; state: DISABLED
03-28 06:13:35.779 1124 1124 D CompatibilityChangeReporter: Compat change id reported: 177438394; UID 10065; state: DISABLED
03-28 06:13:35.780 1124 1124 D CompatibilityChangeReporter: Compat change id reported: 135772972; UID 10065; state: DISABLED
03-28 06:13:35.780 1124 1124 D CompatibilityChangeReporter: Compat change id reported: 135754954; UID 10065; state: ENABLED
03-28 06:13:35.785 1124 1124 I SystemServerTiming: startHomeOnAllDisplays
01-01 08:01:10.044 0 0 I binder : 2083:2083 ioctl 40046210 7fc521bc34 returned -22
03-28 06:13:35.787 1124 1124 I ActivityTaskManager: START u0 {act=android.intent.action.MAIN cat=[android.intent.category.HOME] flg=0x10000100 cmp=com.android.settings/.FallbackHome (has extras)} from uid 0
03-28 06:13:35.803 1124 1124 D CompatibilityChangeReporter: Compat change id reported: 174042980; UID 1000; state: DISABLED
01-01 08:01:10.069 0 0 I msm_vidc: high: 00000001: ....d: Opening video instance: 0000000000000000, 1
01-01 08:01:10.069 0 0 I msm_vidc: err : 00000001: ....d: Failed to create debugfs for msm_vidc
01-01 08:01:10.072 0 0 E init : Control message: Could not find 'vendor.qti.hardware.iop@2.0::IIop/default' for ctl.interface_start from pid: 509 (/system/bin/hwservicemanager)
03-28 06:13:35.844 1124 2140 W ContextImpl: Calling a method in the system process without a qualified user: android.app.ContextImpl.bindService:1895 android.content.ContextWrapper.bindService:810 com.qualcomm.qti.activityextension.ActivityNotifier.bindToDynamicDDSService:103 com.qualcomm.qti.activityextension.ActivityNotifier.handleSendActivityInvokeNotification:184 com.qualcomm.qti.activityextension.ActivityNotifier.access$300:26
03-28 06:13:35.846 1124 1124 I ActivityTaskManager: FOREGROUND_APPLICATION_CHANGED to com.android.settings.FallbackHome
03-28 06:13:35.847 1124 1124 I SystemServerTiming: showSystemReadyErrorDialogs
03-28 06:13:35.884 1124 1124 I SystemServerTiming: sendUserStartBroadcast
03-28 06:13:35.884 1124 1124 I SystemServerTiming: resumeTopActivities
03-28 06:13:35.885 1124 1124 I SystemServerTiming: sendUserSwitchBroadcasts
03-28 06:13:35.885 1124 1124 I SystemServerTiming: setBinderProxies
03-28 06:13:35.885 1124 1124 I SystemServerTiming: StartSystemUI
03-28 06:13:35.886 1124 1544 W ActivityManager: Slow operation: 187ms so far, now at startProcess: done updating battery stats
03-28 06:13:35.886 1124 1544 W ActivityManager: Slow operation: 187ms so far, now at startProcess: building log message
03-28 06:13:35.886 1124 1544 I ActivityManager: Start proc 2083:com.android.networkstack.process/1073 for service {com.android.networkstack/com.android.server.NetworkStackService}
03-28 06:13:35.886 1124 1544 W ActivityManager: Slow operation: 187ms so far, now at startProcess: starting to update pids map
03-28 06:13:35.886 1124 1544 W ActivityManager: Slow operation: 187ms so far, now at startProcess: done updating pids map
03-28 06:13:35.886 1124 1544 W ActivityManager: Slow operation: 127ms so far, now at startProcess: asking zygote to start proc
03-28 06:13:35.896 1124 1710 D CompatibilityChangeReporter: Compat change id reported: 181136395; UID 1000; state: DISABLED
03-28 06:13:35.896 1124 1710 D CompatibilityChangeReporter: Compat change id reported: 174042936; UID 1000; state: DISABLED
03-28 06:13:35.897 1124 1541 D CountryDetector: Using custom country detector class: com.android.server.location.ComprehensiveCountryDetector
03-28 06:13:35.897 1124 1541 E CountryDetector: Could not instantiate the custom country detector class
03-28 06:13:35.897 1124 1541 D CountryDetector: Using default country detector
03-28 06:13:35.903 1124 1544 W ActivityManager: Slow operation: 144ms so far, now at startProcess: returned from zygote!
01-01 08:01:10.167 0 0 I : [MAX975X:max96755x_drm_notifier_callback] *INFO* receives EARLY_BLANK:UNBLANK
01-01 08:01:10.167 0 0 I atmel_mxt_ts 0-004a: FB event:2,blank:0
01-01 08:01:10.167 0 0 I atmel_mxt_ts 0-004a: suspend: event = 2, blank = 0, not care
01-01 08:01:10.167 0 0 I [drm:dsi_display_set_mode] [msm-dsi-info]: mdp_transfer_time_us=0 us
01-01 08:01:10.167 0 0 I [drm:dsi_display_set_mode] [msm-dsi-info]: hactive= 2560,vactive= 1080,fps=60
01-01 08:01:10.167 0 0 I [drm:dsi_ctrl_isr_configure] [msm-dsi-info]: dsi-ctrl-0: IRQ 403 registered
03-28 06:13:35.912 1124 1165 D CompatibilityChangeReporter: Compat change id reported: 168419799; UID 1073; state: DISABLED
03-28 06:13:35.914 1124 1165 D CompatibilityChangeReporter: Compat change id reported: 168419799; UID 1073; state: DISABLED
03-28 06:13:35.919 1124 1124 I SystemServerTiming: startMicroService
03-28 06:13:35.920 1124 1544 W ActivityManager: Slow operation: 161ms so far, now at startProcess: done updating battery stats
03-28 06:13:35.920 1124 1544 W ActivityManager: Slow operation: 161ms so far, now at startProcess: building log message
03-28 06:13:35.920 1124 1544 I ActivityManager: Start proc 2166:com.thundercomm.gamemode/1000 for added application com.thundercomm.gamemode
03-28 06:13:35.920 1124 1544 W ActivityManager: Slow operation: 161ms so far, now at startProcess: starting to update pids map
03-28 06:13:35.920 1124 1544 W ActivityManager: Slow operation: 161ms so far, now at startProcess: done updating pids map
03-28 06:13:35.920 1124 1544 W ActivityManager: Slow operation: 160ms so far, now at startProcess: asking zygote to start proc
03-28 06:13:35.922 1124 1524 D CompatibilityChangeReporter: Compat change id reported: 135634846; UID 1000; state: DISABLED
03-28 06:13:35.922 1124 1524 D CompatibilityChangeReporter: Compat change id reported: 177438394; UID 1000; state: DISABLED
03-28 06:13:35.922 1124 1524 D CompatibilityChangeReporter: Compat change id reported: 135772972; UID 1000; state: DISABLED
03-28 06:13:35.922 1124 1524 D CompatibilityChangeReporter: Compat change id reported: 135754954; UID 1000; state: ENABLED
03-28 06:13:35.925 1124 1124 I SystemServerTiming: startRemoteControlService
03-28 06:13:35.925 1124 1544 W ActivityManager: Slow operation: 165ms so far, now at startProcess: returned from zygote!
03-28 06:13:35.925 1124 1124 I SystemServerTiming: startTcService
03-28 06:13:35.925 1124 1544 W ActivityManager: Slow operation: 165ms so far, now at startProcess: done updating battery stats
03-28 06:13:35.926 1124 1544 W ActivityManager: Slow operation: 166ms so far, now at startProcess: building log message
03-28 06:13:35.926 1124 1544 I ActivityManager: Start proc 2169:com.thundercomm.microservice/1000 for added application com.thundercomm.microservice
03-28 06:13:35.926 1124 1544 W ActivityManager: Slow operation: 166ms so far, now at startProcess: starting to update pids map
03-28 06:13:35.926 1124 1544 W ActivityManager: Slow operation: 166ms so far, now at startProcess: done updating pids map
03-28 06:13:35.926 1124 1544 W ActivityManager: Slow operation: 165ms so far, now at startProcess: asking zygote to start proc
03-28 06:13:35.926 1124 2140 W ContextImpl: Calling a method in the system process without a qualified user: android.app.ContextImpl.bindService:1895 android.content.ContextWrapper.bindService:810 com.qualcomm.qti.activityextension.ActivityNotifier.bindToDynamicDDSService:103 com.qualcomm.qti.activityextension.ActivityNotifier.handleSendActivityInvokeNotification:184 com.qualcomm.qti.activityextension.ActivityNotifier.access$300:26
03-28 06:13:35.927 1124 2140 W ContextImpl: Calling a method in the system process without a qualified user: android.app.ContextImpl.bindService:1895 android.content.ContextWrapper.bindService:810 com.qualcomm.qti.activityextension.ActivityNotifier.bindToDynamicDDSService:103 com.qualcomm.qti.activityextension.ActivityNotifier.handleSendActivityInvokeNotification:184 com.qualcomm.qti.activityextension.ActivityNotifier.access$300:26
03-28 06:13:35.929 1124 2004 W PackageManager: Loading a package that does not exist for the calling user. package=null, user=0
03-28 06:13:35.933 1124 2004 W PackageManager: Loading a package that does not exist for the calling user. package=null, user=0
03-28 06:13:35.936 1124 1124 I SystemServerTiming: startBoostPerfService
03-28 06:13:35.940 1124 1124 W Looper : Slow delivery took 4559ms main h=android.app.PropertyInvalidatedCache$AutoCorker$1 c=null m=0
03-28 06:13:35.946 1124 1124 D ConditionProviders.SCP: onConnected
03-28 06:13:35.947 1124 1124 I GameModeConfig: isGameModeOn = false
03-28 06:13:35.947 1124 1124 D ConditionProviders: Subscribing to condition://android/event?userId=-10000&calendar=&reply=1 with ComponentInfo{android/com.android.server.notification.EventConditionProvider}
03-28 06:13:35.947 1124 1124 D ConditionProviders: Subscribing to condition://android/schedule?days=1.2.3.4.5.6.7&start=22.0&end=7.0&exitAtAlarm=true with ComponentInfo{android/com.android.server.notification.ScheduleConditionProvider}
01-01 08:01:10.208 0 0 I binder : 2166:2166 ioctl 40046210 7fc521bc34 returned -22
03-28 06:13:35.948 1124 1544 W ActivityManager: Slow operation: 187ms so far, now at startProcess: returned from zygote!
03-28 06:13:35.948 1124 1544 W ActivityManager: Slow operation: 187ms so far, now at startProcess: done updating battery stats
03-28 06:13:35.948 1124 1544 W ActivityManager: Slow operation: 187ms so far, now at startProcess: building log message
03-28 06:13:35.948 1124 1544 I ActivityManager: Start proc 2183:com.thundercomm.microsettings/1000 for added application com.thundercomm.microsettings
03-28 06:13:35.948 1124 1544 W ActivityManager: Slow operation: 187ms so far, now at startProcess: starting to update pids map
03-28 06:13:35.948 1124 1544 W ActivityManager: Slow operation: 187ms so far, now at startProcess: done updating pids map
03-28 06:13:35.948 1124 1544 W ActivityManager: Slow operation: 186ms so far, now at startProcess: asking zygote to start proc
03-28 06:13:35.952 1124 1124 D CompatibilityChangeReporter: Compat change id reported: 135634846; UID 10092; state: DISABLED
03-28 06:13:35.952 1124 1124 D CompatibilityChangeReporter: Compat change id reported: 177438394; UID 10092; state: DISABLED
03-28 06:13:35.953 1124 1124 D CompatibilityChangeReporter: Compat change id reported: 135772972; UID 10092; state: DISABLED
03-28 06:13:35.953 1124 1124 D CompatibilityChangeReporter: Compat change id reported: 135754954; UID 10092; state: ENABLED
03-28 06:13:35.956 1124 1124 I GameModeConfig: isGameModeOn = false
03-28 06:13:35.957 1124 2122 D CompatibilityChangeReporter: Compat change id reported: 168419799; UID 1000; state: DISABLED
03-28 06:13:35.965 1124 1544 W ActivityManager: Slow operation: 203ms so far, now at startProcess: returned from zygote!
03-28 06:13:35.966 1124 1544 W ActivityManager: Slow operation: 204ms so far, now at startProcess: done updating battery stats
03-28 06:13:35.966 1124 1544 W ActivityManager: Slow operation: 204ms so far, now at startProcess: building log message
03-28 06:13:35.966 1124 1544 I ActivityManager: Start proc 2211:.dataservices/1001 for added application .dataservices
03-28 06:13:35.966 1124 1544 W ActivityManager: Slow operation: 204ms so far, now at startProcess: starting to update pids map
03-28 06:13:35.966 1124 1544 W ActivityManager: Slow operation: 204ms so far, now at startProcess: done updating pids map
03-28 06:13:35.966 1124 1544 W ActivityManager: Slow operation: 204ms so far, now at startProcess: asking zygote to start proc
03-28 06:13:35.966 1124 1544 D CompatibilityChangeReporter: Compat change id reported: 143937733; UID 10054; state: DISABLED
03-28 06:13:35.974 1124 1165 D CompatibilityChangeReporter: Compat change id reported: 171306433; UID 1000; state: ENABLED
03-28 06:13:35.979 1124 1544 W ActivityManager: Slow operation: 217ms so far, now at startProcess: returned from zygote!
03-28 06:13:35.979 1124 1544 W ActivityManager: Slow operation: 217ms so far, now at startProcess: done updating battery stats
03-28 06:13:35.979 1124 1544 W ActivityManager: Slow operation: 217ms so far, now at startProcess: building log message
03-28 06:13:35.979 1124 1544 I ActivityManager: Start proc 2240:.qtidataservices/u0a54 for added application .qtidataservices
03-28 06:13:35.979 1124 1544 W ActivityManager: Slow operation: 217ms so far, now at startProcess: starting to update pids map
01-01 08:01:10.221 0 0 W : [drm:programmable_fetch_get_num_lines:228] low vbp+vfp may lead to perf issues in some cases
01-01 08:01:10.222 0 0 I : [MAX975X:max96755x_drm_notifier_callback] *INFO* receives BLANK:UNBLANK
01-01 08:01:10.234 0 0 I binder : 2169:2169 ioctl 40046210 7fc521bc34 returned -22
01-01 08:01:10.235 0 0 I binder : 2183:2183 ioctl 40046210 7fc521bc34 returned -22
01-01 08:01:10.237 0 0 I binder : 1975:1975 ioctl 40046210 7fc521b2a4 returned -22
01-01 08:01:10.241 0 0 I binder : 2211:2211 ioctl 40046210 7fc521bc34 returned -22
03-28 06:13:35.989 1124 1544 W ActivityManager: Slow operation: 227ms so far, now at startProcess: done updating pids map
03-28 06:13:35.989 1124 1544 W ActivityManager: Slow operation: 224ms so far, now at startProcess: asking zygote to start proc
03-28 06:13:35.995 1124 2122 D CompatibilityChangeReporter: Compat change id reported: 168419799; UID 1000; state: DISABLED
01-01 08:01:10.259 0 0 E init : Control message: Could not find 'vendor.qti.hardware.iop@2.0::IIop/default' for ctl.interface_start from pid: 509 (/system/bin/hwservicemanager)
03-28 06:13:35.999 1124 1544 W ActivityManager: Slow operation: 234ms so far, now at startProcess: returned from zygote!
03-28 06:13:36.004 1124 1164 D CompatibilityChangeReporter: Compat change id reported: 168419799; UID 1000; state: DISABLED
01-01 08:01:10.270 0 0 I binder : 2240:2240 ioctl 40046210 7fc521bc34 returned -22
03-28 06:13:36.009 1124 1544 W ActivityManager: Slow operation: 244ms so far, now at startProcess: done updating battery stats
03-28 06:13:36.009 1124 1544 W ActivityManager: Slow operation: 244ms so far, now at startProcess: building log message
03-28 06:13:36.009 1124 1544 I ActivityManager: Start proc 2264:com.thundercomm.tchttpserver/1000 for added application com.thundercomm.tchttpserver
03-28 06:13:36.009 1124 1544 W ActivityManager: Slow operation: 244ms so far, now at startProcess: starting to update pids map
03-28 06:13:36.009 1124 1544 W ActivityManager: Slow operation: 244ms so far, now at startProcess: done updating pids map
03-28 06:13:36.009 1124 1544 W ActivityManager: Slow operation: 242ms so far, now at startProcess: asking zygote to start proc
03-28 06:13:36.019 2000 2000 W OneHandedController: Device doesn't support OneHanded feature
03-28 06:13:36.021 1124 1544 W ActivityManager: Slow operation: 254ms so far, now at startProcess: returned from zygote!
01-01 08:01:10.280 0 0 I binder : 2264:2264 ioctl 40046210 7fc521bc34 returned -22
03-28 06:13:36.022 1124 2122 D CompatibilityChangeReporter: Compat change id reported: 168419799; UID 1001; state: DISABLED
03-28 06:13:36.024 1124 2122 D CompatibilityChangeReporter: Compat change id reported: 168419799; UID 1001; state: DISABLED
03-28 06:13:36.025 1124 1544 W ActivityManager: Slow operation: 258ms so far, now at startProcess: done updating battery stats
03-28 06:13:36.025 1124 1544 W ActivityManager: Slow operation: 258ms so far, now at startProcess: building log message
03-28 06:13:36.025 1124 1544 I ActivityManager: Start proc 2290:com.tc.logclient/1000 for added application com.tc.logclient
03-28 06:13:36.025 1124 1544 W ActivityManager: Slow operation: 258ms so far, now at startProcess: starting to update pids map
03-28 06:13:36.026 1124 1544 W ActivityManager: Slow operation: 259ms so far, now at startProcess: done updating pids map
03-28 06:13:36.026 1124 1544 W ActivityManager: Slow operation: 257ms so far, now at startProcess: asking zygote to start proc
03-28 06:13:36.026 1124 1165 D CompatibilityChangeReporter: Compat change id reported: 168419799; UID 10054; state: DISABLED
03-28 06:13:36.034 1124 1544 W ActivityManager: Slow operation: 265ms so far, now at startProcess: returned from zygote!
03-28 06:13:36.034 1124 1544 W ActivityManager: Slow operation: 265ms so far, now at startProcess: done updating battery stats
03-28 06:13:36.034 1124 1544 W ActivityManager: Slow operation: 265ms so far, now at startProcess: building log message
03-28 06:13:36.034 1124 1544 I ActivityManager: Start proc 2306:com.thundercomm.tcsetupwizard/1000 for added application com.thundercomm.tcsetupwizard
03-28 06:13:36.034 1124 1544 W ActivityManager: Slow operation: 265ms so far, now at startProcess: starting to update pids map
03-28 06:13:36.034 1124 1544 W ActivityManager: Slow operation: 265ms so far, now at startProcess: done updating pids map
03-28 06:13:36.034 1124 1544 W ActivityManager: Slow operation: 264ms so far, now at startProcess: asking zygote to start proc
03-28 06:13:36.036 1124 1164 D CompatibilityChangeReporter: Compat change id reported: 168419799; UID 1000; state: DISABLED
03-28 06:13:36.040 1124 1544 W ActivityManager: Slow operation: 270ms so far, now at startProcess: returned from zygote!
03-28 06:13:36.040 1124 1544 W ActivityManager: Slow operation: 270ms so far, now at startProcess: done updating battery stats
03-28 06:13:36.040 1124 1544 W ActivityManager: Slow operation: 270ms so far, now at startProcess: building log message
03-28 06:13:36.040 1124 1544 I ActivityManager: Start proc 2309:vendor.qti.qesdk.sysservice/1000 for added application vendor.qti.qesdk.sysservice
03-28 06:13:36.040 1124 1544 W ActivityManager: Slow operation: 270ms so far, now at startProcess: starting to update pids map
03-28 06:13:36.040 1124 1544 W ActivityManager: Slow operation: 270ms so far, now at startProcess: done updating pids map
03-28 06:13:36.040 1124 1544 W ActivityManager: Slow operation: 268ms so far, now at startProcess: asking zygote to start proc
03-28 06:13:36.040 1124 1544 D CompatibilityChangeReporter: Compat change id reported: 143937733; UID 10085; state: DISABLED
03-28 06:13:36.044 1124 1124 I PackageWatchdog: Syncing health check requests for packages: {com.qualcomm.qti.devicestatisticsservice}
03-28 06:13:36.044 1124 1124 I ExplicitHealthCheckController: Service not ready to get health check supported packages. Binding...
03-28 06:13:36.045 1124 1544 W ActivityManager: Slow operation: 273ms so far, now at startProcess: returned from zygote!
03-28 06:13:36.045 1124 1124 I ExplicitHealthCheckController: Explicit health check service is bound
03-28 06:13:36.045 1124 1544 W ActivityManager: Slow operation: 273ms so far, now at startProcess: done updating battery stats
03-28 06:13:36.045 1124 1544 W ActivityManager: Slow operation: 273ms so far, now at startProcess: building log message
01-01 08:01:10.304 0 0 I binder : 1182:1182 ioctl 40046210 7ffc295924 returned -22
03-28 06:13:36.045 1124 1544 I ActivityManager: Start proc 2311:com.qti.qualcomm.mstatssystemservice/u0a85 for added application com.qti.qualcomm.mstatssystemservice
03-28 06:13:36.045 1124 1544 W ActivityManager: Slow operation: 273ms so far, now at startProcess: starting to update pids map
03-28 06:13:36.045 1124 1544 W ActivityManager: Slow operation: 273ms so far, now at startProcess: done updating pids map
03-28 06:13:36.045 1124 1544 W ActivityManager: Slow operation: 271ms so far, now at startProcess: asking zygote to start proc
03-28 06:13:36.064 1124 1544 W ActivityManager: Slow operation: 290ms so far, now at startProcess: returned from zygote!
03-28 06:13:36.065 1124 1544 W ActivityManager: Slow operation: 291ms so far, now at startProcess: done updating battery stats
03-28 06:13:36.065 1124 1544 W ActivityManager: Slow operation: 291ms so far, now at startProcess: building log message
03-28 06:13:36.065 1124 1544 I ActivityManager: Start proc 2331:com.android.se/1068 for added application com.android.se
03-28 06:13:36.065 1124 1544 W ActivityManager: Slow operation: 291ms so far, now at startProcess: starting to update pids map
03-28 06:13:36.065 1124 1544 W ActivityManager: Slow operation: 291ms so far, now at startProcess: done updating pids map
03-28 06:13:36.065 1124 1544 W ActivityManager: Slow operation: 290ms so far, now at startProcess: asking zygote to start proc
03-28 06:13:36.065 1124 1124 I SystemServerTiming: ManagedServices.unbindOtherUserServices_current0
03-28 06:13:36.065 1124 1124 I SystemServerTiming: ManagedServices.unbindOtherUserServices_current0
03-28 06:13:36.065 1124 1124 I SystemServerTiming: ManagedServices.unbindOtherUserServices_current0
03-28 06:13:36.065 1124 1124 V NotificationAssistants: enabling notification assistant for 0: ComponentInfo{android.ext.services/android.ext.services.notification.Assistant}
03-28 06:13:36.065 1124 1124 V NotificationAssistants: binding: Intent { act=android.service.notification.NotificationAssistantService cmp=android.ext.services/.notification.Assistant (has extras) }
01-01 08:01:10.328 0 0 I binder : 2306:2306 ioctl 40046210 7fc521bc34 returned -22
03-28 06:13:36.076 1124 1165 I ActivityManager: Process WebViewLoader-armeabi-v7a (pid 2059) has died: psvc PER
01-01 08:01:10.333 0 0 W perfetto: enabled ftrace
01-01 08:01:10.333 0 0 I binder : 2290:2290 ioctl 40046210 7fc521bc34 returned -22
01-01 08:01:10.337 0 0 I binder : 2309:2309 ioctl 40046210 7fc521bc34 returned -22
01-01 08:01:10.352 0 0 I binder : 2311:2311 ioctl 40046210 7fc521bc34 returned -22
03-28 06:13:36.090 1124 1164 D CompatibilityChangeReporter: Compat change id reported: 168419799; UID 1000; state: DISABLED
03-28 06:13:36.092 1124 2122 I ActivityManager: Process WebViewLoader-arm64-v8a (pid 2062) has died: psvc PER
03-28 06:13:36.102 1124 1544 W ActivityManager: Slow operation: 327ms so far, now at startProcess: returned from zygote!
03-28 06:13:36.105 1124 2123 D CompatibilityChangeReporter: Compat change id reported: 168419799; UID 1000; state: DISABLED
03-28 06:13:36.105 1124 1165 D CompatibilityChangeReporter: Compat change id reported: 157233955; UID 10078; state: ENABLED
03-28 06:13:36.107 1124 1544 W ActivityManager: Slow operation: 332ms so far, now at startProcess: done updating battery stats
03-28 06:13:36.107 1124 1544 W ActivityManager: Slow operation: 332ms so far, now at startProcess: building log message
03-28 06:13:36.107 1124 1544 I ActivityManager: Start proc 2406:com.thundercomm.remotecontrolservice/1000 for added application com.thundercomm.remotecontrolservice
03-28 06:13:36.107 1124 1544 W ActivityManager: Slow operation: 332ms so far, now at startProcess: starting to update pids map
03-28 06:13:36.107 1124 1544 W ActivityManager: Slow operation: 332ms so far, now at startProcess: done updating pids map
03-28 06:13:36.108 1124 1544 W ActivityManager: Slow operation: 331ms so far, now at startProcess: asking zygote to start proc
01-01 08:01:10.368 0 0 I binder : 2331:2331 ioctl 40046210 7fc521bc34 returned -22
03-28 06:13:36.111 1124 2123 D CompatibilityChangeReporter: Compat change id reported: 168419799; UID 1000; state: DISABLED
03-28 06:13:36.113 1124 1544 W ActivityManager: Slow operation: 336ms so far, now at startProcess: returned from zygote!
03-28 06:13:36.113 1124 1164 D CompatibilityChangeReporter: Compat change id reported: 135634846; UID 10062; state: DISABLED
03-28 06:13:36.113 1124 1164 D CompatibilityChangeReporter: Compat change id reported: 177438394; UID 10062; state: DISABLED
03-28 06:13:36.114 1124 1164 D CompatibilityChangeReporter: Compat change id reported: 135772972; UID 10062; state: DISABLED
03-28 06:13:36.114 2183 2183 W ContextImpl: Calling a method in the system process without a qualified user: android.app.ContextImpl.startService:1816 android.content.ContextWrapper.startService:774 com.thundercomm.microsettings.service.SettingsApplication.onCreate:30 android.app.Instrumentation.callApplicationOnCreate:1212 android.app.ActivityThread.handleBindApplication:6744
03-28 06:13:36.114 1124 1164 D CompatibilityChangeReporter: Compat change id reported: 135754954; UID 10062; state: ENABLED
01-01 08:01:10.372 0 0 I binder : 2211:2426 ioctl 40046210 6d45903344 returned -22
03-28 06:13:36.116 1124 1710 D CompatibilityChangeReporter: Compat change id reported: 168419799; UID 10085; state: DISABLED
03-28 06:13:36.117 1124 2004 D CompatibilityChangeReporter: Compat change id reported: 182478738; UID 1073; state: DISABLED
03-28 06:13:36.118 1124 2152 W ActivityManager: Unable to start service Intent { act=com.thundercomm.microsettings.SETTING_SERVICE pkg=com.thundercomm.microsettings } U=0: not found
03-28 06:13:36.118 1124 1544 W ActivityManager: Slow operation: 341ms so far, now at startProcess: done updating battery stats
03-28 06:13:36.118 1124 1544 W ActivityManager: Slow operation: 341ms so far, now at startProcess: building log message
03-28 06:13:36.118 1124 1544 I ActivityManager: Start proc 2427:com.thundercomm.tcservice/1000 for added application com.thundercomm.tcservice
03-28 06:13:36.118 1124 1544 W ActivityManager: Slow operation: 341ms so far, now at startProcess: starting to update pids map
03-28 06:13:36.118 2183 2183 W ContextImpl: Calling a method in the system process without a qualified user: android.app.ContextImpl.startService:1816 android.content.ContextWrapper.startService:774 com.thundercomm.microsettings.service.SettingsApplication.onCreate:36 android.app.Instrumentation.callApplicationOnCreate:1212 android.app.ActivityThread.handleBindApplication:6744
03-28 06:13:36.119 1124 1544 W ActivityManager: Slow operation: 342ms so far, now at startProcess: done updating pids map
03-28 06:13:36.119 1124 1544 W ActivityManager: Slow operation: 340ms so far, now at startProcess: asking zygote to start proc
03-28 06:13:36.120 1124 1544 D CompatibilityChangeReporter: Compat change id reported: 143937733; UID 10065; state: ENABLED
03-28 06:13:36.120 1124 2123 D CompatibilityChangeReporter: Compat change id reported: 168419799; UID 1068; state: DISABLED
03-28 06:13:36.122 1124 2003 W ActivityManager: Unable to start service Intent { act=com.thundercomm.microsettings.EOL_SERVICE pkg=com.thundercomm.microsettings } U=0: not found
03-28 06:13:36.125 1124 1544 W ActivityManager: Slow operation: 346ms so far, now at startProcess: returned from zygote!
03-28 06:13:36.125 1124 1544 W ActivityManager: Slow operation: 346ms so far, now at startProcess: done updating battery stats
03-28 06:13:36.125 1124 1544 W ActivityManager: Slow operation: 346ms so far, now at startProcess: building log message
03-28 06:13:36.125 1124 1544 I ActivityManager: Start proc 2436:com.qualcomm.qti.devicestatisticsservice/u0a65 for added application com.qualcomm.qti.devicestatisticsservice
03-28 06:13:36.125 1124 1544 W ActivityManager: Slow operation: 346ms so far, now at startProcess: starting to update pids map
03-28 06:13:36.125 1124 1544 W ActivityManager: Slow operation: 346ms so far, now at startProcess: done updating pids map
03-28 06:13:36.125 1124 1544 W ActivityManager: Slow operation: 345ms so far, now at startProcess: asking zygote to start proc
03-28 06:13:36.126 2183 2183 D MicroServiceManager: add linkToDeath
03-28 06:13:36.127 2183 2183 D MicroServiceManager: bindMicroService: called already get service
03-28 06:13:36.128 2183 2183 I MicroServiceManager: addCommonCallbackListener add listener
03-28 06:13:36.128 2183 2183 I MicroServiceManager: addConnectChangedListener add listener
01-01 08:01:10.392 0 0 I binder : 2406:2406 ioctl 40046210 7fc521bc34 returned -22
03-28 06:13:36.136 1124 1544 W ActivityManager: Slow operation: 356ms so far, now at startProcess: returned from zygote!
03-28 06:13:36.137 1124 1544 W ActivityManager: Slow operation: 357ms so far, now at startProcess: done updating battery stats
03-28 06:13:36.137 1124 1544 W ActivityManager: Slow operation: 357ms so far, now at startProcess: building log message
03-28 06:13:36.137 1124 1544 I ActivityManager: Start proc 2456:com.qualcomm.qti.qdma/1000 for added application com.qualcomm.qti.qdma
03-28 06:13:36.137 1124 1544 W ActivityManager: Slow operation: 357ms so far, now at startProcess: starting to update pids map
03-28 06:13:36.137 1124 1544 W ActivityManager: Slow operation: 357ms so far, now at startProcess: done updating pids map
03-28 06:13:36.137 1124 1544 W ActivityManager: Slow operation: 215ms so far, now at startProcess: asking zygote to start proc
03-28 06:13:36.145 1124 2122 D CompatibilityChangeReporter: Compat change id reported: 168419799; UID 1000; state: DISABLED
01-01 08:01:10.406 0 0 I binder : 2456:2456 ioctl 40046210 7fc521bc34 returned -22
03-28 06:13:36.151 1124 2003 D CompatibilityChangeReporter: Compat change id reported: 168419799; UID 1000; state: DISABLED
01-01 08:01:10.412 0 0 I binder : 2427:2427 ioctl 40046210 7fc521bc34 returned -22
03-28 06:13:36.155 1124 1544 W ActivityManager: Slow operation: 233ms so far, now at startProcess: returned from zygote!
03-28 06:13:36.155 1124 1544 W ActivityManager: Slow operation: 233ms so far, now at startProcess: done updating battery stats
03-28 06:13:36.155 1124 1544 W ActivityManager: Slow operation: 233ms so far, now at startProcess: building log message
03-28 06:13:36.155 1124 1544 I ActivityManager: Start proc 2490:com.android.settings/1000 for top-activity {com.android.settings/com.android.settings.FallbackHome}
03-28 06:13:36.155 1124 1544 W ActivityManager: Slow operation: 233ms so far, now at startProcess: starting to update pids map
03-28 06:13:36.155 1124 1544 W ActivityManager: Slow operation: 233ms so far, now at startProcess: done updating pids map
03-28 06:13:36.156 1124 1544 W ActivityManager: Slow operation: 204ms so far, now at startProcess: asking zygote to start proc
