03-28 06:15:28.816 2896 2896 I hpplay-java: [main]:ServerTaskManager:restart by error
03-28 06:15:28.817 2896 2896 I hpplay-java: [main]:ServerTaskManager:startServer
03-28 06:15:28.817 2896 2896 I hpplay-java: [main]:ServerTaskManager:startServer add, reason: server is starting or running
03-28 06:15:28.817 2896 2896 I hpplay-java: [main]:ServerTaskManager:addStopTask
03-28 06:15:28.817 2896 2896 I hpplay-java: [main]:ServerTaskManager:addStartTask
03-28 06:15:28.817 2896 2896 I hpplay-java: [main]:ServerTaskManager:exeTask stopServer
03-28 06:15:28.817 2896 2896 I hpplay-java: [main]:Bridge:stopServer keepPush: false
03-28 06:15:28.817 2896 2896 D hpplay-base: [jniBridge:909] Bridge__1stopServer status:2
03-28 06:15:28.819 2896 2896 D hpplay-base: [LelinkBase:654] stopAllServer will start thread!
03-28 06:15:28.820 2896 4946 I hpplay-base: [mDNSEmbeded:65] embedded_mDNSExit call
03-28 06:15:28.820 2896 4932 D hpplay-base: [AEventUtils:588] handle AEvent thread end!!,tid is 4932
03-28 06:15:28.820 2896 4933 D hpplay-base: [REventUtils:197] handleREventThread thread end!!,tid is 4933
03-28 06:15:28.849 2896 4916 D hpplay-base: [stream_mirror_compat:1284] mirror stream begin to exit,server fd:77,thread_id:3176145344!!
03-28 06:15:28.849 2896 4916 D hpplay-base: [stream_mirror_compat:1323] ##screen stream exit successfully!!##
03-28 06:15:29.011 2896 4915 D hpplay-base: [Server:447] startHttpServer will END srv->serverType:0
03-28 06:15:29.012 2896 4915 D hpplay-base: [Server:646] startHttpServer cond srv_shutdown:1 connectNummber:0
03-28 06:15:29.012 2896 4915 D hpplay-base: [Server:669] startHttpServer wait cond END. srv_shutdown:1 connectNummber:0
03-28 06:15:29.012 2896 4915 D hpplay-base: [Server:457] HttpServer END, tid is 4915
03-28 06:15:29.054 1124 1711 W BestClock: java.time.DateTimeException: Missing NTP fix
03-28 06:15:29.073 1124 1711 W BestClock: java.time.DateTimeException: Missing NTP fix
03-28 06:15:29.077 1124 1712 W BestClock: java.time.DateTimeException: Missing NTP fix
03-28 06:15:29.078 1124 1712 W BestClock: java.time.DateTimeException: Missing NTP fix
03-28 06:15:29.080 2896 4929 I hpplay-base: [mDNSEmbeded:140] embedded_mDNSLoop Exiting end,tid is 4929
03-28 06:15:29.081 2896 4946 D hpplay-base: [mDNSEmbeded:452] stopmDNSServer end stopmDNSNow=2, nRet=0
03-28 06:15:29.204 649 663 I mpu_uart: [MSG-P:RECV]:No message received in 1000 ms
03-28 06:15:29.300 2896 4930 I hpplay-base: [mDNSEmbeded:376] end lelink publish server, tid is 4930
03-28 06:15:29.301 2896 4946 D hpplay-base: [mDNSEmbeded:420] stopmLelinkServer end nRet=0
03-28 06:15:29.301 2896 4946 D hpplay-base: [LelinkBase:615] lebodlna stopServerThreadFunc dlnaEnable:1
03-28 06:15:29.301 2896 4946 D hpplay-base-dlna: [lebodlna_api:49] stop DMR
03-28 06:15:29.301 2896 4946 D hpplay-base-dlna: [lebodlna_api:344] m_pRender Release
03-28 06:15:29.356 2896 4946 D hpplay-base-dlna: [UpnpDefine:867] DMRender release success
03-28 06:15:29.356 2896 4946 D hpplay-base-dlna: [lebodlna_api:352] m_pAVT Release
03-28 06:15:29.356 2896 4946 D hpplay-base-dlna: [lebodlna_api:360] m_pRCS Release
03-28 06:15:29.356 2896 4946 D hpplay-base-dlna: [lebodlna_api:365] dmrender destroydmr
03-28 06:15:29.656 2896 4946 D hpplay-base-dlna: [lebodlna-dlna_android:186] stopDLNA
03-28 06:15:29.656 2896 4946 D hpplay-base-dlna: [lebodlna-dlna_android:189] dlnaservice destroy
03-28 06:15:29.657 2896 4946 D hpplay-base-dlna: [lebodlna-dlna_android:49] dlnaservice Destroy 49 int CDlnaService::Destroy()
03-28 06:15:29.657 2896 4946 D hpplay-base-dlna: [lebodlna-dlnaframe:245] dlnaservice Destroy 245 static ERROR_TYPE IDlnaFrame::DestroyDlnaFrame(IDlnaFrame *)
03-28 06:15:29.657 2896 4946 D hpplay-base-dlna: [lebodlna-dlnaframe:179] dlnaservice Destroy 179 virtual void CDlnaFrame::Release()
03-28 06:15:29.657 2896 4946 D hpplay-base-dlna: [lebodlna-dlnaframe:190] dlnaservice Destroy 190 virtual void CDlnaFrame::Release()
03-28 06:15:29.657 2896 4946 D hpplay-base-dlna: [lebodlna-dlnaframe:192] dlnaservice Destroy 192 virtual void CDlnaFrame::Release()
03-28 06:15:29.657 2896 4946 D hpplay-base-dlna: [lebodlna-dlnaframe:247] dlnaservice Destroy 247 static ERROR_TYPE IDlnaFrame::DestroyDlnaFrame(IDlnaFrame *)
03-28 06:15:29.657 2896 4946 D hpplay-base-dlna: [lebodlna-dlnaframe:251] dlnaservice Destroy 251 static ERROR_TYPE IDlnaFrame::DestroyDlnaFrame(IDlnaFrame *)
03-28 06:15:29.659 2896 4946 E hpplay-base-dlna: upnpapi.c:655::before gminiserver ThreadPoolShutdown
03-28 06:15:29.659 2896 4946 E hpplay-base-dlna: ThreadPool.c:1047::on ThreadPoolShutdown tp->totalThreads:3
03-28 06:15:29.660 2896 4946 E hpplay-base-dlna: ThreadPool.c:1056::after ThreadPoolShutdown
03-28 06:15:29.660 2896 4946 E hpplay-base-dlna: ThreadPool.c:1057::ThreadPoolShutdown tp->totalThreads:0
03-28 06:15:29.660 2896 4946 E hpplay-base-dlna: upnpapi.c:657::after gminiserver ThreadPoolShutdown
03-28 06:15:29.660 2896 4946 E hpplay-base-dlna: upnpapi.c:659::before grecv ThreadPoolShutdown
03-28 06:15:29.660 2896 4946 E hpplay-base-dlna: ThreadPool.c:1047::on ThreadPoolShutdown tp->totalThreads:9
03-28 06:15:29.660 2896 4946 E hpplay-base-dlna: ThreadPool.c:1047::on ThreadPoolShutdown tp->totalThreads:8
03-28 06:15:29.661 2896 4946 E hpplay-base-dlna: ThreadPool.c:1056::after ThreadPoolShutdown
03-28 06:15:29.661 2896 4946 E hpplay-base-dlna: ThreadPool.c:1057::ThreadPoolShutdown tp->totalThreads:0
03-28 06:15:29.661 2896 4946 E hpplay-base-dlna: upnpapi.c:661::after grecv ThreadPoolShutdown
03-28 06:15:29.662 2896 4946 E hpplay-base-dlna: upnpapi.c:663::before gsend ThreadPoolShutdown
03-28 06:15:29.662 2896 4946 E hpplay-base-dlna: ThreadPool.c:1047::on ThreadPoolShutdown tp->totalThreads:3
03-28 06:15:29.663 2896 4946 E hpplay-base-dlna: ThreadPool.c:1056::after ThreadPoolShutdown
03-28 06:15:29.663 2896 4946 E hpplay-base-dlna: ThreadPool.c:1057::ThreadPoolShutdown tp->totalThreads:0
03-28 06:15:29.663 2896 4946 E hpplay-base-dlna: upnpapi.c:665::after gsend ThreadPoolShutdown
03-28 06:15:29.663 2896 4946 D hpplay-base-dlna: [lebodlna-dlnaframe:253] dlnaservice Destroy 253 static ERROR_TYPE IDlnaFrame::DestroyDlnaFrame(IDlnaFrame *)
03-28 06:15:29.663 2896 4946 D hpplay-base-dlna: [lebodlna-dlna_android:51] dlnaservice Destroy 51 int CDlnaService::Destroy()
03-28 06:15:29.663 2896 4946 D hpplay-base-dlna: [lebodlna-dlna_android:194] stopDLNA end
03-28 06:15:29.963 2896 4946 D hpplay-base: [stream_mirror_compat:1489] request to stop screen stream session!!
03-28 06:15:29.963 2896 4946 D hpplay-base: [AEventUtils:625] begin to stop event handle service!!
03-28 06:15:29.964 2896 4946 D hpplay-base: [AEventUtils:628] stop event handle service ok!!
03-28 06:15:29.964 2896 4946 D hpplay-base: [REventUtils:231] begin to stop report handle service!!
03-28 06:15:29.964 2896 4946 D hpplay-base: [REventUtils:234] stop report handle service ok!!
03-28 06:15:29.964 2896 4946 D hpplay-base: [lelinkSinkServer:711] HTTP Server stopSinkServer End .
03-28 06:15:29.964 2896 4946 D hpplay-base: [jniBridge:1135] notifyJavaServerStoped
03-28 06:15:29.964 2896 4946 D hpplay-base: [jniBridge:1726] notifyJava, what:202, castType:0, mimeType:0 baseStatus:4
03-28 06:15:29.964 2896 4946 D hpplay-base: [jniBridge:1727] notifyJava sessionID:(null)
03-28 06:15:29.965 2896 4946 I hpplay-java: [Thread-65]:Bridge:notify: what: 202
03-28 06:15:29.967 2896 4946 I hpplay-java: [Thread-65]:Bridge:notify: out: OutParameters:{audioSessionId=-1, audiotrackIndex=0, castHandleType=-1, castType=0, deviceName='', dlnaName='', dramaID='', extra=0, frameHandleType=-1, handleInside=true, headduration=0, header='', headers=null, isAD=false, isMultiMirror=false, lelinkVer='', limitTime=0, , mediaAlbum='null', mediaAlbumArtURI='', mediaArtist='null', mediaAssets='', mediaTitle='null', mimeType=0, multiSession=null, period=0, pinCode='', playSpeed=0.0, playerChoice=0, plugin=0, port=0, position=0.0, positionUnit=2, protocol=0, realSessionID='', regType='', , sinkIp='', sourceAPPVersion='', sourceChannel='', sourceClientInfo='', sourceDeviceInfo='', sourceDeviceModel='', sourceDeviceName='', sourceDeviceType=0, sourceHID='', , sourceInfo='', , , sourceOSVersion='', sourceSDKVersion='', sourceUid='', stopDetail=0, stopReason=0, tailduration=0, url='', urlID='', urls=null, userAgent='', videoDecoder=0, volume=0, what=202}com.hpplay.sdk.sink.protocol.OutParameters@1e8bf07
03-28 06:15:29.967 2896 4946 I hpplay-java: [Thread-65]:Bridge:notify: address:12036148
03-28 06:15:29.968 2896 4946 D hpplay-base: [LelinkBase:645] stopServerThreadFunc notifyJavaServerStoped!
03-28 06:15:29.968 2896 2896 I hpplay-java: [main]:ServerTaskManager:startTimeOutCheck
03-28 06:15:29.968 2896 2896 I hpplay-java: [main]:ServerBusiness:stopDaemonBusiness
03-28 06:15:29.968 2896 2896 I hpplay-java: [main]:SinkDataReport:logout
03-28 06:15:29.969 2896 2896 I hpplay-java: [main]:EPControl:release
03-28 06:15:29.974 2896 3850 I hpplay-java: [AsyncTask #3]:GlideCreator:clearCache clearDiskCache
03-28 06:15:29.976 2896 2896 I hpplay-java: [main]:Dispatcher:notifyAllReverseControlsStop
03-28 06:15:29.977 2896 4910 W hpplay-java: NanoHTTPDServerRunnable:Communication with the client broken
03-28 06:15:29.977 2896 4910 W hpplay-java: java.net.SocketException: Socket closed
03-28 06:15:29.977 2896 4910 W hpplay-java: at java.net.PlainSocketImpl.socketAccept(PlainSocketImpl.java:213)
03-28 06:15:29.977 2896 4910 W hpplay-java: at java.net.AbstractPlainSocketImpl.accept(AbstractPlainSocketImpl.java:451)
03-28 06:15:29.977 2896 4910 W hpplay-java: at java.net.ServerSocket.implAccept(ServerSocket.java:547)
03-28 06:15:29.977 2896 4910 W hpplay-java: at java.net.ServerSocket.accept(ServerSocket.java:515)
03-28 06:15:29.977 2896 4910 W hpplay-java: at com.hpplay.nanohttpd.protocols.http.ServerRunnable.run(SourceFile:118)
03-28 06:15:29.977 2896 4910 W hpplay-java: at java.lang.Thread.run(Thread.java:920)
03-28 06:15:29.977 2896 2896 I hpplay-java: [main]:Preference:checkFeature none
03-28 06:15:29.977 2896 4910 I hpplay-java: NanoHTTPDNanoHTTPD:server is stoped
03-28 06:15:29.977 2896 4910 I hpplay-java: NanoHTTPDNanoHTTPD:clear obj
03-28 06:15:29.979 2896 2896 I hpplay-java: [main]:Dispatcher:notifyAllUIControlsStop set: []
03-28 06:15:29.979 2896 2896 I hpplay-java: [main]:Bridge:findServiceID start out: 12036148
03-28 06:15:29.979 2896 2896 I hpplay-java: [main]:Bridge:findServiceID end
03-28 06:15:29.979 2896 2896 I hpplay-java: [main]:ServerTaskManager:onStop retry:true
03-28 06:15:29.980 2896 2896 I hpplay-java: [main]:ServerTaskManager:cancelTimeOutCheck
03-28 06:15:29.982 2896 2896 I hpplay-java: [main]:IPManager:getActiveNets type: WIFI
03-28 06:15:29.982 2896 2896 I hpplay-java: [main]:IPManager:getActiveNets eth0:false wifi:true mobile:false ap:false
03-28 06:15:29.982 2896 2896 I hpplay-java: [main]:IPManager:getIPAddress IP_WLAN0
03-28 06:15:29.986 2896 2896 I hpplay-java: [main]:IPManager:updateIPAddress getIPAddress: 192.168.4.16 name:vlan4
03-28 06:15:29.986 2896 2896 I hpplay-java: [main]:IPManager:updateIPAddress getIPAddress: 10.0.0.129 name:wlan0
03-28 06:15:29.986 2896 2896 I hpplay-java: [main]:IPManager:updateIPAddress getIPAddress: 192.168.8.16 name:vlan8
03-28 06:15:29.986 2896 2896 I hpplay-java: [main]:IPManager:updateIPAddress getIPAddress: 192.168.11.16 name:vlan11
03-28 06:15:29.986 2896 2896 I hpplay-java: [main]:IPManager:updateIPAddress getIPAddress: 192.168.0.16 name:vlan0
03-28 06:15:29.986 2896 2896 I hpplay-java: [main]:IPManager:updateIPAddress getIPAddress: 192.168.2.16 name:vlan2
03-28 06:15:29.986 2896 2896 I hpplay-java: [main]:IPManager:updateIPAddress getIPAddress: 192.168.1.16 name:vlan1
03-28 06:15:29.987 2896 2896 I hpplay-java: [main]:ServerTaskManager:exeTask startServer
03-28 06:15:29.987 2896 4036 I hpplay-java: [AsyncTask #28]:ServerBusiness:startDaemonBusiness
03-28 06:15:29.987 2896 2896 I hpplay-java: [main]:ServerTaskManager:startTimeOutCheck
03-28 06:15:29.988 2896 4036 I hpplay-java: [AsyncTask #28]:TimeOutCheckUtil:addTask id:upgrade
03-28 06:15:29.988 2896 4036 I hpplay-java: [AsyncTask #28]:TimeOutCheckUtil:addTask id:ijkupgrade
03-28 06:15:29.989 2896 4038 I hpplay-java: [AsyncTask #30]:Bridge:assembleInParameters
03-28 06:15:29.989 2896 4029 I hpplay-java: [AsyncTask #23]:HttpRequest:doGet responseCode:200 0
03-28 06:15:29.989 2896 4949 I hpplay-java: NanoHTTPDNanoHTTPD:server is started
03-28 06:15:29.989 2896 4038 I hpplay-java: [AsyncTask #30]:Bridge:createDeviceId deviceId:Nzc6OTA6MDY6MmM6ZWM6MTU=
03-28 06:15:29.990 2896 4038 I hpplay-java: [AsyncTask #30]:IPManager:getActiveNets type: WIFI
03-28 06:15:29.990 2896 4038 I hpplay-java: [AsyncTask #30]:IPManager:getActiveNets eth0:false wifi:true mobile:false ap:false
03-28 06:15:29.991 2896 4038 I hpplay-java: [AsyncTask #30]:IPManager:getIPAddress IP_WLAN0
03-28 06:15:29.991 2896 4038 I hpplay-java: [AsyncTask #30]:Preference:checkFeature none
03-28 06:15:29.991 2896 4038 I hpplay-java: [AsyncTask #30]:SWI:dlna tip
03-28 06:15:29.991 2896 4038 I hpplay-java: [AsyncTask #30]:SWI:lefp tip
03-28 06:15:29.991 2896 4038 I hpplay-java: [AsyncTask #30]:Bridge:assembleInParameters none alias name use device name: 高合娱乐副屏
03-28 06:15:29.991 2896 4038 I hpplay-java: [AsyncTask #30]:Feature:isSendAdvertisement
03-28 06:15:29.991 2896 4038 I hpplay-java: [AsyncTask #30]:Preference:checkFeature none
03-28 06:15:29.992 2896 4038 I hpplay-java: [AsyncTask #30]:Preference:checkFeature none
03-28 06:15:29.992 2896 4038 I hpplay-java: [AsyncTask #30]:Bridge:backupHpplayDat bakPath:
03-28 06:15:29.992 2896 4038 I hpplay-java: [AsyncTask #30]:Bridge:path:/data/user/0/com.hht.lebocast/files/hpplay/file/happyplay.dat
03-28 06:15:29.992 2896 4038 I hpplay-java: [AsyncTask #30]:Bridge:mAppId:21409
03-28 06:15:29.992 2896 4038 I hpplay-java: [AsyncTask #30]:Bridge:mode:3
03-28 06:15:29.992 2896 4038 I hpplay-java: [AsyncTask #30]:Bridge:type:1
03-28 06:15:29.992 2896 4038 I hpplay-java: [AsyncTask #30]:Bridge:SN:
03-28 06:15:29.992 2896 4038 I hpplay-java: [AsyncTask #30]:Preference:checkFeature none
03-28 06:15:29.992 2896 4038 I hpplay-java: [AsyncTask #30]:Bridge:backPath:
03-28 06:15:29.992 2896 4038 I hpplay-java: [AsyncTask #30]:DeviceUtil:getPermissionDid: 1
03-28 06:15:29.992 2896 4038 I hpplay-java: [AsyncTask #30]:DeviceUtil:getPermissionDid: 1
03-28 06:15:29.992 2896 4038 I hpplay-java: [AsyncTask #30]:BPIFileUtil:getMd5ByFile: 0FA04FD08975C81CDD9275F6AE23A020
03-28 06:15:29.993 2896 4038 I hpplay-java: [AsyncTask #30]:Preference:checkFeature none
03-28 06:15:29.993 2896 4038 I hpplay-java: [AsyncTask #30]:Preference:checkFeature none
03-28 06:15:29.993 2896 4038 I hpplay-java: [AsyncTask #30]:Preference:checkFeature none
03-28 06:15:29.993 2896 4038 I hpplay-java: [AsyncTask #30]:Preference:checkFeature none
03-28 06:15:29.993 2896 4038 I hpplay-java: [AsyncTask #30]:Preference:checkFeature none
03-28 06:15:29.999 2896 4036 W hpplay-java: [AsyncTask #28]:ServerBusiness:startDaemonBusiness start LelinkHTTPD sucess 52288
03-28 06:15:30.001 2896 2896 I hpplay-java: [main]:ServerBusiness:get deviceCode:2438898122
03-28 06:15:30.007 2896 4038 W hpplay-java: [AsyncTask #30]:DeviceUtils:getDomain create lb domain
03-28 06:15:30.008 2896 4038 I hpplay-java: [AsyncTask #30]:Feature:getMirrorAudioVideoSync DISABLE
03-28 06:15:30.008 2896 4038 I hpplay-java: [AsyncTask #30]:Feature:checkSupportRedirectOtherApp,no set redirect api
03-28 06:15:30.008 2896 4038 I hpplay-java: [AsyncTask #30]:Feature:getRedirectSearchFlag,value: 0
03-28 06:15:30.009 2896 4038 I hpplay-java: [AsyncTask #30]:Bridge:mIn: InParameters{appInfo='0', appKey='21409', authMode=0, authPwd='null', broadcastDirection=0, broadcastState=1, broadcastTimeout=3, buildType='release', cacheAVPath='/data/user/0/com.hht.lebocast/cache/hpplay/av', cachePhotoPath='/data/user/0/com.hht.lebocast/cache/hpplay/image', channel='LEBO-APK--60146-25915', desPath='/data/user/0/com.hht.lebocast/files/hpplay/file/config/dcf', , deviceName='高合娱乐副屏', dlna=1, dlnaCompany='Microsoft Corporation', dlnaCompanyURL='http://www.microsoft.com', dlnaDeviceDescribe='Media Renderer', dlnaDeviceName='Windows Media Player', dlnaDeviceURL='http://go.microsoft.com/fwlink/Linkld=105927', dlnaLelinkSwitch=1, dlnaManufacturer=0, dlnaName='高合娱乐副屏', dlnaUPC='null', dlnaUUID='5bdabc8b-fbb2-81e5-159c-21871da08aee', domain='Lebo-figure-1e982b1b75ee', drainage=0, feature='6655', fps=60, height=1080, host='null', , keyPath='/data/user/0/com.hht.lebocast/files/hpplay/file', lelinkfp=1, lelinkfp2=0, logBaseState=1, logPath='/storage/emulated/0/com.hht.lebocast/sink/sdk/common', , mdnsEnable=1, mirrorSyncType=0, netCastVer='2.0', packageName='com.hht.lebocast', packagePath='/data/user/0/com.hht.lebocast', permissionDid='1e:98:2b:1b:75:ee', permissionMode=3, permissionPreSN='', port=0, preemptMode=0, regType='_leboremote._tcp.', serverPorts=null, sockWaitTimeOut=45, teleControlPort=53388, tunnels=3, txtKeys=null, txtValues=null, uid='10000039936617', videoFrameType=1001, width=1920}com.hpplay.sdk.sink.protocol.InParameters@a8e9184
03-28 06:15:30.009 2896 2896 I hpplay-java: [main]:Bridge:startServer state: 0
03-28 06:15:30.009 2896 2896 D hpplay-base: [jniBridge:185] not conference version
03-28 06:15:30.009 2896 2896 I hpplay-base: [jniBridge:241] 1initServer nSettingWidth=1920 nSettingHeight=1080 nSettingMaxFPS=60 dlnaEnable=1 lelinkFpEnable=1
03-28 06:15:30.009 2896 2896 D hpplay-base: [jniBridge:283] 1initServer cfg.leLinkIp=10.0.0.129
03-28 06:15:30.009 2896 2896 D hpplay-base: [jniBridge:286] 1initServer cfg.mPermissionMode=3
03-28 06:15:30.010 2896 2896 D hpplay-base: [jniBridge:304] 1initServer cfg.permissionDid=1e:98:2b:1b:75:ee000000000000000
03-28 06:15:30.010 2896 2896 D hpplay-base: [jniBridge:313] 1initServer cfg.mPermissionPreSN=00000000000000000000000000000000
03-28 06:15:30.010 2896 2896 D hpplay-base: [jniBridge:317] Bridge___1initServer status:0
03-28 06:15:30.010 2896 2896 I hpplay-base: [jniBridge:325] 1initServer cfg.feature=6655
03-28 06:15:30.010 2896 2896 D hpplay-base: [jniBridge:377] 1initServer isSendBroadCast=3
03-28 06:15:30.010 2896 2896 D hpplay-base: [jniBridge:380] 1initServer broadcastDirection=0
03-28 06:15:30.010 2896 2896 D hpplay-base: [jniBridge:382] 1initServer ipBroadcast direction=0
03-28 06:15:30.010 2896 2896 D hpplay-base: [jniBridge:387] 1initServer tunnel=3
03-28 06:15:30.010 2896 2896 D hpplay-base: [jniBridge:390] 1initServer drainage=0
03-28 06:15:30.010 2896 2896 D hpplay-base: [jniBridge:401] 1initServer mDNSEnable=1
03-28 06:15:30.010 2896 2896 D hpplay-base: [jniBridge:406] 1initServer nSockWaitTimeOut=45
03-28 06:15:30.010 2896 2896 D hpplay-base: [jniBridge:410] 1initServer nMirrorAudioVideoSync=0
03-28 06:15:30.010 2896 2896 I hpplay-base: [sign_check:168] checkSign strPackageName:com.hht.lebocast
03-28 06:15:30.010 2896 2896 I hpplay-base: [sign_check:169] checkSign buildType:release
03-28 06:15:30.010 2896 2896 I hpplay-base: [sign_check:170] checkSign appKey:21409
03-28 06:15:30.010 2896 2896 D hpplay-base: [LelinkBase:405] bridgeInit port: 0, lelinkfp: 0
03-28 06:15:30.010 2896 2896 D hpplay-base: [LelinkBase:462] bridgeInit mPackagePath =/data/user/0/com.hht.lebocast
03-28 06:15:30.010 2896 2896 D hpplay-base: [LelinkBase:463] bridgeInit mKeyPath =/data/user/0/com.hht.lebocast/files/hpplay/file
03-28 06:15:30.010 2896 2896 D hpplay-base: [SinkContext:97] initSinkContext mPackagePath =/data/user/0/com.hht.lebocast
03-28 06:15:30.010 2896 2896 D hpplay-base: [SinkContext:98] initSinkContext mKeyPath =/data/user/0/com.hht.lebocast/files/hpplay/file
03-28 06:15:30.010 2896 2896 D hpplay-base: [jniBridge:478] Java_com_hpplay_sdk_sink_protocol_Bridge__1initServer end
03-28 06:15:30.010 2896 2896 D hpplay-base: [jniBridge:869] Bridge__1startServer status:1
03-28 06:15:30.010 2896 2896 D hpplay-base: [LelinkBase:492] startAllServer at base
03-28 06:15:30.010 2896 2896 D hpplay-base: [lelinkSinkServer:152] httpPlugins_SetServerPort TYPE_SERVER_LELINK:52266
03-28 06:15:30.010 2896 2896 D hpplay-base: [network.c:362] protocol bind host :10.0.0.129 port:52266 curent bind port:52266
03-28 06:15:30.010 2896 2896 D hpplay-base: [lelinkSinkServer:681] HTTP Server real at:52266
03-28 06:15:30.011 2896 4954 D hpplay-base: [lelinkSinkServer:644] Connected Service Type:0
03-28 06:15:30.011 2896 2896 D hpplay-base: [ScreenStream:1285] current bind port:7100
03-28 06:15:30.011 2896 4954 I hpplay-base: : (server.c.315) startServer listen_ing....:
03-28 06:15:30.011 2896 4954 D hpplay-base: [Server:371] startHttpServer srv_sockets.used:1 nCurrentFd:71, tid is 4954
03-28 06:15:30.011 2896 2896 D hpplay-base: [LelinkBase:515] startAllServer pBaseContext->config.dlnaEnable:1
03-28 06:15:30.011 2896 2896 D hpplay-base: [lelinkDlna:324] addDMRCallback end
03-28 06:15:30.011 2896 4955 D hpplay-base: [stream_mirror_compat:759] compat mirror stream begin to run,server fd:78,thread_id:3132076480!!
03-28 06:15:30.012 2896 2896 E hpplay-base-dlna: miniserver.c:788::dlna_port(ipv4: 49152 ipv6:0)
03-28 06:15:30.013 2896 2896 D hpplay-base-dlna: [lebodlna-dlnaframe:166] succeed to load lebodlnaplugin
03-28 06:15:30.013 2896 2896 D hpplay-base-dlna: [lebodlna-dlnaframe:232] Succeed to load specified plugin:lebodlna_plugin
03-28 06:15:30.013 2896 2896 D hpplay-base: [lelinkDlna:328] startDLNAServer ret=0
03-28 06:15:30.013 2896 2896 D hpplay-base: [LelinkBase:531] startDLNAServer ret= 0
03-28 06:15:30.013 2896 2896 D hpplay-base: [lelinkDlna:342] setDMRFriendlyName 高合娱乐副屏
03-28 06:15:30.013 2896 2896 D hpplay-base-dlna: [lebodlna-dlna_android:136] setBroadcastTimeout mBroadcastTimeOut=66 status=3!
03-28 06:15:30.013 2896 2896 D hpplay-base-dlna: [lebodlna_api:32] start DMR
03-28 06:15:30.013 2896 2896 D hpplay-base-dlna: [UpnpDefine:434] RegisterDMRender invalid lelink info
03-28 06:15:30.013 2896 2896 D hpplay-base-dlna: [UpnpDefine:551] DLNA DESCRIPTION FROME SERVER
03-28 06:15:30.014 2896 2896 E hpplay-base-dlna: upnpapi.c:1078::Exiting RegisterRootDevice2 *Hnd =1, return value == 0
03-28 06:15:30.014 2896 2896 D hpplay-base-dlna: [CUpnpDevice:41] Register Root Device 2:0
03-28 06:15:30.014 2896 2896 D hpplay-base-dlna: [UpnpDefine:794] ESDMRender:Register success
03-28 06:15:30.014 2896 2896 D hpplay-base-dlna: [lebodlna_api:41] sendBroadcast mBroadcastTimeOut=3
03-28 06:15:30.014 2896 2896 D hpplay-base-dlna: [lebodlna_api:44] sendBroadcast timeout=66
03-28 06:15:30.070 2896 2896 D hpplay-base: [lelinkDlna:361] startDLNADevice dlnaManufacturer:0 ret=0
03-28 06:15:30.070 2896 2896 D hpplay-base: [LelinkBase:535] lelinkSetDlnaInfo ret= 0
03-28 06:15:30.070 2896 2896 D hpplay-base: [LelinkBase:547] startAllServer pBaseContext->config.mDNSEnable:1
03-28 06:15:30.070 2896 2896 D hpplay-base: [base_mdns:509] mdns net.hostname:
03-28 06:15:30.070 2896 2896 D hpplay-base: [base_mdns:529] mdns namelabel:-36-7C-7C-00-00-0F
03-28 06:15:30.070 2896 2896 D hpplay-base: [base_mdns:509] mdns net.hostname:
03-28 06:15:30.070 2896 2896 D hpplay-base: [base_mdns:529] mdns namelabel:-36-7C-7C-00-00-0F
03-28 06:15:30.070 2896 2896 D hpplay-base: [mdns:813] mdns start bind port:0
03-28 06:15:30.072 2896 2896 D hpplay-base: [mdns:813] mdns start bind port:5353
03-28 06:15:30.072 2896 2896 D hpplay-base: [mdns:813] mdns start bind port:5353
03-28 06:15:30.073 2896 2896 D hpplay-base: [mdns:813] mdns start bind port:5353
03-28 06:15:30.073 2896 2896 D hpplay-base: [mdns:813] mdns start bind port:5353
03-28 06:15:30.073 2896 2896 D hpplay-base: [mdns:813] mdns start bind port:5353
03-28 06:15:30.073 2896 2896 D hpplay-base: [mdns:813] mdns start bind port:5353
03-28 06:15:30.073 2896 2896 D hpplay-base: [mdns:813] mdns start bind port:5353
03-28 06:15:30.074 2896 2896 I hpplay-base: [mDNSEmbeded:57] embedded_mDNSInit stopmDNSNow:0 status:0
03-28 06:15:30.074 2896 2896 D hpplay-base: [mDNSEmbeded:436] startmDNSServer end nRet=0
03-28 06:15:30.074 2896 2896 D hpplay-base: [LelinkBase:555] lelink broadcast_on_off:1 log2java_on_off:1
03-28 06:15:30.074 2896 2896 D hpplay-base: [AEventUtils:595] request to start event handle service!!
03-28 06:15:30.074 2896 2896 D hpplay-base: [AEventUtils:603] start_event_handle_service,begin to run!!
03-28 06:15:30.074 2896 2896 D hpplay-base: [REventUtils:210] start_event_handle_service,begin to run!!
03-28 06:15:30.075 2896 4971 D hpplay-base: [mDNSEmbeded:197] http_port bind check 197 http_port_check
03-28 06:15:30.075 2896 4969 D hpplay-base: [LelinkMDNS:729] leboAuthorizationCheck strUuid=1e:98:2b:1b:75:ee000000000000000
03-28 06:15:30.075 2896 4969 D hpplay-base: [LelinkMDNS:730] leboAuthorizationCheck mPermissionDid=1e:98:2b:1b:75:ee000000000000000
03-28 06:15:30.075 2896 4969 D hpplay-base: [LelinkMDNS:755] leboAuthorizationCheck mPermissionMac=1e:98:2b:1b:75:ee000000000000000
03-28 06:15:30.075 2896 2896 D hpplay-base: [LelinkBase:576] startAllServer success .
03-28 06:15:30.075 2896 4972 D hpplay-base: [AEventUtils:171] create handle AEvent thread ok!!,tid is 4972
03-28 06:15:30.076 2896 2896 D hpplay-base: [jniBridge:894] startDlna_link:http://10.0.0.129:49152/description.xml
03-28 06:15:30.076 2896 4970 I hpplay-base: [mDNSEmbeded:268] start lelink publish server, tid is 4970
03-28 06:15:30.076 2896 4974 D hpplay-base: [jniBridge:1081] notifyJavaDlnalink:http://10.0.0.129:49152/description.xml
03-28 06:15:30.076 2896 4974 D hpplay-base: [jniBridge:1726] notifyJava, what:207, castType:0, mimeType:0 baseStatus:2
03-28 06:15:30.076 2896 4974 D hpplay-base: [jniBridge:1727] notifyJava sessionID:(null)
03-28 06:15:30.077 2896 4974 I hpplay-java: [Thread-67]:Bridge:notify: what: 207
03-28 06:15:30.078 2896 4971 D hpplay-base: [mDNSEmbeded:217] http_port bind check 217 http_port_check
03-28 06:15:30.078 2896 4971 D hpplay-base: [mDNSEmbeded:222] http_port bind check 222 http_port_check
03-28 06:15:30.079 2896 4974 I hpplay-java: [Thread-67]:Bridge:notify: out: OutParameters:{audioSessionId=-1, audiotrackIndex=0, castHandleType=-1, castType=0, deviceName='http://10.0.0.129:49152/description.xml', dlnaName='', dramaID='', extra=0, frameHandleType=-1, handleInside=true, headduration=0, header='', headers=null, isAD=false, isMultiMirror=false, lelinkVer='', limitTime=0, , mediaAlbum='null', mediaAlbumArtURI='', mediaArtist='null', mediaAssets='', mediaTitle='null', mimeType=0, multiSession=null, period=0, pinCode='', playSpeed=0.0, playerChoice=0, plugin=0, port=0, position=0.0, positionUnit=2, protocol=0, realSessionID='', regType='', , sinkIp='', sourceAPPVersion='', sourceChannel='', sourceClientInfo='', sourceDeviceInfo='', sourceDeviceModel='', sourceDeviceName='', sourceDeviceType=0, sourceHID='', , sourceInfo='', , , sourceOSVersion='', sourceSDKVersion='', sourceUid='', stopDetail=0, stopReason=0, tailduration=0, url='', urlID='', urls=null, userAgent='', videoDecoder=0, volume=0, what=207}com.hpplay.sdk.sink.protocol.OutParameters@496932a
03-28 06:15:30.079 2896 4974 I hpplay-java: [Thread-67]:Bridge:notify: address:24093979
03-28 06:15:30.080 2896 4973 D hpplay-base: [REventUtils:59] create handleREventThread thread ok!!,tid is 4973
03-28 06:15:30.082 2896 4971 D hpplay-base: [mDNSEmbeded:234] http_port bind check 234 http_port_check port:52266
03-28 06:15:30.083 2896 4971 D hpplay-base: [mDNSEmbeded:237] http_port bind check 237 http_port_check
03-28 06:15:30.083 2896 4976 D hpplay-base: [lelinkSinkServer:93] new client connection from 127.0.0.1 5284, fd=140
03-28 06:15:30.083 2896 4976 D hpplay-base: [SinkContext:137] addSinkContextSession,begin to run!!
03-28 06:15:30.083 2896 4976 D hpplay-base: [SinkContext:142] addSinkContextSession,begin to get lock!!
03-28 06:15:30.083 2896 4976 D hpplay-base: [SinkContext:144] addSinkContextSession,get lock ok!!
03-28 06:15:30.083 2896 4976 D hpplay-base: [SinkContext:149] addSinkContextSession,session list is null,begin to malloc!!
03-28 06:15:30.083 2896 4976 D hpplay-base: [SinkContext:156] addSinkContextSession,begin to update!!
03-28 06:15:30.083 2896 4976 D hpplay-base: [SinkContext:160] addSinkContextSession,begin to update header!!
03-28 06:15:30.083 2896 4976 D hpplay-base: [SinkContext:172] addSinkContextSession,begin to unlock!!
03-28 06:15:30.083 2896 4976 D hpplay-base: [SinkContext:174] addSinkContextSession,unlock ok!!
03-28 06:15:30.083 2896 4976 D hpplay-base: [LelinkReceiver:4908] get ping !!!
03-28 06:15:30.084 2896 4971 D hpplay-base: [mDNSEmbeded:240] http_port bind check 240 http_port_check recieved:64
03-28 06:15:30.084 2896 4971 D hpplay-base: [mDNSEmbeded:243] http_port bind check 243 http_port_check
03-28 06:15:30.084 2896 4971 D hpplay-base: [mDNSEmbeded:244] http_port bind check ok!
03-28 06:15:30.161 1124 1711 W BestClock: java.time.DateTimeException: Missing NTP fix
03-28 06:15:30.179 1124 1711 W BestClock: java.time.DateTimeException: Missing NTP fix
03-28 06:15:30.183 1124 1712 W BestClock: java.time.DateTimeException: Missing NTP fix
03-28 06:15:30.184 1124 1712 W BestClock: java.time.DateTimeException: Missing NTP fix
03-28 06:15:30.204 649 663 I mpu_uart: [MSG-P:RECV]:No message received in 1000 ms
03-28 06:15:30.247 649 662 I mpu_uart: [MSG-P:R]:recv sync frame timeout
03-28 06:15:30.285 2896 4976 I hpplay-base: [LelinkReceiver:14605] _connectionFinalize (140)
03-28 06:15:30.285 2896 4976 D hpplay-base: [LelinkReceiver:14752] ###connectionFinalize,release ok!!###
03-28 06:15:30.843 3054 3165 I FuseDaemon: Threshold exceeded - fadvising 67108864
03-28 06:15:30.843 3054 3165 I FuseDaemon: Threshold now 0
03-28 06:15:31.008 1306 1369 E tlogd : [TzLogger](isPathReadable) file /sys/kernel/debug/tzdbg/qsee_log isn't exist or no permission, err: No such file or directory
03-28 06:15:31.008 1306 1369 E tlogd : [TzLogger](saveTzlogAsync) /sys/kernel/debug/tzdbg/qsee_log can not read.
03-28 06:15:31.008 1306 1369 E tlogd : [TzLogger](isPathReadable) file /sys/kernel/debug/tzdbg/log isn't exist or no permission, err: No such file or directory
03-28 06:15:31.008 1306 1369 E tlogd : [TzLogger](saveTzlogAsync) /sys/kernel/debug/tzdbg/log can not read.
03-28 06:15:31.025 3054 3165 I FuseDaemon: Threshold exceeded - fadvising 67108864
03-28 06:15:31.025 3054 3165 I FuseDaemon: Threshold now 0
03-28 06:15:31.204 649 663 I mpu_uart: [MSG-P:RECV]:No message received in 1000 ms
03-28 06:15:31.206 3054 3165 I FuseDaemon: Threshold exceeded - fadvising 67108864
03-28 06:15:31.206 3054 3165 I FuseDaemon: Threshold now 0
03-28 06:15:31.261 1124 1711 W BestClock: java.time.DateTimeException: Missing NTP fix
03-28 06:15:31.307 1124 1711 W BestClock: java.time.DateTimeException: Missing NTP fix
03-28 06:15:31.310 1124 1712 W BestClock: java.time.DateTimeException: Missing NTP fix
03-28 06:15:31.311 1124 1712 W BestClock: java.time.DateTimeException: Missing NTP fix
03-28 06:15:31.398 3054 3165 I FuseDaemon: Threshold exceeded - fadvising 67108864
03-28 06:15:31.398 3054 3165 I FuseDaemon: Threshold now 0
03-28 06:15:31.425 2896 2896 I hpplay-java: [main]:Upgrade:upgrade not be allowed
03-28 06:15:31.577 3054 3165 I FuseDaemon: Threshold exceeded - fadvising 67108864
03-28 06:15:31.577 3054 3165 I FuseDaemon: Threshold now 0
01-01 08:03:05.893 0 0 E DTC_Display: screen not ready(0)
01-01 08:03:06.301 0 0 E DTC_ETH,link_delay_work_func: 3003, SQI=0, link=0
03-28 06:15:32.204 649 663 I mpu_uart: [MSG-P:RECV]:No message received in 1000 ms
03-28 06:15:32.384 1124 1711 W BestClock: java.time.DateTimeException: Missing NTP fix
03-28 06:15:32.401 1124 1711 W BestClock: java.time.DateTimeException: Missing NTP fix
03-28 06:15:32.404 1124 1712 W BestClock: java.time.DateTimeException: Missing NTP fix
03-28 06:15:32.405 1124 1712 W BestClock: java.time.DateTimeException: Missing NTP fix
03-28 06:15:33.205 649 663 I mpu_uart: [MSG-P:RECV]:No message received in 1000 ms
03-28 06:15:33.250 649 662 I mpu_uart: [MSG-P:R]:recv sync frame timeout
03-28 06:15:33.486 1124 1711 W BestClock: java.time.DateTimeException: Missing NTP fix
03-28 06:15:33.506 1124 1711 W BestClock: java.time.DateTimeException: Missing NTP fix
03-28 06:15:33.510 1124 1712 W BestClock: java.time.DateTimeException: Missing NTP fix
03-28 06:15:33.511 1124 1712 W BestClock: java.time.DateTimeException: Missing NTP fix
03-28 06:15:34.205 649 663 I mpu_uart: [MSG-P:RECV]:No message received in 1000 ms
03-28 06:15:34.585 1124 1711 W BestClock: java.time.DateTimeException: Missing NTP fix
03-28 06:15:34.606 1124 1711 W BestClock: java.time.DateTimeException: Missing NTP fix
03-28 06:15:34.614 1124 1712 W BestClock: java.time.DateTimeException: Missing NTP fix
03-28 06:15:34.615 1124 1712 W BestClock: java.time.DateTimeException: Missing NTP fix
03-28 06:15:35.006 2896 2896 I hpplay-java: [main]:IPManager:getActiveNets type: WIFI
03-28 06:15:35.006 2896 2896 I hpplay-java: [main]:IPManager:getActiveNets eth0:false wifi:true mobile:false ap:false
03-28 06:15:35.006 2896 2896 I hpplay-java: [main]:IPManager:getIPAddress IP_WLAN0
03-28 06:15:35.030 2896 2896 W hpplay-java: [main]:DeviceUtils:getDomain create lb domain
03-28 06:15:35.042 2896 3849 I hpplay-java: [AsyncTask #2]:HttpRequest:http://gslb.hpplay.cn/lebo-flux-sdk/sdk/service/upload path post
03-28 06:15:35.061 2896 3849 W hpplay-java: [AsyncTask #2]:HttpRequest:java.io.IOException: unexpected end of stream on com.android.okhttp.Address@80142399
03-28 06:15:35.061 2896 3849 W hpplay-java: at com.android.okhttp.internal.http.Http1xStream.readResponse(Http1xStream.java:203)
03-28 06:15:35.061 2896 3849 W hpplay-java: at com.android.okhttp.internal.http.Http1xStream.readResponseHeaders(Http1xStream.java:129)
03-28 06:15:35.061 2896 3849 W hpplay-java: at com.android.okhttp.internal.http.HttpEngine.readNetworkResponse(HttpEngine.java:750)
03-28 06:15:35.061 2896 3849 W hpplay-java: at com.android.okhttp.internal.http.HttpEngine.readResponse(HttpEngine.java:622)
03-28 06:15:35.061 2896 3849 W hpplay-java: at com.android.okhttp.internal.huc.HttpURLConnectionImpl.execute(HttpURLConnectionImpl.java:475)
03-28 06:15:35.061 2896 3849 W hpplay-java: at com.android.okhttp.internal.huc.HttpURLConnectionImpl.getResponse(HttpURLConnectionImpl.java:411)
03-28 06:15:35.061 2896 3849 W hpplay-java: at com.android.okhttp.internal.huc.HttpURLConnectionImpl.getResponseCode(HttpURLConnectionImpl.java:542)
03-28 06:15:35.061 2896 3849 W hpplay-java: at com.hpplay.common.asyncmanager.HttpRequest.doPost(SourceFile:24)
03-28 06:15:35.061 2896 3849 W hpplay-java: at com.hpplay.common.asyncmanager.AsyncHttpJob.doInBackground(SourceFile:4)
03-28 06:15:35.061 2896 3849 W hpplay-java: at android.os.AsyncTask$3.call(AsyncTask.java:394)
03-28 06:15:35.061 2896 3849 W hpplay-java: at java.util.concurrent.FutureTask.run(FutureTask.java:266)
03-28 06:15:35.061 2896 3849 W hpplay-java: at java.util.concurrent.ThreadPoolExecutor.runWorker(ThreadPoolExecutor.java:1167)
03-28 06:15:35.061 2896 3849 W hpplay-java: at java.util.concurrent.ThreadPoolExecutor$Worker.run(ThreadPoolExecutor.java:641)
03-28 06:15:35.061 2896 3849 W hpplay-java: at java.lang.Thread.run(Thread.java:920)
03-28 06:15:35.061 2896 3849 W hpplay-java: Caused by: java.io.EOFException: \n not found: size=0 content=...
03-28 06:15:35.061 2896 3849 W hpplay-java: at com.android.okhttp.okio.RealBufferedSource.readUtf8LineStrict(RealBufferedSource.java:202)
03-28 06:15:35.061 2896 3849 W hpplay-java: at com.android.okhttp.internal.http.Http1xStream.readResponse(Http1xStream.java:188)
03-28 06:15:35.061 2896 3849 W hpplay-java: ... 13 more
03-28 06:15:35.061 2896 3849 I hpplay-java: [AsyncTask #2]:HttpRequest:http://gslb.hpplay.cn/lebo-flux-sdk/sdk/service/upload path post
03-28 06:15:35.073 2896 3849 W hpplay-java: [AsyncTask #2]:HttpRequest:java.io.IOException: unexpected end of stream on com.android.okhttp.Address@80142399
03-28 06:15:35.073 2896 3849 W hpplay-java: at com.android.okhttp.internal.http.Http1xStream.readResponse(Http1xStream.java:203)
03-28 06:15:35.073 2896 3849 W hpplay-java: at com.android.okhttp.internal.http.Http1xStream.readResponseHeaders(Http1xStream.java:129)
03-28 06:15:35.073 2896 3849 W hpplay-java: at com.android.okhttp.internal.http.HttpEngine.readNetworkResponse(HttpEngine.java:750)
03-28 06:15:35.073 2896 3849 W hpplay-java: at com.android.okhttp.internal.http.HttpEngine.readResponse(HttpEngine.java:622)
03-28 06:15:35.073 2896 3849 W hpplay-java: at com.android.okhttp.internal.huc.HttpURLConnectionImpl.execute(HttpURLConnectionImpl.java:475)
03-28 06:15:35.073 2896 3849 W hpplay-java: at com.android.okhttp.internal.huc.HttpURLConnectionImpl.getResponse(HttpURLConnectionImpl.java:411)
03-28 06:15:35.073 2896 3849 W hpplay-java: at com.android.okhttp.internal.huc.HttpURLConnectionImpl.getResponseCode(HttpURLConnectionImpl.java:542)
03-28 06:15:35.073 2896 3849 W hpplay-java: at com.hpplay.common.asyncmanager.HttpRequest.doPost(SourceFile:24)
03-28 06:15:35.073 2896 3849 W hpplay-java: at com.hpplay.common.asyncmanager.AsyncHttpJob.doInBackground(SourceFile:4)
03-28 06:15:35.073 2896 3849 W hpplay-java: at android.os.AsyncTask$3.call(AsyncTask.java:394)
03-28 06:15:35.073 2896 3849 W hpplay-java: at java.util.concurrent.FutureTask.run(FutureTask.java:266)
03-28 06:15:35.073 2896 3849 W hpplay-java: at java.util.concurrent.ThreadPoolExecutor.runWorker(ThreadPoolExecutor.java:1167)
03-28 06:15:35.073 2896 3849 W hpplay-java: at java.util.concurrent.ThreadPoolExecutor$Worker.run(ThreadPoolExecutor.java:641)
03-28 06:15:35.073 2896 3849 W hpplay-java: at java.lang.Thread.run(Thread.java:920)
03-28 06:15:35.073 2896 3849 W hpplay-java: Caused by: java.io.EOFException: \n not found: size=0 content=...
03-28 06:15:35.073 2896 3849 W hpplay-java: at com.android.okhttp.okio.RealBufferedSource.readUtf8LineStrict(RealBufferedSource.java:202)
03-28 06:15:35.073 2896 3849 W hpplay-java: at com.android.okhttp.internal.http.Http1xStream.readResponse(Http1xStream.java:188)
03-28 06:15:35.073 2896 3849 W hpplay-java: ... 13 more
03-28 06:15:35.073 2896 3849 I hpplay-java: [AsyncTask #2]:HttpRequest:http://gslb.hpplay.cn/lebo-flux-sdk/sdk/service/upload path post
03-28 06:15:35.083 2896 3849 W hpplay-java: [AsyncTask #2]:HttpRequest:java.io.IOException: unexpected end of stream on com.android.okhttp.Address@80142399
03-28 06:15:35.083 2896 3849 W hpplay-java: at com.android.okhttp.internal.http.Http1xStream.readResponse(Http1xStream.java:203)
03-28 06:15:35.083 2896 3849 W hpplay-java: at com.android.okhttp.internal.http.Http1xStream.readResponseHeaders(Http1xStream.java:129)
03-28 06:15:35.083 2896 3849 W hpplay-java: at com.android.okhttp.internal.http.HttpEngine.readNetworkResponse(HttpEngine.java:750)
03-28 06:15:35.083 2896 3849 W hpplay-java: at com.android.okhttp.internal.http.HttpEngine.readResponse(HttpEngine.java:622)
03-28 06:15:35.083 2896 3849 W hpplay-java: at com.android.okhttp.internal.huc.HttpURLConnectionImpl.execute(HttpURLConnectionImpl.java:475)
03-28 06:15:35.083 2896 3849 W hpplay-java: at com.android.okhttp.internal.huc.HttpURLConnectionImpl.getResponse(HttpURLConnectionImpl.java:411)
03-28 06:15:35.083 2896 3849 W hpplay-java: at com.android.okhttp.internal.huc.HttpURLConnectionImpl.getResponseCode(HttpURLConnectionImpl.java:542)
03-28 06:15:35.083 2896 3849 W hpplay-java: at com.hpplay.common.asyncmanager.HttpRequest.doPost(SourceFile:24)
03-28 06:15:35.083 2896 3849 W hpplay-java: at com.hpplay.common.asyncmanager.AsyncHttpJob.doInBackground(SourceFile:4)
03-28 06:15:35.083 2896 3849 W hpplay-java: at android.os.AsyncTask$3.call(AsyncTask.java:394)
03-28 06:15:35.083 2896 3849 W hpplay-java: at java.util.concurrent.FutureTask.run(FutureTask.java:266)
03-28 06:15:35.083 2896 3849 W hpplay-java: at java.util.concurrent.ThreadPoolExecutor.runWorker(ThreadPoolExecutor.java:1167)
03-28 06:15:35.083 2896 3849 W hpplay-java: at java.util.concurrent.ThreadPoolExecutor$Worker.run(ThreadPoolExecutor.java:641)
03-28 06:15:35.083 2896 3849 W hpplay-java: at java.lang.Thread.run(Thread.java:920)
03-28 06:15:35.083 2896 3849 W hpplay-java: Caused by: java.io.EOFException: \n not found: size=0 content=...
03-28 06:15:35.083 2896 3849 W hpplay-java: at com.android.okhttp.okio.RealBufferedSource.readUtf8LineStrict(RealBufferedSource.java:202)
03-28 06:15:35.083 2896 3849 W hpplay-java: at com.android.okhttp.internal.http.Http1xStream.readResponse(Http1xStream.java:188)
03-28 06:15:35.083 2896 3849 W hpplay-java: ... 13 more
03-28 06:15:35.205 649 663 I mpu_uart: [MSG-P:RECV]:No message received in 1000 ms
03-28 06:15:35.685 1124 1711 W BestClock: java.time.DateTimeException: Missing NTP fix
03-28 06:15:35.702 1124 1711 W BestClock: java.time.DateTimeException: Missing NTP fix
03-28 06:15:35.708 1124 1712 W BestClock: java.time.DateTimeException: Missing NTP fix
03-28 06:15:35.710 1124 1712 W BestClock: java.time.DateTimeException: Missing NTP fix
03-28 06:15:35.719 2896 2896 I hpplay-java: [main]:Upgrade:upgrade not be allowed
03-28 06:15:35.953 1227 1269 I selfinstaller: create socket failed: Network is unreachable 101
03-28 06:15:36.009 1306 1369 E tlogd : [TzLogger](isPathReadable) file /sys/kernel/debug/tzdbg/qsee_log isn't exist or no permission, err: No such file or directory
03-28 06:15:36.009 1306 1369 E tlogd : [TzLogger](saveTzlogAsync) /sys/kernel/debug/tzdbg/qsee_log can not read.
03-28 06:15:36.009 1306 1369 E tlogd : [TzLogger](isPathReadable) file /sys/kernel/debug/tzdbg/log isn't exist or no permission, err: No such file or directory
03-28 06:15:36.009 1306 1369 E tlogd : [TzLogger](saveTzlogAsync) /sys/kernel/debug/tzdbg/log can not read.
03-28 06:15:36.205 649 663 I mpu_uart: [MSG-P:RECV]:No message received in 1000 ms
03-28 06:15:36.251 649 662 I mpu_uart: [MSG-P:R]:recv sync frame timeout
03-28 06:15:36.703 2896 4026 I hpplay-java: [AsyncTask #20]:IM_AbstractBlockingClient:restart
03-28 06:15:36.703 2896 4026 I hpplay-java: [AsyncTask #20]:IM_AbstractBlockingClient:stopHeartBeat null
03-28 06:15:36.704 2896 2896 I hpplay-java: [main]:IM_IMEntrance:disconnect
03-28 06:15:36.704 2896 2896 I hpplay-java: [main]:IM_PublicCastClient:onRestart
03-28 06:15:36.704 2896 2896 W hpplay-java: [main]:IM_PublicCastClient:reconnect miss token
03-28 06:15:36.704 2896 2896 I hpplay-java: [main]:IM_PublicCastClient:reconnect
03-28 06:15:36.704 2896 2896 I hpplay-java: [main]:IM_PublicCastClient:cs 1
03-28 06:15:36.705 2896 2896 I hpplay-java: [main]:IM_PublicCastClient:connect http://120.78.210.135 com.hpplay.sdk.sink.cloud.PublicCastClient@cb7cefb
03-28 06:15:36.708 2896 2896 W hpplay-java: [main]:IM_PublicCastClient:connect BSSID:02%3A00%3A00%3A00%3A00%3A00 / 02:00:00:00:00:00
03-28 06:15:36.710 2896 2896 I hpplay-java: [main]:IPManager:getActiveNets type: WIFI
03-28 06:15:36.710 2896 2896 I hpplay-java: [main]:IPManager:getActiveNets eth0:false wifi:true mobile:false ap:false
03-28 06:15:36.710 2896 2896 I hpplay-java: [main]:IPManager:getIPAddress IP_WLAN0
03-28 06:15:36.710 2896 2896 I hpplay-java: [main]:Preference:checkFeature none
03-28 06:15:36.710 2896 2896 I hpplay-java: [main]:Feature:isPlayListEnable :true
03-28 06:15:36.710 2896 2896 I hpplay-java: [main]:IM_PublicCastClient:connect capbilityBean.fe:11011100
03-28 06:15:36.710 2896 2896 I hpplay-java: [main]:IM_PublicCastClient:connect support youme
03-28 06:15:36.711 2896 2896 I hpplay-java: [main]:IM_IMEntrance:connect imUrl: http://120.78.210.135 uid: 10000039936617
03-28 06:15:36.785 1124 1711 W BestClock: java.time.DateTimeException: Missing NTP fix
03-28 06:15:36.938 1124 1711 W BestClock: java.time.DateTimeException: Missing NTP fix
03-28 06:15:36.941 1124 1712 W BestClock: java.time.DateTimeException: Missing NTP fix
03-28 06:15:36.942 1124 1712 W BestClock: java.time.DateTimeException: Missing NTP fix
03-28 06:15:37.096 3054 3165 I FuseDaemon: Threshold exceeded - fadvising 67174400
03-28 06:15:37.096 3054 3165 I FuseDaemon: Threshold now 0
01-01 08:03:11.421 0 0 E DTC_ETH,link_delay_work_func: 3003, SQI=0, link=0
03-28 06:15:37.206 649 663 I mpu_uart: [MSG-P:RECV]:No message received in 1000 ms
03-28 06:15:37.257 1197 1197 I CNSS : cnss_open_log_file: directory /data/vendor/wifi/wlan_logs/ created
03-28 06:15:38.026 1124 1711 W BestClock: java.time.DateTimeException: Missing NTP fix
03-28 06:15:38.050 1124 1711 W BestClock: java.time.DateTimeException: Missing NTP fix
03-28 06:15:38.054 1124 1712 W BestClock: java.time.DateTimeException: Missing NTP fix
03-28 06:15:38.054 1124 1712 W BestClock: java.time.DateTimeException: Missing NTP fix
03-28 06:15:38.206 649 663 I mpu_uart: [MSG-P:RECV]:No message received in 1000 ms
03-28 06:15:39.130 1124 1711 W BestClock: java.time.DateTimeException: Missing NTP fix
03-28 06:15:39.153 1124 1711 W BestClock: java.time.DateTimeException: Missing NTP fix
03-28 06:15:39.157 1124 1712 W BestClock: java.time.DateTimeException: Missing NTP fix
03-28 06:15:39.158 1124 1712 W BestClock: java.time.DateTimeException: Missing NTP fix
03-28 06:15:39.206 649 663 I mpu_uart: [MSG-P:RECV]:No message received in 1000 ms
03-28 06:15:39.254 649 662 I mpu_uart: [MSG-P:R]:recv sync frame timeout
01-01 08:03:13.637 0 0 E DTC_Display: screen not ready(0)
03-28 06:15:39.990 2896 2896 I hpplay-java: [main]:Upgrade:upgrade not be allowed
03-28 06:15:40.207 649 663 I mpu_uart: [MSG-P:RECV]:No message received in 1000 ms
03-28 06:15:40.228 1124 1711 W BestClock: java.time.DateTimeException: Missing NTP fix
03-28 06:15:40.247 1124 1711 W BestClock: java.time.DateTimeException: Missing NTP fix
03-28 06:15:40.252 1124 1712 W BestClock: java.time.DateTimeException: Missing NTP fix
03-28 06:15:40.253 1124 1712 W BestClock: java.time.DateTimeException: Missing NTP fix
03-28 06:15:41.009 1306 1369 E tlogd : [TzLogger](isPathReadable) file /sys/kernel/debug/tzdbg/qsee_log isn't exist or no permission, err: No such file or directory
03-28 06:15:41.009 1306 1369 E tlogd : [TzLogger](saveTzlogAsync) /sys/kernel/debug/tzdbg/qsee_log can not read.
03-28 06:15:41.010 1306 1369 E tlogd : [TzLogger](isPathReadable) file /sys/kernel/debug/tzdbg/log isn't exist or no permission, err: No such file or directory
03-28 06:15:41.010 1306 1369 E tlogd : [TzLogger](saveTzlogAsync) /sys/kernel/debug/tzdbg/log can not read.
03-28 06:15:41.207 649 663 I mpu_uart: [MSG-P:RECV]:No message received in 1000 ms
03-28 06:15:41.327 1124 1711 W BestClock: java.time.DateTimeException: Missing NTP fix
03-28 06:15:41.345 1124 1711 W BestClock: java.time.DateTimeException: Missing NTP fix
03-28 06:15:41.348 1124 1712 W BestClock: java.time.DateTimeException: Missing NTP fix
03-28 06:15:41.348 1124 1712 W BestClock: java.time.DateTimeException: Missing NTP fix
03-28 06:15:42.207 649 663 I mpu_uart: [MSG-P:RECV]:No message received in 1000 ms
03-28 06:15:42.257 649 662 I mpu_uart: [MSG-P:R]:recv sync frame timeout
01-01 08:03:16.542 0 0 E DTC_ETH,link_delay_work_func: 3003, SQI=0, link=0
03-28 06:15:42.417 1124 1711 W BestClock: java.time.DateTimeException: Missing NTP fix
03-28 06:15:42.436 1124 1711 W BestClock: java.time.DateTimeException: Missing NTP fix
03-28 06:15:42.440 1124 1712 W BestClock: java.time.DateTimeException: Missing NTP fix
03-28 06:15:42.441 1124 1712 W BestClock: java.time.DateTimeException: Missing NTP fix
03-28 06:15:42.751 3054 3165 I FuseDaemon: Threshold exceeded - fadvising 67108864
03-28 06:15:42.752 3054 3165 I FuseDaemon: Threshold now 0
03-28 06:15:42.941 3054 3165 I FuseDaemon: Threshold exceeded - fadvising 67108864
03-28 06:15:42.941 3054 3165 I FuseDaemon: Threshold now 0
03-28 06:15:43.143 3054 3165 I FuseDaemon: Threshold exceeded - fadvising 67108864
03-28 06:15:43.143 3054 3165 I FuseDaemon: Threshold now 0
03-28 06:15:43.207 649 663 I mpu_uart: [MSG-P:RECV]:No message received in 1000 ms
03-28 06:15:43.343 3054 3165 I FuseDaemon: Threshold exceeded - fadvising 67108864
03-28 06:15:43.343 3054 3165 I FuseDaemon: Threshold now 0
03-28 06:15:43.518 1124 1711 W BestClock: java.time.DateTimeException: Missing NTP fix
03-28 06:15:43.571 1124 1711 W BestClock: java.time.DateTimeException: Missing NTP fix
03-28 06:15:43.574 1124 1712 W BestClock: java.time.DateTimeException: Missing NTP fix
03-28 06:15:43.574 1124 1712 W BestClock: java.time.DateTimeException: Missing NTP fix
03-28 06:15:43.825 2896 3831 W hpplay-java: [AsyncTask #1]:IM_AbstractBlockingClient:Client failure java.net.ConnectException: failed to connect to /120.78.210.135 (port 8080) from /:: (port 55818): connect failed: ENETUNREACH (Network is unreachable)
03-28 06:15:43.826 2896 3831 W hpplay-java: [AsyncTask #1]:IM_AbstractBlockingClient:restart sRetryCount 2
03-28 06:15:44.208 649 663 I mpu_uart: [MSG-P:RECV]:No message received in 1000 ms
03-28 06:15:44.647 1124 1711 W BestClock: java.time.DateTimeException: Missing NTP fix
03-28 06:15:44.665 1124 1711 W BestClock: java.time.DateTimeException: Missing NTP fix
03-28 06:15:44.670 1124 1712 W BestClock: java.time.DateTimeException: Missing NTP fix
03-28 06:15:44.671 1124 1712 W BestClock: java.time.DateTimeException: Missing NTP fix
03-28 06:15:44.989 2896 2896 I hpplay-java: [main]:ServerTaskManager:task run out of time
03-28 06:15:44.989 2896 2896 I hpplay-java: [main]:ServerTaskManager:cancelTimeOutCheck
03-28 06:15:44.990 2896 2896 I hpplay-java: [main]:ServerTaskManager:exeTask ignore, reason: TaskList is clear
03-28 06:15:45.100 2896 4969 D hpplay-base: [LelinkMDNS:766] devicePermissionPublic leboPermissionCheck:-2
03-28 06:15:45.100 2896 4969 D hpplay-base: [jniBridge:1125] com_hpplay_sdk_sink_protocol_Bridge_WHAT_SERVER_ERROR
03-28 06:15:45.101 2896 4969 D hpplay-base: [jniBridge:1726] notifyJava, what:204, castType:0, mimeType:0 baseStatus:2
03-28 06:15:45.101 2896 4969 D hpplay-base: [jniBridge:1727] notifyJava sessionID:(null)
03-28 06:15:45.104 2896 4969 I hpplay-java: [Thread-68]:Bridge:notify: what: 204
