03-28 06:17:08.236 2896 2896 D hpplay-base: [jniBridge:894] startDlna_link:http://10.0.0.129:49152/description.xml
03-28 06:17:08.236 2896 5456 D hpplay-base: [REventUtils:59] create handleREventThread thread ok!!,tid is 5456
03-28 06:17:08.236 2896 5457 D hpplay-base: [jniBridge:1081] notifyJavaDlnalink:http://10.0.0.129:49152/description.xml
03-28 06:17:08.236 2896 5457 D hpplay-base: [jniBridge:1726] notifyJava, what:207, castType:0, mimeType:0 baseStatus:2
03-28 06:17:08.236 2896 5457 D hpplay-base: [jniBridge:1727] notifyJava sessionID:(null)
03-28 06:17:08.237 2896 5454 D hpplay-base: [mDNSEmbeded:217] http_port bind check 217 http_port_check
03-28 06:17:08.237 2896 5454 D hpplay-base: [mDNSEmbeded:222] http_port bind check 222 http_port_check
03-28 06:17:08.237 2896 5457 I hpplay-java: [Thread-111]:Bridge:notify: what: 207
03-28 06:17:08.237 2896 5454 D hpplay-base: [mDNSEmbeded:234] http_port bind check 234 http_port_check port:52266
03-28 06:17:08.237 2896 5454 D hpplay-base: [mDNSEmbeded:237] http_port bind check 237 http_port_check
03-28 06:17:08.238 2896 5457 I hpplay-java: [Thread-111]:Bridge:notify: out: OutParameters:{audioSessionId=-1, audiotrackIndex=0, castHandleType=-1, castType=0, deviceName='http://10.0.0.129:49152/description.xml', dlnaName='', dramaID='', extra=0, frameHandleType=-1, handleInside=true, headduration=0, header='', headers=null, isAD=false, isMultiMirror=false, lelinkVer='', limitTime=0, , mediaAlbum='null', mediaAlbumArtURI='', mediaArtist='null', mediaAssets='', mediaTitle='null', mimeType=0, multiSession=null, period=0, pinCode='', playSpeed=0.0, playerChoice=0, plugin=0, port=0, position=0.0, positionUnit=2, protocol=0, realSessionID='', regType='', , sinkIp='', sourceAPPVersion='', sourceChannel='', sourceClientInfo='', sourceDeviceInfo='', sourceDeviceModel='', sourceDeviceName='', sourceDeviceType=0, sourceHID='', , sourceInfo='', , , sourceOSVersion='', sourceSDKVersion='', sourceUid='', stopDetail=0, stopReason=0, tailduration=0, url='', urlID='', urls=null, userAgent='', videoDecoder=0, volume=0, what=207}com.hpplay.sdk.sink.protocol.OutParameters@d2ac6a0
03-28 06:17:08.238 2896 5457 I hpplay-java: [Thread-111]:Bridge:notify: address:58425945
03-28 06:17:08.238 2896 5459 D hpplay-base: [lelinkSinkServer:93] new client connection from 127.0.0.1 48292, fd=180
03-28 06:17:08.238 2896 5459 D hpplay-base: [SinkContext:137] addSinkContextSession,begin to run!!
03-28 06:17:08.238 2896 5459 D hpplay-base: [SinkContext:142] addSinkContextSession,begin to get lock!!
03-28 06:17:08.238 2896 5459 D hpplay-base: [SinkContext:144] addSinkContextSession,get lock ok!!
03-28 06:17:08.238 2896 5459 D hpplay-base: [SinkContext:149] addSinkContextSession,session list is null,begin to malloc!!
03-28 06:17:08.238 2896 5459 D hpplay-base: [SinkContext:156] addSinkContextSession,begin to update!!
03-28 06:17:08.238 2896 5459 D hpplay-base: [SinkContext:160] addSinkContextSession,begin to update header!!
03-28 06:17:08.238 2896 5459 D hpplay-base: [SinkContext:172] addSinkContextSession,begin to unlock!!
03-28 06:17:08.238 2896 5459 D hpplay-base: [SinkContext:174] addSinkContextSession,unlock ok!!
03-28 06:17:08.238 2896 5459 D hpplay-base: [LelinkReceiver:4908] get ping !!!
03-28 06:17:08.238 2896 5454 D hpplay-base: [mDNSEmbeded:240] http_port bind check 240 http_port_check recieved:64
03-28 06:17:08.238 2896 5454 D hpplay-base: [mDNSEmbeded:243] http_port bind check 243 http_port_check
03-28 06:17:08.238 2896 5454 D hpplay-base: [mDNSEmbeded:244] http_port bind check ok!
01-01 08:04:42.463 0 0 E : [MAX975X:max96755g_write_bytes] *ERROR* i2c master send 0x80 err
01-01 08:04:42.569 0 0 E i2c_geni 980000.i2c: i2c error :-107
01-01 08:04:42.581 0 0 E : [MAX975X:max96755x_vc1_lcd_dtc_check] *ERROR* Failed to read dev:0x15 addr:0x80
01-01 08:04:42.590 0 0 E i2c_geni 980000.i2c: i2c error :-107
03-28 06:17:08.439 2896 5459 I hpplay-base: [LelinkReceiver:14605] _connectionFinalize (180)
03-28 06:17:08.439 2896 5459 D hpplay-base: [LelinkReceiver:14752] ###connectionFinalize,release ok!!###
01-01 08:04:42.596 0 0 E : [MAX975X:max96755g_write_bytes] *ERROR* i2c master send 0x80 err
01-01 08:04:42.699 0 0 E i2c_geni 980000.i2c: i2c error :-107
01-01 08:04:42.711 0 0 E : [MAX975X:max96755x_vc1_lcd_dtc_check] *ERROR* Failed to read dev:0x15 addr:0x80
01-01 08:04:42.720 0 0 E i2c_geni 980000.i2c: i2c error :-107
01-01 08:04:42.726 0 0 E : [MAX975X:max96755g_write_bytes] *ERROR* i2c master send 0x80 err
01-01 08:04:42.829 0 0 E i2c_geni 980000.i2c: i2c error :-107
01-01 08:04:42.841 0 0 E : [MAX975X:max96755x_vc1_lcd_dtc_check] *ERROR* Failed to read dev:0x15 addr:0x80
01-01 08:04:42.851 0 0 E i2c_geni 980000.i2c: i2c error :-107
01-01 08:04:42.856 0 0 E : [MAX975X:max96755g_write_bytes] *ERROR* i2c master send 0x85 err
01-01 08:04:42.958 0 0 E i2c_geni 980000.i2c: i2c error :-107
01-01 08:04:42.970 0 0 E : [MAX975X:max96755x_vc1_lcd_dtc_check] *ERROR* Failed to read dev:0x15 addr:0x85
01-01 08:04:42.982 0 0 E i2c_geni 980000.i2c: i2c error :-107
03-28 06:17:08.741 4479 4497 D UpdateEngineStatus: onStatusUpdate:DownloadingPercent 0.20034458%
01-01 08:04:42.987 0 0 E : [MAX975X:max96755g_write_bytes] *ERROR* i2c master send 0x8B err
01-01 08:04:43.089 0 0 E i2c_geni 980000.i2c: i2c error :-107
01-01 08:04:43.101 0 0 E : [MAX975X:max96755x_vc1_lcd_dtc_check] *ERROR* Failed to read dev:0x15 addr:0x8b
01-01 08:04:43.111 0 0 E DTC_Display: screen not ready(0)
03-28 06:17:09.233 649 663 I mpu_uart: [MSG-P:RECV]:No message received in 1000 ms
01-01 08:04:43.581 0 0 E DTC_ETH,link_delay_work_func: 3003, SQI=0, link=0
03-28 06:17:09.343 649 662 I mpu_uart: [MSG-P:R]:recv sync frame timeout
03-28 06:17:09.516 2896 2896 I hpplay-java: [main]:Upgrade:upgrade not be allowed
03-28 06:17:10.233 649 663 I mpu_uart: [MSG-P:RECV]:No message received in 1000 ms
01-01 08:04:44.926 0 0 E i2c_geni 980000.i2c: i2c error :-107
01-01 08:04:44.930 0 0 E : [MAX975X:mcu_keep_wakeup_work_func] *ERROR* Failed to read dev:0x40 addr:0x0013 ret:-107
03-28 06:17:10.685 4479 5181 D UpdateEngineStatus: onStatusUpdate:DownloadingPercent 0.21035779%
01-01 08:04:44.940 0 0 E i2c_geni 980000.i2c: i2c error :-107
01-01 08:04:44.946 0 0 E : [MAX975X:max96755g_write_bytes] *ERROR* i2c master send 0x80 err
01-01 08:04:45.050 0 0 E i2c_geni 980000.i2c: i2c error :-107
01-01 08:04:45.062 0 0 E : [MAX975X:max96755x_vc1_lcd_dtc_check] *ERROR* Failed to read dev:0x15 addr:0x80
01-01 08:04:45.071 0 0 E i2c_geni 980000.i2c: i2c error :-107
01-01 08:04:45.077 0 0 E : [MAX975X:max96755g_write_bytes] *ERROR* i2c master send 0x80 err
01-01 08:04:45.182 0 0 E i2c_geni 980000.i2c: i2c error :-107
01-01 08:04:45.195 0 0 E : [MAX975X:max96755x_vc1_lcd_dtc_check] *ERROR* Failed to read dev:0x15 addr:0x80
01-01 08:04:45.204 0 0 E i2c_geni 980000.i2c: i2c error :-107
03-28 06:17:11.021 1306 1369 E tlogd : [TzLogger](isPathReadable) file /sys/kernel/debug/tzdbg/qsee_log isn't exist or no permission, err: No such file or directory
03-28 06:17:11.021 1306 1369 E tlogd : [TzLogger](saveTzlogAsync) /sys/kernel/debug/tzdbg/qsee_log can not read.
03-28 06:17:11.021 1306 1369 E tlogd : [TzLogger](isPathReadable) file /sys/kernel/debug/tzdbg/log isn't exist or no permission, err: No such file or directory
03-28 06:17:11.021 1306 1369 E tlogd : [TzLogger](saveTzlogAsync) /sys/kernel/debug/tzdbg/log can not read.
01-01 08:04:45.209 0 0 E : [MAX975X:max96755g_write_bytes] *ERROR* i2c master send 0x80 err
01-01 08:04:45.314 0 0 E i2c_geni 980000.i2c: i2c error :-107
01-01 08:04:45.327 0 0 E : [MAX975X:max96755x_vc1_lcd_dtc_check] *ERROR* Failed to read dev:0x15 addr:0x80
01-01 08:04:45.335 0 0 E i2c_geni 980000.i2c: i2c error :-107
01-01 08:04:45.340 0 0 E : [MAX975X:max96755g_write_bytes] *ERROR* i2c master send 0x80 err
03-28 06:17:11.075 1307 1307 I update_engine: type=1400 audit(0.0:1827): avc: denied { kill } for capability=5 scontext=u:r:update_engine:s0 tcontext=u:r:update_engine:s0 tclass=capability permissive=1
01-01 08:04:45.441 0 0 E i2c_geni 980000.i2c: i2c error :-107
01-01 08:04:45.446 0 0 E : [MAX975X:max96755x_vc1_lcd_dtc_check] *ERROR* Failed to read dev:0x15 addr:0x80
01-01 08:04:45.455 0 0 E i2c_geni 980000.i2c: i2c error :-107
03-28 06:17:11.233 649 663 I mpu_uart: [MSG-P:RECV]:No message received in 1000 ms
01-01 08:04:45.460 0 0 E : [MAX975X:max96755g_write_bytes] *ERROR* i2c master send 0x80 err
01-01 08:04:45.561 0 0 E i2c_geni 980000.i2c: i2c error :-107
01-01 08:04:45.573 0 0 E : [MAX975X:max96755x_vc1_lcd_dtc_check] *ERROR* Failed to read dev:0x15 addr:0x80
01-01 08:04:45.583 0 0 E i2c_geni 980000.i2c: i2c error :-107
01-01 08:04:45.588 0 0 E : [MAX975X:max96755g_write_bytes] *ERROR* i2c master send 0x80 err
01-01 08:04:45.690 0 0 E i2c_geni 980000.i2c: i2c error :-107
01-01 08:04:45.702 0 0 E : [MAX975X:max96755x_vc1_lcd_dtc_check] *ERROR* Failed to read dev:0x15 addr:0x80
01-01 08:04:45.711 0 0 E i2c_geni 980000.i2c: i2c error :-107
03-28 06:17:11.455 4479 4497 I OpenGLRenderer: Davey! duration=9223371801305ms; Flags=0, FrameTimelineVsyncId=4434, IntendedVsync=235549580318, Vsync=235549580318, InputEventId=0, HandleInputStart=235561485481, AnimationStart=235561488241, PerformTraversalsStart=235561489543, DrawStart=235561581731, FrameDeadline=235582913650, FrameInterval=235561476210, FrameStartTime=16666666, SyncQueued=235561950168, SyncStart=235561973398, IssueDrawCommandsStart=235562121783, SwapBuffers=235563185898, FrameCompleted=9223372036854775807, DequeueBufferDuration=30052, QueueBufferDuration=656562, GpuCompleted=9223372036854775807, SwapBuffersCompleted=235564349335, DisplayPresentTime=0,
01-01 08:04:45.716 0 0 E : [MAX975X:max96755g_write_bytes] *ERROR* i2c master send 0x80 err
01-01 08:04:45.818 0 0 E i2c_geni 980000.i2c: i2c error :-107
01-01 08:04:45.831 0 0 E : [MAX975X:max96755x_vc1_lcd_dtc_check] *ERROR* Failed to read dev:0x15 addr:0x80
01-01 08:04:45.840 0 0 E i2c_geni 980000.i2c: i2c error :-107
01-01 08:04:45.846 0 0 E : [MAX975X:max96755g_write_bytes] *ERROR* i2c master send 0x80 err
01-01 08:04:45.949 0 0 E i2c_geni 980000.i2c: i2c error :-107
01-01 08:04:45.962 0 0 E : [MAX975X:max96755x_vc1_lcd_dtc_check] *ERROR* Failed to read dev:0x15 addr:0x80
01-01 08:04:45.972 0 0 E i2c_geni 980000.i2c: i2c error :-107
01-01 08:04:45.977 0 0 E : [MAX975X:max96755g_write_bytes] *ERROR* i2c master send 0x80 err
01-01 08:04:46.082 0 0 E i2c_geni 980000.i2c: i2c error :-107
01-01 08:04:46.094 0 0 E : [MAX975X:max96755x_vc1_lcd_dtc_check] *ERROR* Failed to read dev:0x15 addr:0x80
01-01 08:04:46.103 0 0 E i2c_geni 980000.i2c: i2c error :-107
01-01 08:04:46.108 0 0 E : [MAX975X:max96755g_write_bytes] *ERROR* i2c master send 0x80 err
01-01 08:04:46.209 0 0 E i2c_geni 980000.i2c: i2c error :-107
01-01 08:04:46.221 0 0 E : [MAX975X:max96755x_vc1_lcd_dtc_check] *ERROR* Failed to read dev:0x15 addr:0x80
01-01 08:04:46.231 0 0 E i2c_geni 980000.i2c: i2c error :-107
01-01 08:04:46.235 0 0 E : [MAX975X:max96755g_write_bytes] *ERROR* i2c master send 0x80 err
01-01 08:04:46.338 0 0 E i2c_geni 980000.i2c: i2c error :-107
01-01 08:04:46.350 0 0 E : [MAX975X:max96755x_vc1_lcd_dtc_check] *ERROR* Failed to read dev:0x15 addr:0x80
01-01 08:04:46.359 0 0 E i2c_geni 980000.i2c: i2c error :-107
01-01 08:04:46.364 0 0 E : [MAX975X:max96755g_write_bytes] *ERROR* i2c master send 0x80 err
01-01 08:04:46.465 0 0 E i2c_geni 980000.i2c: i2c error :-107
01-01 08:04:46.477 0 0 E : [MAX975X:max96755x_vc1_lcd_dtc_check] *ERROR* Failed to read dev:0x15 addr:0x80
03-28 06:17:12.234 649 663 I mpu_uart: [MSG-P:RECV]:No message received in 1000 ms
01-01 08:04:46.487 0 0 E i2c_geni 980000.i2c: i2c error :-107
03-28 06:17:12.348 649 662 I mpu_uart: [MSG-P:R]:recv sync frame timeout
01-01 08:04:46.492 0 0 E : [MAX975X:max96755g_write_bytes] *ERROR* i2c master send 0x80 err
01-01 08:04:46.594 0 0 E i2c_geni 980000.i2c: i2c error :-107
01-01 08:04:46.606 0 0 E : [MAX975X:max96755x_vc1_lcd_dtc_check] *ERROR* Failed to read dev:0x15 addr:0x80
01-01 08:04:46.615 0 0 E i2c_geni 980000.i2c: i2c error :-107
01-01 08:04:46.620 0 0 E : [MAX975X:max96755g_write_bytes] *ERROR* i2c master send 0x80 err
01-01 08:04:46.725 0 0 E i2c_geni 980000.i2c: i2c error :-107
01-01 08:04:46.737 0 0 E : [MAX975X:max96755x_vc1_lcd_dtc_check] *ERROR* Failed to read dev:0x15 addr:0x80
01-01 08:04:46.746 0 0 E i2c_geni 980000.i2c: i2c error :-107
01-01 08:04:46.750 0 0 E : [MAX975X:max96755g_write_bytes] *ERROR* i2c master send 0x80 err
01-01 08:04:46.853 0 0 E i2c_geni 980000.i2c: i2c error :-107
01-01 08:04:46.865 0 0 E : [MAX975X:max96755x_vc1_lcd_dtc_check] *ERROR* Failed to read dev:0x15 addr:0x80
01-01 08:04:46.874 0 0 E i2c_geni 980000.i2c: i2c error :-107
03-28 06:17:12.642 4479 4495 D UpdateEngineStatus: onStatusUpdate:DownloadingPercent 0.22037098%
01-01 08:04:46.879 0 0 E : [MAX975X:max96755g_write_bytes] *ERROR* i2c master send 0x80 err
01-01 08:04:46.981 0 0 E i2c_geni 980000.i2c: i2c error :-107
01-01 08:04:46.993 0 0 E : [MAX975X:max96755x_vc1_lcd_dtc_check] *ERROR* Failed to read dev:0x15 addr:0x80
01-01 08:04:47.003 0 0 E i2c_geni 980000.i2c: i2c error :-107
01-01 08:04:47.008 0 0 E : [MAX975X:max96755g_write_bytes] *ERROR* i2c master send 0x80 err
01-01 08:04:47.109 0 0 E i2c_geni 980000.i2c: i2c error :-107
01-01 08:04:47.121 0 0 E : [MAX975X:max96755x_vc1_lcd_dtc_check] *ERROR* Failed to read dev:0x15 addr:0x80
01-01 08:04:47.131 0 0 E i2c_geni 980000.i2c: i2c error :-107
01-01 08:04:47.136 0 0 E : [MAX975X:max96755g_write_bytes] *ERROR* i2c master send 0x80 err
01-01 08:04:47.237 0 0 E i2c_geni 980000.i2c: i2c error :-107
01-01 08:04:47.249 0 0 E : [MAX975X:max96755x_vc1_lcd_dtc_check] *ERROR* Failed to read dev:0x15 addr:0x80
01-01 08:04:47.258 0 0 E i2c_geni 980000.i2c: i2c error :-107
03-28 06:17:13.112 2896 2896 I hpplay-java: [main]:IPManager:getActiveNets type: WIFI
03-28 06:17:13.112 2896 2896 I hpplay-java: [main]:IPManager:getActiveNets eth0:false wifi:true mobile:false ap:false
03-28 06:17:13.112 2896 2896 I hpplay-java: [main]:IPManager:getIPAddress IP_WLAN0
01-01 08:04:47.263 0 0 E : [MAX975X:max96755g_write_bytes] *ERROR* i2c master send 0x80 err
01-01 08:04:47.365 0 0 E i2c_geni 980000.i2c: i2c error :-107
01-01 08:04:47.377 0 0 E : [MAX975X:max96755x_vc1_lcd_dtc_check] *ERROR* Failed to read dev:0x15 addr:0x80
03-28 06:17:13.126 2896 2896 W hpplay-java: [main]:DeviceUtils:getDomain create lb domain
01-01 08:04:47.386 0 0 E i2c_geni 980000.i2c: i2c error :-107
03-28 06:17:13.133 2896 4029 I hpplay-java: [AsyncTask #23]:HttpRequest:http://gslb.hpplay.cn/lebo-flux-sdk/sdk/service/upload path post
03-28 06:17:13.164 2896 4029 W hpplay-java: [AsyncTask #23]:HttpRequest:java.io.IOException: unexpected end of stream on com.android.okhttp.Address@80142399
03-28 06:17:13.164 2896 4029 W hpplay-java: at com.android.okhttp.internal.http.Http1xStream.readResponse(Http1xStream.java:203)
03-28 06:17:13.164 2896 4029 W hpplay-java: at com.android.okhttp.internal.http.Http1xStream.readResponseHeaders(Http1xStream.java:129)
03-28 06:17:13.164 2896 4029 W hpplay-java: at com.android.okhttp.internal.http.HttpEngine.readNetworkResponse(HttpEngine.java:750)
03-28 06:17:13.164 2896 4029 W hpplay-java: at com.android.okhttp.internal.http.HttpEngine.readResponse(HttpEngine.java:622)
03-28 06:17:13.164 2896 4029 W hpplay-java: at com.android.okhttp.internal.huc.HttpURLConnectionImpl.execute(HttpURLConnectionImpl.java:475)
03-28 06:17:13.164 2896 4029 W hpplay-java: at com.android.okhttp.internal.huc.HttpURLConnectionImpl.getResponse(HttpURLConnectionImpl.java:411)
03-28 06:17:13.164 2896 4029 W hpplay-java: at com.android.okhttp.internal.huc.HttpURLConnectionImpl.getResponseCode(HttpURLConnectionImpl.java:542)
03-28 06:17:13.164 2896 4029 W hpplay-java: at com.hpplay.common.asyncmanager.HttpRequest.doPost(SourceFile:24)
03-28 06:17:13.164 2896 4029 W hpplay-java: at com.hpplay.common.asyncmanager.AsyncHttpJob.doInBackground(SourceFile:4)
03-28 06:17:13.164 2896 4029 W hpplay-java: at android.os.AsyncTask$3.call(AsyncTask.java:394)
03-28 06:17:13.164 2896 4029 W hpplay-java: at java.util.concurrent.FutureTask.run(FutureTask.java:266)
03-28 06:17:13.164 2896 4029 W hpplay-java: at java.util.concurrent.ThreadPoolExecutor.runWorker(ThreadPoolExecutor.java:1167)
03-28 06:17:13.164 2896 4029 W hpplay-java: at java.util.concurrent.ThreadPoolExecutor$Worker.run(ThreadPoolExecutor.java:641)
03-28 06:17:13.164 2896 4029 W hpplay-java: at java.lang.Thread.run(Thread.java:920)
03-28 06:17:13.164 2896 4029 W hpplay-java: Caused by: java.io.EOFException: \n not found: size=0 content=...
03-28 06:17:13.164 2896 4029 W hpplay-java: at com.android.okhttp.okio.RealBufferedSource.readUtf8LineStrict(RealBufferedSource.java:202)
03-28 06:17:13.164 2896 4029 W hpplay-java: at com.android.okhttp.internal.http.Http1xStream.readResponse(Http1xStream.java:188)
03-28 06:17:13.164 2896 4029 W hpplay-java: ... 13 more
03-28 06:17:13.164 2896 4029 I hpplay-java: [AsyncTask #23]:HttpRequest:http://gslb.hpplay.cn/lebo-flux-sdk/sdk/service/upload path post
03-28 06:17:13.169 2896 4029 W hpplay-java: [AsyncTask #23]:HttpRequest:java.io.IOException: unexpected end of stream on com.android.okhttp.Address@80142399
03-28 06:17:13.169 2896 4029 W hpplay-java: at com.android.okhttp.internal.http.Http1xStream.readResponse(Http1xStream.java:203)
03-28 06:17:13.169 2896 4029 W hpplay-java: at com.android.okhttp.internal.http.Http1xStream.readResponseHeaders(Http1xStream.java:129)
03-28 06:17:13.169 2896 4029 W hpplay-java: at com.android.okhttp.internal.http.HttpEngine.readNetworkResponse(HttpEngine.java:750)
03-28 06:17:13.169 2896 4029 W hpplay-java: at com.android.okhttp.internal.http.HttpEngine.readResponse(HttpEngine.java:622)
03-28 06:17:13.169 2896 4029 W hpplay-java: at com.android.okhttp.internal.huc.HttpURLConnectionImpl.execute(HttpURLConnectionImpl.java:475)
03-28 06:17:13.169 2896 4029 W hpplay-java: at com.android.okhttp.internal.huc.HttpURLConnectionImpl.getResponse(HttpURLConnectionImpl.java:411)
03-28 06:17:13.169 2896 4029 W hpplay-java: at com.android.okhttp.internal.huc.HttpURLConnectionImpl.getResponseCode(HttpURLConnectionImpl.java:542)
03-28 06:17:13.169 2896 4029 W hpplay-java: at com.hpplay.common.asyncmanager.HttpRequest.doPost(SourceFile:24)
03-28 06:17:13.169 2896 4029 W hpplay-java: at com.hpplay.common.asyncmanager.AsyncHttpJob.doInBackground(SourceFile:4)
03-28 06:17:13.169 2896 4029 W hpplay-java: at android.os.AsyncTask$3.call(AsyncTask.java:394)
03-28 06:17:13.169 2896 4029 W hpplay-java: at java.util.concurrent.FutureTask.run(FutureTask.java:266)
03-28 06:17:13.169 2896 4029 W hpplay-java: at java.util.concurrent.ThreadPoolExecutor.runWorker(ThreadPoolExecutor.java:1167)
03-28 06:17:13.169 2896 4029 W hpplay-java: at java.util.concurrent.ThreadPoolExecutor$Worker.run(ThreadPoolExecutor.java:641)
03-28 06:17:13.169 2896 4029 W hpplay-java: at java.lang.Thread.run(Thread.java:920)
03-28 06:17:13.169 2896 4029 W hpplay-java: Caused by: java.io.EOFException: \n not found: size=0 content=...
03-28 06:17:13.169 2896 4029 W hpplay-java: at com.android.okhttp.okio.RealBufferedSource.readUtf8LineStrict(RealBufferedSource.java:202)
03-28 06:17:13.169 2896 4029 W hpplay-java: at com.android.okhttp.internal.http.Http1xStream.readResponse(Http1xStream.java:188)
03-28 06:17:13.169 2896 4029 W hpplay-java: ... 13 more
03-28 06:17:13.169 2896 4029 I hpplay-java: [AsyncTask #23]:HttpRequest:http://gslb.hpplay.cn/lebo-flux-sdk/sdk/service/upload path post
03-28 06:17:13.176 2896 4029 W hpplay-java: [AsyncTask #23]:HttpRequest:java.io.IOException: unexpected end of stream on com.android.okhttp.Address@80142399
03-28 06:17:13.176 2896 4029 W hpplay-java: at com.android.okhttp.internal.http.Http1xStream.readResponse(Http1xStream.java:203)
03-28 06:17:13.176 2896 4029 W hpplay-java: at com.android.okhttp.internal.http.Http1xStream.readResponseHeaders(Http1xStream.java:129)
03-28 06:17:13.176 2896 4029 W hpplay-java: at com.android.okhttp.internal.http.HttpEngine.readNetworkResponse(HttpEngine.java:750)
03-28 06:17:13.176 2896 4029 W hpplay-java: at com.android.okhttp.internal.http.HttpEngine.readResponse(HttpEngine.java:622)
03-28 06:17:13.176 2896 4029 W hpplay-java: at com.android.okhttp.internal.huc.HttpURLConnectionImpl.execute(HttpURLConnectionImpl.java:475)
03-28 06:17:13.176 2896 4029 W hpplay-java: at com.android.okhttp.internal.huc.HttpURLConnectionImpl.getResponse(HttpURLConnectionImpl.java:411)
03-28 06:17:13.176 2896 4029 W hpplay-java: at com.android.okhttp.internal.huc.HttpURLConnectionImpl.getResponseCode(HttpURLConnectionImpl.java:542)
03-28 06:17:13.176 2896 4029 W hpplay-java: at com.hpplay.common.asyncmanager.HttpRequest.doPost(SourceFile:24)
03-28 06:17:13.176 2896 4029 W hpplay-java: at com.hpplay.common.asyncmanager.AsyncHttpJob.doInBackground(SourceFile:4)
03-28 06:17:13.176 2896 4029 W hpplay-java: at android.os.AsyncTask$3.call(AsyncTask.java:394)
03-28 06:17:13.176 2896 4029 W hpplay-java: at java.util.concurrent.FutureTask.run(FutureTask.java:266)
03-28 06:17:13.176 2896 4029 W hpplay-java: at java.util.concurrent.ThreadPoolExecutor.runWorker(ThreadPoolExecutor.java:1167)
03-28 06:17:13.176 2896 4029 W hpplay-java: at java.util.concurrent.ThreadPoolExecutor$Worker.run(ThreadPoolExecutor.java:641)
03-28 06:17:13.176 2896 4029 W hpplay-java: at java.lang.Thread.run(Thread.java:920)
03-28 06:17:13.176 2896 4029 W hpplay-java: Caused by: java.io.EOFException: \n not found: size=0 content=...
03-28 06:17:13.176 2896 4029 W hpplay-java: at com.android.okhttp.okio.RealBufferedSource.readUtf8LineStrict(RealBufferedSource.java:202)
03-28 06:17:13.176 2896 4029 W hpplay-java: at com.android.okhttp.internal.http.Http1xStream.readResponse(Http1xStream.java:188)
03-28 06:17:13.176 2896 4029 W hpplay-java: ... 13 more
03-28 06:17:13.234 649 663 I mpu_uart: [MSG-P:RECV]:No message received in 1000 ms
01-01 08:04:47.390 0 0 E : [MAX975X:max96755g_write_bytes] *ERROR* i2c master send 0x80 err
01-01 08:04:47.493 0 0 E i2c_geni 980000.i2c: i2c error :-107
01-01 08:04:47.505 0 0 E : [MAX975X:max96755x_vc1_lcd_dtc_check] *ERROR* Failed to read dev:0x15 addr:0x80
01-01 08:04:47.512 0 0 I qcom_rpmh DRV: apps_rsc TCS Busy, retrying RPMH message send: addr=0x30010
01-01 08:04:47.514 0 0 E i2c_geni 980000.i2c: i2c error :-107
01-01 08:04:47.519 0 0 E : [MAX975X:max96755g_write_bytes] *ERROR* i2c master send 0x85 err
01-01 08:04:47.621 0 0 E i2c_geni 980000.i2c: i2c error :-107
01-01 08:04:47.634 0 0 E : [MAX975X:max96755x_vc1_lcd_dtc_check] *ERROR* Failed to read dev:0x15 addr:0x85
01-01 08:04:47.643 0 0 E i2c_geni 980000.i2c: i2c error :-107
01-01 08:04:47.648 0 0 E : [MAX975X:max96755g_write_bytes] *ERROR* i2c master send 0x8B err
01-01 08:04:47.753 0 0 E i2c_geni 980000.i2c: i2c error :-107
01-01 08:04:47.765 0 0 E : [MAX975X:max96755x_vc1_lcd_dtc_check] *ERROR* Failed to read dev:0x15 addr:0x8b
01-01 08:04:47.774 0 0 E DTC_Display: screen not ready(0)
03-28 06:17:13.779 2896 2896 I hpplay-java: [main]:Upgrade:upgrade not be allowed
03-28 06:17:14.225 4479 4497 D UpdateEngineStatus: onStatusUpdate:DownloadingPercent 0.23038419%
03-28 06:17:14.234 649 663 I mpu_uart: [MSG-P:RECV]:No message received in 1000 ms
01-01 08:04:48.701 0 0 E DTC_ETH,link_delay_work_func: 3003, SQI=0, link=0
03-28 06:17:15.225 1124 2050 D SntpClient: request time failed: java.net.SocketTimeoutException: Poll timed out
03-28 06:17:15.226 1124 2050 D SntpClient: request time failed
03-28 06:17:15.234 649 663 I mpu_uart: [MSG-P:RECV]:No message received in 1000 ms
03-28 06:17:15.354 649 662 I mpu_uart: [MSG-P:R]:recv sync frame timeout
01-01 08:04:49.598 0 0 E i2c_geni 980000.i2c: i2c error :-107
01-01 08:04:49.603 0 0 E : [MAX975X:mcu_keep_wakeup_work_func] *ERROR* Failed to read dev:0x40 addr:0x0013 ret:-107
01-01 08:04:49.612 0 0 E i2c_geni 980000.i2c: i2c error :-107
01-01 08:04:49.618 0 0 E : [MAX975X:max96755g_write_bytes] *ERROR* i2c master send 0x80 err
01-01 08:04:49.722 0 0 E i2c_geni 980000.i2c: i2c error :-107
01-01 08:04:49.735 0 0 E : [MAX975X:max96755x_vc1_lcd_dtc_check] *ERROR* Failed to read dev:0x15 addr:0x80
01-01 08:04:49.744 0 0 E i2c_geni 980000.i2c: i2c error :-107
03-28 06:17:15.501 2896 5452 D hpplay-base: [LelinkMDNS:766] devicePermissionPublic leboPermissionCheck:-2
03-28 06:17:15.501 2896 5452 D hpplay-base: [jniBridge:1125] com_hpplay_sdk_sink_protocol_Bridge_WHAT_SERVER_ERROR
03-28 06:17:15.501 2896 5452 D hpplay-base: [jniBridge:1726] notifyJava, what:204, castType:0, mimeType:0 baseStatus:2
03-28 06:17:15.501 2896 5452 D hpplay-base: [jniBridge:1727] notifyJava sessionID:(null)
03-28 06:17:15.502 2896 5452 I hpplay-java: [Thread-112]:Bridge:notify: what: 204
03-28 06:17:15.503 2896 5452 I hpplay-java: [Thread-112]:Bridge:notify: out: OutParameters:{audioSessionId=-1, audiotrackIndex=0, castHandleType=-1, castType=0, deviceName='', dlnaName='', dramaID='', extra=-2002, frameHandleType=-1, handleInside=true, headduration=0, header='', headers=null, isAD=false, isMultiMirror=false, lelinkVer='', limitTime=0, , mediaAlbum='null', mediaAlbumArtURI='', mediaArtist='null', mediaAssets='', mediaTitle='null', mimeType=0, multiSession=null, period=0, pinCode='', playSpeed=0.0, playerChoice=0, plugin=0, port=0, position=0.0, positionUnit=2, protocol=0, realSessionID='', regType='', , sinkIp='', sourceAPPVersion='', sourceChannel='', sourceClientInfo='', sourceDeviceInfo='', sourceDeviceModel='', sourceDeviceName='', sourceDeviceType=0, sourceHID='', , sourceInfo='', , , sourceOSVersion='', sourceSDKVersion='', sourceUid='', stopDetail=0, stopReason=0, tailduration=0, url='', urlID='', urls=null, userAgent='', videoDecoder=0, volume=0, what=204}com.hpplay.sdk.sink.protocol.OutParameters@e26d882
03-28 06:17:15.503 2896 5452 I hpplay-java: [Thread-112]:Bridge:notify: address:51248019
03-28 06:17:15.503 2896 5452 I hpplay-base: [mDNSEmbeded:79] embedded_mDNSLoop stopmDNSNow:0 nPublish:-2 nExitFlag:6 tid is 5452
03-28 06:17:15.503 2896 2896 I hpplay-java: [main]:Bridge:findServiceID start out: 51248019
03-28 06:17:15.503 2896 2896 I hpplay-java: [main]:Bridge:findServiceID end
03-28 06:17:15.503 2896 2896 E hpplay-java: [main]:ServerTaskManager:onError 204/-2002 com.hht.lebocast.LelinkHelper$e@614b4b6
03-28 06:17:15.503 2896 2896 I hpplay-java: [main]:ServerTaskManager:cancelTimeOutCheck
03-28 06:17:15.504 2896 2896 W hpplay-java: [main]:ServerTaskManager:onErrorDispatcher errorCode:-2002
03-28 06:17:15.504 2896 2896 I hpplay-java: [main]:ServerTaskManager:onError retry later
03-28 06:17:15.519 2896 4026 I hpplay-java: [AsyncTask #20]:HttpRequest:doGet responseCode:200 0
01-01 08:04:49.750 0 0 E : [MAX975X:max96755g_write_bytes] *ERROR* i2c master send 0x80 err
01-01 08:04:49.854 0 0 E i2c_geni 980000.i2c: i2c error :-107
01-01 08:04:49.867 0 0 E : [MAX975X:max96755x_vc1_lcd_dtc_check] *ERROR* Failed to read dev:0x15 addr:0x80
03-28 06:17:15.621 4479 4495 D UpdateEngineStatus: onStatusUpdate:DownloadingPercent 0.24039738%
01-01 08:04:49.877 0 0 E i2c_geni 980000.i2c: i2c error :-107
01-01 08:04:49.881 0 0 E : [MAX975X:max96755g_write_bytes] *ERROR* i2c master send 0x80 err
01-01 08:04:49.986 0 0 E i2c_geni 980000.i2c: i2c error :-107
01-01 08:04:49.998 0 0 E : [MAX975X:max96755x_vc1_lcd_dtc_check] *ERROR* Failed to read dev:0x15 addr:0x80
01-01 08:04:50.007 0 0 E i2c_geni 980000.i2c: i2c error :-107
01-01 08:04:50.012 0 0 E : [MAX975X:max96755g_write_bytes] *ERROR* i2c master send 0x80 err
01-01 08:04:50.113 0 0 E i2c_geni 980000.i2c: i2c error :-107
01-01 08:04:50.125 0 0 E : [MAX975X:max96755x_vc1_lcd_dtc_check] *ERROR* Failed to read dev:0x15 addr:0x80
01-01 08:04:50.135 0 0 E i2c_geni 980000.i2c: i2c error :-107
01-01 08:04:50.140 0 0 E : [MAX975X:max96755g_write_bytes] *ERROR* i2c master send 0x80 err
01-01 08:04:50.242 0 0 E i2c_geni 980000.i2c: i2c error :-107
01-01 08:04:50.254 0 0 E : [MAX975X:max96755x_vc1_lcd_dtc_check] *ERROR* Failed to read dev:0x15 addr:0x80
01-01 08:04:50.263 0 0 E i2c_geni 980000.i2c: i2c error :-107
03-28 06:17:16.021 1306 1369 E tlogd : [TzLogger](isPathReadable) file /sys/kernel/debug/tzdbg/qsee_log isn't exist or no permission, err: No such file or directory
03-28 06:17:16.021 1306 1369 E tlogd : [TzLogger](saveTzlogAsync) /sys/kernel/debug/tzdbg/qsee_log can not read.
03-28 06:17:16.021 1306 1369 E tlogd : [TzLogger](isPathReadable) file /sys/kernel/debug/tzdbg/log isn't exist or no permission, err: No such file or directory
03-28 06:17:16.021 1306 1369 E tlogd : [TzLogger](saveTzlogAsync) /sys/kernel/debug/tzdbg/log can not read.
01-01 08:04:50.268 0 0 E : [MAX975X:max96755g_write_bytes] *ERROR* i2c master send 0x80 err
01-01 08:04:50.369 0 0 E i2c_geni 980000.i2c: i2c error :-107
01-01 08:04:50.381 0 0 E : [MAX975X:max96755x_vc1_lcd_dtc_check] *ERROR* Failed to read dev:0x15 addr:0x80
01-01 08:04:50.391 0 0 E i2c_geni 980000.i2c: i2c error :-107
03-28 06:17:16.234 649 663 I mpu_uart: [MSG-P:RECV]:No message received in 1000 ms
01-01 08:04:50.396 0 0 E : [MAX975X:max96755g_write_bytes] *ERROR* i2c master send 0x80 err
01-01 08:04:50.498 0 0 E i2c_geni 980000.i2c: i2c error :-107
01-01 08:04:50.510 0 0 E : [MAX975X:max96755x_vc1_lcd_dtc_check] *ERROR* Failed to read dev:0x15 addr:0x80
01-01 08:04:50.519 0 0 E i2c_geni 980000.i2c: i2c error :-107
01-01 08:04:50.524 0 0 E : [MAX975X:max96755g_write_bytes] *ERROR* i2c master send 0x80 err
01-01 08:04:50.580 0 0 I logd : logdr: UID=2000 GID=2000 PID=5475 b tail=0 logMask=99 pid=0 start=0ns deadline=0ns
01-01 08:04:50.629 0 0 E i2c_geni 980000.i2c: i2c error :-107
01-01 08:04:50.634 0 0 E : [MAX975X:max96755x_vc1_lcd_dtc_check] *ERROR* Failed to read dev:0x15 addr:0x80
01-01 08:04:50.643 0 0 E i2c_geni 980000.i2c: i2c error :-107
01-01 08:04:50.648 0 0 E : [MAX975X:max96755g_write_bytes] *ERROR* i2c master send 0x80 err
01-01 08:04:50.749 0 0 E i2c_geni 980000.i2c: i2c error :-107
01-01 08:04:50.761 0 0 E : [MAX975X:max96755x_vc1_lcd_dtc_check] *ERROR* Failed to read dev:0x15 addr:0x80
01-01 08:04:50.770 0 0 E i2c_geni 980000.i2c: i2c error :-107
01-01 08:04:50.775 0 0 E : [MAX975X:max96755g_write_bytes] *ERROR* i2c master send 0x80 err
01-01 08:04:50.877 0 0 E i2c_geni 980000.i2c: i2c error :-107
01-01 08:04:50.889 0 0 E : [MAX975X:max96755x_vc1_lcd_dtc_check] *ERROR* Failed to read dev:0x15 addr:0x80
01-01 08:04:50.899 0 0 E i2c_geni 980000.i2c: i2c error :-107
01-01 08:04:50.904 0 0 E : [MAX975X:max96755g_write_bytes] *ERROR* i2c master send 0x80 err
01-01 08:04:51.006 0 0 E i2c_geni 980000.i2c: i2c error :-107
01-01 08:04:51.018 0 0 E : [MAX975X:max96755x_vc1_lcd_dtc_check] *ERROR* Failed to read dev:0x15 addr:0x80
01-01 08:04:51.028 0 0 E i2c_geni 980000.i2c: i2c error :-107
01-01 08:04:51.033 0 0 E : [MAX975X:max96755g_write_bytes] *ERROR* i2c master send 0x80 err
01-01 08:04:51.138 0 0 E i2c_geni 980000.i2c: i2c error :-107
01-01 08:04:51.150 0 0 E : [MAX975X:max96755x_vc1_lcd_dtc_check] *ERROR* Failed to read dev:0x15 addr:0x80
01-01 08:04:51.161 0 0 E i2c_geni 980000.i2c: i2c error :-107
01-01 08:04:51.165 0 0 E : [MAX975X:max96755g_write_bytes] *ERROR* i2c master send 0x80 err
01-01 08:04:51.270 0 0 E i2c_geni 980000.i2c: i2c error :-107
01-01 08:04:51.282 0 0 E : [MAX975X:max96755x_vc1_lcd_dtc_check] *ERROR* Failed to read dev:0x15 addr:0x80
01-01 08:04:51.291 0 0 E i2c_geni 980000.i2c: i2c error :-107
01-01 08:04:51.296 0 0 E : [MAX975X:max96755g_write_bytes] *ERROR* i2c master send 0x80 err
01-01 08:04:51.400 0 0 E i2c_geni 980000.i2c: i2c error :-107
01-01 08:04:51.412 0 0 E : [MAX975X:max96755x_vc1_lcd_dtc_check] *ERROR* Failed to read dev:0x15 addr:0x80
01-01 08:04:51.420 0 0 E i2c_geni 980000.i2c: i2c error :-107
03-28 06:17:17.234 649 663 I mpu_uart: [MSG-P:RECV]:No message received in 1000 ms
01-01 08:04:51.426 0 0 E : [MAX975X:max96755g_write_bytes] *ERROR* i2c master send 0x80 err
01-01 08:04:51.530 0 0 E i2c_geni 980000.i2c: i2c error :-107
01-01 08:04:51.542 0 0 E : [MAX975X:max96755x_vc1_lcd_dtc_check] *ERROR* Failed to read dev:0x15 addr:0x80
01-01 08:04:51.552 0 0 E i2c_geni 980000.i2c: i2c error :-107
01-01 08:04:51.557 0 0 E : [MAX975X:max96755g_write_bytes] *ERROR* i2c master send 0x80 err
01-01 08:04:51.661 0 0 E i2c_geni 980000.i2c: i2c error :-107
01-01 08:04:51.673 0 0 E : [MAX975X:max96755x_vc1_lcd_dtc_check] *ERROR* Failed to read dev:0x15 addr:0x80
01-01 08:04:51.685 0 0 E i2c_geni 980000.i2c: i2c error :-107
03-28 06:17:17.524 1124 1711 W BestClock: java.time.DateTimeException: Missing NTP fix
03-28 06:17:17.535 1124 1711 W BestClock: java.time.DateTimeException: Missing NTP fix
03-28 06:17:17.538 1124 1712 W BestClock: java.time.DateTimeException: Missing NTP fix
03-28 06:17:17.531 672 672 I Binder:672_3: type=1400 audit(0.0:1828): avc: denied { add_name } for name="globalAlert" scontext=u:r:netd:s0 tcontext=u:object_r:proc_net:s0 tclass=dir permissive=1
03-28 06:17:17.548 1124 1712 W BestClock: java.time.DateTimeException: Missing NTP fix
01-01 08:04:51.690 0 0 E : [MAX975X:max96755g_write_bytes] *ERROR* i2c master send 0x80 err
01-01 08:04:51.793 0 0 E i2c_geni 980000.i2c: i2c error :-107
01-01 08:04:51.801 0 0 E : [MAX975X:max96755x_vc1_lcd_dtc_check] *ERROR* Failed to read dev:0x15 addr:0x80
03-28 06:17:17.531 672 672 I Binder:672_3: type=1400 audit(0.0:1829): avc: denied { create } for name="globalAlert" scontext=u:r:netd:s0 tcontext=u:object_r:proc_net:s0 tclass=file permissive=1
01-01 08:04:51.814 0 0 E i2c_geni 980000.i2c: i2c error :-107
01-01 08:04:51.819 0 0 E : [MAX975X:max96755g_write_bytes] *ERROR* i2c master send 0x80 err
01-01 08:04:51.921 0 0 E i2c_geni 980000.i2c: i2c error :-107
01-01 08:04:51.934 0 0 E : [MAX975X:max96755x_vc1_lcd_dtc_check] *ERROR* Failed to read dev:0x15 addr:0x80
01-01 08:04:51.943 0 0 E i2c_geni 980000.i2c: i2c error :-107
01-01 08:04:51.948 0 0 E : [MAX975X:max96755g_write_bytes] *ERROR* i2c master send 0x80 err
01-01 08:04:52.050 0 0 E i2c_geni 980000.i2c: i2c error :-107
01-01 08:04:52.062 0 0 E : [MAX975X:max96755x_vc1_lcd_dtc_check] *ERROR* Failed to read dev:0x15 addr:0x80
01-01 08:04:52.071 0 0 E i2c_geni 980000.i2c: i2c error :-107
01-01 08:04:52.076 0 0 E : [MAX975X:max96755g_write_bytes] *ERROR* i2c master send 0x80 err
01-01 08:04:52.177 0 0 E i2c_geni 980000.i2c: i2c error :-107
01-01 08:04:52.190 0 0 E : [MAX975X:max96755x_vc1_lcd_dtc_check] *ERROR* Failed to read dev:0x15 addr:0x80
01-01 08:04:52.200 0 0 E i2c_geni 980000.i2c: i2c error :-107
01-01 08:04:52.204 0 0 E : [MAX975X:max96755g_write_bytes] *ERROR* i2c master send 0x85 err
01-01 08:04:52.306 0 0 E i2c_geni 980000.i2c: i2c error :-107
01-01 08:04:52.318 0 0 E : [MAX975X:max96755x_vc1_lcd_dtc_check] *ERROR* Failed to read dev:0x15 addr:0x85
01-01 08:04:52.327 0 0 E i2c_geni 980000.i2c: i2c error :-107
03-28 06:17:18.076 4479 4497 D UpdateEngineStatus: onStatusUpdate:DownloadingPercent 0.2504106%
03-28 06:17:18.098 2896 2896 I hpplay-java: [main]:Upgrade:upgrade not be allowed
01-01 08:04:52.332 0 0 E : [MAX975X:max96755g_write_bytes] *ERROR* i2c master send 0x8B err
01-01 08:04:52.437 0 0 E i2c_geni 980000.i2c: i2c error :-107
01-01 08:04:52.449 0 0 E : [MAX975X:max96755x_vc1_lcd_dtc_check] *ERROR* Failed to read dev:0x15 addr:0x8b
01-01 08:04:52.458 0 0 E DTC_Display: screen not ready(0)
03-28 06:17:18.235 649 663 I mpu_uart: [MSG-P:RECV]:No message received in 1000 ms
03-28 06:17:18.355 649 662 I mpu_uart: [MSG-P:R]:recv sync frame timeout
03-28 06:17:18.505 2896 2896 I hpplay-java: [main]:ServerTaskManager:restart by error
03-28 06:17:18.505 2896 2896 I hpplay-java: [main]:ServerTaskManager:startServer
03-28 06:17:18.505 2896 2896 I hpplay-java: [main]:ServerTaskManager:startServer add, reason: server is starting or running
03-28 06:17:18.505 2896 2896 I hpplay-java: [main]:ServerTaskManager:addStopTask
03-28 06:17:18.506 2896 2896 I hpplay-java: [main]:ServerTaskManager:addStartTask
03-28 06:17:18.506 2896 2896 I hpplay-java: [main]:ServerTaskManager:exeTask stopServer
03-28 06:17:18.506 2896 2896 I hpplay-java: [main]:Bridge:stopServer keepPush: false
03-28 06:17:18.506 2896 2896 D hpplay-base: [jniBridge:909] Bridge__1stopServer status:2
03-28 06:17:18.507 2896 2896 D hpplay-base: [LelinkBase:654] stopAllServer will start thread!
03-28 06:17:18.508 2896 5455 D hpplay-base: [AEventUtils:588] handle AEvent thread end!!,tid is 5455
03-28 06:17:18.508 2896 5478 I hpplay-base: [mDNSEmbeded:65] embedded_mDNSExit call
03-28 06:17:18.508 2896 5456 D hpplay-base: [REventUtils:197] handleREventThread thread end!!,tid is 5456
03-28 06:17:18.516 2896 5452 I hpplay-base: [mDNSEmbeded:140] embedded_mDNSLoop Exiting end,tid is 5452
03-28 06:17:18.516 2896 5478 D hpplay-base: [mDNSEmbeded:452] stopmDNSServer end stopmDNSNow=2, nRet=0
03-28 06:17:18.564 2896 5441 D hpplay-base: [stream_mirror_compat:1284] mirror stream begin to exit,server fd:147,thread_id:3103207872!!
03-28 06:17:18.564 2896 5441 D hpplay-base: [stream_mirror_compat:1323] ##screen stream exit successfully!!##
03-28 06:17:18.655 2896 5453 I hpplay-base: [mDNSEmbeded:376] end lelink publish server, tid is 5453
03-28 06:17:18.656 2896 5478 D hpplay-base: [mDNSEmbeded:420] stopmLelinkServer end nRet=0
03-28 06:17:18.657 2896 5478 D hpplay-base: [LelinkBase:615] lebodlna stopServerThreadFunc dlnaEnable:1
03-28 06:17:18.657 2896 5478 D hpplay-base-dlna: [lebodlna_api:49] stop DMR
03-28 06:17:18.657 2896 5478 D hpplay-base-dlna: [lebodlna_api:344] m_pRender Release
03-28 06:17:18.667 2896 5440 D hpplay-base: [Server:447] startHttpServer will END srv->serverType:0
03-28 06:17:18.667 2896 5440 D hpplay-base: [Server:646] startHttpServer cond srv_shutdown:1 connectNummber:0
03-28 06:17:18.667 2896 5440 D hpplay-base: [Server:669] startHttpServer wait cond END. srv_shutdown:1 connectNummber:0
03-28 06:17:18.667 2896 5440 D hpplay-base: [Server:457] HttpServer END, tid is 5440
03-28 06:17:18.715 2896 5478 D hpplay-base-dlna: [UpnpDefine:867] DMRender release success
03-28 06:17:18.715 2896 5478 D hpplay-base-dlna: [lebodlna_api:352] m_pAVT Release
03-28 06:17:18.715 2896 5478 D hpplay-base-dlna: [lebodlna_api:360] m_pRCS Release
03-28 06:17:18.715 2896 5478 D hpplay-base-dlna: [lebodlna_api:365] dmrender destroydmr
03-28 06:17:19.015 2896 5478 D hpplay-base-dlna: [lebodlna-dlna_android:186] stopDLNA
03-28 06:17:19.015 2896 5478 D hpplay-base-dlna: [lebodlna-dlna_android:189] dlnaservice destroy
03-28 06:17:19.015 2896 5478 D hpplay-base-dlna: [lebodlna-dlna_android:49] dlnaservice Destroy 49 int CDlnaService::Destroy()
03-28 06:17:19.015 2896 5478 D hpplay-base-dlna: [lebodlna-dlnaframe:245] dlnaservice Destroy 245 static ERROR_TYPE IDlnaFrame::DestroyDlnaFrame(IDlnaFrame *)
03-28 06:17:19.015 2896 5478 D hpplay-base-dlna: [lebodlna-dlnaframe:179] dlnaservice Destroy 179 virtual void CDlnaFrame::Release()
03-28 06:17:19.015 2896 5478 D hpplay-base-dlna: [lebodlna-dlnaframe:190] dlnaservice Destroy 190 virtual void CDlnaFrame::Release()
03-28 06:17:19.015 2896 5478 D hpplay-base-dlna: [lebodlna-dlnaframe:192] dlnaservice Destroy 192 virtual void CDlnaFrame::Release()
03-28 06:17:19.015 2896 5478 D hpplay-base-dlna: [lebodlna-dlnaframe:247] dlnaservice Destroy 247 static ERROR_TYPE IDlnaFrame::DestroyDlnaFrame(IDlnaFrame *)
03-28 06:17:19.015 2896 5478 D hpplay-base-dlna: [lebodlna-dlnaframe:251] dlnaservice Destroy 251 static ERROR_TYPE IDlnaFrame::DestroyDlnaFrame(IDlnaFrame *)
03-28 06:17:19.017 2896 5478 E hpplay-base-dlna: upnpapi.c:655::before gminiserver ThreadPoolShutdown
03-28 06:17:19.017 2896 5478 E hpplay-base-dlna: ThreadPool.c:1047::on ThreadPoolShutdown tp->totalThreads:2
03-28 06:17:19.017 2896 5478 E hpplay-base-dlna: ThreadPool.c:1056::after ThreadPoolShutdown
03-28 06:17:19.017 2896 5478 E hpplay-base-dlna: ThreadPool.c:1057::ThreadPoolShutdown tp->totalThreads:0
03-28 06:17:19.017 2896 5478 E hpplay-base-dlna: upnpapi.c:657::after gminiserver ThreadPoolShutdown
03-28 06:17:19.017 2896 5478 E hpplay-base-dlna: upnpapi.c:659::before grecv ThreadPoolShutdown
03-28 06:17:19.017 2896 5478 E hpplay-base-dlna: ThreadPool.c:1047::on ThreadPoolShutdown tp->totalThreads:12
03-28 06:17:19.018 2896 5478 E hpplay-base-dlna: ThreadPool.c:1047::on ThreadPoolShutdown tp->totalThreads:3
03-28 06:17:19.020 2896 5478 E hpplay-base-dlna: ThreadPool.c:1047::on ThreadPoolShutdown tp->totalThreads:2
03-28 06:17:19.020 2896 5478 E hpplay-base-dlna: ThreadPool.c:1047::on ThreadPoolShutdown tp->totalThreads:1
03-28 06:17:19.020 2896 5478 E hpplay-base-dlna: ThreadPool.c:1056::after ThreadPoolShutdown
03-28 06:17:19.020 2896 5478 E hpplay-base-dlna: ThreadPool.c:1057::ThreadPoolShutdown tp->totalThreads:0
03-28 06:17:19.020 2896 5478 E hpplay-base-dlna: upnpapi.c:661::after grecv ThreadPoolShutdown
03-28 06:17:19.020 2896 5478 E hpplay-base-dlna: upnpapi.c:663::before gsend ThreadPoolShutdown
03-28 06:17:19.020 2896 5478 E hpplay-base-dlna: ThreadPool.c:1047::on ThreadPoolShutdown tp->totalThreads:3
03-28 06:17:19.020 2896 5478 E hpplay-base-dlna: ThreadPool.c:1047::on ThreadPoolShutdown tp->totalThreads:1
03-28 06:17:19.021 2896 5478 E hpplay-base-dlna: ThreadPool.c:1056::after ThreadPoolShutdown
03-28 06:17:19.021 2896 5478 E hpplay-base-dlna: ThreadPool.c:1057::ThreadPoolShutdown tp->totalThreads:0
03-28 06:17:19.021 2896 5478 E hpplay-base-dlna: upnpapi.c:665::after gsend ThreadPoolShutdown
03-28 06:17:19.021 2896 5478 D hpplay-base-dlna: [lebodlna-dlnaframe:253] dlnaservice Destroy 253 static ERROR_TYPE IDlnaFrame::DestroyDlnaFrame(IDlnaFrame *)
03-28 06:17:19.021 2896 5478 D hpplay-base-dlna: [lebodlna-dlna_android:51] dlnaservice Destroy 51 int CDlnaService::Destroy()
03-28 06:17:19.021 2896 5478 D hpplay-base-dlna: [lebodlna-dlna_android:194] stopDLNA end
03-28 06:17:19.235 649 663 I mpu_uart: [MSG-P:RECV]:No message received in 1000 ms
03-28 06:17:19.321 2896 5478 D hpplay-base: [stream_mirror_compat:1489] request to stop screen stream session!!
03-28 06:17:19.321 2896 5478 D hpplay-base: [AEventUtils:625] begin to stop event handle service!!
03-28 06:17:19.321 2896 5478 D hpplay-base: [AEventUtils:628] stop event handle service ok!!
03-28 06:17:19.322 2896 5478 D hpplay-base: [REventUtils:231] begin to stop report handle service!!
03-28 06:17:19.322 2896 5478 D hpplay-base: [REventUtils:234] stop report handle service ok!!
03-28 06:17:19.322 2896 5478 D hpplay-base: [lelinkSinkServer:711] HTTP Server stopSinkServer End .
03-28 06:17:19.322 2896 5478 D hpplay-base: [jniBridge:1135] notifyJavaServerStoped
03-28 06:17:19.322 2896 5478 D hpplay-base: [jniBridge:1726] notifyJava, what:202, castType:0, mimeType:0 baseStatus:4
03-28 06:17:19.322 2896 5478 D hpplay-base: [jniBridge:1727] notifyJava sessionID:(null)
03-28 06:17:19.323 2896 5478 I hpplay-java: [Thread-113]:Bridge:notify: what: 202
03-28 06:17:19.324 2896 5478 I hpplay-java: [Thread-113]:Bridge:notify: out: OutParameters:{audioSessionId=-1, audiotrackIndex=0, castHandleType=-1, castType=0, deviceName='', dlnaName='', dramaID='', extra=0, frameHandleType=-1, handleInside=true, headduration=0, header='', headers=null, isAD=false, isMultiMirror=false, lelinkVer='', limitTime=0, , mediaAlbum='null', mediaAlbumArtURI='', mediaArtist='null', mediaAssets='', mediaTitle='null', mimeType=0, multiSession=null, period=0, pinCode='', playSpeed=0.0, playerChoice=0, plugin=0, port=0, position=0.0, positionUnit=2, protocol=0, realSessionID='', regType='', , sinkIp='', sourceAPPVersion='', sourceChannel='', sourceClientInfo='', sourceDeviceInfo='', sourceDeviceModel='', sourceDeviceName='', sourceDeviceType=0, sourceHID='', , sourceInfo='', , , sourceOSVersion='', sourceSDKVersion='', sourceUid='', stopDetail=0, stopReason=0, tailduration=0, url='', urlID='', urls=null, userAgent='', videoDecoder=0, volume=0, what=202}com.hpplay.sdk.sink.protocol.OutParameters@6f4b3c9
03-28 06:17:19.324 2896 5478 I hpplay-java: [Thread-113]:Bridge:notify: address:191757006
03-28 06:17:19.324 2896 5478 D hpplay-base: [LelinkBase:645] stopServerThreadFunc notifyJavaServerStoped!
03-28 06:17:19.324 2896 2896 I hpplay-java: [main]:ServerTaskManager:startTimeOutCheck
03-28 06:17:19.324 2896 2896 I hpplay-java: [main]:ServerBusiness:stopDaemonBusiness
03-28 06:17:19.324 2896 2896 I hpplay-java: [main]:SinkDataReport:logout
03-28 06:17:19.325 2896 2896 I hpplay-java: [main]:EPControl:release
03-28 06:17:19.327 2896 3863 I hpplay-java: [AsyncTask #13]:GlideCreator:clearCache clearDiskCache
03-28 06:17:19.330 2896 5435 W hpplay-java: NanoHTTPDServerRunnable:Communication with the client broken
03-28 06:17:19.330 2896 5435 W hpplay-java: java.net.SocketException: Socket closed
03-28 06:17:19.330 2896 5435 W hpplay-java: at java.net.PlainSocketImpl.socketAccept(PlainSocketImpl.java:213)
03-28 06:17:19.330 2896 5435 W hpplay-java: at java.net.AbstractPlainSocketImpl.accept(AbstractPlainSocketImpl.java:451)
03-28 06:17:19.330 2896 5435 W hpplay-java: at java.net.ServerSocket.implAccept(ServerSocket.java:547)
03-28 06:17:19.330 2896 5435 W hpplay-java: at java.net.ServerSocket.accept(ServerSocket.java:515)
03-28 06:17:19.330 2896 5435 W hpplay-java: at com.hpplay.nanohttpd.protocols.http.ServerRunnable.run(SourceFile:118)
03-28 06:17:19.330 2896 5435 W hpplay-java: at java.lang.Thread.run(Thread.java:920)
03-28 06:17:19.330 2896 5435 I hpplay-java: NanoHTTPDNanoHTTPD:server is stoped
03-28 06:17:19.330 2896 2896 I hpplay-java: [main]:Dispatcher:notifyAllReverseControlsStop
03-28 06:17:19.330 2896 5435 I hpplay-java: NanoHTTPDNanoHTTPD:clear obj
03-28 06:17:19.331 2896 2896 I hpplay-java: [main]:Preference:checkFeature none
03-28 06:17:19.331 2896 2896 I hpplay-java: [main]:Dispatcher:notifyAllUIControlsStop set: []
03-28 06:17:19.331 2896 2896 I hpplay-java: [main]:Bridge:findServiceID start out: 191757006
03-28 06:17:19.331 2896 2896 I hpplay-java: [main]:Bridge:findServiceID end
03-28 06:17:19.331 2896 2896 I hpplay-java: [main]:ServerTaskManager:onStop retry:true
03-28 06:17:19.331 2896 2896 I hpplay-java: [main]:ServerTaskManager:cancelTimeOutCheck
03-28 06:17:19.332 2896 2896 I hpplay-java: [main]:IPManager:getActiveNets type: WIFI
03-28 06:17:19.332 2896 2896 I hpplay-java: [main]:IPManager:getActiveNets eth0:false wifi:true mobile:false ap:false
03-28 06:17:19.332 2896 2896 I hpplay-java: [main]:IPManager:getIPAddress IP_WLAN0
03-28 06:17:19.338 2896 2896 I hpplay-java: [main]:IPManager:updateIPAddress getIPAddress: 192.168.4.16 name:vlan4
03-28 06:17:19.338 2896 2896 I hpplay-java: [main]:IPManager:updateIPAddress getIPAddress: 10.0.0.129 name:wlan0
03-28 06:17:19.338 2896 2896 I hpplay-java: [main]:IPManager:updateIPAddress getIPAddress: 192.168.8.16 name:vlan8
03-28 06:17:19.338 2896 2896 I hpplay-java: [main]:IPManager:updateIPAddress getIPAddress: 192.168.11.16 name:vlan11
03-28 06:17:19.338 2896 2896 I hpplay-java: [main]:IPManager:updateIPAddress getIPAddress: 192.168.0.16 name:vlan0
03-28 06:17:19.338 2896 2896 I hpplay-java: [main]:IPManager:updateIPAddress getIPAddress: 192.168.2.16 name:vlan2
03-28 06:17:19.338 2896 2896 I hpplay-java: [main]:IPManager:updateIPAddress getIPAddress: 192.168.1.16 name:vlan1
03-28 06:17:19.339 2896 2896 I hpplay-java: [main]:ServerTaskManager:exeTask startServer
03-28 06:17:19.339 2896 3831 I hpplay-java: [AsyncTask #1]:ServerBusiness:startDaemonBusiness
03-28 06:17:19.339 2896 2896 I hpplay-java: [main]:ServerTaskManager:startTimeOutCheck
03-28 06:17:19.339 2896 3831 I hpplay-java: [AsyncTask #1]:TimeOutCheckUtil:addTask id:upgrade
03-28 06:17:19.339 2896 3831 I hpplay-java: [AsyncTask #1]:TimeOutCheckUtil:addTask id:ijkupgrade
03-28 06:17:19.340 2896 3851 I hpplay-java: [AsyncTask #4]:Bridge:assembleInParameters
03-28 06:17:19.340 2896 3851 I hpplay-java: [AsyncTask #4]:Bridge:createDeviceId deviceId:Nzc6OTA6MDY6MmM6ZWM6MTU=
03-28 06:17:19.341 2896 3851 I hpplay-java: [AsyncTask #4]:IPManager:getActiveNets type: WIFI
03-28 06:17:19.341 2896 3851 I hpplay-java: [AsyncTask #4]:IPManager:getActiveNets eth0:false wifi:true mobile:false ap:false
03-28 06:17:19.341 2896 3851 I hpplay-java: [AsyncTask #4]:IPManager:getIPAddress IP_WLAN0
03-28 06:17:19.341 2896 3851 I hpplay-java: [AsyncTask #4]:Preference:checkFeature none
03-28 06:17:19.341 2896 3851 I hpplay-java: [AsyncTask #4]:SWI:dlna tip
03-28 06:17:19.341 2896 3851 I hpplay-java: [AsyncTask #4]:SWI:lefp tip
03-28 06:17:19.341 2896 3851 I hpplay-java: [AsyncTask #4]:Bridge:assembleInParameters none alias name use device name: 高合娱乐副屏
03-28 06:17:19.341 2896 3851 I hpplay-java: [AsyncTask #4]:Feature:isSendAdvertisement
03-28 06:17:19.341 2896 3851 I hpplay-java: [AsyncTask #4]:Preference:checkFeature none
03-28 06:17:19.342 2896 3851 I hpplay-java: [AsyncTask #4]:Preference:checkFeature none
03-28 06:17:19.342 2896 3851 I hpplay-java: [AsyncTask #4]:Bridge:backupHpplayDat bakPath:
03-28 06:17:19.342 2896 3851 I hpplay-java: [AsyncTask #4]:Bridge:path:/data/user/0/com.hht.lebocast/files/hpplay/file/happyplay.dat
03-28 06:17:19.342 2896 3851 I hpplay-java: [AsyncTask #4]:Bridge:mAppId:21409
03-28 06:17:19.342 2896 3851 I hpplay-java: [AsyncTask #4]:Bridge:mode:3
03-28 06:17:19.342 2896 3851 I hpplay-java: [AsyncTask #4]:Bridge:type:1
03-28 06:17:19.342 2896 3851 I hpplay-java: [AsyncTask #4]:Bridge:SN:
03-28 06:17:19.342 2896 3851 I hpplay-java: [AsyncTask #4]:Preference:checkFeature none
03-28 06:17:19.342 2896 3851 I hpplay-java: [AsyncTask #4]:Bridge:backPath:
03-28 06:17:19.342 2896 3851 I hpplay-java: [AsyncTask #4]:DeviceUtil:getPermissionDid: 1
03-28 06:17:19.342 2896 3851 I hpplay-java: [AsyncTask #4]:DeviceUtil:getPermissionDid: 1
03-28 06:17:19.342 2896 3851 I hpplay-java: [AsyncTask #4]:BPIFileUtil:getMd5ByFile: 0FA04FD08975C81CDD9275F6AE23A020
03-28 06:17:19.342 2896 3851 I hpplay-java: [AsyncTask #4]:Preference:checkFeature none
03-28 06:17:19.342 2896 3851 I hpplay-java: [AsyncTask #4]:Preference:checkFeature none
03-28 06:17:19.342 2896 3851 I hpplay-java: [AsyncTask #4]:Preference:checkFeature none
