03-28 06:13:38.513 1124 2122 D CompatibilityChangeReporter: Compat change id reported: 182734110; UID 10091; state: DISABLED
01-01 08:01:12.833 0 0 I IRQ 5 : no longer affine to CPU7
03-28 06:13:38.584 1124 2122 D CompatibilityChangeReporter: Compat change id reported: 172100307; UID 10091; state: DISABLED
03-28 06:13:38.686 1124 2122 E PackageDexUsage: Unsupported context?
03-28 06:13:38.702 1124 2122 D CompatibilityChangeReporter: Compat change id reported: 171306433; UID 10025; state: DISABLED
03-28 06:13:38.718 3262 3508 E ActivityThread: Failed to find provider info for telephony
03-28 06:13:38.780 1124 2152 W ActivityTaskManager: Current config: {1.0 ?mcc?mnc [zh_CN] ldltr sw720dp w1706dp h652dp 240dpi lrg long hdr land finger -keyb/v/h -nav/h winConfig={ mBounds=Rect(0, 0 - 2560, 1080) mAppBounds=Rect(0, 0 - 2560, 1014) mMaxBounds=Rect(0, 0 - 2560, 1080) mWindowingMode=fullscreen mDisplayWindowingMode=fullscreen mActivityType=undefined mAlwaysOnTop=undefined mRotation=ROTATION_0} s.10 fontWeightAdjustment=0} unchanged for IME proc com.baidu.input
03-28 06:13:38.780 1124 2152 W ActivityTaskManager: Current config: {1.0 ?mcc?mnc [zh_CN] ldltr sw720dp w1706dp h652dp 240dpi lrg long hdr land finger -keyb/v/h -nav/h winConfig={ mBounds=Rect(0, 0 - 2560, 1080) mAppBounds=Rect(0, 0 - 2560, 1014) mMaxBounds=Rect(0, 0 - 2560, 1080) mWindowingMode=fullscreen mDisplayWindowingMode=fullscreen mActivityType=undefined mAlwaysOnTop=undefined mRotation=ROTATION_0} s.10 fontWeightAdjustment=0} unchanged for IME proc com.baidu.input
03-28 06:13:38.866 1124 1124 D CompanionDeviceManagerService: onDeviceConnected(address = 5C:FB:7C:39:04:0D)
03-28 06:13:38.867 1124 1124 I CompanionDeviceManagerService: onDeviceNearby(justAppeared, address = 5C:FB:7C:39:04:0D)
01-01 08:01:13.138 0 0 I IRQ 5 : no longer affine to CPU6
03-28 06:13:38.945 1124 1124 I Telecom : BluetoothStateReceiver: Device 5C:FB:7C:39:04:0D changed state to 1: BSR.oR@AA8
03-28 06:13:39.034 3262 3526 W PackageParser: No actions in intent filter at /system/priv-app/baidu_ime-mainLine-release/baidu_ime-mainLine-release.apk Binary XML file line #1529
03-28 06:13:39.136 1124 1124 W Looper : Slow dispatch took 102ms main h=android.app.ActivityThread$H c=android.app.LoadedApk$ReceiverDispatcher$Args$$ExternalSyntheticLambda0@b3d64a8 m=0
03-28 06:13:39.136 1124 1124 I Telecom : BluetoothStateReceiver: Device 5C:FB:7C:39:04:0D is now the preferred BT device for HFP: BSR.oR@ABA
03-28 06:13:39.136 1124 1124 I Telecom : BluetoothStateReceiver: Device 5C:FB:7C:39:04:0D changed state to 2: BSR.oR@ABE
03-28 06:13:39.136 1124 2591 I Telecom : CallAudioRouteStateMachine: Message received: BT_ACTIVE_DEVICE_PRESENT=8, arg1=0: BSR.oR->CARSM.pM_BT_ACTIVE_DEVICE_PRESENT@ABA
03-28 06:13:39.136 1124 2591 I Telecom : QuiescentEarpieceRoute: Processing message BT_ACTIVE_DEVICE_PRESENT: BSR.oR->CARSM.pM_BT_ACTIVE_DEVICE_PRESENT@ABA
03-28 06:13:39.136 1124 1124 W Telecom : BluetoothDeviceManager: Headset service null when receiving device added broadcast: BSR.oR@ABE
03-28 06:13:39.137 1124 2591 I Telecom : Logging.Events: Non-call EVENT: AUDIO_ROUTE, Bluetooth active device present: BSR.oR->CARSM.pM_BT_ACTIVE_DEVICE_PRESENT@ABA
03-28 06:13:39.137 1124 2591 I Telecom : CallAudioRouteStateMachine: Message received: SWITCH_BLUETOOTH=1002, arg1=0: BSR.oR->CARSM.pM_BT_ACTIVE_DEVICE_PRESENT->CARSM.pM_SWITCH_BLUETOOTH@ABA
03-28 06:13:39.137 1124 2591 I Telecom : QuiescentEarpieceRoute: Processing message SWITCH_BLUETOOTH: BSR.oR->CARSM.pM_BT_ACTIVE_DEVICE_PRESENT->CARSM.pM_SWITCH_BLUETOOTH@ABA
03-28 06:13:39.137 1124 2591 W Telecom : QuiescentEarpieceRoute: Ignoring switch to bluetooth command. Not available.: BSR.oR->CARSM.pM_BT_ACTIVE_DEVICE_PRESENT->CARSM.pM_SWITCH_BLUETOOTH@ABA
03-28 06:13:39.141 1124 1124 I Telecom : WiredHeadsetManager: ACTION_HEADSET_PLUG event, plugged in: false, : WHC.oADA@ABI
01-01 08:01:13.661 0 0 E DTC_ETH,link_delay_work_func: 3003, SQI=0, link=0
03-28 06:13:39.464 1124 2923 I MicroServiceManager: requestResult(setVolume) parameters is{"functionInfo":{"IDCM_VolumeValue_Media":"12"}}.
03-28 06:13:39.911 1124 2137 W ActivityManager: Receiver with filter android.content.IntentFilter@36d9731 already registered for pid 3262, callerPackage is com.baidu.input
01-01 08:01:14.288 0 0 W cnss-daemon: DMS thread joined succesfully
01-01 08:01:14.288 0 0 W cnss-daemon: wlfw_stop: Stop done: 0
01-01 08:01:14.288 0 0 W cnss-daemon: wlfw_start: Starting
01-01 08:01:14.289 0 0 W cnss-daemon: wlfw_service_request: Start the pthread: 0x0K
01-01 08:01:14.292 0 0 W cnss-daemon: ro.baseband : [apq]
01-01 08:01:14.292 0 0 W cnss-daemon: Hardware supports external modem
01-01 08:01:14.304 0 0 W cnss-daemon: pm_release_vote: pm_handle is NULL
01-01 08:01:14.312 0 0 D cnss : Received QMI WLFW request memory indication
01-01 08:01:14.312 0 0 D cnss : FW requests for memory, size: 0x5e0000, type: 1
01-01 08:01:14.312 0 0 D cnss : FW requests for memory, size: 0xd8000, type: 4
01-01 08:01:14.312 0 0 D cnss : Posting event: REQUEST_MEM(2), state: 0x11 flags: 0x0
01-01 08:01:14.312 0 0 D cnss : PM stay awake, state: 0x11, count: 1
01-01 08:01:14.312 0 0 D cnss : PM relax, state: 0x11, count: 0
01-01 08:01:14.312 0 0 D cnss : PM stay awake, state: 0x11, count: 1
01-01 08:01:14.312 0 0 D cnss : Processing driver event: REQUEST_MEM(2), state: 0x11
01-01 08:01:14.312 0 0 D cnss : Sending respond memory message, state: 0x11
01-01 08:01:14.312 0 0 D cnss : Memory for FW, va: 0x0000000000000000, pa: 0x00000000a1000000, size: 0x5e0000, type: 1
01-01 08:01:14.312 0 0 D cnss : Memory for FW, va: 0x0000000000000000, pa: 0x00000000a1600000, size: 0xd8000, type: 4
01-01 08:01:14.316 0 0 D cnss : PM relax, state: 0x11, count: 0
01-01 08:01:14.317 0 0 D cnss : Received QMI WLFW FW memory ready indication
01-01 08:01:14.317 0 0 D cnss : Posting event: FW_MEM_READY(3), state: 0x11 flags: 0x0
01-01 08:01:14.317 0 0 D cnss : PM stay awake, state: 0x11, count: 1
01-01 08:01:14.317 0 0 D cnss : PM relax, state: 0x11, count: 0
01-01 08:01:14.317 0 0 D cnss : PM stay awake, state: 0x11, count: 1
01-01 08:01:14.317 0 0 D cnss : Processing driver event: FW_MEM_READY(3), state: 0x11
01-01 08:01:14.317 0 0 D cnss : Sending target capability message, state: 0x13
01-01 08:01:14.328 0 0 D cnss : Voltage for CPR: 948mV
01-01 08:01:14.328 0 0 D cnss : Update TCS CMD data address 0x000000000b2e5844 with voltage 950mV
01-01 08:01:14.328 0 0 D cnss : Device frequency is 24000000 HZ
01-01 08:01:14.328 0 0 D cnss : Target capability: chip_id: 0x0, chip_family: 0xb, board_id: 0xff, soc_id: 0xffffffff, fw_version: 0x101a0521, fw_build_timestamp: 2021-12-20 07:54, fw_build_id: QC_IMAGE_VERSION_STRING=WLAN.HST.1.0.1.r1-01313-QCAHSTSWPL_SILICONZ-1, otp_version: 0x0
01-01 08:01:14.328 0 0 D cnss : Sending BDF download message, state: 0x13, type: 4
01-01 08:01:14.329 0 0 D cnss : FW name added with prefix: qca6390/regdb.bin
01-01 08:01:14.329 0 0 W cnss2 b0000000.qcom,cnss-qca6390: Falling back to syfs fallback for: qca6390/regdb.bin
01-01 08:01:14.340 0 0 I ueventd : firmware: loading 'qca6390/regdb.bin' for '/devices/platform/soc/b0000000.qcom,cnss-qca6390/firmware/qca6390!regdb.bin'
01-01 08:01:14.342 0 0 E ueventd : firmware: could not find firmware for qca6390/regdb.bin
01-01 08:01:14.349 0 0 E ueventd : firmware: attempted /etc/firmware/qca6390/regdb.bin, open failed: No such file or directory
01-01 08:01:14.359 0 0 E ueventd : firmware: attempted /odm/firmware/qca6390/regdb.bin, open failed: No such file or directory
01-01 08:01:14.370 0 0 E ueventd : firmware: attempted /vendor/firmware/qca6390/regdb.bin, open failed: No such file or directory
01-01 08:01:14.381 0 0 E ueventd : firmware: attempted /firmware/image/qca6390/regdb.bin, open failed: No such file or directory
01-01 08:01:14.393 0 0 E ueventd : firmware: attempted /vendor/firmware_mnt/image/qca6390/regdb.bin, open failed: No such file or directory
01-01 08:01:14.404 0 0 I ueventd : loading /devices/platform/soc/b0000000.qcom,cnss-qca6390/firmware/qca6390!regdb.bin took 64ms
01-01 08:01:14.405 0 0 E cnss : Failed to load BDF: qca6390/regdb.bin
01-01 08:01:14.410 0 0 D cnss : Sending BDF download message, state: 0x13, type: 1
01-01 08:01:14.410 0 0 D cnss : FW name added with prefix: qca6390/bdwlan.elf
01-01 08:01:14.410 0 0 W cnss2 b0000000.qcom,cnss-qca6390: Falling back to syfs fallback for: qca6390/bdwlan.elf
01-01 08:01:14.420 0 0 I ueventd : firmware: loading 'qca6390/bdwlan.elf' for '/devices/platform/soc/b0000000.qcom,cnss-qca6390/firmware/qca6390!bdwlan.elf'
01-01 08:01:14.421 0 0 I ueventd : loading /devices/platform/soc/b0000000.qcom,cnss-qca6390/firmware/qca6390!bdwlan.elf took 1ms
01-01 08:01:14.421 0 0 D cnss : Downloading BDF: qca6390/bdwlan.elf, size: 57908
01-01 08:01:14.458 0 0 D cnss : Sending M3 information message, state: 0x13
01-01 08:01:14.458 0 0 D cnss : M3 memory, va: 0x0000000000000000, pa: 0x00000000a1800000, size: 0x411bc
01-01 08:01:14.463 0 0 D cnss : PM relax, state: 0x13, count: 0
01-01 08:01:14.464 0 0 D cnss : Received QMI WLFW FW initialization done indication
01-01 08:01:14.464 0 0 D cnss : Posting event: FW_READY(4), state: 0x13 flags: 0x0
01-01 08:01:14.464 0 0 D cnss : PM stay awake, state: 0x13, count: 1
01-01 08:01:14.464 0 0 D cnss : PM relax, state: 0x13, count: 0
01-01 08:01:14.464 0 0 D cnss : PM stay awake, state: 0x13, count: 1
01-01 08:01:14.464 0 0 D cnss : Processing driver event: FW_READY(4), state: 0x13
01-01 08:01:14.464 0 0 D cnss : PCIE Gen speed not setup
01-01 08:01:14.483 0 0 W : (NULL device *): Falling back to syfs fallback for: wlan/qca_cld/qca6390/WCNSS_qcom_cfg.ini
03-28 06:13:40.239 1124 2881 D CompatibilityChangeReporter: Compat change id reported: 135634846; UID 1000; state: DISABLED
03-28 06:13:40.240 1124 2881 D CompatibilityChangeReporter: Compat change id reported: 177438394; UID 1000; state: DISABLED
03-28 06:13:40.240 1124 2881 D CompatibilityChangeReporter: Compat change id reported: 135772972; UID 1000; state: DISABLED
03-28 06:13:40.240 1124 2881 D CompatibilityChangeReporter: Compat change id reported: 135754954; UID 1000; state: ENABLED
01-01 08:01:14.499 0 0 I [kworke][0x1e6465c0][06:13:40.240983] wlan: [349:I:HDD] hdd_pm_qos_add_request: 9360: Set cpu_mask 0f for affine_cores
01-01 08:01:14.499 0 0 I [kworke][0x1e6466dd][06:13:40.240998] wlan: [349:I:HDD] hdd_pm_qos_add_request: 9362: Set cpu_mask 0f for affine_cores
01-01 08:01:14.499 0 0 D cnss : Sending ini sync request, state: 0x17, fw_log_mode: 1
03-28 06:13:40.248 1124 1544 I ActivityManager: Start proc 3593:com.android.localtransport/1000 for service {com.android.localtransport/com.android.localtransport.LocalTransportService}
01-01 08:01:14.503 0 0 I [kworke][0x1e65bf32][06:13:40.245590] wlan: [349:I:HIF] Initializing Runtime PM wakelock &sc->prevent_linkdown_lock
01-01 08:01:14.503 0 0 I [kworke][0x1e65c0e6][06:13:40.245612] wlan: [349:I:HIF] hif_pci_enable_bus: con_mode = 0x0, WLAN_SOC_device_id = 0x1101
01-01 08:01:14.503 0 0 I [kworke][0x1e65c1e3][06:13:40.245625] wlan: [349:I:HIF] hif_pci_enable_bus: hif_enable_pci done
01-01 08:01:14.503 0 0 I [kworke][0x1e65ca3d][06:13:40.245736] wlan: [349:I:HIF] *********** QCA6390 *************
01-01 08:01:14.503 0 0 I [kworke][0x1e65cabc][06:13:40.245743] wlan: [349:I:HIF] hif_pci_enable_bus: hif_type = 0x12, target_type = 0x17
01-01 08:01:14.503 0 0 I [kworke][0x1e65cb43][06:13:40.245750] wlan: [349:I:HIF] hif_register_tbl_attach: HIF_TYPE_QCA6390
01-01 08:01:14.503 0 0 I [kworke][0x1e65cbbe][06:13:40.245756] wlan: [349:I:HIF] hif_target_register_tbl_attach: TARGET_TYPE_QCA6390
01-01 08:01:14.503 0 0 I [kworke][0x1e65cc2d][06:13:40.245762] wlan: [349:I:HIF] hif_pci_enable_bus:Skip tgt_wake up for srng devices
01-01 08:01:14.504 0 0 E [kworke][0x1e65e9d7][06:13:40.246158] wlan: [349:E:TXRX] hif_print_hal_shadow_register_cfg: num_config 28
01-01 08:01:14.515 0 0 I [kworke][0x1e6952f5][06:13:40.257800] wlan: [349:I:TXRX] hif_print_hal_shadow_register_cfg: i 0, val a3b034
01-01 08:01:14.515 0 0 I [kworke][0x1e6953be][06:13:40.257810] wlan: [349:I:TXRX] hif_print_hal_shadow_register_cfg: i 1, val a3b03c
01-01 08:01:14.515 0 0 I [kworke][0x1e69542b][06:13:40.257815] wlan: [349:I:TXRX] hif_print_hal_shadow_register_cfg: i 2, val a3b044
01-01 08:01:14.515 0 0 I [kworke][0x1e695497][06:13:40.257821] wlan: [349:I:TXRX] hif_print_hal_shadow_register_cfg: i 3, val a3b04c
01-01 08:01:14.515 0 0 I [kworke][0x1e695501][06:13:40.257826] wlan: [349:I:TXRX] hif_print_hal_shadow_register_cfg: i 4, val a3b054
01-01 08:01:14.515 0 0 I [kworke][0x1e695568][06:13:40.257832] wlan: [349:I:TXRX] hif_print_hal_shadow_register_cfg: i 5, val a3b028
01-01 08:01:14.515 0 0 I [kworke][0x1e6955cc][06:13:40.257837] wlan: [349:I:TXRX] hif_print_hal_shadow_register_cfg: i 6, val a3b020
01-01 08:01:14.515 0 0 I [kworke][0x1e695631][06:13:40.257842] wlan: [349:I:TXRX] hif_print_hal_shadow_register_cfg: i 7, val a3b06c
01-01 08:01:14.515 0 0 I [kworke][0x1e695696][06:13:40.257848] wlan: [349:I:TXRX] hif_print_hal_shadow_register_cfg: i 8, val a46000
01-01 08:01:14.515 0 0 I [kworke][0x1e6956fd][06:13:40.257853] wlan: [349:I:TXRX] hif_print_hal_shadow_register_cfg: i 9, val a46008
01-01 08:01:14.515 0 0 I [kworke][0x1e695766][06:13:40.257858] wlan: [349:I:TXRX] hif_print_hal_shadow_register_cfg: i 10, val a46010
01-01 08:01:14.515 0 0 I [kworke][0x1e6957cb][06:13:40.257864] wlan: [349:I:TXRX] hif_print_hal_shadow_register_cfg: i 11, val a46018
01-01 08:01:14.515 0 0 I [kworke][0x1e69582e][06:13:40.257869] wlan: [349:I:TXRX] hif_print_hal_shadow_register_cfg: i 12, val a46034
01-01 08:01:14.515 0 0 I [kworke][0x1e695891][06:13:40.257874] wlan: [349:I:TXRX] hif_print_hal_shadow_register_cfg: i 13, val a370b0
01-01 08:01:14.515 0 0 I [kworke][0x1e6958f5][06:13:40.257879] wlan: [349:I:TXRX] hif_print_hal_shadow_register_cfg: i 14, val a37018
01-01 08:01:14.515 0 0 I [kworke][0x1e695958][06:13:40.257884] wlan: [349:I:TXRX] hif_print_hal_shadow_register_cfg: i 15, val a370c4
01-01 08:01:14.515 0 0 I [kworke][0x1e6959bb][06:13:40.257889] wlan: [349:I:TXRX] hif_print_hal_shadow_register_cfg: i 16, val a370cc
01-01 08:01:14.515 0 0 I [kworke][0x1e695a1f][06:13:40.257895] wlan: [349:I:TXRX] hif_print_hal_shadow_register_cfg: i 17, val a370d4
01-01 08:01:14.515 0 0 I [kworke][0x1e695c01][06:13:40.257920] wlan: [349:I:TXRX] hif_print_hal_shadow_register_cfg: i 18, val a370dc
01-01 08:01:14.515 0 0 I [kworke][0x1e695c6f][06:13:40.257926] wlan: [349:I:TXRX] hif_print_hal_shadow_register_cfg: i 19, val a00400
01-01 08:01:14.515 0 0 I [kworke][0x1e695dd4][06:13:40.257944] wlan: [349:I:TXRX] hif_print_hal_shadow_register_cfg: i 20, val a03400
01-01 08:01:14.515 0 0 I [kworke][0x1e695e4a][06:13:40.257950] wlan: [349:I:TXRX] hif_print_hal_shadow_register_cfg: i 21, val a0340c
01-01 08:01:14.515 0 0 I [kworke][0x1e695eb8][06:13:40.257956] wlan: [349:I:TXRX] hif_print_hal_shadow_register_cfg: i 22, val a05400
01-01 08:01:14.515 0 0 I [kworke][0x1e695f25][06:13:40.257962] wlan: [349:I:TXRX] hif_print_hal_shadow_register_cfg: i 23, val a0540c
01-01 08:01:14.515 0 0 I [kworke][0x1e695f98][06:13:40.257968] wlan: [349:I:TXRX] hif_print_hal_shadow_register_cfg: i 24, val a06400
01-01 08:01:14.516 0 0 I [kworke][0x1e695ffe][06:13:40.257973] wlan: [349:I:TXRX] hif_print_hal_shadow_register_cfg: i 25, val a08400
01-01 08:01:14.516 0 0 I [kworke][0x1e696065][06:13:40.257978] wlan: [349:I:TXRX] hif_print_hal_shadow_register_cfg: i 26, val a0b400
01-01 08:01:14.516 0 0 I [kworke][0x1e6960c9][06:13:40.257984] wlan: [349:I:TXRX] hif_print_hal_shadow_register_cfg: i 27, val a0b40c
01-01 08:01:14.516 0 0 D cnss : Mode: 0, config: 0000000000000000, host_version: 5.2.022.10G
01-01 08:01:14.516 0 0 D cnss : Sending WLAN config message, state: 0x17
01-01 08:01:14.517 0 0 D cnss : Sending mode message, mode: MISSION(0), state: 0x17
01-01 08:01:14.521 0 0 I binder : 3593:3593 ioctl 40046210 7fc521bc34 returned -22
03-28 06:13:40.267 1124 2923 D CompatibilityChangeReporter: Compat change id reported: 168419799; UID 1000; state: DISABLED
01-01 08:01:14.542 0 0 D cnss : Received QMI WLFW pin connect result indication
01-01 08:01:14.542 0 0 D cnss : Pin connect Result: pwr_pin: 0x1 phy_io_pin: 0x0 rf_io_pin: 0x0
01-01 08:01:14.542 0 0 D cnss : Assign MSI to user: CE, num_vectors: 10, user_base_data: 803, base_vector: 3
01-01 08:01:14.542 0 0 I [kworke][0x1e711288][06:13:40.284247] wlan: [349:I:HIF] ce_srng_dest_ring_setup: ce_id 1
01-01 08:01:14.542 0 0 D cnss : Assign MSI to user: CE, num_vectors: 10, user_base_data: 803, base_vector: 3
01-01 08:01:14.542 0 0 I [kworke][0x1e711bd9][06:13:40.284371] wlan: [349:I:HIF] ce_srng_status_ring_setup: ce_id 1
01-01 08:01:14.542 0 0 D cnss : Assign MSI to user: CE, num_vectors: 10, user_base_data: 803, base_vector: 3
01-01 08:01:14.542 0 0 I [kworke][0x1e71228b][06:13:40.284460] wlan: [349:I:HIF] ce_srng_dest_ring_setup: ce_id 2
01-01 08:01:14.542 0 0 D cnss : Assign MSI to user: CE, num_vectors: 10, user_base_data: 803, base_vector: 3
01-01 08:01:14.542 0 0 I [kworke][0x1e7129da][06:13:40.284558] wlan: [349:I:HIF] ce_srng_status_ring_setup: ce_id 2
01-01 08:01:14.542 0 0 D cnss : Assign MSI to user: CE, num_vectors: 10, user_base_data: 803, base_vector: 3
01-01 08:01:14.542 0 0 D cnss : Assign MSI to user: CE, num_vectors: 10, user_base_data: 803, base_vector: 3
01-01 08:01:14.542 0 0 I [kworke][0x1e713c94][06:13:40.284807] wlan: [349:I:HIF] ce_srng_dest_ring_setup: ce_id 5
01-01 08:01:14.542 0 0 D cnss : Assign MSI to user: CE, num_vectors: 10, user_base_data: 803, base_vector: 3
01-01 08:01:14.542 0 0 I [kworke][0x1e714401][06:13:40.284906] wlan: [349:I:HIF] ce_srng_status_ring_setup: ce_id 5
01-01 08:01:14.542 0 0 D cnss : Assign MSI to user: CE, num_vectors: 10, user_base_data: 803, base_vector: 3
01-01 08:01:14.543 0 0 I [kworke][0x1e714b9b][06:13:40.285008] wlan: [349:I:HIF] hif_configure_irq: E
01-01 08:01:14.543 0 0 D cnss : Assign MSI to user: WAKE, num_vectors: 1, user_base_data: 813, base_vector: 13
01-01 08:01:14.543 0 0 D cnss : Get IRQ number 365 for vector index 13
01-01 08:01:14.543 0 0 D cnss : Assign MSI to user: CE, num_vectors: 10, user_base_data: 803, base_vector: 3
01-01 08:01:14.543 0 0 D cnss : Get IRQ number 355 for vector index 3
01-01 08:01:14.543 0 0 D cnss : Get IRQ number 356 for vector index 4
01-01 08:01:14.543 0 0 D cnss : Get IRQ number 357 for vector index 5
01-01 08:01:14.543 0 0 D cnss : Get IRQ number 358 for vector index 6
01-01 08:01:14.543 0 0 D cnss : Get IRQ number 360 for vector index 8
01-01 08:01:14.543 0 0 D cnss : Get IRQ number 361 for vector index 9
01-01 08:01:14.543 0 0 D cnss : Get IRQ number 363 for vector index 11
01-01 08:01:14.543 0 0 E [kworke][0x1e71676a][06:13:40.285379] wlan: [349:E:mlme] mlme_init_reg_cfg: 2374: null pdev
03-28 06:13:40.302 1124 1124 I TransportClient: LocalTransportService#0: Notifying [TransportManager.registerTransport()] transport = IBackupTransport
01-01 08:01:14.553 0 0 E [kworke][0x1e745ea1][06:13:40.295501] wlan: [349:E:WMI] WMI handle is NULL
03-28 06:13:40.306 1124 2881 D BackupTransportManager: Transport com.android.localtransport/.LocalTransportService registered
03-28 06:13:40.306 1124 2881 D BackupManagerService: [UserID:0] Transport com.android.localtransport/.LocalTransport registered 3088ms after first request (delay = 3000ms)
03-28 06:13:40.312 1124 2881 I BackupManagerService: [UserID:0] Found 8 stale backup journal(s), scheduling.
03-28 06:13:40.313 1124 2881 V BackupManagerConstants: getKeyValueBackupIntervalMilliseconds(...) returns 14400000
03-28 06:13:40.313 1124 2881 V BackupManagerConstants: getKeyValueBackupFuzzMilliseconds(...) returns 600000
03-28 06:13:40.313 1124 2881 V BackupManagerConstants: getKeyValueBackupRequiredNetworkType(...) returns 1
03-28 06:13:40.313 1124 2881 V BackupManagerConstants: getKeyValueBackupRequireCharging(...) returns true
03-28 06:13:40.313 1124 2881 V KeyValueBackupJob: Scheduling k/v pass in 247 minutes
01-01 08:01:14.561 0 0 I [kworke][0x1e76d03f][06:13:40.303843] wlan: [349:I:HIF] Initializing Runtime PM wakelock &p2p_soc_obj->roc_runtime_lock
01-01 08:01:14.561 0 0 D cnss : Platform cap_flag is 0x4
01-01 08:01:14.561 0 0 E [kworke][0x1e76d2e6][06:13:40.303878] wlan: [349:E:QDF] cds_get_context: 1486: Module ID 66 context is Null
03-28 06:13:40.321 1124 2881 I BackupManagerService: [UserID:0] Stale backup journals: Scheduled 8 package(s) total
01-01 08:01:14.575 0 0 E [kworke][0x1e7af156][06:13:40.317938] wlan: [349:E:QDF] cds_get_context: 1486: Module ID 66 context is Null
01-01 08:01:14.590 0 0 I [kworke][0x1e7f48ea][06:13:40.332759] wlan: [349:I:HIF] Initializing Runtime PM wakelock &psoc_wakelock->wmi_cmd_rsp_runtime_lock
01-01 08:01:14.591 0 0 F [kworke][0x1e7f9787][06:13:40.333807] wlan: [349:F:WMA] WMA --> wmi_unified_attach - success
01-01 08:01:14.602 0 0 I [kworke][0x1e829123][06:13:40.343962] wlan: [349:I:HIF] Initializing Runtime PM wakelock &vdev->vdev_set_key_runtime_wakelock
01-01 08:01:14.602 0 0 I [kworke][0x1e829f3f][06:13:40.344150] wlan: [349:I:HIF] Initializing Runtime PM wakelock &vdev->vdev_set_key_runtime_wakelock
01-01 08:01:14.602 0 0 I [kworke][0x1e82aae3][06:13:40.344305] wlan: [349:I:HIF] Initializing Runtime PM wakelock &vdev->vdev_set_key_runtime_wakelock
01-01 08:01:14.602 0 0 I [kworke][0x1e82b6d8][06:13:40.344464] wlan: [349:I:HIF] Initializing Runtime PM wakelock &vdev->vdev_set_key_runtime_wakelock
01-01 08:01:14.602 0 0 I [kworke][0x1e82c2fd][06:13:40.344626] wlan: [349:I:HIF] Initializing Runtime PM wakelock &vdev->vdev_set_key_runtime_wakelock
01-01 08:01:14.602 0 0 I [kworke][0x1e82cffa][06:13:40.344800] wlan: [349:I:HIF] Initializing Runtime PM wakelock &vdev->vdev_set_key_runtime_wakelock
01-01 08:01:14.603 0 0 I [kworke][0x1e82e26b][06:13:40.345045] wlan: [349:I:HIF] Initializing Runtime PM wakelock &wma_handle->wmi_cmd_rsp_runtime_lock
01-01 08:01:14.603 0 0 I [kworke][0x1e82e316][06:13:40.345054] wlan: [349:I:HIF] Initializing Runtime PM wakelock &wma_handle->sap_prevent_runtime_pm_lock
01-01 08:01:14.604 0 0 E [kworke][0x1e836f76][06:13:40.346926] wlan: [349:E:QDF] htc_wait_target: 684: Target Ready! TX resource : 1 size:2176, MaxMsgsPerHTCBundle = 1
01-01 08:01:14.619 0 0 E [kworke][0x1e879933][06:13:40.361136] wlan: [349:E:QDF] htc_setup_target_buffer_assignments: 576: SVS Index : 1 TX : 0x100 : alloc:1
01-01 08:01:14.632 0 0 D cnss : Assign MSI to user: DP, num_vectors: 18, user_base_data: 814, base_vector: 14
01-01 08:01:14.632 0 0 I [kworke][0x1e8b8cff][06:13:40.374626] wlan: [349:I:HIF] +hif_update_pipe_callback pipeid 5
01-01 08:01:14.632 0 0 I [kworke][0x1e8b8d2a][06:13:40.374629] wlan: [349:I:HIF] -hif_update_pipe_callback
01-01 08:01:14.632 0 0 D cnss : Assign MSI to user: DP, num_vectors: 18, user_base_data: 814, base_vector: 14
01-01 08:01:14.633 0 0 E [kworke][0x1e8bae3f][06:13:40.375070] wlan: [349:E:DP] dp_srng_get_str_from_hal_ring_type: 7726: Invalid ring type
01-01 08:01:14.644 0 0 D cnss : Assign MSI to user: DP, num_vectors: 18, user_base_data: 814, base_vector: 14
01-01 08:01:14.645 0 0 D cnss : Assign MSI to user: DP, num_vectors: 18, user_base_data: 814, base_vector: 14
01-01 08:01:14.645 0 0 D cnss : Assign MSI to user: DP, num_vectors: 18, user_base_data: 814, base_vector: 14
01-01 08:01:14.645 0 0 D cnss : Assign MSI to user: DP, num_vectors: 18, user_base_data: 814, base_vector: 14
01-01 08:01:14.645 0 0 D cnss : Assign MSI to user: DP, num_vectors: 18, user_base_data: 814, base_vector: 14
01-01 08:01:14.645 0 0 D cnss : Assign MSI to user: DP, num_vectors: 18, user_base_data: 814, base_vector: 14
01-01 08:01:14.645 0 0 D cnss : Assign MSI to user: DP, num_vectors: 18, user_base_data: 814, base_vector: 14
01-01 08:01:14.645 0 0 D cnss : Assign MSI to user: DP, num_vectors: 18, user_base_data: 814, base_vector: 14
01-01 08:01:14.645 0 0 I [kworke][0x1e8f5546][06:13:40.387537] wlan: [349:I:DP] dp_tx_soc_attach Tx Desc Alloc num_pool = 4, descs = 4096
01-01 08:01:14.645 0 0 I [kworke][0x1e8f66cc][06:13:40.387770] wlan: [349:I:DP] dp_tx_soc_attach MSDU Ext Desc Alloc 4, descs = 4096
01-01 08:01:14.646 0 0 I [kworke][0x1e8f8e34][06:13:40.388296] wlan: [349:I:DP] dp_tx_soc_attach HAL Tx init Success
01-01 08:01:14.646 0 0 D cnss : Assign MSI to user: DP, num_vectors: 18, user_base_data: 814, base_vector: 14
01-01 08:01:14.646 0 0 D cnss : Assign MSI to user: DP, num_vectors: 18, user_base_data: 814, base_vector: 14
01-01 08:01:14.646 0 0 I [kworke][0x1e8f9a0e][06:13:40.388454] wlan: [349:I:DP] dp_soc_cmn_setup: 3274: num_reo_dest_rings 4
01-01 08:01:14.646 0 0 D cnss : Assign MSI to user: DP, num_vectors: 18, user_base_data: 814, base_vector: 14
01-01 08:01:14.646 0 0 D cnss : Assign MSI to user: DP, num_vectors: 18, user_base_data: 814, base_vector: 14
01-01 08:01:14.646 0 0 D cnss : Assign MSI to user: DP, num_vectors: 18, user_base_data: 814, base_vector: 14
01-01 08:01:14.646 0 0 D cnss : Assign MSI to user: DP, num_vectors: 18, user_base_data: 814, base_vector: 14
01-01 08:01:14.646 0 0 D cnss : Assign MSI to user: DP, num_vectors: 18, user_base_data: 814, base_vector: 14
01-01 08:01:14.646 0 0 D cnss : Assign MSI to user: DP, num_vectors: 18, user_base_data: 814, base_vector: 14
01-01 08:01:14.646 0 0 D cnss : Assign MSI to user: DP, num_vectors: 18, user_base_data: 814, base_vector: 14
01-01 08:01:14.646 0 0 D cnss : Assign MSI to user: DP, num_vectors: 18, user_base_data: 814, base_vector: 14
01-01 08:01:14.647 0 0 D cnss : Assign MSI to user: DP, num_vectors: 18, user_base_data: 814, base_vector: 14
01-01 08:01:14.647 0 0 D cnss : Assign MSI to user: DP, num_vectors: 18, user_base_data: 814, base_vector: 14
01-01 08:01:14.647 0 0 D cnss : Assign MSI to user: DP, num_vectors: 18, user_base_data: 814, base_vector: 14
01-01 08:01:14.647 0 0 I [kworke][0x1e8fdb58][06:13:40.389324] wlan: [349:I:HAL] hal_reo_set_err_dst_remap_6390: 1024: HWIO_REO_R0_ERROR_DESTINATION_MAPPING_IX_0 0x28005b6d
01-01 08:01:14.647 0 0 D cnss : Assign MSI to user: DP, num_vectors: 18, user_base_data: 814, base_vector: 14
01-01 08:01:14.647 0 0 D cnss : Assign MSI to user: DP, num_vectors: 18, user_base_data: 814, base_vector: 14
01-01 08:01:14.647 0 0 D cnss : Assign MSI to user: DP, num_vectors: 18, user_base_data: 814, base_vector: 14
01-01 08:01:14.647 0 0 D cnss : Assign MSI to user: DP, num_vectors: 18, user_base_data: 814, base_vector: 14
01-01 08:01:14.647 0 0 D cnss : Assign MSI to user: DP, num_vectors: 18, user_base_data: 814, base_vector: 14
01-01 08:01:14.647 0 0 D cnss : Assign MSI to user: DP, num_vectors: 18, user_base_data: 814, base_vector: 14
01-01 08:01:14.651 0 0 I [kworke][0x1e90f9b6][06:13:40.393143] wlan: [349:I:DP] Peer pool init
01-01 08:01:14.651 0 0 W [kworke][0x1e9101e4][06:13:40.393252] wlan: [349:W:DP] dp_rx_pdev_mon_attach: pdev attach id=0
01-01 08:01:14.653 0 0 D cnss : Assign MSI to user: DP, num_vectors: 18, user_base_data: 814, base_vector: 14
01-01 08:01:14.653 0 0 D cnss : Get IRQ number 366 for vector index 14
01-01 08:01:14.653 0 0 D cnss : Assign MSI to user: DP, num_vectors: 18, user_base_data: 814, base_vector: 14
01-01 08:01:14.653 0 0 D cnss : Get IRQ number 367 for vector index 15
01-01 08:01:14.653 0 0 D cnss : Assign MSI to user: DP, num_vectors: 18, user_base_data: 814, base_vector: 14
01-01 08:01:14.653 0 0 D cnss : Get IRQ number 368 for vector index 16
01-01 08:01:14.653 0 0 D cnss : Assign MSI to user: DP, num_vectors: 18, user_base_data: 814, base_vector: 14
01-01 08:01:14.653 0 0 D cnss : Get IRQ number 369 for vector index 17
01-01 08:01:14.653 0 0 D cnss : Assign MSI to user: DP, num_vectors: 18, user_base_data: 814, base_vector: 14
01-01 08:01:14.653 0 0 D cnss : Assign MSI to user: DP, num_vectors: 18, user_base_data: 814, base_vector: 14
01-01 08:01:14.653 0 0 D cnss : Get IRQ number 371 for vector index 19
01-01 08:01:14.653 0 0 D cnss : Assign MSI to user: DP, num_vectors: 18, user_base_data: 814, base_vector: 14
01-01 08:01:14.653 0 0 D cnss : Get IRQ number 372 for vector index 20
01-01 08:01:14.655 0 0 I [kworke][0x1e924f1a][06:13:40.397694] wlan: [344:I:WMA] wma_rx_service_ready_event: Firmware build version : 101a0521
01-01 08:01:14.655 0 0 I [kworke][0x1e925078][06:13:40.397713] wlan: [344:I:WMA] wma_rx_service_ready_event: Board id: 0, Board version: 8 0 0 0 6
01-01 08:01:14.665 0 0 I [kworke][0x1e954af3][06:13:40.407879] wlan: [344:I:WMA] wma_is_dbs_mandatory: 5417: MAC0 does not support both bands 2 DBS is mandatory
01-01 08:01:14.666 0 0 E [kworke][0x1e956725][06:13:40.408255] wlan: [344:E:QDF] copy_fw_abi_version_tlv: 6979: copy_fw_abi_version_tlv: INIT_CMD version: 1, 0, 0x5f414351, 0x4c4d, 0x0, 0x0
01-01 08:01:14.891 0 0 E [kworke][0x1ed74c04][06:13:40.633173] wlan: [290:E:QDF] ready_extract_init_status_tlv: 8884: ready_extract_init_status_tlv:0
01-01 08:01:14.904 0 0 E [kworke][0x1edb13d0][06:13:40.646077] wlan: [290:E:QDF] cds_get_context: 1486: Module ID 65 context is Null
01-01 08:01:14.915 0 0 F [kworke][0x1ede5b00][06:13:40.657267] wlan: [290:F:DP] cdp_ipa_set_uc_tx_partition_base invalid instance
01-01 08:01:14.926 0 0 I [kworke][0x1ee18de2][06:13:40.668185] wlan: [290:I:WMA] wma_he_update_tgt_services: 996: 11ax is enabled
01-01 08:01:14.927 0 0 I [kworke][0x1ee21196][06:13:40.669941] wlan: [290:I:HIF] Initializing Runtime PM wakelock &mgmt_txrx_pdev_ctx->wakelock_tx_runtime_cmp
01-01 08:01:14.928 0 0 I [kworke][0x1ee221b8][06:13:40.670156] wlan: [290:I:dfs] WLAN_DEBUG_DFS_ALWAYS : wlan_dfs_pdev_obj_create_notification: 421: dfs_offload 1
01-01 08:01:14.928 0 0 I [kworke][0x1ee2231d][06:13:40.670175] wlan: [290:I:SPECTRAL] null_get_capability: 1715: SPECTRAL : get_capability not registered
01-01 08:01:14.928 0 0 I [kworke][0x1ee223a4][06:13:40.670182] wlan: [290:I:SPECTRAL] target_if_pdev_spectral_init: 2249: HAL_CAP_PHYDIAG : Capable
01-01 08:01:14.928 0 0 I [kworke][0x1ee22420][06:13:40.670188] wlan: [290:I:SPECTRAL] null_get_capability: 1715: SPECTRAL : get_capability not registered
01-01 08:01:14.928 0 0 I [kworke][0x1ee22491][06:13:40.670194] wlan: [290:I:SPECTRAL] target_if_pdev_spectral_init: 2253: HAL_CAP_RADAR : Capable
01-01 08:01:14.928 0 0 I [kworke][0x1ee22504][06:13:40.670200] wlan: [290:I:SPECTRAL] null_get_capability: 1715: SPECTRAL : get_capability not registered
01-01 08:01:14.928 0 0 I [kworke][0x1ee22582][06:13:40.670207] wlan: [290:I:SPECTRAL] target_if_pdev_spectral_init: 2258: HAL_CAP_SPECTRAL_SCAN : Capable
01-01 08:01:14.928 0 0 I [kworke][0x1ee225fb][06:13:40.670213] wlan: [290:I:SPECTRAL] null_get_tsf64: 1703: SPECTRAL : get_tsf64 not registered
01-01 08:01:14.928 0 0 I [kworke][0x1ee2273d][06:13:40.670230] wlan: [290:I:GREEN_AP] wlan_green_ap_pdev_obj_create_notification: 106: Green AP creation successful, green ap ctx: 0000000000000000, pdev: 0000000000000000
01-01 08:01:14.928 0 0 I [kworke][0x1ee22ba7][06:13:40.670288] wlan: [290:I:IPA] wlan_ipa_wdi_init: 540: ipa_over_gsi: 1, is_smmu_enabled: 1
01-01 08:01:14.928 0 0 I [kworke][0x1ee25515][06:13:40.670841] wlan: [290:I:REGULATORY] reg_set_band: 483: set band bitmap: 3
01-01 08:01:14.929 0 0 I [kworke][0x1ee279cf][06:13:40.671331] wlan: [290:I:HIF] Initializing Runtime PM wakelock &ctx->dfs
01-01 08:01:14.929 0 0 I [kworke][0x1ee27a76][06:13:40.671339] wlan: [290:I:HIF] Initializing Runtime PM wakelock &ctx->connect
01-01 08:01:14.929 0 0 I [kworke][0x1ee27ae0][06:13:40.671345] wlan: [290:I:HIF] Initializing Runtime PM wakelock &ctx->user
01-01 08:01:14.929 0 0 I [kworke][0x1ee27b6c][06:13:40.671352] wlan: [290:I:HIF] Initializing Runtime PM wakelock &scan_priv->runtime_pm_lock
01-01 08:01:14.929 0 0 I [kworke][0x1ee27dc3][06:13:40.671383] wlan: [290:I:GREEN_AP] target_if_green_ap_register_egap_event_handler: 131: Set the Enhance Green AP event handler
01-01 08:01:14.929 0 0 E [kworke][0x1ee27ee1][06:13:40.671398] wlan: [290:E:QDF] dp_peer_map_attach_wifi3: 10048: dp_peer_map_attach_wifi3 max_peers 55, max_ast_index: 144
01-01 08:01:14.945 0 0 I [kworke][0x1ee73f97][06:13:40.687621] wlan: [290:I:DP]
01-01 08:01:14.945 0 0 I : <=== cfg max peer id 55 ====>
01-01 08:01:14.945 0 0 I [kworke][0x1ee74063][06:13:40.687632] wlan: [290:I:DP]
01-01 08:01:14.945 0 0 I : <=== cfg max ast idx 144 ====>
01-01 08:01:14.945 0 0 I [kworke][0x1ee740ae][06:13:40.687635] wlan: [290:I:DP] ast hash_elems: 512, max_ast_idx: 144
01-01 08:01:14.945 0 0 I [kworke][0x1ee745b4][06:13:40.687703] wlan: [349:I:WMA] wma_wait_for_ready_event: 6926: FW ready event received
01-01 08:01:14.946 0 0 E [kworke][0x1ee788e8][06:13:40.688599] wlan: [349:E:WMI] send_action_oui_cmd_tlv: 220: Invalid action id
01-01 08:01:14.957 0 0 E [kworke][0x1eeaae4d][06:13:40.699337] wlan: [349:E:action_oui] ucfg_action_oui_send: 160: Failed to send: 7
01-01 08:01:14.968 0 0 E [kworke][0x1eeded49][06:13:40.710417] wlan: [349:E:WMI] send_action_oui_cmd_tlv: 220: Invalid action id
01-01 08:01:14.979 0 0 E [kworke][0x1ef11221][06:13:40.721148] wlan: [349:E:action_oui] ucfg_action_oui_send: 160: Failed to send: 9
01-01 08:01:14.990 0 0 E [kworke][0x1ef45204][06:13:40.732240] wlan: [349:E:HDD] hdd_action_oui_send: 13281: Failed to send one or all action_ouis
01-01 08:01:15.005 0 0 D cnss : dma-coherent is enabled
01-01 08:01:15.005 0 0 D cnss : IOMMU map: iova b0000000, len 4096
01-01 08:01:15.005 0 0 D cnss : IOMMU map: iova_addr b0000040
01-01 08:01:15.005 0 0 D cnss : dma-coherent is enabled
01-01 08:01:15.005 0 0 D cnss : IOMMU map: iova b0001000, len 4096
01-01 08:01:15.005 0 0 D cnss : IOMMU map: iova_addr b0001018
01-01 08:01:15.005 0 0 I [kworke][0x1ef8cec9][06:13:40.747557] wlan: [349:I:SYS] Creating periodic timer for OLBC UPDATE CACHE TIMEOUT
01-01 08:01:15.005 0 0 E [kworke][0x1ef8d44c][06:13:40.747630] wlan: [349:E:TXRX] dp_rxdma_ring_config: 5022: DBS enabled max_mac_rings 2
01-01 08:01:15.017 0 0 E [kworke][0x1efc3757][06:13:40.759191] wlan: [349:E:TXRX] dp_rxdma_ring_config: 5033: pdev_id 0 max_mac_rings 2
01-01 08:01:15.028 0 0 E [kworke][0x1eff8aca][06:13:40.770544] wlan: [349:E:TXRX] dp_rxdma_ring_config: 5050: mac_id 0
01-01 08:01:15.038 0 0 E [kworke][0x1f026e82][06:13:40.780406] wlan: [349:E:TXRX] dp_rxdma_ring_config: 5050: mac_id 1
01-01 08:01:15.048 0 0 I [kworke][0x1f055583][06:13:40.790313] wlan: [349:I:POLICY_MGR] policy_mgr_update_5g_scc_prefer: 398: overwrite pm_second_connection_pcl_dbs_2x2_table, index 2 mode 3 system prefer 0 new pcl 6
01-01 08:01:15.048 0 0 I [kworke][0x1f0555a5][06:13:40.790315] wlan: [349:I:POLICY_MGR] policy_mgr_update_5g_scc_prefer: 404: overwrite pm_second_connection_pcl_dbs_2x2_table, index 3 mode 3 system prefer 0 new pcl 6
01-01 08:01:15.048 0 0 E [kworke][0x1f055b3d][06:13:40.790390] wlan: [349:E:REGULATORY] reg_freq_width_to_chan_op_class: 512: no op class for frequency 5745
01-01 08:01:15.061 0 0 I [kworke][0x1f094617][06:13:40.803761] wlan: [349:I:HIF] hif_pm_runtime_start: Enabling RUNTIME PM, Delay: 500 ms
01-01 08:01:15.063 0 0 E cnss_utils: WLAN MAC address is not set, type 0
01-01 08:01:15.069 0 0 W cnss_pci 0000: 01:00.0: Falling back to syfs fallback for: wlan/qca_cld/qca6390/wlan_mac.bin
01-01 08:01:15.073 0 0 I [kworke][0x1f0cd1c0][06:13:40.815863] wlan: [349:I:HDD] hdd_initialize_mac_address: 12589: using default MAC address
03-28 06:13:40.823 825 825 I android.hardware.wifi@1.0-service: Wifi HAL started
03-28 06:13:40.823 1124 1523 W BluetoothManagerService: MESSAGE_BIND_PROFILE_SERVICE
03-28 06:13:40.823 1124 1523 W BluetoothManagerService: Calling psc.bindService from MESSAGE_BIND_PROFILE_SERVICE
01-01 08:01:15.080 0 0 D cnss : Host time = 27138250 us, device time = 3074760 us, offset = 24063490 us
01-01 08:01:15.080 0 0 D cnss : Updated time sync regs [0x984] = 0x16f2e02, [0x988] = 0x0
01-01 08:01:15.080 0 0 D cnss : Removing vote for Regulator vdd-wlan-rfa2
01-01 08:01:15.080 0 0 D cnss : Removing vote for Regulator vdd-wlan-rfa1
01-01 08:01:15.080 0 0 D cnss : Removing vote for Regulator vdd-wlan-dig
01-01 08:01:15.080 0 0 D cnss : Removing vote for Regulator vdd-wlan-aon
01-01 08:01:15.080 0 0 D cnss : Removing vote for Regulator vdd-wlan-io
01-01 08:01:15.080 0 0 D cnss : PM relax, state: 0x107, count: 0
01-01 08:01:15.085 0 0 I : Wifi Turning On from UI
01-01 08:01:15.086 0 0 I [wifi@1][0x1f1064ac][06:13:40.828062] wlan: [825:I:DP] dp_vdev_attach_wifi3: wlan_cfg_ap_bridge_enabled 0
01-01 08:01:15.086 0 0 I [wifi@1][0x1f10694e][06:13:40.828124] wlan: [825:I:DP] 00000000: bc 80 b3 53 b3 d4 7c aa da 05 a3 5e a2 fb 13 22
01-01 08:01:15.086 0 0 I [wifi@1][0x1f106a03][06:13:40.828133] wlan: [825:I:DP] 00000010: 97 da 2d 35
01-01 08:01:15.086 0 0 I [wifi@1][0x1f106b0d][06:13:40.828147] wlan: [825:I:DP] 00000000: 1e c8 c3 75 28 78 fa e6 5c ec 9e 32 46 fc cc 90
01-01 08:01:15.086 0 0 I [wifi@1][0x1f106b9b][06:13:40.828154] wlan: [825:I:DP] 00000010: 12 40 75 64 26 c3 0e 38 5c ae 20 99 e0 45 e1 13
01-01 08:01:15.086 0 0 I [wifi@1][0x1f106c2b][06:13:40.828162] wlan: [825:I:DP] 00000020: 8d f7 2e 5b 99 c8 77 bf 94 b0 c8 bf
01-01 08:01:15.092 0 0 I IPv6 : ADDRCONF(NETDEV_UP): wlan0: link is not ready
03-28 06:13:40.840 825 825 I android.hardware.wifi@1.0-service: Adding interface handle for wifi-aware0
03-28 06:13:40.840 825 825 I android.hardware.wifi@1.0-service: Adding interface handle for p2p0
03-28 06:13:40.840 825 825 I android.hardware.wifi@1.0-service: Adding interface handle for wlan0
03-28 06:13:40.840 825 825 W android.hardware.wifi@1.0-service: No active wlan interfaces in use! Using default
03-28 06:13:40.841 825 825 W android.hardware.wifi@1.0-service: No active wlan interfaces in use! Using default
03-28 06:13:40.842 825 825 I android.hardware.wifi@1.0-service: Configured chip in mode 3
03-28 06:13:40.842 825 825 W android.hardware.wifi@1.0-service: No active wlan interfaces in use! Using default
01-01 08:01:15.103 0 0 I [lowi-s][0x1f157c9c][06:13:40.845448] wlan: [1425:I:wifipos] wifi_pos_get_ch_info: 461: num channels: 26
01-01 08:01:15.105 0 0 E [wifi@1][0x1f160ecc][06:13:40.847397] wlan: [3619:E:wifipos] wifi_pos_process_app_reg_req: 608: Received App Req Req pid(528483129), len(16)
01-01 08:01:15.119 0 0 I [wifi@1][0x1f1a46d0][06:13:40.861797] wlan: [3619:I:wifipos] wifi_pos_get_ch_info: 461: num channels: 26
01-01 08:01:15.120 0 0 I [wifi@1][0x1f1a56e7][06:13:40.862012] wlan: [3619:I:wifipos] wifi_pos_get_ch_info: 461: num channels: 26
01-01 08:01:15.130 0 0 I [wifi@1][0x1f1d80af][06:13:40.872809] wlan: [825:I:DP] dp_vdev_attach_wifi3: wlan_cfg_ap_bridge_enabled 1
01-01 08:01:15.131 0 0 E [wifi@1][0x1f1d9ac0][06:13:40.873156] wlan: [825:E:PMO] pmo_register_wow_wakeup_events: 88: Skipping wake event configuration for vdev_opmode 16
01-01 08:01:15.145 0 0 E [wifi@1][0x1f21f01d][06:13:40.887948] wlan: [825:E:SME] sme_get_nss_chain_shift: 4045: Device mode 16 invalid
01-01 08:01:15.158 0 0 E [wifi@1][0x1f258cab][06:13:40.900276] wlan: [825:E:SME] sme_get_nss_chain_shift: 4045: Device mode 16 invalid
01-01 08:01:15.171 0 0 I IPv6 : ADDRCONF(NETDEV_UP): wifi-aware0: link is not ready
03-28 06:13:40.917 1124 1906 D CompatibilityChangeReporter: Compat change id reported: 171306433; UID 1000; state: ENABLED
03-28 06:13:40.918 1234 1234 I wificond: createClientInterface: wiphy_index 0 iface_name wlan0
03-28 06:13:40.919 1234 1234 I wificond: create scanner for interface with index: 17
03-28 06:13:40.919 1234 1234 I wificond: subscribe scan result for interface with index: 17
03-28 06:13:40.920 1234 1234 I wificond: add channel type 0 support at wiphy index: 0
03-28 06:13:40.920 1234 1234 I wificond: add channel type 1 support at wiphy index: 0
03-28 06:13:40.970 1124 1558 W BatteryExternalStatsWorker: error reading modem stats:ERROR_PHONE_NOT_AVAILABLE
03-28 06:13:40.982 1124 1558 E KernelCpuSpeedReader: Failed to read cpu-freq: /sys/devices/system/cpu/cpu4/cpufreq/stats/time_in_state: open failed: ENOENT (No such file or directory)
01-01 08:01:15.242 0 0 W perfetto: disabled ftrace
03-28 06:13:40.982 1124 1558 E KernelCpuSpeedReader: Failed to read cpu-freq: /sys/devices/system/cpu/cpu0/cpufreq/stats/time_in_state: open failed: ENOENT (No such file or directory)
03-28 06:13:40.982 1124 1124 I Telecom : MissedCallNotifierImpl: reloadAfterBootComplete: user=0: TSBCR.oR@ABM
03-28 06:13:40.984 1124 1558 W BatteryStatsImpl: Attempted to remove untracked isolated uid (1037)
03-28 06:13:40.992 1124 1124 I Telecom : MissedCallNotifierImpl: reloadAfterBootComplete: user=0: TSBCR.oR@ABM
03-28 06:13:40.994 1124 1124 D CompatibilityChangeReporter: Compat change id reported: 135634846; UID 1000; state: DISABLED
03-28 06:13:40.994 1124 1124 D CompatibilityChangeReporter: Compat change id reported: 177438394; UID 1000; state: DISABLED
03-28 06:13:40.994 1124 1124 D CompatibilityChangeReporter: Compat change id reported: 135772972; UID 1000; state: DISABLED
03-28 06:13:40.995 1124 1124 D CompatibilityChangeReporter: Compat change id reported: 135754954; UID 1000; state: ENABLED
03-28 06:13:41.006 1124 1544 I ActivityManager: Start proc 3630:com.android.dynsystem/1000 for broadcast {com.android.dynsystem/com.android.dynsystem.BootCompletedReceiver}
03-28 06:13:41.012 1124 2123 W BluetoothManagerService: psc is not null in bindBluetoothProfileService
01-01 08:01:15.282 0 0 I binder : 3630:3630 ioctl 40046210 7fc521bc34 returned -22
03-28 06:13:41.027 1124 2123 D CompatibilityChangeReporter: Compat change id reported: 168419799; UID 1000; state: DISABLED
03-28 06:13:41.069 1124 2004 D CompatibilityChangeReporter: Compat change id reported: 135634846; UID 1000; state: DISABLED
03-28 06:13:41.069 1124 2004 D CompatibilityChangeReporter: Compat change id reported: 177438394; UID 1000; state: DISABLED
03-28 06:13:41.069 1124 2004 D CompatibilityChangeReporter: Compat change id reported: 135772972; UID 1000; state: DISABLED
03-28 06:13:41.069 1124 2004 D CompatibilityChangeReporter: Compat change id reported: 135754954; UID 1000; state: ENABLED
03-28 06:13:41.071 1124 2004 D CompatibilityChangeReporter: Compat change id reported: 135634846; UID 10066; state: DISABLED
03-28 06:13:41.071 1124 2004 D CompatibilityChangeReporter: Compat change id reported: 177438394; UID 10066; state: DISABLED
03-28 06:13:41.071 1124 2004 D CompatibilityChangeReporter: Compat change id reported: 135772972; UID 10066; state: DISABLED
03-28 06:13:41.072 1124 2004 D CompatibilityChangeReporter: Compat change id reported: 135754954; UID 10066; state: ENABLED
03-28 06:13:41.078 1124 1544 I ActivityManager: Start proc 3651:com.android.dynsystem:dynsystem/1000 for service {com.android.dynsystem/com.android.dynsystem.DynamicSystemInstallationService}
03-28 06:13:41.078 1124 1544 D CompatibilityChangeReporter: Compat change id reported: 143937733; UID 10066; state: ENABLED
03-28 06:13:41.085 1124 1544 I ActivityManager: Start proc 3652:com.android.inputmethod.latin/u0a66 for broadcast {com.android.inputmethod.latin/com.android.inputmethod.latin.SystemBroadcastReceiver}
01-01 08:01:15.348 0 0 I binder : 3651:3651 ioctl 40046210 7fc521bc34 returned -22
01-01 08:01:15.362 0 0 I binder : 3652:3652 ioctl 40046210 7fc521bc34 returned -22
03-28 06:13:41.107 1124 3432 D CompatibilityChangeReporter: Compat change id reported: 168419799; UID 10066; state: DISABLED
03-28 06:13:41.129 1124 1726 I GameModeConfig: isGameModeOn = false
03-28 06:13:41.129 1124 1726 I GameModeConfig: isGameModeOn = false
03-28 06:13:41.131 1124 3432 I DynamicSystemService: isInstalled(): false
03-28 06:13:41.211 1124 3432 I ActivityManager: Process com.android.inputmethod.latin (pid 3652) has died: fg RCVR
01-01 08:01:15.472 0 0 I [schedu][0x1f8185c2][06:13:41.214210] wlan: [3610:I:HIF] Deinitializing Runtime PM wakelock &vdev->vdev_set_key_runtime_wakelock
01-01 08:01:15.472 0 0 I [schedu][0x1f81b73b][06:13:41.214870] wlan: [3610:I:HIF] Initializing Runtime PM wakelock &vdev->vdev_set_key_runtime_wakelock
01-01 08:01:15.473 0 0 I IRQ 5 : no longer affine to CPU5
03-28 06:13:41.219 1124 1543 I ActivityManager: com.android.managedprovisioning is exempt from freezer
03-28 06:13:41.220 1124 1543 D CompatibilityChangeReporter: Compat change id reported: 135634846; UID 10034; state: DISABLED
03-28 06:13:41.220 1124 1543 D CompatibilityChangeReporter: Compat change id reported: 177438394; UID 10034; state: DISABLED
03-28 06:13:41.220 1124 1543 D CompatibilityChangeReporter: Compat change id reported: 135772972; UID 10034; state: DISABLED
03-28 06:13:41.220 1124 1543 D CompatibilityChangeReporter: Compat change id reported: 135754954; UID 10034; state: ENABLED
03-28 06:13:41.220 1124 1544 D CompatibilityChangeReporter: Compat change id reported: 143937733; UID 10034; state: ENABLED
03-28 06:13:41.226 1124 1544 I ActivityManager: Start proc 3687:com.android.managedprovisioning/u0a34 for broadcast {com.android.managedprovisioning/com.android.managedprovisioning.BootReminder}
01-01 08:01:15.502 0 0 I binder : 3687:3687 ioctl 40046210 7fc521bc34 returned -22
03-28 06:13:41.251 1124 2148 D CompatibilityChangeReporter: Compat change id reported: 168419799; UID 10034; state: DISABLED
03-28 06:13:41.344 1124 3432 D CompatibilityChangeReporter: Compat change id reported: 135634846; UID 10081; state: DISABLED
03-28 06:13:41.345 1124 3432 D CompatibilityChangeReporter: Compat change id reported: 177438394; UID 10081; state: DISABLED
03-28 06:13:41.345 1124 3432 D CompatibilityChangeReporter: Compat change id reported: 135772972; UID 10081; state: DISABLED
03-28 06:13:41.345 1124 3432 D CompatibilityChangeReporter: Compat change id reported: 135754954; UID 10081; state: ENABLED
03-28 06:13:41.345 1124 1544 D CompatibilityChangeReporter: Compat change id reported: 143937733; UID 10081; state: ENABLED
01-01 08:01:15.609 0 0 I [schedu][0x1fa9d930][06:13:41.351856] wlan: [3610:I:HIF] Deinitializing Runtime PM wakelock &vdev->vdev_set_key_runtime_wakelock
01-01 08:01:15.610 0 0 I [schedu][0x1faa0121][06:13:41.352388] wlan: [3610:I:HIF] Initializing Runtime PM wakelock &vdev->vdev_set_key_runtime_wakelock
03-28 06:13:41.353 1124 1544 I ActivityManager: Start proc 3705:com.android.music/u0a81 for broadcast {com.android.music/com.android.music.MediaPlaybackReceiver}
01-01 08:01:15.619 0 0 I [wifi@1][0x1facc64a][06:13:41.361844] wlan: [825:I:DP] dp_vdev_attach_wifi3: wlan_cfg_ap_bridge_enabled 0
01-01 08:01:15.630 0 0 E [wifi@1][0x1fafbe2e][06:13:41.371976] wlan: [3619:E:wifipos] wifi_pos_process_app_reg_req: 608: Received App Req Req pid(528483129), len(16)
01-01 08:01:15.645 0 0 I [wifi@1][0x1fb4309a][06:13:41.387154] wlan: [3619:I:wifipos] wifi_pos_get_ch_info: 461: num channels: 26
01-01 08:01:15.645 0 0 I [wifi@1][0x1fb4631c][06:13:41.387828] wlan: [3619:I:wifipos] wifi_pos_get_ch_info: 461: num channels: 26
01-01 08:01:15.649 0 0 I binder : 3705:3705 ioctl 40046210 7fc521bc34 returned -22
03-28 06:13:41.402 1124 2148 D CompatibilityChangeReporter: Compat change id reported: 168419799; UID 10081; state: DISABLED
01-01 08:01:15.708 0 0 I logd : start watching /data/system/packages.list ...
01-01 08:01:15.709 0 0 I logd : ReadPackageList, total packages: 102
03-28 06:13:41.480 1124 3432 D CompatibilityChangeReporter: Compat change id reported: 135634846; UID 10059; state: DISABLED
03-28 06:13:41.480 1124 3432 D CompatibilityChangeReporter: Compat change id reported: 177438394; UID 10059; state: DISABLED
03-28 06:13:41.480 1124 3432 D CompatibilityChangeReporter: Compat change id reported: 135772972; UID 10059; state: DISABLED
03-28 06:13:41.480 1124 3432 D CompatibilityChangeReporter: Compat change id reported: 135754954; UID 10059; state: ENABLED
03-28 06:13:41.481 1124 1544 D CompatibilityChangeReporter: Compat change id reported: 143937733; UID 10059; state: ENABLED
03-28 06:13:41.491 1124 1544 I ActivityManager: Start proc 3725:com.android.onetimeinitializer/u0a59 for broadcast {com.android.onetimeinitializer/com.android.onetimeinitializer.OneTimeInitializerReceiver}
01-01 08:01:15.766 0 0 I binder : 3725:3725 ioctl 40046210 7fc521bc34 returned -22
03-28 06:13:41.516 1124 3432 D CompatibilityChangeReporter: Compat change id reported: 168419799; UID 10059; state: DISABLED
03-28 06:13:41.557 1124 3432 I ActivityManager: com.android.packageinstaller is exempt from freezer
03-28 06:13:41.557 1124 3432 D CompatibilityChangeReporter: Compat change id reported: 135634846; UID 10035; state: DISABLED
03-28 06:13:41.557 1124 3432 D CompatibilityChangeReporter: Compat change id reported: 177438394; UID 10035; state: DISABLED
03-28 06:13:41.557 1124 3432 D CompatibilityChangeReporter: Compat change id reported: 135772972; UID 10035; state: DISABLED
03-28 06:13:41.557 1124 3432 D CompatibilityChangeReporter: Compat change id reported: 135754954; UID 10035; state: ENABLED
03-28 06:13:41.558 1124 1544 D CompatibilityChangeReporter: Compat change id reported: 143937733; UID 10035; state: ENABLED
03-28 06:13:41.570 1124 1544 I ActivityManager: Start proc 3743:com.android.packageinstaller/u0a35 for broadcast {com.android.packageinstaller/com.android.packageinstaller.TemporaryFileManager}
01-01 08:01:15.848 0 0 I binder : 3743:3743 ioctl 40046210 7fc521bc34 returned -22
03-28 06:13:41.598 1124 3432 D CompatibilityChangeReporter: Compat change id reported: 168419799; UID 10035; state: DISABLED
01-01 08:01:15.853 0 0 I [schedu][0x1ff11f93][06:13:41.595141] wlan: [3610:I:OSIF] scan start scan id 40961
03-28 06:13:41.632 1124 1124 W Looper : Slow dispatch took 342ms main h=android.app.ActivityThread$H c=android.app.LoadedApk$ReceiverDispatcher$Args$$ExternalSyntheticLambda0@505e969 m=0
03-28 06:13:41.632 1124 1124 W Looper : Slow delivery took 342ms main h=android.app.ActivityThread$H c=android.app.LoadedApk$ReceiverDispatcher$Args$$ExternalSyntheticLambda0@d88fee m=0
03-28 06:13:41.636 1124 1124 W Looper : Drained
03-28 06:13:41.638 1124 2004 D CompatibilityChangeReporter: Compat change id reported: 168419799; UID 1000; state: DISABLED
03-28 06:13:41.687 1124 1726 I GameModeConfig: isGameModeOn = false
