03-28 06:16:22.874 1307 1307 I update_engine: [libfs_mgr]GetFstabPath()fstab_path:/first_stage_ramdisk/fstab.default
03-28 06:16:22.875 1307 1307 I update_engine: [libfs_mgr]GetFstabPath()fstab_path:/odm/etc/fstab.qcom
03-28 06:16:22.877 1307 1307 I update_engine: [libfs_mgr]GetFstabPath()fstab_path:/vendor/etc/fstab.qcom
03-28 06:16:22.879 1307 1307 I update_engine: [libfs_mgr]GetFstabPath()fstab_path.c_str():/vendor/etc/fstab.qcom
03-28 06:16:22.881 1307 1307 I update_engine: [INFO:dynamic_partition_control_android.cc(331)] Loaded metadata from slot B in /dev/block/bootdevice/by-name/super
03-28 06:16:22.882 1307 1307 I update_engine: [INFO:dynamic_partition_control_android.cc(1190)] uefisecapp_b is not in super partition metadata.
03-28 06:16:22.884 1307 1307 I update_engine: [INFO:dynamic_partition_control_android.cc(331)] Loaded metadata from slot A in /dev/block/bootdevice/by-name/super
03-28 06:16:22.886 1307 1307 I update_engine: [libfs_mgr]dt_fstab: Skip disabled entry for partition vendor
03-28 06:16:22.887 1307 1307 I update_engine: [libfs_mgr]GetFstabPath()fstab_path:/odm/etc/fstab.default
03-28 06:16:22.889 1307 1307 I update_engine: [libfs_mgr]GetFstabPath()fstab_path:/vendor/etc/fstab.default
03-28 06:16:22.890 1307 1307 I update_engine: [libfs_mgr]GetFstabPath()fstab_path:/system/etc/fstab.default
03-28 06:16:22.892 1307 1307 I update_engine: [libfs_mgr]GetFstabPath()fstab_path:/first_stage_ramdisk/system/etc/fstab.default
03-28 06:16:22.893 1307 1307 I update_engine: [libfs_mgr]GetFstabPath()fstab_path:/fstab.default
03-28 06:16:22.895 1307 1307 I update_engine: [libfs_mgr]GetFstabPath()fstab_path:/first_stage_ramdisk/fstab.default
03-28 06:16:22.896 1307 1307 I update_engine: [libfs_mgr]GetFstabPath()fstab_path:/odm/etc/fstab.qcom
03-28 06:16:22.898 1307 1307 I update_engine: [libfs_mgr]GetFstabPath()fstab_path:/vendor/etc/fstab.qcom
03-28 06:16:22.899 1307 1307 I update_engine: [libfs_mgr]GetFstabPath()fstab_path.c_str():/vendor/etc/fstab.qcom
03-28 06:16:22.901 1307 1307 I update_engine: [INFO:dynamic_partition_control_android.cc(331)] Loaded metadata from slot B in /dev/block/bootdevice/by-name/super
03-28 06:16:22.902 1307 1307 I update_engine: [INFO:dynamic_partition_control_android.cc(1190)] vbmeta_b is not in super partition metadata.
03-28 06:16:22.904 1307 1307 I update_engine: [INFO:dynamic_partition_control_android.cc(331)] Loaded metadata from slot A in /dev/block/bootdevice/by-name/super
03-28 06:16:22.906 1307 1307 I update_engine: [libfs_mgr]dt_fstab: Skip disabled entry for partition vendor
03-28 06:16:22.907 1307 1307 I update_engine: [libfs_mgr]GetFstabPath()fstab_path:/odm/etc/fstab.default
03-28 06:16:22.908 1307 1307 I update_engine: [libfs_mgr]GetFstabPath()fstab_path:/vendor/etc/fstab.default
03-28 06:16:22.910 1307 1307 I update_engine: [libfs_mgr]GetFstabPath()fstab_path:/system/etc/fstab.default
03-28 06:16:22.911 1307 1307 I update_engine: [libfs_mgr]GetFstabPath()fstab_path:/first_stage_ramdisk/system/etc/fstab.default
03-28 06:16:22.913 1307 1307 I update_engine: [libfs_mgr]GetFstabPath()fstab_path:/fstab.default
03-28 06:16:22.915 1307 1307 I update_engine: [libfs_mgr]GetFstabPath()fstab_path:/first_stage_ramdisk/fstab.default
03-28 06:16:22.916 1307 1307 I update_engine: [libfs_mgr]GetFstabPath()fstab_path:/odm/etc/fstab.qcom
03-28 06:16:22.918 1307 1307 I update_engine: [libfs_mgr]GetFstabPath()fstab_path:/vendor/etc/fstab.qcom
03-28 06:16:22.920 1307 1307 I update_engine: [libfs_mgr]GetFstabPath()fstab_path.c_str():/vendor/etc/fstab.qcom
03-28 06:16:22.922 1307 1307 I update_engine: [INFO:dynamic_partition_control_android.cc(331)] Loaded metadata from slot B in /dev/block/bootdevice/by-name/super
03-28 06:16:22.924 1307 1307 I update_engine: [INFO:dynamic_partition_control_android.cc(1190)] vbmeta_system_b is not in super partition metadata.
03-28 06:16:22.926 1307 1307 I update_engine: [INFO:dynamic_partition_control_android.cc(331)] Loaded metadata from slot A in /dev/block/bootdevice/by-name/super
03-28 06:16:22.928 1307 1307 I update_engine: [libfs_mgr]dt_fstab: Skip disabled entry for partition vendor
03-28 06:16:22.930 1307 1307 I update_engine: [libfs_mgr]GetFstabPath()fstab_path:/odm/etc/fstab.default
03-28 06:16:22.931 1307 1307 I update_engine: [libfs_mgr]GetFstabPath()fstab_path:/vendor/etc/fstab.default
03-28 06:16:22.933 1307 1307 I update_engine: [libfs_mgr]GetFstabPath()fstab_path:/system/etc/fstab.default
03-28 06:16:22.934 1307 1307 I update_engine: [libfs_mgr]GetFstabPath()fstab_path:/first_stage_ramdisk/system/etc/fstab.default
03-28 06:16:22.936 1307 1307 I update_engine: [libfs_mgr]GetFstabPath()fstab_path:/fstab.default
03-28 06:16:22.937 1307 1307 I update_engine: [libfs_mgr]GetFstabPath()fstab_path:/first_stage_ramdisk/fstab.default
03-28 06:16:22.939 1307 1307 I update_engine: [libfs_mgr]GetFstabPath()fstab_path:/odm/etc/fstab.qcom
03-28 06:16:22.940 1307 1307 I update_engine: [libfs_mgr]GetFstabPath()fstab_path:/vendor/etc/fstab.qcom
03-28 06:16:22.942 1307 1307 I update_engine: [libfs_mgr]GetFstabPath()fstab_path.c_str():/vendor/etc/fstab.qcom
03-28 06:16:22.944 1307 1307 I update_engine: [INFO:dynamic_partition_control_android.cc(331)] Loaded metadata from slot B in /dev/block/bootdevice/by-name/super
03-28 06:16:22.946 1307 1307 I update_engine: Successfully unmapped snapshot vendor_b
03-28 06:16:22.953 551 558 D vold : Disk at 252:23 changed
03-28 06:16:22.974 1307 1307 I update_engine: [libfs_mgr]Created logical partition vendor_b-base on device /dev/block/dm-23
03-28 06:16:22.983 551 558 D vold : Disk at 252:24 changed
03-28 06:16:23.004 1307 1307 I update_engine: Mapped COW device for vendor_b at /dev/block/dm-24
03-28 06:16:23.026 1307 1307 I update_engine: Mapped vendor_b as snapshot device at /dev/block/dm-25
03-28 06:16:23.026 551 558 D vold : Disk at 252:25 changed
03-28 06:16:23.028 1307 1307 I update_engine: [INFO:dynamic_partition_control_android.cc(205)] Succesfully mapped vendor_b to device mapper (force_writable = 1); device path at /dev/block/dm-25
03-28 06:16:23.030 1307 1307 I update_engine: [libfs_mgr]dt_fstab: Skip disabled entry for partition vendor
03-28 06:16:23.032 1307 1307 I update_engine: [libfs_mgr]GetFstabPath()fstab_path:/odm/etc/fstab.default
03-28 06:16:23.033 1307 1307 I update_engine: [libfs_mgr]GetFstabPath()fstab_path:/vendor/etc/fstab.default
03-28 06:16:23.035 1307 1307 I update_engine: [libfs_mgr]GetFstabPath()fstab_path:/system/etc/fstab.default
03-28 06:16:23.037 1307 1307 I update_engine: [libfs_mgr]GetFstabPath()fstab_path:/first_stage_ramdisk/system/etc/fstab.default
03-28 06:16:23.038 1307 1307 I update_engine: [libfs_mgr]GetFstabPath()fstab_path:/fstab.default
03-28 06:16:23.040 1307 1307 I update_engine: [libfs_mgr]GetFstabPath()fstab_path:/first_stage_ramdisk/fstab.default
03-28 06:16:23.042 1307 1307 I update_engine: [libfs_mgr]GetFstabPath()fstab_path:/odm/etc/fstab.qcom
03-28 06:16:23.043 1307 1307 I update_engine: [libfs_mgr]GetFstabPath()fstab_path:/vendor/etc/fstab.qcom
03-28 06:16:23.045 1307 1307 I update_engine: [libfs_mgr]GetFstabPath()fstab_path.c_str():/vendor/etc/fstab.qcom
03-28 06:16:23.048 1307 1307 I update_engine: [INFO:dynamic_partition_control_android.cc(331)] Loaded metadata from slot B in /dev/block/bootdevice/by-name/super
03-28 06:16:23.050 1307 1307 I update_engine: [INFO:dynamic_partition_control_android.cc(1190)] xbl_b is not in super partition metadata.
03-28 06:16:23.052 1307 1307 I update_engine: [INFO:dynamic_partition_control_android.cc(331)] Loaded metadata from slot A in /dev/block/bootdevice/by-name/super
03-28 06:16:23.054 1307 1307 I update_engine: [libfs_mgr]dt_fstab: Skip disabled entry for partition vendor
03-28 06:16:23.056 1307 1307 I update_engine: [libfs_mgr]GetFstabPath()fstab_path:/odm/etc/fstab.default
03-28 06:16:23.058 1307 1307 I update_engine: [libfs_mgr]GetFstabPath()fstab_path:/vendor/etc/fstab.default
03-28 06:16:23.059 1307 1307 I update_engine: [libfs_mgr]GetFstabPath()fstab_path:/system/etc/fstab.default
03-28 06:16:23.061 1307 1307 I update_engine: [libfs_mgr]GetFstabPath()fstab_path:/first_stage_ramdisk/system/etc/fstab.default
03-28 06:16:23.062 1307 1307 I update_engine: [libfs_mgr]GetFstabPath()fstab_path:/fstab.default
03-28 06:16:23.064 1307 1307 I update_engine: [libfs_mgr]GetFstabPath()fstab_path:/first_stage_ramdisk/fstab.default
03-28 06:16:23.066 1307 1307 I update_engine: [libfs_mgr]GetFstabPath()fstab_path:/odm/etc/fstab.qcom
03-28 06:16:23.067 1307 1307 I update_engine: [libfs_mgr]GetFstabPath()fstab_path:/vendor/etc/fstab.qcom
03-28 06:16:23.068 1307 1307 I update_engine: [libfs_mgr]GetFstabPath()fstab_path.c_str():/vendor/etc/fstab.qcom
03-28 06:16:23.071 1307 1307 I update_engine: [INFO:dynamic_partition_control_android.cc(331)] Loaded metadata from slot B in /dev/block/bootdevice/by-name/super
03-28 06:16:23.072 1307 1307 I update_engine: [INFO:dynamic_partition_control_android.cc(1190)] xbl_config_b is not in super partition metadata.
03-28 06:16:23.074 1307 1307 I update_engine: [INFO:dynamic_partition_control_android.cc(331)] Loaded metadata from slot A in /dev/block/bootdevice/by-name/super
03-28 06:16:23.075 1307 1307 I update_engine: [INFO:delta_performer.cc(271)] PartitionInfo new abl sha256: uJfqBvbQ8V8o/G2teLAFVqYNoPuvsEcR7jSx3Boxvd4= size: 274432
03-28 06:16:23.077 1307 1307 I update_engine: [INFO:delta_performer.cc(271)] PartitionInfo new aop sha256: Oqi0guiab8cZjVuPK7uehhTRvL1YB1XpbNiEbFJp8Vk= size: 204800
03-28 06:16:23.078 1307 1307 I update_engine: [INFO:delta_performer.cc(271)] PartitionInfo new bluetooth sha256: BOIDUdyn+dko4efCg6jZGfkouD6M7YBUY/aSCcnyfCs= size: 765952
03-28 06:16:23.080 1307 1307 I update_engine: [INFO:delta_performer.cc(271)] PartitionInfo new boot sha256: WlZ24PVRCfgvvrldtdMIpHEvBIM+EK6Z+I8bP0U9LVE= size: 100663296
03-28 06:16:23.081 1307 1307 I update_engine: [INFO:delta_performer.cc(271)] PartitionInfo new cmnlib sha256: kwKjkSMJOtNFh/MkZ662W2HtNVVNrp6dvsif3E5kuG0= size: 401408
03-28 06:16:23.083 1307 1307 I update_engine: [INFO:delta_performer.cc(271)] PartitionInfo new cmnlib64 sha256: EHlBYd3hFgOFnHjF11bR7Xwv4y9lgNAHL8kNnWC1R3w= size: 520192
03-28 06:16:23.084 1307 1307 I update_engine: [INFO:delta_performer.cc(271)] PartitionInfo new devcfg sha256: in4NN6z+wZFdzi5T/IgPIPgL+MjGxdtYG59dkSY4b1w= size: 57344
03-28 06:16:23.085 1307 1307 I update_engine: [INFO:delta_performer.cc(271)] PartitionInfo new dsp sha256: QfC+bprVeRwgGjkEtPSTvMF4X+oMce203ROi130oub8= size: 67108864
03-28 06:16:23.087 1307 1307 I update_engine: [INFO:delta_performer.cc(271)] PartitionInfo new dtbo sha256: CbNokgwLDsyofY/wvYrKFKaDLsiEJg2TbHSfJovM3U4= size: 8388608
03-28 06:16:23.088 1307 1307 I update_engine: [INFO:delta_performer.cc(271)] PartitionInfo new featenabler sha256: oKwdf/vHRj0aDNFK1s1xT7cUZKiYQFSMaGDZjOt1rb0= size: 90112
03-28 06:16:23.090 1307 1307 I update_engine: [INFO:delta_performer.cc(271)] PartitionInfo new hyp sha256: VvZdHv8gQ12nKYz5tz4HhuoejxeD15FXlE9/VUkSlCI= size: 450560
03-28 06:16:23.091 1307 1307 I update_engine: [INFO:delta_performer.cc(271)] PartitionInfo new imagefv sha256: f69xwJC+oYKgHlOLMEwehJt5EUT7lTDv+75DcDx2w1I= size: 20480
03-28 06:16:23.093 1307 1307 I update_engine: [INFO:delta_performer.cc(271)] PartitionInfo new keymaster sha256: rq0EE3Q1A4sa9LEn++hN6o5tRI7IaAIFkgcqpSZIiL8= size: 282624
03-28 06:16:23.094 1307 1307 I update_engine: [INFO:delta_performer.cc(271)] PartitionInfo new modem sha256: KDE4Njaik+fi6Rd54GunDkoi6IKde1ewvf+8W+DsPew= size: 75264000
03-28 06:16:23.095 1307 1307 I update_engine: [INFO:delta_performer.cc(271)] PartitionInfo new multiimgoem sha256: uga9jFXZXYqXrxpg+TGROSAU9FursUeLBIBojtmc74E= size: 16384
03-28 06:16:23.097 1307 1307 I update_engine: [INFO:delta_performer.cc(271)] PartitionInfo new odm sha256: lOhJnvFBwpfD1f0nDAyot1YbckEJfpbxDkvv44q7uBU= size: 1101824
03-28 06:16:23.098 1307 1307 I update_engine: [INFO:delta_performer.cc(271)] PartitionInfo new product sha256: HoVBhaIptd1a7ZpYcpFZ1HMvIzQH8yGSZL3GNlSfAbg= size: 216817664
03-28 06:16:23.100 1307 1307 I update_engine: [INFO:delta_performer.cc(271)] PartitionInfo new qupfw sha256: JN4eVxokCJLOeG2bQam3cIXBe1ldqgLOFygWJ6GlUbo= size: 57344
03-28 06:16:23.101 1307 1307 I update_engine: [INFO:delta_performer.cc(271)] PartitionInfo new recovery sha256: AY7VcVgFcAk3VgHULo6tHuTRj04Tn2njeUdQ7YQrgm0= size: 104857600
03-28 06:16:23.102 1307 1307 I update_engine: [INFO:delta_performer.cc(271)] PartitionInfo new system sha256: I2hfgmABZthEE4ou9EKwn2G5cLfQgHYkt/0jG/dauYw= size: 1435860992
03-28 06:16:23.104 1307 1307 I update_engine: [INFO:delta_performer.cc(271)] PartitionInfo new system_ext sha256: ytb082fRiG7X2lOYFCAqeQMjQ6iIu8gcxO198VD3Kjk= size: 535400448
03-28 06:16:23.105 1307 1307 I update_engine: [INFO:delta_performer.cc(271)] PartitionInfo new tz sha256: gLE11WkCVJdOXxdnggd2KQNLari7iOn3plJINutwRbE= size: 3194880
03-28 06:16:23.107 1307 1307 I update_engine: [INFO:delta_performer.cc(271)] PartitionInfo new uefisecapp sha256: uwQIh16jt9U5vKa2u4+nFBaUS78F5b7rvI8JLNnx+Uo= size: 126976
03-28 06:16:23.108 1307 1307 I update_engine: [INFO:delta_performer.cc(271)] PartitionInfo new vbmeta sha256: VjqHSGbcYgBax485JIoCgCMUk1+F8T8O1SChylM9niw= size: 8192
03-28 06:16:23.110 1307 1307 I update_engine: [INFO:delta_performer.cc(271)] PartitionInfo new vbmeta_system sha256: zBdMiL2+Xigc06ra/vJl8X4TEEfTQhYtgK6tRtNZM8E= size: 4096
03-28 06:16:23.111 1307 1307 I update_engine: [INFO:delta_performer.cc(271)] PartitionInfo new vendor sha256: /3Az3V1t9U4dw6kGVXZig8bviEcfpk/v+I+83PjsM2o= size: 743092224
03-28 06:16:23.113 1307 1307 I update_engine: [INFO:delta_performer.cc(271)] PartitionInfo new xbl sha256: JCMTYnqxLuI6N26VL0FzXuu2VmqJQ6x/9Deh0Zy5aAQ= size: 3485696
03-28 06:16:23.114 1307 1307 I update_engine: [INFO:delta_performer.cc(271)] PartitionInfo new xbl_config sha256: V1R4mrgJHX/PcddzaiF310Cv5GgDw1NnloNYhCpaY2Y= size: 94208
03-28 06:16:23.116 1307 1307 I update_engine: [libfs_mgr]dt_fstab: Skip disabled entry for partition vendor
03-28 06:16:23.117 1307 1307 I update_engine: [libfs_mgr]GetFstabPath()fstab_path:/odm/etc/fstab.default
03-28 06:16:23.119 1307 1307 I update_engine: [libfs_mgr]GetFstabPath()fstab_path:/vendor/etc/fstab.default
03-28 06:16:23.120 1307 1307 I update_engine: [libfs_mgr]GetFstabPath()fstab_path:/system/etc/fstab.default
03-28 06:16:23.121 1307 1307 I update_engine: [libfs_mgr]GetFstabPath()fstab_path:/first_stage_ramdisk/system/etc/fstab.default
03-28 06:16:23.123 1307 1307 I update_engine: [libfs_mgr]GetFstabPath()fstab_path:/fstab.default
03-28 06:16:23.124 1307 1307 I update_engine: [libfs_mgr]GetFstabPath()fstab_path:/first_stage_ramdisk/fstab.default
03-28 06:16:23.126 1307 1307 I update_engine: [libfs_mgr]GetFstabPath()fstab_path:/odm/etc/fstab.qcom
03-28 06:16:23.127 1307 1307 I update_engine: [libfs_mgr]GetFstabPath()fstab_path:/vendor/etc/fstab.qcom
03-28 06:16:23.129 1307 1307 I update_engine: [libfs_mgr]GetFstabPath()fstab_path.c_str():/vendor/etc/fstab.qcom
03-28 06:16:23.131 1307 1307 I update_engine: [INFO:dynamic_partition_control_android.cc(331)] Loaded metadata from slot B in /dev/block/bootdevice/by-name/super
03-28 06:16:23.132 1307 1307 I update_engine: [INFO:partition_writer_factory_android.cc(44)] Virtual AB Compression disabled, using Partition Writer for `abl`
03-28 06:16:23.134 1307 1307 I update_engine: [INFO:partition_writer.cc(295)] Opening /dev/block/bootdevice/by-name/abl_b partition without O_DSYNC
03-28 06:16:23.136 1307 1307 I update_engine: [INFO:partition_writer.cc(100)] Caching writes.
03-28 06:16:23.138 1307 1307 I update_engine: [INFO:partition_writer.cc(307)] Applying 1 operations to partition "abl"
03-28 06:16:23.142 1307 1307 I update_engine: [INFO:delta_performer.cc(488)] Starting to apply update payload operations
03-28 06:16:23.168 1307 1307 I update_engine: [INFO:partition_writer_factory_android.cc(44)] Virtual AB Compression disabled, using Partition Writer for `aop`
03-28 06:16:23.169 1307 1307 I update_engine: [INFO:partition_writer.cc(295)] Opening /dev/block/bootdevice/by-name/aop_b partition without O_DSYNC
03-28 06:16:23.171 1307 1307 I update_engine: [INFO:partition_writer.cc(100)] Caching writes.
03-28 06:16:23.173 1307 1307 I update_engine: [INFO:partition_writer.cc(307)] Applying 1 operations to partition "aop"
03-28 06:16:23.199 1307 1307 I update_engine: [INFO:partition_writer_factory_android.cc(44)] Virtual AB Compression disabled, using Partition Writer for `bluetooth`
03-28 06:16:23.201 1307 1307 I update_engine: [INFO:partition_writer.cc(295)] Opening /dev/block/bootdevice/by-name/bluetooth_b partition without O_DSYNC
03-28 06:16:23.203 1307 1307 I update_engine: [INFO:partition_writer.cc(100)] Caching writes.
03-28 06:16:23.205 1307 1307 I update_engine: [INFO:partition_writer.cc(307)] Applying 1 operations to partition "bluetooth"
03-28 06:16:23.217 649 663 I mpu_uart: [MSG-P:RECV]:No message received in 1000 ms
01-01 08:03:57.501 0 0 E DTC_ETH,link_delay_work_func: 3003, SQI=0, link=0
03-28 06:16:23.266 1307 1307 I update_engine: [INFO:partition_writer_factory_android.cc(44)] Virtual AB Compression disabled, using Partition Writer for `boot`
03-28 06:16:23.269 1307 1307 I update_engine: [INFO:partition_writer.cc(295)] Opening /dev/block/bootdevice/by-name/boot_b partition without O_DSYNC
03-28 06:16:23.271 1307 1307 I update_engine: [INFO:partition_writer.cc(100)] Caching writes.
03-28 06:16:23.273 1307 1307 I update_engine: [INFO:partition_writer.cc(307)] Applying 48 operations to partition "boot"
03-28 06:16:23.348 2896 2896 I hpplay-java: [main]:ServerTaskManager:restart by error
03-28 06:16:23.349 2896 2896 I hpplay-java: [main]:ServerTaskManager:startServer
03-28 06:16:23.349 2896 2896 I hpplay-java: [main]:ServerTaskManager:startServer add, reason: server is starting or running
03-28 06:16:23.349 2896 2896 I hpplay-java: [main]:ServerTaskManager:addStopTask
03-28 06:16:23.349 2896 2896 I hpplay-java: [main]:ServerTaskManager:addStartTask
03-28 06:16:23.349 2896 2896 I hpplay-java: [main]:ServerTaskManager:exeTask stopServer
03-28 06:16:23.349 2896 2896 I hpplay-java: [main]:Bridge:stopServer keepPush: false
03-28 06:16:23.349 2896 2896 D hpplay-base: [jniBridge:909] Bridge__1stopServer status:2
03-28 06:16:23.350 2896 2896 D hpplay-base: [LelinkBase:654] stopAllServer will start thread!
03-28 06:16:23.351 2896 5214 D hpplay-base: [AEventUtils:588] handle AEvent thread end!!,tid is 5214
03-28 06:16:23.351 2896 5249 I hpplay-base: [mDNSEmbeded:65] embedded_mDNSExit call
03-28 06:16:23.352 2896 5215 D hpplay-base: [REventUtils:197] handleREventThread thread end!!,tid is 5215
03-28 06:16:23.374 2896 5192 D hpplay-base: [stream_mirror_compat:1284] mirror stream begin to exit,server fd:80,thread_id:3123491264!!
03-28 06:16:23.374 2896 5192 D hpplay-base: [stream_mirror_compat:1323] ##screen stream exit successfully!!##
03-28 06:16:23.547 2896 5191 D hpplay-base: [Server:447] startHttpServer will END srv->serverType:0
03-28 06:16:23.547 2896 5191 D hpplay-base: [Server:646] startHttpServer cond srv_shutdown:1 connectNummber:0
03-28 06:16:23.547 2896 5191 D hpplay-base: [Server:669] startHttpServer wait cond END. srv_shutdown:1 connectNummber:0
03-28 06:16:23.547 2896 5191 D hpplay-base: [Server:457] HttpServer END, tid is 5191
03-28 06:16:23.613 2896 5211 I hpplay-base: [mDNSEmbeded:140] embedded_mDNSLoop Exiting end,tid is 5211
03-28 06:16:23.614 2896 5249 D hpplay-base: [mDNSEmbeded:452] stopmDNSServer end stopmDNSNow=2, nRet=0
03-28 06:16:23.839 2896 5212 I hpplay-base: [mDNSEmbeded:376] end lelink publish server, tid is 5212
03-28 06:16:23.839 2896 5249 D hpplay-base: [mDNSEmbeded:420] stopmLelinkServer end nRet=0
03-28 06:16:23.840 2896 5249 D hpplay-base: [LelinkBase:615] lebodlna stopServerThreadFunc dlnaEnable:1
03-28 06:16:23.840 2896 5249 D hpplay-base-dlna: [lebodlna_api:49] stop DMR
03-28 06:16:23.840 2896 5249 D hpplay-base-dlna: [lebodlna_api:344] m_pRender Release
03-28 06:16:23.895 2896 5249 D hpplay-base-dlna: [UpnpDefine:867] DMRender release success
03-28 06:16:23.896 2896 5249 D hpplay-base-dlna: [lebodlna_api:352] m_pAVT Release
03-28 06:16:23.896 2896 5249 D hpplay-base-dlna: [lebodlna_api:360] m_pRCS Release
03-28 06:16:23.896 2896 5249 D hpplay-base-dlna: [lebodlna_api:365] dmrender destroydmr
03-28 06:16:24.075 1307 1307 I update_engine: type=1400 audit(0.0:1826): avc: denied { kill } for capability=5 scontext=u:r:update_engine:s0 tcontext=u:r:update_engine:s0 tclass=capability permissive=1
03-28 06:16:24.196 2896 5249 D hpplay-base-dlna: [lebodlna-dlna_android:186] stopDLNA
03-28 06:16:24.196 2896 5249 D hpplay-base-dlna: [lebodlna-dlna_android:189] dlnaservice destroy
03-28 06:16:24.196 2896 5249 D hpplay-base-dlna: [lebodlna-dlna_android:49] dlnaservice Destroy 49 int CDlnaService::Destroy()
03-28 06:16:24.196 2896 5249 D hpplay-base-dlna: [lebodlna-dlnaframe:245] dlnaservice Destroy 245 static ERROR_TYPE IDlnaFrame::DestroyDlnaFrame(IDlnaFrame *)
03-28 06:16:24.196 2896 5249 D hpplay-base-dlna: [lebodlna-dlnaframe:179] dlnaservice Destroy 179 virtual void CDlnaFrame::Release()
03-28 06:16:24.196 2896 5249 D hpplay-base-dlna: [lebodlna-dlnaframe:190] dlnaservice Destroy 190 virtual void CDlnaFrame::Release()
03-28 06:16:24.196 2896 5249 D hpplay-base-dlna: [lebodlna-dlnaframe:192] dlnaservice Destroy 192 virtual void CDlnaFrame::Release()
03-28 06:16:24.196 2896 5249 D hpplay-base-dlna: [lebodlna-dlnaframe:247] dlnaservice Destroy 247 static ERROR_TYPE IDlnaFrame::DestroyDlnaFrame(IDlnaFrame *)
03-28 06:16:24.196 2896 5249 D hpplay-base-dlna: [lebodlna-dlnaframe:251] dlnaservice Destroy 251 static ERROR_TYPE IDlnaFrame::DestroyDlnaFrame(IDlnaFrame *)
03-28 06:16:24.198 2896 5249 E hpplay-base-dlna: upnpapi.c:655::before gminiserver ThreadPoolShutdown
03-28 06:16:24.198 2896 5249 E hpplay-base-dlna: ThreadPool.c:1047::on ThreadPoolShutdown tp->totalThreads:3
03-28 06:16:24.199 2896 5249 E hpplay-base-dlna: ThreadPool.c:1056::after ThreadPoolShutdown
03-28 06:16:24.199 2896 5249 E hpplay-base-dlna: ThreadPool.c:1057::ThreadPoolShutdown tp->totalThreads:0
03-28 06:16:24.199 2896 5249 E hpplay-base-dlna: upnpapi.c:657::after gminiserver ThreadPoolShutdown
03-28 06:16:24.199 2896 5249 E hpplay-base-dlna: upnpapi.c:659::before grecv ThreadPoolShutdown
03-28 06:16:24.199 2896 5249 E hpplay-base-dlna: ThreadPool.c:1047::on ThreadPoolShutdown tp->totalThreads:12
03-28 06:16:24.200 2896 5249 E hpplay-base-dlna: ThreadPool.c:1056::after ThreadPoolShutdown
03-28 06:16:24.200 2896 5249 E hpplay-base-dlna: ThreadPool.c:1057::ThreadPoolShutdown tp->totalThreads:0
03-28 06:16:24.200 2896 5249 E hpplay-base-dlna: upnpapi.c:661::after grecv ThreadPoolShutdown
03-28 06:16:24.200 2896 5249 E hpplay-base-dlna: upnpapi.c:663::before gsend ThreadPoolShutdown
03-28 06:16:24.200 2896 5249 E hpplay-base-dlna: ThreadPool.c:1047::on ThreadPoolShutdown tp->totalThreads:3
03-28 06:16:24.200 2896 5249 E hpplay-base-dlna: ThreadPool.c:1047::on ThreadPoolShutdown tp->totalThreads:2
03-28 06:16:24.200 2896 5249 E hpplay-base-dlna: ThreadPool.c:1047::on ThreadPoolShutdown tp->totalThreads:1
03-28 06:16:24.200 2896 5249 E hpplay-base-dlna: ThreadPool.c:1056::after ThreadPoolShutdown
03-28 06:16:24.200 2896 5249 E hpplay-base-dlna: ThreadPool.c:1057::ThreadPoolShutdown tp->totalThreads:0
03-28 06:16:24.200 2896 5249 E hpplay-base-dlna: upnpapi.c:665::after gsend ThreadPoolShutdown
03-28 06:16:24.200 2896 5249 D hpplay-base-dlna: [lebodlna-dlnaframe:253] dlnaservice Destroy 253 static ERROR_TYPE IDlnaFrame::DestroyDlnaFrame(IDlnaFrame *)
03-28 06:16:24.200 2896 5249 D hpplay-base-dlna: [lebodlna-dlna_android:51] dlnaservice Destroy 51 int CDlnaService::Destroy()
03-28 06:16:24.200 2896 5249 D hpplay-base-dlna: [lebodlna-dlna_android:194] stopDLNA end
03-28 06:16:24.217 649 663 I mpu_uart: [MSG-P:RECV]:No message received in 1000 ms
03-28 06:16:24.299 649 662 I mpu_uart: [MSG-P:R]:recv sync frame timeout
03-28 06:16:24.500 2896 5249 D hpplay-base: [stream_mirror_compat:1489] request to stop screen stream session!!
03-28 06:16:24.501 2896 5249 D hpplay-base: [AEventUtils:625] begin to stop event handle service!!
03-28 06:16:24.501 2896 5249 D hpplay-base: [AEventUtils:628] stop event handle service ok!!
03-28 06:16:24.501 2896 5249 D hpplay-base: [REventUtils:231] begin to stop report handle service!!
03-28 06:16:24.501 2896 5249 D hpplay-base: [REventUtils:234] stop report handle service ok!!
03-28 06:16:24.501 2896 5249 D hpplay-base: [lelinkSinkServer:711] HTTP Server stopSinkServer End .
03-28 06:16:24.501 2896 5249 D hpplay-base: [jniBridge:1135] notifyJavaServerStoped
03-28 06:16:24.501 2896 5249 D hpplay-base: [jniBridge:1726] notifyJava, what:202, castType:0, mimeType:0 baseStatus:4
03-28 06:16:24.501 2896 5249 D hpplay-base: [jniBridge:1727] notifyJava sessionID:(null)
03-28 06:16:24.502 2896 5249 I hpplay-java: [Thread-89]:Bridge:notify: what: 202
03-28 06:16:24.503 2896 5249 I hpplay-java: [Thread-89]:Bridge:notify: out: OutParameters:{audioSessionId=-1, audiotrackIndex=0, castHandleType=-1, castType=0, deviceName='', dlnaName='', dramaID='', extra=0, frameHandleType=-1, handleInside=true, headduration=0, header='', headers=null, isAD=false, isMultiMirror=false, lelinkVer='', limitTime=0, , mediaAlbum='null', mediaAlbumArtURI='', mediaArtist='null', mediaAssets='', mediaTitle='null', mimeType=0, multiSession=null, period=0, pinCode='', playSpeed=0.0, playerChoice=0, plugin=0, port=0, position=0.0, positionUnit=2, protocol=0, realSessionID='', regType='', , sinkIp='', sourceAPPVersion='', sourceChannel='', sourceClientInfo='', sourceDeviceInfo='', sourceDeviceModel='', sourceDeviceName='', sourceDeviceType=0, sourceHID='', , sourceInfo='', , , sourceOSVersion='', sourceSDKVersion='', sourceUid='', stopDetail=0, stopReason=0, tailduration=0, url='', urlID='', urls=null, userAgent='', videoDecoder=0, volume=0, what=202}com.hpplay.sdk.sink.protocol.OutParameters@d8f3b4c
03-28 06:16:24.503 2896 5249 I hpplay-java: [Thread-89]:Bridge:notify: address:47552405
03-28 06:16:24.503 2896 5249 D hpplay-base: [LelinkBase:645] stopServerThreadFunc notifyJavaServerStoped!
03-28 06:16:24.504 2896 2896 I hpplay-java: [main]:ServerTaskManager:startTimeOutCheck
03-28 06:16:24.504 2896 2896 I hpplay-java: [main]:ServerBusiness:stopDaemonBusiness
03-28 06:16:24.504 2896 2896 I hpplay-java: [main]:SinkDataReport:logout
03-28 06:16:24.504 2896 2896 I hpplay-java: [main]:EPControl:release
03-28 06:16:24.507 2896 3853 I hpplay-java: [AsyncTask #6]:GlideCreator:clearCache clearDiskCache
03-28 06:16:24.508 2896 2896 I hpplay-java: [main]:Dispatcher:notifyAllReverseControlsStop
03-28 06:16:24.508 2896 2896 I hpplay-java: [main]:Preference:checkFeature none
03-28 06:16:24.508 2896 2896 I hpplay-java: [main]:Dispatcher:notifyAllUIControlsStop set: []
03-28 06:16:24.508 2896 2896 I hpplay-java: [main]:Bridge:findServiceID start out: 47552405
03-28 06:16:24.508 2896 2896 I hpplay-java: [main]:Bridge:findServiceID end
03-28 06:16:24.508 2896 2896 I hpplay-java: [main]:ServerTaskManager:onStop retry:true
03-28 06:16:24.508 2896 5186 W hpplay-java: NanoHTTPDServerRunnable:Communication with the client broken
03-28 06:16:24.508 2896 5186 W hpplay-java: java.net.SocketException: Socket closed
03-28 06:16:24.508 2896 5186 W hpplay-java: at java.net.PlainSocketImpl.socketAccept(PlainSocketImpl.java:213)
03-28 06:16:24.508 2896 5186 W hpplay-java: at java.net.AbstractPlainSocketImpl.accept(AbstractPlainSocketImpl.java:451)
03-28 06:16:24.508 2896 5186 W hpplay-java: at java.net.ServerSocket.implAccept(ServerSocket.java:547)
03-28 06:16:24.508 2896 5186 W hpplay-java: at java.net.ServerSocket.accept(ServerSocket.java:515)
03-28 06:16:24.508 2896 5186 W hpplay-java: at com.hpplay.nanohttpd.protocols.http.ServerRunnable.run(SourceFile:118)
03-28 06:16:24.508 2896 5186 W hpplay-java: at java.lang.Thread.run(Thread.java:920)
03-28 06:16:24.508 2896 2896 I hpplay-java: [main]:ServerTaskManager:cancelTimeOutCheck
03-28 06:16:24.508 2896 5186 I hpplay-java: NanoHTTPDNanoHTTPD:server is stoped
03-28 06:16:24.509 2896 5186 I hpplay-java: NanoHTTPDNanoHTTPD:clear obj
03-28 06:16:24.509 2896 2896 I hpplay-java: [main]:IPManager:getActiveNets type: WIFI
03-28 06:16:24.509 2896 2896 I hpplay-java: [main]:IPManager:getActiveNets eth0:false wifi:true mobile:false ap:false
03-28 06:16:24.509 2896 2896 I hpplay-java: [main]:IPManager:getIPAddress IP_WLAN0
03-28 06:16:24.510 2896 2896 I hpplay-java: [main]:IPManager:updateIPAddress getIPAddress: 192.168.4.16 name:vlan4
03-28 06:16:24.510 2896 2896 I hpplay-java: [main]:IPManager:updateIPAddress getIPAddress: 10.0.0.129 name:wlan0
03-28 06:16:24.510 2896 2896 I hpplay-java: [main]:IPManager:updateIPAddress getIPAddress: 192.168.8.16 name:vlan8
03-28 06:16:24.510 2896 2896 I hpplay-java: [main]:IPManager:updateIPAddress getIPAddress: 192.168.11.16 name:vlan11
03-28 06:16:24.510 2896 2896 I hpplay-java: [main]:IPManager:updateIPAddress getIPAddress: 192.168.0.16 name:vlan0
03-28 06:16:24.511 2896 2896 I hpplay-java: [main]:IPManager:updateIPAddress getIPAddress: 192.168.2.16 name:vlan2
03-28 06:16:24.511 2896 2896 I hpplay-java: [main]:IPManager:updateIPAddress getIPAddress: 192.168.1.16 name:vlan1
03-28 06:16:24.511 2896 2896 I hpplay-java: [main]:ServerTaskManager:exeTask startServer
03-28 06:16:24.511 2896 2896 I hpplay-java: [main]:ServerTaskManager:startTimeOutCheck
03-28 06:16:24.512 2896 5250 I hpplay-java: [AsyncTask #34]:ServerBusiness:startDaemonBusiness
03-28 06:16:24.512 2896 4014 I hpplay-java: [AsyncTask #17]:Bridge:assembleInParameters
03-28 06:16:24.512 2896 5250 I hpplay-java: [AsyncTask #34]:TimeOutCheckUtil:addTask id:upgrade
03-28 06:16:24.512 2896 5250 I hpplay-java: [AsyncTask #34]:TimeOutCheckUtil:addTask id:ijkupgrade
03-28 06:16:24.512 2896 4014 I hpplay-java: [AsyncTask #17]:Bridge:createDeviceId deviceId:Nzc6OTA6MDY6MmM6ZWM6MTU=
03-28 06:16:24.512 2896 4014 I hpplay-java: [AsyncTask #17]:IPManager:getActiveNets type: WIFI
03-28 06:16:24.512 2896 4014 I hpplay-java: [AsyncTask #17]:IPManager:getActiveNets eth0:false wifi:true mobile:false ap:false
03-28 06:16:24.513 2896 4014 I hpplay-java: [AsyncTask #17]:IPManager:getIPAddress IP_WLAN0
03-28 06:16:24.513 2896 5251 I hpplay-java: NanoHTTPDNanoHTTPD:server is started
03-28 06:16:24.513 2896 4014 I hpplay-java: [AsyncTask #17]:Preference:checkFeature none
03-28 06:16:24.513 2896 4014 I hpplay-java: [AsyncTask #17]:SWI:dlna tip
03-28 06:16:24.513 2896 4014 I hpplay-java: [AsyncTask #17]:SWI:lefp tip
03-28 06:16:24.513 2896 4014 I hpplay-java: [AsyncTask #17]:Bridge:assembleInParameters none alias name use device name: 高合娱乐副屏
03-28 06:16:24.513 2896 4014 I hpplay-java: [AsyncTask #17]:Feature:isSendAdvertisement
03-28 06:16:24.513 2896 4014 I hpplay-java: [AsyncTask #17]:Preference:checkFeature none
03-28 06:16:24.514 2896 4014 I hpplay-java: [AsyncTask #17]:Preference:checkFeature none
03-28 06:16:24.514 2896 4014 I hpplay-java: [AsyncTask #17]:Bridge:backupHpplayDat bakPath:
03-28 06:16:24.514 2896 4014 I hpplay-java: [AsyncTask #17]:Bridge:path:/data/user/0/com.hht.lebocast/files/hpplay/file/happyplay.dat
03-28 06:16:24.514 2896 4014 I hpplay-java: [AsyncTask #17]:Bridge:mAppId:21409
03-28 06:16:24.514 2896 4014 I hpplay-java: [AsyncTask #17]:Bridge:mode:3
03-28 06:16:24.514 2896 4014 I hpplay-java: [AsyncTask #17]:Bridge:type:1
03-28 06:16:24.514 2896 4014 I hpplay-java: [AsyncTask #17]:Bridge:SN:
03-28 06:16:24.514 2896 4014 I hpplay-java: [AsyncTask #17]:Preference:checkFeature none
03-28 06:16:24.514 2896 4014 I hpplay-java: [AsyncTask #17]:Bridge:backPath:
03-28 06:16:24.514 2896 4014 I hpplay-java: [AsyncTask #17]:DeviceUtil:getPermissionDid: 1
03-28 06:16:24.514 2896 4014 I hpplay-java: [AsyncTask #17]:DeviceUtil:getPermissionDid: 1
03-28 06:16:24.514 2896 4014 I hpplay-java: [AsyncTask #17]:BPIFileUtil:getMd5ByFile: 0FA04FD08975C81CDD9275F6AE23A020
03-28 06:16:24.514 2896 4014 I hpplay-java: [AsyncTask #17]:Preference:checkFeature none
03-28 06:16:24.514 2896 4014 I hpplay-java: [AsyncTask #17]:Preference:checkFeature none
03-28 06:16:24.514 2896 4014 I hpplay-java: [AsyncTask #17]:Preference:checkFeature none
03-28 06:16:24.514 2896 4014 I hpplay-java: [AsyncTask #17]:Preference:checkFeature none
03-28 06:16:24.514 2896 4014 I hpplay-java: [AsyncTask #17]:Preference:checkFeature none
03-28 06:16:24.523 2896 5250 W hpplay-java: [AsyncTask #34]:ServerBusiness:startDaemonBusiness start LelinkHTTPD sucess 52288
03-28 06:16:24.527 2896 2896 I hpplay-java: [main]:ServerBusiness:get deviceCode:2438898122
03-28 06:16:24.531 2896 4014 W hpplay-java: [AsyncTask #17]:DeviceUtils:getDomain create lb domain
03-28 06:16:24.531 2896 4014 I hpplay-java: [AsyncTask #17]:Feature:getMirrorAudioVideoSync DISABLE
03-28 06:16:24.531 2896 4014 I hpplay-java: [AsyncTask #17]:Feature:checkSupportRedirectOtherApp,no set redirect api
03-28 06:16:24.531 2896 4014 I hpplay-java: [AsyncTask #17]:Feature:getRedirectSearchFlag,value: 0
03-28 06:16:24.532 2896 4014 I hpplay-java: [AsyncTask #17]:Bridge:mIn: InParameters{appInfo='0', appKey='21409', authMode=0, authPwd='null', broadcastDirection=0, broadcastState=1, broadcastTimeout=3, buildType='release', cacheAVPath='/data/user/0/com.hht.lebocast/cache/hpplay/av', cachePhotoPath='/data/user/0/com.hht.lebocast/cache/hpplay/image', channel='LEBO-APK--60146-25915', desPath='/data/user/0/com.hht.lebocast/files/hpplay/file/config/dcf', , deviceName='高合娱乐副屏', dlna=1, dlnaCompany='Microsoft Corporation', dlnaCompanyURL='http://www.microsoft.com', dlnaDeviceDescribe='Media Renderer', dlnaDeviceName='Windows Media Player', dlnaDeviceURL='http://go.microsoft.com/fwlink/Linkld=105927', dlnaLelinkSwitch=1, dlnaManufacturer=0, dlnaName='高合娱乐副屏', dlnaUPC='null', dlnaUUID='5bdabc8b-fbb2-81e5-159c-21871da08aee', domain='Lebo-figure-1e982b1b75ee', drainage=0, feature='6655', fps=60, height=1080, host='null', , keyPath='/data/user/0/com.hht.lebocast/files/hpplay/file', lelinkfp=1, lelinkfp2=0, logBaseState=1, logPath='/storage/emulated/0/com.hht.lebocast/sink/sdk/common', , mdnsEnable=1, mirrorSyncType=0, netCastVer='2.0', packageName='com.hht.lebocast', packagePath='/data/user/0/com.hht.lebocast', permissionDid='1e:98:2b:1b:75:ee', permissionMode=3, permissionPreSN='', port=0, preemptMode=0, regType='_leboremote._tcp.', serverPorts=null, sockWaitTimeOut=45, teleControlPort=53388, tunnels=3, txtKeys=null, txtValues=null, uid='10000039936617', videoFrameType=1001, width=1920}com.hpplay.sdk.sink.protocol.InParameters@a8e9184
03-28 06:16:24.532 2896 2896 I hpplay-java: [main]:Bridge:startServer state: 0
03-28 06:16:24.532 2896 2896 D hpplay-base: [jniBridge:185] not conference version
03-28 06:16:24.532 2896 2896 I hpplay-base: [jniBridge:241] 1initServer nSettingWidth=1920 nSettingHeight=1080 nSettingMaxFPS=60 dlnaEnable=1 lelinkFpEnable=1
03-28 06:16:24.532 2896 2896 D hpplay-base: [jniBridge:283] 1initServer cfg.leLinkIp=10.0.0.129
03-28 06:16:24.532 2896 2896 D hpplay-base: [jniBridge:286] 1initServer cfg.mPermissionMode=3
03-28 06:16:24.532 2896 2896 D hpplay-base: [jniBridge:304] 1initServer cfg.permissionDid=1e:98:2b:1b:75:ee000000000000000
03-28 06:16:24.532 2896 2896 D hpplay-base: [jniBridge:313] 1initServer cfg.mPermissionPreSN=00000000000000000000000000000000
03-28 06:16:24.532 2896 2896 D hpplay-base: [jniBridge:317] Bridge___1initServer status:0
03-28 06:16:24.532 2896 2896 I hpplay-base: [jniBridge:325] 1initServer cfg.feature=6655
03-28 06:16:24.532 2896 2896 D hpplay-base: [jniBridge:377] 1initServer isSendBroadCast=3
03-28 06:16:24.532 2896 2896 D hpplay-base: [jniBridge:380] 1initServer broadcastDirection=0
03-28 06:16:24.532 2896 2896 D hpplay-base: [jniBridge:382] 1initServer ipBroadcast direction=0
03-28 06:16:24.532 2896 2896 D hpplay-base: [jniBridge:387] 1initServer tunnel=3
03-28 06:16:24.532 2896 2896 D hpplay-base: [jniBridge:390] 1initServer drainage=0
03-28 06:16:24.532 2896 2896 D hpplay-base: [jniBridge:401] 1initServer mDNSEnable=1
03-28 06:16:24.532 2896 2896 D hpplay-base: [jniBridge:406] 1initServer nSockWaitTimeOut=45
03-28 06:16:24.532 2896 2896 D hpplay-base: [jniBridge:410] 1initServer nMirrorAudioVideoSync=0
03-28 06:16:24.532 2896 2896 I hpplay-base: [sign_check:168] checkSign strPackageName:com.hht.lebocast
03-28 06:16:24.532 2896 2896 I hpplay-base: [sign_check:169] checkSign buildType:release
03-28 06:16:24.532 2896 2896 I hpplay-base: [sign_check:170] checkSign appKey:21409
03-28 06:16:24.532 2896 2896 D hpplay-base: [LelinkBase:405] bridgeInit port: 0, lelinkfp: 0
03-28 06:16:24.532 2896 2896 D hpplay-base: [LelinkBase:462] bridgeInit mPackagePath =/data/user/0/com.hht.lebocast
03-28 06:16:24.532 2896 2896 D hpplay-base: [LelinkBase:463] bridgeInit mKeyPath =/data/user/0/com.hht.lebocast/files/hpplay/file
03-28 06:16:24.532 2896 2896 D hpplay-base: [SinkContext:97] initSinkContext mPackagePath =/data/user/0/com.hht.lebocast
03-28 06:16:24.532 2896 2896 D hpplay-base: [SinkContext:98] initSinkContext mKeyPath =/data/user/0/com.hht.lebocast/files/hpplay/file
03-28 06:16:24.533 2896 2896 D hpplay-base: [jniBridge:478] Java_com_hpplay_sdk_sink_protocol_Bridge__1initServer end
03-28 06:16:24.533 2896 2896 D hpplay-base: [jniBridge:869] Bridge__1startServer status:1
03-28 06:16:24.533 2896 2896 D hpplay-base: [LelinkBase:492] startAllServer at base
03-28 06:16:24.533 2896 2896 D hpplay-base: [lelinkSinkServer:152] httpPlugins_SetServerPort TYPE_SERVER_LELINK:52266
03-28 06:16:24.533 2896 2896 D hpplay-base: [network.c:362] protocol bind host :10.0.0.129 port:52266 curent bind port:52266
03-28 06:16:24.533 2896 2896 D hpplay-base: [lelinkSinkServer:681] HTTP Server real at:52266
03-28 06:16:24.533 2896 5258 D hpplay-base: [lelinkSinkServer:644] Connected Service Type:0
03-28 06:16:24.533 2896 2896 D hpplay-base: [ScreenStream:1285] current bind port:7100
03-28 06:16:24.533 2896 5258 I hpplay-base: : (server.c.315) startServer listen_ing....:
03-28 06:16:24.533 2896 5258 D hpplay-base: [Server:371] startHttpServer srv_sockets.used:1 nCurrentFd:79, tid is 5258
03-28 06:16:24.533 2896 2896 D hpplay-base: [LelinkBase:515] startAllServer pBaseContext->config.dlnaEnable:1
03-28 06:16:24.533 2896 2896 D hpplay-base: [lelinkDlna:324] addDMRCallback end
03-28 06:16:24.533 2896 5259 D hpplay-base: [stream_mirror_compat:759] compat mirror stream begin to run,server fd:80,thread_id:3115069888!!
03-28 06:16:24.535 2896 2896 E hpplay-base-dlna: miniserver.c:788::dlna_port(ipv4: 49152 ipv6:0)
03-28 06:16:24.551 2896 3853 I hpplay-java: [AsyncTask #6]:HttpRequest:doGet responseCode:200 0
01-01 08:03:58.838 0 0 I qcom_rpmh DRV: apps_rsc TCS Busy, retrying RPMH message send: addr=0x50000
03-28 06:16:24.586 2896 2896 D hpplay-base-dlna: [lebodlna-dlnaframe:166] succeed to load lebodlnaplugin
03-28 06:16:24.586 2896 2896 D hpplay-base-dlna: [lebodlna-dlnaframe:232] Succeed to load specified plugin:lebodlna_plugin
03-28 06:16:24.586 2896 2896 D hpplay-base: [lelinkDlna:328] startDLNAServer ret=0
03-28 06:16:24.586 2896 2896 D hpplay-base: [LelinkBase:531] startDLNAServer ret= 0
03-28 06:16:24.586 2896 2896 D hpplay-base: [lelinkDlna:342] setDMRFriendlyName 高合娱乐副屏
03-28 06:16:24.586 2896 2896 D hpplay-base-dlna: [lebodlna-dlna_android:136] setBroadcastTimeout mBroadcastTimeOut=66 status=3!
03-28 06:16:24.586 2896 2896 D hpplay-base-dlna: [lebodlna_api:32] start DMR
03-28 06:16:24.586 2896 2896 D hpplay-base-dlna: [UpnpDefine:434] RegisterDMRender invalid lelink info
03-28 06:16:24.587 2896 2896 D hpplay-base-dlna: [UpnpDefine:551] DLNA DESCRIPTION FROME SERVER
03-28 06:16:24.588 2896 2896 E hpplay-base-dlna: upnpapi.c:1078::Exiting RegisterRootDevice2 *Hnd =1, return value == 0
03-28 06:16:24.588 2896 2896 D hpplay-base-dlna: [CUpnpDevice:41] Register Root Device 2:0
03-28 06:16:24.588 2896 2896 D hpplay-base-dlna: [UpnpDefine:794] ESDMRender:Register success
03-28 06:16:24.588 2896 2896 D hpplay-base-dlna: [lebodlna_api:41] sendBroadcast mBroadcastTimeOut=3
03-28 06:16:24.588 2896 2896 D hpplay-base-dlna: [lebodlna_api:44] sendBroadcast timeout=66
03-28 06:16:24.643 2896 2896 D hpplay-base: [lelinkDlna:361] startDLNADevice dlnaManufacturer:0 ret=0
03-28 06:16:24.643 2896 2896 D hpplay-base: [LelinkBase:535] lelinkSetDlnaInfo ret= 0
03-28 06:16:24.643 2896 2896 D hpplay-base: [LelinkBase:547] startAllServer pBaseContext->config.mDNSEnable:1
03-28 06:16:24.643 2896 2896 D hpplay-base: [base_mdns:509] mdns net.hostname:
03-28 06:16:24.643 2896 2896 D hpplay-base: [base_mdns:529] mdns namelabel:-36-7C-7C-00-00-0F
03-28 06:16:24.643 2896 2896 D hpplay-base: [base_mdns:509] mdns net.hostname:
03-28 06:16:24.643 2896 2896 D hpplay-base: [base_mdns:529] mdns namelabel:-36-7C-7C-00-00-0F
03-28 06:16:24.643 2896 2896 D hpplay-base: [mdns:813] mdns start bind port:0
03-28 06:16:24.644 2896 2896 D hpplay-base: [mdns:813] mdns start bind port:5353
03-28 06:16:24.644 2896 2896 D hpplay-base: [mdns:813] mdns start bind port:5353
03-28 06:16:24.644 2896 2896 D hpplay-base: [mdns:813] mdns start bind port:5353
03-28 06:16:24.645 2896 2896 D hpplay-base: [mdns:813] mdns start bind port:5353
03-28 06:16:24.645 2896 2896 D hpplay-base: [mdns:813] mdns start bind port:5353
03-28 06:16:24.645 2896 2896 D hpplay-base: [mdns:813] mdns start bind port:5353
03-28 06:16:24.645 2896 2896 D hpplay-base: [mdns:813] mdns start bind port:5353
03-28 06:16:24.647 2896 2896 I hpplay-base: [mDNSEmbeded:57] embedded_mDNSInit stopmDNSNow:0 status:0
03-28 06:16:24.647 2896 2896 D hpplay-base: [mDNSEmbeded:436] startmDNSServer end nRet=0
03-28 06:16:24.647 2896 2896 D hpplay-base: [LelinkBase:555] lelink broadcast_on_off:1 log2java_on_off:1
03-28 06:16:24.647 2896 2896 D hpplay-base: [AEventUtils:595] request to start event handle service!!
03-28 06:16:24.647 2896 2896 D hpplay-base: [AEventUtils:603] start_event_handle_service,begin to run!!
03-28 06:16:24.647 2896 2896 D hpplay-base: [REventUtils:210] start_event_handle_service,begin to run!!
03-28 06:16:24.648 2896 2896 D hpplay-base: [LelinkBase:576] startAllServer success .
03-28 06:16:24.648 2896 5272 D hpplay-base: [mDNSEmbeded:197] http_port bind check 197 http_port_check
03-28 06:16:24.648 2896 2896 D hpplay-base: [jniBridge:894] startDlna_link:http://10.0.0.129:49152/description.xml
03-28 06:16:24.648 2896 5271 I hpplay-base: [mDNSEmbeded:268] start lelink publish server, tid is 5271
03-28 06:16:24.649 2896 5274 D hpplay-base: [REventUtils:59] create handleREventThread thread ok!!,tid is 5274
03-28 06:16:24.649 2896 5275 D hpplay-base: [jniBridge:1081] notifyJavaDlnalink:http://10.0.0.129:49152/description.xml
03-28 06:16:24.649 2896 5275 D hpplay-base: [jniBridge:1726] notifyJava, what:207, castType:0, mimeType:0 baseStatus:2
03-28 06:16:24.649 2896 5275 D hpplay-base: [jniBridge:1727] notifyJava sessionID:(null)
03-28 06:16:24.649 2896 5272 D hpplay-base: [mDNSEmbeded:217] http_port bind check 217 http_port_check
03-28 06:16:24.649 2896 5272 D hpplay-base: [mDNSEmbeded:222] http_port bind check 222 http_port_check
03-28 06:16:24.649 2896 5270 D hpplay-base: [LelinkMDNS:729] leboAuthorizationCheck strUuid=1e:98:2b:1b:75:ee000000000000000
03-28 06:16:24.649 2896 5270 D hpplay-base: [LelinkMDNS:730] leboAuthorizationCheck mPermissionDid=1e:98:2b:1b:75:ee000000000000000
03-28 06:16:24.650 2896 5270 D hpplay-base: [LelinkMDNS:755] leboAuthorizationCheck mPermissionMac=1e:98:2b:1b:75:ee000000000000000
03-28 06:16:24.650 2896 5275 I hpplay-java: [Thread-91]:Bridge:notify: what: 207
03-28 06:16:24.650 2896 5275 I hpplay-java: [Thread-91]:Bridge:notify: out: OutParameters:{audioSessionId=-1, audiotrackIndex=0, castHandleType=-1, castType=0, deviceName='http://10.0.0.129:49152/description.xml', dlnaName='', dramaID='', extra=0, frameHandleType=-1, handleInside=true, headduration=0, header='', headers=null, isAD=false, isMultiMirror=false, lelinkVer='', limitTime=0, , mediaAlbum='null', mediaAlbumArtURI='', mediaArtist='null', mediaAssets='', mediaTitle='null', mimeType=0, multiSession=null, period=0, pinCode='', playSpeed=0.0, playerChoice=0, plugin=0, port=0, position=0.0, positionUnit=2, protocol=0, realSessionID='', regType='', , sinkIp='', sourceAPPVersion='', sourceChannel='', sourceClientInfo='', sourceDeviceInfo='', sourceDeviceModel='', sourceDeviceName='', sourceDeviceType=0, sourceHID='', , sourceInfo='', , , sourceOSVersion='', sourceSDKVersion='', sourceUid='', stopDetail=0, stopReason=0, tailduration=0, url='', urlID='', urls=null, userAgent='', videoDecoder=0, volume=0, what=207}com.hpplay.sdk.sink.protocol.OutParameters@d595e50
03-28 06:16:24.650 2896 5275 I hpplay-java: [Thread-91]:Bridge:notify: address:195672137
03-28 06:16:24.652 2896 5272 D hpplay-base: [mDNSEmbeded:234] http_port bind check 234 http_port_check port:52266
03-28 06:16:24.652 2896 5272 D hpplay-base: [mDNSEmbeded:237] http_port bind check 237 http_port_check
03-28 06:16:24.653 2896 5273 D hpplay-base: [AEventUtils:171] create handle AEvent thread ok!!,tid is 5273
03-28 06:16:24.653 2896 5277 D hpplay-base: [lelinkSinkServer:93] new client connection from 127.0.0.1 29348, fd=164
03-28 06:16:24.653 2896 5277 D hpplay-base: [SinkContext:137] addSinkContextSession,begin to run!!
03-28 06:16:24.653 2896 5277 D hpplay-base: [SinkContext:142] addSinkContextSession,begin to get lock!!
03-28 06:16:24.653 2896 5277 D hpplay-base: [SinkContext:144] addSinkContextSession,get lock ok!!
03-28 06:16:24.653 2896 5277 D hpplay-base: [SinkContext:149] addSinkContextSession,session list is null,begin to malloc!!
03-28 06:16:24.653 2896 5277 D hpplay-base: [SinkContext:156] addSinkContextSession,begin to update!!
03-28 06:16:24.653 2896 5277 D hpplay-base: [SinkContext:160] addSinkContextSession,begin to update header!!
03-28 06:16:24.653 2896 5277 D hpplay-base: [SinkContext:172] addSinkContextSession,begin to unlock!!
03-28 06:16:24.653 2896 5277 D hpplay-base: [SinkContext:174] addSinkContextSession,unlock ok!!
03-28 06:16:24.653 2896 5277 D hpplay-base: [LelinkReceiver:4908] get ping !!!
03-28 06:16:24.653 2896 5272 D hpplay-base: [mDNSEmbeded:240] http_port bind check 240 http_port_check recieved:64
03-28 06:16:24.653 2896 5272 D hpplay-base: [mDNSEmbeded:243] http_port bind check 243 http_port_check
03-28 06:16:24.653 2896 5272 D hpplay-base: [mDNSEmbeded:244] http_port bind check ok!
03-28 06:16:24.854 2896 5277 I hpplay-base: [LelinkReceiver:14605] _connectionFinalize (164)
03-28 06:16:24.854 2896 5277 D hpplay-base: [LelinkReceiver:14752] ###connectionFinalize,release ok!!###
03-28 06:16:24.859 4479 4495 D UpdateEngineStatus: onStatusUpdate:DownloadingPercent 0.010093755%
03-28 06:16:25.217 649 663 I mpu_uart: [MSG-P:RECV]:No message received in 1000 ms
03-28 06:16:26.015 1306 1369 E tlogd : [TzLogger](isPathReadable) file /sys/kernel/debug/tzdbg/qsee_log isn't exist or no permission, err: No such file or directory
03-28 06:16:26.015 1306 1369 E tlogd : [TzLogger](saveTzlogAsync) /sys/kernel/debug/tzdbg/qsee_log can not read.
03-28 06:16:26.015 1306 1369 E tlogd : [TzLogger](isPathReadable) file /sys/kernel/debug/tzdbg/log isn't exist or no permission, err: No such file or directory
03-28 06:16:26.015 1306 1369 E tlogd : [TzLogger](saveTzlogAsync) /sys/kernel/debug/tzdbg/log can not read.
03-28 06:16:26.188 1307 1307 I update_engine: [INFO:partition_writer_factory_android.cc(44)] Virtual AB Compression disabled, using Partition Writer for `cmnlib`
03-28 06:16:26.191 1307 1307 I update_engine: [INFO:partition_writer.cc(295)] Opening /dev/block/bootdevice/by-name/cmnlib_b partition without O_DSYNC
03-28 06:16:26.193 1307 1307 I update_engine: [INFO:partition_writer.cc(100)] Caching writes.
03-28 06:16:26.195 1307 1307 I update_engine: [INFO:partition_writer.cc(307)] Applying 1 operations to partition "cmnlib"
03-28 06:16:26.217 649 663 I mpu_uart: [MSG-P:RECV]:No message received in 1000 ms
03-28 06:16:26.275 1307 1307 I update_engine: [INFO:partition_writer_factory_android.cc(44)] Virtual AB Compression disabled, using Partition Writer for `cmnlib64`
03-28 06:16:26.277 1307 1307 I update_engine: [INFO:partition_writer.cc(295)] Opening /dev/block/bootdevice/by-name/cmnlib64_b partition without O_DSYNC
03-28 06:16:26.278 1307 1307 I update_engine: [INFO:partition_writer.cc(100)] Caching writes.
03-28 06:16:26.279 1307 1307 I update_engine: [INFO:partition_writer.cc(307)] Applying 1 operations to partition "cmnlib64"
03-28 06:16:26.324 1307 1307 I update_engine: [INFO:partition_writer_factory_android.cc(44)] Virtual AB Compression disabled, using Partition Writer for `devcfg`
03-28 06:16:26.325 1307 1307 I update_engine: [INFO:partition_writer.cc(295)] Opening /dev/block/bootdevice/by-name/devcfg_b partition without O_DSYNC
03-28 06:16:26.327 1307 1307 I update_engine: [INFO:partition_writer.cc(100)] Caching writes.
03-28 06:16:26.328 1307 1307 I update_engine: [INFO:partition_writer.cc(307)] Applying 1 operations to partition "devcfg"
03-28 06:16:26.338 1307 1307 I update_engine: [INFO:partition_writer_factory_android.cc(44)] Virtual AB Compression disabled, using Partition Writer for `dsp`
03-28 06:16:26.340 1307 1307 I update_engine: [INFO:partition_writer.cc(295)] Opening /dev/block/bootdevice/by-name/dsp_b partition without O_DSYNC
03-28 06:16:26.341 1307 1307 I update_engine: [INFO:partition_writer.cc(100)] Caching writes.
03-28 06:16:26.342 1307 1307 I update_engine: [INFO:partition_writer.cc(307)] Applying 32 operations to partition "dsp"
01-01 08:04:01.381 0 0 E DTC_Display: screen not ready(0)
03-28 06:16:27.217 649 663 I mpu_uart: [MSG-P:RECV]:No message received in 1000 ms
03-28 06:16:27.302 649 662 I mpu_uart: [MSG-P:R]:recv sync frame timeout
01-01 08:04:01.630 0 0 I qcom_rpmh DRV: apps_rsc TCS Busy, retrying RPMH message send: addr=0x50000
03-28 06:16:27.823 4479 4495 D UpdateEngineStatus: onStatusUpdate:DownloadingPercent 0.020106956%
