03-28 06:13:36.952 551 551 D vold :
03-28 06:13:36.952 551 551 D vold : 0
03-28 06:13:36.952 551 551 D vold : 2
01-01 08:01:11.216 0 0 I binder : 2776:2776 ioctl 40046210 7fc521bc34 returned -22
01-01 08:01:11.217 0 0 I init : qssi copy & sync /metadata/vold/metadata_encryption/key/keymaster_key_blob to /persist/key/keymaster_key_blob_bak: No such file or directory
01-01 08:01:11.222 0 0 I init : qssi copy & sync /metadata/vold/metadata_encryption/key/secdiscardable to /persist/key/secdiscardable_bak: No such file or directory
03-28 06:13:36.965 1124 2152 D CompatibilityChangeReporter: Compat change id reported: 168419799; UID 10073; state: DISABLED
01-01 08:01:11.229 0 0 I init : qssi copy & sync /metadata/vold/metadata_encryption/key/stretching to /persist/key/stretching_bak: No such file or directory
01-01 08:01:11.237 0 0 I init : qssi copy & sync /metadata/vold/metadata_encryption/key/version to /persist/key/version_bak: No such file or directory
03-28 06:13:36.997 1124 1521 V UserDataPreparer: Found /data/user/0 with serial number 0
03-28 06:13:36.997 1124 1521 V UserDataPreparer: Found /data/system_ce/0 with serial number 0
03-28 06:13:36.998 1124 1521 D UserDataPreparer: Setting property: sys.user.0.ce_available=true
03-28 06:13:36.999 1124 1521 V PackageManager: reconcileAppsData for null u0 0x2 migrateAppData=false
01-01 08:01:11.261 0 0 I IRQ 5 : no longer affine to CPU7
01-01 08:01:11.296 0 0 W QSEECOM : __qseecom_unload_app: App (7) is unloaded
01-01 08:01:11.297 0 0 D qbt : qbt_release: entry minor_no=0 fd_available=0
01-01 08:01:11.297 0 0 D qbt : qbt_release: Releasing wakelock
01-01 08:01:11.297 0 0 D qbt : qbt_release: exit : fd_available=1
01-01 08:01:11.297 0 0 D qbt : qbt_release: entry minor_no=1 fd_available=1
01-01 08:01:11.297 0 0 D qbt : qbt_release: exit : fd_available=1
03-28 06:13:37.039 1124 1124 W Looper : Slow dispatch took 236ms main h=android.os.Handler c=com.android.server.biometrics.sensors.fingerprint.hidl.Fingerprint21$$ExternalSyntheticLambda2@a83cb4a m=0
03-28 06:13:37.039 1124 1124 D BiometricScheduler/Fingerprint21: [Added] {[1] FingerprintUpdateActiveUserClient, proto=1, owner=android, cookie=0, requestId=-1, userId=0}, new queue size: 1
03-28 06:13:37.039 1124 1124 V BiometricScheduler/Fingerprint21: Not idle, current operation: {[0] FingerprintUpdateActiveUserClient, proto=1, owner=android, cookie=0, requestId=-1, userId=0}, State: 2
03-28 06:13:37.039 1124 1124 D BiometricScheduler/Fingerprint21: [Added] {[2] FingerprintInternalCleanupClient, proto=7, owner=android, cookie=0, requestId=-1, userId=0}, new queue size: 2
03-28 06:13:37.039 1124 1124 V BiometricScheduler/Fingerprint21: Not idle, current operation: {[0] FingerprintUpdateActiveUserClient, proto=1, owner=android, cookie=0, requestId=-1, userId=0}, State: 2
03-28 06:13:37.039 1124 1124 W Looper : Slow delivery took 236ms main h=android.os.Handler c=com.android.server.biometrics.sensors.fingerprint.hidl.Fingerprint21$$ExternalSyntheticLambda12@508fbd8 m=0
03-28 06:13:37.041 1124 1124 D BiometricScheduler/Fingerprint21: [Finishing] {[0] FingerprintUpdateActiveUserClient, proto=1, owner=android, cookie=0, requestId=-1, userId=0}, success: true
03-28 06:13:37.041 1124 1124 D BiometricScheduler/Fingerprint21: [Polled] {[1] FingerprintUpdateActiveUserClient, proto=1, owner=android, cookie=0, requestId=-1, userId=0}, State: 0
03-28 06:13:37.041 1124 1124 D BiometricScheduler/Fingerprint21: [Starting] {[1] FingerprintUpdateActiveUserClient, proto=1, owner=android, cookie=0, requestId=-1, userId=0}, State: 0
03-28 06:13:37.041 1124 1124 D BiometricScheduler/Fingerprint21: [Started] {[1] FingerprintUpdateActiveUserClient, proto=1, owner=android, cookie=0, requestId=-1, userId=0}
01-01 08:01:11.299 0 0 D qbt : qbt_open: entry minor_no=0 fd_available=1
01-01 08:01:11.299 0 0 D qbt : qbt_open: exit : 0 fd_available=0
01-01 08:01:11.299 0 0 D qbt : qbt_open: entry minor_no=1 fd_available=0
01-01 08:01:11.299 0 0 D qbt : qbt_open: exit : 0 fd_available=0
01-01 08:01:11.299 0 0 D qbt : qbt_ioctl: cmd received 107
01-01 08:01:11.299 0 0 D qbt : qbt_ioctl: Acquiring wakelock
01-01 08:01:11.310 0 0 I android_work: did not send uevent (0 0 0000000000000000)
01-01 08:01:11.315 0 0 I devfreq-qcom-fw 18590000.qcom,devfreq-l3: qcom,cdsp-cdsp-l3-lat: Successfully started CDSP L3 governor
03-28 06:13:37.057 1124 1521 V PackageManager: reconcileAppsData finished 137 packages
03-28 06:13:37.058 1124 1521 I ActivityManager: User 0 state changed from RUNNING_LOCKED to RUNNING_UNLOCKING
03-28 06:13:37.059 1124 1521 D ActivityManager: Unlocking user 0 progress 20
03-28 06:13:37.059 1124 1521 W Looper : Slow dispatch took 128ms android.fg h=android.os.Handler c=com.android.server.am.UserController$$ExternalSyntheticLambda3@7fdfd84 m=0
03-28 06:13:37.059 1124 1543 I SystemServerTimingAsync: ssm.UnlockingUser-0
03-28 06:13:37.059 1124 1543 I SystemServiceManager: Calling onUnlockingUser 0
03-28 06:13:37.059 1124 1543 I SystemServerTimingAsync: ssm.onUnlockingUser-0_com.android.server.security.FileIntegrityService
03-28 06:13:37.059 1124 1543 I SystemServerTimingAsync: ssm.onUnlockingUser-0_com.android.server.pm.Installer
03-28 06:13:37.059 1124 1543 I SystemServerTimingAsync: ssm.onUnlockingUser-0_com.android.server.os.DeviceIdentifiersPolicyService
03-28 06:13:37.059 1124 1543 I SystemServerTimingAsync: ssm.onUnlockingUser-0_com.android.server.uri.UriGrantsManagerService$Lifecycle
03-28 06:13:37.059 1124 1543 I SystemServerTimingAsync: ssm.onUnlockingUser-0_com.android.server.powerstats.PowerStatsService
03-28 06:13:37.059 1124 1543 I SystemServerTimingAsync: ssm.onUnlockingUser-0_com.android.server.wm.ActivityTaskManagerService$Lifecycle
03-28 06:13:37.059 1124 1543 I SystemServerTimingAsync: ssm.onUnlockingUser-0_com.android.server.am.ActivityManagerService$Lifecycle
03-28 06:13:37.059 1124 1543 I SystemServerTimingAsync: ssm.onUnlockingUser-0_com.android.server.pm.DataLoaderManagerService
03-28 06:13:37.059 1124 1543 I SystemServerTimingAsync: ssm.onUnlockingUser-0_com.android.server.power.PowerManagerService
03-28 06:13:37.059 1124 1543 I SystemServerTimingAsync: ssm.onUnlockingUser-0_com.android.server.power.ThermalManagerService
03-28 06:13:37.059 1124 1543 I SystemServerTimingAsync: ssm.onUnlockingUser-0_com.android.server.power.hint.HintManagerService
03-28 06:13:37.059 1124 1543 I SystemServerTimingAsync: ssm.onUnlockingUser-0_com.android.server.recoverysystem.RecoverySystemService$Lifecycle
03-28 06:13:37.059 1124 1543 I SystemServerTimingAsync: ssm.onUnlockingUser-0_com.android.server.lights.LightsService
03-28 06:13:37.059 1124 1543 I SystemServerTimingAsync: ssm.onUnlockingUser-0_com.android.server.display.DisplayManagerService
03-28 06:13:37.059 1124 1543 I SystemServerTimingAsync: ssm.onUnlockingUser-0_com.android.server.pm.verify.domain.DomainVerificationService
03-28 06:13:37.059 1124 1543 I SystemServerTimingAsync: ssm.onUnlockingUser-0_com.android.server.pm.PackageInstallerService$Lifecycle
03-28 06:13:37.059 1124 1543 I SystemServerTimingAsync: ssm.onUnlockingUser-0_com.android.server.pm.UserManagerService$LifeCycle
03-28 06:13:37.059 1124 1543 I SystemServerTimingAsync: ssm.onUnlockingUser-0_com.android.server.om.OverlayManagerService
03-28 06:13:37.059 1124 1543 I SystemServerTimingAsync: ssm.onUnlockingUser-0_com.android.server.SensorPrivacyService
03-28 06:13:37.059 1124 1543 I SystemServerTimingAsync: ssm.onUnlockingUser-0_com.android.server.thunderperf.ThunderBoostPerfService
03-28 06:13:37.059 1124 1543 I SystemServerTimingAsync: ssm.onUnlockingUser-0_com.android.server.sensors.SensorService
03-28 06:13:37.059 1124 1543 I SystemServerTimingAsync: ssm.onUnlockingUser-0_com.android.server.SystemConfigService
03-28 06:13:37.059 1124 1543 I SystemServerTimingAsync: ssm.onUnlockingUser-0_com.android.server.BatteryService
03-28 06:13:37.059 1124 1543 I SystemServerTimingAsync: ssm.onUnlockingUser-0_com.android.server.usage.UsageStatsService
03-28 06:13:37.059 1124 1543 I SystemServerTimingAsync: ssm.onUnlockingUser-0_com.android.server.webkit.WebViewUpdateService
03-28 06:13:37.059 1124 1543 I SystemServerTimingAsync: ssm.onUnlockingUser-0_com.android.server.CachedDeviceStateService
03-28 06:13:37.059 1124 1543 I SystemServerTimingAsync: ssm.onUnlockingUser-0_com.android.server.BinderCallsStatsService$LifeCycle
03-28 06:13:37.059 1124 1543 I SystemServerTimingAsync: ssm.onUnlockingUser-0_com.android.server.LooperStatsService$Lifecycle
03-28 06:13:37.059 1124 1543 I SystemServerTimingAsync: ssm.onUnlockingUser-0_com.android.server.rollback.RollbackManagerService
03-28 06:13:37.061 1124 1543 I SystemServerTimingAsync: ssm.onUnlockingUser-0_com.android.server.os.NativeTombstoneManagerService
03-28 06:13:37.061 1124 1543 I SystemServerTimingAsync: ssm.onUnlockingUser-0_com.android.server.os.BugreportManagerService
03-28 06:13:37.061 1124 1543 I SystemServerTimingAsync: ssm.onUnlockingUser-0_com.android.server.gpu.GpuService
03-28 06:13:37.061 1124 1543 I SystemServerTimingAsync: ssm.onUnlockingUser-0_com.android.server.security.KeyChainSystemService
03-28 06:13:37.061 1124 1543 I SystemServerTimingAsync: ssm.onUnlockingUser-0_com.android.server.telecom.TelecomLoaderService
03-28 06:13:37.061 1124 1543 I SystemServerTimingAsync: ssm.onUnlockingUser-0_com.android.server.accounts.AccountManagerService$Lifecycle
03-28 06:13:37.061 1124 1543 I SystemServerTimingAsync: ssm.onUnlockingUser-0_com.android.server.content.ContentService$Lifecycle
03-28 06:13:37.061 1124 1543 I SystemServerTimingAsync: ssm.onUnlockingUser-0_com.android.server.DropBoxManagerService
03-28 06:13:37.061 1124 1543 I SystemServerTimingAsync: ssm.onUnlockingUser-0_com.android.role.RoleService
03-28 06:13:37.061 1124 1543 I SystemServerTimingAsync: ssm.onUnlockingUser-0_com.android.server.vibrator.VibratorManagerService$Lifecycle
03-28 06:13:37.061 1124 1543 I SystemServerTimingAsync: ssm.onUnlockingUser-0_com.android.server.alarm.AlarmManagerService
03-28 06:13:37.061 1124 1543 I SystemServerTimingAsync: ssm.onUnlockingUser-0_com.android.server.devicestate.DeviceStateManagerService
03-28 06:13:37.061 1124 1543 I SystemServerTimingAsync: ssm.onUnlockingUser-0_com.android.server.camera.CameraServiceProxy
03-28 06:13:37.061 1124 1543 I SystemServerTimingAsync: ssm.onUnlockingUser-0_com.android.server.BluetoothService
03-28 06:13:37.061 1124 1543 D BluetoothManagerService: User 0 unlocked
03-28 06:13:37.061 1124 1543 I SystemServerTimingAsync: ssm.onUnlockingUser-0_com.android.server.connectivity.IpConnectivityMetrics
03-28 06:13:37.061 1124 1543 I SystemServerTimingAsync: ssm.onUnlockingUser-0_com.android.server.net.watchlist.NetworkWatchlistService$Lifecycle
03-28 06:13:37.061 1124 1543 I SystemServerTimingAsync: ssm.onUnlockingUser-0_com.android.server.PinnerService
03-28 06:13:37.061 1124 1543 I SystemServerTimingAsync: ssm.onUnlockingUser-0_com.google.android.startop.iorap.IorapForwardingService
03-28 06:13:37.061 1124 1543 I SystemServerTimingAsync: ssm.onUnlockingUser-0_com.android.server.ActivityTriggerService
03-28 06:13:37.061 1124 1543 I SystemServerTimingAsync: ssm.onUnlockingUser-0_com.android.server.integrity.AppIntegrityManagerService
03-28 06:13:37.061 1124 1543 I SystemServerTimingAsync: ssm.onUnlockingUser-0_com.android.server.inputmethod.InputMethodManagerService$Lifecycle
03-28 06:13:37.061 1124 1543 I SystemServerTimingAsync: ssm.onUnlockingUser-0_com.android.server.accessibility.AccessibilityManagerService$Lifecycle
03-28 06:13:37.061 1124 1543 I SystemServerTimingAsync: ssm.onUnlockingUser-0_com.android.server.StorageManagerService$Lifecycle
03-28 06:13:37.061 1124 1543 D StorageManagerService: onUnlockUser 0
03-28 06:13:37.061 1124 1543 I StorageSessionController: On user unlock 0
03-28 06:13:37.061 1124 1543 I StorageSessionController: Initialialising...
03-28 06:13:37.062 551 551 I vold : onUserStarted: 0
03-28 06:13:37.062 1124 1523 D BluetoothManagerService: MESSAGE_USER_UNLOCKED
03-28 06:13:37.063 1124 1164 V StorageManagerService: Found primary storage at VolumeInfo{emulated;0}:
03-28 06:13:37.063 1124 1164 V StorageManagerService: type=EMULATED diskId=null partGuid= mountFlags=0 mountUserId=0
03-28 06:13:37.063 1124 1164 V StorageManagerService: state=UNMOUNTED
03-28 06:13:37.063 1124 1164 V StorageManagerService: fsType=null fsUuid=null fsLabel=null
03-28 06:13:37.063 1124 1164 V StorageManagerService: path=null internalPath=null
03-28 06:13:37.063 1124 1705 I StorageManagerService: Mounting volume VolumeInfo{emulated;0}:
03-28 06:13:37.063 1124 1705 I StorageManagerService: type=EMULATED diskId=null partGuid= mountFlags=PRIMARY|VISIBLE
03-28 06:13:37.063 1124 1705 I StorageManagerService: mountUserId=0 state=UNMOUNTED
03-28 06:13:37.063 1124 1705 I StorageManagerService: fsType=null fsUuid=null fsLabel=null
03-28 06:13:37.063 1124 1705 I StorageManagerService: path=null internalPath=null
03-28 06:13:37.063 551 551 I vold : Executing sdcardfs
03-28 06:13:37.064 551 551 D vold : Waiting for sdcardfs to spin up...
03-28 06:13:37.071 2823 2823 W sdcard : Device explicitly enabled sdcardfs
01-01 08:01:11.329 0 0 I : sdcardfs version 2.0
01-01 08:01:11.329 0 0 I sdcardfs: dev_name -> /data/media
01-01 08:01:11.329 0 0 I sdcardfs: options -> fsuid=1023,fsgid=1023,multiuser,derive_gid,default_normal,unshared_obb,mask=6,userid=0,gid=1015
01-01 08:01:11.329 0 0 I sdcardfs: mnt -> 00000000965ccb96
01-01 08:01:11.329 0 0 I sdcardfs: mounted on top of /data/media type f2fs
01-01 08:01:11.329 0 0 I : Remount options were mask=23,gid=9997 for vfsmnt 00000000e0dc4011.
01-01 08:01:11.329 0 0 I sdcardfs: options - debug:1
01-01 08:01:11.329 0 0 I sdcardfs: options - gid:9997
01-01 08:01:11.329 0 0 I sdcardfs: options - mask:23
01-01 08:01:11.329 0 0 I : Remount options were mask=7,gid=9997 for vfsmnt 00000000ba396d23.
01-01 08:01:11.329 0 0 I sdcardfs: options - debug:1
01-01 08:01:11.329 0 0 I sdcardfs: options - gid:9997
01-01 08:01:11.329 0 0 I sdcardfs: options - mask:7
01-01 08:01:11.330 0 0 I : Remount options were mask=7,gid=9997 for vfsmnt 000000009bf335e8.
01-01 08:01:11.330 0 0 I sdcardfs: options - debug:1
01-01 08:01:11.330 0 0 I sdcardfs: options - gid:9997
01-01 08:01:11.330 0 0 I sdcardfs: options - mask:7
01-01 08:01:11.333 0 0 I binder : 2803:2803 ioctl 40046210 7ff483c984 returned -22
03-28 06:13:37.079 1124 1543 I SystemServerTimingAsync: ssm.onUnlockingUser-0_com.android.server.usage.StorageStatsService$Lifecycle
03-28 06:13:37.079 1124 1543 I SystemServerTimingAsync: ssm.onUnlockingUser-0_com.android.server.UiModeManagerService
03-28 06:13:37.079 1124 1543 I SystemServerTimingAsync: ssm.onUnlockingUser-0_com.android.server.locksettings.LockSettingsService$Lifecycle
03-28 06:13:37.080 1124 1543 I SystemServerTimingAsync: ssm.onUnlockingUser-0_com.android.server.PersistentDataBlockService
03-28 06:13:37.080 1124 1543 I SystemServerTimingAsync: ssm.onUnlockingUser-0_com.android.server.testharness.TestHarnessModeService
03-28 06:13:37.080 1124 1543 I SystemServerTimingAsync: ssm.onUnlockingUser-0_com.android.server.oemlock.OemLockService
03-28 06:13:37.080 1124 1543 I SystemServerTimingAsync: ssm.onUnlockingUser-0_com.android.server.DeviceIdleController
03-28 06:13:37.080 1124 1543 I SystemServerTimingAsync: ssm.onUnlockingUser-0_com.android.server.devicepolicy.DevicePolicyManagerService$Lifecycle
03-28 06:13:37.080 1124 1543 I SystemServerTimingAsync: ssm.onUnlockingUser-0_com.android.server.texttospeech.TextToSpeechManagerService
03-28 06:13:37.080 1124 1543 I SystemServerTimingAsync: ssm.onUnlockingUser-0_com.android.server.speech.SpeechRecognitionManagerService
03-28 06:13:37.080 1124 1543 I SystemServerTimingAsync: ssm.onUnlockingUser-0_com.android.server.searchui.SearchUiManagerService
03-28 06:13:37.080 1124 1543 I SystemServerTimingAsync: ssm.onUnlockingUser-0_com.android.server.smartspace.SmartspaceManagerService
03-28 06:13:37.080 1124 1543 I SystemServerTimingAsync: ssm.onUnlockingUser-0_com.android.server.graphics.fonts.FontManagerService$Lifecycle
03-28 06:13:37.080 1124 1543 I SystemServerTimingAsync: ssm.onUnlockingUser-0_com.android.server.textservices.TextServicesManagerService$Lifecycle
03-28 06:13:37.086 1124 2003 D CompatibilityChangeReporter: Compat change id reported: 168419799; UID 1000; state: DISABLED
03-28 06:13:37.090 1124 1543 I SystemServerTimingAsync: ssm.onUnlockingUser-0_com.android.server.textclassifier.TextClassificationManagerService$Lifecycle
03-28 06:13:37.090 1124 1543 I SystemServerTimingAsync: ssm.onUnlockingUser-0_com.android.server.NetworkScoreService$Lifecycle
03-28 06:13:37.090 1124 1543 I SystemServerTimingAsync: ssm.onUnlockingUser-0_com.android.server.wifi.WifiService
03-28 06:13:37.091 1124 1543 I SystemServerTimingAsync: ssm.onUnlockingUser-0_com.android.server.wifi.scanner.WifiScanningService
03-28 06:13:37.091 1124 1543 I SystemServerTimingAsync: ssm.onUnlockingUser-0_com.android.server.wifi.rtt.RttService
03-28 06:13:37.091 1124 1543 I SystemServerTimingAsync: ssm.onUnlockingUser-0_com.android.server.wifi.aware.WifiAwareService
03-28 06:13:37.091 1124 1543 I SystemServerTimingAsync: ssm.onUnlockingUser-0_com.android.server.wifi.p2p.WifiP2pService
03-28 06:13:37.091 1124 1543 I SystemServerTimingAsync: ssm.onUnlockingUser-0_com.android.server.ethernet.EthernetService
03-28 06:13:37.091 1124 1543 I SystemServerTimingAsync: ssm.onUnlockingUser-0_com.android.server.ConnectivityServiceInitializer
03-28 06:13:37.091 1124 1543 I SystemServerTimingAsync: ssm.onUnlockingUser-0_com.android.server.notification.NotificationManagerService
03-28 06:13:37.091 1124 1543 I SystemServerTimingAsync: ssm.onUnlockingUser-0_com.android.server.storage.DeviceStorageMonitorService
03-28 06:13:37.091 1124 1543 I SystemServerTimingAsync: ssm.onUnlockingUser-0_com.android.server.location.LocationManagerService$Lifecycle
03-28 06:13:37.091 1124 1543 I SystemServerTimingAsync: ssm.onUnlockingUser-0_com.android.server.timedetector.TimeDetectorService$Lifecycle
03-28 06:13:37.091 1124 1543 I SystemServerTimingAsync: ssm.onUnlockingUser-0_com.android.server.timezonedetector.TimeZoneDetectorService$Lifecycle
03-28 06:13:37.091 1124 1543 I SystemServerTimingAsync: ssm.onUnlockingUser-0_com.android.server.timezonedetector.location.LocationTimeZoneManagerService$Lifecycle
03-28 06:13:37.091 1124 1543 I SystemServerTimingAsync: ssm.onUnlockingUser-0_com.android.server.search.SearchManagerService$Lifecycle
03-28 06:13:37.092 1124 1543 I SystemServerTimingAsync: ssm.onUnlockingUser-0_com.android.server.wallpaper.WallpaperManagerService$Lifecycle
03-28 06:13:37.092 1124 1543 I WallpaperManagerService: on-unlock-user-0
03-28 06:13:37.092 1124 1543 I SystemServerTimingAsync: ssm.onUnlockingUser-0_com.android.server.audio.AudioService$Lifecycle
03-28 06:13:37.092 1124 1543 I SystemServerTimingAsync: ssm.onUnlockingUser-0_com.android.server.soundtrigger_middleware.SoundTriggerMiddlewareService$Lifecycle
03-28 06:13:37.092 1124 1543 I SystemServerTimingAsync: ssm.onUnlockingUser-0_com.android.server.DockObserver
03-28 06:13:37.092 1124 1543 I SystemServerTimingAsync: ssm.onUnlockingUser-0_com.android.server.midi.MidiService$Lifecycle
03-28 06:13:37.092 1124 1543 I SystemServerTimingAsync: ssm.onUnlockingUser-0_com.android.server.adb.AdbService$Lifecycle
03-28 06:13:37.092 1124 1543 I SystemServerTimingAsync: ssm.onUnlockingUser-0_com.android.server.usb.UsbService$Lifecycle
03-28 06:13:37.093 1124 1543 I SystemServerTimingAsync: ssm.onUnlockingUser-0_com.android.server.twilight.TwilightService
03-28 06:13:37.093 1124 1543 I SystemServerTimingAsync: ssm.onUnlockingUser-0_com.android.server.display.color.ColorDisplayService
03-28 06:13:37.093 1124 1543 I SystemServerTimingAsync: ssm.onUnlockingUser-0_com.android.server.job.JobSchedulerService
01-01 08:01:11.351 0 0 W QSEECOM : qseecom_load_app: App (fingerpr) does'nt exist, loading apps for first time
03-28 06:13:37.093 1124 1543 I SystemServerTimingAsync: ssm.onUnlockingUser-0_com.android.server.soundtrigger.SoundTriggerService
03-28 06:13:37.093 1124 1543 I SystemServerTimingAsync: ssm.onUnlockingUser-0_com.android.server.trust.TrustManagerService
03-28 06:13:37.093 1124 1543 I SystemServerTimingAsync: ssm.onUnlockingUser-0_com.android.server.backup.BackupManagerService$Lifecycle
03-28 06:13:37.093 1124 1543 I SystemServerTimingAsync: ssm.onUnlockingUser-0_com.android.server.appwidget.AppWidgetService
03-28 06:13:37.093 1124 1543 I SystemServerTimingAsync: ssm.onUnlockingUser-0_com.android.server.voiceinteraction.VoiceInteractionManagerService
03-28 06:13:37.093 1124 1543 W VoiceInteractionManager: no available voice recognition services found for user 0
01-01 08:01:11.360 0 0 I binder : 2776:2882 ioctl 40046210 6d45b16934 returned -22
03-28 06:13:37.094 1124 1849 I BackupManagerService: Starting service for user: 0
03-28 06:13:37.094 1124 1543 I SystemServerTimingAsync: ssm.onUnlockingUser-0_com.android.server.apphibernation.AppHibernationService
03-28 06:13:37.094 1124 1849 V BackupManagerService: [UserID:0] Starting with transport com.android.localtransport/.LocalTransport
03-28 06:13:37.095 1124 1849 D BackupManagerService: [UserID:0] Started thread backup-0
01-01 08:01:11.363 0 0 I zram0 : detected capacity change from 0 to 4294967296
03-28 06:13:37.096 1124 1543 I SystemServerTimingAsync: ssm.onUnlockingUser-0_com.android.server.SensorNotificationService
03-28 06:13:37.096 1124 1543 I SystemServerTimingAsync: ssm.onUnlockingUser-0_com.android.server.emergency.EmergencyAffordanceService
03-28 06:13:37.096 1124 1543 I SystemServerTimingAsync: ssm.onUnlockingUser-0_com.android.server.blob.BlobStoreManagerService
03-28 06:13:37.096 1124 1543 I SystemServerTimingAsync: ssm.onUnlockingUser-0_com.android.server.dreams.DreamManagerService
03-28 06:13:37.096 1124 1543 I SystemServerTimingAsync: ssm.onUnlockingUser-0_com.android.server.companion.CompanionDeviceManagerService
03-28 06:13:37.096 1124 2727 I HibernationStateDiskStore: No hibernation file on disk for file /data/system_ce/0/hibernation/states
03-28 06:13:37.097 1124 1543 I CompanionDeviceManagerService: Read associations from disk: {0=[]}
03-28 06:13:37.097 1124 1543 I SystemServerTimingAsync: ssm.onUnlockingUser-0_com.android.server.restrictions.RestrictionsManagerService
03-28 06:13:37.097 1124 1543 I SystemServerTimingAsync: ssm.onUnlockingUser-0_com.android.server.media.MediaSessionService
03-28 06:13:37.097 1124 1543 I SystemServerTimingAsync: ssm.onUnlockingUser-0_com.android.server.media.MediaResourceMonitorService
03-28 06:13:37.097 1124 1543 I SystemServerTimingAsync: ssm.onUnlockingUser-0_com.android.server.biometrics.sensors.fingerprint.FingerprintService
03-28 06:13:37.097 1124 1543 I SystemServerTimingAsync: ssm.onUnlockingUser-0_com.android.server.biometrics.BiometricService
03-28 06:13:37.097 1124 1543 I SystemServerTimingAsync: ssm.onUnlockingUser-0_com.android.server.biometrics.AuthService
03-28 06:13:37.098 1124 1543 I SystemServerTimingAsync: ssm.onUnlockingUser-0_com.android.server.pm.ShortcutService$Lifecycle
03-28 06:13:37.098 1124 1570 W ProcessCpuTracker: Failed to stat(/proc/2817): android.system.ErrnoException: stat failed: ENOENT (No such file or directory)
03-28 06:13:37.098 1124 1570 W ProcessCpuTracker: Skipping unknown process pid 2817
03-28 06:13:37.098 1124 1543 I SystemServerTimingAsync: ssm.onUnlockingUser-0_com.android.server.pm.LauncherAppsService
03-28 06:13:37.098 1124 1543 I SystemServerTimingAsync: ssm.onUnlockingUser-0_com.android.server.pm.CrossProfileAppsService
03-28 06:13:37.098 1124 1543 I SystemServerTimingAsync: ssm.onUnlockingUser-0_com.android.server.people.PeopleService
03-28 06:13:37.098 1124 1543 I SystemServerTimingAsync: ssm.onUnlockingUser-0_com.android.server.media.metrics.MediaMetricsManagerService
03-28 06:13:37.098 1124 1543 I SystemServerTimingAsync: ssm.onUnlockingUser-0_com.android.server.media.projection.MediaProjectionManagerService
03-28 06:13:37.098 1124 1543 I SystemServerTimingAsync: ssm.onUnlockingUser-0_com.android.server.slice.SliceManagerService$Lifecycle
03-28 06:13:37.098 1124 1543 I SystemServerTimingAsync: ssm.onUnlockingUser-0_com.android.server.stats.StatsCompanion$Lifecycle
03-28 06:13:37.098 1124 1543 I SystemServerTimingAsync: ssm.onUnlockingUser-0_com.android.server.scheduling.RebootReadinessManagerService$Lifecycle
03-28 06:13:37.098 1124 1543 I SystemServerTimingAsync: ssm.onUnlockingUser-0_com.android.server.stats.pull.StatsPullAtomService
03-28 06:13:37.098 1124 1543 I SystemServerTimingAsync: ssm.onUnlockingUser-0_com.android.server.incident.IncidentCompanionService
03-28 06:13:37.098 1124 1543 I SystemServerTimingAsync: ssm.onUnlockingUser-0_com.android.server.MmsServiceBroker
03-28 06:13:37.098 1124 1543 I SystemServerTimingAsync: ssm.onUnlockingUser-0_com.android.server.autofill.AutofillManagerService
03-28 06:13:37.098 1124 1543 D AutofillManagerServiceImpl: Reset component for user 0:
03-28 06:13:37.098 1124 1522 D AutofillUI: destroySaveUiUiThread(): already destroyed
03-28 06:13:37.098 1124 1570 W ProcessCpuTracker: Failed to stat(/proc/2858): android.system.ErrnoException: stat failed: ENOENT (No such file or directory)
03-28 06:13:37.098 1124 1570 W ProcessCpuTracker: Skipping unknown process pid 2858
03-28 06:13:37.098 1124 1543 D FieldClassificationStrategy: reset(): service is not bound. Do nothing.
03-28 06:13:37.098 1124 1543 I SystemServerTimingAsync: ssm.onUnlockingUser-0_com.android.server.clipboard.ClipboardService
03-28 06:13:37.098 1124 1543 I SystemServerTimingAsync: ssm.onUnlockingUser-0_com.android.server.appbinding.AppBindingService$Lifecycle
03-28 06:13:37.098 1124 1543 W AppBindingService: [Default SMS app] u0 Target package not found
03-28 06:13:37.098 1124 1543 I SystemServerTimingAsync: ssm.onUnlockingUser-0_com.android.server.tracing.TracingServiceProxy
03-28 06:13:37.099 1124 1543 I SystemServerTimingAsync: ssm.onUnlockingUser-0_com.android.server.policy.PermissionPolicyService
03-28 06:13:37.099 1124 1543 I SystemServerTimingAsync: ssm.onUnlockingUser-0_com.android.server.pm.StagingManager$Lifecycle
03-28 06:13:37.099 1124 1543 I SystemServerTimingAsync: ssm.onUnlockingUser-0_com.android.server.app.GameManagerService$Lifecycle
03-28 06:13:37.099 1124 1543 I SystemServerTimingAsync: ssm.onUnlockingUser-0_com.android.server.appsearch.AppSearchManagerService
03-28 06:13:37.099 1124 1543 I SystemServerTimingAsync: ssm.onUnlockingUser-0_com.android.server.media.MediaCommunicationService
03-28 06:13:37.099 1124 1543 W ActivityManager: UserLifecycleEvent 5 received without an active userJourneySession.
03-28 06:13:37.099 1124 1543 W ActivityManager: UserLifecycleEvent 6 received without an active userJourneySession.
03-28 06:13:37.099 1124 1543 I ActivityManager: User 0 state changed from RUNNING_UNLOCKING to RUNNING_UNLOCKED
03-28 06:13:37.100 1124 1521 I ActivityTaskManager: Loading recents for user 0 into memory.
03-28 06:13:37.101 1124 1543 D SystemServerTiming: SystemUserUnlock took to complete: 173ms
03-28 06:13:37.109 1124 1521 V PackageConfigPersister: loadPackages: empty list files from /data/system_ce/0/package_configs
03-28 06:13:37.109 1124 1543 D CompatibilityChangeReporter: Compat change id reported: 135634846; UID 10082; state: DISABLED
03-28 06:13:37.109 1124 1544 D CompatibilityChangeReporter: Compat change id reported: 143937733; UID 10082; state: ENABLED
03-28 06:13:37.109 1124 1543 D CompatibilityChangeReporter: Compat change id reported: 135634846; UID 10057; state: DISABLED
03-28 06:13:37.109 1124 1543 D CompatibilityChangeReporter: Compat change id reported: 177438394; UID 10057; state: DISABLED
03-28 06:13:37.109 1124 1543 D CompatibilityChangeReporter: Compat change id reported: 135772972; UID 10057; state: DISABLED
03-28 06:13:37.110 1124 1543 D CompatibilityChangeReporter: Compat change id reported: 135754954; UID 10057; state: ENABLED
03-28 06:13:37.110 1124 1543 D CompatibilityChangeReporter: Compat change id reported: 135634846; UID 1000; state: DISABLED
03-28 06:13:37.110 1124 1543 D CompatibilityChangeReporter: Compat change id reported: 177438394; UID 1000; state: DISABLED
03-28 06:13:37.110 1124 1543 D CompatibilityChangeReporter: Compat change id reported: 135772972; UID 1000; state: DISABLED
03-28 06:13:37.110 1124 1543 D CompatibilityChangeReporter: Compat change id reported: 135754954; UID 1000; state: ENABLED
03-28 06:13:37.110 1124 1543 D CompatibilityChangeReporter: Compat change id reported: 135634846; UID 10052; state: DISABLED
03-28 06:13:37.110 1124 1543 D CompatibilityChangeReporter: Compat change id reported: 177438394; UID 10052; state: DISABLED
03-28 06:13:37.110 1124 1543 D CompatibilityChangeReporter: Compat change id reported: 135772972; UID 10052; state: DISABLED
03-28 06:13:37.110 1124 1543 D CompatibilityChangeReporter: Compat change id reported: 135754954; UID 10052; state: ENABLED
03-28 06:13:37.111 1124 1543 D CompatibilityChangeReporter: Compat change id reported: 135634846; UID 10076; state: DISABLED
03-28 06:13:37.111 1124 1543 D CompatibilityChangeReporter: Compat change id reported: 177438394; UID 10076; state: DISABLED
03-28 06:13:37.111 1124 1543 D CompatibilityChangeReporter: Compat change id reported: 135772972; UID 10076; state: DISABLED
03-28 06:13:37.111 1124 1543 D CompatibilityChangeReporter: Compat change id reported: 135754954; UID 10076; state: DISABLED
03-28 06:13:37.111 1124 1543 D CompatibilityChangeReporter: Compat change id reported: 135634846; UID 10084; state: DISABLED
03-28 06:13:37.111 1124 1543 D CompatibilityChangeReporter: Compat change id reported: 177438394; UID 10084; state: DISABLED
03-28 06:13:37.111 1124 1543 D CompatibilityChangeReporter: Compat change id reported: 135772972; UID 10084; state: DISABLED
03-28 06:13:37.111 1124 1543 D CompatibilityChangeReporter: Compat change id reported: 135754954; UID 10084; state: ENABLED
03-28 06:13:37.112 1124 1543 D CompatibilityChangeReporter: Compat change id reported: 135634846; UID 10083; state: DISABLED
03-28 06:13:37.112 1124 1543 D CompatibilityChangeReporter: Compat change id reported: 177438394; UID 10083; state: DISABLED
03-28 06:13:37.112 1124 1543 D CompatibilityChangeReporter: Compat change id reported: 135772972; UID 10083; state: DISABLED
03-28 06:13:37.112 1124 1543 D CompatibilityChangeReporter: Compat change id reported: 135754954; UID 10083; state: ENABLED
03-28 06:13:37.113 1124 1543 I ActivityManager: Posting BOOT_COMPLETED user #0
03-28 06:13:37.114 551 551 I vold : Mounting emulated fuse volume
03-28 06:13:37.114 1124 1543 I SystemServerTimingAsync: ssm.UnlockedUser-0
03-28 06:13:37.114 1124 1543 I SystemServiceManager: Calling onUnlockedUser 0
03-28 06:13:37.114 1124 1543 I SystemServerTimingAsync: ssm.onUnlockedUser-0_com.android.server.security.FileIntegrityService
03-28 06:13:37.114 1124 1543 I SystemServerTimingAsync: ssm.onUnlockedUser-0_com.android.server.pm.Installer
03-28 06:13:37.114 1124 1543 I SystemServerTimingAsync: ssm.onUnlockedUser-0_com.android.server.os.DeviceIdentifiersPolicyService
03-28 06:13:37.114 1124 1543 I SystemServerTimingAsync: ssm.onUnlockedUser-0_com.android.server.uri.UriGrantsManagerService$Lifecycle
03-28 06:13:37.114 1124 1543 I SystemServerTimingAsync: ssm.onUnlockedUser-0_com.android.server.powerstats.PowerStatsService
03-28 06:13:37.114 1124 1543 I SystemServerTimingAsync: ssm.onUnlockedUser-0_com.android.server.wm.ActivityTaskManagerService$Lifecycle
03-28 06:13:37.115 1124 1543 I LaunchParamsPersister: Didn't find launch param folder for user 0
03-28 06:13:37.115 1124 1543 I SystemServerTimingAsync: ssm.onUnlockedUser-0_com.android.server.am.ActivityManagerService$Lifecycle
03-28 06:13:37.115 1124 1543 I SystemServerTimingAsync: ssm.onUnlockedUser-0_com.android.server.pm.DataLoaderManagerService
03-28 06:13:37.115 1124 1543 I SystemServerTimingAsync: ssm.onUnlockedUser-0_com.android.server.power.PowerManagerService
03-28 06:13:37.115 1124 1543 I SystemServerTimingAsync: ssm.onUnlockedUser-0_com.android.server.power.ThermalManagerService
03-28 06:13:37.115 1124 1543 I SystemServerTimingAsync: ssm.onUnlockedUser-0_com.android.server.power.hint.HintManagerService
03-28 06:13:37.115 1124 1543 I SystemServerTimingAsync: ssm.onUnlockedUser-0_com.android.server.recoverysystem.RecoverySystemService$Lifecycle
03-28 06:13:37.115 1124 1543 I SystemServerTimingAsync: ssm.onUnlockedUser-0_com.android.server.lights.LightsService
03-28 06:13:37.115 1124 1543 I SystemServerTimingAsync: ssm.onUnlockedUser-0_com.android.server.display.DisplayManagerService
03-28 06:13:37.115 1124 1543 I SystemServerTimingAsync: ssm.onUnlockedUser-0_com.android.server.pm.verify.domain.DomainVerificationService
03-28 06:13:37.115 1124 1543 I SystemServerTimingAsync: ssm.onUnlockedUser-0_com.android.server.pm.PackageInstallerService$Lifecycle
03-28 06:13:37.115 1124 1543 I SystemServerTimingAsync: ssm.onUnlockedUser-0_com.android.server.pm.UserManagerService$LifeCycle
03-28 06:13:37.115 1124 1543 I SystemServerTimingAsync: ssm.onUnlockedUser-0_com.android.server.om.OverlayManagerService
03-28 06:13:37.115 1124 1543 I SystemServerTimingAsync: ssm.onUnlockedUser-0_com.android.server.SensorPrivacyService
03-28 06:13:37.115 1124 1543 I SystemServerTimingAsync: ssm.onUnlockedUser-0_com.android.server.thunderperf.ThunderBoostPerfService
03-28 06:13:37.115 1124 1543 I SystemServerTimingAsync: ssm.onUnlockedUser-0_com.android.server.sensors.SensorService
03-28 06:13:37.115 1124 1543 I SystemServerTimingAsync: ssm.onUnlockedUser-0_com.android.server.SystemConfigService
03-28 06:13:37.115 1124 1543 I SystemServerTimingAsync: ssm.onUnlockedUser-0_com.android.server.BatteryService
03-28 06:13:37.115 1124 1543 I SystemServerTimingAsync: ssm.onUnlockedUser-0_com.android.server.usage.UsageStatsService
03-28 06:13:37.115 1124 1543 I SystemServerTimingAsync: ssm.onUnlockedUser-0_com.android.server.webkit.WebViewUpdateService
03-28 06:13:37.115 1124 1543 I SystemServerTimingAsync: ssm.onUnlockedUser-0_com.android.server.CachedDeviceStateService
03-28 06:13:37.115 1124 1543 I SystemServerTimingAsync: ssm.onUnlockedUser-0_com.android.server.BinderCallsStatsService$LifeCycle
03-28 06:13:37.115 1124 1543 I SystemServerTimingAsync: ssm.onUnlockedUser-0_com.android.server.LooperStatsService$Lifecycle
03-28 06:13:37.115 1124 1543 I SystemServerTimingAsync: ssm.onUnlockedUser-0_com.android.server.rollback.RollbackManagerService
03-28 06:13:37.115 1124 1543 I SystemServerTimingAsync: ssm.onUnlockedUser-0_com.android.server.os.NativeTombstoneManagerService
03-28 06:13:37.115 1124 1543 I SystemServerTimingAsync: ssm.onUnlockedUser-0_com.android.server.os.BugreportManagerService
03-28 06:13:37.115 1124 1543 I SystemServerTimingAsync: ssm.onUnlockedUser-0_com.android.server.gpu.GpuService
03-28 06:13:37.115 1124 1543 I SystemServerTimingAsync: ssm.onUnlockedUser-0_com.android.server.security.KeyChainSystemService
03-28 06:13:37.115 1124 1543 I SystemServerTimingAsync: ssm.onUnlockedUser-0_com.android.server.telecom.TelecomLoaderService
03-28 06:13:37.115 1124 1543 I SystemServerTimingAsync: ssm.onUnlockedUser-0_com.android.server.accounts.AccountManagerService$Lifecycle
03-28 06:13:37.115 1124 1543 I SystemServerTimingAsync: ssm.onUnlockedUser-0_com.android.server.content.ContentService$Lifecycle
03-28 06:13:37.115 1124 1543 I SystemServerTimingAsync: ssm.onUnlockedUser-0_com.android.server.DropBoxManagerService
03-28 06:13:37.115 1124 1543 I SystemServerTimingAsync: ssm.onUnlockedUser-0_com.android.role.RoleService
03-28 06:13:37.115 1124 1543 I SystemServerTimingAsync: ssm.onUnlockedUser-0_com.android.server.vibrator.VibratorManagerService$Lifecycle
03-28 06:13:37.115 1124 1543 I SystemServerTimingAsync: ssm.onUnlockedUser-0_com.android.server.alarm.AlarmManagerService
03-28 06:13:37.115 1124 1543 I SystemServerTimingAsync: ssm.onUnlockedUser-0_com.android.server.devicestate.DeviceStateManagerService
03-28 06:13:37.115 1124 1543 I SystemServerTimingAsync: ssm.onUnlockedUser-0_com.android.server.camera.CameraServiceProxy
03-28 06:13:37.115 1124 1543 I SystemServerTimingAsync: ssm.onUnlockedUser-0_com.android.server.BluetoothService
03-28 06:13:37.115 1124 1543 I SystemServerTimingAsync: ssm.onUnlockedUser-0_com.android.server.connectivity.IpConnectivityMetrics
03-28 06:13:37.115 1124 1543 I SystemServerTimingAsync: ssm.onUnlockedUser-0_com.android.server.net.watchlist.NetworkWatchlistService$Lifecycle
03-28 06:13:37.115 1124 1543 I SystemServerTimingAsync: ssm.onUnlockedUser-0_com.android.server.PinnerService
03-28 06:13:37.115 1124 1543 I SystemServerTimingAsync: ssm.onUnlockedUser-0_com.google.android.startop.iorap.IorapForwardingService
03-28 06:13:37.115 1124 1543 I SystemServerTimingAsync: ssm.onUnlockedUser-0_com.android.server.ActivityTriggerService
03-28 06:13:37.115 1124 1543 I SystemServerTimingAsync: ssm.onUnlockedUser-0_com.android.server.integrity.AppIntegrityManagerService
03-28 06:13:37.115 1124 1543 I SystemServerTimingAsync: ssm.onUnlockedUser-0_com.android.server.inputmethod.InputMethodManagerService$Lifecycle
03-28 06:13:37.115 1124 1543 I SystemServerTimingAsync: ssm.onUnlockedUser-0_com.android.server.accessibility.AccessibilityManagerService$Lifecycle
03-28 06:13:37.115 1124 1543 I SystemServerTimingAsync: ssm.onUnlockedUser-0_com.android.server.StorageManagerService$Lifecycle
03-28 06:13:37.115 1124 1543 I SystemServerTimingAsync: ssm.onUnlockedUser-0_com.android.server.usage.StorageStatsService$Lifecycle
03-28 06:13:37.115 1124 1543 I SystemServerTimingAsync: ssm.onUnlockedUser-0_com.android.server.UiModeManagerService
03-28 06:13:37.115 1124 1543 I SystemServerTimingAsync: ssm.onUnlockedUser-0_com.android.server.locksettings.LockSettingsService$Lifecycle
03-28 06:13:37.115 1124 1543 I SystemServerTimingAsync: ssm.onUnlockedUser-0_com.android.server.PersistentDataBlockService
03-28 06:13:37.115 1124 1543 I SystemServerTimingAsync: ssm.onUnlockedUser-0_com.android.server.testharness.TestHarnessModeService
03-28 06:13:37.115 1124 1543 I SystemServerTimingAsync: ssm.onUnlockedUser-0_com.android.server.oemlock.OemLockService
03-28 06:13:37.115 1124 1543 I SystemServerTimingAsync: ssm.onUnlockedUser-0_com.android.server.DeviceIdleController
03-28 06:13:37.115 1124 1543 I SystemServerTimingAsync: ssm.onUnlockedUser-0_com.android.server.devicepolicy.DevicePolicyManagerService$Lifecycle
03-28 06:13:37.115 1124 1543 I SystemServerTimingAsync: ssm.onUnlockedUser-0_com.android.server.texttospeech.TextToSpeechManagerService
03-28 06:13:37.115 1124 1543 I SystemServerTimingAsync: ssm.onUnlockedUser-0_com.android.server.speech.SpeechRecognitionManagerService
03-28 06:13:37.115 1124 1543 I SystemServerTimingAsync: ssm.onUnlockedUser-0_com.android.server.searchui.SearchUiManagerService
03-28 06:13:37.115 1124 1543 I SystemServerTimingAsync: ssm.onUnlockedUser-0_com.android.server.smartspace.SmartspaceManagerService
03-28 06:13:37.115 1124 1543 I SystemServerTimingAsync: ssm.onUnlockedUser-0_com.android.server.graphics.fonts.FontManagerService$Lifecycle
03-28 06:13:37.115 1124 1543 I SystemServerTimingAsync: ssm.onUnlockedUser-0_com.android.server.textservices.TextServicesManagerService$Lifecycle
03-28 06:13:37.115 1124 1543 I SystemServerTimingAsync: ssm.onUnlockedUser-0_com.android.server.textclassifier.TextClassificationManagerService$Lifecycle
03-28 06:13:37.115 1124 1543 I SystemServerTimingAsync: ssm.onUnlockedUser-0_com.android.server.NetworkScoreService$Lifecycle
03-28 06:13:37.115 1124 1543 I SystemServerTimingAsync: ssm.onUnlockedUser-0_com.android.server.wifi.WifiService
03-28 06:13:37.115 1124 1543 I SystemServerTimingAsync: ssm.onUnlockedUser-0_com.android.server.wifi.scanner.WifiScanningService
03-28 06:13:37.115 1124 1543 I SystemServerTimingAsync: ssm.onUnlockedUser-0_com.android.server.wifi.rtt.RttService
03-28 06:13:37.115 1124 1543 I SystemServerTimingAsync: ssm.onUnlockedUser-0_com.android.server.wifi.aware.WifiAwareService
03-28 06:13:37.115 1124 1164 W StorageManagerService: Reporting emulated;0 unmounted due to system locked
03-28 06:13:37.115 1124 1543 I SystemServerTimingAsync: ssm.onUnlockedUser-0_com.android.server.wifi.p2p.WifiP2pService
03-28 06:13:37.115 1124 1543 I SystemServerTimingAsync: ssm.onUnlockedUser-0_com.android.server.ethernet.EthernetService
03-28 06:13:37.115 1124 1543 I SystemServerTimingAsync: ssm.onUnlockedUser-0_com.android.server.ConnectivityServiceInitializer
03-28 06:13:37.115 1124 1543 I SystemServerTimingAsync: ssm.onUnlockedUser-0_com.android.server.notification.NotificationManagerService
03-28 06:13:37.116 1124 1543 I SystemServerTimingAsync: ssm.onUnlockedUser-0_com.android.server.storage.DeviceStorageMonitorService
03-28 06:13:37.116 1124 1543 I SystemServerTimingAsync: ssm.onUnlockedUser-0_com.android.server.location.LocationManagerService$Lifecycle
03-28 06:13:37.116 1124 1543 I SystemServerTimingAsync: ssm.onUnlockedUser-0_com.android.server.timedetector.TimeDetectorService$Lifecycle
03-28 06:13:37.116 1124 1543 I SystemServerTimingAsync: ssm.onUnlockedUser-0_com.android.server.timezonedetector.TimeZoneDetectorService$Lifecycle
03-28 06:13:37.116 1124 1543 I SystemServerTimingAsync: ssm.onUnlockedUser-0_com.android.server.timezonedetector.location.LocationTimeZoneManagerService$Lifecycle
03-28 06:13:37.116 1124 1543 I SystemServerTimingAsync: ssm.onUnlockedUser-0_com.android.server.search.SearchManagerService$Lifecycle
03-28 06:13:37.116 1124 1543 I SystemServerTimingAsync: ssm.onUnlockedUser-0_com.android.server.wallpaper.WallpaperManagerService$Lifecycle
03-28 06:13:37.116 1124 1543 I SystemServerTimingAsync: ssm.onUnlockedUser-0_com.android.server.audio.AudioService$Lifecycle
03-28 06:13:37.116 1124 1543 I SystemServerTimingAsync: ssm.onUnlockedUser-0_com.android.server.soundtrigger_middleware.SoundTriggerMiddlewareService$Lifecycle
03-28 06:13:37.116 1124 1543 I SystemServerTimingAsync: ssm.onUnlockedUser-0_com.android.server.DockObserver
03-28 06:13:37.116 1124 1543 I SystemServerTimingAsync: ssm.onUnlockedUser-0_com.android.server.midi.MidiService$Lifecycle
03-28 06:13:37.116 1124 1543 I SystemServerTimingAsync: ssm.onUnlockedUser-0_com.android.server.adb.AdbService$Lifecycle
03-28 06:13:37.116 1124 1543 I SystemServerTimingAsync: ssm.onUnlockedUser-0_com.android.server.usb.UsbService$Lifecycle
03-28 06:13:37.116 1124 1543 I SystemServerTimingAsync: ssm.onUnlockedUser-0_com.android.server.twilight.TwilightService
03-28 06:13:37.116 1124 1543 I SystemServerTimingAsync: ssm.onUnlockedUser-0_com.android.server.display.color.ColorDisplayService
03-28 06:13:37.116 1124 1543 I SystemServerTimingAsync: ssm.onUnlockedUser-0_com.android.server.job.JobSchedulerService
03-28 06:13:37.116 1124 1543 I SystemServerTimingAsync: ssm.onUnlockedUser-0_com.android.server.soundtrigger.SoundTriggerService
03-28 06:13:37.116 1124 1543 I SystemServerTimingAsync: ssm.onUnlockedUser-0_com.android.server.trust.TrustManagerService
03-28 06:13:37.116 1124 1543 I SystemServerTimingAsync: ssm.onUnlockedUser-0_com.android.server.backup.BackupManagerService$Lifecycle
03-28 06:13:37.116 1124 1543 I SystemServerTimingAsync: ssm.onUnlockedUser-0_com.android.server.appwidget.AppWidgetService
03-28 06:13:37.116 1124 1543 I SystemServerTimingAsync: ssm.onUnlockedUser-0_com.android.server.voiceinteraction.VoiceInteractionManagerService
03-28 06:13:37.116 1124 1543 I SystemServerTimingAsync: ssm.onUnlockedUser-0_com.android.server.apphibernation.AppHibernationService
03-28 06:13:37.116 1124 1543 I SystemServerTimingAsync: ssm.onUnlockedUser-0_com.android.server.SensorNotificationService
03-28 06:13:37.116 1124 1543 I SystemServerTimingAsync: ssm.onUnlockedUser-0_com.android.server.emergency.EmergencyAffordanceService
03-28 06:13:37.116 1124 1543 I SystemServerTimingAsync: ssm.onUnlockedUser-0_com.android.server.blob.BlobStoreManagerService
03-28 06:13:37.116 1124 1543 I SystemServerTimingAsync: ssm.onUnlockedUser-0_com.android.server.dreams.DreamManagerService
03-28 06:13:37.116 1124 1543 I SystemServerTimingAsync: ssm.onUnlockedUser-0_com.android.server.companion.CompanionDeviceManagerService
03-28 06:13:37.116 1124 1543 I SystemServerTimingAsync: ssm.onUnlockedUser-0_com.android.server.restrictions.RestrictionsManagerService
03-28 06:13:37.116 1124 1543 I SystemServerTimingAsync: ssm.onUnlockedUser-0_com.android.server.media.MediaSessionService
03-28 06:13:37.116 1124 1543 I SystemServerTimingAsync: ssm.onUnlockedUser-0_com.android.server.media.MediaResourceMonitorService
03-28 06:13:37.116 1124 1543 I SystemServerTimingAsync: ssm.onUnlockedUser-0_com.android.server.biometrics.sensors.fingerprint.FingerprintService
03-28 06:13:37.116 1124 1543 I SystemServerTimingAsync: ssm.onUnlockedUser-0_com.android.server.biometrics.BiometricService
03-28 06:13:37.116 1124 1543 I SystemServerTimingAsync: ssm.onUnlockedUser-0_com.android.server.biometrics.AuthService
03-28 06:13:37.116 1124 1543 I SystemServerTimingAsync: ssm.onUnlockedUser-0_com.android.server.pm.ShortcutService$Lifecycle
03-28 06:13:37.116 1124 1543 I SystemServerTimingAsync: ssm.onUnlockedUser-0_com.android.server.pm.LauncherAppsService
03-28 06:13:37.116 1124 1543 I SystemServerTimingAsync: ssm.onUnlockedUser-0_com.android.server.pm.CrossProfileAppsService
03-28 06:13:37.116 1124 1543 I SystemServerTimingAsync: ssm.onUnlockedUser-0_com.android.server.people.PeopleService
03-28 06:13:37.118 551 551 I vold : Bind mounting /mnt/runtime/full/emulated to /mnt/pass_through/0/emulated
03-28 06:13:37.119 1124 1705 I StorageSessionController: On volume mount VolumeInfo{emulated;0}:
03-28 06:13:37.119 1124 1705 I StorageSessionController: type=EMULATED diskId=null partGuid= mountFlags=PRIMARY|VISIBLE
03-28 06:13:37.119 1124 1705 I StorageSessionController: mountUserId=0 state=CHECKING
03-28 06:13:37.119 1124 1705 I StorageSessionController: fsType=null fsUuid=null fsLabel=null
03-28 06:13:37.119 1124 1705 I StorageSessionController: path=/storage/emulated internalPath=/data/media
03-28 06:13:37.119 1124 1543 I SystemServerTimingAsync: ssm.onUnlockedUser-0_com.android.server.media.metrics.MediaMetricsManagerService
03-28 06:13:37.119 1124 1543 I SystemServerTimingAsync: ssm.onUnlockedUser-0_com.android.server.media.projection.MediaProjectionManagerService
03-28 06:13:37.119 1124 1543 I SystemServerTimingAsync: ssm.onUnlockedUser-0_com.android.server.slice.SliceManagerService$Lifecycle
03-28 06:13:37.119 1124 1543 I SystemServerTimingAsync: ssm.onUnlockedUser-0_com.android.server.stats.StatsCompanion$Lifecycle
03-28 06:13:37.119 1124 1543 I SystemServerTimingAsync: ssm.onUnlockedUser-0_com.android.server.scheduling.RebootReadinessManagerService$Lifecycle
03-28 06:13:37.119 1124 1543 I SystemServerTimingAsync: ssm.onUnlockedUser-0_com.android.server.stats.pull.StatsPullAtomService
03-28 06:13:37.119 1124 1543 I SystemServerTimingAsync: ssm.onUnlockedUser-0_com.android.server.incident.IncidentCompanionService
03-28 06:13:37.119 1124 1543 I SystemServerTimingAsync: ssm.onUnlockedUser-0_com.android.server.MmsServiceBroker
03-28 06:13:37.119 1124 1543 I SystemServerTimingAsync: ssm.onUnlockedUser-0_com.android.server.autofill.AutofillManagerService
03-28 06:13:37.119 1124 1543 I SystemServerTimingAsync: ssm.onUnlockedUser-0_com.android.server.clipboard.ClipboardService
03-28 06:13:37.119 1124 1543 I SystemServerTimingAsync: ssm.onUnlockedUser-0_com.android.server.appbinding.AppBindingService$Lifecycle
03-28 06:13:37.119 1124 1543 I SystemServerTimingAsync: ssm.onUnlockedUser-0_com.android.server.tracing.TracingServiceProxy
03-28 06:13:37.119 1124 1543 I SystemServerTimingAsync: ssm.onUnlockedUser-0_com.android.server.policy.PermissionPolicyService
03-28 06:13:37.119 1124 1543 I SystemServerTimingAsync: ssm.onUnlockedUser-0_com.android.server.pm.StagingManager$Lifecycle
03-28 06:13:37.119 1124 1543 I SystemServerTimingAsync: ssm.onUnlockedUser-0_com.android.server.app.GameManagerService$Lifecycle
03-28 06:13:37.119 1124 1543 I SystemServerTimingAsync: ssm.onUnlockedUser-0_com.android.server.appsearch.AppSearchManagerService
03-28 06:13:37.119 1124 1543 I SystemServerTimingAsync: ssm.onUnlockedUser-0_com.android.server.media.MediaCommunicationService
03-28 06:13:37.119 1124 1543 W ActivityManager: UserLifecycleEvent 6 received without an active userJourneySession.
03-28 06:13:37.119 1124 1705 I StorageSessionController: Creating connection for user: 0
03-28 06:13:37.120 1124 1705 I StorageSessionController: Creating and starting session with id: emulated;0
03-28 06:13:37.120 1124 1705 I StorageUserConnection: Binding to the ExternalStorageService for user 0
03-28 06:13:37.120 1124 1521 I AppWidgetServiceImpl: Processing of handleUserUnlocked u0 took 7 ms
03-28 06:13:37.125 1124 1705 D CompatibilityChangeReporter: Compat change id reported: 135634846; UID 10091; state: DISABLED
03-28 06:13:37.125 1124 1705 D CompatibilityChangeReporter: Compat change id reported: 177438394; UID 10091; state: DISABLED
03-28 06:13:37.125 1124 1705 D CompatibilityChangeReporter: Compat change id reported: 135772972; UID 10091; state: DISABLED
03-28 06:13:37.125 1124 1705 D CompatibilityChangeReporter: Compat change id reported: 135754954; UID 10091; state: ENABLED
03-28 06:13:37.125 1124 1705 I StorageUserConnection: Bound to the ExternalStorageService for user 0
01-01 08:01:11.389 0 0 I : Adding 4194300k swap on /dev/block/zram0. Priority:32758 extents:1 across:4194300k SS
03-28 06:13:37.132 1124 1849 E BackupPasswordManager: Unable to read backup pw version
03-28 06:13:37.132 1124 1849 E BackupPasswordManager: Unable to read saved backup pw hash
01-01 08:01:11.401 0 0 I binder : 2896:2896 ioctl 40046210 ffad80c8 returned -22
03-28 06:13:37.139 1124 1541 I UsageStatsService: User[0] Rollover scheduled @ 2023-03-29 06:13:34(1680041614095)
03-28 06:13:37.140 1124 1541 I UsageStatsService: Time changed in by 1679955145 seconds
