03-28 06:15:45.108 2896 4969 I hpplay-java: [Thread-68]:Bridge:notify: out: OutParameters:{audioSessionId=-1, audiotrackIndex=0, castHandleType=-1, castType=0, deviceName='', dlnaName='', dramaID='', extra=-2002, frameHandleType=-1, handleInside=true, headduration=0, header='', headers=null, isAD=false, isMultiMirror=false, lelinkVer='', limitTime=0, , mediaAlbum='null', mediaAlbumArtURI='', mediaArtist='null', mediaAssets='', mediaTitle='null', mimeType=0, multiSession=null, period=0, pinCode='', playSpeed=0.0, playerChoice=0, plugin=0, port=0, position=0.0, positionUnit=2, protocol=0, realSessionID='', regType='', , sinkIp='', sourceAPPVersion='', sourceChannel='', sourceClientInfo='', sourceDeviceInfo='', sourceDeviceModel='', sourceDeviceName='', sourceDeviceType=0, sourceHID='', , sourceInfo='', , , sourceOSVersion='', sourceSDKVersion='', sourceUid='', stopDetail=0, stopReason=0, tailduration=0, url='', urlID='', urls=null, userAgent='', videoDecoder=0, volume=0, what=204}com.hpplay.sdk.sink.protocol.OutParameters@b121ada
03-28 06:15:45.108 2896 4969 I hpplay-java: [Thread-68]:Bridge:notify: address:159386379
03-28 06:15:45.108 2896 4969 I hpplay-base: [mDNSEmbeded:79] embedded_mDNSLoop stopmDNSNow:0 nPublish:-2 nExitFlag:6 tid is 4969
03-28 06:15:45.108 2896 2896 I hpplay-java: [main]:Bridge:findServiceID start out: 159386379
03-28 06:15:45.108 2896 2896 I hpplay-java: [main]:Bridge:findServiceID end
03-28 06:15:45.109 2896 2896 E hpplay-java: [main]:ServerTaskManager:onError 204/-2002 com.hht.lebocast.LelinkHelper$e@614b4b6
03-28 06:15:45.109 2896 2896 I hpplay-java: [main]:ServerTaskManager:cancelTimeOutCheck
03-28 06:15:45.110 2896 2896 W hpplay-java: [main]:ServerTaskManager:onErrorDispatcher errorCode:-2002
03-28 06:15:45.110 2896 2896 I hpplay-java: [main]:ServerTaskManager:onError retry later
03-28 06:15:45.132 2896 5004 I hpplay-java: [AsyncTask #31]:HttpRequest:doGet responseCode:200 0
03-28 06:15:45.208 649 663 I mpu_uart: [MSG-P:RECV]:No message received in 1000 ms
03-28 06:15:45.260 649 662 I mpu_uart: [MSG-P:R]:recv sync frame timeout
03-28 06:15:45.739 1124 1711 W BestClock: java.time.DateTimeException: Missing NTP fix
03-28 06:15:45.761 1124 1711 W BestClock: java.time.DateTimeException: Missing NTP fix
03-28 06:15:45.768 1124 1712 W BestClock: java.time.DateTimeException: Missing NTP fix
03-28 06:15:45.769 1124 1712 W BestClock: java.time.DateTimeException: Missing NTP fix
03-28 06:15:46.010 1306 1369 E tlogd : [TzLogger](isPathReadable) file /sys/kernel/debug/tzdbg/qsee_log isn't exist or no permission, err: No such file or directory
03-28 06:15:46.010 1306 1369 E tlogd : [TzLogger](saveTzlogAsync) /sys/kernel/debug/tzdbg/qsee_log can not read.
03-28 06:15:46.010 1306 1369 E tlogd : [TzLogger](isPathReadable) file /sys/kernel/debug/tzdbg/log isn't exist or no permission, err: No such file or directory
03-28 06:15:46.010 1306 1369 E tlogd : [TzLogger](saveTzlogAsync) /sys/kernel/debug/tzdbg/log can not read.
03-28 06:15:46.208 649 663 I mpu_uart: [MSG-P:RECV]:No message received in 1000 ms
03-28 06:15:46.841 1124 1711 W BestClock: java.time.DateTimeException: Missing NTP fix
03-28 06:15:46.856 1124 1711 W BestClock: java.time.DateTimeException: Missing NTP fix
03-28 06:15:46.860 1124 1712 W BestClock: java.time.DateTimeException: Missing NTP fix
03-28 06:15:46.860 1124 1712 W BestClock: java.time.DateTimeException: Missing NTP fix
01-01 08:03:21.381 0 0 E DTC_Display: screen not ready(0)
03-28 06:15:47.209 649 663 I mpu_uart: [MSG-P:RECV]:No message received in 1000 ms
01-01 08:03:21.661 0 0 E DTC_ETH,link_delay_work_func: 3003, SQI=0, link=0
03-28 06:15:47.936 1124 1711 W BestClock: java.time.DateTimeException: Missing NTP fix
03-28 06:15:47.954 1124 1711 W BestClock: java.time.DateTimeException: Missing NTP fix
03-28 06:15:47.959 1124 1712 W BestClock: java.time.DateTimeException: Missing NTP fix
03-28 06:15:47.959 1124 1712 W BestClock: java.time.DateTimeException: Missing NTP fix
03-28 06:15:48.111 2896 2896 I hpplay-java: [main]:ServerTaskManager:restart by error
03-28 06:15:48.111 2896 2896 I hpplay-java: [main]:ServerTaskManager:startServer
03-28 06:15:48.111 2896 2896 I hpplay-java: [main]:ServerTaskManager:startServer add, reason: server is starting or running
03-28 06:15:48.111 2896 2896 I hpplay-java: [main]:ServerTaskManager:addStopTask
03-28 06:15:48.112 2896 2896 I hpplay-java: [main]:ServerTaskManager:addStartTask
03-28 06:15:48.112 2896 2896 I hpplay-java: [main]:ServerTaskManager:exeTask stopServer
03-28 06:15:48.112 2896 2896 I hpplay-java: [main]:Bridge:stopServer keepPush: false
03-28 06:15:48.112 2896 2896 D hpplay-base: [jniBridge:909] Bridge__1stopServer status:2
03-28 06:15:48.113 2896 2896 D hpplay-base: [LelinkBase:654] stopAllServer will start thread!
03-28 06:15:48.113 2896 5010 I hpplay-base: [mDNSEmbeded:65] embedded_mDNSExit call
03-28 06:15:48.113 2896 4973 D hpplay-base: [REventUtils:197] handleREventThread thread end!!,tid is 4973
03-28 06:15:48.113 2896 4972 D hpplay-base: [AEventUtils:588] handle AEvent thread end!!,tid is 4972
03-28 06:15:48.121 2896 4969 I hpplay-base: [mDNSEmbeded:140] embedded_mDNSLoop Exiting end,tid is 4969
03-28 06:15:48.121 2896 5010 D hpplay-base: [mDNSEmbeded:452] stopmDNSServer end stopmDNSNow=2, nRet=0
03-28 06:15:48.122 2896 4954 D hpplay-base: [Server:447] startHttpServer will END srv->serverType:0
03-28 06:15:48.123 2896 4954 D hpplay-base: [Server:646] startHttpServer cond srv_shutdown:1 connectNummber:0
03-28 06:15:48.123 2896 4954 D hpplay-base: [Server:669] startHttpServer wait cond END. srv_shutdown:1 connectNummber:0
03-28 06:15:48.123 2896 4954 D hpplay-base: [Server:457] HttpServer END, tid is 4954
03-28 06:15:48.159 2896 4955 D hpplay-base: [stream_mirror_compat:1284] mirror stream begin to exit,server fd:78,thread_id:3132076480!!
03-28 06:15:48.159 2896 4955 D hpplay-base: [stream_mirror_compat:1323] ##screen stream exit successfully!!##
03-28 06:15:48.209 649 663 I mpu_uart: [MSG-P:RECV]:No message received in 1000 ms
03-28 06:15:48.263 649 662 I mpu_uart: [MSG-P:R]:recv sync frame timeout
03-28 06:15:48.280 2896 4970 I hpplay-base: [mDNSEmbeded:376] end lelink publish server, tid is 4970
03-28 06:15:48.281 2896 5010 D hpplay-base: [mDNSEmbeded:420] stopmLelinkServer end nRet=0
03-28 06:15:48.281 2896 5010 D hpplay-base: [LelinkBase:615] lebodlna stopServerThreadFunc dlnaEnable:1
03-28 06:15:48.281 2896 5010 D hpplay-base-dlna: [lebodlna_api:49] stop DMR
03-28 06:15:48.281 2896 5010 D hpplay-base-dlna: [lebodlna_api:344] m_pRender Release
03-28 06:15:48.332 3054 3165 I FuseDaemon: Threshold exceeded - fadvising 67108864
03-28 06:15:48.332 3054 3165 I FuseDaemon: Threshold now 0
03-28 06:15:48.333 2896 5010 D hpplay-base-dlna: [UpnpDefine:867] DMRender release success
03-28 06:15:48.333 2896 5010 D hpplay-base-dlna: [lebodlna_api:352] m_pAVT Release
03-28 06:15:48.333 2896 5010 D hpplay-base-dlna: [lebodlna_api:360] m_pRCS Release
03-28 06:15:48.333 2896 5010 D hpplay-base-dlna: [lebodlna_api:365] dmrender destroydmr
03-28 06:15:48.634 2896 5010 D hpplay-base-dlna: [lebodlna-dlna_android:186] stopDLNA
03-28 06:15:48.634 2896 5010 D hpplay-base-dlna: [lebodlna-dlna_android:189] dlnaservice destroy
03-28 06:15:48.634 2896 5010 D hpplay-base-dlna: [lebodlna-dlna_android:49] dlnaservice Destroy 49 int CDlnaService::Destroy()
03-28 06:15:48.634 2896 5010 D hpplay-base-dlna: [lebodlna-dlnaframe:245] dlnaservice Destroy 245 static ERROR_TYPE IDlnaFrame::DestroyDlnaFrame(IDlnaFrame *)
03-28 06:15:48.634 2896 5010 D hpplay-base-dlna: [lebodlna-dlnaframe:179] dlnaservice Destroy 179 virtual void CDlnaFrame::Release()
03-28 06:15:48.634 2896 5010 D hpplay-base-dlna: [lebodlna-dlnaframe:190] dlnaservice Destroy 190 virtual void CDlnaFrame::Release()
03-28 06:15:48.634 2896 5010 D hpplay-base-dlna: [lebodlna-dlnaframe:192] dlnaservice Destroy 192 virtual void CDlnaFrame::Release()
03-28 06:15:48.634 2896 5010 D hpplay-base-dlna: [lebodlna-dlnaframe:247] dlnaservice Destroy 247 static ERROR_TYPE IDlnaFrame::DestroyDlnaFrame(IDlnaFrame *)
03-28 06:15:48.634 2896 5010 D hpplay-base-dlna: [lebodlna-dlnaframe:251] dlnaservice Destroy 251 static ERROR_TYPE IDlnaFrame::DestroyDlnaFrame(IDlnaFrame *)
03-28 06:15:48.637 2896 5010 E hpplay-base-dlna: upnpapi.c:655::before gminiserver ThreadPoolShutdown
03-28 06:15:48.638 2896 5010 E hpplay-base-dlna: ThreadPool.c:1047::on ThreadPoolShutdown tp->totalThreads:2
03-28 06:15:48.638 2896 5010 E hpplay-base-dlna: ThreadPool.c:1047::on ThreadPoolShutdown tp->totalThreads:1
03-28 06:15:48.638 2896 5010 E hpplay-base-dlna: ThreadPool.c:1056::after ThreadPoolShutdown
03-28 06:15:48.639 2896 5010 E hpplay-base-dlna: ThreadPool.c:1057::ThreadPoolShutdown tp->totalThreads:0
03-28 06:15:48.639 2896 5010 E hpplay-base-dlna: upnpapi.c:657::after gminiserver ThreadPoolShutdown
03-28 06:15:48.639 2896 5010 E hpplay-base-dlna: upnpapi.c:659::before grecv ThreadPoolShutdown
03-28 06:15:48.639 2896 5010 E hpplay-base-dlna: ThreadPool.c:1047::on ThreadPoolShutdown tp->totalThreads:12
03-28 06:15:48.640 2896 5010 E hpplay-base-dlna: ThreadPool.c:1047::on ThreadPoolShutdown tp->totalThreads:11
03-28 06:15:48.640 2896 5010 E hpplay-base-dlna: ThreadPool.c:1047::on ThreadPoolShutdown tp->totalThreads:10
03-28 06:15:48.640 2896 5010 E hpplay-base-dlna: ThreadPool.c:1047::on ThreadPoolShutdown tp->totalThreads:9
03-28 06:15:48.640 2896 5010 E hpplay-base-dlna: ThreadPool.c:1047::on ThreadPoolShutdown tp->totalThreads:7
03-28 06:15:48.640 2896 5010 E hpplay-base-dlna: ThreadPool.c:1047::on ThreadPoolShutdown tp->totalThreads:6
03-28 06:15:48.640 2896 5010 E hpplay-base-dlna: ThreadPool.c:1047::on ThreadPoolShutdown tp->totalThreads:5
03-28 06:15:48.641 2896 5010 E hpplay-base-dlna: ThreadPool.c:1047::on ThreadPoolShutdown tp->totalThreads:4
03-28 06:15:48.641 2896 5010 E hpplay-base-dlna: ThreadPool.c:1047::on ThreadPoolShutdown tp->totalThreads:3
03-28 06:15:48.641 2896 5010 E hpplay-base-dlna: ThreadPool.c:1056::after ThreadPoolShutdown
03-28 06:15:48.641 2896 5010 E hpplay-base-dlna: ThreadPool.c:1057::ThreadPoolShutdown tp->totalThreads:0
03-28 06:15:48.642 2896 5010 E hpplay-base-dlna: upnpapi.c:661::after grecv ThreadPoolShutdown
03-28 06:15:48.642 2896 5010 E hpplay-base-dlna: upnpapi.c:663::before gsend ThreadPoolShutdown
03-28 06:15:48.642 2896 5010 E hpplay-base-dlna: ThreadPool.c:1047::on ThreadPoolShutdown tp->totalThreads:2
03-28 06:15:48.642 2896 5010 E hpplay-base-dlna: ThreadPool.c:1047::on ThreadPoolShutdown tp->totalThreads:1
03-28 06:15:48.642 2896 5010 E hpplay-base-dlna: ThreadPool.c:1056::after ThreadPoolShutdown
03-28 06:15:48.642 2896 5010 E hpplay-base-dlna: ThreadPool.c:1057::ThreadPoolShutdown tp->totalThreads:0
03-28 06:15:48.642 2896 5010 E hpplay-base-dlna: upnpapi.c:665::after gsend ThreadPoolShutdown
03-28 06:15:48.642 2896 5010 D hpplay-base-dlna: [lebodlna-dlnaframe:253] dlnaservice Destroy 253 static ERROR_TYPE IDlnaFrame::DestroyDlnaFrame(IDlnaFrame *)
03-28 06:15:48.642 2896 5010 D hpplay-base-dlna: [lebodlna-dlna_android:51] dlnaservice Destroy 51 int CDlnaService::Destroy()
03-28 06:15:48.642 2896 5010 D hpplay-base-dlna: [lebodlna-dlna_android:194] stopDLNA end
03-28 06:15:48.942 2896 5010 D hpplay-base: [stream_mirror_compat:1489] request to stop screen stream session!!
03-28 06:15:48.943 2896 5010 D hpplay-base: [AEventUtils:625] begin to stop event handle service!!
03-28 06:15:48.943 2896 5010 D hpplay-base: [AEventUtils:628] stop event handle service ok!!
03-28 06:15:48.943 2896 5010 D hpplay-base: [REventUtils:231] begin to stop report handle service!!
03-28 06:15:48.943 2896 5010 D hpplay-base: [REventUtils:234] stop report handle service ok!!
03-28 06:15:48.943 2896 5010 D hpplay-base: [lelinkSinkServer:711] HTTP Server stopSinkServer End .
03-28 06:15:48.943 2896 5010 D hpplay-base: [jniBridge:1135] notifyJavaServerStoped
03-28 06:15:48.943 2896 5010 D hpplay-base: [jniBridge:1726] notifyJava, what:202, castType:0, mimeType:0 baseStatus:4
03-28 06:15:48.943 2896 5010 D hpplay-base: [jniBridge:1727] notifyJava sessionID:(null)
03-28 06:15:48.945 2896 5010 I hpplay-java: [Thread-69]:Bridge:notify: what: 202
03-28 06:15:48.946 2896 5010 I hpplay-java: [Thread-69]:Bridge:notify: out: OutParameters:{audioSessionId=-1, audiotrackIndex=0, castHandleType=-1, castType=0, deviceName='', dlnaName='', dramaID='', extra=0, frameHandleType=-1, handleInside=true, headduration=0, header='', headers=null, isAD=false, isMultiMirror=false, lelinkVer='', limitTime=0, , mediaAlbum='null', mediaAlbumArtURI='', mediaArtist='null', mediaAssets='', mediaTitle='null', mimeType=0, multiSession=null, period=0, pinCode='', playSpeed=0.0, playerChoice=0, plugin=0, port=0, position=0.0, positionUnit=2, protocol=0, realSessionID='', regType='', , sinkIp='', sourceAPPVersion='', sourceChannel='', sourceClientInfo='', sourceDeviceInfo='', sourceDeviceModel='', sourceDeviceName='', sourceDeviceType=0, sourceHID='', , sourceInfo='', , , sourceOSVersion='', sourceSDKVersion='', sourceUid='', stopDetail=0, stopReason=0, tailduration=0, url='', urlID='', urls=null, userAgent='', videoDecoder=0, volume=0, what=202}com.hpplay.sdk.sink.protocol.OutParameters@b070aa6
03-28 06:15:48.947 2896 5010 I hpplay-java: [Thread-69]:Bridge:notify: address:161631463
03-28 06:15:48.947 2896 5010 D hpplay-base: [LelinkBase:645] stopServerThreadFunc notifyJavaServerStoped!
03-28 06:15:48.948 2896 2896 I hpplay-java: [main]:ServerTaskManager:startTimeOutCheck
03-28 06:15:48.948 2896 2896 I hpplay-java: [main]:ServerBusiness:stopDaemonBusiness
03-28 06:15:48.948 2896 2896 I hpplay-java: [main]:SinkDataReport:logout
03-28 06:15:48.949 2896 2896 I hpplay-java: [main]:EPControl:release
03-28 06:15:48.951 2896 3852 I hpplay-java: [AsyncTask #5]:GlideCreator:clearCache clearDiskCache
03-28 06:15:48.953 2896 2896 I hpplay-java: [main]:Dispatcher:notifyAllReverseControlsStop
03-28 06:15:48.953 2896 2896 I hpplay-java: [main]:Preference:checkFeature none
03-28 06:15:48.954 2896 2896 I hpplay-java: [main]:Dispatcher:notifyAllUIControlsStop set: []
03-28 06:15:48.954 2896 2896 I hpplay-java: [main]:Bridge:findServiceID start out: 161631463
03-28 06:15:48.954 2896 2896 I hpplay-java: [main]:Bridge:findServiceID end
03-28 06:15:48.954 2896 2896 I hpplay-java: [main]:ServerTaskManager:onStop retry:true
03-28 06:15:48.954 2896 2896 I hpplay-java: [main]:ServerTaskManager:cancelTimeOutCheck
03-28 06:15:48.956 2896 4949 W hpplay-java: NanoHTTPDServerRunnable:Communication with the client broken
03-28 06:15:48.956 2896 4949 W hpplay-java: java.net.SocketException: Socket closed
03-28 06:15:48.956 2896 4949 W hpplay-java: at java.net.PlainSocketImpl.socketAccept(PlainSocketImpl.java:213)
03-28 06:15:48.956 2896 4949 W hpplay-java: at java.net.AbstractPlainSocketImpl.accept(AbstractPlainSocketImpl.java:451)
03-28 06:15:48.956 2896 4949 W hpplay-java: at java.net.ServerSocket.implAccept(ServerSocket.java:547)
03-28 06:15:48.956 2896 4949 W hpplay-java: at java.net.ServerSocket.accept(ServerSocket.java:515)
03-28 06:15:48.956 2896 4949 W hpplay-java: at com.hpplay.nanohttpd.protocols.http.ServerRunnable.run(SourceFile:118)
03-28 06:15:48.956 2896 4949 W hpplay-java: at java.lang.Thread.run(Thread.java:920)
03-28 06:15:48.956 2896 4949 I hpplay-java: NanoHTTPDNanoHTTPD:server is stoped
03-28 06:15:48.956 2896 4949 I hpplay-java: NanoHTTPDNanoHTTPD:clear obj
03-28 06:15:48.957 2896 2896 I hpplay-java: [main]:IPManager:getActiveNets type: WIFI
03-28 06:15:48.957 2896 2896 I hpplay-java: [main]:IPManager:getActiveNets eth0:false wifi:true mobile:false ap:false
03-28 06:15:48.957 2896 2896 I hpplay-java: [main]:IPManager:getIPAddress IP_WLAN0
03-28 06:15:48.958 2896 2896 I hpplay-java: [main]:IPManager:updateIPAddress getIPAddress: 192.168.4.16 name:vlan4
03-28 06:15:48.958 2896 2896 I hpplay-java: [main]:IPManager:updateIPAddress getIPAddress: 10.0.0.129 name:wlan0
03-28 06:15:48.958 2896 2896 I hpplay-java: [main]:IPManager:updateIPAddress getIPAddress: 192.168.8.16 name:vlan8
03-28 06:15:48.958 2896 2896 I hpplay-java: [main]:IPManager:updateIPAddress getIPAddress: 192.168.11.16 name:vlan11
03-28 06:15:48.958 2896 2896 I hpplay-java: [main]:IPManager:updateIPAddress getIPAddress: 192.168.0.16 name:vlan0
03-28 06:15:48.958 2896 2896 I hpplay-java: [main]:IPManager:updateIPAddress getIPAddress: 192.168.2.16 name:vlan2
03-28 06:15:48.958 2896 2896 I hpplay-java: [main]:IPManager:updateIPAddress getIPAddress: 192.168.1.16 name:vlan1
03-28 06:15:48.961 2896 2896 I hpplay-java: [main]:ServerTaskManager:exeTask startServer
03-28 06:15:48.961 2896 2896 I hpplay-java: [main]:ServerTaskManager:startTimeOutCheck
03-28 06:15:48.962 2896 4016 I hpplay-java: [AsyncTask #18]:ServerBusiness:startDaemonBusiness
03-28 06:15:48.962 2896 3860 I hpplay-java: [AsyncTask #10]:Bridge:assembleInParameters
03-28 06:15:48.962 2896 4016 I hpplay-java: [AsyncTask #18]:TimeOutCheckUtil:addTask id:upgrade
03-28 06:15:48.962 2896 4016 I hpplay-java: [AsyncTask #18]:TimeOutCheckUtil:addTask id:ijkupgrade
03-28 06:15:48.963 2896 3860 I hpplay-java: [AsyncTask #10]:Bridge:createDeviceId deviceId:Nzc6OTA6MDY6MmM6ZWM6MTU=
03-28 06:15:48.963 2896 3860 I hpplay-java: [AsyncTask #10]:IPManager:getActiveNets type: WIFI
03-28 06:15:48.963 2896 3860 I hpplay-java: [AsyncTask #10]:IPManager:getActiveNets eth0:false wifi:true mobile:false ap:false
03-28 06:15:48.964 2896 3860 I hpplay-java: [AsyncTask #10]:IPManager:getIPAddress IP_WLAN0
03-28 06:15:48.964 2896 3860 I hpplay-java: [AsyncTask #10]:Preference:checkFeature none
03-28 06:15:48.964 2896 3860 I hpplay-java: [AsyncTask #10]:SWI:dlna tip
03-28 06:15:48.964 2896 3860 I hpplay-java: [AsyncTask #10]:SWI:lefp tip
03-28 06:15:48.964 2896 5018 I hpplay-java: NanoHTTPDNanoHTTPD:server is started
03-28 06:15:48.964 2896 3860 I hpplay-java: [AsyncTask #10]:Bridge:assembleInParameters none alias name use device name: 高合娱乐副屏
03-28 06:15:48.964 2896 3860 I hpplay-java: [AsyncTask #10]:Feature:isSendAdvertisement
03-28 06:15:48.964 2896 3860 I hpplay-java: [AsyncTask #10]:Preference:checkFeature none
03-28 06:15:48.965 2896 3860 I hpplay-java: [AsyncTask #10]:Preference:checkFeature none
03-28 06:15:48.965 2896 3860 I hpplay-java: [AsyncTask #10]:Bridge:backupHpplayDat bakPath:
03-28 06:15:48.965 2896 3860 I hpplay-java: [AsyncTask #10]:Bridge:path:/data/user/0/com.hht.lebocast/files/hpplay/file/happyplay.dat
03-28 06:15:48.965 2896 3860 I hpplay-java: [AsyncTask #10]:Bridge:mAppId:21409
03-28 06:15:48.965 2896 3860 I hpplay-java: [AsyncTask #10]:Bridge:mode:3
03-28 06:15:48.965 2896 3860 I hpplay-java: [AsyncTask #10]:Bridge:type:1
03-28 06:15:48.965 2896 3860 I hpplay-java: [AsyncTask #10]:Bridge:SN:
03-28 06:15:48.965 2896 3860 I hpplay-java: [AsyncTask #10]:Preference:checkFeature none
03-28 06:15:48.965 2896 3860 I hpplay-java: [AsyncTask #10]:Bridge:backPath:
03-28 06:15:48.965 2896 3860 I hpplay-java: [AsyncTask #10]:DeviceUtil:getPermissionDid: 1
03-28 06:15:48.965 2896 3860 I hpplay-java: [AsyncTask #10]:DeviceUtil:getPermissionDid: 1
03-28 06:15:48.965 2896 3860 I hpplay-java: [AsyncTask #10]:BPIFileUtil:getMd5ByFile: 0FA04FD08975C81CDD9275F6AE23A020
03-28 06:15:48.965 2896 3860 I hpplay-java: [AsyncTask #10]:Preference:checkFeature none
03-28 06:15:48.965 2896 3860 I hpplay-java: [AsyncTask #10]:Preference:checkFeature none
03-28 06:15:48.966 2896 3860 I hpplay-java: [AsyncTask #10]:Preference:checkFeature none
03-28 06:15:48.966 2896 3860 I hpplay-java: [AsyncTask #10]:Preference:checkFeature none
03-28 06:15:48.966 2896 3860 I hpplay-java: [AsyncTask #10]:Preference:checkFeature none
03-28 06:15:48.971 2896 3851 I hpplay-java: [AsyncTask #4]:HttpRequest:doGet responseCode:200 0
03-28 06:15:48.974 2896 4016 W hpplay-java: [AsyncTask #18]:ServerBusiness:startDaemonBusiness start LelinkHTTPD sucess 52288
03-28 06:15:48.975 2896 2896 I hpplay-java: [main]:ServerBusiness:get deviceCode:2438898122
03-28 06:15:48.979 2896 3860 W hpplay-java: [AsyncTask #10]:DeviceUtils:getDomain create lb domain
03-28 06:15:48.979 2896 3860 I hpplay-java: [AsyncTask #10]:Feature:getMirrorAudioVideoSync DISABLE
03-28 06:15:48.979 2896 3860 I hpplay-java: [AsyncTask #10]:Feature:checkSupportRedirectOtherApp,no set redirect api
03-28 06:15:48.979 2896 3860 I hpplay-java: [AsyncTask #10]:Feature:getRedirectSearchFlag,value: 0
03-28 06:15:48.980 2896 3860 I hpplay-java: [AsyncTask #10]:Bridge:mIn: InParameters{appInfo='0', appKey='21409', authMode=0, authPwd='null', broadcastDirection=0, broadcastState=1, broadcastTimeout=3, buildType='release', cacheAVPath='/data/user/0/com.hht.lebocast/cache/hpplay/av', cachePhotoPath='/data/user/0/com.hht.lebocast/cache/hpplay/image', channel='LEBO-APK--60146-25915', desPath='/data/user/0/com.hht.lebocast/files/hpplay/file/config/dcf', , deviceName='高合娱乐副屏', dlna=1, dlnaCompany='Microsoft Corporation', dlnaCompanyURL='http://www.microsoft.com', dlnaDeviceDescribe='Media Renderer', dlnaDeviceName='Windows Media Player', dlnaDeviceURL='http://go.microsoft.com/fwlink/Linkld=105927', dlnaLelinkSwitch=1, dlnaManufacturer=0, dlnaName='高合娱乐副屏', dlnaUPC='null', dlnaUUID='5bdabc8b-fbb2-81e5-159c-21871da08aee', domain='Lebo-figure-1e982b1b75ee', drainage=0, feature='6655', fps=60, height=1080, host='null', , keyPath='/data/user/0/com.hht.lebocast/files/hpplay/file', lelinkfp=1, lelinkfp2=0, logBaseState=1, logPath='/storage/emulated/0/com.hht.lebocast/sink/sdk/common', , mdnsEnable=1, mirrorSyncType=0, netCastVer='2.0', packageName='com.hht.lebocast', packagePath='/data/user/0/com.hht.lebocast', permissionDid='1e:98:2b:1b:75:ee', permissionMode=3, permissionPreSN='', port=0, preemptMode=0, regType='_leboremote._tcp.', serverPorts=null, sockWaitTimeOut=45, teleControlPort=53388, tunnels=3, txtKeys=null, txtValues=null, uid='10000039936617', videoFrameType=1001, width=1920}com.hpplay.sdk.sink.protocol.InParameters@a8e9184
03-28 06:15:48.980 2896 2896 I hpplay-java: [main]:Bridge:startServer state: 0
03-28 06:15:48.980 2896 2896 D hpplay-base: [jniBridge:185] not conference version
03-28 06:15:48.980 2896 2896 I hpplay-base: [jniBridge:241] 1initServer nSettingWidth=1920 nSettingHeight=1080 nSettingMaxFPS=60 dlnaEnable=1 lelinkFpEnable=1
03-28 06:15:48.981 2896 2896 D hpplay-base: [jniBridge:283] 1initServer cfg.leLinkIp=10.0.0.129
03-28 06:15:48.981 2896 2896 D hpplay-base: [jniBridge:286] 1initServer cfg.mPermissionMode=3
03-28 06:15:48.981 2896 2896 D hpplay-base: [jniBridge:304] 1initServer cfg.permissionDid=1e:98:2b:1b:75:ee000000000000000
03-28 06:15:48.981 2896 2896 D hpplay-base: [jniBridge:313] 1initServer cfg.mPermissionPreSN=00000000000000000000000000000000
03-28 06:15:48.981 2896 2896 D hpplay-base: [jniBridge:317] Bridge___1initServer status:0
03-28 06:15:48.981 2896 2896 I hpplay-base: [jniBridge:325] 1initServer cfg.feature=6655
03-28 06:15:48.981 2896 2896 D hpplay-base: [jniBridge:377] 1initServer isSendBroadCast=3
03-28 06:15:48.981 2896 2896 D hpplay-base: [jniBridge:380] 1initServer broadcastDirection=0
03-28 06:15:48.981 2896 2896 D hpplay-base: [jniBridge:382] 1initServer ipBroadcast direction=0
03-28 06:15:48.981 2896 2896 D hpplay-base: [jniBridge:387] 1initServer tunnel=3
03-28 06:15:48.981 2896 2896 D hpplay-base: [jniBridge:390] 1initServer drainage=0
03-28 06:15:48.981 2896 2896 D hpplay-base: [jniBridge:401] 1initServer mDNSEnable=1
03-28 06:15:48.981 2896 2896 D hpplay-base: [jniBridge:406] 1initServer nSockWaitTimeOut=45
03-28 06:15:48.981 2896 2896 D hpplay-base: [jniBridge:410] 1initServer nMirrorAudioVideoSync=0
03-28 06:15:48.981 2896 2896 I hpplay-base: [sign_check:168] checkSign strPackageName:com.hht.lebocast
03-28 06:15:48.981 2896 2896 I hpplay-base: [sign_check:169] checkSign buildType:release
03-28 06:15:48.981 2896 2896 I hpplay-base: [sign_check:170] checkSign appKey:21409
03-28 06:15:48.981 2896 2896 D hpplay-base: [LelinkBase:405] bridgeInit port: 0, lelinkfp: 0
03-28 06:15:48.981 2896 2896 D hpplay-base: [LelinkBase:462] bridgeInit mPackagePath =/data/user/0/com.hht.lebocast
03-28 06:15:48.981 2896 2896 D hpplay-base: [LelinkBase:463] bridgeInit mKeyPath =/data/user/0/com.hht.lebocast/files/hpplay/file
03-28 06:15:48.981 2896 2896 D hpplay-base: [SinkContext:97] initSinkContext mPackagePath =/data/user/0/com.hht.lebocast
03-28 06:15:48.981 2896 2896 D hpplay-base: [SinkContext:98] initSinkContext mKeyPath =/data/user/0/com.hht.lebocast/files/hpplay/file
03-28 06:15:48.981 2896 2896 D hpplay-base: [jniBridge:478] Java_com_hpplay_sdk_sink_protocol_Bridge__1initServer end
03-28 06:15:48.981 2896 2896 D hpplay-base: [jniBridge:869] Bridge__1startServer status:1
03-28 06:15:48.981 2896 2896 D hpplay-base: [LelinkBase:492] startAllServer at base
03-28 06:15:48.981 2896 2896 D hpplay-base: [lelinkSinkServer:152] httpPlugins_SetServerPort TYPE_SERVER_LELINK:52266
03-28 06:15:48.981 2896 2896 D hpplay-base: [network.c:362] protocol bind host :10.0.0.129 port:52266 curent bind port:52266
03-28 06:15:48.981 2896 2896 D hpplay-base: [lelinkSinkServer:681] HTTP Server real at:52266
03-28 06:15:48.982 2896 5023 D hpplay-base: [lelinkSinkServer:644] Connected Service Type:0
03-28 06:15:48.982 2896 2896 D hpplay-base: [ScreenStream:1285] current bind port:7100
03-28 06:15:48.982 2896 5023 I hpplay-base: : (server.c.315) startServer listen_ing....:
03-28 06:15:48.982 2896 5023 D hpplay-base: [Server:371] startHttpServer srv_sockets.used:1 nCurrentFd:77, tid is 5023
03-28 06:15:48.982 2896 2896 D hpplay-base: [LelinkBase:515] startAllServer pBaseContext->config.dlnaEnable:1
03-28 06:15:48.982 2896 2896 D hpplay-base: [lelinkDlna:324] addDMRCallback end
03-28 06:15:48.982 2896 5024 D hpplay-base: [stream_mirror_compat:759] compat mirror stream begin to run,server fd:78,thread_id:3153818048!!
03-28 06:15:48.983 2896 2896 E hpplay-base-dlna: miniserver.c:788::dlna_port(ipv4: 49152 ipv6:0)
03-28 06:15:48.984 2896 2896 D hpplay-base-dlna: [lebodlna-dlnaframe:166] succeed to load lebodlnaplugin
03-28 06:15:48.984 2896 2896 D hpplay-base-dlna: [lebodlna-dlnaframe:232] Succeed to load specified plugin:lebodlna_plugin
03-28 06:15:48.984 2896 2896 D hpplay-base: [lelinkDlna:328] startDLNAServer ret=0
03-28 06:15:48.984 2896 2896 D hpplay-base: [LelinkBase:531] startDLNAServer ret= 0
03-28 06:15:48.984 2896 2896 D hpplay-base: [lelinkDlna:342] setDMRFriendlyName 高合娱乐副屏
03-28 06:15:48.984 2896 2896 D hpplay-base-dlna: [lebodlna-dlna_android:136] setBroadcastTimeout mBroadcastTimeOut=66 status=3!
03-28 06:15:48.984 2896 2896 D hpplay-base-dlna: [lebodlna_api:32] start DMR
03-28 06:15:48.984 2896 2896 D hpplay-base-dlna: [UpnpDefine:434] RegisterDMRender invalid lelink info
03-28 06:15:48.984 2896 2896 D hpplay-base-dlna: [UpnpDefine:551] DLNA DESCRIPTION FROME SERVER
03-28 06:15:48.986 2896 2896 E hpplay-base-dlna: upnpapi.c:1078::Exiting RegisterRootDevice2 *Hnd =1, return value == 0
03-28 06:15:48.986 2896 2896 D hpplay-base-dlna: [CUpnpDevice:41] Register Root Device 2:0
03-28 06:15:48.986 2896 2896 D hpplay-base-dlna: [UpnpDefine:794] ESDMRender:Register success
03-28 06:15:48.986 2896 2896 D hpplay-base-dlna: [lebodlna_api:41] sendBroadcast mBroadcastTimeOut=3
03-28 06:15:48.986 2896 2896 D hpplay-base-dlna: [lebodlna_api:44] sendBroadcast timeout=66
03-28 06:15:49.039 1124 1711 W BestClock: java.time.DateTimeException: Missing NTP fix
03-28 06:15:49.043 2896 2896 D hpplay-base: [lelinkDlna:361] startDLNADevice dlnaManufacturer:0 ret=0
03-28 06:15:49.043 2896 2896 D hpplay-base: [LelinkBase:535] lelinkSetDlnaInfo ret= 0
03-28 06:15:49.043 2896 2896 D hpplay-base: [LelinkBase:547] startAllServer pBaseContext->config.mDNSEnable:1
03-28 06:15:49.044 2896 2896 D hpplay-base: [base_mdns:509] mdns net.hostname:
03-28 06:15:49.044 2896 2896 D hpplay-base: [base_mdns:529] mdns namelabel:-36-7C-7C-00-00-0F
03-28 06:15:49.044 2896 2896 D hpplay-base: [base_mdns:509] mdns net.hostname:
03-28 06:15:49.044 2896 2896 D hpplay-base: [base_mdns:529] mdns namelabel:-36-7C-7C-00-00-0F
03-28 06:15:49.044 2896 2896 D hpplay-base: [mdns:813] mdns start bind port:0
03-28 06:15:49.045 2896 2896 D hpplay-base: [mdns:813] mdns start bind port:5353
03-28 06:15:49.045 2896 2896 D hpplay-base: [mdns:813] mdns start bind port:5353
03-28 06:15:49.045 2896 2896 D hpplay-base: [mdns:813] mdns start bind port:5353
03-28 06:15:49.045 2896 2896 D hpplay-base: [mdns:813] mdns start bind port:5353
03-28 06:15:49.045 2896 2896 D hpplay-base: [mdns:813] mdns start bind port:5353
03-28 06:15:49.046 2896 2896 D hpplay-base: [mdns:813] mdns start bind port:5353
03-28 06:15:49.046 2896 2896 D hpplay-base: [mdns:813] mdns start bind port:5353
03-28 06:15:49.046 2896 2896 I hpplay-base: [mDNSEmbeded:57] embedded_mDNSInit stopmDNSNow:0 status:0
03-28 06:15:49.046 2896 2896 D hpplay-base: [mDNSEmbeded:436] startmDNSServer end nRet=0
03-28 06:15:49.046 2896 2896 D hpplay-base: [LelinkBase:555] lelink broadcast_on_off:1 log2java_on_off:1
03-28 06:15:49.046 2896 5040 I hpplay-base: [mDNSEmbeded:268] start lelink publish server, tid is 5040
03-28 06:15:49.046 2896 2896 D hpplay-base: [AEventUtils:595] request to start event handle service!!
03-28 06:15:49.046 2896 5039 D hpplay-base: [LelinkMDNS:729] leboAuthorizationCheck strUuid=1e:98:2b:1b:75:ee000000000000000
03-28 06:15:49.046 2896 5039 D hpplay-base: [LelinkMDNS:730] leboAuthorizationCheck mPermissionDid=1e:98:2b:1b:75:ee000000000000000
03-28 06:15:49.046 2896 5039 D hpplay-base: [LelinkMDNS:755] leboAuthorizationCheck mPermissionMac=1e:98:2b:1b:75:ee000000000000000
03-28 06:15:49.046 2896 2896 D hpplay-base: [AEventUtils:603] start_event_handle_service,begin to run!!
03-28 06:15:49.046 2896 2896 D hpplay-base: [REventUtils:210] start_event_handle_service,begin to run!!
03-28 06:15:49.046 2896 2896 D hpplay-base: [LelinkBase:576] startAllServer success .
03-28 06:15:49.047 2896 2896 D hpplay-base: [jniBridge:894] startDlna_link:http://10.0.0.129:49152/description.xml
03-28 06:15:49.047 2896 5044 D hpplay-base: [jniBridge:1081] notifyJavaDlnalink:http://10.0.0.129:49152/description.xml
03-28 06:15:49.047 2896 5044 D hpplay-base: [jniBridge:1726] notifyJava, what:207, castType:0, mimeType:0 baseStatus:2
03-28 06:15:49.047 2896 5044 D hpplay-base: [jniBridge:1727] notifyJava sessionID:(null)
03-28 06:15:49.047 2896 5042 D hpplay-base: [AEventUtils:171] create handle AEvent thread ok!!,tid is 5042
03-28 06:15:49.047 2896 5043 D hpplay-base: [REventUtils:59] create handleREventThread thread ok!!,tid is 5043
03-28 06:15:49.047 2896 5041 D hpplay-base: [mDNSEmbeded:197] http_port bind check 197 http_port_check
03-28 06:15:49.049 2896 5044 I hpplay-java: [Thread-71]:Bridge:notify: what: 207
03-28 06:15:49.049 2896 5041 D hpplay-base: [mDNSEmbeded:217] http_port bind check 217 http_port_check
03-28 06:15:49.049 2896 5041 D hpplay-base: [mDNSEmbeded:222] http_port bind check 222 http_port_check
03-28 06:15:49.050 2896 5044 I hpplay-java: [Thread-71]:Bridge:notify: out: OutParameters:{audioSessionId=-1, audiotrackIndex=0, castHandleType=-1, castType=0, deviceName='http://10.0.0.129:49152/description.xml', dlnaName='', dramaID='', extra=0, frameHandleType=-1, handleInside=true, headduration=0, header='', headers=null, isAD=false, isMultiMirror=false, lelinkVer='', limitTime=0, , mediaAlbum='null', mediaAlbumArtURI='', mediaArtist='null', mediaAssets='', mediaTitle='null', mimeType=0, multiSession=null, period=0, pinCode='', playSpeed=0.0, playerChoice=0, plugin=0, port=0, position=0.0, positionUnit=2, protocol=0, realSessionID='', regType='', , sinkIp='', sourceAPPVersion='', sourceChannel='', sourceClientInfo='', sourceDeviceInfo='', sourceDeviceModel='', sourceDeviceName='', sourceDeviceType=0, sourceHID='', , sourceInfo='', , , sourceOSVersion='', sourceSDKVersion='', sourceUid='', stopDetail=0, stopReason=0, tailduration=0, url='', urlID='', urls=null, userAgent='', videoDecoder=0, volume=0, what=207}com.hpplay.sdk.sink.protocol.OutParameters@33670f5
03-28 06:15:49.050 2896 5044 I hpplay-java: [Thread-71]:Bridge:notify: address:118943370
03-28 06:15:49.050 2896 5039 D hpplay-base: [LelinkMDNS:766] devicePermissionPublic leboPermissionCheck:-2
03-28 06:15:49.050 2896 5039 D hpplay-base: [jniBridge:1125] com_hpplay_sdk_sink_protocol_Bridge_WHAT_SERVER_ERROR
03-28 06:15:49.050 2896 5039 D hpplay-base: [jniBridge:1726] notifyJava, what:204, castType:0, mimeType:0 baseStatus:2
03-28 06:15:49.050 2896 5039 D hpplay-base: [jniBridge:1727] notifyJava sessionID:(null)
03-28 06:15:49.051 2896 5039 I hpplay-java: [Thread-72]:Bridge:notify: what: 204
03-28 06:15:49.052 2896 5039 I hpplay-java: [Thread-72]:Bridge:notify: out: OutParameters:{audioSessionId=-1, audiotrackIndex=0, castHandleType=-1, castType=0, deviceName='', dlnaName='', dramaID='', extra=-2002, frameHandleType=-1, handleInside=true, headduration=0, header='', headers=null, isAD=false, isMultiMirror=false, lelinkVer='', limitTime=0, , mediaAlbum='null', mediaAlbumArtURI='', mediaArtist='null', mediaAssets='', mediaTitle='null', mimeType=0, multiSession=null, period=0, pinCode='', playSpeed=0.0, playerChoice=0, plugin=0, port=0, position=0.0, positionUnit=2, protocol=0, realSessionID='', regType='', , sinkIp='', sourceAPPVersion='', sourceChannel='', sourceClientInfo='', sourceDeviceInfo='', sourceDeviceModel='', sourceDeviceName='', sourceDeviceType=0, sourceHID='', , sourceInfo='', , , sourceOSVersion='', sourceSDKVersion='', sourceUid='', stopDetail=0, stopReason=0, tailduration=0, url='', urlID='', urls=null, userAgent='', videoDecoder=0, volume=0, what=204}com.hpplay.sdk.sink.protocol.OutParameters@a2dccfb
03-28 06:15:49.052 2896 5039 I hpplay-java: [Thread-72]:Bridge:notify: address:253161752
03-28 06:15:49.052 2896 2896 I hpplay-java: [main]:Bridge:findServiceID start out: 253161752
03-28 06:15:49.052 2896 2896 I hpplay-java: [main]:Bridge:findServiceID end
03-28 06:15:49.052 2896 2896 E hpplay-java: [main]:ServerTaskManager:onError 204/-2002 com.hht.lebocast.LelinkHelper$e@614b4b6
03-28 06:15:49.052 2896 2896 I hpplay-java: [main]:ServerTaskManager:cancelTimeOutCheck
03-28 06:15:49.052 2896 5039 I hpplay-base: [mDNSEmbeded:79] embedded_mDNSLoop stopmDNSNow:0 nPublish:-2 nExitFlag:6 tid is 5039
03-28 06:15:49.053 2896 5041 D hpplay-base: [mDNSEmbeded:234] http_port bind check 234 http_port_check port:52266
03-28 06:15:49.053 2896 2896 W hpplay-java: [main]:ServerTaskManager:onErrorDispatcher errorCode:-2002
03-28 06:15:49.053 2896 2896 I hpplay-java: [main]:ServerTaskManager:onError retry later
03-28 06:15:49.053 2896 5041 D hpplay-base: [mDNSEmbeded:237] http_port bind check 237 http_port_check
03-28 06:15:49.054 2896 5046 D hpplay-base: [lelinkSinkServer:93] new client connection from 127.0.0.1 12452, fd=149
03-28 06:15:49.054 2896 5046 D hpplay-base: [SinkContext:137] addSinkContextSession,begin to run!!
03-28 06:15:49.054 2896 5046 D hpplay-base: [SinkContext:142] addSinkContextSession,begin to get lock!!
03-28 06:15:49.054 2896 5046 D hpplay-base: [SinkContext:144] addSinkContextSession,get lock ok!!
03-28 06:15:49.054 2896 5046 D hpplay-base: [SinkContext:149] addSinkContextSession,session list is null,begin to malloc!!
03-28 06:15:49.054 2896 5046 D hpplay-base: [SinkContext:156] addSinkContextSession,begin to update!!
03-28 06:15:49.054 2896 5046 D hpplay-base: [SinkContext:160] addSinkContextSession,begin to update header!!
03-28 06:15:49.054 2896 5046 D hpplay-base: [SinkContext:172] addSinkContextSession,begin to unlock!!
03-28 06:15:49.054 2896 5046 D hpplay-base: [SinkContext:174] addSinkContextSession,unlock ok!!
03-28 06:15:49.054 2896 5046 D hpplay-base: [LelinkReceiver:4908] get ping !!!
03-28 06:15:49.054 1124 1711 W BestClock: java.time.DateTimeException: Missing NTP fix
03-28 06:15:49.054 2896 5041 D hpplay-base: [mDNSEmbeded:240] http_port bind check 240 http_port_check recieved:64
03-28 06:15:49.054 2896 5041 D hpplay-base: [mDNSEmbeded:243] http_port bind check 243 http_port_check
03-28 06:15:49.054 2896 5041 D hpplay-base: [mDNSEmbeded:244] http_port bind check ok!
03-28 06:15:49.057 1124 1712 W BestClock: java.time.DateTimeException: Missing NTP fix
03-28 06:15:49.057 1124 1712 W BestClock: java.time.DateTimeException: Missing NTP fix
03-28 06:15:49.064 2896 3861 I hpplay-java: [AsyncTask #11]:HttpRequest:doGet responseCode:200 0
03-28 06:15:49.209 649 663 I mpu_uart: [MSG-P:RECV]:No message received in 1000 ms
03-28 06:15:49.255 2896 5046 I hpplay-base: [LelinkReceiver:14605] _connectionFinalize (149)
03-28 06:15:49.255 2896 5046 D hpplay-base: [LelinkReceiver:14752] ###connectionFinalize,release ok!!###
03-28 06:15:50.130 1124 1711 W BestClock: java.time.DateTimeException: Missing NTP fix
03-28 06:15:50.151 1124 1711 W BestClock: java.time.DateTimeException: Missing NTP fix
03-28 06:15:50.155 1124 1712 W BestClock: java.time.DateTimeException: Missing NTP fix
03-28 06:15:50.156 1124 1712 W BestClock: java.time.DateTimeException: Missing NTP fix
03-28 06:15:50.209 649 663 I mpu_uart: [MSG-P:RECV]:No message received in 1000 ms
03-28 06:15:50.582 3054 3165 I FuseDaemon: Threshold exceeded - fadvising 67108864
03-28 06:15:50.582 3054 3165 I FuseDaemon: Threshold now 0
03-28 06:15:50.751 3054 3165 I FuseDaemon: Threshold exceeded - fadvising 67108864
03-28 06:15:50.751 3054 3165 I FuseDaemon: Threshold now 0
03-28 06:15:51.011 1306 1369 E tlogd : [TzLogger](isPathReadable) file /sys/kernel/debug/tzdbg/qsee_log isn't exist or no permission, err: No such file or directory
03-28 06:15:51.011 1306 1369 E tlogd : [TzLogger](saveTzlogAsync) /sys/kernel/debug/tzdbg/qsee_log can not read.
03-28 06:15:51.011 1306 1369 E tlogd : [TzLogger](isPathReadable) file /sys/kernel/debug/tzdbg/log isn't exist or no permission, err: No such file or directory
03-28 06:15:51.011 1306 1369 E tlogd : [TzLogger](saveTzlogAsync) /sys/kernel/debug/tzdbg/log can not read.
03-28 06:15:51.209 649 663 I mpu_uart: [MSG-P:RECV]:No message received in 1000 ms
03-28 06:15:51.224 1124 1711 W BestClock: java.time.DateTimeException: Missing NTP fix
03-28 06:15:51.244 1124 1711 W BestClock: java.time.DateTimeException: Missing NTP fix
03-28 06:15:51.248 1124 1712 W BestClock: java.time.DateTimeException: Missing NTP fix
03-28 06:15:51.249 1124 1712 W BestClock: java.time.DateTimeException: Missing NTP fix
03-28 06:15:51.265 649 662 I mpu_uart: [MSG-P:R]:recv sync frame timeout
03-28 06:15:52.054 2896 2896 I hpplay-java: [main]:ServerTaskManager:restart by error
03-28 06:15:52.055 2896 2896 I hpplay-java: [main]:ServerTaskManager:startServer
03-28 06:15:52.055 2896 2896 I hpplay-java: [main]:ServerTaskManager:startServer add, reason: server is starting or running
03-28 06:15:52.055 2896 2896 I hpplay-java: [main]:ServerTaskManager:addStopTask
03-28 06:15:52.055 2896 2896 I hpplay-java: [main]:ServerTaskManager:addStartTask
03-28 06:15:52.055 2896 2896 I hpplay-java: [main]:ServerTaskManager:exeTask stopServer
03-28 06:15:52.055 2896 2896 I hpplay-java: [main]:Bridge:stopServer keepPush: false
03-28 06:15:52.055 2896 2896 D hpplay-base: [jniBridge:909] Bridge__1stopServer status:2
03-28 06:15:52.056 2896 2896 D hpplay-base: [LelinkBase:654] stopAllServer will start thread!
03-28 06:15:52.057 2896 5052 I hpplay-base: [mDNSEmbeded:65] embedded_mDNSExit call
03-28 06:15:52.057 2896 5043 D hpplay-base: [REventUtils:197] handleREventThread thread end!!,tid is 5043
03-28 06:15:52.057 2896 5042 D hpplay-base: [AEventUtils:588] handle AEvent thread end!!,tid is 5042
03-28 06:15:52.090 2896 5024 D hpplay-base: [stream_mirror_compat:1284] mirror stream begin to exit,server fd:78,thread_id:3153818048!!
03-28 06:15:52.090 2896 5024 D hpplay-base: [stream_mirror_compat:1323] ##screen stream exit successfully!!##
03-28 06:15:52.210 649 663 I mpu_uart: [MSG-P:RECV]:No message received in 1000 ms
03-28 06:15:52.257 2896 5023 D hpplay-base: [Server:447] startHttpServer will END srv->serverType:0
03-28 06:15:52.257 2896 5023 D hpplay-base: [Server:646] startHttpServer cond srv_shutdown:1 connectNummber:0
03-28 06:15:52.257 2896 5023 D hpplay-base: [Server:669] startHttpServer wait cond END. srv_shutdown:1 connectNummber:0
03-28 06:15:52.258 2896 5023 D hpplay-base: [Server:457] HttpServer END, tid is 5023
01-01 08:03:26.781 0 0 E DTC_ETH,link_delay_work_func: 3003, SQI=0, link=0
03-28 06:15:52.785 2896 5039 I hpplay-base: [mDNSEmbeded:140] embedded_mDNSLoop Exiting end,tid is 5039
03-28 06:15:52.785 2896 5052 D hpplay-base: [mDNSEmbeded:452] stopmDNSServer end stopmDNSNow=2, nRet=0
03-28 06:15:52.943 2896 5040 I hpplay-base: [mDNSEmbeded:376] end lelink publish server, tid is 5040
03-28 06:15:52.944 2896 5052 D hpplay-base: [mDNSEmbeded:420] stopmLelinkServer end nRet=0
03-28 06:15:52.944 2896 5052 D hpplay-base: [LelinkBase:615] lebodlna stopServerThreadFunc dlnaEnable:1
03-28 06:15:52.944 2896 5052 D hpplay-base-dlna: [lebodlna_api:49] stop DMR
03-28 06:15:52.944 2896 5052 D hpplay-base-dlna: [lebodlna_api:344] m_pRender Release
03-28 06:15:53.004 2896 5052 D hpplay-base-dlna: [UpnpDefine:867] DMRender release success
03-28 06:15:53.004 2896 5052 D hpplay-base-dlna: [lebodlna_api:352] m_pAVT Release
03-28 06:15:53.004 2896 5052 D hpplay-base-dlna: [lebodlna_api:360] m_pRCS Release
03-28 06:15:53.004 2896 5052 D hpplay-base-dlna: [lebodlna_api:365] dmrender destroydmr
03-28 06:15:53.210 649 663 I mpu_uart: [MSG-P:RECV]:No message received in 1000 ms
03-28 06:15:53.304 2896 5052 D hpplay-base-dlna: [lebodlna-dlna_android:186] stopDLNA
03-28 06:15:53.304 2896 5052 D hpplay-base-dlna: [lebodlna-dlna_android:189] dlnaservice destroy
03-28 06:15:53.304 2896 5052 D hpplay-base-dlna: [lebodlna-dlna_android:49] dlnaservice Destroy 49 int CDlnaService::Destroy()
03-28 06:15:53.304 2896 5052 D hpplay-base-dlna: [lebodlna-dlnaframe:245] dlnaservice Destroy 245 static ERROR_TYPE IDlnaFrame::DestroyDlnaFrame(IDlnaFrame *)
03-28 06:15:53.304 2896 5052 D hpplay-base-dlna: [lebodlna-dlnaframe:179] dlnaservice Destroy 179 virtual void CDlnaFrame::Release()
03-28 06:15:53.304 2896 5052 D hpplay-base-dlna: [lebodlna-dlnaframe:190] dlnaservice Destroy 190 virtual void CDlnaFrame::Release()
03-28 06:15:53.304 2896 5052 D hpplay-base-dlna: [lebodlna-dlnaframe:192] dlnaservice Destroy 192 virtual void CDlnaFrame::Release()
03-28 06:15:53.305 2896 5052 D hpplay-base-dlna: [lebodlna-dlnaframe:247] dlnaservice Destroy 247 static ERROR_TYPE IDlnaFrame::DestroyDlnaFrame(IDlnaFrame *)
03-28 06:15:53.305 2896 5052 D hpplay-base-dlna: [lebodlna-dlnaframe:251] dlnaservice Destroy 251 static ERROR_TYPE IDlnaFrame::DestroyDlnaFrame(IDlnaFrame *)
03-28 06:15:53.307 2896 5052 E hpplay-base-dlna: upnpapi.c:655::before gminiserver ThreadPoolShutdown
03-28 06:15:53.308 2896 5052 E hpplay-base-dlna: ThreadPool.c:1047::on ThreadPoolShutdown tp->totalThreads:3
03-28 06:15:53.308 2896 5052 E hpplay-base-dlna: ThreadPool.c:1047::on ThreadPoolShutdown tp->totalThreads:2
03-28 06:15:53.308 2896 5052 E hpplay-base-dlna: ThreadPool.c:1056::after ThreadPoolShutdown
03-28 06:15:53.308 2896 5052 E hpplay-base-dlna: ThreadPool.c:1057::ThreadPoolShutdown tp->totalThreads:0
03-28 06:15:53.308 2896 5052 E hpplay-base-dlna: upnpapi.c:657::after gminiserver ThreadPoolShutdown
03-28 06:15:53.308 2896 5052 E hpplay-base-dlna: upnpapi.c:659::before grecv ThreadPoolShutdown
03-28 06:15:53.309 2896 5052 E hpplay-base-dlna: ThreadPool.c:1047::on ThreadPoolShutdown tp->totalThreads:12
03-28 06:15:53.309 2896 5052 E hpplay-base-dlna: ThreadPool.c:1047::on ThreadPoolShutdown tp->totalThreads:10
03-28 06:15:53.309 2896 5052 E hpplay-base-dlna: ThreadPool.c:1047::on ThreadPoolShutdown tp->totalThreads:9
03-28 06:15:53.310 2896 5052 E hpplay-base-dlna: ThreadPool.c:1047::on ThreadPoolShutdown tp->totalThreads:8
03-28 06:15:53.310 2896 5052 E hpplay-base-dlna: ThreadPool.c:1047::on ThreadPoolShutdown tp->totalThreads:7
03-28 06:15:53.310 2896 5052 E hpplay-base-dlna: ThreadPool.c:1047::on ThreadPoolShutdown tp->totalThreads:6
03-28 06:15:53.310 2896 5052 E hpplay-base-dlna: ThreadPool.c:1047::on ThreadPoolShutdown tp->totalThreads:2
03-28 06:15:53.311 2896 5052 E hpplay-base-dlna: ThreadPool.c:1047::on ThreadPoolShutdown tp->totalThreads:1
03-28 06:15:53.311 2896 5052 E hpplay-base-dlna: ThreadPool.c:1056::after ThreadPoolShutdown
03-28 06:15:53.311 2896 5052 E hpplay-base-dlna: ThreadPool.c:1057::ThreadPoolShutdown tp->totalThreads:0
03-28 06:15:53.311 2896 5052 E hpplay-base-dlna: upnpapi.c:661::after grecv ThreadPoolShutdown
03-28 06:15:53.311 2896 5052 E hpplay-base-dlna: upnpapi.c:663::before gsend ThreadPoolShutdown
03-28 06:15:53.311 2896 5052 E hpplay-base-dlna: ThreadPool.c:1047::on ThreadPoolShutdown tp->totalThreads:3
03-28 06:15:53.311 2896 5052 E hpplay-base-dlna: ThreadPool.c:1047::on ThreadPoolShutdown tp->totalThreads:2
03-28 06:15:53.312 2896 5052 E hpplay-base-dlna: ThreadPool.c:1047::on ThreadPoolShutdown tp->totalThreads:1
03-28 06:15:53.312 2896 5052 E hpplay-base-dlna: ThreadPool.c:1056::after ThreadPoolShutdown
03-28 06:15:53.312 2896 5052 E hpplay-base-dlna: ThreadPool.c:1057::ThreadPoolShutdown tp->totalThreads:0
03-28 06:15:53.312 2896 5052 E hpplay-base-dlna: upnpapi.c:665::after gsend ThreadPoolShutdown
03-28 06:15:53.312 2896 5052 D hpplay-base-dlna: [lebodlna-dlnaframe:253] dlnaservice Destroy 253 static ERROR_TYPE IDlnaFrame::DestroyDlnaFrame(IDlnaFrame *)
03-28 06:15:53.312 2896 5052 D hpplay-base-dlna: [lebodlna-dlna_android:51] dlnaservice Destroy 51 int CDlnaService::Destroy()
03-28 06:15:53.312 2896 5052 D hpplay-base-dlna: [lebodlna-dlna_android:194] stopDLNA end
03-28 06:15:53.612 2896 5052 D hpplay-base: [stream_mirror_compat:1489] request to stop screen stream session!!
03-28 06:15:53.612 2896 5052 D hpplay-base: [AEventUtils:625] begin to stop event handle service!!
03-28 06:15:53.613 2896 5052 D hpplay-base: [AEventUtils:628] stop event handle service ok!!
03-28 06:15:53.613 2896 5052 D hpplay-base: [REventUtils:231] begin to stop report handle service!!
03-28 06:15:53.613 2896 5052 D hpplay-base: [REventUtils:234] stop report handle service ok!!
03-28 06:15:53.613 2896 5052 D hpplay-base: [lelinkSinkServer:711] HTTP Server stopSinkServer End .
03-28 06:15:53.613 2896 5052 D hpplay-base: [jniBridge:1135] notifyJavaServerStoped
03-28 06:15:53.613 2896 5052 D hpplay-base: [jniBridge:1726] notifyJava, what:202, castType:0, mimeType:0 baseStatus:4
03-28 06:15:53.613 2896 5052 D hpplay-base: [jniBridge:1727] notifyJava sessionID:(null)
03-28 06:15:53.614 2896 5052 I hpplay-java: [Thread-73]:Bridge:notify: what: 202
03-28 06:15:53.616 2896 5052 I hpplay-java: [Thread-73]:Bridge:notify: out: OutParameters:{audioSessionId=-1, audiotrackIndex=0, castHandleType=-1, castType=0, deviceName='', dlnaName='', dramaID='', extra=0, frameHandleType=-1, handleInside=true, headduration=0, header='', headers=null, isAD=false, isMultiMirror=false, lelinkVer='', limitTime=0, , mediaAlbum='null', mediaAlbumArtURI='', mediaArtist='null', mediaAssets='', mediaTitle='null', mimeType=0, multiSession=null, period=0, pinCode='', playSpeed=0.0, playerChoice=0, plugin=0, port=0, position=0.0, positionUnit=2, protocol=0, realSessionID='', regType='', , sinkIp='', sourceAPPVersion='', sourceChannel='', sourceClientInfo='', sourceDeviceInfo='', sourceDeviceModel='', sourceDeviceName='', sourceDeviceType=0, sourceHID='', , sourceInfo='', , , sourceOSVersion='', sourceSDKVersion='', sourceUid='', stopDetail=0, stopReason=0, tailduration=0, url='', urlID='', urls=null, userAgent='', videoDecoder=0, volume=0, what=202}com.hpplay.sdk.sink.protocol.OutParameters@27d6956
03-28 06:15:53.616 2896 5052 I hpplay-java: [Thread-73]:Bridge:notify: address:67255767
03-28 06:15:53.617 2896 5052 D hpplay-base: [LelinkBase:645] stopServerThreadFunc notifyJavaServerStoped!
03-28 06:15:53.617 2896 2896 I hpplay-java: [main]:ServerTaskManager:startTimeOutCheck
03-28 06:15:53.617 2896 2896 I hpplay-java: [main]:ServerBusiness:stopDaemonBusiness
03-28 06:15:53.617 2896 2896 I hpplay-java: [main]:SinkDataReport:logout
03-28 06:15:53.619 2896 2896 I hpplay-java: [main]:EPControl:release
03-28 06:15:53.622 2896 2896 I hpplay-java: [main]:Dispatcher:notifyAllReverseControlsStop
03-28 06:15:53.622 2896 2896 I hpplay-java: [main]:Preference:checkFeature none
03-28 06:15:53.622 2896 2896 I hpplay-java: [main]:Dispatcher:notifyAllUIControlsStop set: []
03-28 06:15:53.623 2896 2896 I hpplay-java: [main]:Bridge:findServiceID start out: 67255767
03-28 06:15:53.623 2896 2896 I hpplay-java: [main]:Bridge:findServiceID end
03-28 06:15:53.623 2896 2896 I hpplay-java: [main]:ServerTaskManager:onStop retry:true
03-28 06:15:53.623 2896 2896 I hpplay-java: [main]:ServerTaskManager:cancelTimeOutCheck
03-28 06:15:53.623 2896 5018 W hpplay-java: NanoHTTPDServerRunnable:Communication with the client broken
03-28 06:15:53.623 2896 5018 W hpplay-java: java.net.SocketException: Socket closed
03-28 06:15:53.623 2896 5018 W hpplay-java: at java.net.PlainSocketImpl.socketAccept(PlainSocketImpl.java:213)
03-28 06:15:53.623 2896 5018 W hpplay-java: at java.net.AbstractPlainSocketImpl.accept(AbstractPlainSocketImpl.java:451)
03-28 06:15:53.623 2896 5018 W hpplay-java: at java.net.ServerSocket.implAccept(ServerSocket.java:547)
03-28 06:15:53.623 2896 5018 W hpplay-java: at java.net.ServerSocket.accept(ServerSocket.java:515)
03-28 06:15:53.623 2896 5018 W hpplay-java: at com.hpplay.nanohttpd.protocols.http.ServerRunnable.run(SourceFile:118)
03-28 06:15:53.623 2896 5018 W hpplay-java: at java.lang.Thread.run(Thread.java:920)
03-28 06:15:53.623 2896 5018 I hpplay-java: NanoHTTPDNanoHTTPD:server is stoped
03-28 06:15:53.623 2896 5018 I hpplay-java: NanoHTTPDNanoHTTPD:clear obj
03-28 06:15:53.624 2896 2896 I hpplay-java: [main]:IPManager:getActiveNets type: WIFI
03-28 06:15:53.624 2896 2896 I hpplay-java: [main]:IPManager:getActiveNets eth0:false wifi:true mobile:false ap:false
03-28 06:15:53.624 2896 2896 I hpplay-java: [main]:IPManager:getIPAddress IP_WLAN0
