03-28 06:16:14.137 2896 3863 W hpplay-java: [AsyncTask #13]:HttpRequest:java.io.IOException: unexpected end of stream on com.android.okhttp.Address@80142399
03-28 06:16:14.137 2896 3863 W hpplay-java: at com.android.okhttp.internal.http.Http1xStream.readResponse(Http1xStream.java:203)
03-28 06:16:14.137 2896 3863 W hpplay-java: at com.android.okhttp.internal.http.Http1xStream.readResponseHeaders(Http1xStream.java:129)
03-28 06:16:14.137 2896 3863 W hpplay-java: at com.android.okhttp.internal.http.HttpEngine.readNetworkResponse(HttpEngine.java:750)
03-28 06:16:14.137 2896 3863 W hpplay-java: at com.android.okhttp.internal.http.HttpEngine.readResponse(HttpEngine.java:622)
03-28 06:16:14.137 2896 3863 W hpplay-java: at com.android.okhttp.internal.huc.HttpURLConnectionImpl.execute(HttpURLConnectionImpl.java:475)
03-28 06:16:14.137 2896 3863 W hpplay-java: at com.android.okhttp.internal.huc.HttpURLConnectionImpl.getResponse(HttpURLConnectionImpl.java:411)
03-28 06:16:14.137 2896 3863 W hpplay-java: at com.android.okhttp.internal.huc.HttpURLConnectionImpl.getResponseCode(HttpURLConnectionImpl.java:542)
03-28 06:16:14.137 2896 3863 W hpplay-java: at com.hpplay.common.asyncmanager.HttpRequest.doPost(SourceFile:24)
03-28 06:16:14.137 2896 3863 W hpplay-java: at com.hpplay.common.asyncmanager.AsyncHttpJob.doInBackground(SourceFile:4)
03-28 06:16:14.137 2896 3863 W hpplay-java: at android.os.AsyncTask$3.call(AsyncTask.java:394)
03-28 06:16:14.137 2896 3863 W hpplay-java: at java.util.concurrent.FutureTask.run(FutureTask.java:266)
03-28 06:16:14.137 2896 3863 W hpplay-java: at java.util.concurrent.ThreadPoolExecutor.runWorker(ThreadPoolExecutor.java:1167)
03-28 06:16:14.137 2896 3863 W hpplay-java: at java.util.concurrent.ThreadPoolExecutor$Worker.run(ThreadPoolExecutor.java:641)
03-28 06:16:14.137 2896 3863 W hpplay-java: at java.lang.Thread.run(Thread.java:920)
03-28 06:16:14.137 2896 3863 W hpplay-java: Caused by: java.io.EOFException: \n not found: size=0 content=...
03-28 06:16:14.137 2896 3863 W hpplay-java: at com.android.okhttp.okio.RealBufferedSource.readUtf8LineStrict(RealBufferedSource.java:202)
03-28 06:16:14.137 2896 3863 W hpplay-java: at com.android.okhttp.internal.http.Http1xStream.readResponse(Http1xStream.java:188)
03-28 06:16:14.137 2896 3863 W hpplay-java: ... 13 more
01-01 08:03:48.410 0 0 I qcom_rpmh DRV: apps_rsc TCS Busy, retrying RPMH message send: addr=0x50000
01-01 08:03:48.410 0 0 I qcom_rpmh DRV: apps_rsc TCS Busy, retrying RPMH message send: addr=0x50000
03-28 06:16:14.214 649 663 I mpu_uart: [MSG-P:RECV]:No message received in 1000 ms
03-28 06:16:14.642 4479 5168 I UPG-FotaUtil: Current property:
03-28 06:16:14.643 4479 5168 I UPG-FotaUtil: setSystemProperty success.
03-28 06:16:14.643 4479 5168 I UPG-FotaUtil: After current property: 1
03-28 06:16:14.643 4479 5168 I UPG-DebugTools: update.zip copy completed: true
01-01 08:03:48.901 0 0 I init : processing action (debug.mcu.chmod=1) from (/system/etc/init/update_engine.rc:11)
03-28 06:16:15.075 0 0 I swapper/0: type=1400 audit(0.0:1824): avc: denied { kill } for capability=5 scontext=u:r:kernel:s0 tcontext=u:r:kernel:s0 tclass=capability permissive=1
03-28 06:16:15.175 1227 1269 I selfinstaller: create socket failed: Network is unreachable 101
03-28 06:16:15.215 649 663 I mpu_uart: [MSG-P:RECV]:No message received in 1000 ms
03-28 06:16:15.291 649 662 I mpu_uart: [MSG-P:R]:recv sync frame timeout
03-28 06:16:16.014 1306 1369 E tlogd : [TzLogger](isPathReadable) file /sys/kernel/debug/tzdbg/qsee_log isn't exist or no permission, err: No such file or directory
03-28 06:16:16.014 1306 1369 E tlogd : [TzLogger](saveTzlogAsync) /sys/kernel/debug/tzdbg/qsee_log can not read.
03-28 06:16:16.014 1306 1369 E tlogd : [TzLogger](isPathReadable) file /sys/kernel/debug/tzdbg/log isn't exist or no permission, err: No such file or directory
03-28 06:16:16.014 1306 1369 E tlogd : [TzLogger](saveTzlogAsync) /sys/kernel/debug/tzdbg/log can not read.
03-28 06:16:16.215 649 663 I mpu_uart: [MSG-P:RECV]:No message received in 1000 ms
03-28 06:16:16.336 2896 5160 D hpplay-base: [LelinkMDNS:766] devicePermissionPublic leboPermissionCheck:-2
03-28 06:16:16.336 2896 5160 D hpplay-base: [jniBridge:1125] com_hpplay_sdk_sink_protocol_Bridge_WHAT_SERVER_ERROR
03-28 06:16:16.336 2896 5160 D hpplay-base: [jniBridge:1726] notifyJava, what:204, castType:0, mimeType:0 baseStatus:2
03-28 06:16:16.336 2896 5160 D hpplay-base: [jniBridge:1727] notifyJava sessionID:(null)
03-28 06:16:16.337 2896 5160 I hpplay-java: [Thread-84]:Bridge:notify: what: 204
03-28 06:16:16.339 2896 5160 I hpplay-java: [Thread-84]:Bridge:notify: out: OutParameters:{audioSessionId=-1, audiotrackIndex=0, castHandleType=-1, castType=0, deviceName='', dlnaName='', dramaID='', extra=-2002, frameHandleType=-1, handleInside=true, headduration=0, header='', headers=null, isAD=false, isMultiMirror=false, lelinkVer='', limitTime=0, , mediaAlbum='null', mediaAlbumArtURI='', mediaArtist='null', mediaAssets='', mediaTitle='null', mimeType=0, multiSession=null, period=0, pinCode='', playSpeed=0.0, playerChoice=0, plugin=0, port=0, position=0.0, positionUnit=2, protocol=0, realSessionID='', regType='', , sinkIp='', sourceAPPVersion='', sourceChannel='', sourceClientInfo='', sourceDeviceInfo='', sourceDeviceModel='', sourceDeviceName='', sourceDeviceType=0, sourceHID='', , sourceInfo='', , , sourceOSVersion='', sourceSDKVersion='', sourceUid='', stopDetail=0, stopReason=0, tailduration=0, url='', urlID='', urls=null, userAgent='', videoDecoder=0, volume=0, what=204}com.hpplay.sdk.sink.protocol.OutParameters@f5b27f0
03-28 06:16:16.339 2896 5160 I hpplay-java: [Thread-84]:Bridge:notify: address:60510569
03-28 06:16:16.340 2896 2896 I hpplay-java: [main]:Bridge:findServiceID start out: 60510569
03-28 06:16:16.340 2896 2896 I hpplay-java: [main]:Bridge:findServiceID end
03-28 06:16:16.340 2896 2896 E hpplay-java: [main]:ServerTaskManager:onError 204/-2002 com.hht.lebocast.LelinkHelper$e@614b4b6
03-28 06:16:16.340 2896 2896 I hpplay-java: [main]:ServerTaskManager:cancelTimeOutCheck
03-28 06:16:16.340 2896 5160 I hpplay-base: [mDNSEmbeded:79] embedded_mDNSLoop stopmDNSNow:0 nPublish:-2 nExitFlag:6 tid is 5160
03-28 06:16:16.341 2896 2896 W hpplay-java: [main]:ServerTaskManager:onErrorDispatcher errorCode:-2002
03-28 06:16:16.341 2896 2896 I hpplay-java: [main]:ServerTaskManager:onError retry later
03-28 06:16:16.357 2896 5004 I hpplay-java: [AsyncTask #31]:HttpRequest:doGet responseCode:200 0
03-28 06:16:17.215 649 663 I mpu_uart: [MSG-P:RECV]:No message received in 1000 ms
01-01 08:03:52.381 0 0 E DTC_ETH,link_delay_work_func: 3003, SQI=0, link=0
03-28 06:16:18.215 649 663 I mpu_uart: [MSG-P:RECV]:No message received in 1000 ms
03-28 06:16:18.295 649 662 I mpu_uart: [MSG-P:R]:recv sync frame timeout
01-01 08:03:53.309 0 0 E DTC_Display: screen not ready(0)
03-28 06:16:19.068 2896 2896 I hpplay-java: [main]:Upgrade:upgrade not be allowed
03-28 06:16:19.216 649 663 I mpu_uart: [MSG-P:RECV]:No message received in 1000 ms
03-28 06:16:19.341 2896 2896 I hpplay-java: [main]:ServerTaskManager:restart by error
03-28 06:16:19.341 2896 2896 I hpplay-java: [main]:ServerTaskManager:startServer
03-28 06:16:19.342 2896 2896 I hpplay-java: [main]:ServerTaskManager:startServer add, reason: server is starting or running
03-28 06:16:19.342 2896 2896 I hpplay-java: [main]:ServerTaskManager:addStopTask
03-28 06:16:19.342 2896 2896 I hpplay-java: [main]:ServerTaskManager:addStartTask
03-28 06:16:19.342 2896 2896 I hpplay-java: [main]:ServerTaskManager:exeTask stopServer
03-28 06:16:19.342 2896 2896 I hpplay-java: [main]:Bridge:stopServer keepPush: false
03-28 06:16:19.342 2896 2896 D hpplay-base: [jniBridge:909] Bridge__1stopServer status:2
03-28 06:16:19.343 2896 2896 D hpplay-base: [LelinkBase:654] stopAllServer will start thread!
03-28 06:16:19.344 2896 5164 D hpplay-base: [AEventUtils:588] handle AEvent thread end!!,tid is 5164
03-28 06:16:19.344 2896 5178 I hpplay-base: [mDNSEmbeded:65] embedded_mDNSExit call
03-28 06:16:19.346 2896 5165 D hpplay-base: [REventUtils:197] handleREventThread thread end!!,tid is 5165
03-28 06:16:19.348 2896 5160 I hpplay-base: [mDNSEmbeded:140] embedded_mDNSLoop Exiting end,tid is 5160
03-28 06:16:19.349 2896 5178 D hpplay-base: [mDNSEmbeded:452] stopmDNSServer end stopmDNSNow=2, nRet=0
03-28 06:16:19.381 2896 5144 D hpplay-base: [Server:447] startHttpServer will END srv->serverType:0
03-28 06:16:19.382 2896 5144 D hpplay-base: [Server:646] startHttpServer cond srv_shutdown:1 connectNummber:0
03-28 06:16:19.382 2896 5144 D hpplay-base: [Server:669] startHttpServer wait cond END. srv_shutdown:1 connectNummber:0
03-28 06:16:19.382 2896 5144 D hpplay-base: [Server:457] HttpServer END, tid is 5144
03-28 06:16:19.417 2896 5145 D hpplay-base: [stream_mirror_compat:1284] mirror stream begin to exit,server fd:79,thread_id:3124543936!!
03-28 06:16:19.417 2896 5145 D hpplay-base: [stream_mirror_compat:1323] ##screen stream exit successfully!!##
03-28 06:16:19.560 2896 5161 I hpplay-base: [mDNSEmbeded:376] end lelink publish server, tid is 5161
03-28 06:16:19.560 2896 5178 D hpplay-base: [mDNSEmbeded:420] stopmLelinkServer end nRet=0
03-28 06:16:19.560 2896 5178 D hpplay-base: [LelinkBase:615] lebodlna stopServerThreadFunc dlnaEnable:1
03-28 06:16:19.560 2896 5178 D hpplay-base-dlna: [lebodlna_api:49] stop DMR
03-28 06:16:19.561 2896 5178 D hpplay-base-dlna: [lebodlna_api:344] m_pRender Release
03-28 06:16:19.616 2896 5178 D hpplay-base-dlna: [UpnpDefine:867] DMRender release success
03-28 06:16:19.616 2896 5178 D hpplay-base-dlna: [lebodlna_api:352] m_pAVT Release
03-28 06:16:19.616 2896 5178 D hpplay-base-dlna: [lebodlna_api:360] m_pRCS Release
03-28 06:16:19.616 2896 5178 D hpplay-base-dlna: [lebodlna_api:365] dmrender destroydmr
03-28 06:16:19.650 4479 4493 D UpdateEngineStatus: onStatusUpdate:IdlePercent 0.0%
03-28 06:16:19.657 4479 5168 D MiniGota: Create UpdateEngine instance.
03-28 06:16:19.657 4479 5168 I UPG-FotaUtil: getZipInfo file_path /sdcard/Download/update.zip
03-28 06:16:19.660 4479 5168 I UPG-FotaUtil: PayloadMetadata readMetadataPayload
03-28 06:16:19.661 4479 5168 I UPG-FotaUtil: PayloadMetadata line----- ota-streaming-property-files=payload.bin:72057:1097917018,payload_properties.txt:1097989133:155,care_map.pb:1754:580,metadata:69:596,metadata.pb:733:926
03-28 06:16:19.661 4479 5168 I UPG-FotaUtil: ota-streaming-property-files - ota-streaming-property-files=payload.bin:72057:1097917018
03-28 06:16:19.661 4479 5168 I UPG-FotaUtil: ota-streaming-property-files - 72057,1097917018
03-28 06:16:19.662 4479 5168 I UPG-FotaUtil: getOtaFileInfo [FILE_HASH=2khRj3AYFDqz7Osdz3EcpqIMG+LxOWEDh9cz8FYoUto=, FILE_SIZE=1097917018, METADATA_HASH=FL5l/3yU/+Sz2RxwqRPneALrbtemOmWZKyxWTRWuMFM=, METADATA_SIZE=91411]
03-28 06:16:19.662 4479 5168 I UPG-FotaUtil: getOtaFileInfo Offset(): 72057 length: 1097917018
03-28 06:16:19.662 4479 5168 I UPG-FotaUtil: UpdateEngine#applyPayload() [IN]
03-28 06:16:19.662 4479 5168 I UPG-FotaUtil: executeUpdate getEntryName:file:///sdcard/Download/update.zip
03-28 06:16:19.663 4479 5168 I UPG-FotaUtil: executeUpdate Offset(): 72057 length: 1097917018
03-28 06:16:19.663 4479 5168 I UPG-FotaUtil: executeUpdate [FILE_HASH=2khRj3AYFDqz7Osdz3EcpqIMG+LxOWEDh9cz8FYoUto=, FILE_SIZE=1097917018, METADATA_HASH=FL5l/3yU/+Sz2RxwqRPneALrbtemOmWZKyxWTRWuMFM=, METADATA_SIZE=91411]
03-28 06:16:19.671 1307 1307 I update_engine: [INFO:update_attempter_android.cc(282)] Using this install plan:
03-28 06:16:19.677 1307 1307 I update_engine: [INFO:install_plan.cc(79)] InstallPlan:
03-28 06:16:19.677 1307 1307 I update_engine: type: new_update
03-28 06:16:19.677 1307 1307 I update_engine: version:
03-28 06:16:19.677 1307 1307 I update_engine: source_slot: A
03-28 06:16:19.677 1307 1307 I update_engine: target_slot: B
03-28 06:16:19.677 1307 1307 I update_engine: initial url: file:///data/ota_package/update.zip
03-28 06:16:19.677 1307 1307 I update_engine: hash_checks_mandatory: true
03-28 06:16:19.677 1307 1307 I update_engine: powerwash_required: false
03-28 06:16:19.677 1307 1307 I update_engine: switch_slot_on_reboot: true
03-28 06:16:19.677 1307 1307 I update_engine: run_post_install: true
03-28 06:16:19.677 1307 1307 I update_engine: is_rollback: false
03-28 06:16:19.677 1307 1307 I update_engine: rollback_data_save_requested: false
03-28 06:16:19.677 1307 1307 I update_engine: write_verity: true
03-28 06:16:19.677 1307 1307 I update_engine: Payload: 0
03-28 06:16:19.677 1307 1307 I update_engine: urls: ()
03-28 06:16:19.677 1307 1307 I update_engine: size: 1097917018
03-28 06:16:19.677 1307 1307 I update_engine: metadata_size: 91411
03-28 06:16:19.677 1307 1307 I update_engine: metadata_signature:
03-28 06:16:19.677 1307 1307 I update_engine: hash: DA48518F7018143AB3ECEB1DCF711CA6A20C1BE2F139610387D733F0562852DA
03-28 06:16:19.677 1307 1307 I update_engine: type: unknown
03-28 06:16:19.677 1307 1307 I update_engine: fingerprint:
03-28 06:16:19.677 1307 1307 I update_engine: app_id:
03-28 06:16:19.677 1307 1307 I update_engine: already_applied: false
03-28 06:16:19.679 1307 1307 I update_engine: [INFO:postinstall_runner_action.cc(67)] postinstall mount point: /postinstall
03-28 06:16:19.680 4479 4493 D UpdateEngineStatus: onStatusUpdate:Update availablePercent 0.0%
03-28 06:16:19.680 1307 1307 I update_engine: [INFO:metrics_utils.cc(318)] Number of Reboots during current update attempt = 0
03-28 06:16:19.682 1307 1307 I update_engine: [INFO:metrics_utils.cc(326)] Payload Attempt Number = 1
03-28 06:16:19.684 1307 1307 I update_engine: [INFO:metrics_utils.cc(343)] Update Monotonic Timestamp Start = 1/1/1970 0:03:03 GMT
03-28 06:16:19.685 1307 1307 I update_engine: [INFO:metrics_utils.cc(352)] Update Boot Timestamp Start = 1/1/1970 0:03:03 GMT
03-28 06:16:19.687 1307 1307 I update_engine: [INFO:update_attempter_android.cc(680)] Scheduling an action processor start.
03-28 06:16:19.688 4479 5168 I UPG-FotaUtil: UpdateEngine#applyPayload() [OUT]
03-28 06:16:19.688 1307 1307 I update_engine: [INFO:action_processor.cc(51)] ActionProcessor: starting UpdateBootFlagsAction
03-28 06:16:19.688 4479 5168 I UPG-DebugTools: Run FOTA completed: true
03-28 06:16:19.689 1307 1307 I update_engine: [INFO:update_boot_flags_action.cc(45)] Marking booted slot as good.
03-28 06:16:19.771 1307 1307 I update_engine: [INFO:action_processor.cc(116)] ActionProcessor: finished UpdateBootFlagsAction with code ErrorCode::kSuccess
03-28 06:16:19.771 4479 4493 D UpdateEngineStatus: onStatusUpdate:11Percent 0.0%
03-28 06:16:19.772 1307 1307 I update_engine: [INFO:action_processor.cc(143)] ActionProcessor: starting CleanupPreviousUpdateAction
03-28 06:16:19.773 1307 1307 I update_engine: [INFO:cleanup_previous_update_action.cc(149)] Starting/resuming CleanupPreviousUpdateAction
03-28 06:16:19.774 1307 1307 I update_engine: [INFO:cleanup_previous_update_action.cc(189)] Boot completed, waiting on markBootSuccessful()
03-28 06:16:19.776 1307 1307 I update_engine: EnsureMetadataMounted does nothing in Android mode.
03-28 06:16:19.777 1307 1307 I update_engine: Read merge statistics file failed: No such file or directory
03-28 06:16:19.778 1307 1307 I update_engine: [INFO:cleanup_previous_update_action.cc(261)] Waiting for any previous merge request to complete. This can take up to several minutes.
03-28 06:16:19.780 1307 1307 E update_engine: Read state file failed: No such file or directory
03-28 06:16:19.781 1307 1307 E update_engine: Read state file failed: No such file or directory
03-28 06:16:19.782 1307 1307 I update_engine: CheckMergeState for snapshots returned: 0
03-28 06:16:19.783 1307 1307 I update_engine: ProcessUpdateState handling state: 0
03-28 06:16:19.784 1307 1307 I update_engine: [INFO:cleanup_previous_update_action.cc(287)] Can't find any snapshot to merge.
03-28 06:16:19.785 1307 1307 E update_engine: Read state file failed: No such file or directory
03-28 06:16:19.786 1307 1307 I update_engine: [INFO:cleanup_previous_update_action.cc(130)] Stopping/suspending/completing CleanupPreviousUpdateAction
03-28 06:16:19.787 1307 1307 I update_engine: [INFO:cleanup_previous_update_action.cc(469)] Not reporting merge stats because state is None
03-28 06:16:19.788 1307 1307 I update_engine: [INFO:cleanup_previous_update_action.cc(130)] Stopping/suspending/completing CleanupPreviousUpdateAction
03-28 06:16:19.789 1307 1307 I update_engine: [INFO:action_processor.cc(116)] ActionProcessor: finished CleanupPreviousUpdateAction with code ErrorCode::kSuccess
03-28 06:16:19.790 1307 1307 I update_engine: [INFO:action_processor.cc(143)] ActionProcessor: starting InstallPlanAction
03-28 06:16:19.791 1307 1307 I update_engine: [INFO:action_processor.cc(116)] ActionProcessor: finished InstallPlanAction with code ErrorCode::kSuccess
03-28 06:16:19.792 1307 1307 I update_engine: [INFO:action_processor.cc(143)] ActionProcessor: starting DownloadAction
03-28 06:16:19.792 1307 1307 I update_engine: [INFO:install_plan.cc(79)] InstallPlan:
03-28 06:16:19.792 1307 1307 I update_engine: type: new_update
03-28 06:16:19.792 1307 1307 I update_engine: version:
03-28 06:16:19.792 1307 1307 I update_engine: source_slot: A
03-28 06:16:19.792 1307 1307 I update_engine: target_slot: B
03-28 06:16:19.792 1307 1307 I update_engine: initial url: file:///data/ota_package/update.zip
03-28 06:16:19.792 1307 1307 I update_engine: hash_checks_mandatory: true
03-28 06:16:19.792 1307 1307 I update_engine: powerwash_required: false
03-28 06:16:19.792 1307 1307 I update_engine: switch_slot_on_reboot: true
03-28 06:16:19.792 1307 1307 I update_engine: run_post_install: true
03-28 06:16:19.792 1307 1307 I update_engine: is_rollback: false
03-28 06:16:19.792 1307 1307 I update_engine: rollback_data_save_requested: false
03-28 06:16:19.792 1307 1307 I update_engine: write_verity: true
03-28 06:16:19.792 1307 1307 I update_engine: Payload: 0
03-28 06:16:19.792 1307 1307 I update_engine: urls: ()
03-28 06:16:19.792 1307 1307 I update_engine: size: 1097917018
03-28 06:16:19.792 1307 1307 I update_engine: metadata_size: 91411
03-28 06:16:19.792 1307 1307 I update_engine: metadata_signature:
03-28 06:16:19.792 1307 1307 I update_engine: hash: DA48518F7018143AB3ECEB1DCF711CA6A20C1BE2F139610387D733F0562852DA
03-28 06:16:19.792 1307 1307 I update_engine: type: unknown
03-28 06:16:19.792 1307 1307 I update_engine: fingerprint:
03-28 06:16:19.792 1307 1307 I update_engine: app_id:
03-28 06:16:19.792 1307 1307 I update_engine: already_applied: false
03-28 06:16:19.793 1307 1307 I update_engine: [INFO:download_action.cc(84)] Marking new slot as unbootable
03-28 06:16:19.838 1307 1307 I update_engine: [INFO:multi_range_http_fetcher.cc(45)] starting first transfer
03-28 06:16:19.839 1307 1307 I update_engine: [INFO:multi_range_http_fetcher.cc(74)] starting transfer of range 72057+1097917018
03-28 06:16:19.840 4479 4493 D UpdateEngineStatus: onStatusUpdate:DownloadingPercent 8.0553444E-5%
03-28 06:16:19.840 1307 1307 I update_engine: [INFO:delta_performer.cc(115)] Completed 0/? operations, 16384/1097917018 bytes downloaded (0%), overall progress 0%
03-28 06:16:19.843 1307 1307 I update_engine: [INFO:delta_performer.cc(346)] Manifest size in payload matches expected value from Omaha
03-28 06:16:19.844 1307 1307 I update_engine: [INFO:delta_performer.cc(1009)] Verifying using certificates: /system/etc/security/otacerts.zip
03-28 06:16:19.848 1307 1307 I update_engine: [INFO:payload_verifier.cc(102)] signature blob size = 267
03-28 06:16:19.850 1307 1307 I update_engine: [INFO:payload_verifier.cc(118)] Truncating the signature to its unpadded size: 256.
03-28 06:16:19.851 1307 1307 I update_engine: [INFO:payload_verifier.cc(129)] Verified correct signature 1 out of 1 signatures.
03-28 06:16:19.852 1307 1307 I update_engine: [INFO:payload_metadata.cc(221)] Metadata hash signature matches value in Omaha response.
03-28 06:16:19.856 1307 1307 I update_engine: [INFO:delta_performer.cc(1046)] Detected a 'full' payload.
03-28 06:16:19.858 1307 1307 I update_engine: [INFO:delta_performer.cc(1117)] abl does't have version, skipping downgrade check.
03-28 06:16:19.859 1307 1307 I update_engine: [INFO:delta_performer.cc(1117)] aop does't have version, skipping downgrade check.
03-28 06:16:19.860 1307 1307 I update_engine: [INFO:delta_performer.cc(1117)] bluetooth does't have version, skipping downgrade check.
03-28 06:16:19.861 1307 1307 I update_engine: [INFO:delta_performer.cc(1117)] cmnlib does't have version, skipping downgrade check.
03-28 06:16:19.862 1307 1307 I update_engine: [INFO:delta_performer.cc(1117)] cmnlib64 does't have version, skipping downgrade check.
03-28 06:16:19.863 1307 1307 I update_engine: [INFO:delta_performer.cc(1117)] devcfg does't have version, skipping downgrade check.
03-28 06:16:19.864 1307 1307 I update_engine: [INFO:delta_performer.cc(1117)] dsp does't have version, skipping downgrade check.
03-28 06:16:19.864 1307 1307 I update_engine: [INFO:delta_performer.cc(1117)] dtbo does't have version, skipping downgrade check.
03-28 06:16:19.866 1307 1307 I update_engine: [INFO:delta_performer.cc(1117)] featenabler does't have version, skipping downgrade check.
03-28 06:16:19.867 1307 1307 I update_engine: [INFO:delta_performer.cc(1117)] hyp does't have version, skipping downgrade check.
03-28 06:16:19.869 1307 1307 I update_engine: [INFO:delta_performer.cc(1117)] imagefv does't have version, skipping downgrade check.
03-28 06:16:19.870 1307 1307 I update_engine: [INFO:delta_performer.cc(1117)] keymaster does't have version, skipping downgrade check.
03-28 06:16:19.871 1307 1307 I update_engine: [INFO:delta_performer.cc(1117)] modem does't have version, skipping downgrade check.
03-28 06:16:19.872 1307 1307 I update_engine: [INFO:delta_performer.cc(1117)] multiimgoem does't have version, skipping downgrade check.
03-28 06:16:19.873 1307 1307 I update_engine: [INFO:delta_performer.cc(1117)] qupfw does't have version, skipping downgrade check.
03-28 06:16:19.874 1307 1307 I update_engine: [INFO:delta_performer.cc(1117)] recovery does't have version, skipping downgrade check.
03-28 06:16:19.875 1307 1307 I update_engine: [INFO:delta_performer.cc(1117)] tz does't have version, skipping downgrade check.
03-28 06:16:19.876 1307 1307 I update_engine: [INFO:delta_performer.cc(1117)] uefisecapp does't have version, skipping downgrade check.
03-28 06:16:19.877 1307 1307 I update_engine: [INFO:delta_performer.cc(1117)] vbmeta does't have version, skipping downgrade check.
03-28 06:16:19.878 1307 1307 I update_engine: [INFO:delta_performer.cc(1117)] vbmeta_system does't have version, skipping downgrade check.
03-28 06:16:19.879 1307 1307 I update_engine: [INFO:delta_performer.cc(1117)] xbl does't have version, skipping downgrade check.
03-28 06:16:19.880 1307 1307 I update_engine: [INFO:delta_performer.cc(1117)] xbl_config does't have version, skipping downgrade check.
03-28 06:16:19.886 1307 1307 I update_engine: [INFO:delta_performer.cc(808)] Preparing partitions for new update. last hash = , new hash = 2khRj3AYFDqz7Osdz3EcpqIMG+LxOWEDh9cz8FYoUto=FL5l/3yU/+Sz2RxwqRPneALrbtemOmWZKyxWTRWuMFM=
03-28 06:16:19.888 1307 1307 I update_engine: [INFO:delta_performer.cc(1389)] Resetting recorded hash for prepared partitions.
03-28 06:16:19.889 1307 1307 I update_engine: EnsureMetadataMounted does nothing in Android mode.
03-28 06:16:19.890 1307 1307 I update_engine: [INFO:dynamic_partition_control_android.cc(762)] Erasing AVB footer of system_other partition before update.
03-28 06:16:19.892 1307 1307 E update_engine: [libfs_mgr]ReadFstabFromFile(): cannot open file: '/system/etc/fstab.postinstall': No such file or directory
03-28 06:16:19.893 1307 1307 W update_engine: [WARNING:dynamic_partition_control_android.cc(636)] Cannot read fstab from /system/etc/fstab.postinstall: No such file or directory (2)
03-28 06:16:19.894 1307 1307 I update_engine: [INFO:dynamic_partition_control_android.cc(663)] AVB is not enabled on system_other. Skip erasing.
03-28 06:16:19.897 1307 1307 I update_engine: [libfs_mgr]dt_fstab: Skip disabled entry for partition vendor
03-28 06:16:19.899 1307 1307 I update_engine: [libfs_mgr]GetFstabPath()fstab_path:/odm/etc/fstab.default
03-28 06:16:19.900 1307 1307 I update_engine: [libfs_mgr]GetFstabPath()fstab_path:/vendor/etc/fstab.default
03-28 06:16:19.901 1307 1307 I update_engine: [libfs_mgr]GetFstabPath()fstab_path:/system/etc/fstab.default
03-28 06:16:19.902 1307 1307 I update_engine: [libfs_mgr]GetFstabPath()fstab_path:/first_stage_ramdisk/system/etc/fstab.default
03-28 06:16:19.903 1307 1307 I update_engine: [libfs_mgr]GetFstabPath()fstab_path:/fstab.default
03-28 06:16:19.904 1307 1307 I update_engine: [libfs_mgr]GetFstabPath()fstab_path:/first_stage_ramdisk/fstab.default
03-28 06:16:19.905 1307 1307 I update_engine: [libfs_mgr]GetFstabPath()fstab_path:/odm/etc/fstab.qcom
03-28 06:16:19.906 1307 1307 I update_engine: [libfs_mgr]GetFstabPath()fstab_path:/vendor/etc/fstab.qcom
03-28 06:16:19.907 1307 1307 I update_engine: [libfs_mgr]GetFstabPath()fstab_path.c_str():/vendor/etc/fstab.qcom
03-28 06:16:19.910 1307 1307 I update_engine: [INFO:dynamic_partition_control_android.cc(331)] Loaded metadata from slot A in /dev/block/bootdevice/by-name/super
03-28 06:16:19.911 1307 1307 E update_engine: Read state file failed: No such file or directory
03-28 06:16:19.912 508 508 I servicemanager: Since 'gsiservice' could not be found, trying to start it as a lazy AIDL service
01-01 08:03:54.172 0 0 I init : starting service 'gsid'...
03-28 06:16:19.917 2896 5178 D hpplay-base-dlna: [lebodlna-dlna_android:186] stopDLNA
03-28 06:16:19.917 2896 5178 D hpplay-base-dlna: [lebodlna-dlna_android:189] dlnaservice destroy
03-28 06:16:19.917 2896 5178 D hpplay-base-dlna: [lebodlna-dlna_android:49] dlnaservice Destroy 49 int CDlnaService::Destroy()
03-28 06:16:19.917 2896 5178 D hpplay-base-dlna: [lebodlna-dlnaframe:245] dlnaservice Destroy 245 static ERROR_TYPE IDlnaFrame::DestroyDlnaFrame(IDlnaFrame *)
03-28 06:16:19.917 2896 5178 D hpplay-base-dlna: [lebodlna-dlnaframe:179] dlnaservice Destroy 179 virtual void CDlnaFrame::Release()
03-28 06:16:19.917 2896 5178 D hpplay-base-dlna: [lebodlna-dlnaframe:190] dlnaservice Destroy 190 virtual void CDlnaFrame::Release()
03-28 06:16:19.917 2896 5178 D hpplay-base-dlna: [lebodlna-dlnaframe:192] dlnaservice Destroy 192 virtual void CDlnaFrame::Release()
03-28 06:16:19.917 2896 5178 D hpplay-base-dlna: [lebodlna-dlnaframe:247] dlnaservice Destroy 247 static ERROR_TYPE IDlnaFrame::DestroyDlnaFrame(IDlnaFrame *)
03-28 06:16:19.917 2896 5178 D hpplay-base-dlna: [lebodlna-dlnaframe:251] dlnaservice Destroy 251 static ERROR_TYPE IDlnaFrame::DestroyDlnaFrame(IDlnaFrame *)
01-01 08:03:54.176 0 0 I init : Control message: Processed ctl.interface_start for 'aidl/gsiservice' from pid: 508 (/system/bin/servicemanager)
03-28 06:16:19.918 2896 5178 E hpplay-base-dlna: upnpapi.c:655::before gminiserver ThreadPoolShutdown
03-28 06:16:19.918 2896 5178 E hpplay-base-dlna: ThreadPool.c:1047::on ThreadPoolShutdown tp->totalThreads:2
03-28 06:16:19.919 2896 5178 E hpplay-base-dlna: ThreadPool.c:1056::after ThreadPoolShutdown
03-28 06:16:19.919 2896 5178 E hpplay-base-dlna: ThreadPool.c:1057::ThreadPoolShutdown tp->totalThreads:0
03-28 06:16:19.919 2896 5178 E hpplay-base-dlna: upnpapi.c:657::after gminiserver ThreadPoolShutdown
03-28 06:16:19.919 2896 5178 E hpplay-base-dlna: upnpapi.c:659::before grecv ThreadPoolShutdown
03-28 06:16:19.919 2896 5178 E hpplay-base-dlna: ThreadPool.c:1047::on ThreadPoolShutdown tp->totalThreads:12
03-28 06:16:19.919 2896 5178 E hpplay-base-dlna: ThreadPool.c:1047::on ThreadPoolShutdown tp->totalThreads:10
03-28 06:16:19.920 2896 5178 E hpplay-base-dlna: ThreadPool.c:1047::on ThreadPoolShutdown tp->totalThreads:3
03-28 06:16:19.920 2896 5178 E hpplay-base-dlna: ThreadPool.c:1047::on ThreadPoolShutdown tp->totalThreads:2
03-28 06:16:19.920 2896 5178 E hpplay-base-dlna: ThreadPool.c:1056::after ThreadPoolShutdown
03-28 06:16:19.920 2896 5178 E hpplay-base-dlna: ThreadPool.c:1057::ThreadPoolShutdown tp->totalThreads:0
03-28 06:16:19.920 2896 5178 E hpplay-base-dlna: upnpapi.c:661::after grecv ThreadPoolShutdown
03-28 06:16:19.920 2896 5178 E hpplay-base-dlna: upnpapi.c:663::before gsend ThreadPoolShutdown
03-28 06:16:19.920 2896 5178 E hpplay-base-dlna: ThreadPool.c:1047::on ThreadPoolShutdown tp->totalThreads:2
03-28 06:16:19.920 2896 5178 E hpplay-base-dlna: ThreadPool.c:1056::after ThreadPoolShutdown
03-28 06:16:19.920 2896 5178 E hpplay-base-dlna: ThreadPool.c:1057::ThreadPoolShutdown tp->totalThreads:0
03-28 06:16:19.920 2896 5178 E hpplay-base-dlna: upnpapi.c:665::after gsend ThreadPoolShutdown
03-28 06:16:19.920 2896 5178 D hpplay-base-dlna: [lebodlna-dlnaframe:253] dlnaservice Destroy 253 static ERROR_TYPE IDlnaFrame::DestroyDlnaFrame(IDlnaFrame *)
03-28 06:16:19.920 2896 5178 D hpplay-base-dlna: [lebodlna-dlna_android:51] dlnaservice Destroy 51 int CDlnaService::Destroy()
03-28 06:16:19.920 2896 5178 D hpplay-base-dlna: [lebodlna-dlna_android:194] stopDLNA end
03-28 06:16:19.944 5180 5180 D ProcessState: Binder ioctl to enable oneway spam detection failed: Invalid argument
03-28 06:16:19.945 5180 5180 I AidlLazyServiceRegistrar: Registering service gsiservice
01-01 08:03:54.202 0 0 I binder : 5180:5180 ioctl 40046210 7fc8f39de4 returned -22
03-28 06:16:20.216 649 663 I mpu_uart: [MSG-P:RECV]:No message received in 1000 ms
03-28 06:16:20.221 2896 5178 D hpplay-base: [stream_mirror_compat:1489] request to stop screen stream session!!
03-28 06:16:20.221 2896 5178 D hpplay-base: [AEventUtils:625] begin to stop event handle service!!
03-28 06:16:20.221 2896 5178 D hpplay-base: [AEventUtils:628] stop event handle service ok!!
03-28 06:16:20.221 2896 5178 D hpplay-base: [REventUtils:231] begin to stop report handle service!!
03-28 06:16:20.221 2896 5178 D hpplay-base: [REventUtils:234] stop report handle service ok!!
03-28 06:16:20.221 2896 5178 D hpplay-base: [lelinkSinkServer:711] HTTP Server stopSinkServer End .
03-28 06:16:20.221 2896 5178 D hpplay-base: [jniBridge:1135] notifyJavaServerStoped
03-28 06:16:20.222 2896 5178 D hpplay-base: [jniBridge:1726] notifyJava, what:202, castType:0, mimeType:0 baseStatus:4
03-28 06:16:20.222 2896 5178 D hpplay-base: [jniBridge:1727] notifyJava sessionID:(null)
03-28 06:16:20.223 2896 5178 I hpplay-java: [Thread-85]:Bridge:notify: what: 202
03-28 06:16:20.225 2896 5178 I hpplay-java: [Thread-85]:Bridge:notify: out: OutParameters:{audioSessionId=-1, audiotrackIndex=0, castHandleType=-1, castType=0, deviceName='', dlnaName='', dramaID='', extra=0, frameHandleType=-1, handleInside=true, headduration=0, header='', headers=null, isAD=false, isMultiMirror=false, lelinkVer='', limitTime=0, , mediaAlbum='null', mediaAlbumArtURI='', mediaArtist='null', mediaAssets='', mediaTitle='null', mimeType=0, multiSession=null, period=0, pinCode='', playSpeed=0.0, playerChoice=0, plugin=0, port=0, position=0.0, positionUnit=2, protocol=0, realSessionID='', regType='', , sinkIp='', sourceAPPVersion='', sourceChannel='', sourceClientInfo='', sourceDeviceInfo='', sourceDeviceModel='', sourceDeviceName='', sourceDeviceType=0, sourceHID='', , sourceInfo='', , , sourceOSVersion='', sourceSDKVersion='', sourceUid='', stopDetail=0, stopReason=0, tailduration=0, url='', urlID='', urls=null, userAgent='', videoDecoder=0, volume=0, what=202}com.hpplay.sdk.sink.protocol.OutParameters@3fba48f
03-28 06:16:20.225 2896 5178 I hpplay-java: [Thread-85]:Bridge:notify: address:65196828
03-28 06:16:20.226 2896 5178 D hpplay-base: [LelinkBase:645] stopServerThreadFunc notifyJavaServerStoped!
03-28 06:16:20.226 2896 2896 I hpplay-java: [main]:ServerTaskManager:startTimeOutCheck
03-28 06:16:20.226 2896 2896 I hpplay-java: [main]:ServerBusiness:stopDaemonBusiness
03-28 06:16:20.226 2896 2896 I hpplay-java: [main]:SinkDataReport:logout
03-28 06:16:20.228 2896 2896 I hpplay-java: [main]:EPControl:release
03-28 06:16:20.230 2896 3852 I hpplay-java: [AsyncTask #5]:GlideCreator:clearCache clearDiskCache
03-28 06:16:20.232 2896 2896 I hpplay-java: [main]:Dispatcher:notifyAllReverseControlsStop
03-28 06:16:20.232 2896 2896 I hpplay-java: [main]:Preference:checkFeature none
03-28 06:16:20.232 2896 2896 I hpplay-java: [main]:Dispatcher:notifyAllUIControlsStop set: []
03-28 06:16:20.232 2896 2896 I hpplay-java: [main]:Bridge:findServiceID start out: 65196828
03-28 06:16:20.232 2896 2896 I hpplay-java: [main]:Bridge:findServiceID end
03-28 06:16:20.232 2896 2896 I hpplay-java: [main]:ServerTaskManager:onStop retry:true
03-28 06:16:20.233 2896 5139 W hpplay-java: NanoHTTPDServerRunnable:Communication with the client broken
03-28 06:16:20.233 2896 5139 W hpplay-java: java.net.SocketException: Socket closed
03-28 06:16:20.233 2896 5139 W hpplay-java: at java.net.PlainSocketImpl.socketAccept(PlainSocketImpl.java:213)
03-28 06:16:20.233 2896 5139 W hpplay-java: at java.net.AbstractPlainSocketImpl.accept(AbstractPlainSocketImpl.java:451)
03-28 06:16:20.233 2896 5139 W hpplay-java: at java.net.ServerSocket.implAccept(ServerSocket.java:547)
03-28 06:16:20.233 2896 5139 W hpplay-java: at java.net.ServerSocket.accept(ServerSocket.java:515)
03-28 06:16:20.233 2896 5139 W hpplay-java: at com.hpplay.nanohttpd.protocols.http.ServerRunnable.run(SourceFile:118)
03-28 06:16:20.233 2896 5139 W hpplay-java: at java.lang.Thread.run(Thread.java:920)
03-28 06:16:20.233 2896 5139 I hpplay-java: NanoHTTPDNanoHTTPD:server is stoped
03-28 06:16:20.233 2896 5139 I hpplay-java: NanoHTTPDNanoHTTPD:clear obj
03-28 06:16:20.233 2896 2896 I hpplay-java: [main]:ServerTaskManager:cancelTimeOutCheck
03-28 06:16:20.235 2896 2896 I hpplay-java: [main]:IPManager:getActiveNets type: WIFI
03-28 06:16:20.235 2896 2896 I hpplay-java: [main]:IPManager:getActiveNets eth0:false wifi:true mobile:false ap:false
03-28 06:16:20.235 2896 2896 I hpplay-java: [main]:IPManager:getIPAddress IP_WLAN0
03-28 06:16:20.239 2896 2896 I hpplay-java: [main]:IPManager:updateIPAddress getIPAddress: 192.168.4.16 name:vlan4
03-28 06:16:20.240 2896 2896 I hpplay-java: [main]:IPManager:updateIPAddress getIPAddress: 10.0.0.129 name:wlan0
03-28 06:16:20.240 2896 2896 I hpplay-java: [main]:IPManager:updateIPAddress getIPAddress: 192.168.8.16 name:vlan8
03-28 06:16:20.240 2896 2896 I hpplay-java: [main]:IPManager:updateIPAddress getIPAddress: 192.168.11.16 name:vlan11
03-28 06:16:20.240 2896 2896 I hpplay-java: [main]:IPManager:updateIPAddress getIPAddress: 192.168.0.16 name:vlan0
03-28 06:16:20.240 2896 2896 I hpplay-java: [main]:IPManager:updateIPAddress getIPAddress: 192.168.2.16 name:vlan2
03-28 06:16:20.240 2896 2896 I hpplay-java: [main]:IPManager:updateIPAddress getIPAddress: 192.168.1.16 name:vlan1
03-28 06:16:20.241 2896 2896 I hpplay-java: [main]:ServerTaskManager:exeTask startServer
03-28 06:16:20.241 2896 2896 I hpplay-java: [main]:ServerTaskManager:startTimeOutCheck
03-28 06:16:20.241 2896 3860 I hpplay-java: [AsyncTask #10]:Bridge:assembleInParameters
03-28 06:16:20.241 2896 4016 I hpplay-java: [AsyncTask #18]:ServerBusiness:startDaemonBusiness
03-28 06:16:20.241 2896 4016 I hpplay-java: [AsyncTask #18]:TimeOutCheckUtil:addTask id:upgrade
03-28 06:16:20.241 2896 4016 I hpplay-java: [AsyncTask #18]:TimeOutCheckUtil:addTask id:ijkupgrade
03-28 06:16:20.242 2896 3860 I hpplay-java: [AsyncTask #10]:Bridge:createDeviceId deviceId:Nzc6OTA6MDY6MmM6ZWM6MTU=
03-28 06:16:20.243 2896 3860 I hpplay-java: [AsyncTask #10]:IPManager:getActiveNets type: WIFI
03-28 06:16:20.243 2896 3860 I hpplay-java: [AsyncTask #10]:IPManager:getActiveNets eth0:false wifi:true mobile:false ap:false
03-28 06:16:20.243 2896 3860 I hpplay-java: [AsyncTask #10]:IPManager:getIPAddress IP_WLAN0
03-28 06:16:20.243 2896 5186 I hpplay-java: NanoHTTPDNanoHTTPD:server is started
03-28 06:16:20.243 2896 3860 I hpplay-java: [AsyncTask #10]:Preference:checkFeature none
03-28 06:16:20.243 2896 3860 I hpplay-java: [AsyncTask #10]:SWI:dlna tip
03-28 06:16:20.243 2896 3860 I hpplay-java: [AsyncTask #10]:SWI:lefp tip
03-28 06:16:20.243 2896 3860 I hpplay-java: [AsyncTask #10]:Bridge:assembleInParameters none alias name use device name: 高合娱乐副屏
03-28 06:16:20.243 2896 3860 I hpplay-java: [AsyncTask #10]:Feature:isSendAdvertisement
03-28 06:16:20.244 2896 3860 I hpplay-java: [AsyncTask #10]:Preference:checkFeature none
03-28 06:16:20.244 2896 3860 I hpplay-java: [AsyncTask #10]:Preference:checkFeature none
03-28 06:16:20.244 2896 3860 I hpplay-java: [AsyncTask #10]:Bridge:backupHpplayDat bakPath:
03-28 06:16:20.244 2896 3860 I hpplay-java: [AsyncTask #10]:Bridge:path:/data/user/0/com.hht.lebocast/files/hpplay/file/happyplay.dat
03-28 06:16:20.244 2896 3860 I hpplay-java: [AsyncTask #10]:Bridge:mAppId:21409
03-28 06:16:20.244 2896 3860 I hpplay-java: [AsyncTask #10]:Bridge:mode:3
03-28 06:16:20.245 2896 3860 I hpplay-java: [AsyncTask #10]:Bridge:type:1
03-28 06:16:20.245 2896 3860 I hpplay-java: [AsyncTask #10]:Bridge:SN:
03-28 06:16:20.245 2896 3860 I hpplay-java: [AsyncTask #10]:Preference:checkFeature none
03-28 06:16:20.245 2896 3860 I hpplay-java: [AsyncTask #10]:Bridge:backPath:
03-28 06:16:20.245 2896 3860 I hpplay-java: [AsyncTask #10]:DeviceUtil:getPermissionDid: 1
03-28 06:16:20.245 2896 3860 I hpplay-java: [AsyncTask #10]:DeviceUtil:getPermissionDid: 1
03-28 06:16:20.245 2896 3860 I hpplay-java: [AsyncTask #10]:BPIFileUtil:getMd5ByFile: 0FA04FD08975C81CDD9275F6AE23A020
03-28 06:16:20.245 2896 3860 I hpplay-java: [AsyncTask #10]:Preference:checkFeature none
03-28 06:16:20.245 2896 3860 I hpplay-java: [AsyncTask #10]:Preference:checkFeature none
03-28 06:16:20.245 2896 3860 I hpplay-java: [AsyncTask #10]:Preference:checkFeature none
03-28 06:16:20.245 2896 3860 I hpplay-java: [AsyncTask #10]:Preference:checkFeature none
03-28 06:16:20.245 2896 3860 I hpplay-java: [AsyncTask #10]:Preference:checkFeature none
03-28 06:16:20.252 2896 4016 W hpplay-java: [AsyncTask #18]:ServerBusiness:startDaemonBusiness start LelinkHTTPD sucess 52288
03-28 06:16:20.254 2896 2896 I hpplay-java: [main]:ServerBusiness:get deviceCode:2438898122
03-28 06:16:20.264 2896 3860 W hpplay-java: [AsyncTask #10]:DeviceUtils:getDomain create lb domain
03-28 06:16:20.265 2896 3860 I hpplay-java: [AsyncTask #10]:Feature:getMirrorAudioVideoSync DISABLE
03-28 06:16:20.265 2896 3860 I hpplay-java: [AsyncTask #10]:Feature:checkSupportRedirectOtherApp,no set redirect api
03-28 06:16:20.265 2896 3860 I hpplay-java: [AsyncTask #10]:Feature:getRedirectSearchFlag,value: 0
03-28 06:16:20.266 2896 3860 I hpplay-java: [AsyncTask #10]:Bridge:mIn: InParameters{appInfo='0', appKey='21409', authMode=0, authPwd='null', broadcastDirection=0, broadcastState=1, broadcastTimeout=3, buildType='release', cacheAVPath='/data/user/0/com.hht.lebocast/cache/hpplay/av', cachePhotoPath='/data/user/0/com.hht.lebocast/cache/hpplay/image', channel='LEBO-APK--60146-25915', desPath='/data/user/0/com.hht.lebocast/files/hpplay/file/config/dcf', , deviceName='高合娱乐副屏', dlna=1, dlnaCompany='Microsoft Corporation', dlnaCompanyURL='http://www.microsoft.com', dlnaDeviceDescribe='Media Renderer', dlnaDeviceName='Windows Media Player', dlnaDeviceURL='http://go.microsoft.com/fwlink/Linkld=105927', dlnaLelinkSwitch=1, dlnaManufacturer=0, dlnaName='高合娱乐副屏', dlnaUPC='null', dlnaUUID='5bdabc8b-fbb2-81e5-159c-21871da08aee', domain='Lebo-figure-1e982b1b75ee', drainage=0, feature='6655', fps=60, height=1080, host='null', , keyPath='/data/user/0/com.hht.lebocast/files/hpplay/file', lelinkfp=1, lelinkfp2=0, logBaseState=1, logPath='/storage/emulated/0/com.hht.lebocast/sink/sdk/common', , mdnsEnable=1, mirrorSyncType=0, netCastVer='2.0', packageName='com.hht.lebocast', packagePath='/data/user/0/com.hht.lebocast', permissionDid='1e:98:2b:1b:75:ee', permissionMode=3, permissionPreSN='', port=0, preemptMode=0, regType='_leboremote._tcp.', serverPorts=null, sockWaitTimeOut=45, teleControlPort=53388, tunnels=3, txtKeys=null, txtValues=null, uid='10000039936617', videoFrameType=1001, width=1920}com.hpplay.sdk.sink.protocol.InParameters@a8e9184
03-28 06:16:20.266 2896 2896 I hpplay-java: [main]:Bridge:startServer state: 0
03-28 06:16:20.266 2896 2896 D hpplay-base: [jniBridge:185] not conference version
03-28 06:16:20.266 2896 2896 I hpplay-base: [jniBridge:241] 1initServer nSettingWidth=1920 nSettingHeight=1080 nSettingMaxFPS=60 dlnaEnable=1 lelinkFpEnable=1
03-28 06:16:20.266 2896 2896 D hpplay-base: [jniBridge:283] 1initServer cfg.leLinkIp=10.0.0.129
03-28 06:16:20.266 2896 2896 D hpplay-base: [jniBridge:286] 1initServer cfg.mPermissionMode=3
03-28 06:16:20.266 2896 2896 D hpplay-base: [jniBridge:304] 1initServer cfg.permissionDid=1e:98:2b:1b:75:ee000000000000000
03-28 06:16:20.266 2896 2896 D hpplay-base: [jniBridge:313] 1initServer cfg.mPermissionPreSN=00000000000000000000000000000000
03-28 06:16:20.266 2896 2896 D hpplay-base: [jniBridge:317] Bridge___1initServer status:0
03-28 06:16:20.266 2896 2896 I hpplay-base: [jniBridge:325] 1initServer cfg.feature=6655
03-28 06:16:20.266 2896 2896 D hpplay-base: [jniBridge:377] 1initServer isSendBroadCast=3
03-28 06:16:20.266 2896 2896 D hpplay-base: [jniBridge:380] 1initServer broadcastDirection=0
03-28 06:16:20.266 2896 2896 D hpplay-base: [jniBridge:382] 1initServer ipBroadcast direction=0
03-28 06:16:20.266 2896 2896 D hpplay-base: [jniBridge:387] 1initServer tunnel=3
03-28 06:16:20.266 2896 2896 D hpplay-base: [jniBridge:390] 1initServer drainage=0
03-28 06:16:20.266 2896 2896 D hpplay-base: [jniBridge:401] 1initServer mDNSEnable=1
03-28 06:16:20.266 2896 2896 D hpplay-base: [jniBridge:406] 1initServer nSockWaitTimeOut=45
03-28 06:16:20.266 2896 2896 D hpplay-base: [jniBridge:410] 1initServer nMirrorAudioVideoSync=0
03-28 06:16:20.266 2896 2896 I hpplay-base: [sign_check:168] checkSign strPackageName:com.hht.lebocast
03-28 06:16:20.266 2896 2896 I hpplay-base: [sign_check:169] checkSign buildType:release
03-28 06:16:20.266 2896 2896 I hpplay-base: [sign_check:170] checkSign appKey:21409
03-28 06:16:20.266 2896 2896 D hpplay-base: [LelinkBase:405] bridgeInit port: 0, lelinkfp: 0
03-28 06:16:20.266 2896 2896 D hpplay-base: [LelinkBase:462] bridgeInit mPackagePath =/data/user/0/com.hht.lebocast
03-28 06:16:20.266 2896 2896 D hpplay-base: [LelinkBase:463] bridgeInit mKeyPath =/data/user/0/com.hht.lebocast/files/hpplay/file
03-28 06:16:20.266 2896 2896 D hpplay-base: [SinkContext:97] initSinkContext mPackagePath =/data/user/0/com.hht.lebocast
03-28 06:16:20.266 2896 2896 D hpplay-base: [SinkContext:98] initSinkContext mKeyPath =/data/user/0/com.hht.lebocast/files/hpplay/file
03-28 06:16:20.266 2896 2896 D hpplay-base: [jniBridge:478] Java_com_hpplay_sdk_sink_protocol_Bridge__1initServer end
03-28 06:16:20.267 2896 2896 D hpplay-base: [jniBridge:869] Bridge__1startServer status:1
03-28 06:16:20.267 2896 2896 D hpplay-base: [LelinkBase:492] startAllServer at base
03-28 06:16:20.267 2896 2896 D hpplay-base: [lelinkSinkServer:152] httpPlugins_SetServerPort TYPE_SERVER_LELINK:52266
03-28 06:16:20.267 2896 2896 D hpplay-base: [network.c:362] protocol bind host :10.0.0.129 port:52266 curent bind port:52266
03-28 06:16:20.267 2896 2896 D hpplay-base: [lelinkSinkServer:681] HTTP Server real at:52266
03-28 06:16:20.267 2896 2896 D hpplay-base: [ScreenStream:1285] current bind port:7100
03-28 06:16:20.267 2896 2896 D hpplay-base: [LelinkBase:515] startAllServer pBaseContext->config.dlnaEnable:1
03-28 06:16:20.267 2896 2896 D hpplay-base: [lelinkDlna:324] addDMRCallback end
03-28 06:16:20.267 2896 5192 D hpplay-base: [stream_mirror_compat:759] compat mirror stream begin to run,server fd:80,thread_id:3123491264!!
03-28 06:16:20.267 2896 5183 I hpplay-java: [AsyncTask #33]:HttpRequest:doGet responseCode:200 0
03-28 06:16:20.268 2896 5191 D hpplay-base: [lelinkSinkServer:644] Connected Service Type:0
03-28 06:16:20.268 2896 5191 I hpplay-base: : (server.c.315) startServer listen_ing....:
03-28 06:16:20.268 2896 5191 D hpplay-base: [Server:371] startHttpServer srv_sockets.used:1 nCurrentFd:79, tid is 5191
03-28 06:16:20.269 2896 2896 E hpplay-base-dlna: miniserver.c:788::dlna_port(ipv4: 49152 ipv6:0)
03-28 06:16:20.270 2896 2896 D hpplay-base-dlna: [lebodlna-dlnaframe:166] succeed to load lebodlnaplugin
03-28 06:16:20.270 2896 2896 D hpplay-base-dlna: [lebodlna-dlnaframe:232] Succeed to load specified plugin:lebodlna_plugin
03-28 06:16:20.270 2896 2896 D hpplay-base: [lelinkDlna:328] startDLNAServer ret=0
03-28 06:16:20.270 2896 2896 D hpplay-base: [LelinkBase:531] startDLNAServer ret= 0
03-28 06:16:20.270 2896 2896 D hpplay-base: [lelinkDlna:342] setDMRFriendlyName 高合娱乐副屏
03-28 06:16:20.270 2896 2896 D hpplay-base-dlna: [lebodlna-dlna_android:136] setBroadcastTimeout mBroadcastTimeOut=66 status=3!
03-28 06:16:20.270 2896 2896 D hpplay-base-dlna: [lebodlna_api:32] start DMR
03-28 06:16:20.270 2896 2896 D hpplay-base-dlna: [UpnpDefine:434] RegisterDMRender invalid lelink info
03-28 06:16:20.270 2896 2896 D hpplay-base-dlna: [UpnpDefine:551] DLNA DESCRIPTION FROME SERVER
03-28 06:16:20.272 2896 2896 E hpplay-base-dlna: upnpapi.c:1078::Exiting RegisterRootDevice2 *Hnd =1, return value == 0
03-28 06:16:20.272 2896 2896 D hpplay-base-dlna: [CUpnpDevice:41] Register Root Device 2:0
03-28 06:16:20.272 2896 2896 D hpplay-base-dlna: [UpnpDefine:794] ESDMRender:Register success
03-28 06:16:20.272 2896 2896 D hpplay-base-dlna: [lebodlna_api:41] sendBroadcast mBroadcastTimeOut=3
03-28 06:16:20.272 2896 2896 D hpplay-base-dlna: [lebodlna_api:44] sendBroadcast timeout=66
03-28 06:16:20.331 2896 2896 D hpplay-base: [lelinkDlna:361] startDLNADevice dlnaManufacturer:0 ret=0
03-28 06:16:20.331 2896 2896 D hpplay-base: [LelinkBase:535] lelinkSetDlnaInfo ret= 0
03-28 06:16:20.331 2896 2896 D hpplay-base: [LelinkBase:547] startAllServer pBaseContext->config.mDNSEnable:1
03-28 06:16:20.332 2896 2896 D hpplay-base: [base_mdns:509] mdns net.hostname:
03-28 06:16:20.332 2896 2896 D hpplay-base: [base_mdns:529] mdns namelabel:-36-7C-7C-00-00-0F
03-28 06:16:20.332 2896 2896 D hpplay-base: [base_mdns:509] mdns net.hostname:
03-28 06:16:20.332 2896 2896 D hpplay-base: [base_mdns:529] mdns namelabel:-36-7C-7C-00-00-0F
03-28 06:16:20.332 2896 2896 D hpplay-base: [mdns:813] mdns start bind port:0
03-28 06:16:20.335 2896 2896 D hpplay-base: [mdns:813] mdns start bind port:5353
03-28 06:16:20.335 2896 2896 D hpplay-base: [mdns:813] mdns start bind port:5353
03-28 06:16:20.335 2896 2896 D hpplay-base: [mdns:813] mdns start bind port:5353
03-28 06:16:20.335 2896 2896 D hpplay-base: [mdns:813] mdns start bind port:5353
03-28 06:16:20.335 2896 2896 D hpplay-base: [mdns:813] mdns start bind port:5353
03-28 06:16:20.336 2896 2896 D hpplay-base: [mdns:813] mdns start bind port:5353
03-28 06:16:20.336 2896 2896 D hpplay-base: [mdns:813] mdns start bind port:5353
03-28 06:16:20.336 2896 2896 I hpplay-base: [mDNSEmbeded:57] embedded_mDNSInit stopmDNSNow:0 status:0
03-28 06:16:20.336 2896 2896 D hpplay-base: [mDNSEmbeded:436] startmDNSServer end nRet=0
03-28 06:16:20.336 2896 2896 D hpplay-base: [LelinkBase:555] lelink broadcast_on_off:1 log2java_on_off:1
03-28 06:16:20.337 2896 5212 I hpplay-base: [mDNSEmbeded:268] start lelink publish server, tid is 5212
03-28 06:16:20.337 2896 2896 D hpplay-base: [AEventUtils:595] request to start event handle service!!
03-28 06:16:20.337 2896 2896 D hpplay-base: [AEventUtils:603] start_event_handle_service,begin to run!!
03-28 06:16:20.337 2896 2896 D hpplay-base: [REventUtils:210] start_event_handle_service,begin to run!!
03-28 06:16:20.338 2896 5213 D hpplay-base: [mDNSEmbeded:197] http_port bind check 197 http_port_check
03-28 06:16:20.338 2896 5211 D hpplay-base: [LelinkMDNS:729] leboAuthorizationCheck strUuid=1e:98:2b:1b:75:ee000000000000000
03-28 06:16:20.338 2896 2896 D hpplay-base: [LelinkBase:576] startAllServer success .
03-28 06:16:20.338 2896 5211 D hpplay-base: [LelinkMDNS:730] leboAuthorizationCheck mPermissionDid=1e:98:2b:1b:75:ee000000000000000
03-28 06:16:20.338 2896 5211 D hpplay-base: [LelinkMDNS:755] leboAuthorizationCheck mPermissionMac=1e:98:2b:1b:75:ee000000000000000
03-28 06:16:20.338 2896 5215 D hpplay-base: [REventUtils:59] create handleREventThread thread ok!!,tid is 5215
03-28 06:16:20.339 2896 5216 D hpplay-base: [jniBridge:1081] notifyJavaDlnalink:http://10.0.0.129:49152/description.xml
03-28 06:16:20.339 2896 5216 D hpplay-base: [jniBridge:1726] notifyJava, what:207, castType:0, mimeType:0 baseStatus:2
03-28 06:16:20.339 2896 5216 D hpplay-base: [jniBridge:1727] notifyJava sessionID:(null)
03-28 06:16:20.339 2896 2896 D hpplay-base: [jniBridge:894] startDlna_link:http://10.0.0.129:49152/description.xml
03-28 06:16:20.339 2896 5214 D hpplay-base: [AEventUtils:171] create handle AEvent thread ok!!,tid is 5214
03-28 06:16:20.340 2896 5216 I hpplay-java: [Thread-87]:Bridge:notify: what: 207
03-28 06:16:20.341 2896 5213 D hpplay-base: [mDNSEmbeded:217] http_port bind check 217 http_port_check
03-28 06:16:20.341 2896 5213 D hpplay-base: [mDNSEmbeded:222] http_port bind check 222 http_port_check
