03-28 06:14:29.129 2896 2896 I hpplay-java: [main]:IM_PublicCastClient:connect support youme
03-28 06:14:29.130 2896 2896 I hpplay-java: [main]:IM_IMEntrance:connect imUrl: http://120.78.210.135 uid: 10000039936617
03-28 06:14:29.183 649 663 I mpu_uart: [MSG-P:RECV]:No message received in 1000 ms
01-01 08:02:03.954 0 0 E DTC_Display: screen not ready(0)
03-28 06:14:29.732 1183 1183 I perfetto: ng_service_impl.cc:1821 FlushAndDisableTracing(2) done, success=1
03-28 06:14:29.733 1182 1182 I perfetto: probes_producer.cc:340 Producer stop (id=2)
03-28 06:14:29.734 1182 1182 I perfetto: ftrace_procfs.cc:213 disabled ftrace in /sys/kernel/tracing/
01-01 08:02:03.992 0 0 W perfetto: disabled ftrace
03-28 06:14:29.738 1183 1183 I perfetto: ng_service_impl.cc:2293 Tracing session 2 ended, total sessions:0
03-28 06:14:29.745 1179 4475 I iorapd : Perfetto TraceBuffer saved to file: /data/misc/iorapd/com.thundercomm.debugtools/31/com.thundercomm.debugtools.MainActivity/raw_traces/1679955269742033623.perfetto_trace.pb
03-28 06:14:30.183 649 663 I mpu_uart: [MSG-P:RECV]:No message received in 1000 ms
03-28 06:14:30.186 649 662 I mpu_uart: [MSG-P:R]:recv sync frame timeout
01-01 08:02:04.861 0 0 E DTC_ETH,link_delay_work_func: 3003, SQI=0, link=0
03-28 06:14:30.709 2896 2896 I hpplay-java: [main]:ServerTaskManager:restart by error
03-28 06:14:30.710 2896 2896 I hpplay-java: [main]:ServerTaskManager:startServer
03-28 06:14:30.710 2896 2896 I hpplay-java: [main]:ServerTaskManager:startServer add, reason: server is starting or running
03-28 06:14:30.710 2896 2896 I hpplay-java: [main]:ServerTaskManager:addStopTask
03-28 06:14:30.710 2896 2896 I hpplay-java: [main]:ServerTaskManager:addStartTask
03-28 06:14:30.710 2896 2896 I hpplay-java: [main]:ServerTaskManager:exeTask stopServer
03-28 06:14:30.710 2896 2896 I hpplay-java: [main]:Bridge:stopServer keepPush: false
03-28 06:14:30.711 2896 2896 D hpplay-base: [jniBridge:909] Bridge__1stopServer status:2
03-28 06:14:30.712 2896 2896 D hpplay-base: [LelinkBase:654] stopAllServer will start thread!
03-28 06:14:30.712 2896 4549 D hpplay-base: [AEventUtils:588] handle AEvent thread end!!,tid is 4549
03-28 06:14:30.712 2896 4558 I hpplay-base: [mDNSEmbeded:65] embedded_mDNSExit call
03-28 06:14:30.713 2896 4551 D hpplay-base: [REventUtils:197] handleREventThread thread end!!,tid is 4551
03-28 06:14:30.788 2896 4530 D hpplay-base: [stream_mirror_compat:1284] mirror stream begin to exit,server fd:78,thread_id:3117175232!!
03-28 06:14:30.788 2896 4530 D hpplay-base: [stream_mirror_compat:1323] ##screen stream exit successfully!!##
03-28 06:14:30.908 2896 4529 D hpplay-base: [Server:447] startHttpServer will END srv->serverType:0
03-28 06:14:30.909 2896 4529 D hpplay-base: [Server:646] startHttpServer cond srv_shutdown:1 connectNummber:0
03-28 06:14:30.909 2896 4529 D hpplay-base: [Server:669] startHttpServer wait cond END. srv_shutdown:1 connectNummber:0
03-28 06:14:30.909 2896 4529 D hpplay-base: [Server:457] HttpServer END, tid is 4529
03-28 06:14:30.979 2896 4546 I hpplay-base: [mDNSEmbeded:140] embedded_mDNSLoop Exiting end,tid is 4546
03-28 06:14:30.980 2896 4558 D hpplay-base: [mDNSEmbeded:452] stopmDNSServer end stopmDNSNow=2, nRet=0
03-28 06:14:30.998 1306 1369 E tlogd : [TzLogger](isPathReadable) file /sys/kernel/debug/tzdbg/qsee_log isn't exist or no permission, err: No such file or directory
03-28 06:14:30.999 1306 1369 E tlogd : [TzLogger](saveTzlogAsync) /sys/kernel/debug/tzdbg/qsee_log can not read.
03-28 06:14:30.999 1306 1369 E tlogd : [TzLogger](isPathReadable) file /sys/kernel/debug/tzdbg/log isn't exist or no permission, err: No such file or directory
03-28 06:14:30.999 1306 1369 E tlogd : [TzLogger](saveTzlogAsync) /sys/kernel/debug/tzdbg/log can not read.
03-28 06:14:31.184 649 663 I mpu_uart: [MSG-P:RECV]:No message received in 1000 ms
03-28 06:14:31.196 2896 4547 I hpplay-base: [mDNSEmbeded:376] end lelink publish server, tid is 4547
03-28 06:14:31.197 2896 4558 D hpplay-base: [mDNSEmbeded:420] stopmLelinkServer end nRet=0
03-28 06:14:31.197 2896 4558 D hpplay-base: [LelinkBase:615] lebodlna stopServerThreadFunc dlnaEnable:1
03-28 06:14:31.197 2896 4558 D hpplay-base-dlna: [lebodlna_api:49] stop DMR
03-28 06:14:31.197 2896 4558 D hpplay-base-dlna: [lebodlna_api:344] m_pRender Release
03-28 06:14:31.257 2896 4558 D hpplay-base-dlna: [UpnpDefine:867] DMRender release success
03-28 06:14:31.257 2896 4558 D hpplay-base-dlna: [lebodlna_api:352] m_pAVT Release
03-28 06:14:31.257 2896 4558 D hpplay-base-dlna: [lebodlna_api:360] m_pRCS Release
03-28 06:14:31.257 2896 4558 D hpplay-base-dlna: [lebodlna_api:365] dmrender destroydmr
03-28 06:14:31.558 2896 4558 D hpplay-base-dlna: [lebodlna-dlna_android:186] stopDLNA
03-28 06:14:31.558 2896 4558 D hpplay-base-dlna: [lebodlna-dlna_android:189] dlnaservice destroy
03-28 06:14:31.558 2896 4558 D hpplay-base-dlna: [lebodlna-dlna_android:49] dlnaservice Destroy 49 int CDlnaService::Destroy()
03-28 06:14:31.558 2896 4558 D hpplay-base-dlna: [lebodlna-dlnaframe:245] dlnaservice Destroy 245 static ERROR_TYPE IDlnaFrame::DestroyDlnaFrame(IDlnaFrame *)
03-28 06:14:31.558 2896 4558 D hpplay-base-dlna: [lebodlna-dlnaframe:179] dlnaservice Destroy 179 virtual void CDlnaFrame::Release()
03-28 06:14:31.558 2896 4558 D hpplay-base-dlna: [lebodlna-dlnaframe:190] dlnaservice Destroy 190 virtual void CDlnaFrame::Release()
03-28 06:14:31.558 2896 4558 D hpplay-base-dlna: [lebodlna-dlnaframe:192] dlnaservice Destroy 192 virtual void CDlnaFrame::Release()
03-28 06:14:31.558 2896 4558 D hpplay-base-dlna: [lebodlna-dlnaframe:247] dlnaservice Destroy 247 static ERROR_TYPE IDlnaFrame::DestroyDlnaFrame(IDlnaFrame *)
03-28 06:14:31.558 2896 4558 D hpplay-base-dlna: [lebodlna-dlnaframe:251] dlnaservice Destroy 251 static ERROR_TYPE IDlnaFrame::DestroyDlnaFrame(IDlnaFrame *)
03-28 06:14:31.560 2896 4558 E hpplay-base-dlna: upnpapi.c:655::before gminiserver ThreadPoolShutdown
03-28 06:14:31.560 2896 4558 E hpplay-base-dlna: ThreadPool.c:1047::on ThreadPoolShutdown tp->totalThreads:3
03-28 06:14:31.561 2896 4558 E hpplay-base-dlna: ThreadPool.c:1047::on ThreadPoolShutdown tp->totalThreads:2
03-28 06:14:31.561 2896 4558 E hpplay-base-dlna: ThreadPool.c:1056::after ThreadPoolShutdown
03-28 06:14:31.561 2896 4558 E hpplay-base-dlna: ThreadPool.c:1057::ThreadPoolShutdown tp->totalThreads:0
03-28 06:14:31.561 2896 4558 E hpplay-base-dlna: upnpapi.c:657::after gminiserver ThreadPoolShutdown
03-28 06:14:31.561 2896 4558 E hpplay-base-dlna: upnpapi.c:659::before grecv ThreadPoolShutdown
03-28 06:14:31.561 2896 4558 E hpplay-base-dlna: ThreadPool.c:1047::on ThreadPoolShutdown tp->totalThreads:12
03-28 06:14:31.562 2896 4558 E hpplay-base-dlna: ThreadPool.c:1047::on ThreadPoolShutdown tp->totalThreads:11
03-28 06:14:31.562 2896 4558 E hpplay-base-dlna: ThreadPool.c:1047::on ThreadPoolShutdown tp->totalThreads:10
03-28 06:14:31.562 2896 4558 E hpplay-base-dlna: ThreadPool.c:1047::on ThreadPoolShutdown tp->totalThreads:9
03-28 06:14:31.562 2896 4558 E hpplay-base-dlna: ThreadPool.c:1047::on ThreadPoolShutdown tp->totalThreads:8
03-28 06:14:31.562 2896 4558 E hpplay-base-dlna: ThreadPool.c:1047::on ThreadPoolShutdown tp->totalThreads:7
03-28 06:14:31.563 2896 4558 E hpplay-base-dlna: ThreadPool.c:1047::on ThreadPoolShutdown tp->totalThreads:6
03-28 06:14:31.563 2896 4558 E hpplay-base-dlna: ThreadPool.c:1047::on ThreadPoolShutdown tp->totalThreads:5
03-28 06:14:31.563 2896 4558 E hpplay-base-dlna: ThreadPool.c:1047::on ThreadPoolShutdown tp->totalThreads:4
03-28 06:14:31.564 2896 4558 E hpplay-base-dlna: ThreadPool.c:1047::on ThreadPoolShutdown tp->totalThreads:2
03-28 06:14:31.564 2896 4558 E hpplay-base-dlna: ThreadPool.c:1047::on ThreadPoolShutdown tp->totalThreads:1
03-28 06:14:31.564 2896 4558 E hpplay-base-dlna: ThreadPool.c:1056::after ThreadPoolShutdown
03-28 06:14:31.564 2896 4558 E hpplay-base-dlna: ThreadPool.c:1057::ThreadPoolShutdown tp->totalThreads:0
03-28 06:14:31.564 2896 4558 E hpplay-base-dlna: upnpapi.c:661::after grecv ThreadPoolShutdown
03-28 06:14:31.565 2896 4558 E hpplay-base-dlna: upnpapi.c:663::before gsend ThreadPoolShutdown
03-28 06:14:31.565 2896 4558 E hpplay-base-dlna: ThreadPool.c:1047::on ThreadPoolShutdown tp->totalThreads:3
03-28 06:14:31.565 2896 4558 E hpplay-base-dlna: ThreadPool.c:1047::on ThreadPoolShutdown tp->totalThreads:2
03-28 06:14:31.565 2896 4558 E hpplay-base-dlna: ThreadPool.c:1056::after ThreadPoolShutdown
03-28 06:14:31.565 2896 4558 E hpplay-base-dlna: ThreadPool.c:1057::ThreadPoolShutdown tp->totalThreads:0
03-28 06:14:31.565 2896 4558 E hpplay-base-dlna: upnpapi.c:665::after gsend ThreadPoolShutdown
03-28 06:14:31.565 2896 4558 D hpplay-base-dlna: [lebodlna-dlnaframe:253] dlnaservice Destroy 253 static ERROR_TYPE IDlnaFrame::DestroyDlnaFrame(IDlnaFrame *)
03-28 06:14:31.565 2896 4558 D hpplay-base-dlna: [lebodlna-dlna_android:51] dlnaservice Destroy 51 int CDlnaService::Destroy()
03-28 06:14:31.565 2896 4558 D hpplay-base-dlna: [lebodlna-dlna_android:194] stopDLNA end
03-28 06:14:31.865 2896 4558 D hpplay-base: [stream_mirror_compat:1489] request to stop screen stream session!!
03-28 06:14:31.866 2896 4558 D hpplay-base: [AEventUtils:625] begin to stop event handle service!!
03-28 06:14:31.866 2896 4558 D hpplay-base: [AEventUtils:628] stop event handle service ok!!
03-28 06:14:31.866 2896 4558 D hpplay-base: [REventUtils:231] begin to stop report handle service!!
03-28 06:14:31.866 2896 4558 D hpplay-base: [REventUtils:234] stop report handle service ok!!
03-28 06:14:31.866 2896 4558 D hpplay-base: [lelinkSinkServer:711] HTTP Server stopSinkServer End .
03-28 06:14:31.866 2896 4558 D hpplay-base: [jniBridge:1135] notifyJavaServerStoped
03-28 06:14:31.866 2896 4558 D hpplay-base: [jniBridge:1726] notifyJava, what:202, castType:0, mimeType:0 baseStatus:4
03-28 06:14:31.866 2896 4558 D hpplay-base: [jniBridge:1727] notifyJava sessionID:(null)
03-28 06:14:31.868 2896 4558 I hpplay-java: [Thread-25]:Bridge:notify: what: 202
03-28 06:14:31.870 2896 4558 I hpplay-java: [Thread-25]:Bridge:notify: out: OutParameters:{audioSessionId=-1, audiotrackIndex=0, castHandleType=-1, castType=0, deviceName='', dlnaName='', dramaID='', extra=0, frameHandleType=-1, handleInside=true, headduration=0, header='', headers=null, isAD=false, isMultiMirror=false, lelinkVer='', limitTime=0, , mediaAlbum='null', mediaAlbumArtURI='', mediaArtist='null', mediaAssets='', mediaTitle='null', mimeType=0, multiSession=null, period=0, pinCode='', playSpeed=0.0, playerChoice=0, plugin=0, port=0, position=0.0, positionUnit=2, protocol=0, realSessionID='', regType='', , sinkIp='', sourceAPPVersion='', sourceChannel='', sourceClientInfo='', sourceDeviceInfo='', sourceDeviceModel='', sourceDeviceName='', sourceDeviceType=0, sourceHID='', , sourceInfo='', , , sourceOSVersion='', sourceSDKVersion='', sourceUid='', stopDetail=0, stopReason=0, tailduration=0, url='', urlID='', urls=null, userAgent='', videoDecoder=0, volume=0, what=202}com.hpplay.sdk.sink.protocol.OutParameters@a181b8d
03-28 06:14:31.870 2896 4558 I hpplay-java: [Thread-25]:Bridge:notify: address:11985218
03-28 06:14:31.871 2896 4558 D hpplay-base: [LelinkBase:645] stopServerThreadFunc notifyJavaServerStoped!
03-28 06:14:31.872 2896 2896 I hpplay-java: [main]:ServerTaskManager:startTimeOutCheck
03-28 06:14:31.872 2896 2896 I hpplay-java: [main]:ServerBusiness:stopDaemonBusiness
03-28 06:14:31.872 2896 2896 I hpplay-java: [main]:SinkDataReport:logout
03-28 06:14:31.873 2896 2896 I hpplay-java: [main]:EPControl:release
03-28 06:14:31.875 2896 3861 I hpplay-java: [AsyncTask #11]:GlideCreator:clearCache clearDiskCache
03-28 06:14:31.876 2896 2896 I hpplay-java: [main]:Dispatcher:notifyAllReverseControlsStop
03-28 06:14:31.876 2896 2896 I hpplay-java: [main]:Preference:checkFeature none
03-28 06:14:31.877 2896 2896 I hpplay-java: [main]:Dispatcher:notifyAllUIControlsStop set: []
03-28 06:14:31.877 2896 2896 I hpplay-java: [main]:Bridge:findServiceID start out: 11985218
03-28 06:14:31.877 2896 2896 I hpplay-java: [main]:Bridge:findServiceID end
03-28 06:14:31.877 2896 2896 I hpplay-java: [main]:ServerTaskManager:onStop retry:true
03-28 06:14:31.877 2896 2896 I hpplay-java: [main]:ServerTaskManager:cancelTimeOutCheck
03-28 06:14:31.877 2896 4524 W hpplay-java: NanoHTTPDServerRunnable:Communication with the client broken
03-28 06:14:31.877 2896 4524 W hpplay-java: java.net.SocketException: Socket closed
03-28 06:14:31.877 2896 4524 W hpplay-java: at java.net.PlainSocketImpl.socketAccept(PlainSocketImpl.java:213)
03-28 06:14:31.877 2896 4524 W hpplay-java: at java.net.AbstractPlainSocketImpl.accept(AbstractPlainSocketImpl.java:451)
03-28 06:14:31.877 2896 4524 W hpplay-java: at java.net.ServerSocket.implAccept(ServerSocket.java:547)
03-28 06:14:31.877 2896 4524 W hpplay-java: at java.net.ServerSocket.accept(ServerSocket.java:515)
03-28 06:14:31.877 2896 4524 W hpplay-java: at com.hpplay.nanohttpd.protocols.http.ServerRunnable.run(SourceFile:118)
03-28 06:14:31.877 2896 4524 W hpplay-java: at java.lang.Thread.run(Thread.java:920)
03-28 06:14:31.877 2896 4524 I hpplay-java: NanoHTTPDNanoHTTPD:server is stoped
03-28 06:14:31.878 2896 4524 I hpplay-java: NanoHTTPDNanoHTTPD:clear obj
03-28 06:14:31.879 2896 2896 I hpplay-java: [main]:IPManager:getActiveNets type: WIFI
03-28 06:14:31.879 2896 2896 I hpplay-java: [main]:IPManager:getActiveNets eth0:false wifi:true mobile:false ap:false
03-28 06:14:31.879 2896 2896 I hpplay-java: [main]:IPManager:getIPAddress IP_WLAN0
03-28 06:14:31.883 2896 2896 I hpplay-java: [main]:IPManager:updateIPAddress getIPAddress: 192.168.4.16 name:vlan4
03-28 06:14:31.883 2896 2896 I hpplay-java: [main]:IPManager:updateIPAddress getIPAddress: 10.0.0.129 name:wlan0
03-28 06:14:31.883 2896 2896 I hpplay-java: [main]:IPManager:updateIPAddress getIPAddress: 192.168.8.16 name:vlan8
03-28 06:14:31.883 2896 2896 I hpplay-java: [main]:IPManager:updateIPAddress getIPAddress: 192.168.11.16 name:vlan11
03-28 06:14:31.883 2896 2896 I hpplay-java: [main]:IPManager:updateIPAddress getIPAddress: 192.168.0.16 name:vlan0
03-28 06:14:31.883 2896 2896 I hpplay-java: [main]:IPManager:updateIPAddress getIPAddress: 192.168.2.16 name:vlan2
03-28 06:14:31.883 2896 2896 I hpplay-java: [main]:IPManager:updateIPAddress getIPAddress: 192.168.1.16 name:vlan1
03-28 06:14:31.884 2896 2896 I hpplay-java: [main]:ServerTaskManager:exeTask startServer
03-28 06:14:31.884 2896 2896 I hpplay-java: [main]:ServerTaskManager:startTimeOutCheck
03-28 06:14:31.884 2896 3853 I hpplay-java: [AsyncTask #6]:ServerBusiness:startDaemonBusiness
03-28 06:14:31.885 2896 3866 I hpplay-java: [AsyncTask #14]:Bridge:assembleInParameters
03-28 06:14:31.885 2896 3853 I hpplay-java: [AsyncTask #6]:TimeOutCheckUtil:addTask id:upgrade
03-28 06:14:31.885 2896 3853 I hpplay-java: [AsyncTask #6]:TimeOutCheckUtil:addTask id:ijkupgrade
03-28 06:14:31.886 2896 3866 I hpplay-java: [AsyncTask #14]:Bridge:createDeviceId deviceId:Nzc6OTA6MDY6MmM6ZWM6MTU=
03-28 06:14:31.887 2896 4561 I hpplay-java: NanoHTTPDNanoHTTPD:server is started
03-28 06:14:31.888 2896 3866 I hpplay-java: [AsyncTask #14]:IPManager:getActiveNets type: WIFI
03-28 06:14:31.888 2896 3866 I hpplay-java: [AsyncTask #14]:IPManager:getActiveNets eth0:false wifi:true mobile:false ap:false
03-28 06:14:31.888 2896 3866 I hpplay-java: [AsyncTask #14]:IPManager:getIPAddress IP_WLAN0
03-28 06:14:31.888 2896 3866 I hpplay-java: [AsyncTask #14]:Preference:checkFeature none
03-28 06:14:31.888 2896 3866 I hpplay-java: [AsyncTask #14]:SWI:dlna tip
03-28 06:14:31.888 2896 3866 I hpplay-java: [AsyncTask #14]:SWI:lefp tip
03-28 06:14:31.888 2896 3866 I hpplay-java: [AsyncTask #14]:Bridge:assembleInParameters none alias name use device name: 高合娱乐副屏
03-28 06:14:31.889 2896 3866 I hpplay-java: [AsyncTask #14]:Feature:isSendAdvertisement
03-28 06:14:31.889 2896 3866 I hpplay-java: [AsyncTask #14]:Preference:checkFeature none
03-28 06:14:31.889 2896 3866 I hpplay-java: [AsyncTask #14]:Preference:checkFeature none
03-28 06:14:31.889 2896 3866 I hpplay-java: [AsyncTask #14]:Bridge:backupHpplayDat bakPath:
03-28 06:14:31.890 2896 3866 I hpplay-java: [AsyncTask #14]:Bridge:path:/data/user/0/com.hht.lebocast/files/hpplay/file/happyplay.dat
03-28 06:14:31.890 2896 3866 I hpplay-java: [AsyncTask #14]:Bridge:mAppId:21409
03-28 06:14:31.890 2896 3866 I hpplay-java: [AsyncTask #14]:Bridge:mode:3
03-28 06:14:31.890 2896 3866 I hpplay-java: [AsyncTask #14]:Bridge:type:1
03-28 06:14:31.890 2896 3866 I hpplay-java: [AsyncTask #14]:Bridge:SN:
03-28 06:14:31.890 2896 3866 I hpplay-java: [AsyncTask #14]:Preference:checkFeature none
03-28 06:14:31.890 2896 3866 I hpplay-java: [AsyncTask #14]:Bridge:backPath:
03-28 06:14:31.890 2896 3866 I hpplay-java: [AsyncTask #14]:DeviceUtil:getPermissionDid: 1
03-28 06:14:31.890 2896 3866 I hpplay-java: [AsyncTask #14]:DeviceUtil:getPermissionDid: 1
03-28 06:14:31.891 2896 3866 I hpplay-java: [AsyncTask #14]:BPIFileUtil:getMd5ByFile: 0FA04FD08975C81CDD9275F6AE23A020
03-28 06:14:31.891 2896 3866 I hpplay-java: [AsyncTask #14]:Preference:checkFeature none
03-28 06:14:31.891 2896 3866 I hpplay-java: [AsyncTask #14]:Preference:checkFeature none
03-28 06:14:31.891 2896 3866 I hpplay-java: [AsyncTask #14]:Preference:checkFeature none
03-28 06:14:31.891 2896 3866 I hpplay-java: [AsyncTask #14]:Preference:checkFeature none
03-28 06:14:31.891 2896 3866 I hpplay-java: [AsyncTask #14]:Preference:checkFeature none
03-28 06:14:31.896 2896 3853 W hpplay-java: [AsyncTask #6]:ServerBusiness:startDaemonBusiness start LelinkHTTPD sucess 52288
03-28 06:14:31.898 2896 2896 I hpplay-java: [main]:ServerBusiness:get deviceCode:2438898122
03-28 06:14:31.907 2896 3862 I hpplay-java: [AsyncTask #12]:HttpRequest:doGet responseCode:200 0
03-28 06:14:31.908 2896 3866 W hpplay-java: [AsyncTask #14]:DeviceUtils:getDomain create lb domain
03-28 06:14:31.909 2896 3866 I hpplay-java: [AsyncTask #14]:Feature:getMirrorAudioVideoSync DISABLE
03-28 06:14:31.909 2896 3866 I hpplay-java: [AsyncTask #14]:Feature:checkSupportRedirectOtherApp,no set redirect api
03-28 06:14:31.909 2896 3866 I hpplay-java: [AsyncTask #14]:Feature:getRedirectSearchFlag,value: 0
03-28 06:14:31.911 2896 3866 I hpplay-java: [AsyncTask #14]:Bridge:mIn: InParameters{appInfo='0', appKey='21409', authMode=0, authPwd='null', broadcastDirection=0, broadcastState=1, broadcastTimeout=3, buildType='release', cacheAVPath='/data/user/0/com.hht.lebocast/cache/hpplay/av', cachePhotoPath='/data/user/0/com.hht.lebocast/cache/hpplay/image', channel='LEBO-APK--60146-25915', desPath='/data/user/0/com.hht.lebocast/files/hpplay/file/config/dcf', , deviceName='高合娱乐副屏', dlna=1, dlnaCompany='Microsoft Corporation', dlnaCompanyURL='http://www.microsoft.com', dlnaDeviceDescribe='Media Renderer', dlnaDeviceName='Windows Media Player', dlnaDeviceURL='http://go.microsoft.com/fwlink/Linkld=105927', dlnaLelinkSwitch=1, dlnaManufacturer=0, dlnaName='高合娱乐副屏', dlnaUPC='null', dlnaUUID='5bdabc8b-fbb2-81e5-159c-21871da08aee', domain='Lebo-figure-1e982b1b75ee', drainage=0, feature='6655', fps=60, height=1080, host='null', , keyPath='/data/user/0/com.hht.lebocast/files/hpplay/file', lelinkfp=1, lelinkfp2=0, logBaseState=1, logPath='/storage/emulated/0/com.hht.lebocast/sink/sdk/common', , mdnsEnable=1, mirrorSyncType=0, netCastVer='2.0', packageName='com.hht.lebocast', packagePath='/data/user/0/com.hht.lebocast', permissionDid='1e:98:2b:1b:75:ee', permissionMode=3, permissionPreSN='', port=0, preemptMode=0, regType='_leboremote._tcp.', serverPorts=null, sockWaitTimeOut=45, teleControlPort=53388, tunnels=3, txtKeys=null, txtValues=null, uid='10000039936617', videoFrameType=1001, width=1920}com.hpplay.sdk.sink.protocol.InParameters@a8e9184
03-28 06:14:31.911 2896 2896 I hpplay-java: [main]:Bridge:startServer state: 0
03-28 06:14:31.911 2896 2896 D hpplay-base: [jniBridge:185] not conference version
03-28 06:14:31.911 2896 2896 I hpplay-base: [jniBridge:241] 1initServer nSettingWidth=1920 nSettingHeight=1080 nSettingMaxFPS=60 dlnaEnable=1 lelinkFpEnable=1
03-28 06:14:31.911 2896 2896 D hpplay-base: [jniBridge:283] 1initServer cfg.leLinkIp=10.0.0.129
03-28 06:14:31.911 2896 2896 D hpplay-base: [jniBridge:286] 1initServer cfg.mPermissionMode=3
03-28 06:14:31.911 2896 2896 D hpplay-base: [jniBridge:304] 1initServer cfg.permissionDid=1e:98:2b:1b:75:ee000000000000000
03-28 06:14:31.911 2896 2896 D hpplay-base: [jniBridge:313] 1initServer cfg.mPermissionPreSN=00000000000000000000000000000000
03-28 06:14:31.911 2896 2896 D hpplay-base: [jniBridge:317] Bridge___1initServer status:0
03-28 06:14:31.911 2896 2896 I hpplay-base: [jniBridge:325] 1initServer cfg.feature=6655
03-28 06:14:31.911 2896 2896 D hpplay-base: [jniBridge:377] 1initServer isSendBroadCast=3
03-28 06:14:31.911 2896 2896 D hpplay-base: [jniBridge:380] 1initServer broadcastDirection=0
03-28 06:14:31.911 2896 2896 D hpplay-base: [jniBridge:382] 1initServer ipBroadcast direction=0
03-28 06:14:31.911 2896 2896 D hpplay-base: [jniBridge:387] 1initServer tunnel=3
03-28 06:14:31.911 2896 2896 D hpplay-base: [jniBridge:390] 1initServer drainage=0
03-28 06:14:31.911 2896 2896 D hpplay-base: [jniBridge:401] 1initServer mDNSEnable=1
03-28 06:14:31.911 2896 2896 D hpplay-base: [jniBridge:406] 1initServer nSockWaitTimeOut=45
03-28 06:14:31.911 2896 2896 D hpplay-base: [jniBridge:410] 1initServer nMirrorAudioVideoSync=0
03-28 06:14:31.911 2896 2896 I hpplay-base: [sign_check:168] checkSign strPackageName:com.hht.lebocast
03-28 06:14:31.912 2896 2896 I hpplay-base: [sign_check:169] checkSign buildType:release
03-28 06:14:31.912 2896 2896 I hpplay-base: [sign_check:170] checkSign appKey:21409
03-28 06:14:31.912 2896 2896 D hpplay-base: [LelinkBase:405] bridgeInit port: 0, lelinkfp: 0
03-28 06:14:31.912 2896 2896 D hpplay-base: [LelinkBase:462] bridgeInit mPackagePath =/data/user/0/com.hht.lebocast
03-28 06:14:31.912 2896 2896 D hpplay-base: [LelinkBase:463] bridgeInit mKeyPath =/data/user/0/com.hht.lebocast/files/hpplay/file
03-28 06:14:31.912 2896 2896 D hpplay-base: [SinkContext:97] initSinkContext mPackagePath =/data/user/0/com.hht.lebocast
03-28 06:14:31.912 2896 2896 D hpplay-base: [SinkContext:98] initSinkContext mKeyPath =/data/user/0/com.hht.lebocast/files/hpplay/file
03-28 06:14:31.912 2896 2896 D hpplay-base: [jniBridge:478] Java_com_hpplay_sdk_sink_protocol_Bridge__1initServer end
03-28 06:14:31.912 2896 2896 D hpplay-base: [jniBridge:869] Bridge__1startServer status:1
03-28 06:14:31.912 2896 2896 D hpplay-base: [LelinkBase:492] startAllServer at base
03-28 06:14:31.912 2896 2896 D hpplay-base: [lelinkSinkServer:152] httpPlugins_SetServerPort TYPE_SERVER_LELINK:52266
03-28 06:14:31.913 2896 2896 D hpplay-base: [network.c:362] protocol bind host :10.0.0.129 port:52266 curent bind port:52266
03-28 06:14:31.913 2896 2896 D hpplay-base: [lelinkSinkServer:681] HTTP Server real at:52266
03-28 06:14:31.913 2896 4566 D hpplay-base: [lelinkSinkServer:644] Connected Service Type:0
03-28 06:14:31.913 2896 2896 D hpplay-base: [ScreenStream:1285] current bind port:7100
03-28 06:14:31.913 2896 4566 I hpplay-base: : (server.c.315) startServer listen_ing....:
03-28 06:14:31.913 2896 4566 D hpplay-base: [Server:371] startHttpServer srv_sockets.used:1 nCurrentFd:76, tid is 4566
03-28 06:14:31.913 2896 2896 D hpplay-base: [LelinkBase:515] startAllServer pBaseContext->config.dlnaEnable:1
03-28 06:14:31.913 2896 2896 D hpplay-base: [lelinkDlna:324] addDMRCallback end
03-28 06:14:31.913 2896 4567 D hpplay-base: [stream_mirror_compat:759] compat mirror stream begin to run,server fd:77,thread_id:3116122560!!
03-28 06:14:31.915 2896 2896 E hpplay-base-dlna: miniserver.c:788::dlna_port(ipv4: 49152 ipv6:0)
03-28 06:14:31.966 2896 2896 D hpplay-base-dlna: [lebodlna-dlnaframe:166] succeed to load lebodlnaplugin
03-28 06:14:31.966 2896 2896 D hpplay-base-dlna: [lebodlna-dlnaframe:232] Succeed to load specified plugin:lebodlna_plugin
03-28 06:14:31.966 2896 2896 D hpplay-base: [lelinkDlna:328] startDLNAServer ret=0
03-28 06:14:31.966 2896 2896 D hpplay-base: [LelinkBase:531] startDLNAServer ret= 0
03-28 06:14:31.966 2896 2896 D hpplay-base: [lelinkDlna:342] setDMRFriendlyName 高合娱乐副屏
03-28 06:14:31.966 2896 2896 D hpplay-base-dlna: [lebodlna-dlna_android:136] setBroadcastTimeout mBroadcastTimeOut=66 status=3!
03-28 06:14:31.966 2896 2896 D hpplay-base-dlna: [lebodlna_api:32] start DMR
03-28 06:14:31.966 2896 2896 D hpplay-base-dlna: [UpnpDefine:434] RegisterDMRender invalid lelink info
03-28 06:14:31.966 2896 2896 D hpplay-base-dlna: [UpnpDefine:551] DLNA DESCRIPTION FROME SERVER
03-28 06:14:31.969 2896 2896 E hpplay-base-dlna: upnpapi.c:1078::Exiting RegisterRootDevice2 *Hnd =1, return value == 0
03-28 06:14:31.969 2896 2896 D hpplay-base-dlna: [CUpnpDevice:41] Register Root Device 2:0
03-28 06:14:31.970 2896 2896 D hpplay-base-dlna: [UpnpDefine:794] ESDMRender:Register success
03-28 06:14:31.970 2896 2896 D hpplay-base-dlna: [lebodlna_api:41] sendBroadcast mBroadcastTimeOut=3
03-28 06:14:31.970 2896 2896 D hpplay-base-dlna: [lebodlna_api:44] sendBroadcast timeout=66
03-28 06:14:32.026 2896 2896 D hpplay-base: [lelinkDlna:361] startDLNADevice dlnaManufacturer:0 ret=0
03-28 06:14:32.026 2896 2896 D hpplay-base: [LelinkBase:535] lelinkSetDlnaInfo ret= 0
03-28 06:14:32.026 2896 2896 D hpplay-base: [LelinkBase:547] startAllServer pBaseContext->config.mDNSEnable:1
03-28 06:14:32.027 2896 2896 D hpplay-base: [base_mdns:509] mdns net.hostname:
03-28 06:14:32.027 2896 2896 D hpplay-base: [base_mdns:529] mdns namelabel:-36-7C-7C-00-00-0F
03-28 06:14:32.027 2896 2896 D hpplay-base: [base_mdns:509] mdns net.hostname:
03-28 06:14:32.027 2896 2896 D hpplay-base: [base_mdns:529] mdns namelabel:-36-7C-7C-00-00-0F
03-28 06:14:32.027 2896 2896 D hpplay-base: [mdns:813] mdns start bind port:0
03-28 06:14:32.029 2896 2896 D hpplay-base: [mdns:813] mdns start bind port:5353
03-28 06:14:32.029 2896 2896 D hpplay-base: [mdns:813] mdns start bind port:5353
03-28 06:14:32.030 2896 2896 D hpplay-base: [mdns:813] mdns start bind port:5353
03-28 06:14:32.030 2896 2896 D hpplay-base: [mdns:813] mdns start bind port:5353
03-28 06:14:32.030 2896 2896 D hpplay-base: [mdns:813] mdns start bind port:5353
03-28 06:14:32.030 2896 2896 D hpplay-base: [mdns:813] mdns start bind port:5353
03-28 06:14:32.030 2896 2896 D hpplay-base: [mdns:813] mdns start bind port:5353
03-28 06:14:32.031 2896 2896 I hpplay-base: [mDNSEmbeded:57] embedded_mDNSInit stopmDNSNow:0 status:0
03-28 06:14:32.031 2896 2896 D hpplay-base: [mDNSEmbeded:436] startmDNSServer end nRet=0
03-28 06:14:32.031 2896 2896 D hpplay-base: [LelinkBase:555] lelink broadcast_on_off:1 log2java_on_off:1
03-28 06:14:32.031 2896 2896 D hpplay-base: [AEventUtils:595] request to start event handle service!!
03-28 06:14:32.031 2896 2896 D hpplay-base: [AEventUtils:603] start_event_handle_service,begin to run!!
03-28 06:14:32.032 2896 2896 D hpplay-base: [REventUtils:210] start_event_handle_service,begin to run!!
03-28 06:14:32.032 2896 2896 D hpplay-base: [LelinkBase:576] startAllServer success .
03-28 06:14:32.032 2896 4583 D hpplay-base: [AEventUtils:171] create handle AEvent thread ok!!,tid is 4583
03-28 06:14:32.032 2896 4581 I hpplay-base: [mDNSEmbeded:268] start lelink publish server, tid is 4581
03-28 06:14:32.032 2896 4582 D hpplay-base: [mDNSEmbeded:197] http_port bind check 197 http_port_check
03-28 06:14:32.032 2896 4585 D hpplay-base: [jniBridge:1081] notifyJavaDlnalink:http://10.0.0.129:49152/description.xml
03-28 06:14:32.032 2896 4585 D hpplay-base: [jniBridge:1726] notifyJava, what:207, castType:0, mimeType:0 baseStatus:2
03-28 06:14:32.032 2896 4585 D hpplay-base: [jniBridge:1727] notifyJava sessionID:(null)
03-28 06:14:32.033 2896 4580 D hpplay-base: [LelinkMDNS:729] leboAuthorizationCheck strUuid=1e:98:2b:1b:75:ee000000000000000
03-28 06:14:32.033 2896 2896 D hpplay-base: [jniBridge:894] startDlna_link:http://10.0.0.129:49152/description.xml
03-28 06:14:32.033 2896 4580 D hpplay-base: [LelinkMDNS:730] leboAuthorizationCheck mPermissionDid=1e:98:2b:1b:75:ee000000000000000
03-28 06:14:32.033 2896 4580 D hpplay-base: [LelinkMDNS:755] leboAuthorizationCheck mPermissionMac=1e:98:2b:1b:75:ee000000000000000
03-28 06:14:32.034 2896 4585 I hpplay-java: [Thread-27]:Bridge:notify: what: 207
03-28 06:14:32.034 2896 4582 D hpplay-base: [mDNSEmbeded:217] http_port bind check 217 http_port_check
03-28 06:14:32.034 2896 4582 D hpplay-base: [mDNSEmbeded:222] http_port bind check 222 http_port_check
03-28 06:14:32.036 2896 4585 I hpplay-java: [Thread-27]:Bridge:notify: out: OutParameters:{audioSessionId=-1, audiotrackIndex=0, castHandleType=-1, castType=0, deviceName='http://10.0.0.129:49152/description.xml', dlnaName='', dramaID='', extra=0, frameHandleType=-1, handleInside=true, headduration=0, header='', headers=null, isAD=false, isMultiMirror=false, lelinkVer='', limitTime=0, , mediaAlbum='null', mediaAlbumArtURI='', mediaArtist='null', mediaAssets='', mediaTitle='null', mimeType=0, multiSession=null, period=0, pinCode='', playSpeed=0.0, playerChoice=0, plugin=0, port=0, position=0.0, positionUnit=2, protocol=0, realSessionID='', regType='', , sinkIp='', sourceAPPVersion='', sourceChannel='', sourceClientInfo='', sourceDeviceInfo='', sourceDeviceModel='', sourceDeviceName='', sourceDeviceType=0, sourceHID='', , sourceInfo='', , , sourceOSVersion='', sourceSDKVersion='', sourceUid='', stopDetail=0, stopReason=0, tailduration=0, url='', urlID='', urls=null, userAgent='', videoDecoder=0, volume=0, what=207}com.hpplay.sdk.sink.protocol.OutParameters@aa73fa8
03-28 06:14:32.036 2896 4585 I hpplay-java: [Thread-27]:Bridge:notify: address:42695361
03-28 06:14:32.037 2896 4584 D hpplay-base: [REventUtils:59] create handleREventThread thread ok!!,tid is 4584
03-28 06:14:32.037 2896 4582 D hpplay-base: [mDNSEmbeded:234] http_port bind check 234 http_port_check port:52266
03-28 06:14:32.038 2896 4582 D hpplay-base: [mDNSEmbeded:237] http_port bind check 237 http_port_check
03-28 06:14:32.038 2896 4587 D hpplay-base: [lelinkSinkServer:93] new client connection from 127.0.0.1 41123, fd=117
03-28 06:14:32.038 2896 4587 D hpplay-base: [SinkContext:137] addSinkContextSession,begin to run!!
03-28 06:14:32.038 2896 4587 D hpplay-base: [SinkContext:142] addSinkContextSession,begin to get lock!!
03-28 06:14:32.038 2896 4587 D hpplay-base: [SinkContext:144] addSinkContextSession,get lock ok!!
03-28 06:14:32.038 2896 4587 D hpplay-base: [SinkContext:149] addSinkContextSession,session list is null,begin to malloc!!
03-28 06:14:32.038 2896 4587 D hpplay-base: [SinkContext:156] addSinkContextSession,begin to update!!
03-28 06:14:32.038 2896 4587 D hpplay-base: [SinkContext:160] addSinkContextSession,begin to update header!!
03-28 06:14:32.038 2896 4587 D hpplay-base: [SinkContext:172] addSinkContextSession,begin to unlock!!
03-28 06:14:32.038 2896 4587 D hpplay-base: [SinkContext:174] addSinkContextSession,unlock ok!!
03-28 06:14:32.038 2896 4587 D hpplay-base: [LelinkReceiver:4908] get ping !!!
03-28 06:14:32.039 2896 4580 D hpplay-base: [LelinkMDNS:766] devicePermissionPublic leboPermissionCheck:-2
03-28 06:14:32.039 2896 4580 D hpplay-base: [jniBridge:1125] com_hpplay_sdk_sink_protocol_Bridge_WHAT_SERVER_ERROR
03-28 06:14:32.039 2896 4580 D hpplay-base: [jniBridge:1726] notifyJava, what:204, castType:0, mimeType:0 baseStatus:2
03-28 06:14:32.039 2896 4580 D hpplay-base: [jniBridge:1727] notifyJava sessionID:(null)
03-28 06:14:32.039 2896 4582 D hpplay-base: [mDNSEmbeded:240] http_port bind check 240 http_port_check recieved:64
03-28 06:14:32.039 2896 4582 D hpplay-base: [mDNSEmbeded:243] http_port bind check 243 http_port_check
03-28 06:14:32.039 2896 4582 D hpplay-base: [mDNSEmbeded:244] http_port bind check ok!
03-28 06:14:32.039 2896 4580 I hpplay-java: [Thread-28]:Bridge:notify: what: 204
03-28 06:14:32.041 2896 4580 I hpplay-java: [Thread-28]:Bridge:notify: out: OutParameters:{audioSessionId=-1, audiotrackIndex=0, castHandleType=-1, castType=0, deviceName='', dlnaName='', dramaID='', extra=-2002, frameHandleType=-1, handleInside=true, headduration=0, header='', headers=null, isAD=false, isMultiMirror=false, lelinkVer='', limitTime=0, , mediaAlbum='null', mediaAlbumArtURI='', mediaArtist='null', mediaAssets='', mediaTitle='null', mimeType=0, multiSession=null, period=0, pinCode='', playSpeed=0.0, playerChoice=0, plugin=0, port=0, position=0.0, positionUnit=2, protocol=0, realSessionID='', regType='', , sinkIp='', sourceAPPVersion='', sourceChannel='', sourceClientInfo='', sourceDeviceInfo='', sourceDeviceModel='', sourceDeviceName='', sourceDeviceType=0, sourceHID='', , sourceInfo='', , , sourceOSVersion='', sourceSDKVersion='', sourceUid='', stopDetail=0, stopReason=0, tailduration=0, url='', urlID='', urls=null, userAgent='', videoDecoder=0, volume=0, what=204}com.hpplay.sdk.sink.protocol.OutParameters@7104266
03-28 06:14:32.041 2896 4580 I hpplay-java: [Thread-28]:Bridge:notify: address:118196647
03-28 06:14:32.041 2896 4580 I hpplay-base: [mDNSEmbeded:79] embedded_mDNSLoop stopmDNSNow:0 nPublish:-2 nExitFlag:6 tid is 4580
03-28 06:14:32.041 2896 2896 I hpplay-java: [main]:Bridge:findServiceID start out: 118196647
03-28 06:14:32.041 2896 2896 I hpplay-java: [main]:Bridge:findServiceID end
03-28 06:14:32.041 2896 2896 E hpplay-java: [main]:ServerTaskManager:onError 204/-2002 com.hht.lebocast.LelinkHelper$e@614b4b6
03-28 06:14:32.042 2896 2896 I hpplay-java: [main]:ServerTaskManager:cancelTimeOutCheck
03-28 06:14:32.043 2896 2896 W hpplay-java: [main]:ServerTaskManager:onErrorDispatcher errorCode:-2002
03-28 06:14:32.043 2896 2896 I hpplay-java: [main]:ServerTaskManager:onError retry later
03-28 06:14:32.052 2896 4014 I hpplay-java: [AsyncTask #17]:HttpRequest:doGet responseCode:200 0
03-28 06:14:32.184 649 663 I mpu_uart: [MSG-P:RECV]:No message received in 1000 ms
03-28 06:14:32.240 2896 4587 I hpplay-base: [LelinkReceiver:14605] _connectionFinalize (117)
03-28 06:14:32.240 2896 4587 D hpplay-base: [LelinkReceiver:14752] ###connectionFinalize,release ok!!###
03-28 06:14:33.185 649 663 I mpu_uart: [MSG-P:RECV]:No message received in 1000 ms
03-28 06:14:33.189 649 662 I mpu_uart: [MSG-P:R]:recv sync frame timeout
03-28 06:14:34.185 649 663 I mpu_uart: [MSG-P:RECV]:No message received in 1000 ms
03-28 06:14:35.045 2896 2896 I hpplay-java: [main]:ServerTaskManager:restart by error
03-28 06:14:35.045 2896 2896 I hpplay-java: [main]:ServerTaskManager:startServer
03-28 06:14:35.045 2896 2896 I hpplay-java: [main]:ServerTaskManager:startServer add, reason: server is starting or running
03-28 06:14:35.045 2896 2896 I hpplay-java: [main]:ServerTaskManager:addStopTask
03-28 06:14:35.045 2896 2896 I hpplay-java: [main]:ServerTaskManager:addStartTask
03-28 06:14:35.045 2896 2896 I hpplay-java: [main]:ServerTaskManager:exeTask stopServer
03-28 06:14:35.046 2896 2896 I hpplay-java: [main]:Bridge:stopServer keepPush: false
03-28 06:14:35.046 2896 2896 D hpplay-base: [jniBridge:909] Bridge__1stopServer status:2
03-28 06:14:35.047 2896 2896 D hpplay-base: [LelinkBase:654] stopAllServer will start thread!
03-28 06:14:35.048 2896 4583 D hpplay-base: [AEventUtils:588] handle AEvent thread end!!,tid is 4583
03-28 06:14:35.048 2896 4588 I hpplay-base: [mDNSEmbeded:65] embedded_mDNSExit call
03-28 06:14:35.048 2896 4584 D hpplay-base: [REventUtils:197] handleREventThread thread end!!,tid is 4584
03-28 06:14:35.119 2896 4567 D hpplay-base: [stream_mirror_compat:1284] mirror stream begin to exit,server fd:77,thread_id:3116122560!!
03-28 06:14:35.119 2896 4567 D hpplay-base: [stream_mirror_compat:1323] ##screen stream exit successfully!!##
03-28 06:14:35.185 649 663 I mpu_uart: [MSG-P:RECV]:No message received in 1000 ms
03-28 06:14:35.243 2896 4566 D hpplay-base: [Server:447] startHttpServer will END srv->serverType:0
03-28 06:14:35.243 2896 4566 D hpplay-base: [Server:646] startHttpServer cond srv_shutdown:1 connectNummber:0
03-28 06:14:35.243 2896 4566 D hpplay-base: [Server:669] startHttpServer wait cond END. srv_shutdown:1 connectNummber:0
03-28 06:14:35.243 2896 4566 D hpplay-base: [Server:457] HttpServer END, tid is 4566
03-28 06:14:35.310 2896 4580 I hpplay-base: [mDNSEmbeded:140] embedded_mDNSLoop Exiting end,tid is 4580
03-28 06:14:35.311 2896 4588 D hpplay-base: [mDNSEmbeded:452] stopmDNSServer end stopmDNSNow=2, nRet=0
03-28 06:14:35.433 1124 1521 D CompatibilityChangeReporter: Compat change id reported: 168419799; UID 10090; state: DISABLED
03-28 06:14:35.434 1124 1521 D CompatibilityInfo: mCompatibilityFlags - 4
03-28 06:14:35.434 1124 1521 D CompatibilityInfo: applicationDensity - 240
03-28 06:14:35.435 1124 1521 D CompatibilityInfo: applicationScale - 1.0
03-28 06:14:35.444 3763 3783 I PermissionControllerServiceImpl: Updating user sensitive for user 0
03-28 06:14:35.531 2896 4581 I hpplay-base: [mDNSEmbeded:376] end lelink publish server, tid is 4581
03-28 06:14:35.532 2896 4588 D hpplay-base: [mDNSEmbeded:420] stopmLelinkServer end nRet=0
03-28 06:14:35.532 2896 4588 D hpplay-base: [LelinkBase:615] lebodlna stopServerThreadFunc dlnaEnable:1
03-28 06:14:35.532 2896 4588 D hpplay-base-dlna: [lebodlna_api:49] stop DMR
03-28 06:14:35.532 2896 4588 D hpplay-base-dlna: [lebodlna_api:344] m_pRender Release
03-28 06:14:35.586 2896 4588 D hpplay-base-dlna: [UpnpDefine:867] DMRender release success
03-28 06:14:35.586 2896 4588 D hpplay-base-dlna: [lebodlna_api:352] m_pAVT Release
03-28 06:14:35.586 2896 4588 D hpplay-base-dlna: [lebodlna_api:360] m_pRCS Release
03-28 06:14:35.586 2896 4588 D hpplay-base-dlna: [lebodlna_api:365] dmrender destroydmr
01-01 08:02:09.981 0 0 E DTC_ETH,link_delay_work_func: 3003, SQI=0, link=0
03-28 06:14:35.886 2896 4588 D hpplay-base-dlna: [lebodlna-dlna_android:186] stopDLNA
03-28 06:14:35.886 2896 4588 D hpplay-base-dlna: [lebodlna-dlna_android:189] dlnaservice destroy
03-28 06:14:35.886 2896 4588 D hpplay-base-dlna: [lebodlna-dlna_android:49] dlnaservice Destroy 49 int CDlnaService::Destroy()
03-28 06:14:35.886 2896 4588 D hpplay-base-dlna: [lebodlna-dlnaframe:245] dlnaservice Destroy 245 static ERROR_TYPE IDlnaFrame::DestroyDlnaFrame(IDlnaFrame *)
03-28 06:14:35.886 2896 4588 D hpplay-base-dlna: [lebodlna-dlnaframe:179] dlnaservice Destroy 179 virtual void CDlnaFrame::Release()
03-28 06:14:35.886 2896 4588 D hpplay-base-dlna: [lebodlna-dlnaframe:190] dlnaservice Destroy 190 virtual void CDlnaFrame::Release()
03-28 06:14:35.886 2896 4588 D hpplay-base-dlna: [lebodlna-dlnaframe:192] dlnaservice Destroy 192 virtual void CDlnaFrame::Release()
03-28 06:14:35.886 2896 4588 D hpplay-base-dlna: [lebodlna-dlnaframe:247] dlnaservice Destroy 247 static ERROR_TYPE IDlnaFrame::DestroyDlnaFrame(IDlnaFrame *)
03-28 06:14:35.886 2896 4588 D hpplay-base-dlna: [lebodlna-dlnaframe:251] dlnaservice Destroy 251 static ERROR_TYPE IDlnaFrame::DestroyDlnaFrame(IDlnaFrame *)
03-28 06:14:35.889 2896 4588 E hpplay-base-dlna: upnpapi.c:655::before gminiserver ThreadPoolShutdown
03-28 06:14:35.889 2896 4588 E hpplay-base-dlna: ThreadPool.c:1047::on ThreadPoolShutdown tp->totalThreads:3
03-28 06:14:35.889 2896 4588 E hpplay-base-dlna: ThreadPool.c:1047::on ThreadPoolShutdown tp->totalThreads:1
03-28 06:14:35.890 2896 4588 E hpplay-base-dlna: ThreadPool.c:1056::after ThreadPoolShutdown
03-28 06:14:35.890 2896 4588 E hpplay-base-dlna: ThreadPool.c:1057::ThreadPoolShutdown tp->totalThreads:0
03-28 06:14:35.890 2896 4588 E hpplay-base-dlna: upnpapi.c:657::after gminiserver ThreadPoolShutdown
03-28 06:14:35.890 2896 4588 E hpplay-base-dlna: upnpapi.c:659::before grecv ThreadPoolShutdown
03-28 06:14:35.891 2896 4588 E hpplay-base-dlna: ThreadPool.c:1047::on ThreadPoolShutdown tp->totalThreads:9
03-28 06:14:35.891 2896 4588 E hpplay-base-dlna: ThreadPool.c:1047::on ThreadPoolShutdown tp->totalThreads:8
03-28 06:14:35.892 2896 4588 E hpplay-base-dlna: ThreadPool.c:1047::on ThreadPoolShutdown tp->totalThreads:4
03-28 06:14:35.892 2896 4588 E hpplay-base-dlna: ThreadPool.c:1056::after ThreadPoolShutdown
03-28 06:14:35.892 2896 4588 E hpplay-base-dlna: ThreadPool.c:1057::ThreadPoolShutdown tp->totalThreads:0
03-28 06:14:35.892 2896 4588 E hpplay-base-dlna: upnpapi.c:661::after grecv ThreadPoolShutdown
03-28 06:14:35.892 2896 4588 E hpplay-base-dlna: upnpapi.c:663::before gsend ThreadPoolShutdown
03-28 06:14:35.893 2896 4588 E hpplay-base-dlna: ThreadPool.c:1047::on ThreadPoolShutdown tp->totalThreads:3
03-28 06:14:35.893 2896 4588 E hpplay-base-dlna: ThreadPool.c:1047::on ThreadPoolShutdown tp->totalThreads:2
03-28 06:14:35.893 2896 4588 E hpplay-base-dlna: ThreadPool.c:1047::on ThreadPoolShutdown tp->totalThreads:1
03-28 06:14:35.893 2896 4588 E hpplay-base-dlna: ThreadPool.c:1056::after ThreadPoolShutdown
03-28 06:14:35.893 2896 4588 E hpplay-base-dlna: ThreadPool.c:1057::ThreadPoolShutdown tp->totalThreads:0
03-28 06:14:35.893 2896 4588 E hpplay-base-dlna: upnpapi.c:665::after gsend ThreadPoolShutdown
03-28 06:14:35.893 2896 4588 D hpplay-base-dlna: [lebodlna-dlnaframe:253] dlnaservice Destroy 253 static ERROR_TYPE IDlnaFrame::DestroyDlnaFrame(IDlnaFrame *)
03-28 06:14:35.894 2896 4588 D hpplay-base-dlna: [lebodlna-dlna_android:51] dlnaservice Destroy 51 int CDlnaService::Destroy()
03-28 06:14:35.894 2896 4588 D hpplay-base-dlna: [lebodlna-dlna_android:194] stopDLNA end
03-28 06:14:36.000 1306 1369 E tlogd : [TzLogger](isPathReadable) file /sys/kernel/debug/tzdbg/qsee_log isn't exist or no permission, err: No such file or directory
03-28 06:14:36.000 1306 1369 E tlogd : [TzLogger](saveTzlogAsync) /sys/kernel/debug/tzdbg/qsee_log can not read.
03-28 06:14:36.000 1306 1369 E tlogd : [TzLogger](isPathReadable) file /sys/kernel/debug/tzdbg/log isn't exist or no permission, err: No such file or directory
03-28 06:14:36.000 1306 1369 E tlogd : [TzLogger](saveTzlogAsync) /sys/kernel/debug/tzdbg/log can not read.
03-28 06:14:36.185 649 663 I mpu_uart: [MSG-P:RECV]:No message received in 1000 ms
03-28 06:14:36.193 649 662 I mpu_uart: [MSG-P:R]:recv sync frame timeout
03-28 06:14:36.194 2896 4588 D hpplay-base: [stream_mirror_compat:1489] request to stop screen stream session!!
03-28 06:14:36.194 2896 4588 D hpplay-base: [AEventUtils:625] begin to stop event handle service!!
03-28 06:14:36.194 2896 4588 D hpplay-base: [AEventUtils:628] stop event handle service ok!!
03-28 06:14:36.194 2896 4588 D hpplay-base: [REventUtils:231] begin to stop report handle service!!
03-28 06:14:36.194 2896 4588 D hpplay-base: [REventUtils:234] stop report handle service ok!!
03-28 06:14:36.194 2896 4588 D hpplay-base: [lelinkSinkServer:711] HTTP Server stopSinkServer End .
03-28 06:14:36.194 2896 4588 D hpplay-base: [jniBridge:1135] notifyJavaServerStoped
03-28 06:14:36.194 2896 4588 D hpplay-base: [jniBridge:1726] notifyJava, what:202, castType:0, mimeType:0 baseStatus:4
03-28 06:14:36.194 2896 4588 D hpplay-base: [jniBridge:1727] notifyJava sessionID:(null)
03-28 06:14:36.196 2896 4588 I hpplay-java: [Thread-29]:Bridge:notify: what: 202
03-28 06:14:36.198 2896 4588 I hpplay-java: [Thread-29]:Bridge:notify: out: OutParameters:{audioSessionId=-1, audiotrackIndex=0, castHandleType=-1, castType=0, deviceName='', dlnaName='', dramaID='', extra=0, frameHandleType=-1, handleInside=true, headduration=0, header='', headers=null, isAD=false, isMultiMirror=false, lelinkVer='', limitTime=0, , mediaAlbum='null', mediaAlbumArtURI='', mediaArtist='null', mediaAssets='', mediaTitle='null', mimeType=0, multiSession=null, period=0, pinCode='', playSpeed=0.0, playerChoice=0, plugin=0, port=0, position=0.0, positionUnit=2, protocol=0, realSessionID='', regType='', , sinkIp='', sourceAPPVersion='', sourceChannel='', sourceClientInfo='', sourceDeviceInfo='', sourceDeviceModel='', sourceDeviceName='', sourceDeviceType=0, sourceHID='', , sourceInfo='', , , sourceOSVersion='', sourceSDKVersion='', sourceUid='', stopDetail=0, stopReason=0, tailduration=0, url='', urlID='', urls=null, userAgent='', videoDecoder=0, volume=0, what=202}com.hpplay.sdk.sink.protocol.OutParameters@21401fd
03-28 06:14:36.198 2896 4588 I hpplay-java: [Thread-29]:Bridge:notify: address:30285554
03-28 06:14:36.199 2896 4588 D hpplay-base: [LelinkBase:645] stopServerThreadFunc notifyJavaServerStoped!
03-28 06:14:36.199 2896 2896 I hpplay-java: [main]:ServerTaskManager:startTimeOutCheck
03-28 06:14:36.199 2896 2896 I hpplay-java: [main]:ServerBusiness:stopDaemonBusiness
03-28 06:14:36.200 2896 2896 I hpplay-java: [main]:SinkDataReport:logout
03-28 06:14:36.201 2896 2896 I hpplay-java: [main]:EPControl:release
03-28 06:14:36.204 2896 4030 I hpplay-java: [AsyncTask #24]:GlideCreator:clearCache clearDiskCache
03-28 06:14:36.205 2896 2896 I hpplay-java: [main]:Dispatcher:notifyAllReverseControlsStop
03-28 06:14:36.205 2896 2896 I hpplay-java: [main]:Preference:checkFeature none
03-28 06:14:36.205 2896 2896 I hpplay-java: [main]:Dispatcher:notifyAllUIControlsStop set: []
03-28 06:14:36.205 2896 2896 I hpplay-java: [main]:Bridge:findServiceID start out: 30285554
03-28 06:14:36.205 2896 4561 W hpplay-java: NanoHTTPDServerRunnable:Communication with the client broken
03-28 06:14:36.205 2896 4561 W hpplay-java: java.net.SocketException: Socket closed
03-28 06:14:36.205 2896 4561 W hpplay-java: at java.net.PlainSocketImpl.socketAccept(PlainSocketImpl.java:213)
03-28 06:14:36.205 2896 4561 W hpplay-java: at java.net.AbstractPlainSocketImpl.accept(AbstractPlainSocketImpl.java:451)
03-28 06:14:36.205 2896 4561 W hpplay-java: at java.net.ServerSocket.implAccept(ServerSocket.java:547)
03-28 06:14:36.205 2896 4561 W hpplay-java: at java.net.ServerSocket.accept(ServerSocket.java:515)
03-28 06:14:36.205 2896 4561 W hpplay-java: at com.hpplay.nanohttpd.protocols.http.ServerRunnable.run(SourceFile:118)
03-28 06:14:36.205 2896 4561 W hpplay-java: at java.lang.Thread.run(Thread.java:920)
03-28 06:14:36.206 2896 4561 I hpplay-java: NanoHTTPDNanoHTTPD:server is stoped
03-28 06:14:36.206 2896 4561 I hpplay-java: NanoHTTPDNanoHTTPD:clear obj
03-28 06:14:36.206 2896 2896 I hpplay-java: [main]:Bridge:findServiceID end
03-28 06:14:36.207 2896 2896 I hpplay-java: [main]:ServerTaskManager:onStop retry:true
03-28 06:14:36.207 2896 2896 I hpplay-java: [main]:ServerTaskManager:cancelTimeOutCheck
03-28 06:14:36.208 2896 2896 I hpplay-java: [main]:IPManager:getActiveNets type: WIFI
03-28 06:14:36.208 2896 2896 I hpplay-java: [main]:IPManager:getActiveNets eth0:false wifi:true mobile:false ap:false
03-28 06:14:36.208 2896 2896 I hpplay-java: [main]:IPManager:getIPAddress IP_WLAN0
03-28 06:14:36.211 2896 2896 I hpplay-java: [main]:IPManager:updateIPAddress getIPAddress: 192.168.4.16 name:vlan4
03-28 06:14:36.211 2896 2896 I hpplay-java: [main]:IPManager:updateIPAddress getIPAddress: 10.0.0.129 name:wlan0
03-28 06:14:36.211 2896 2896 I hpplay-java: [main]:IPManager:updateIPAddress getIPAddress: 192.168.8.16 name:vlan8
03-28 06:14:36.211 2896 2896 I hpplay-java: [main]:IPManager:updateIPAddress getIPAddress: 192.168.11.16 name:vlan11
03-28 06:14:36.212 2896 2896 I hpplay-java: [main]:IPManager:updateIPAddress getIPAddress: 192.168.0.16 name:vlan0
03-28 06:14:36.212 2896 2896 I hpplay-java: [main]:IPManager:updateIPAddress getIPAddress: 192.168.2.16 name:vlan2
03-28 06:14:36.212 2896 2896 I hpplay-java: [main]:IPManager:updateIPAddress getIPAddress: 192.168.1.16 name:vlan1
03-28 06:14:36.212 2896 2896 I hpplay-java: [main]:ServerTaskManager:exeTask startServer
03-28 06:14:36.212 2896 4027 I hpplay-java: [AsyncTask #21]:ServerBusiness:startDaemonBusiness
03-28 06:14:36.213 2896 4027 I hpplay-java: [AsyncTask #21]:TimeOutCheckUtil:addTask id:upgrade
03-28 06:14:36.213 2896 2896 I hpplay-java: [main]:ServerTaskManager:startTimeOutCheck
03-28 06:14:36.213 2896 4027 I hpplay-java: [AsyncTask #21]:TimeOutCheckUtil:addTask id:ijkupgrade
03-28 06:14:36.213 2896 3854 I hpplay-java: [AsyncTask #7]:Bridge:assembleInParameters
03-28 06:14:36.214 2896 3854 I hpplay-java: [AsyncTask #7]:Bridge:createDeviceId deviceId:Nzc6OTA6MDY6MmM6ZWM6MTU=
03-28 06:14:36.214 2896 4602 I hpplay-java: NanoHTTPDNanoHTTPD:server is started
03-28 06:14:36.214 2896 3854 I hpplay-java: [AsyncTask #7]:IPManager:getActiveNets type: WIFI
03-28 06:14:36.215 2896 3854 I hpplay-java: [AsyncTask #7]:IPManager:getActiveNets eth0:false wifi:true mobile:false ap:false
03-28 06:14:36.215 2896 3854 I hpplay-java: [AsyncTask #7]:IPManager:getIPAddress IP_WLAN0
03-28 06:14:36.215 2896 3854 I hpplay-java: [AsyncTask #7]:Preference:checkFeature none
03-28 06:14:36.215 2896 3854 I hpplay-java: [AsyncTask #7]:SWI:dlna tip
03-28 06:14:36.215 2896 3854 I hpplay-java: [AsyncTask #7]:SWI:lefp tip
03-28 06:14:36.215 2896 3854 I hpplay-java: [AsyncTask #7]:Bridge:assembleInParameters none alias name use device name: 高合娱乐副屏
03-28 06:14:36.215 2896 3854 I hpplay-java: [AsyncTask #7]:Feature:isSendAdvertisement
03-28 06:14:36.215 2896 3854 I hpplay-java: [AsyncTask #7]:Preference:checkFeature none
03-28 06:14:36.216 2896 3854 I hpplay-java: [AsyncTask #7]:Preference:checkFeature none
03-28 06:14:36.216 2896 3854 I hpplay-java: [AsyncTask #7]:Bridge:backupHpplayDat bakPath:
03-28 06:14:36.216 2896 3854 I hpplay-java: [AsyncTask #7]:Bridge:path:/data/user/0/com.hht.lebocast/files/hpplay/file/happyplay.dat
03-28 06:14:36.216 2896 3854 I hpplay-java: [AsyncTask #7]:Bridge:mAppId:21409
03-28 06:14:36.216 2896 3854 I hpplay-java: [AsyncTask #7]:Bridge:mode:3
03-28 06:14:36.216 2896 3854 I hpplay-java: [AsyncTask #7]:Bridge:type:1
03-28 06:14:36.216 2896 3854 I hpplay-java: [AsyncTask #7]:Bridge:SN:
03-28 06:14:36.216 2896 3854 I hpplay-java: [AsyncTask #7]:Preference:checkFeature none
03-28 06:14:36.216 2896 3854 I hpplay-java: [AsyncTask #7]:Bridge:backPath:
03-28 06:14:36.216 2896 3854 I hpplay-java: [AsyncTask #7]:DeviceUtil:getPermissionDid: 1
03-28 06:14:36.217 2896 3854 I hpplay-java: [AsyncTask #7]:DeviceUtil:getPermissionDid: 1
03-28 06:14:36.217 2896 3854 I hpplay-java: [AsyncTask #7]:BPIFileUtil:getMd5ByFile: 0FA04FD08975C81CDD9275F6AE23A020
