03-28 06:16:28.172 1307 1307 I update_engine: [INFO:partition_writer_factory_android.cc(44)] Virtual AB Compression disabled, using Partition Writer for `dtbo`
03-28 06:16:28.175 1307 1307 I update_engine: [INFO:partition_writer.cc(295)] Opening /dev/block/bootdevice/by-name/dtbo_b partition without O_DSYNC
03-28 06:16:28.178 1307 1307 I update_engine: [INFO:partition_writer.cc(100)] Caching writes.
03-28 06:16:28.179 1307 1307 I update_engine: [INFO:partition_writer.cc(307)] Applying 4 operations to partition "dtbo"
03-28 06:16:28.217 649 663 I mpu_uart: [MSG-P:RECV]:No message received in 1000 ms
03-28 06:16:28.278 1307 1307 I update_engine: [INFO:partition_writer_factory_android.cc(44)] Virtual AB Compression disabled, using Partition Writer for `featenabler`
03-28 06:16:28.280 1307 1307 I update_engine: [INFO:partition_writer.cc(295)] Opening /dev/block/bootdevice/by-name/featenabler_b partition without O_DSYNC
03-28 06:16:28.282 1307 1307 I update_engine: [INFO:partition_writer.cc(100)] Caching writes.
03-28 06:16:28.283 1307 1307 I update_engine: [INFO:partition_writer.cc(307)] Applying 1 operations to partition "featenabler"
03-28 06:16:28.291 1307 1307 I update_engine: [INFO:partition_writer_factory_android.cc(44)] Virtual AB Compression disabled, using Partition Writer for `hyp`
03-28 06:16:28.292 1307 1307 I update_engine: [INFO:partition_writer.cc(295)] Opening /dev/block/bootdevice/by-name/hyp_b partition without O_DSYNC
03-28 06:16:28.294 1307 1307 I update_engine: [INFO:partition_writer.cc(100)] Caching writes.
03-28 06:16:28.295 1307 1307 I update_engine: [INFO:partition_writer.cc(307)] Applying 1 operations to partition "hyp"
03-28 06:16:28.332 1307 1307 I update_engine: [INFO:partition_writer_factory_android.cc(44)] Virtual AB Compression disabled, using Partition Writer for `imagefv`
03-28 06:16:28.333 1307 1307 I update_engine: [INFO:partition_writer.cc(295)] Opening /dev/block/bootdevice/by-name/imagefv_b partition without O_DSYNC
03-28 06:16:28.334 1307 1307 I update_engine: [INFO:partition_writer.cc(100)] Caching writes.
03-28 06:16:28.335 1307 1307 I update_engine: [INFO:partition_writer.cc(307)] Applying 1 operations to partition "imagefv"
03-28 06:16:28.342 1307 1307 I update_engine: [INFO:partition_writer_factory_android.cc(44)] Virtual AB Compression disabled, using Partition Writer for `keymaster`
03-28 06:16:28.343 1307 1307 I update_engine: [INFO:partition_writer.cc(295)] Opening /dev/block/bootdevice/by-name/keymaster_b partition without O_DSYNC
03-28 06:16:28.344 1307 1307 I update_engine: [INFO:partition_writer.cc(100)] Caching writes.
03-28 06:16:28.345 1307 1307 I update_engine: [INFO:partition_writer.cc(307)] Applying 1 operations to partition "keymaster"
03-28 06:16:28.370 1307 1307 I update_engine: [INFO:partition_writer_factory_android.cc(44)] Virtual AB Compression disabled, using Partition Writer for `modem`
01-01 08:04:02.621 0 0 E DTC_ETH,link_delay_work_func: 3003, SQI=0, link=0
03-28 06:16:28.371 1307 1307 I update_engine: [INFO:partition_writer.cc(295)] Opening /dev/block/bootdevice/by-name/modem_b partition without O_DSYNC
03-28 06:16:28.373 1307 1307 I update_engine: [INFO:partition_writer.cc(100)] Caching writes.
03-28 06:16:28.374 1307 1307 I update_engine: [INFO:partition_writer.cc(307)] Applying 36 operations to partition "modem"
03-28 06:16:29.218 649 663 I mpu_uart: [MSG-P:RECV]:No message received in 1000 ms
03-28 06:16:29.530 2896 2896 I hpplay-java: [main]:IPManager:getActiveNets type: WIFI
03-28 06:16:29.530 2896 2896 I hpplay-java: [main]:IPManager:getActiveNets eth0:false wifi:true mobile:false ap:false
03-28 06:16:29.530 2896 2896 I hpplay-java: [main]:IPManager:getIPAddress IP_WLAN0
03-28 06:16:29.545 2896 2896 W hpplay-java: [main]:DeviceUtils:getDomain create lb domain
03-28 06:16:29.555 2896 5280 I hpplay-java: [AsyncTask #35]:HttpRequest:http://gslb.hpplay.cn/lebo-flux-sdk/sdk/service/upload path post
03-28 06:16:29.592 2896 5280 W hpplay-java: [AsyncTask #35]:HttpRequest:java.io.IOException: unexpected end of stream on com.android.okhttp.Address@80142399
03-28 06:16:29.592 2896 5280 W hpplay-java: at com.android.okhttp.internal.http.Http1xStream.readResponse(Http1xStream.java:203)
03-28 06:16:29.592 2896 5280 W hpplay-java: at com.android.okhttp.internal.http.Http1xStream.readResponseHeaders(Http1xStream.java:129)
03-28 06:16:29.592 2896 5280 W hpplay-java: at com.android.okhttp.internal.http.HttpEngine.readNetworkResponse(HttpEngine.java:750)
03-28 06:16:29.592 2896 5280 W hpplay-java: at com.android.okhttp.internal.http.HttpEngine.readResponse(HttpEngine.java:622)
03-28 06:16:29.592 2896 5280 W hpplay-java: at com.android.okhttp.internal.huc.HttpURLConnectionImpl.execute(HttpURLConnectionImpl.java:475)
03-28 06:16:29.592 2896 5280 W hpplay-java: at com.android.okhttp.internal.huc.HttpURLConnectionImpl.getResponse(HttpURLConnectionImpl.java:411)
03-28 06:16:29.592 2896 5280 W hpplay-java: at com.android.okhttp.internal.huc.HttpURLConnectionImpl.getResponseCode(HttpURLConnectionImpl.java:542)
03-28 06:16:29.592 2896 5280 W hpplay-java: at com.hpplay.common.asyncmanager.HttpRequest.doPost(SourceFile:24)
03-28 06:16:29.592 2896 5280 W hpplay-java: at com.hpplay.common.asyncmanager.AsyncHttpJob.doInBackground(SourceFile:4)
03-28 06:16:29.592 2896 5280 W hpplay-java: at android.os.AsyncTask$3.call(AsyncTask.java:394)
03-28 06:16:29.592 2896 5280 W hpplay-java: at java.util.concurrent.FutureTask.run(FutureTask.java:266)
03-28 06:16:29.592 2896 5280 W hpplay-java: at java.util.concurrent.ThreadPoolExecutor.runWorker(ThreadPoolExecutor.java:1167)
03-28 06:16:29.592 2896 5280 W hpplay-java: at java.util.concurrent.ThreadPoolExecutor$Worker.run(ThreadPoolExecutor.java:641)
03-28 06:16:29.592 2896 5280 W hpplay-java: at java.lang.Thread.run(Thread.java:920)
03-28 06:16:29.592 2896 5280 W hpplay-java: Caused by: java.io.EOFException: \n not found: size=0 content=...
03-28 06:16:29.592 2896 5280 W hpplay-java: at com.android.okhttp.okio.RealBufferedSource.readUtf8LineStrict(RealBufferedSource.java:202)
03-28 06:16:29.592 2896 5280 W hpplay-java: at com.android.okhttp.internal.http.Http1xStream.readResponse(Http1xStream.java:188)
03-28 06:16:29.592 2896 5280 W hpplay-java: ... 13 more
03-28 06:16:29.592 2896 5280 I hpplay-java: [AsyncTask #35]:HttpRequest:http://gslb.hpplay.cn/lebo-flux-sdk/sdk/service/upload path post
03-28 06:16:29.597 2896 5280 W hpplay-java: [AsyncTask #35]:HttpRequest:java.io.IOException: unexpected end of stream on com.android.okhttp.Address@80142399
03-28 06:16:29.597 2896 5280 W hpplay-java: at com.android.okhttp.internal.http.Http1xStream.readResponse(Http1xStream.java:203)
03-28 06:16:29.597 2896 5280 W hpplay-java: at com.android.okhttp.internal.http.Http1xStream.readResponseHeaders(Http1xStream.java:129)
03-28 06:16:29.597 2896 5280 W hpplay-java: at com.android.okhttp.internal.http.HttpEngine.readNetworkResponse(HttpEngine.java:750)
03-28 06:16:29.597 2896 5280 W hpplay-java: at com.android.okhttp.internal.http.HttpEngine.readResponse(HttpEngine.java:622)
03-28 06:16:29.597 2896 5280 W hpplay-java: at com.android.okhttp.internal.huc.HttpURLConnectionImpl.execute(HttpURLConnectionImpl.java:475)
03-28 06:16:29.597 2896 5280 W hpplay-java: at com.android.okhttp.internal.huc.HttpURLConnectionImpl.getResponse(HttpURLConnectionImpl.java:411)
03-28 06:16:29.597 2896 5280 W hpplay-java: at com.android.okhttp.internal.huc.HttpURLConnectionImpl.getResponseCode(HttpURLConnectionImpl.java:542)
03-28 06:16:29.597 2896 5280 W hpplay-java: at com.hpplay.common.asyncmanager.HttpRequest.doPost(SourceFile:24)
03-28 06:16:29.597 2896 5280 W hpplay-java: at com.hpplay.common.asyncmanager.AsyncHttpJob.doInBackground(SourceFile:4)
03-28 06:16:29.597 2896 5280 W hpplay-java: at android.os.AsyncTask$3.call(AsyncTask.java:394)
03-28 06:16:29.597 2896 5280 W hpplay-java: at java.util.concurrent.FutureTask.run(FutureTask.java:266)
03-28 06:16:29.597 2896 5280 W hpplay-java: at java.util.concurrent.ThreadPoolExecutor.runWorker(ThreadPoolExecutor.java:1167)
03-28 06:16:29.597 2896 5280 W hpplay-java: at java.util.concurrent.ThreadPoolExecutor$Worker.run(ThreadPoolExecutor.java:641)
03-28 06:16:29.597 2896 5280 W hpplay-java: at java.lang.Thread.run(Thread.java:920)
03-28 06:16:29.597 2896 5280 W hpplay-java: Caused by: java.io.EOFException: \n not found: size=0 content=...
03-28 06:16:29.597 2896 5280 W hpplay-java: at com.android.okhttp.okio.RealBufferedSource.readUtf8LineStrict(RealBufferedSource.java:202)
03-28 06:16:29.597 2896 5280 W hpplay-java: at com.android.okhttp.internal.http.Http1xStream.readResponse(Http1xStream.java:188)
03-28 06:16:29.597 2896 5280 W hpplay-java: ... 13 more
03-28 06:16:29.597 2896 5280 I hpplay-java: [AsyncTask #35]:HttpRequest:http://gslb.hpplay.cn/lebo-flux-sdk/sdk/service/upload path post
03-28 06:16:29.602 2896 5280 W hpplay-java: [AsyncTask #35]:HttpRequest:java.io.IOException: unexpected end of stream on com.android.okhttp.Address@80142399
03-28 06:16:29.602 2896 5280 W hpplay-java: at com.android.okhttp.internal.http.Http1xStream.readResponse(Http1xStream.java:203)
03-28 06:16:29.602 2896 5280 W hpplay-java: at com.android.okhttp.internal.http.Http1xStream.readResponseHeaders(Http1xStream.java:129)
03-28 06:16:29.602 2896 5280 W hpplay-java: at com.android.okhttp.internal.http.HttpEngine.readNetworkResponse(HttpEngine.java:750)
03-28 06:16:29.602 2896 5280 W hpplay-java: at com.android.okhttp.internal.http.HttpEngine.readResponse(HttpEngine.java:622)
03-28 06:16:29.602 2896 5280 W hpplay-java: at com.android.okhttp.internal.huc.HttpURLConnectionImpl.execute(HttpURLConnectionImpl.java:475)
03-28 06:16:29.602 2896 5280 W hpplay-java: at com.android.okhttp.internal.huc.HttpURLConnectionImpl.getResponse(HttpURLConnectionImpl.java:411)
03-28 06:16:29.602 2896 5280 W hpplay-java: at com.android.okhttp.internal.huc.HttpURLConnectionImpl.getResponseCode(HttpURLConnectionImpl.java:542)
03-28 06:16:29.602 2896 5280 W hpplay-java: at com.hpplay.common.asyncmanager.HttpRequest.doPost(SourceFile:24)
03-28 06:16:29.602 2896 5280 W hpplay-java: at com.hpplay.common.asyncmanager.AsyncHttpJob.doInBackground(SourceFile:4)
03-28 06:16:29.602 2896 5280 W hpplay-java: at android.os.AsyncTask$3.call(AsyncTask.java:394)
03-28 06:16:29.602 2896 5280 W hpplay-java: at java.util.concurrent.FutureTask.run(FutureTask.java:266)
03-28 06:16:29.602 2896 5280 W hpplay-java: at java.util.concurrent.ThreadPoolExecutor.runWorker(ThreadPoolExecutor.java:1167)
03-28 06:16:29.602 2896 5280 W hpplay-java: at java.util.concurrent.ThreadPoolExecutor$Worker.run(ThreadPoolExecutor.java:641)
03-28 06:16:29.602 2896 5280 W hpplay-java: at java.lang.Thread.run(Thread.java:920)
03-28 06:16:29.602 2896 5280 W hpplay-java: Caused by: java.io.EOFException: \n not found: size=0 content=...
03-28 06:16:29.602 2896 5280 W hpplay-java: at com.android.okhttp.okio.RealBufferedSource.readUtf8LineStrict(RealBufferedSource.java:202)
03-28 06:16:29.602 2896 5280 W hpplay-java: at com.android.okhttp.internal.http.Http1xStream.readResponse(Http1xStream.java:188)
03-28 06:16:29.602 2896 5280 W hpplay-java: ... 13 more
01-01 08:04:03.871 0 0 I qcom_rpmh DRV: apps_rsc TCS Busy, retrying RPMH message send: addr=0x50000
03-28 06:16:30.218 649 663 I mpu_uart: [MSG-P:RECV]:No message received in 1000 ms
03-28 06:16:30.242 2896 2896 I hpplay-java: [main]:Upgrade:upgrade not be allowed
03-28 06:16:30.303 649 662 I mpu_uart: [MSG-P:R]:recv sync frame timeout
03-28 06:16:30.549 4479 4497 D UpdateEngineStatus: onStatusUpdate:DownloadingPercent 0.030120157%
01-01 08:04:05.011 0 0 E i2c_geni 980000.i2c: i2c error :-107
01-01 08:04:05.016 0 0 E atmel_mxt_ts 0-004a: __mxt_read_reg: i2c transfer failed (-107)
01-01 08:04:05.023 0 0 E atmel_mxt_ts 0-004a: Failed to read T44/T144 and T5 (-107)
01-01 08:04:05.069 0 0 E i2c_geni 980000.i2c: i2c error :-107
01-01 08:04:05.074 0 0 E : [MAX975X:max96755x_vc1_lcd_dtc_check] *ERROR* Failed to read dev:0x15 addr:0x80
01-01 08:04:05.087 0 0 E i2c_geni 980000.i2c: i2c error :-107
01-01 08:04:05.093 0 0 E : [MAX975X:max96755g_write_bytes] *ERROR* i2c master send 0x80 err
01-01 08:04:05.199 0 0 E i2c_geni 980000.i2c: i2c error :-107
01-01 08:04:05.212 0 0 E : [MAX975X:max96755x_vc1_lcd_dtc_check] *ERROR* Failed to read dev:0x15 addr:0x80
01-01 08:04:05.222 0 0 E i2c_geni 980000.i2c: i2c error :-107
03-28 06:16:31.016 1306 1369 E tlogd : [TzLogger](isPathReadable) file /sys/kernel/debug/tzdbg/qsee_log isn't exist or no permission, err: No such file or directory
03-28 06:16:31.016 1306 1369 E tlogd : [TzLogger](saveTzlogAsync) /sys/kernel/debug/tzdbg/qsee_log can not read.
03-28 06:16:31.016 1306 1369 E tlogd : [TzLogger](isPathReadable) file /sys/kernel/debug/tzdbg/log isn't exist or no permission, err: No such file or directory
03-28 06:16:31.016 1306 1369 E tlogd : [TzLogger](saveTzlogAsync) /sys/kernel/debug/tzdbg/log can not read.
01-01 08:04:05.226 0 0 E : [MAX975X:max96755g_write_bytes] *ERROR* i2c master send 0x80 err
01-01 08:04:05.331 0 0 E i2c_geni 980000.i2c: i2c error :-107
01-01 08:04:05.344 0 0 E : [MAX975X:max96755x_vc1_lcd_dtc_check] *ERROR* Failed to read dev:0x15 addr:0x80
01-01 08:04:05.353 0 0 E i2c_geni 980000.i2c: i2c error :-107
03-28 06:16:31.218 649 663 I mpu_uart: [MSG-P:RECV]:No message received in 1000 ms
01-01 08:04:05.358 0 0 E : [MAX975X:max96755g_write_bytes] *ERROR* i2c master send 0x85 err
01-01 08:04:05.461 0 0 E i2c_geni 980000.i2c: i2c error :-107
01-01 08:04:05.473 0 0 E : [MAX975X:max96755x_vc1_lcd_dtc_check] *ERROR* Failed to read dev:0x15 addr:0x85
01-01 08:04:05.483 0 0 E i2c_geni 980000.i2c: i2c error :-107
01-01 08:04:05.488 0 0 E : [MAX975X:max96755g_write_bytes] *ERROR* i2c master send 0x8B err
01-01 08:04:05.589 0 0 E i2c_geni 980000.i2c: i2c error :-107
01-01 08:04:05.601 0 0 E : [MAX975X:max96755x_vc1_lcd_dtc_check] *ERROR* Failed to read dev:0x15 addr:0x8b
01-01 08:04:05.610 0 0 E DTC_Display: screen not ready(0)
03-28 06:16:31.721 2896 5270 D hpplay-base: [LelinkMDNS:766] devicePermissionPublic leboPermissionCheck:-2
03-28 06:16:31.721 2896 5270 D hpplay-base: [jniBridge:1125] com_hpplay_sdk_sink_protocol_Bridge_WHAT_SERVER_ERROR
03-28 06:16:31.721 2896 5270 D hpplay-base: [jniBridge:1726] notifyJava, what:204, castType:0, mimeType:0 baseStatus:2
03-28 06:16:31.721 2896 5270 D hpplay-base: [jniBridge:1727] notifyJava sessionID:(null)
03-28 06:16:31.722 2896 5270 I hpplay-java: [Thread-92]:Bridge:notify: what: 204
03-28 06:16:31.723 2896 5270 I hpplay-java: [Thread-92]:Bridge:notify: out: OutParameters:{audioSessionId=-1, audiotrackIndex=0, castHandleType=-1, castType=0, deviceName='', dlnaName='', dramaID='', extra=-2002, frameHandleType=-1, handleInside=true, headduration=0, header='', headers=null, isAD=false, isMultiMirror=false, lelinkVer='', limitTime=0, , mediaAlbum='null', mediaAlbumArtURI='', mediaArtist='null', mediaAssets='', mediaTitle='null', mimeType=0, multiSession=null, period=0, pinCode='', playSpeed=0.0, playerChoice=0, plugin=0, port=0, position=0.0, positionUnit=2, protocol=0, realSessionID='', regType='', , sinkIp='', sourceAPPVersion='', sourceChannel='', sourceClientInfo='', sourceDeviceInfo='', sourceDeviceModel='', sourceDeviceName='', sourceDeviceType=0, sourceHID='', , sourceInfo='', , , sourceOSVersion='', sourceSDKVersion='', sourceUid='', stopDetail=0, stopReason=0, tailduration=0, url='', urlID='', urls=null, userAgent='', videoDecoder=0, volume=0, what=204}com.hpplay.sdk.sink.protocol.OutParameters@4c16003
03-28 06:16:31.723 2896 5270 I hpplay-java: [Thread-92]:Bridge:notify: address:115932032
03-28 06:16:31.724 2896 5270 I hpplay-base: [mDNSEmbeded:79] embedded_mDNSLoop stopmDNSNow:0 nPublish:-2 nExitFlag:6 tid is 5270
03-28 06:16:31.724 2896 2896 I hpplay-java: [main]:Bridge:findServiceID start out: 115932032
03-28 06:16:31.724 2896 2896 I hpplay-java: [main]:Bridge:findServiceID end
03-28 06:16:31.724 2896 2896 E hpplay-java: [main]:ServerTaskManager:onError 204/-2002 com.hht.lebocast.LelinkHelper$e@614b4b6
03-28 06:16:31.724 2896 2896 I hpplay-java: [main]:ServerTaskManager:cancelTimeOutCheck
03-28 06:16:31.725 2896 2896 W hpplay-java: [main]:ServerTaskManager:onErrorDispatcher errorCode:-2002
03-28 06:16:31.725 2896 2896 I hpplay-java: [main]:ServerTaskManager:onError retry later
03-28 06:16:31.745 2896 4028 I hpplay-java: [AsyncTask #22]:HttpRequest:doGet responseCode:200 0
03-28 06:16:32.218 649 663 I mpu_uart: [MSG-P:RECV]:No message received in 1000 ms
03-28 06:16:32.625 1307 1307 I update_engine: [INFO:partition_writer_factory_android.cc(44)] Virtual AB Compression disabled, using Partition Writer for `multiimgoem`
03-28 06:16:32.627 1307 1307 I update_engine: [INFO:partition_writer.cc(295)] Opening /dev/block/bootdevice/by-name/multiimgoem_b partition without O_DSYNC
03-28 06:16:32.629 1307 1307 I update_engine: [INFO:partition_writer.cc(100)] Caching writes.
03-28 06:16:32.630 1307 1307 I update_engine: [INFO:partition_writer.cc(307)] Applying 1 operations to partition "multiimgoem"
03-28 06:16:32.633 1307 1307 I update_engine: [INFO:partition_writer_factory_android.cc(44)] Virtual AB Compression disabled, using Partition Writer for `odm`
03-28 06:16:32.634 1307 1307 I update_engine: [INFO:partition_writer.cc(295)] Opening /dev/block/dm-13 partition without O_DSYNC
03-28 06:16:32.636 1307 1307 I update_engine: [INFO:partition_writer.cc(100)] Caching writes.
03-28 06:16:32.637 1307 1307 I update_engine: [INFO:partition_writer.cc(307)] Applying 1 operations to partition "odm"
03-28 06:16:32.694 1307 1307 I update_engine: [INFO:partition_writer_factory_android.cc(44)] Virtual AB Compression disabled, using Partition Writer for `product`
03-28 06:16:32.695 1307 1307 I update_engine: [INFO:partition_writer.cc(295)] Opening /dev/block/dm-16 partition without O_DSYNC
03-28 06:16:32.696 1307 1307 I update_engine: [INFO:partition_writer.cc(100)] Caching writes.
03-28 06:16:32.697 1307 1307 I update_engine: [INFO:partition_writer.cc(307)] Applying 104 operations to partition "product"
03-28 06:16:32.875 4479 4497 D UpdateEngineStatus: onStatusUpdate:DownloadingPercent 0.040133357%
01-01 08:04:07.421 0 0 E i2c_geni 980000.i2c: i2c error :-107
01-01 08:04:07.426 0 0 E : [MAX975X:mcu_keep_wakeup_work_func] *ERROR* Failed to read dev:0x40 addr:0x0013 ret:-107
01-01 08:04:07.436 0 0 E i2c_geni 980000.i2c: i2c error :-107
03-28 06:16:33.219 649 663 I mpu_uart: [MSG-P:RECV]:No message received in 1000 ms
03-28 06:16:33.306 649 662 I mpu_uart: [MSG-P:R]:recv sync frame timeout
01-01 08:04:07.442 0 0 E : [MAX975X:max96755g_write_bytes] *ERROR* i2c master send 0x80 err
01-01 08:04:07.545 0 0 E i2c_geni 980000.i2c: i2c error :-107
01-01 08:04:07.558 0 0 E : [MAX975X:max96755x_vc1_lcd_dtc_check] *ERROR* Failed to read dev:0x15 addr:0x80
01-01 08:04:07.567 0 0 E i2c_geni 980000.i2c: i2c error :-107
01-01 08:04:07.573 0 0 E : [MAX975X:max96755g_write_bytes] *ERROR* i2c master send 0x80 err
01-01 08:04:07.678 0 0 E i2c_geni 980000.i2c: i2c error :-107
01-01 08:04:07.690 0 0 E : [MAX975X:max96755x_vc1_lcd_dtc_check] *ERROR* Failed to read dev:0x15 addr:0x80
01-01 08:04:07.700 0 0 E i2c_geni 980000.i2c: i2c error :-107
01-01 08:04:07.705 0 0 E : [MAX975X:max96755g_write_bytes] *ERROR* i2c master send 0x80 err
01-01 08:04:07.741 0 0 E DTC_ETH,link_delay_work_func: 3003, SQI=0, link=0
01-01 08:04:07.811 0 0 E i2c_geni 980000.i2c: i2c error :-107
01-01 08:04:07.816 0 0 E : [MAX975X:max96755x_vc1_lcd_dtc_check] *ERROR* Failed to read dev:0x15 addr:0x80
01-01 08:04:07.825 0 0 E i2c_geni 980000.i2c: i2c error :-107
03-28 06:16:33.580 4479 4495 I OpenGLRenderer: Davey! duration=9223371839172ms; Flags=0, FrameTimelineVsyncId=3179, IntendedVsync=197675540244, Vsync=197675540244, InputEventId=0, HandleInputStart=197676767631, AnimationStart=197676772058, PerformTraversalsStart=197676773672, DrawStart=197676916068, FrameDeadline=197692206910, FrameInterval=197676754350, FrameStartTime=16666666, SyncQueued=197677453308, SyncStart=197684686329, IssueDrawCommandsStart=197684994870, SwapBuffers=197686239558, FrameCompleted=9223372036854775807, DequeueBufferDuration=38021, QueueBufferDuration=642500, GpuCompleted=9223372036854775807, SwapBuffersCompleted=197687450704, DisplayPresentTime=0,
01-01 08:04:07.830 0 0 E : [MAX975X:max96755g_write_bytes] *ERROR* i2c master send 0x80 err
01-01 08:04:07.933 0 0 E i2c_geni 980000.i2c: i2c error :-107
01-01 08:04:07.945 0 0 E : [MAX975X:max96755x_vc1_lcd_dtc_check] *ERROR* Failed to read dev:0x15 addr:0x80
01-01 08:04:07.956 0 0 E i2c_geni 980000.i2c: i2c error :-107
01-01 08:04:07.960 0 0 E : [MAX975X:max96755g_write_bytes] *ERROR* i2c master send 0x80 err
01-01 08:04:08.062 0 0 E i2c_geni 980000.i2c: i2c error :-107
01-01 08:04:08.074 0 0 E : [MAX975X:max96755x_vc1_lcd_dtc_check] *ERROR* Failed to read dev:0x15 addr:0x80
01-01 08:04:08.084 0 0 E i2c_geni 980000.i2c: i2c error :-107
01-01 08:04:08.089 0 0 E : [MAX975X:max96755g_write_bytes] *ERROR* i2c master send 0x80 err
01-01 08:04:08.195 0 0 E i2c_geni 980000.i2c: i2c error :-107
01-01 08:04:08.207 0 0 E : [MAX975X:max96755x_vc1_lcd_dtc_check] *ERROR* Failed to read dev:0x15 addr:0x80
01-01 08:04:08.217 0 0 E i2c_geni 980000.i2c: i2c error :-107
01-01 08:04:08.221 0 0 E : [MAX975X:max96755g_write_bytes] *ERROR* i2c master send 0x80 err
01-01 08:04:08.325 0 0 E i2c_geni 980000.i2c: i2c error :-107
01-01 08:04:08.337 0 0 E : [MAX975X:max96755x_vc1_lcd_dtc_check] *ERROR* Failed to read dev:0x15 addr:0x80
01-01 08:04:08.346 0 0 E i2c_geni 980000.i2c: i2c error :-107
01-01 08:04:08.351 0 0 E : [MAX975X:max96755g_write_bytes] *ERROR* i2c master send 0x80 err
01-01 08:04:08.453 0 0 E i2c_geni 980000.i2c: i2c error :-107
01-01 08:04:08.465 0 0 E : [MAX975X:max96755x_vc1_lcd_dtc_check] *ERROR* Failed to read dev:0x15 addr:0x80
01-01 08:04:08.474 0 0 E i2c_geni 980000.i2c: i2c error :-107
03-28 06:16:34.219 649 663 I mpu_uart: [MSG-P:RECV]:No message received in 1000 ms
01-01 08:04:08.479 0 0 E : [MAX975X:max96755g_write_bytes] *ERROR* i2c master send 0x80 err
01-01 08:04:08.581 0 0 E i2c_geni 980000.i2c: i2c error :-107
01-01 08:04:08.593 0 0 E : [MAX975X:max96755x_vc1_lcd_dtc_check] *ERROR* Failed to read dev:0x15 addr:0x80
01-01 08:04:08.602 0 0 E i2c_geni 980000.i2c: i2c error :-107
01-01 08:04:08.607 0 0 E : [MAX975X:max96755g_write_bytes] *ERROR* i2c master send 0x80 err
01-01 08:04:08.709 0 0 E i2c_geni 980000.i2c: i2c error :-107
01-01 08:04:08.721 0 0 E : [MAX975X:max96755x_vc1_lcd_dtc_check] *ERROR* Failed to read dev:0x15 addr:0x80
01-01 08:04:08.730 0 0 E i2c_geni 980000.i2c: i2c error :-107
03-28 06:16:34.513 2896 2896 I hpplay-java: [main]:Upgrade:upgrade not be allowed
01-01 08:04:08.735 0 0 E : [MAX975X:max96755g_write_bytes] *ERROR* i2c master send 0x80 err
01-01 08:04:08.837 0 0 E i2c_geni 980000.i2c: i2c error :-107
01-01 08:04:08.849 0 0 E : [MAX975X:max96755x_vc1_lcd_dtc_check] *ERROR* Failed to read dev:0x15 addr:0x80
01-01 08:04:08.858 0 0 E i2c_geni 980000.i2c: i2c error :-107
03-28 06:16:34.726 2896 2896 I hpplay-java: [main]:ServerTaskManager:restart by error
03-28 06:16:34.726 2896 2896 I hpplay-java: [main]:ServerTaskManager:startServer
03-28 06:16:34.726 2896 2896 I hpplay-java: [main]:ServerTaskManager:startServer add, reason: server is starting or running
03-28 06:16:34.726 2896 2896 I hpplay-java: [main]:ServerTaskManager:addStopTask
03-28 06:16:34.726 2896 2896 I hpplay-java: [main]:ServerTaskManager:addStartTask
03-28 06:16:34.726 2896 2896 I hpplay-java: [main]:ServerTaskManager:exeTask stopServer
03-28 06:16:34.726 2896 2896 I hpplay-java: [main]:Bridge:stopServer keepPush: false
03-28 06:16:34.726 2896 2896 D hpplay-base: [jniBridge:909] Bridge__1stopServer status:2
03-28 06:16:34.727 2896 2896 D hpplay-base: [LelinkBase:654] stopAllServer will start thread!
03-28 06:16:34.727 2896 5287 I hpplay-base: [mDNSEmbeded:65] embedded_mDNSExit call
01-01 08:04:08.863 0 0 E : [MAX975X:max96755g_write_bytes] *ERROR* i2c master send 0x80 err
01-01 08:04:08.965 0 0 E i2c_geni 980000.i2c: i2c error :-107
01-01 08:04:08.979 0 0 E : [MAX975X:max96755x_vc1_lcd_dtc_check] *ERROR* Failed to read dev:0x15 addr:0x80
03-28 06:16:34.735 2896 5273 D hpplay-base: [AEventUtils:588] handle AEvent thread end!!,tid is 5273
03-28 06:16:34.735 2896 5274 D hpplay-base: [REventUtils:197] handleREventThread thread end!!,tid is 5274
01-01 08:04:08.988 0 0 E i2c_geni 980000.i2c: i2c error :-107
03-28 06:16:34.767 2896 5259 D hpplay-base: [stream_mirror_compat:1284] mirror stream begin to exit,server fd:80,thread_id:3115069888!!
03-28 06:16:34.767 2896 5259 D hpplay-base: [stream_mirror_compat:1323] ##screen stream exit successfully!!##
03-28 06:16:34.826 2896 5270 I hpplay-base: [mDNSEmbeded:140] embedded_mDNSLoop Exiting end,tid is 5270
03-28 06:16:34.826 2896 5287 D hpplay-base: [mDNSEmbeded:452] stopmDNSServer end stopmDNSNow=2, nRet=0
01-01 08:04:08.993 0 0 E : [MAX975X:max96755g_write_bytes] *ERROR* i2c master send 0x80 err
01-01 08:04:09.098 0 0 E i2c_geni 980000.i2c: i2c error :-107
01-01 08:04:09.110 0 0 E : [MAX975X:max96755x_vc1_lcd_dtc_check] *ERROR* Failed to read dev:0x15 addr:0x80
01-01 08:04:09.119 0 0 E i2c_geni 980000.i2c: i2c error :-107
03-28 06:16:34.867 2896 5258 D hpplay-base: [Server:447] startHttpServer will END srv->serverType:0
03-28 06:16:34.868 2896 5258 D hpplay-base: [Server:646] startHttpServer cond srv_shutdown:1 connectNummber:0
03-28 06:16:34.868 2896 5258 D hpplay-base: [Server:669] startHttpServer wait cond END. srv_shutdown:1 connectNummber:0
03-28 06:16:34.868 2896 5258 D hpplay-base: [Server:457] HttpServer END, tid is 5258
01-01 08:04:09.125 0 0 E : [MAX975X:max96755g_write_bytes] *ERROR* i2c master send 0x80 err
01-01 08:04:09.230 0 0 E i2c_geni 980000.i2c: i2c error :-107
01-01 08:04:09.243 0 0 E : [MAX975X:max96755x_vc1_lcd_dtc_check] *ERROR* Failed to read dev:0x15 addr:0x80
01-01 08:04:09.253 0 0 E i2c_geni 980000.i2c: i2c error :-107
03-28 06:16:35.052 2896 5271 I hpplay-base: [mDNSEmbeded:376] end lelink publish server, tid is 5271
03-28 06:16:35.052 2896 5287 D hpplay-base: [mDNSEmbeded:420] stopmLelinkServer end nRet=0
03-28 06:16:35.052 2896 5287 D hpplay-base: [LelinkBase:615] lebodlna stopServerThreadFunc dlnaEnable:1
03-28 06:16:35.053 2896 5287 D hpplay-base-dlna: [lebodlna_api:49] stop DMR
03-28 06:16:35.053 2896 5287 D hpplay-base-dlna: [lebodlna_api:344] m_pRender Release
03-28 06:16:35.109 2896 5287 D hpplay-base-dlna: [UpnpDefine:867] DMRender release success
03-28 06:16:35.109 2896 5287 D hpplay-base-dlna: [lebodlna_api:352] m_pAVT Release
03-28 06:16:35.109 2896 5287 D hpplay-base-dlna: [lebodlna_api:360] m_pRCS Release
03-28 06:16:35.109 2896 5287 D hpplay-base-dlna: [lebodlna_api:365] dmrender destroydmr
01-01 08:04:09.258 0 0 E : [MAX975X:max96755g_write_bytes] *ERROR* i2c master send 0x80 err
01-01 08:04:09.363 0 0 E i2c_geni 980000.i2c: i2c error :-107
01-01 08:04:09.376 0 0 E : [MAX975X:max96755x_vc1_lcd_dtc_check] *ERROR* Failed to read dev:0x15 addr:0x80
01-01 08:04:09.385 0 0 E i2c_geni 980000.i2c: i2c error :-107
03-28 06:16:35.219 649 663 I mpu_uart: [MSG-P:RECV]:No message received in 1000 ms
01-01 08:04:09.390 0 0 E : [MAX975X:max96755g_write_bytes] *ERROR* i2c master send 0x80 err
01-01 08:04:09.493 0 0 E i2c_geni 980000.i2c: i2c error :-107
01-01 08:04:09.505 0 0 E : [MAX975X:max96755x_vc1_lcd_dtc_check] *ERROR* Failed to read dev:0x15 addr:0x80
01-01 08:04:09.514 0 0 E i2c_geni 980000.i2c: i2c error :-107
03-28 06:16:35.269 4479 4495 D UpdateEngineStatus: onStatusUpdate:DownloadingPercent 0.05014656%
01-01 08:04:09.519 0 0 E : [MAX975X:max96755g_write_bytes] *ERROR* i2c master send 0x80 err
01-01 08:04:09.621 0 0 E i2c_geni 980000.i2c: i2c error :-107
01-01 08:04:09.633 0 0 E : [MAX975X:max96755x_vc1_lcd_dtc_check] *ERROR* Failed to read dev:0x15 addr:0x80
01-01 08:04:09.643 0 0 E i2c_geni 980000.i2c: i2c error :-107
03-28 06:16:35.410 2896 5287 D hpplay-base-dlna: [lebodlna-dlna_android:186] stopDLNA
03-28 06:16:35.410 2896 5287 D hpplay-base-dlna: [lebodlna-dlna_android:189] dlnaservice destroy
03-28 06:16:35.410 2896 5287 D hpplay-base-dlna: [lebodlna-dlna_android:49] dlnaservice Destroy 49 int CDlnaService::Destroy()
03-28 06:16:35.410 2896 5287 D hpplay-base-dlna: [lebodlna-dlnaframe:245] dlnaservice Destroy 245 static ERROR_TYPE IDlnaFrame::DestroyDlnaFrame(IDlnaFrame *)
03-28 06:16:35.410 2896 5287 D hpplay-base-dlna: [lebodlna-dlnaframe:179] dlnaservice Destroy 179 virtual void CDlnaFrame::Release()
03-28 06:16:35.410 2896 5287 D hpplay-base-dlna: [lebodlna-dlnaframe:190] dlnaservice Destroy 190 virtual void CDlnaFrame::Release()
03-28 06:16:35.410 2896 5287 D hpplay-base-dlna: [lebodlna-dlnaframe:192] dlnaservice Destroy 192 virtual void CDlnaFrame::Release()
03-28 06:16:35.410 2896 5287 D hpplay-base-dlna: [lebodlna-dlnaframe:247] dlnaservice Destroy 247 static ERROR_TYPE IDlnaFrame::DestroyDlnaFrame(IDlnaFrame *)
03-28 06:16:35.410 2896 5287 D hpplay-base-dlna: [lebodlna-dlnaframe:251] dlnaservice Destroy 251 static ERROR_TYPE IDlnaFrame::DestroyDlnaFrame(IDlnaFrame *)
03-28 06:16:35.413 2896 5287 E hpplay-base-dlna: upnpapi.c:655::before gminiserver ThreadPoolShutdown
03-28 06:16:35.413 2896 5287 E hpplay-base-dlna: ThreadPool.c:1047::on ThreadPoolShutdown tp->totalThreads:2
03-28 06:16:35.414 2896 5287 E hpplay-base-dlna: ThreadPool.c:1056::after ThreadPoolShutdown
03-28 06:16:35.414 2896 5287 E hpplay-base-dlna: ThreadPool.c:1057::ThreadPoolShutdown tp->totalThreads:0
03-28 06:16:35.414 2896 5287 E hpplay-base-dlna: upnpapi.c:657::after gminiserver ThreadPoolShutdown
03-28 06:16:35.414 2896 5287 E hpplay-base-dlna: upnpapi.c:659::before grecv ThreadPoolShutdown
03-28 06:16:35.414 2896 5287 E hpplay-base-dlna: ThreadPool.c:1047::on ThreadPoolShutdown tp->totalThreads:8
03-28 06:16:35.414 2896 5287 E hpplay-base-dlna: ThreadPool.c:1047::on ThreadPoolShutdown tp->totalThreads:1
03-28 06:16:35.417 2896 5287 E hpplay-base-dlna: ThreadPool.c:1056::after ThreadPoolShutdown
03-28 06:16:35.417 2896 5287 E hpplay-base-dlna: ThreadPool.c:1057::ThreadPoolShutdown tp->totalThreads:0
03-28 06:16:35.417 2896 5287 E hpplay-base-dlna: upnpapi.c:661::after grecv ThreadPoolShutdown
03-28 06:16:35.417 2896 5287 E hpplay-base-dlna: upnpapi.c:663::before gsend ThreadPoolShutdown
03-28 06:16:35.417 2896 5287 E hpplay-base-dlna: ThreadPool.c:1047::on ThreadPoolShutdown tp->totalThreads:2
03-28 06:16:35.417 2896 5287 E hpplay-base-dlna: ThreadPool.c:1047::on ThreadPoolShutdown tp->totalThreads:1
03-28 06:16:35.417 2896 5287 E hpplay-base-dlna: ThreadPool.c:1056::after ThreadPoolShutdown
03-28 06:16:35.417 2896 5287 E hpplay-base-dlna: ThreadPool.c:1057::ThreadPoolShutdown tp->totalThreads:0
03-28 06:16:35.417 2896 5287 E hpplay-base-dlna: upnpapi.c:665::after gsend ThreadPoolShutdown
03-28 06:16:35.417 2896 5287 D hpplay-base-dlna: [lebodlna-dlnaframe:253] dlnaservice Destroy 253 static ERROR_TYPE IDlnaFrame::DestroyDlnaFrame(IDlnaFrame *)
03-28 06:16:35.417 2896 5287 D hpplay-base-dlna: [lebodlna-dlna_android:51] dlnaservice Destroy 51 int CDlnaService::Destroy()
03-28 06:16:35.417 2896 5287 D hpplay-base-dlna: [lebodlna-dlna_android:194] stopDLNA end
01-01 08:04:09.648 0 0 E : [MAX975X:max96755g_write_bytes] *ERROR* i2c master send 0x80 err
01-01 08:04:09.749 0 0 E i2c_geni 980000.i2c: i2c error :-107
01-01 08:04:09.762 0 0 E : [MAX975X:max96755x_vc1_lcd_dtc_check] *ERROR* Failed to read dev:0x15 addr:0x80
01-01 08:04:09.772 0 0 E i2c_geni 980000.i2c: i2c error :-107
01-01 08:04:09.777 0 0 E : [MAX975X:max96755g_write_bytes] *ERROR* i2c master send 0x80 err
01-01 08:04:09.881 0 0 E i2c_geni 980000.i2c: i2c error :-107
01-01 08:04:09.894 0 0 E : [MAX975X:max96755x_vc1_lcd_dtc_check] *ERROR* Failed to read dev:0x15 addr:0x80
01-01 08:04:09.904 0 0 E i2c_geni 980000.i2c: i2c error :-107
03-28 06:16:35.717 2896 5287 D hpplay-base: [stream_mirror_compat:1489] request to stop screen stream session!!
03-28 06:16:35.717 2896 5287 D hpplay-base: [AEventUtils:625] begin to stop event handle service!!
03-28 06:16:35.717 2896 5287 D hpplay-base: [AEventUtils:628] stop event handle service ok!!
03-28 06:16:35.717 2896 5287 D hpplay-base: [REventUtils:231] begin to stop report handle service!!
03-28 06:16:35.717 2896 5287 D hpplay-base: [REventUtils:234] stop report handle service ok!!
03-28 06:16:35.717 2896 5287 D hpplay-base: [lelinkSinkServer:711] HTTP Server stopSinkServer End .
03-28 06:16:35.718 2896 5287 D hpplay-base: [jniBridge:1135] notifyJavaServerStoped
03-28 06:16:35.718 2896 5287 D hpplay-base: [jniBridge:1726] notifyJava, what:202, castType:0, mimeType:0 baseStatus:4
03-28 06:16:35.718 2896 5287 D hpplay-base: [jniBridge:1727] notifyJava sessionID:(null)
03-28 06:16:35.719 2896 5287 I hpplay-java: [Thread-93]:Bridge:notify: what: 202
03-28 06:16:35.719 2896 5287 I hpplay-java: [Thread-93]:Bridge:notify: out: OutParameters:{audioSessionId=-1, audiotrackIndex=0, castHandleType=-1, castType=0, deviceName='', dlnaName='', dramaID='', extra=0, frameHandleType=-1, handleInside=true, headduration=0, header='', headers=null, isAD=false, isMultiMirror=false, lelinkVer='', limitTime=0, , mediaAlbum='null', mediaAlbumArtURI='', mediaArtist='null', mediaAssets='', mediaTitle='null', mimeType=0, multiSession=null, period=0, pinCode='', playSpeed=0.0, playerChoice=0, plugin=0, port=0, position=0.0, positionUnit=2, protocol=0, realSessionID='', regType='', , sinkIp='', sourceAPPVersion='', sourceChannel='', sourceClientInfo='', sourceDeviceInfo='', sourceDeviceModel='', sourceDeviceName='', sourceDeviceType=0, sourceHID='', , sourceInfo='', , , sourceOSVersion='', sourceSDKVersion='', sourceUid='', stopDetail=0, stopReason=0, tailduration=0, url='', urlID='', urls=null, userAgent='', videoDecoder=0, volume=0, what=202}com.hpplay.sdk.sink.protocol.OutParameters@7b63dfe
03-28 06:16:35.719 2896 5287 I hpplay-java: [Thread-93]:Bridge:notify: address:267385183
03-28 06:16:35.719 2896 5287 D hpplay-base: [LelinkBase:645] stopServerThreadFunc notifyJavaServerStoped!
03-28 06:16:35.720 2896 2896 I hpplay-java: [main]:ServerTaskManager:startTimeOutCheck
03-28 06:16:35.720 2896 2896 I hpplay-java: [main]:ServerBusiness:stopDaemonBusiness
03-28 06:16:35.720 2896 2896 I hpplay-java: [main]:SinkDataReport:logout
03-28 06:16:35.721 2896 2896 I hpplay-java: [main]:EPControl:release
03-28 06:16:35.724 2896 2896 I hpplay-java: [main]:Dispatcher:notifyAllReverseControlsStop
03-28 06:16:35.725 2896 2896 I hpplay-java: [main]:Preference:checkFeature none
03-28 06:16:35.725 2896 2896 I hpplay-java: [main]:Dispatcher:notifyAllUIControlsStop set: []
03-28 06:16:35.725 2896 2896 I hpplay-java: [main]:Bridge:findServiceID start out: 267385183
03-28 06:16:35.725 2896 2896 I hpplay-java: [main]:Bridge:findServiceID end
03-28 06:16:35.725 2896 2896 I hpplay-java: [main]:ServerTaskManager:onStop retry:true
03-28 06:16:35.725 2896 2896 I hpplay-java: [main]:ServerTaskManager:cancelTimeOutCheck
03-28 06:16:35.725 2896 5251 W hpplay-java: NanoHTTPDServerRunnable:Communication with the client broken
03-28 06:16:35.725 2896 5251 W hpplay-java: java.net.SocketException: Socket closed
03-28 06:16:35.725 2896 5251 W hpplay-java: at java.net.PlainSocketImpl.socketAccept(PlainSocketImpl.java:213)
03-28 06:16:35.725 2896 5251 W hpplay-java: at java.net.AbstractPlainSocketImpl.accept(AbstractPlainSocketImpl.java:451)
03-28 06:16:35.725 2896 5251 W hpplay-java: at java.net.ServerSocket.implAccept(ServerSocket.java:547)
03-28 06:16:35.725 2896 5251 W hpplay-java: at java.net.ServerSocket.accept(ServerSocket.java:515)
03-28 06:16:35.725 2896 5251 W hpplay-java: at com.hpplay.nanohttpd.protocols.http.ServerRunnable.run(SourceFile:118)
03-28 06:16:35.725 2896 5251 W hpplay-java: at java.lang.Thread.run(Thread.java:920)
03-28 06:16:35.725 2896 5251 I hpplay-java: NanoHTTPDNanoHTTPD:server is stoped
03-28 06:16:35.725 2896 5251 I hpplay-java: NanoHTTPDNanoHTTPD:clear obj
03-28 06:16:35.725 2896 2896 I hpplay-java: [main]:IPManager:getActiveNets type: WIFI
03-28 06:16:35.725 2896 2896 I hpplay-java: [main]:IPManager:getActiveNets eth0:false wifi:true mobile:false ap:false
03-28 06:16:35.726 2896 2896 I hpplay-java: [main]:IPManager:getIPAddress IP_WLAN0
03-28 06:16:35.726 2896 4018 I hpplay-java: [AsyncTask #19]:GlideCreator:clearCache clearDiskCache
03-28 06:16:35.730 2896 2896 I hpplay-java: [main]:IPManager:updateIPAddress getIPAddress: 192.168.4.16 name:vlan4
03-28 06:16:35.730 2896 2896 I hpplay-java: [main]:IPManager:updateIPAddress getIPAddress: 10.0.0.129 name:wlan0
03-28 06:16:35.730 2896 2896 I hpplay-java: [main]:IPManager:updateIPAddress getIPAddress: 192.168.8.16 name:vlan8
03-28 06:16:35.730 2896 2896 I hpplay-java: [main]:IPManager:updateIPAddress getIPAddress: 192.168.11.16 name:vlan11
03-28 06:16:35.730 2896 2896 I hpplay-java: [main]:IPManager:updateIPAddress getIPAddress: 192.168.0.16 name:vlan0
03-28 06:16:35.730 2896 2896 I hpplay-java: [main]:IPManager:updateIPAddress getIPAddress: 192.168.2.16 name:vlan2
03-28 06:16:35.730 2896 2896 I hpplay-java: [main]:IPManager:updateIPAddress getIPAddress: 192.168.1.16 name:vlan1
03-28 06:16:35.731 2896 2896 I hpplay-java: [main]:ServerTaskManager:exeTask startServer
03-28 06:16:35.731 2896 4031 I hpplay-java: [AsyncTask #25]:ServerBusiness:startDaemonBusiness
03-28 06:16:35.731 2896 4031 I hpplay-java: [AsyncTask #25]:TimeOutCheckUtil:addTask id:upgrade
03-28 06:16:35.731 2896 2896 I hpplay-java: [main]:ServerTaskManager:startTimeOutCheck
03-28 06:16:35.731 2896 4031 I hpplay-java: [AsyncTask #25]:TimeOutCheckUtil:addTask id:ijkupgrade
03-28 06:16:35.731 2896 4030 I hpplay-java: [AsyncTask #24]:Bridge:assembleInParameters
03-28 06:16:35.732 2896 4030 I hpplay-java: [AsyncTask #24]:Bridge:createDeviceId deviceId:Nzc6OTA6MDY6MmM6ZWM6MTU=
03-28 06:16:35.732 2896 5292 I hpplay-java: NanoHTTPDNanoHTTPD:server is started
03-28 06:16:35.732 2896 4030 I hpplay-java: [AsyncTask #24]:IPManager:getActiveNets type: WIFI
03-28 06:16:35.732 2896 4030 I hpplay-java: [AsyncTask #24]:IPManager:getActiveNets eth0:false wifi:true mobile:false ap:false
03-28 06:16:35.732 2896 4030 I hpplay-java: [AsyncTask #24]:IPManager:getIPAddress IP_WLAN0
03-28 06:16:35.732 2896 4030 I hpplay-java: [AsyncTask #24]:Preference:checkFeature none
03-28 06:16:35.732 2896 4030 I hpplay-java: [AsyncTask #24]:SWI:dlna tip
03-28 06:16:35.732 2896 4030 I hpplay-java: [AsyncTask #24]:SWI:lefp tip
03-28 06:16:35.732 2896 4030 I hpplay-java: [AsyncTask #24]:Bridge:assembleInParameters none alias name use device name: 高合娱乐副屏
03-28 06:16:35.733 2896 4030 I hpplay-java: [AsyncTask #24]:Feature:isSendAdvertisement
03-28 06:16:35.733 2896 4030 I hpplay-java: [AsyncTask #24]:Preference:checkFeature none
03-28 06:16:35.733 2896 4030 I hpplay-java: [AsyncTask #24]:Preference:checkFeature none
03-28 06:16:35.733 2896 4030 I hpplay-java: [AsyncTask #24]:Bridge:backupHpplayDat bakPath:
03-28 06:16:35.733 2896 4030 I hpplay-java: [AsyncTask #24]:Bridge:path:/data/user/0/com.hht.lebocast/files/hpplay/file/happyplay.dat
03-28 06:16:35.733 2896 4030 I hpplay-java: [AsyncTask #24]:Bridge:mAppId:21409
03-28 06:16:35.733 2896 4030 I hpplay-java: [AsyncTask #24]:Bridge:mode:3
03-28 06:16:35.733 2896 4030 I hpplay-java: [AsyncTask #24]:Bridge:type:1
03-28 06:16:35.733 2896 4030 I hpplay-java: [AsyncTask #24]:Bridge:SN:
03-28 06:16:35.733 2896 4030 I hpplay-java: [AsyncTask #24]:Preference:checkFeature none
03-28 06:16:35.733 2896 4030 I hpplay-java: [AsyncTask #24]:Bridge:backPath:
03-28 06:16:35.733 2896 4030 I hpplay-java: [AsyncTask #24]:DeviceUtil:getPermissionDid: 1
03-28 06:16:35.733 2896 4030 I hpplay-java: [AsyncTask #24]:DeviceUtil:getPermissionDid: 1
03-28 06:16:35.734 2896 4030 I hpplay-java: [AsyncTask #24]:BPIFileUtil:getMd5ByFile: 0FA04FD08975C81CDD9275F6AE23A020
03-28 06:16:35.734 2896 4030 I hpplay-java: [AsyncTask #24]:Preference:checkFeature none
03-28 06:16:35.734 2896 4030 I hpplay-java: [AsyncTask #24]:Preference:checkFeature none
03-28 06:16:35.734 2896 4030 I hpplay-java: [AsyncTask #24]:Preference:checkFeature none
03-28 06:16:35.734 2896 4030 I hpplay-java: [AsyncTask #24]:Preference:checkFeature none
03-28 06:16:35.734 2896 4030 I hpplay-java: [AsyncTask #24]:Preference:checkFeature none
03-28 06:16:35.742 2896 4031 W hpplay-java: [AsyncTask #25]:ServerBusiness:startDaemonBusiness start LelinkHTTPD sucess 52288
03-28 06:16:35.743 2896 2896 I hpplay-java: [main]:ServerBusiness:get deviceCode:2438898122
03-28 06:16:35.747 2896 4030 W hpplay-java: [AsyncTask #24]:DeviceUtils:getDomain create lb domain
03-28 06:16:35.748 2896 4030 I hpplay-java: [AsyncTask #24]:Feature:getMirrorAudioVideoSync DISABLE
03-28 06:16:35.748 2896 4030 I hpplay-java: [AsyncTask #24]:Feature:checkSupportRedirectOtherApp,no set redirect api
03-28 06:16:35.748 2896 4030 I hpplay-java: [AsyncTask #24]:Feature:getRedirectSearchFlag,value: 0
03-28 06:16:35.748 2896 4030 I hpplay-java: [AsyncTask #24]:Bridge:mIn: InParameters{appInfo='0', appKey='21409', authMode=0, authPwd='null', broadcastDirection=0, broadcastState=1, broadcastTimeout=3, buildType='release', cacheAVPath='/data/user/0/com.hht.lebocast/cache/hpplay/av', cachePhotoPath='/data/user/0/com.hht.lebocast/cache/hpplay/image', channel='LEBO-APK--60146-25915', desPath='/data/user/0/com.hht.lebocast/files/hpplay/file/config/dcf', , deviceName='高合娱乐副屏', dlna=1, dlnaCompany='Microsoft Corporation', dlnaCompanyURL='http://www.microsoft.com', dlnaDeviceDescribe='Media Renderer', dlnaDeviceName='Windows Media Player', dlnaDeviceURL='http://go.microsoft.com/fwlink/Linkld=105927', dlnaLelinkSwitch=1, dlnaManufacturer=0, dlnaName='高合娱乐副屏', dlnaUPC='null', dlnaUUID='5bdabc8b-fbb2-81e5-159c-21871da08aee', domain='Lebo-figure-1e982b1b75ee', drainage=0, feature='6655', fps=60, height=1080, host='null', , keyPath='/data/user/0/com.hht.lebocast/files/hpplay/file', lelinkfp=1, lelinkfp2=0, logBaseState=1, logPath='/storage/emulated/0/com.hht.lebocast/sink/sdk/common', , mdnsEnable=1, mirrorSyncType=0, netCastVer='2.0', packageName='com.hht.lebocast', packagePath='/data/user/0/com.hht.lebocast', permissionDid='1e:98:2b:1b:75:ee', permissionMode=3, permissionPreSN='', port=0, preemptMode=0, regType='_leboremote._tcp.', serverPorts=null, sockWaitTimeOut=45, teleControlPort=53388, tunnels=3, txtKeys=null, txtValues=null, uid='10000039936617', videoFrameType=1001, width=1920}com.hpplay.sdk.sink.protocol.InParameters@a8e9184
03-28 06:16:35.748 2896 2896 I hpplay-java: [main]:Bridge:startServer state: 0
03-28 06:16:35.748 2896 2896 D hpplay-base: [jniBridge:185] not conference version
03-28 06:16:35.749 2896 2896 I hpplay-base: [jniBridge:241] 1initServer nSettingWidth=1920 nSettingHeight=1080 nSettingMaxFPS=60 dlnaEnable=1 lelinkFpEnable=1
03-28 06:16:35.749 2896 2896 D hpplay-base: [jniBridge:283] 1initServer cfg.leLinkIp=10.0.0.129
03-28 06:16:35.749 2896 2896 D hpplay-base: [jniBridge:286] 1initServer cfg.mPermissionMode=3
03-28 06:16:35.749 2896 2896 D hpplay-base: [jniBridge:304] 1initServer cfg.permissionDid=1e:98:2b:1b:75:ee000000000000000
03-28 06:16:35.749 2896 2896 D hpplay-base: [jniBridge:313] 1initServer cfg.mPermissionPreSN=00000000000000000000000000000000
03-28 06:16:35.749 2896 2896 D hpplay-base: [jniBridge:317] Bridge___1initServer status:0
03-28 06:16:35.749 2896 2896 I hpplay-base: [jniBridge:325] 1initServer cfg.feature=6655
03-28 06:16:35.749 2896 2896 D hpplay-base: [jniBridge:377] 1initServer isSendBroadCast=3
03-28 06:16:35.749 2896 2896 D hpplay-base: [jniBridge:380] 1initServer broadcastDirection=0
03-28 06:16:35.749 2896 2896 D hpplay-base: [jniBridge:382] 1initServer ipBroadcast direction=0
03-28 06:16:35.749 2896 2896 D hpplay-base: [jniBridge:387] 1initServer tunnel=3
03-28 06:16:35.749 2896 2896 D hpplay-base: [jniBridge:390] 1initServer drainage=0
03-28 06:16:35.749 2896 2896 D hpplay-base: [jniBridge:401] 1initServer mDNSEnable=1
03-28 06:16:35.749 2896 2896 D hpplay-base: [jniBridge:406] 1initServer nSockWaitTimeOut=45
03-28 06:16:35.749 2896 2896 D hpplay-base: [jniBridge:410] 1initServer nMirrorAudioVideoSync=0
03-28 06:16:35.749 2896 2896 I hpplay-base: [sign_check:168] checkSign strPackageName:com.hht.lebocast
03-28 06:16:35.749 2896 2896 I hpplay-base: [sign_check:169] checkSign buildType:release
03-28 06:16:35.749 2896 2896 I hpplay-base: [sign_check:170] checkSign appKey:21409
03-28 06:16:35.749 2896 2896 D hpplay-base: [LelinkBase:405] bridgeInit port: 0, lelinkfp: 0
03-28 06:16:35.749 2896 2896 D hpplay-base: [LelinkBase:462] bridgeInit mPackagePath =/data/user/0/com.hht.lebocast
03-28 06:16:35.749 2896 2896 D hpplay-base: [LelinkBase:463] bridgeInit mKeyPath =/data/user/0/com.hht.lebocast/files/hpplay/file
03-28 06:16:35.749 2896 2896 D hpplay-base: [SinkContext:97] initSinkContext mPackagePath =/data/user/0/com.hht.lebocast
03-28 06:16:35.749 2896 2896 D hpplay-base: [SinkContext:98] initSinkContext mKeyPath =/data/user/0/com.hht.lebocast/files/hpplay/file
03-28 06:16:35.749 2896 2896 D hpplay-base: [jniBridge:478] Java_com_hpplay_sdk_sink_protocol_Bridge__1initServer end
03-28 06:16:35.749 2896 2896 D hpplay-base: [jniBridge:869] Bridge__1startServer status:1
03-28 06:16:35.749 2896 2896 D hpplay-base: [LelinkBase:492] startAllServer at base
03-28 06:16:35.749 2896 2896 D hpplay-base: [lelinkSinkServer:152] httpPlugins_SetServerPort TYPE_SERVER_LELINK:52266
03-28 06:16:35.749 2896 2896 D hpplay-base: [network.c:362] protocol bind host :10.0.0.129 port:52266 curent bind port:52266
03-28 06:16:35.749 2896 2896 D hpplay-base: [lelinkSinkServer:681] HTTP Server real at:52266
03-28 06:16:35.750 2896 2896 D hpplay-base: [ScreenStream:1285] current bind port:7100
03-28 06:16:35.750 2896 2896 D hpplay-base: [LelinkBase:515] startAllServer pBaseContext->config.dlnaEnable:1
03-28 06:16:35.750 2896 2896 D hpplay-base: [lelinkDlna:324] addDMRCallback end
03-28 06:16:35.750 2896 5298 D hpplay-base: [stream_mirror_compat:759] compat mirror stream begin to run,server fd:93,thread_id:3128820160!!
03-28 06:16:35.750 2896 5297 D hpplay-base: [lelinkSinkServer:644] Connected Service Type:0
03-28 06:16:35.750 2896 5297 I hpplay-base: : (server.c.315) startServer listen_ing....:
03-28 06:16:35.750 2896 5297 D hpplay-base: [Server:371] startHttpServer srv_sockets.used:1 nCurrentFd:79, tid is 5297
03-28 06:16:35.751 2896 2896 E hpplay-base-dlna: miniserver.c:788::dlna_port(ipv4: 49152 ipv6:0)
03-28 06:16:35.752 2896 2896 D hpplay-base-dlna: [lebodlna-dlnaframe:166] succeed to load lebodlnaplugin
03-28 06:16:35.752 2896 2896 D hpplay-base-dlna: [lebodlna-dlnaframe:232] Succeed to load specified plugin:lebodlna_plugin
03-28 06:16:35.752 2896 2896 D hpplay-base: [lelinkDlna:328] startDLNAServer ret=0
03-28 06:16:35.752 2896 2896 D hpplay-base: [LelinkBase:531] startDLNAServer ret= 0
03-28 06:16:35.752 2896 2896 D hpplay-base: [lelinkDlna:342] setDMRFriendlyName 高合娱乐副屏
03-28 06:16:35.752 2896 2896 D hpplay-base-dlna: [lebodlna-dlna_android:136] setBroadcastTimeout mBroadcastTimeOut=66 status=3!
03-28 06:16:35.752 2896 2896 D hpplay-base-dlna: [lebodlna_api:32] start DMR
03-28 06:16:35.752 2896 2896 D hpplay-base-dlna: [UpnpDefine:434] RegisterDMRender invalid lelink info
03-28 06:16:35.752 2896 2896 D hpplay-base-dlna: [UpnpDefine:551] DLNA DESCRIPTION FROME SERVER
03-28 06:16:35.753 2896 2896 E hpplay-base-dlna: upnpapi.c:1078::Exiting RegisterRootDevice2 *Hnd =1, return value == 0
03-28 06:16:35.753 2896 2896 D hpplay-base-dlna: [CUpnpDevice:41] Register Root Device 2:0
03-28 06:16:35.753 2896 2896 D hpplay-base-dlna: [UpnpDefine:794] ESDMRender:Register success
03-28 06:16:35.753 2896 2896 D hpplay-base-dlna: [lebodlna_api:41] sendBroadcast mBroadcastTimeOut=3
03-28 06:16:35.753 2896 2896 D hpplay-base-dlna: [lebodlna_api:44] sendBroadcast timeout=66
03-28 06:16:35.766 2896 5289 I hpplay-java: [AsyncTask #36]:HttpRequest:doGet responseCode:200 0
01-01 08:04:09.909 0 0 E : [MAX975X:max96755g_write_bytes] *ERROR* i2c master send 0x80 err
01-01 08:04:10.014 0 0 E i2c_geni 980000.i2c: i2c error :-107
01-01 08:04:10.026 0 0 E : [MAX975X:max96755x_vc1_lcd_dtc_check] *ERROR* Failed to read dev:0x15 addr:0x80
01-01 08:04:10.036 0 0 E i2c_geni 980000.i2c: i2c error :-107
03-28 06:16:35.806 2896 2896 D hpplay-base: [lelinkDlna:361] startDLNADevice dlnaManufacturer:0 ret=0
03-28 06:16:35.806 2896 2896 D hpplay-base: [LelinkBase:535] lelinkSetDlnaInfo ret= 0
03-28 06:16:35.806 2896 2896 D hpplay-base: [LelinkBase:547] startAllServer pBaseContext->config.mDNSEnable:1
03-28 06:16:35.806 2896 2896 D hpplay-base: [base_mdns:509] mdns net.hostname:
03-28 06:16:35.806 2896 2896 D hpplay-base: [base_mdns:529] mdns namelabel:-36-7C-7C-00-00-0F
03-28 06:16:35.806 2896 2896 D hpplay-base: [base_mdns:509] mdns net.hostname:
03-28 06:16:35.806 2896 2896 D hpplay-base: [base_mdns:529] mdns namelabel:-36-7C-7C-00-00-0F
03-28 06:16:35.806 2896 2896 D hpplay-base: [mdns:813] mdns start bind port:0
03-28 06:16:35.807 2896 2896 D hpplay-base: [mdns:813] mdns start bind port:5353
03-28 06:16:35.807 2896 2896 D hpplay-base: [mdns:813] mdns start bind port:5353
03-28 06:16:35.807 2896 2896 D hpplay-base: [mdns:813] mdns start bind port:5353
03-28 06:16:35.807 2896 2896 D hpplay-base: [mdns:813] mdns start bind port:5353
03-28 06:16:35.807 2896 2896 D hpplay-base: [mdns:813] mdns start bind port:5353
03-28 06:16:35.807 2896 2896 D hpplay-base: [mdns:813] mdns start bind port:5353
03-28 06:16:35.807 2896 2896 D hpplay-base: [mdns:813] mdns start bind port:5353
03-28 06:16:35.807 2896 2896 I hpplay-base: [mDNSEmbeded:57] embedded_mDNSInit stopmDNSNow:0 status:0
03-28 06:16:35.808 2896 2896 D hpplay-base: [mDNSEmbeded:436] startmDNSServer end nRet=0
03-28 06:16:35.808 2896 2896 D hpplay-base: [LelinkBase:555] lelink broadcast_on_off:1 log2java_on_off:1
03-28 06:16:35.808 2896 5311 I hpplay-base: [mDNSEmbeded:268] start lelink publish server, tid is 5311
