03-28 06:15:16.181 2896 4799 D hpplay-base: [Server:669] startHttpServer wait cond END. srv_shutdown:1 connectNummber:0
03-28 06:15:16.181 2896 4799 D hpplay-base: [Server:457] HttpServer END, tid is 4799
03-28 06:15:16.200 649 663 I mpu_uart: [MSG-P:RECV]:No message received in 1000 ms
03-28 06:15:16.245 2896 4813 I hpplay-base: [mDNSEmbeded:140] embedded_mDNSLoop Exiting end,tid is 4813
03-28 06:15:16.246 2896 4825 D hpplay-base: [mDNSEmbeded:452] stopmDNSServer end stopmDNSNow=2, nRet=0
03-28 06:15:16.467 2896 4814 I hpplay-base: [mDNSEmbeded:376] end lelink publish server, tid is 4814
03-28 06:15:16.469 2896 4825 D hpplay-base: [mDNSEmbeded:420] stopmLelinkServer end nRet=0
03-28 06:15:16.469 2896 4825 D hpplay-base: [LelinkBase:615] lebodlna stopServerThreadFunc dlnaEnable:1
03-28 06:15:16.469 2896 4825 D hpplay-base-dlna: [lebodlna_api:49] stop DMR
03-28 06:15:16.469 2896 4825 D hpplay-base-dlna: [lebodlna_api:344] m_pRender Release
03-28 06:15:16.524 2896 4825 D hpplay-base-dlna: [UpnpDefine:867] DMRender release success
03-28 06:15:16.524 2896 4825 D hpplay-base-dlna: [lebodlna_api:352] m_pAVT Release
03-28 06:15:16.524 2896 4825 D hpplay-base-dlna: [lebodlna_api:360] m_pRCS Release
03-28 06:15:16.524 2896 4825 D hpplay-base-dlna: [lebodlna_api:365] dmrender destroydmr
01-01 08:02:50.941 0 0 E DTC_ETH,link_delay_work_func: 3003, SQI=0, link=0
03-28 06:15:16.824 2896 4825 D hpplay-base-dlna: [lebodlna-dlna_android:186] stopDLNA
03-28 06:15:16.824 2896 4825 D hpplay-base-dlna: [lebodlna-dlna_android:189] dlnaservice destroy
03-28 06:15:16.824 2896 4825 D hpplay-base-dlna: [lebodlna-dlna_android:49] dlnaservice Destroy 49 int CDlnaService::Destroy()
03-28 06:15:16.824 2896 4825 D hpplay-base-dlna: [lebodlna-dlnaframe:245] dlnaservice Destroy 245 static ERROR_TYPE IDlnaFrame::DestroyDlnaFrame(IDlnaFrame *)
03-28 06:15:16.824 2896 4825 D hpplay-base-dlna: [lebodlna-dlnaframe:179] dlnaservice Destroy 179 virtual void CDlnaFrame::Release()
03-28 06:15:16.824 2896 4825 D hpplay-base-dlna: [lebodlna-dlnaframe:190] dlnaservice Destroy 190 virtual void CDlnaFrame::Release()
03-28 06:15:16.824 2896 4825 D hpplay-base-dlna: [lebodlna-dlnaframe:192] dlnaservice Destroy 192 virtual void CDlnaFrame::Release()
03-28 06:15:16.824 2896 4825 D hpplay-base-dlna: [lebodlna-dlnaframe:247] dlnaservice Destroy 247 static ERROR_TYPE IDlnaFrame::DestroyDlnaFrame(IDlnaFrame *)
03-28 06:15:16.825 2896 4825 D hpplay-base-dlna: [lebodlna-dlnaframe:251] dlnaservice Destroy 251 static ERROR_TYPE IDlnaFrame::DestroyDlnaFrame(IDlnaFrame *)
03-28 06:15:16.827 2896 4825 E hpplay-base-dlna: upnpapi.c:655::before gminiserver ThreadPoolShutdown
03-28 06:15:16.827 2896 4825 E hpplay-base-dlna: ThreadPool.c:1047::on ThreadPoolShutdown tp->totalThreads:3
03-28 06:15:16.827 2896 4825 E hpplay-base-dlna: ThreadPool.c:1047::on ThreadPoolShutdown tp->totalThreads:2
03-28 06:15:16.828 2896 4825 E hpplay-base-dlna: ThreadPool.c:1047::on ThreadPoolShutdown tp->totalThreads:1
03-28 06:15:16.828 2896 4825 E hpplay-base-dlna: ThreadPool.c:1056::after ThreadPoolShutdown
03-28 06:15:16.828 2896 4825 E hpplay-base-dlna: ThreadPool.c:1057::ThreadPoolShutdown tp->totalThreads:0
03-28 06:15:16.828 2896 4825 E hpplay-base-dlna: upnpapi.c:657::after gminiserver ThreadPoolShutdown
03-28 06:15:16.828 2896 4825 E hpplay-base-dlna: upnpapi.c:659::before grecv ThreadPoolShutdown
03-28 06:15:16.829 2896 4825 E hpplay-base-dlna: ThreadPool.c:1047::on ThreadPoolShutdown tp->totalThreads:10
03-28 06:15:16.829 2896 4825 E hpplay-base-dlna: ThreadPool.c:1047::on ThreadPoolShutdown tp->totalThreads:9
03-28 06:15:16.829 2896 4825 E hpplay-base-dlna: ThreadPool.c:1047::on ThreadPoolShutdown tp->totalThreads:8
03-28 06:15:16.830 2896 4825 E hpplay-base-dlna: ThreadPool.c:1047::on ThreadPoolShutdown tp->totalThreads:2
03-28 06:15:16.830 2896 4825 E hpplay-base-dlna: ThreadPool.c:1056::after ThreadPoolShutdown
03-28 06:15:16.830 2896 4825 E hpplay-base-dlna: ThreadPool.c:1057::ThreadPoolShutdown tp->totalThreads:0
03-28 06:15:16.831 2896 4825 E hpplay-base-dlna: upnpapi.c:661::after grecv ThreadPoolShutdown
03-28 06:15:16.831 2896 4825 E hpplay-base-dlna: upnpapi.c:663::before gsend ThreadPoolShutdown
03-28 06:15:16.831 2896 4825 E hpplay-base-dlna: ThreadPool.c:1047::on ThreadPoolShutdown tp->totalThreads:3
03-28 06:15:16.831 2896 4825 E hpplay-base-dlna: ThreadPool.c:1047::on ThreadPoolShutdown tp->totalThreads:2
03-28 06:15:16.831 2896 4825 E hpplay-base-dlna: ThreadPool.c:1047::on ThreadPoolShutdown tp->totalThreads:1
03-28 06:15:16.831 2896 4825 E hpplay-base-dlna: ThreadPool.c:1056::after ThreadPoolShutdown
03-28 06:15:16.831 2896 4825 E hpplay-base-dlna: ThreadPool.c:1057::ThreadPoolShutdown tp->totalThreads:0
03-28 06:15:16.831 2896 4825 E hpplay-base-dlna: upnpapi.c:665::after gsend ThreadPoolShutdown
03-28 06:15:16.831 2896 4825 D hpplay-base-dlna: [lebodlna-dlnaframe:253] dlnaservice Destroy 253 static ERROR_TYPE IDlnaFrame::DestroyDlnaFrame(IDlnaFrame *)
03-28 06:15:16.831 2896 4825 D hpplay-base-dlna: [lebodlna-dlna_android:51] dlnaservice Destroy 51 int CDlnaService::Destroy()
03-28 06:15:16.831 2896 4825 D hpplay-base-dlna: [lebodlna-dlna_android:194] stopDLNA end
03-28 06:15:16.927 1124 1711 W BestClock: java.time.DateTimeException: Missing NTP fix
03-28 06:15:16.942 1124 1711 W BestClock: java.time.DateTimeException: Missing NTP fix
03-28 06:15:16.947 1124 1712 W BestClock: java.time.DateTimeException: Missing NTP fix
03-28 06:15:16.947 1124 1712 W BestClock: java.time.DateTimeException: Missing NTP fix
03-28 06:15:17.132 2896 4825 D hpplay-base: [stream_mirror_compat:1489] request to stop screen stream session!!
03-28 06:15:17.132 2896 4825 D hpplay-base: [AEventUtils:625] begin to stop event handle service!!
03-28 06:15:17.132 2896 4825 D hpplay-base: [AEventUtils:628] stop event handle service ok!!
03-28 06:15:17.132 2896 4825 D hpplay-base: [REventUtils:231] begin to stop report handle service!!
03-28 06:15:17.132 2896 4825 D hpplay-base: [REventUtils:234] stop report handle service ok!!
03-28 06:15:17.132 2896 4825 D hpplay-base: [lelinkSinkServer:711] HTTP Server stopSinkServer End .
03-28 06:15:17.132 2896 4825 D hpplay-base: [jniBridge:1135] notifyJavaServerStoped
03-28 06:15:17.132 2896 4825 D hpplay-base: [jniBridge:1726] notifyJava, what:202, castType:0, mimeType:0 baseStatus:4
03-28 06:15:17.132 2896 4825 D hpplay-base: [jniBridge:1727] notifyJava sessionID:(null)
03-28 06:15:17.134 2896 4825 I hpplay-java: [Thread-53]:Bridge:notify: what: 202
03-28 06:15:17.136 2896 4825 I hpplay-java: [Thread-53]:Bridge:notify: out: OutParameters:{audioSessionId=-1, audiotrackIndex=0, castHandleType=-1, castType=0, deviceName='', dlnaName='', dramaID='', extra=0, frameHandleType=-1, handleInside=true, headduration=0, header='', headers=null, isAD=false, isMultiMirror=false, lelinkVer='', limitTime=0, , mediaAlbum='null', mediaAlbumArtURI='', mediaArtist='null', mediaAssets='', mediaTitle='null', mimeType=0, multiSession=null, period=0, pinCode='', playSpeed=0.0, playerChoice=0, plugin=0, port=0, position=0.0, positionUnit=2, protocol=0, realSessionID='', regType='', , sinkIp='', sourceAPPVersion='', sourceChannel='', sourceClientInfo='', sourceDeviceInfo='', sourceDeviceModel='', sourceDeviceName='', sourceDeviceType=0, sourceHID='', , sourceInfo='', , , sourceOSVersion='', sourceSDKVersion='', sourceUid='', stopDetail=0, stopReason=0, tailduration=0, url='', urlID='', urls=null, userAgent='', videoDecoder=0, volume=0, what=202}com.hpplay.sdk.sink.protocol.OutParameters@5713c37
03-28 06:15:17.136 2896 4825 I hpplay-java: [Thread-53]:Bridge:notify: address:186226084
03-28 06:15:17.136 2896 4825 D hpplay-base: [LelinkBase:645] stopServerThreadFunc notifyJavaServerStoped!
03-28 06:15:17.137 2896 2896 I hpplay-java: [main]:ServerTaskManager:startTimeOutCheck
03-28 06:15:17.137 2896 2896 I hpplay-java: [main]:ServerBusiness:stopDaemonBusiness
03-28 06:15:17.137 2896 2896 I hpplay-java: [main]:SinkDataReport:logout
03-28 06:15:17.138 2896 2896 I hpplay-java: [main]:EPControl:release
03-28 06:15:17.140 2896 3863 I hpplay-java: [AsyncTask #13]:GlideCreator:clearCache clearDiskCache
03-28 06:15:17.142 2896 2896 I hpplay-java: [main]:Dispatcher:notifyAllReverseControlsStop
03-28 06:15:17.142 2896 2896 I hpplay-java: [main]:Preference:checkFeature none
03-28 06:15:17.142 2896 2896 I hpplay-java: [main]:Dispatcher:notifyAllUIControlsStop set: []
03-28 06:15:17.142 2896 2896 I hpplay-java: [main]:Bridge:findServiceID start out: 186226084
03-28 06:15:17.142 2896 2896 I hpplay-java: [main]:Bridge:findServiceID end
03-28 06:15:17.142 2896 4794 W hpplay-java: NanoHTTPDServerRunnable:Communication with the client broken
03-28 06:15:17.142 2896 4794 W hpplay-java: java.net.SocketException: Socket closed
03-28 06:15:17.142 2896 4794 W hpplay-java: at java.net.PlainSocketImpl.socketAccept(PlainSocketImpl.java:213)
03-28 06:15:17.142 2896 4794 W hpplay-java: at java.net.AbstractPlainSocketImpl.accept(AbstractPlainSocketImpl.java:451)
03-28 06:15:17.142 2896 4794 W hpplay-java: at java.net.ServerSocket.implAccept(ServerSocket.java:547)
03-28 06:15:17.142 2896 4794 W hpplay-java: at java.net.ServerSocket.accept(ServerSocket.java:515)
03-28 06:15:17.142 2896 4794 W hpplay-java: at com.hpplay.nanohttpd.protocols.http.ServerRunnable.run(SourceFile:118)
03-28 06:15:17.142 2896 4794 W hpplay-java: at java.lang.Thread.run(Thread.java:920)
03-28 06:15:17.142 2896 2896 I hpplay-java: [main]:ServerTaskManager:onStop retry:true
03-28 06:15:17.143 2896 4794 I hpplay-java: NanoHTTPDNanoHTTPD:server is stoped
03-28 06:15:17.143 2896 4794 I hpplay-java: NanoHTTPDNanoHTTPD:clear obj
03-28 06:15:17.143 2896 2896 I hpplay-java: [main]:ServerTaskManager:cancelTimeOutCheck
03-28 06:15:17.144 2896 2896 I hpplay-java: [main]:IPManager:getActiveNets type: WIFI
03-28 06:15:17.145 2896 2896 I hpplay-java: [main]:IPManager:getActiveNets eth0:false wifi:true mobile:false ap:false
03-28 06:15:17.145 2896 2896 I hpplay-java: [main]:IPManager:getIPAddress IP_WLAN0
03-28 06:15:17.149 2896 2896 I hpplay-java: [main]:IPManager:updateIPAddress getIPAddress: 192.168.4.16 name:vlan4
03-28 06:15:17.149 2896 2896 I hpplay-java: [main]:IPManager:updateIPAddress getIPAddress: 10.0.0.129 name:wlan0
03-28 06:15:17.149 2896 2896 I hpplay-java: [main]:IPManager:updateIPAddress getIPAddress: 192.168.8.16 name:vlan8
03-28 06:15:17.149 2896 2896 I hpplay-java: [main]:IPManager:updateIPAddress getIPAddress: 192.168.11.16 name:vlan11
03-28 06:15:17.149 2896 2896 I hpplay-java: [main]:IPManager:updateIPAddress getIPAddress: 192.168.0.16 name:vlan0
03-28 06:15:17.149 2896 2896 I hpplay-java: [main]:IPManager:updateIPAddress getIPAddress: 192.168.2.16 name:vlan2
03-28 06:15:17.149 2896 2896 I hpplay-java: [main]:IPManager:updateIPAddress getIPAddress: 192.168.1.16 name:vlan1
03-28 06:15:17.150 2896 2896 I hpplay-java: [main]:ServerTaskManager:exeTask startServer
03-28 06:15:17.150 2896 4037 I hpplay-java: [AsyncTask #29]:ServerBusiness:startDaemonBusiness
03-28 06:15:17.150 2896 2896 I hpplay-java: [main]:ServerTaskManager:startTimeOutCheck
03-28 06:15:17.150 2896 4037 I hpplay-java: [AsyncTask #29]:TimeOutCheckUtil:addTask id:upgrade
03-28 06:15:17.151 2896 4037 I hpplay-java: [AsyncTask #29]:TimeOutCheckUtil:addTask id:ijkupgrade
03-28 06:15:17.152 2896 3852 I hpplay-java: [AsyncTask #5]:Bridge:assembleInParameters
03-28 06:15:17.152 2896 3852 I hpplay-java: [AsyncTask #5]:Bridge:createDeviceId deviceId:Nzc6OTA6MDY6MmM6ZWM6MTU=
03-28 06:15:17.153 2896 3852 I hpplay-java: [AsyncTask #5]:IPManager:getActiveNets type: WIFI
03-28 06:15:17.153 2896 3852 I hpplay-java: [AsyncTask #5]:IPManager:getActiveNets eth0:false wifi:true mobile:false ap:false
03-28 06:15:17.153 2896 3852 I hpplay-java: [AsyncTask #5]:IPManager:getIPAddress IP_WLAN0
03-28 06:15:17.154 2896 3852 I hpplay-java: [AsyncTask #5]:Preference:checkFeature none
03-28 06:15:17.154 2896 3852 I hpplay-java: [AsyncTask #5]:SWI:dlna tip
03-28 06:15:17.154 2896 3852 I hpplay-java: [AsyncTask #5]:SWI:lefp tip
03-28 06:15:17.154 2896 3852 I hpplay-java: [AsyncTask #5]:Bridge:assembleInParameters none alias name use device name: 高合娱乐副屏
03-28 06:15:17.154 2896 3852 I hpplay-java: [AsyncTask #5]:Feature:isSendAdvertisement
03-28 06:15:17.154 2896 3852 I hpplay-java: [AsyncTask #5]:Preference:checkFeature none
03-28 06:15:17.155 2896 3852 I hpplay-java: [AsyncTask #5]:Preference:checkFeature none
03-28 06:15:17.155 2896 3852 I hpplay-java: [AsyncTask #5]:Bridge:backupHpplayDat bakPath:
03-28 06:15:17.155 2896 3852 I hpplay-java: [AsyncTask #5]:Bridge:path:/data/user/0/com.hht.lebocast/files/hpplay/file/happyplay.dat
03-28 06:15:17.155 2896 3852 I hpplay-java: [AsyncTask #5]:Bridge:mAppId:21409
03-28 06:15:17.155 2896 3852 I hpplay-java: [AsyncTask #5]:Bridge:mode:3
03-28 06:15:17.155 2896 3852 I hpplay-java: [AsyncTask #5]:Bridge:type:1
03-28 06:15:17.155 2896 3852 I hpplay-java: [AsyncTask #5]:Bridge:SN:
03-28 06:15:17.155 2896 3852 I hpplay-java: [AsyncTask #5]:Preference:checkFeature none
03-28 06:15:17.155 2896 3852 I hpplay-java: [AsyncTask #5]:Bridge:backPath:
03-28 06:15:17.155 2896 3852 I hpplay-java: [AsyncTask #5]:DeviceUtil:getPermissionDid: 1
03-28 06:15:17.155 2896 3852 I hpplay-java: [AsyncTask #5]:DeviceUtil:getPermissionDid: 1
03-28 06:15:17.156 2896 3852 I hpplay-java: [AsyncTask #5]:BPIFileUtil:getMd5ByFile: 0FA04FD08975C81CDD9275F6AE23A020
03-28 06:15:17.156 2896 3852 I hpplay-java: [AsyncTask #5]:Preference:checkFeature none
03-28 06:15:17.156 2896 3852 I hpplay-java: [AsyncTask #5]:Preference:checkFeature none
03-28 06:15:17.156 2896 3852 I hpplay-java: [AsyncTask #5]:Preference:checkFeature none
03-28 06:15:17.156 2896 3852 I hpplay-java: [AsyncTask #5]:Preference:checkFeature none
03-28 06:15:17.156 2896 3852 I hpplay-java: [AsyncTask #5]:Preference:checkFeature none
03-28 06:15:17.157 2896 4828 I hpplay-java: NanoHTTPDNanoHTTPD:server is started
03-28 06:15:17.162 2896 3851 I hpplay-java: [AsyncTask #4]:HttpRequest:doGet responseCode:200 0
03-28 06:15:17.162 2896 4037 W hpplay-java: [AsyncTask #29]:ServerBusiness:startDaemonBusiness start LelinkHTTPD sucess 52288
03-28 06:15:17.165 2896 2896 I hpplay-java: [main]:ServerBusiness:get deviceCode:2438898122
03-28 06:15:17.172 2896 3852 W hpplay-java: [AsyncTask #5]:DeviceUtils:getDomain create lb domain
03-28 06:15:17.173 2896 3852 I hpplay-java: [AsyncTask #5]:Feature:getMirrorAudioVideoSync DISABLE
03-28 06:15:17.173 2896 3852 I hpplay-java: [AsyncTask #5]:Feature:checkSupportRedirectOtherApp,no set redirect api
03-28 06:15:17.173 2896 3852 I hpplay-java: [AsyncTask #5]:Feature:getRedirectSearchFlag,value: 0
03-28 06:15:17.174 2896 3852 I hpplay-java: [AsyncTask #5]:Bridge:mIn: InParameters{appInfo='0', appKey='21409', authMode=0, authPwd='null', broadcastDirection=0, broadcastState=1, broadcastTimeout=3, buildType='release', cacheAVPath='/data/user/0/com.hht.lebocast/cache/hpplay/av', cachePhotoPath='/data/user/0/com.hht.lebocast/cache/hpplay/image', channel='LEBO-APK--60146-25915', desPath='/data/user/0/com.hht.lebocast/files/hpplay/file/config/dcf', , deviceName='高合娱乐副屏', dlna=1, dlnaCompany='Microsoft Corporation', dlnaCompanyURL='http://www.microsoft.com', dlnaDeviceDescribe='Media Renderer', dlnaDeviceName='Windows Media Player', dlnaDeviceURL='http://go.microsoft.com/fwlink/Linkld=105927', dlnaLelinkSwitch=1, dlnaManufacturer=0, dlnaName='高合娱乐副屏', dlnaUPC='null', dlnaUUID='5bdabc8b-fbb2-81e5-159c-21871da08aee', domain='Lebo-figure-1e982b1b75ee', drainage=0, feature='6655', fps=60, height=1080, host='null', , keyPath='/data/user/0/com.hht.lebocast/files/hpplay/file', lelinkfp=1, lelinkfp2=0, logBaseState=1, logPath='/storage/emulated/0/com.hht.lebocast/sink/sdk/common', , mdnsEnable=1, mirrorSyncType=0, netCastVer='2.0', packageName='com.hht.lebocast', packagePath='/data/user/0/com.hht.lebocast', permissionDid='1e:98:2b:1b:75:ee', permissionMode=3, permissionPreSN='', port=0, preemptMode=0, regType='_leboremote._tcp.', serverPorts=null, sockWaitTimeOut=45, teleControlPort=53388, tunnels=3, txtKeys=null, txtValues=null, uid='10000039936617', videoFrameType=1001, width=1920}com.hpplay.sdk.sink.protocol.InParameters@a8e9184
03-28 06:15:17.174 2896 2896 I hpplay-java: [main]:Bridge:startServer state: 0
03-28 06:15:17.174 2896 2896 D hpplay-base: [jniBridge:185] not conference version
03-28 06:15:17.174 2896 2896 I hpplay-base: [jniBridge:241] 1initServer nSettingWidth=1920 nSettingHeight=1080 nSettingMaxFPS=60 dlnaEnable=1 lelinkFpEnable=1
03-28 06:15:17.174 2896 2896 D hpplay-base: [jniBridge:283] 1initServer cfg.leLinkIp=10.0.0.129
03-28 06:15:17.174 2896 2896 D hpplay-base: [jniBridge:286] 1initServer cfg.mPermissionMode=3
03-28 06:15:17.174 2896 2896 D hpplay-base: [jniBridge:304] 1initServer cfg.permissionDid=1e:98:2b:1b:75:ee000000000000000
03-28 06:15:17.174 2896 2896 D hpplay-base: [jniBridge:313] 1initServer cfg.mPermissionPreSN=00000000000000000000000000000000
03-28 06:15:17.174 2896 2896 D hpplay-base: [jniBridge:317] Bridge___1initServer status:0
03-28 06:15:17.174 2896 2896 I hpplay-base: [jniBridge:325] 1initServer cfg.feature=6655
03-28 06:15:17.175 2896 2896 D hpplay-base: [jniBridge:377] 1initServer isSendBroadCast=3
03-28 06:15:17.175 2896 2896 D hpplay-base: [jniBridge:380] 1initServer broadcastDirection=0
03-28 06:15:17.175 2896 2896 D hpplay-base: [jniBridge:382] 1initServer ipBroadcast direction=0
03-28 06:15:17.175 2896 2896 D hpplay-base: [jniBridge:387] 1initServer tunnel=3
03-28 06:15:17.175 2896 2896 D hpplay-base: [jniBridge:390] 1initServer drainage=0
03-28 06:15:17.175 2896 2896 D hpplay-base: [jniBridge:401] 1initServer mDNSEnable=1
03-28 06:15:17.175 2896 2896 D hpplay-base: [jniBridge:406] 1initServer nSockWaitTimeOut=45
03-28 06:15:17.175 2896 2896 D hpplay-base: [jniBridge:410] 1initServer nMirrorAudioVideoSync=0
03-28 06:15:17.175 2896 2896 I hpplay-base: [sign_check:168] checkSign strPackageName:com.hht.lebocast
03-28 06:15:17.175 2896 2896 I hpplay-base: [sign_check:169] checkSign buildType:release
03-28 06:15:17.175 2896 2896 I hpplay-base: [sign_check:170] checkSign appKey:21409
03-28 06:15:17.175 2896 2896 D hpplay-base: [LelinkBase:405] bridgeInit port: 0, lelinkfp: 0
03-28 06:15:17.175 2896 2896 D hpplay-base: [LelinkBase:462] bridgeInit mPackagePath =/data/user/0/com.hht.lebocast
03-28 06:15:17.175 2896 2896 D hpplay-base: [LelinkBase:463] bridgeInit mKeyPath =/data/user/0/com.hht.lebocast/files/hpplay/file
03-28 06:15:17.175 2896 2896 D hpplay-base: [SinkContext:97] initSinkContext mPackagePath =/data/user/0/com.hht.lebocast
03-28 06:15:17.175 2896 2896 D hpplay-base: [SinkContext:98] initSinkContext mKeyPath =/data/user/0/com.hht.lebocast/files/hpplay/file
03-28 06:15:17.175 2896 2896 D hpplay-base: [jniBridge:478] Java_com_hpplay_sdk_sink_protocol_Bridge__1initServer end
03-28 06:15:17.175 2896 2896 D hpplay-base: [jniBridge:869] Bridge__1startServer status:1
03-28 06:15:17.175 2896 2896 D hpplay-base: [LelinkBase:492] startAllServer at base
03-28 06:15:17.175 2896 2896 D hpplay-base: [lelinkSinkServer:152] httpPlugins_SetServerPort TYPE_SERVER_LELINK:52266
03-28 06:15:17.175 2896 2896 D hpplay-base: [network.c:362] protocol bind host :10.0.0.129 port:52266 curent bind port:52266
03-28 06:15:17.175 2896 2896 D hpplay-base: [lelinkSinkServer:681] HTTP Server real at:52266
03-28 06:15:17.176 2896 4833 D hpplay-base: [lelinkSinkServer:644] Connected Service Type:0
03-28 06:15:17.176 2896 2896 D hpplay-base: [ScreenStream:1285] current bind port:7100
03-28 06:15:17.176 2896 4833 I hpplay-base: : (server.c.315) startServer listen_ing....:
03-28 06:15:17.176 2896 4833 D hpplay-base: [Server:371] startHttpServer srv_sockets.used:1 nCurrentFd:71, tid is 4833
03-28 06:15:17.176 2896 2896 D hpplay-base: [LelinkBase:515] startAllServer pBaseContext->config.dlnaEnable:1
03-28 06:15:17.176 2896 2896 D hpplay-base: [lelinkDlna:324] addDMRCallback end
03-28 06:15:17.176 2896 4834 D hpplay-base: [stream_mirror_compat:759] compat mirror stream begin to run,server fd:78,thread_id:3107418560!!
03-28 06:15:17.178 2896 2896 E hpplay-base-dlna: miniserver.c:788::dlna_port(ipv4: 49152 ipv6:0)
03-28 06:15:17.179 2896 2896 D hpplay-base-dlna: [lebodlna-dlnaframe:166] succeed to load lebodlnaplugin
03-28 06:15:17.179 2896 2896 D hpplay-base-dlna: [lebodlna-dlnaframe:232] Succeed to load specified plugin:lebodlna_plugin
03-28 06:15:17.179 2896 2896 D hpplay-base: [lelinkDlna:328] startDLNAServer ret=0
03-28 06:15:17.179 2896 2896 D hpplay-base: [LelinkBase:531] startDLNAServer ret= 0
03-28 06:15:17.179 2896 2896 D hpplay-base: [lelinkDlna:342] setDMRFriendlyName 高合娱乐副屏
03-28 06:15:17.179 2896 2896 D hpplay-base-dlna: [lebodlna-dlna_android:136] setBroadcastTimeout mBroadcastTimeOut=66 status=3!
03-28 06:15:17.179 2896 2896 D hpplay-base-dlna: [lebodlna_api:32] start DMR
03-28 06:15:17.179 2896 2896 D hpplay-base-dlna: [UpnpDefine:434] RegisterDMRender invalid lelink info
03-28 06:15:17.179 2896 2896 D hpplay-base-dlna: [UpnpDefine:551] DLNA DESCRIPTION FROME SERVER
03-28 06:15:17.180 2896 2896 E hpplay-base-dlna: upnpapi.c:1078::Exiting RegisterRootDevice2 *Hnd =1, return value == 0
03-28 06:15:17.180 2896 2896 D hpplay-base-dlna: [CUpnpDevice:41] Register Root Device 2:0
03-28 06:15:17.180 2896 2896 D hpplay-base-dlna: [UpnpDefine:794] ESDMRender:Register success
03-28 06:15:17.180 2896 2896 D hpplay-base-dlna: [lebodlna_api:41] sendBroadcast mBroadcastTimeOut=3
03-28 06:15:17.180 2896 2896 D hpplay-base-dlna: [lebodlna_api:44] sendBroadcast timeout=66
03-28 06:15:17.201 649 663 I mpu_uart: [MSG-P:RECV]:No message received in 1000 ms
03-28 06:15:17.234 2896 2896 D hpplay-base: [lelinkDlna:361] startDLNADevice dlnaManufacturer:0 ret=0
03-28 06:15:17.234 2896 2896 D hpplay-base: [LelinkBase:535] lelinkSetDlnaInfo ret= 0
03-28 06:15:17.234 2896 2896 D hpplay-base: [LelinkBase:547] startAllServer pBaseContext->config.mDNSEnable:1
03-28 06:15:17.235 2896 2896 D hpplay-base: [base_mdns:509] mdns net.hostname:
03-28 06:15:17.235 2896 2896 D hpplay-base: [base_mdns:529] mdns namelabel:-36-7C-7C-00-00-0F
03-28 06:15:17.235 2896 2896 D hpplay-base: [base_mdns:509] mdns net.hostname:
03-28 06:15:17.235 2896 2896 D hpplay-base: [base_mdns:529] mdns namelabel:-36-7C-7C-00-00-0F
03-28 06:15:17.235 2896 2896 D hpplay-base: [mdns:813] mdns start bind port:0
03-28 06:15:17.236 2896 2896 D hpplay-base: [mdns:813] mdns start bind port:5353
03-28 06:15:17.236 2896 2896 D hpplay-base: [mdns:813] mdns start bind port:5353
03-28 06:15:17.236 2896 2896 D hpplay-base: [mdns:813] mdns start bind port:5353
03-28 06:15:17.236 2896 2896 D hpplay-base: [mdns:813] mdns start bind port:5353
03-28 06:15:17.237 2896 2896 D hpplay-base: [mdns:813] mdns start bind port:5353
03-28 06:15:17.237 2896 2896 D hpplay-base: [mdns:813] mdns start bind port:5353
03-28 06:15:17.237 2896 2896 D hpplay-base: [mdns:813] mdns start bind port:5353
03-28 06:15:17.237 2896 2896 I hpplay-base: [mDNSEmbeded:57] embedded_mDNSInit stopmDNSNow:0 status:0
03-28 06:15:17.237 2896 2896 D hpplay-base: [mDNSEmbeded:436] startmDNSServer end nRet=0
03-28 06:15:17.237 2896 2896 D hpplay-base: [LelinkBase:555] lelink broadcast_on_off:1 log2java_on_off:1
03-28 06:15:17.238 2896 2896 D hpplay-base: [AEventUtils:595] request to start event handle service!!
03-28 06:15:17.238 2896 2896 D hpplay-base: [AEventUtils:603] start_event_handle_service,begin to run!!
03-28 06:15:17.238 2896 2896 D hpplay-base: [REventUtils:210] start_event_handle_service,begin to run!!
03-28 06:15:17.239 2896 2896 D hpplay-base: [LelinkBase:576] startAllServer success .
03-28 06:15:17.239 2896 4848 I hpplay-base: [mDNSEmbeded:268] start lelink publish server, tid is 4848
03-28 06:15:17.239 2896 4850 D hpplay-base: [AEventUtils:171] create handle AEvent thread ok!!,tid is 4850
03-28 06:15:17.239 2896 4851 D hpplay-base: [REventUtils:59] create handleREventThread thread ok!!,tid is 4851
03-28 06:15:17.240 2896 4849 D hpplay-base: [mDNSEmbeded:197] http_port bind check 197 http_port_check
03-28 06:15:17.240 2896 4847 D hpplay-base: [LelinkMDNS:729] leboAuthorizationCheck strUuid=1e:98:2b:1b:75:ee000000000000000
03-28 06:15:17.240 2896 4847 D hpplay-base: [LelinkMDNS:730] leboAuthorizationCheck mPermissionDid=1e:98:2b:1b:75:ee000000000000000
03-28 06:15:17.240 2896 4847 D hpplay-base: [LelinkMDNS:755] leboAuthorizationCheck mPermissionMac=1e:98:2b:1b:75:ee000000000000000
03-28 06:15:17.240 2896 2896 D hpplay-base: [jniBridge:894] startDlna_link:http://10.0.0.129:49152/description.xml
03-28 06:15:17.241 2896 4852 D hpplay-base: [jniBridge:1081] notifyJavaDlnalink:http://10.0.0.129:49152/description.xml
03-28 06:15:17.241 2896 4852 D hpplay-base: [jniBridge:1726] notifyJava, what:207, castType:0, mimeType:0 baseStatus:2
03-28 06:15:17.241 2896 4852 D hpplay-base: [jniBridge:1727] notifyJava sessionID:(null)
03-28 06:15:17.241 2896 4849 D hpplay-base: [mDNSEmbeded:217] http_port bind check 217 http_port_check
03-28 06:15:17.241 2896 4849 D hpplay-base: [mDNSEmbeded:222] http_port bind check 222 http_port_check
03-28 06:15:17.241 2896 4852 I hpplay-java: [Thread-55]:Bridge:notify: what: 207
03-28 06:15:17.242 2896 4852 I hpplay-java: [Thread-55]:Bridge:notify: out: OutParameters:{audioSessionId=-1, audiotrackIndex=0, castHandleType=-1, castType=0, deviceName='http://10.0.0.129:49152/description.xml', dlnaName='', dramaID='', extra=0, frameHandleType=-1, handleInside=true, headduration=0, header='', headers=null, isAD=false, isMultiMirror=false, lelinkVer='', limitTime=0, , mediaAlbum='null', mediaAlbumArtURI='', mediaArtist='null', mediaAssets='', mediaTitle='null', mimeType=0, multiSession=null, period=0, pinCode='', playSpeed=0.0, playerChoice=0, plugin=0, port=0, position=0.0, positionUnit=2, protocol=0, realSessionID='', regType='', , sinkIp='', sourceAPPVersion='', sourceChannel='', sourceClientInfo='', sourceDeviceInfo='', sourceDeviceModel='', sourceDeviceName='', sourceDeviceType=0, sourceHID='', , sourceInfo='', , , sourceOSVersion='', sourceSDKVersion='', sourceUid='', stopDetail=0, stopReason=0, tailduration=0, url='', urlID='', urls=null, userAgent='', videoDecoder=0, volume=0, what=207}com.hpplay.sdk.sink.protocol.OutParameters@6dc41a
03-28 06:15:17.242 2896 4852 I hpplay-java: [Thread-55]:Bridge:notify: address:110664523
03-28 06:15:17.243 2896 4847 D hpplay-base: [LelinkMDNS:766] devicePermissionPublic leboPermissionCheck:-2
03-28 06:15:17.243 2896 4847 D hpplay-base: [jniBridge:1125] com_hpplay_sdk_sink_protocol_Bridge_WHAT_SERVER_ERROR
03-28 06:15:17.243 2896 4847 D hpplay-base: [jniBridge:1726] notifyJava, what:204, castType:0, mimeType:0 baseStatus:2
03-28 06:15:17.243 2896 4847 D hpplay-base: [jniBridge:1727] notifyJava sessionID:(null)
03-28 06:15:17.244 2896 4847 I hpplay-java: [Thread-56]:Bridge:notify: what: 204
03-28 06:15:17.244 2896 4849 D hpplay-base: [mDNSEmbeded:234] http_port bind check 234 http_port_check port:52266
03-28 06:15:17.244 2896 4849 D hpplay-base: [mDNSEmbeded:237] http_port bind check 237 http_port_check
03-28 06:15:17.244 2896 4847 I hpplay-java: [Thread-56]:Bridge:notify: out: OutParameters:{audioSessionId=-1, audiotrackIndex=0, castHandleType=-1, castType=0, deviceName='', dlnaName='', dramaID='', extra=-2002, frameHandleType=-1, handleInside=true, headduration=0, header='', headers=null, isAD=false, isMultiMirror=false, lelinkVer='', limitTime=0, , mediaAlbum='null', mediaAlbumArtURI='', mediaArtist='null', mediaAssets='', mediaTitle='null', mimeType=0, multiSession=null, period=0, pinCode='', playSpeed=0.0, playerChoice=0, plugin=0, port=0, position=0.0, positionUnit=2, protocol=0, realSessionID='', regType='', , sinkIp='', sourceAPPVersion='', sourceChannel='', sourceClientInfo='', sourceDeviceInfo='', sourceDeviceModel='', sourceDeviceName='', sourceDeviceType=0, sourceHID='', , sourceInfo='', , , sourceOSVersion='', sourceSDKVersion='', sourceUid='', stopDetail=0, stopReason=0, tailduration=0, url='', urlID='', urls=null, userAgent='', videoDecoder=0, volume=0, what=204}com.hpplay.sdk.sink.protocol.OutParameters@54d2928
03-28 06:15:17.245 2896 4847 I hpplay-java: [Thread-56]:Bridge:notify: address:22341185
03-28 06:15:17.245 2896 4847 I hpplay-base: [mDNSEmbeded:79] embedded_mDNSLoop stopmDNSNow:0 nPublish:-2 nExitFlag:6 tid is 4847
03-28 06:15:17.245 2896 2896 I hpplay-java: [main]:Bridge:findServiceID start out: 22341185
03-28 06:15:17.245 2896 2896 I hpplay-java: [main]:Bridge:findServiceID end
03-28 06:15:17.245 2896 4854 D hpplay-base: [lelinkSinkServer:93] new client connection from 127.0.0.1 62115, fd=136
03-28 06:15:17.245 2896 4854 D hpplay-base: [SinkContext:137] addSinkContextSession,begin to run!!
03-28 06:15:17.245 2896 4854 D hpplay-base: [SinkContext:142] addSinkContextSession,begin to get lock!!
03-28 06:15:17.245 2896 2896 E hpplay-java: [main]:ServerTaskManager:onError 204/-2002 com.hht.lebocast.LelinkHelper$e@614b4b6
03-28 06:15:17.245 2896 4854 D hpplay-base: [SinkContext:144] addSinkContextSession,get lock ok!!
03-28 06:15:17.245 2896 4854 D hpplay-base: [SinkContext:149] addSinkContextSession,session list is null,begin to malloc!!
03-28 06:15:17.245 2896 4854 D hpplay-base: [SinkContext:156] addSinkContextSession,begin to update!!
03-28 06:15:17.245 2896 2896 I hpplay-java: [main]:ServerTaskManager:cancelTimeOutCheck
03-28 06:15:17.245 2896 4854 D hpplay-base: [SinkContext:160] addSinkContextSession,begin to update header!!
03-28 06:15:17.246 2896 4854 D hpplay-base: [SinkContext:172] addSinkContextSession,begin to unlock!!
03-28 06:15:17.246 2896 4854 D hpplay-base: [SinkContext:174] addSinkContextSession,unlock ok!!
03-28 06:15:17.246 2896 4854 D hpplay-base: [LelinkReceiver:4908] get ping !!!
03-28 06:15:17.246 2896 4849 D hpplay-base: [mDNSEmbeded:240] http_port bind check 240 http_port_check recieved:64
03-28 06:15:17.246 2896 4849 D hpplay-base: [mDNSEmbeded:243] http_port bind check 243 http_port_check
03-28 06:15:17.246 2896 4849 D hpplay-base: [mDNSEmbeded:244] http_port bind check ok!
03-28 06:15:17.246 2896 2896 W hpplay-java: [main]:ServerTaskManager:onErrorDispatcher errorCode:-2002
03-28 06:15:17.246 2896 2896 I hpplay-java: [main]:ServerTaskManager:onError retry later
03-28 06:15:17.259 2896 3860 I hpplay-java: [AsyncTask #10]:HttpRequest:doGet responseCode:200 0
03-28 06:15:17.447 2896 4854 I hpplay-base: [LelinkReceiver:14605] _connectionFinalize (136)
03-28 06:15:17.447 2896 4854 D hpplay-base: [LelinkReceiver:14752] ###connectionFinalize,release ok!!###
03-28 06:15:18.024 1124 1711 W BestClock: java.time.DateTimeException: Missing NTP fix
03-28 06:15:18.044 1124 1711 W BestClock: java.time.DateTimeException: Missing NTP fix
03-28 06:15:18.049 1124 1712 W BestClock: java.time.DateTimeException: Missing NTP fix
03-28 06:15:18.049 1124 1712 W BestClock: java.time.DateTimeException: Missing NTP fix
03-28 06:15:18.201 649 663 I mpu_uart: [MSG-P:RECV]:No message received in 1000 ms
03-28 06:15:18.237 649 662 I mpu_uart: [MSG-P:R]:recv sync frame timeout
03-28 06:15:19.135 1124 1711 W BestClock: java.time.DateTimeException: Missing NTP fix
03-28 06:15:19.158 1124 1711 W BestClock: java.time.DateTimeException: Missing NTP fix
03-28 06:15:19.163 1124 1712 W BestClock: java.time.DateTimeException: Missing NTP fix
03-28 06:15:19.164 1124 1712 W BestClock: java.time.DateTimeException: Missing NTP fix
03-28 06:15:19.201 649 663 I mpu_uart: [MSG-P:RECV]:No message received in 1000 ms
03-28 06:15:20.201 649 663 I mpu_uart: [MSG-P:RECV]:No message received in 1000 ms
03-28 06:15:20.246 2896 2896 I hpplay-java: [main]:ServerTaskManager:restart by error
03-28 06:15:20.247 2896 2896 I hpplay-java: [main]:ServerTaskManager:startServer
03-28 06:15:20.247 2896 2896 I hpplay-java: [main]:ServerTaskManager:startServer add, reason: server is starting or running
03-28 06:15:20.247 2896 2896 I hpplay-java: [main]:ServerTaskManager:addStopTask
03-28 06:15:20.247 2896 2896 I hpplay-java: [main]:ServerTaskManager:addStartTask
03-28 06:15:20.247 2896 2896 I hpplay-java: [main]:ServerTaskManager:exeTask stopServer
03-28 06:15:20.248 2896 2896 I hpplay-java: [main]:Bridge:stopServer keepPush: false
03-28 06:15:20.248 2896 2896 D hpplay-base: [jniBridge:909] Bridge__1stopServer status:2
03-28 06:15:20.248 1124 1711 W BestClock: java.time.DateTimeException: Missing NTP fix
03-28 06:15:20.249 2896 2896 D hpplay-base: [LelinkBase:654] stopAllServer will start thread!
03-28 06:15:20.250 2896 4850 D hpplay-base: [AEventUtils:588] handle AEvent thread end!!,tid is 4850
03-28 06:15:20.250 2896 4858 I hpplay-base: [mDNSEmbeded:65] embedded_mDNSExit call
03-28 06:15:20.250 2896 4851 D hpplay-base: [REventUtils:197] handleREventThread thread end!!,tid is 4851
03-28 06:15:20.252 2896 4833 D hpplay-base: [Server:447] startHttpServer will END srv->serverType:0
03-28 06:15:20.252 2896 4833 D hpplay-base: [Server:646] startHttpServer cond srv_shutdown:1 connectNummber:0
03-28 06:15:20.252 2896 4833 D hpplay-base: [Server:669] startHttpServer wait cond END. srv_shutdown:1 connectNummber:0
03-28 06:15:20.253 2896 4833 D hpplay-base: [Server:457] HttpServer END, tid is 4833
03-28 06:15:20.269 1124 1711 W BestClock: java.time.DateTimeException: Missing NTP fix
03-28 06:15:20.273 1124 1712 W BestClock: java.time.DateTimeException: Missing NTP fix
03-28 06:15:20.274 1124 1712 W BestClock: java.time.DateTimeException: Missing NTP fix
03-28 06:15:20.284 2896 4834 D hpplay-base: [stream_mirror_compat:1284] mirror stream begin to exit,server fd:78,thread_id:3107418560!!
03-28 06:15:20.284 2896 4834 D hpplay-base: [stream_mirror_compat:1323] ##screen stream exit successfully!!##
03-28 06:15:20.519 2896 4847 I hpplay-base: [mDNSEmbeded:140] embedded_mDNSLoop Exiting end,tid is 4847
03-28 06:15:20.520 2896 4858 D hpplay-base: [mDNSEmbeded:452] stopmDNSServer end stopmDNSNow=2, nRet=0
03-28 06:15:20.739 2896 4848 I hpplay-base: [mDNSEmbeded:376] end lelink publish server, tid is 4848
03-28 06:15:20.740 2896 4858 D hpplay-base: [mDNSEmbeded:420] stopmLelinkServer end nRet=0
03-28 06:15:20.740 2896 4858 D hpplay-base: [LelinkBase:615] lebodlna stopServerThreadFunc dlnaEnable:1
03-28 06:15:20.740 2896 4858 D hpplay-base-dlna: [lebodlna_api:49] stop DMR
03-28 06:15:20.740 2896 4858 D hpplay-base-dlna: [lebodlna_api:344] m_pRender Release
03-28 06:15:20.796 2896 4858 D hpplay-base-dlna: [UpnpDefine:867] DMRender release success
03-28 06:15:20.796 2896 4858 D hpplay-base-dlna: [lebodlna_api:352] m_pAVT Release
03-28 06:15:20.796 2896 4858 D hpplay-base-dlna: [lebodlna_api:360] m_pRCS Release
03-28 06:15:20.796 2896 4858 D hpplay-base-dlna: [lebodlna_api:365] dmrender destroydmr
03-28 06:15:21.007 1306 1369 E tlogd : [TzLogger](isPathReadable) file /sys/kernel/debug/tzdbg/qsee_log isn't exist or no permission, err: No such file or directory
03-28 06:15:21.007 1306 1369 E tlogd : [TzLogger](saveTzlogAsync) /sys/kernel/debug/tzdbg/qsee_log can not read.
03-28 06:15:21.007 1306 1369 E tlogd : [TzLogger](isPathReadable) file /sys/kernel/debug/tzdbg/log isn't exist or no permission, err: No such file or directory
03-28 06:15:21.007 1306 1369 E tlogd : [TzLogger](saveTzlogAsync) /sys/kernel/debug/tzdbg/log can not read.
03-28 06:15:21.096 2896 4858 D hpplay-base-dlna: [lebodlna-dlna_android:186] stopDLNA
03-28 06:15:21.096 2896 4858 D hpplay-base-dlna: [lebodlna-dlna_android:189] dlnaservice destroy
03-28 06:15:21.096 2896 4858 D hpplay-base-dlna: [lebodlna-dlna_android:49] dlnaservice Destroy 49 int CDlnaService::Destroy()
03-28 06:15:21.096 2896 4858 D hpplay-base-dlna: [lebodlna-dlnaframe:245] dlnaservice Destroy 245 static ERROR_TYPE IDlnaFrame::DestroyDlnaFrame(IDlnaFrame *)
03-28 06:15:21.096 2896 4858 D hpplay-base-dlna: [lebodlna-dlnaframe:179] dlnaservice Destroy 179 virtual void CDlnaFrame::Release()
03-28 06:15:21.096 2896 4858 D hpplay-base-dlna: [lebodlna-dlnaframe:190] dlnaservice Destroy 190 virtual void CDlnaFrame::Release()
03-28 06:15:21.096 2896 4858 D hpplay-base-dlna: [lebodlna-dlnaframe:192] dlnaservice Destroy 192 virtual void CDlnaFrame::Release()
03-28 06:15:21.096 2896 4858 D hpplay-base-dlna: [lebodlna-dlnaframe:247] dlnaservice Destroy 247 static ERROR_TYPE IDlnaFrame::DestroyDlnaFrame(IDlnaFrame *)
03-28 06:15:21.097 2896 4858 D hpplay-base-dlna: [lebodlna-dlnaframe:251] dlnaservice Destroy 251 static ERROR_TYPE IDlnaFrame::DestroyDlnaFrame(IDlnaFrame *)
03-28 06:15:21.100 2896 4858 E hpplay-base-dlna: upnpapi.c:655::before gminiserver ThreadPoolShutdown
03-28 06:15:21.100 2896 4858 E hpplay-base-dlna: ThreadPool.c:1047::on ThreadPoolShutdown tp->totalThreads:3
03-28 06:15:21.101 2896 4858 E hpplay-base-dlna: ThreadPool.c:1056::after ThreadPoolShutdown
03-28 06:15:21.101 2896 4858 E hpplay-base-dlna: ThreadPool.c:1057::ThreadPoolShutdown tp->totalThreads:0
03-28 06:15:21.101 2896 4858 E hpplay-base-dlna: upnpapi.c:657::after gminiserver ThreadPoolShutdown
03-28 06:15:21.101 2896 4858 E hpplay-base-dlna: upnpapi.c:659::before grecv ThreadPoolShutdown
03-28 06:15:21.101 2896 4858 E hpplay-base-dlna: ThreadPool.c:1047::on ThreadPoolShutdown tp->totalThreads:9
03-28 06:15:21.102 2896 4858 E hpplay-base-dlna: ThreadPool.c:1056::after ThreadPoolShutdown
03-28 06:15:21.102 2896 4858 E hpplay-base-dlna: ThreadPool.c:1057::ThreadPoolShutdown tp->totalThreads:0
03-28 06:15:21.102 2896 4858 E hpplay-base-dlna: upnpapi.c:661::after grecv ThreadPoolShutdown
03-28 06:15:21.102 2896 4858 E hpplay-base-dlna: upnpapi.c:663::before gsend ThreadPoolShutdown
03-28 06:15:21.102 2896 4858 E hpplay-base-dlna: ThreadPool.c:1047::on ThreadPoolShutdown tp->totalThreads:3
03-28 06:15:21.102 2896 4858 E hpplay-base-dlna: ThreadPool.c:1047::on ThreadPoolShutdown tp->totalThreads:2
03-28 06:15:21.102 2896 4858 E hpplay-base-dlna: ThreadPool.c:1056::after ThreadPoolShutdown
03-28 06:15:21.103 2896 4858 E hpplay-base-dlna: ThreadPool.c:1057::ThreadPoolShutdown tp->totalThreads:0
03-28 06:15:21.103 2896 4858 E hpplay-base-dlna: upnpapi.c:665::after gsend ThreadPoolShutdown
03-28 06:15:21.103 2896 4858 D hpplay-base-dlna: [lebodlna-dlnaframe:253] dlnaservice Destroy 253 static ERROR_TYPE IDlnaFrame::DestroyDlnaFrame(IDlnaFrame *)
03-28 06:15:21.103 2896 4858 D hpplay-base-dlna: [lebodlna-dlna_android:51] dlnaservice Destroy 51 int CDlnaService::Destroy()
03-28 06:15:21.104 2896 4858 D hpplay-base-dlna: [lebodlna-dlna_android:194] stopDLNA end
03-28 06:15:21.202 649 663 I mpu_uart: [MSG-P:RECV]:No message received in 1000 ms
03-28 06:15:21.239 649 662 I mpu_uart: [MSG-P:R]:recv sync frame timeout
03-28 06:15:21.344 1124 1711 W BestClock: java.time.DateTimeException: Missing NTP fix
03-28 06:15:21.362 1124 1711 W BestClock: java.time.DateTimeException: Missing NTP fix
03-28 06:15:21.366 1124 1712 W BestClock: java.time.DateTimeException: Missing NTP fix
03-28 06:15:21.366 1124 1712 W BestClock: java.time.DateTimeException: Missing NTP fix
03-28 06:15:21.404 2896 4858 D hpplay-base: [stream_mirror_compat:1489] request to stop screen stream session!!
03-28 06:15:21.404 2896 4858 D hpplay-base: [AEventUtils:625] begin to stop event handle service!!
03-28 06:15:21.405 2896 4858 D hpplay-base: [AEventUtils:628] stop event handle service ok!!
03-28 06:15:21.405 2896 4858 D hpplay-base: [REventUtils:231] begin to stop report handle service!!
03-28 06:15:21.405 2896 4858 D hpplay-base: [REventUtils:234] stop report handle service ok!!
03-28 06:15:21.405 2896 4858 D hpplay-base: [lelinkSinkServer:711] HTTP Server stopSinkServer End .
03-28 06:15:21.405 2896 4858 D hpplay-base: [jniBridge:1135] notifyJavaServerStoped
03-28 06:15:21.405 2896 4858 D hpplay-base: [jniBridge:1726] notifyJava, what:202, castType:0, mimeType:0 baseStatus:4
03-28 06:15:21.405 2896 4858 D hpplay-base: [jniBridge:1727] notifyJava sessionID:(null)
03-28 06:15:21.408 2896 4858 I hpplay-java: [Thread-57]:Bridge:notify: what: 202
03-28 06:15:21.410 2896 4858 I hpplay-java: [Thread-57]:Bridge:notify: out: OutParameters:{audioSessionId=-1, audiotrackIndex=0, castHandleType=-1, castType=0, deviceName='', dlnaName='', dramaID='', extra=0, frameHandleType=-1, handleInside=true, headduration=0, header='', headers=null, isAD=false, isMultiMirror=false, lelinkVer='', limitTime=0, , mediaAlbum='null', mediaAlbumArtURI='', mediaArtist='null', mediaAssets='', mediaTitle='null', mimeType=0, multiSession=null, period=0, pinCode='', playSpeed=0.0, playerChoice=0, plugin=0, port=0, position=0.0, positionUnit=2, protocol=0, realSessionID='', regType='', , sinkIp='', sourceAPPVersion='', sourceChannel='', sourceClientInfo='', sourceDeviceInfo='', sourceDeviceModel='', sourceDeviceName='', sourceDeviceType=0, sourceHID='', , sourceInfo='', , , sourceOSVersion='', sourceSDKVersion='', sourceUid='', stopDetail=0, stopReason=0, tailduration=0, url='', urlID='', urls=null, userAgent='', videoDecoder=0, volume=0, what=202}com.hpplay.sdk.sink.protocol.OutParameters@953a127
03-28 06:15:21.410 2896 4858 I hpplay-java: [Thread-57]:Bridge:notify: address:249540564
03-28 06:15:21.410 2896 4858 D hpplay-base: [LelinkBase:645] stopServerThreadFunc notifyJavaServerStoped!
03-28 06:15:21.411 2896 2896 I hpplay-java: [main]:ServerTaskManager:startTimeOutCheck
03-28 06:15:21.411 2896 2896 I hpplay-java: [main]:ServerBusiness:stopDaemonBusiness
03-28 06:15:21.411 2896 2896 I hpplay-java: [main]:SinkDataReport:logout
03-28 06:15:21.412 2896 2896 I hpplay-java: [main]:EPControl:release
03-28 06:15:21.416 2896 3862 I hpplay-java: [AsyncTask #12]:GlideCreator:clearCache clearDiskCache
03-28 06:15:21.418 2896 2896 I hpplay-java: [main]:Dispatcher:notifyAllReverseControlsStop
03-28 06:15:21.418 2896 2896 I hpplay-java: [main]:Preference:checkFeature none
03-28 06:15:21.418 2896 2896 I hpplay-java: [main]:Dispatcher:notifyAllUIControlsStop set: []
03-28 06:15:21.418 2896 2896 I hpplay-java: [main]:Bridge:findServiceID start out: 249540564
03-28 06:15:21.418 2896 2896 I hpplay-java: [main]:Bridge:findServiceID end
03-28 06:15:21.418 2896 2896 I hpplay-java: [main]:ServerTaskManager:onStop retry:true
03-28 06:15:21.418 2896 2896 I hpplay-java: [main]:ServerTaskManager:cancelTimeOutCheck
03-28 06:15:21.419 2896 4828 W hpplay-java: NanoHTTPDServerRunnable:Communication with the client broken
03-28 06:15:21.419 2896 4828 W hpplay-java: java.net.SocketException: Socket closed
03-28 06:15:21.419 2896 4828 W hpplay-java: at java.net.PlainSocketImpl.socketAccept(PlainSocketImpl.java:213)
03-28 06:15:21.419 2896 4828 W hpplay-java: at java.net.AbstractPlainSocketImpl.accept(AbstractPlainSocketImpl.java:451)
03-28 06:15:21.419 2896 4828 W hpplay-java: at java.net.ServerSocket.implAccept(ServerSocket.java:547)
03-28 06:15:21.419 2896 4828 W hpplay-java: at java.net.ServerSocket.accept(ServerSocket.java:515)
03-28 06:15:21.419 2896 4828 W hpplay-java: at com.hpplay.nanohttpd.protocols.http.ServerRunnable.run(SourceFile:118)
03-28 06:15:21.419 2896 4828 W hpplay-java: at java.lang.Thread.run(Thread.java:920)
03-28 06:15:21.420 2896 4828 I hpplay-java: NanoHTTPDNanoHTTPD:server is stoped
03-28 06:15:21.420 2896 4828 I hpplay-java: NanoHTTPDNanoHTTPD:clear obj
03-28 06:15:21.420 2896 2896 I hpplay-java: [main]:IPManager:getActiveNets type: WIFI
03-28 06:15:21.420 2896 2896 I hpplay-java: [main]:IPManager:getActiveNets eth0:false wifi:true mobile:false ap:false
03-28 06:15:21.420 2896 2896 I hpplay-java: [main]:IPManager:getIPAddress IP_WLAN0
03-28 06:15:21.423 2896 2896 I hpplay-java: [main]:IPManager:updateIPAddress getIPAddress: 192.168.4.16 name:vlan4
03-28 06:15:21.423 2896 2896 I hpplay-java: [main]:IPManager:updateIPAddress getIPAddress: 10.0.0.129 name:wlan0
03-28 06:15:21.423 2896 2896 I hpplay-java: [main]:IPManager:updateIPAddress getIPAddress: 192.168.8.16 name:vlan8
03-28 06:15:21.423 2896 2896 I hpplay-java: [main]:IPManager:updateIPAddress getIPAddress: 192.168.11.16 name:vlan11
03-28 06:15:21.423 2896 2896 I hpplay-java: [main]:IPManager:updateIPAddress getIPAddress: 192.168.0.16 name:vlan0
03-28 06:15:21.423 2896 2896 I hpplay-java: [main]:IPManager:updateIPAddress getIPAddress: 192.168.2.16 name:vlan2
03-28 06:15:21.424 2896 2896 I hpplay-java: [main]:IPManager:updateIPAddress getIPAddress: 192.168.1.16 name:vlan1
03-28 06:15:21.424 2896 2896 I hpplay-java: [main]:ServerTaskManager:exeTask startServer
03-28 06:15:21.424 2896 2896 I hpplay-java: [main]:ServerTaskManager:startTimeOutCheck
03-28 06:15:21.425 2896 4014 I hpplay-java: [AsyncTask #17]:Bridge:assembleInParameters
03-28 06:15:21.425 2896 3866 I hpplay-java: [AsyncTask #14]:ServerBusiness:startDaemonBusiness
03-28 06:15:21.425 2896 3866 I hpplay-java: [AsyncTask #14]:TimeOutCheckUtil:addTask id:upgrade
03-28 06:15:21.425 2896 3866 I hpplay-java: [AsyncTask #14]:TimeOutCheckUtil:addTask id:ijkupgrade
03-28 06:15:21.425 2896 4014 I hpplay-java: [AsyncTask #17]:Bridge:createDeviceId deviceId:Nzc6OTA6MDY6MmM6ZWM6MTU=
03-28 06:15:21.426 2896 4014 I hpplay-java: [AsyncTask #17]:IPManager:getActiveNets type: WIFI
03-28 06:15:21.426 2896 4014 I hpplay-java: [AsyncTask #17]:IPManager:getActiveNets eth0:false wifi:true mobile:false ap:false
03-28 06:15:21.426 2896 4014 I hpplay-java: [AsyncTask #17]:IPManager:getIPAddress IP_WLAN0
03-28 06:15:21.426 2896 4014 I hpplay-java: [AsyncTask #17]:Preference:checkFeature none
03-28 06:15:21.426 2896 4014 I hpplay-java: [AsyncTask #17]:SWI:dlna tip
03-28 06:15:21.426 2896 4014 I hpplay-java: [AsyncTask #17]:SWI:lefp tip
03-28 06:15:21.426 2896 4014 I hpplay-java: [AsyncTask #17]:Bridge:assembleInParameters none alias name use device name: 高合娱乐副屏
03-28 06:15:21.426 2896 4861 I hpplay-java: NanoHTTPDNanoHTTPD:server is started
03-28 06:15:21.427 2896 4014 I hpplay-java: [AsyncTask #17]:Feature:isSendAdvertisement
03-28 06:15:21.427 2896 4014 I hpplay-java: [AsyncTask #17]:Preference:checkFeature none
03-28 06:15:21.428 2896 4014 I hpplay-java: [AsyncTask #17]:Preference:checkFeature none
03-28 06:15:21.428 2896 4014 I hpplay-java: [AsyncTask #17]:Bridge:backupHpplayDat bakPath:
03-28 06:15:21.428 2896 4014 I hpplay-java: [AsyncTask #17]:Bridge:path:/data/user/0/com.hht.lebocast/files/hpplay/file/happyplay.dat
03-28 06:15:21.428 2896 4014 I hpplay-java: [AsyncTask #17]:Bridge:mAppId:21409
03-28 06:15:21.428 2896 4014 I hpplay-java: [AsyncTask #17]:Bridge:mode:3
03-28 06:15:21.428 2896 4014 I hpplay-java: [AsyncTask #17]:Bridge:type:1
03-28 06:15:21.428 2896 4014 I hpplay-java: [AsyncTask #17]:Bridge:SN:
03-28 06:15:21.428 2896 4014 I hpplay-java: [AsyncTask #17]:Preference:checkFeature none
03-28 06:15:21.428 2896 4014 I hpplay-java: [AsyncTask #17]:Bridge:backPath:
03-28 06:15:21.428 2896 4014 I hpplay-java: [AsyncTask #17]:DeviceUtil:getPermissionDid: 1
03-28 06:15:21.428 2896 4014 I hpplay-java: [AsyncTask #17]:DeviceUtil:getPermissionDid: 1
03-28 06:15:21.428 2896 4014 I hpplay-java: [AsyncTask #17]:BPIFileUtil:getMd5ByFile: 0FA04FD08975C81CDD9275F6AE23A020
03-28 06:15:21.429 2896 4014 I hpplay-java: [AsyncTask #17]:Preference:checkFeature none
03-28 06:15:21.429 2896 4014 I hpplay-java: [AsyncTask #17]:Preference:checkFeature none
03-28 06:15:21.429 2896 4014 I hpplay-java: [AsyncTask #17]:Preference:checkFeature none
03-28 06:15:21.429 2896 4014 I hpplay-java: [AsyncTask #17]:Preference:checkFeature none
03-28 06:15:21.429 2896 4014 I hpplay-java: [AsyncTask #17]:Preference:checkFeature none
03-28 06:15:21.431 2896 3853 I hpplay-java: [AsyncTask #6]:HttpRequest:doGet responseCode:200 0
03-28 06:15:21.436 2896 3866 W hpplay-java: [AsyncTask #14]:ServerBusiness:startDaemonBusiness start LelinkHTTPD sucess 52288
03-28 06:15:21.438 2896 2896 I hpplay-java: [main]:ServerBusiness:get deviceCode:2438898122
03-28 06:15:21.445 2896 4014 W hpplay-java: [AsyncTask #17]:DeviceUtils:getDomain create lb domain
03-28 06:15:21.451 2896 4014 I hpplay-java: [AsyncTask #17]:Feature:getMirrorAudioVideoSync DISABLE
03-28 06:15:21.451 2896 4014 I hpplay-java: [AsyncTask #17]:Feature:checkSupportRedirectOtherApp,no set redirect api
03-28 06:15:21.451 2896 4014 I hpplay-java: [AsyncTask #17]:Feature:getRedirectSearchFlag,value: 0
03-28 06:15:21.452 2896 4014 I hpplay-java: [AsyncTask #17]:Bridge:mIn: InParameters{appInfo='0', appKey='21409', authMode=0, authPwd='null', broadcastDirection=0, broadcastState=1, broadcastTimeout=3, buildType='release', cacheAVPath='/data/user/0/com.hht.lebocast/cache/hpplay/av', cachePhotoPath='/data/user/0/com.hht.lebocast/cache/hpplay/image', channel='LEBO-APK--60146-25915', desPath='/data/user/0/com.hht.lebocast/files/hpplay/file/config/dcf', , deviceName='高合娱乐副屏', dlna=1, dlnaCompany='Microsoft Corporation', dlnaCompanyURL='http://www.microsoft.com', dlnaDeviceDescribe='Media Renderer', dlnaDeviceName='Windows Media Player', dlnaDeviceURL='http://go.microsoft.com/fwlink/Linkld=105927', dlnaLelinkSwitch=1, dlnaManufacturer=0, dlnaName='高合娱乐副屏', dlnaUPC='null', dlnaUUID='5bdabc8b-fbb2-81e5-159c-21871da08aee', domain='Lebo-figure-1e982b1b75ee', drainage=0, feature='6655', fps=60, height=1080, host='null', , keyPath='/data/user/0/com.hht.lebocast/files/hpplay/file', lelinkfp=1, lelinkfp2=0, logBaseState=1, logPath='/storage/emulated/0/com.hht.lebocast/sink/sdk/common', , mdnsEnable=1, mirrorSyncType=0, netCastVer='2.0', packageName='com.hht.lebocast', packagePath='/data/user/0/com.hht.lebocast', permissionDid='1e:98:2b:1b:75:ee', permissionMode=3, permissionPreSN='', port=0, preemptMode=0, regType='_leboremote._tcp.', serverPorts=null, sockWaitTimeOut=45, teleControlPort=53388, tunnels=3, txtKeys=null, txtValues=null, uid='10000039936617', videoFrameType=1001, width=1920}com.hpplay.sdk.sink.protocol.InParameters@a8e9184
03-28 06:15:21.452 2896 2896 I hpplay-java: [main]:Bridge:startServer state: 0
03-28 06:15:21.452 2896 2896 D hpplay-base: [jniBridge:185] not conference version
03-28 06:15:21.452 2896 2896 I hpplay-base: [jniBridge:241] 1initServer nSettingWidth=1920 nSettingHeight=1080 nSettingMaxFPS=60 dlnaEnable=1 lelinkFpEnable=1
