01-01 08:01:05.629 1124 1124 W android.permission.PermissionManager: Missing ActivityManager; assuming 1000 holds android.permission.SET_PREFERRED_APPLICATIONS
01-01 08:01:05.629 1124 1124 W android.permission.PermissionManager: Missing ActivityManager; assuming 1000 holds android.permission.SET_PREFERRED_APPLICATIONS
01-01 08:01:05.629 1124 1124 W android.permission.PermissionManager: Missing ActivityManager; assuming 1000 holds android.permission.SET_PREFERRED_APPLICATIONS
01-01 08:01:05.629 1124 1124 W android.permission.PermissionManager: Missing ActivityManager; assuming 1000 holds android.permission.SET_PREFERRED_APPLICATIONS
01-01 08:01:05.629 1124 1124 W android.permission.PermissionManager: Missing ActivityManager; assuming 1000 holds android.permission.SET_PREFERRED_APPLICATIONS
01-01 08:01:05.629 1124 1124 W android.permission.PermissionManager: Missing ActivityManager; assuming 1000 holds android.permission.SET_PREFERRED_APPLICATIONS
01-01 08:01:05.629 1124 1124 W android.permission.PermissionManager: Missing ActivityManager; assuming 1000 holds android.permission.SET_PREFERRED_APPLICATIONS
01-01 08:01:05.629 1124 1124 W android.permission.PermissionManager: Missing ActivityManager; assuming 1000 holds android.permission.SET_PREFERRED_APPLICATIONS
01-01 08:01:05.629 1124 1124 W android.permission.PermissionManager: Missing ActivityManager; assuming 1000 holds android.permission.SET_PREFERRED_APPLICATIONS
01-01 08:01:05.630 1124 1124 W android.permission.PermissionManager: Missing ActivityManager; assuming 1000 holds android.permission.SET_PREFERRED_APPLICATIONS
01-01 08:01:05.630 1124 1124 W android.permission.PermissionManager: Missing ActivityManager; assuming 1000 holds android.permission.SET_PREFERRED_APPLICATIONS
01-01 08:01:05.630 1124 1124 W android.permission.PermissionManager: Missing ActivityManager; assuming 1000 holds android.permission.SET_PREFERRED_APPLICATIONS
01-01 08:01:05.630 1124 1124 W android.permission.PermissionManager: Missing ActivityManager; assuming 1000 holds android.permission.SET_PREFERRED_APPLICATIONS
01-01 08:01:05.630 1124 1124 W android.permission.PermissionManager: Missing ActivityManager; assuming 1000 holds android.permission.SET_PREFERRED_APPLICATIONS
01-01 08:01:05.630 1124 1124 W android.permission.PermissionManager: Missing ActivityManager; assuming 1000 holds android.permission.SET_PREFERRED_APPLICATIONS
01-01 08:01:05.630 1124 1124 W android.permission.PermissionManager: Missing ActivityManager; assuming 1000 holds android.permission.SET_PREFERRED_APPLICATIONS
01-01 08:01:05.630 1124 1124 W android.permission.PermissionManager: Missing ActivityManager; assuming 1000 holds android.permission.SET_PREFERRED_APPLICATIONS
01-01 08:01:05.630 1124 1124 W android.permission.PermissionManager: Missing ActivityManager; assuming 1000 holds android.permission.SET_PREFERRED_APPLICATIONS
01-01 08:01:05.630 1124 1124 W android.permission.PermissionManager: Missing ActivityManager; assuming 1000 holds android.permission.SET_PREFERRED_APPLICATIONS
01-01 08:01:05.630 1124 1124 W android.permission.PermissionManager: Missing ActivityManager; assuming 1000 holds android.permission.SET_PREFERRED_APPLICATIONS
01-01 08:01:05.630 1124 1124 W android.permission.PermissionManager: Missing ActivityManager; assuming 1000 holds android.permission.SET_PREFERRED_APPLICATIONS
01-01 08:01:05.631 1124 1124 W android.permission.PermissionManager: Missing ActivityManager; assuming 1000 holds android.permission.SET_PREFERRED_APPLICATIONS
01-01 08:01:05.631 1124 1124 W android.permission.PermissionManager: Missing ActivityManager; assuming 1000 holds android.permission.SET_PREFERRED_APPLICATIONS
01-01 08:01:05.631 1124 1124 W android.permission.PermissionManager: Missing ActivityManager; assuming 1000 holds android.permission.SET_PREFERRED_APPLICATIONS
01-01 08:01:05.631 1124 1124 W android.permission.PermissionManager: Missing ActivityManager; assuming 1000 holds android.permission.SET_PREFERRED_APPLICATIONS
01-01 08:01:05.631 1124 1124 W android.permission.PermissionManager: Missing ActivityManager; assuming 1000 holds android.permission.SET_PREFERRED_APPLICATIONS
01-01 08:01:05.631 1124 1124 W android.permission.PermissionManager: Missing ActivityManager; assuming 1000 holds android.permission.SET_PREFERRED_APPLICATIONS
01-01 08:01:05.631 1124 1124 W android.permission.PermissionManager: Missing ActivityManager; assuming 1000 holds android.permission.SET_PREFERRED_APPLICATIONS
01-01 08:01:05.631 1124 1124 W android.permission.PermissionManager: Missing ActivityManager; assuming 1000 holds android.permission.SET_PREFERRED_APPLICATIONS
01-01 08:01:05.631 1124 1124 W android.permission.PermissionManager: Missing ActivityManager; assuming 1000 holds android.permission.SET_PREFERRED_APPLICATIONS
01-01 08:01:05.631 1124 1124 W android.permission.PermissionManager: Missing ActivityManager; assuming 1000 holds android.permission.SET_PREFERRED_APPLICATIONS
01-01 08:01:05.631 1124 1124 W android.permission.PermissionManager: Missing ActivityManager; assuming 1000 holds android.permission.SET_PREFERRED_APPLICATIONS
01-01 08:01:05.631 1124 1124 W android.permission.PermissionManager: Missing ActivityManager; assuming 1000 holds android.permission.SET_PREFERRED_APPLICATIONS
01-01 08:01:05.632 1124 1124 W android.permission.PermissionManager: Missing ActivityManager; assuming 1000 holds android.permission.SET_PREFERRED_APPLICATIONS
01-01 08:01:05.632 1124 1124 W android.permission.PermissionManager: Missing ActivityManager; assuming 1000 holds android.permission.SET_PREFERRED_APPLICATIONS
01-01 08:01:05.632 1124 1124 W android.permission.PermissionManager: Missing ActivityManager; assuming 1000 holds android.permission.SET_PREFERRED_APPLICATIONS
01-01 08:01:05.632 1124 1124 W android.permission.PermissionManager: Missing ActivityManager; assuming 1000 holds android.permission.SET_PREFERRED_APPLICATIONS
01-01 08:01:05.632 1124 1124 W android.permission.PermissionManager: Missing ActivityManager; assuming 1000 holds android.permission.SET_PREFERRED_APPLICATIONS
01-01 08:01:05.632 1124 1124 W android.permission.PermissionManager: Missing ActivityManager; assuming 1000 holds android.permission.SET_PREFERRED_APPLICATIONS
01-01 08:01:05.632 1124 1124 W android.permission.PermissionManager: Missing ActivityManager; assuming 1000 holds android.permission.SET_PREFERRED_APPLICATIONS
01-01 08:01:05.632 1124 1124 W android.permission.PermissionManager: Missing ActivityManager; assuming 1000 holds android.permission.SET_PREFERRED_APPLICATIONS
01-01 08:01:05.632 1124 1124 W android.permission.PermissionManager: Missing ActivityManager; assuming 1000 holds android.permission.SET_PREFERRED_APPLICATIONS
01-01 08:01:05.632 1124 1124 W android.permission.PermissionManager: Missing ActivityManager; assuming 1000 holds android.permission.SET_PREFERRED_APPLICATIONS
01-01 08:01:05.632 1124 1124 W android.permission.PermissionManager: Missing ActivityManager; assuming 1000 holds android.permission.SET_PREFERRED_APPLICATIONS
01-01 08:01:05.632 1124 1124 W android.permission.PermissionManager: Missing ActivityManager; assuming 1000 holds android.permission.SET_PREFERRED_APPLICATIONS
01-01 08:01:05.633 1124 1124 W android.permission.PermissionManager: Missing ActivityManager; assuming 1000 holds android.permission.SET_PREFERRED_APPLICATIONS
01-01 08:01:05.633 1124 1124 W android.permission.PermissionManager: Missing ActivityManager; assuming 1000 holds android.permission.SET_PREFERRED_APPLICATIONS
01-01 08:01:05.633 1124 1124 W android.permission.PermissionManager: Missing ActivityManager; assuming 1000 holds android.permission.SET_PREFERRED_APPLICATIONS
01-01 08:01:05.633 1124 1124 W android.permission.PermissionManager: Missing ActivityManager; assuming 1000 holds android.permission.SET_PREFERRED_APPLICATIONS
01-01 08:01:05.633 1124 1124 W android.permission.PermissionManager: Missing ActivityManager; assuming 1000 holds android.permission.SET_PREFERRED_APPLICATIONS
01-01 08:01:05.633 1124 1124 W android.permission.PermissionManager: Missing ActivityManager; assuming 1000 holds android.permission.SET_PREFERRED_APPLICATIONS
01-01 08:01:05.633 1124 1124 W android.permission.PermissionManager: Missing ActivityManager; assuming 1000 holds android.permission.SET_PREFERRED_APPLICATIONS
01-01 08:01:05.633 1124 1124 W android.permission.PermissionManager: Missing ActivityManager; assuming 1000 holds android.permission.SET_PREFERRED_APPLICATIONS
01-01 08:01:05.633 1124 1124 W android.permission.PermissionManager: Missing ActivityManager; assuming 1000 holds android.permission.SET_PREFERRED_APPLICATIONS
01-01 08:01:05.633 1124 1124 W android.permission.PermissionManager: Missing ActivityManager; assuming 1000 holds android.permission.SET_PREFERRED_APPLICATIONS
01-01 08:01:05.634 1124 1124 W android.permission.PermissionManager: Missing ActivityManager; assuming 1000 holds android.permission.SET_PREFERRED_APPLICATIONS
01-01 08:01:05.634 1124 1124 W android.permission.PermissionManager: Missing ActivityManager; assuming 1000 holds android.permission.SET_PREFERRED_APPLICATIONS
01-01 08:01:05.634 1124 1124 W android.permission.PermissionManager: Missing ActivityManager; assuming 1000 holds android.permission.SET_PREFERRED_APPLICATIONS
01-01 08:01:05.634 1124 1124 W android.permission.PermissionManager: Missing ActivityManager; assuming 1000 holds android.permission.SET_PREFERRED_APPLICATIONS
01-01 08:01:05.634 1124 1124 W android.permission.PermissionManager: Missing ActivityManager; assuming 1000 holds android.permission.SET_PREFERRED_APPLICATIONS
01-01 08:01:05.634 1124 1124 W android.permission.PermissionManager: Missing ActivityManager; assuming 1000 holds android.permission.SET_PREFERRED_APPLICATIONS
01-01 08:01:05.634 1124 1124 W android.permission.PermissionManager: Missing ActivityManager; assuming 1000 holds android.permission.SET_PREFERRED_APPLICATIONS
01-01 08:01:05.641 1124 1124 W PackageSettings: Missing permission state for package: android.frameworkres.overlay
01-01 08:01:05.641 1124 1124 W PackageSettings: Missing permission state for package: com.android.cts.priv.ctsshim
01-01 08:01:05.641 1124 1124 W PackageSettings: Missing permission state for package: com.thundercomm.gamemode.provider
01-01 08:01:05.641 1124 1124 W PackageSettings: Missing permission state for package: com.android.internal.systemui.navbar.gestural_wide_back
01-01 08:01:05.641 1124 1124 W PackageSettings: Missing permission state for package: com.qualcomm.qti.gpudrivers.kona.api30
01-01 08:01:05.641 1124 1124 W PackageSettings: Missing permission state for package: com.android.htmlviewer
01-01 08:01:05.641 1124 1124 W PackageSettings: Missing permission state for package: com.android.internal.systemui.onehanded.gestural
01-01 08:01:05.641 1124 1124 W PackageSettings: Missing permission state for package: android.qvaoverlay.common
01-01 08:01:05.641 1124 1124 W PackageSettings: Missing permission state for package: android.overlay.common
01-01 08:01:05.641 1124 1124 W PackageSettings: Missing permission state for package: com.android.connectivity.resources
01-01 08:01:05.641 1124 1124 W PackageSettings: Missing permission state for package: com.android.modulemetadata
01-01 08:01:05.642 1124 1124 W PackageSettings: Missing permission state for package: android.overlay.target
01-01 08:01:05.642 1124 1124 W PackageSettings: Missing permission state for package: com.android.internal.systemui.navbar.gestural_extra_wide_back
01-01 08:01:05.642 1124 1124 W PackageSettings: Missing permission state for package: com.android.wifi.resources.overlay.common
01-01 08:01:05.642 1124 1124 W PackageSettings: Missing permission state for package: com.android.dreams.basic
01-01 08:01:05.642 1124 1124 W PackageSettings: Missing permission state for package: com.android.settings.overlay.common
01-01 08:01:05.642 1124 1124 W PackageSettings: Missing permission state for package: android.ext.shared
01-01 08:01:05.642 1124 1124 W PackageSettings: Missing permission state for package: com.android.wifi.resources.overlay.target
01-01 08:01:05.642 1124 1124 W PackageSettings: Missing permission state for package: com.android.wifi.resources
01-01 08:01:05.642 1124 1124 W PackageSettings: Missing permission state for package: com.android.systemui.overlay.common
01-01 08:01:05.642 1124 1124 W PackageSettings: Missing permission state for package: com.android.cameraextensions
01-01 08:01:05.642 1124 1124 W PackageSettings: Missing permission state for package: com.android.theme.font.notoserifsource
01-01 08:01:05.642 1124 1124 W PackageSettings: Missing permission state for package: com.android.internal.display.cutout.emulation.waterfall
01-01 08:01:05.642 1124 1124 W PackageSettings: Missing permission state for package: com.android.providers.settings.overlay
01-01 08:01:05.642 1124 1124 W PackageSettings: Missing permission state for package: com.android.bookmarkprovider
01-01 08:01:05.642 1124 1124 W PackageSettings: Missing permission state for package: com.android.cts.ctsshim
01-01 08:01:05.642 1124 1124 W PackageSettings: Missing permission state for package: com.qualcomm.qti.xrcb
01-01 08:01:05.642 1124 1124 W PackageSettings: Missing permission state for package: com.android.internal.systemui.navbar.gestural
01-01 08:01:05.642 1124 1124 W PackageSettings: Missing permission state for package: com.android.internal.systemui.navbar.gestural_narrow_back
01-01 08:01:05.642 1124 1124 W PackageSettings: Missing permission state for package: com.android.cellbroadcastreceiver.overlay.common
01-01 08:01:05.642 1124 1124 W PackageSettings: Missing permission state for shared user: android.uid.log
01-01 08:01:05.642 1124 1124 W PackageSettings: Missing permission state for shared user: android.uid.uwb
01-01 08:01:05.656 1124 1124 D PackageManager: Keeping known cache ed642c1b2918758c153bca8ab364c789b39f772f
01-01 08:01:05.657 1124 1124 W android.permission.PermissionManager: Missing ActivityManager; assuming 1000 holds android.permission.WATCH_APPOPS
01-01 08:01:05.657 1124 1124 W android.permission.PermissionManager: Missing ActivityManager; assuming 1000 holds android.permission.WATCH_APPOPS
01-01 08:01:05.661 1124 1124 D CompatibilityChangeReporter: Compat change id reported: 143539591; UID -1; state: ENABLED
01-01 08:01:05.664 0 0 I IPv6 : ADDRCONF(NETDEV_UP): vlan11: link is not ready
01-01 08:01:05.671 1124 1124 D CompatibilityChangeReporter: Compat change id reported: 143539591; UID -1; state: DISABLED
01-01 08:01:05.671 1124 1124 D CompatibilityChangeReporter: Compat change id reported: 168782947; UID -1; state: ENABLED
01-01 08:01:05.672 1124 1124 W PackageManager: Failed to parse /system/framework/oat: Missing base APK in /system/framework/oat
01-01 08:01:05.672 1124 1124 W PackageManager: Failed to parse /system/framework/arm64: Missing base APK in /system/framework/arm64
01-01 08:01:05.672 1124 1124 W PackageManager: Failed to parse /system/framework/arm: Missing base APK in /system/framework/arm
01-01 08:01:05.695 1124 1124 D CompatibilityChangeReporter: Compat change id reported: 168782947; UID -1; state: DISABLED
01-01 08:01:05.719 1124 1614 D CompatibilityChangeReporter: Compat change id reported: 150232615; UID -1; state: DISABLED
01-01 08:01:05.723 1124 1614 W PackageParsing: No actions in intent-filter at /system/priv-app/baidu_ime-mainLine-release/baidu_ime-mainLine-release.apk Binary XML file line #1529
01-01 08:01:05.733 1124 1616 W PackageParsing: Ignoring duplicate uses-permissions/uses-permissions-sdk-m: android.permission.ACCESS_WIFI_STATE in package: com.microsoft.emmx at: Binary XML file line #105
01-01 08:01:05.749 1124 1615 W PackageParsing: No actions in intent-filter at /system/priv-app/BuiltInPrintService/BuiltInPrintService.apk Binary XML file line #53
01-01 08:01:05.795 1124 1614 W PackageParsing: No actions in intent-filter at /system/app/Bluetooth/Bluetooth.apk Binary XML file line #186
01-01 08:01:05.795 1124 1614 W PackageParsing: No actions in intent-filter at /system/app/Bluetooth/Bluetooth.apk Binary XML file line #210
01-01 08:01:05.795 1124 1614 W PackageParsing: No actions in intent-filter at /system/app/Bluetooth/Bluetooth.apk Binary XML file line #284
01-01 08:01:05.808 1124 1124 W PackageManager: Failed to parse /vendor/app/CneApp: Missing base APK in /vendor/app/CneApp/lib/arm64
01-01 08:01:05.886 1124 1614 W PackageParsing: Ignoring duplicate uses-permissions/uses-permissions-sdk-m: android.permission.CONFIGURE_WIFI_DISPLAY in package: com.android.systemui at: Binary XML file line #160
01-01 08:01:05.929 0 0 E msm-dai-fe soc: qcom,msm-dai-fe: ASoC: no sink widget found for AUXPCM_DL_HL
01-01 08:01:05.938 0 0 E msm-dai-fe soc: qcom,msm-dai-fe: ASoC: Failed to add route AUXPCM_HOSTLESS Playback -> direct -> AUXPCM_DL_HL
01-01 08:01:05.949 0 0 E msm-dai-fe soc: qcom,msm-dai-fe: ASoC: no source widget found for AUXPCM_UL_HL
01-01 08:01:05.957 0 0 E msm-dai-fe soc: qcom,msm-dai-fe: ASoC: Failed to add route AUXPCM_UL_HL -> direct -> AUXPCM_HOSTLESS Capture
01-01 08:01:05.991 1124 1616 I PackageParsing: Parse times for '/system_ext/priv-app/Settings': parse=154ms, update_cache=2 ms
01-01 08:01:05.991 1124 1124 I PackageManager: /system_ext/priv-app/Settings changed; collecting certs
01-01 08:01:05.979 0 0 E msm-auxpcm-dev soc: qcom,msm-pri-auxpcm: ASoC: no source widget found for AUX_PCM_RX
01-01 08:01:05.988 0 0 E msm-auxpcm-dev soc: qcom,msm-pri-auxpcm: ASoC: Failed to add route AUX_PCM_RX -> direct -> AUX PCM Playback
01-01 08:01:06.003 1124 1614 W PackageParsing: No actions in intent-filter at /system_ext/app/SnapdragonMusic/SnapdragonMusic.apk Binary XML file line #83
01-01 08:01:06.003 1124 1614 W PackageParsing: No actions in intent-filter at /system_ext/app/SnapdragonMusic/SnapdragonMusic.apk Binary XML file line #206
01-01 08:01:06.011 1124 1615 W PackageParsing: Ignoring duplicate uses-permissions/uses-permissions-sdk-m: android.permission.INTERACT_ACROSS_USERS in package: com.thundercomm.microsettings at: Binary XML file line #13
01-01 08:01:06.012 1124 1615 W PackageParsing: Ignoring duplicate uses-permissions/uses-permissions-sdk-m: android.permission.SET_TIME_ZONE in package: com.thundercomm.microsettings at: Binary XML file line #31
01-01 08:01:06.012 1124 1615 W PackageParsing: Ignoring duplicate uses-permissions/uses-permissions-sdk-m: android.permission.WRITE_EXTERNAL_STORAGE in package: com.thundercomm.microsettings at: Binary XML file line #37
01-01 08:01:05.999 0 0 E msm-auxpcm-dev soc: qcom,msm-pri-auxpcm: ASoC: no sink widget found for AUX_PCM_TX
01-01 08:01:06.008 0 0 E msm-auxpcm-dev soc: qcom,msm-pri-auxpcm: ASoC: Failed to add route AUX PCM Capture -> direct -> AUX_PCM_TX
01-01 08:01:06.019 0 0 E msm-auxpcm-dev soc: qcom,msm-sec-auxpcm: ASoC: no source widget found for SEC_AUX_PCM_RX
01-01 08:01:06.029 0 0 E msm-auxpcm-dev soc: qcom,msm-sec-auxpcm: ASoC: Failed to add route SEC_AUX_PCM_RX -> direct -> Sec AUX PCM Playback
01-01 08:01:06.044 1124 1124 W PackageManager: Skipping provider name com.android.permissioncontroller (in package com.android.permissioncontroller): name already used by com.android.settings
01-01 08:01:06.044 1124 1124 W PackageManager: Skipping provider name com.android.permissioncontroller.role (in package com.android.permissioncontroller): name already used by com.android.settings
01-01 08:01:06.056 1124 1124 I PackageManager: Finished scanning system apps. Time: 401 ms, packageCount: 135 , timePerPackage: 2 , cached: 0
01-01 08:01:06.041 0 0 E msm-auxpcm-dev soc: qcom,msm-sec-auxpcm: ASoC: no sink widget found for SEC_AUX_PCM_TX
01-01 08:01:06.050 0 0 E msm-auxpcm-dev soc: qcom,msm-sec-auxpcm: ASoC: Failed to add route Sec AUX PCM Capture -> direct -> SEC_AUX_PCM_TX
01-01 08:01:06.061 1124 1613 D CompatibilityChangeReporter: Compat change id reported: 132742131; UID -1; state: DISABLED
01-01 08:01:06.062 1124 1124 D CompatibilityChangeReporter: Compat change id reported: 133396946; UID -1; state: DISABLED
01-01 08:01:06.071 1124 1124 D CompatibilityChangeReporter: Compat change id reported: 133396946; UID -1; state: ENABLED
01-01 08:01:06.072 1124 1124 W PackageManager: Skipping provider name com.antutu.ABenchMark.fileprovider (in package com.antutu.ABenchMark): name already used by com.antutu.ABenchMark
01-01 08:01:06.072 1124 1124 I PackageManager: Finished scanning non-system apps. Time: 16 ms, packageCount: 2 , timePerPackage: 8 , cached: 0
01-01 08:01:06.073 1124 1124 E PackageManager: updateAllSharedLibrariesLPw failed: Package com.qualcomm.embms requires unavailable shared library com.qualcomm.qcrilhook; failing!
01-01 08:01:06.073 1124 1124 E PackageManager: updateAllSharedLibrariesLPw failed: Package com.android.systemui requires unavailable shared library com.qti.extphone.extphonelib; failing!
01-01 08:01:06.073 1124 1124 E PackageManager: updateAllSharedLibrariesLPw failed: Package com.android.settings requires unavailable shared library com.qti.extphone.extphonelib; failing!
01-01 08:01:06.073 1124 1124 E PackageManager: updateAllSharedLibrariesLPw failed: Package com.qualcomm.qti.devicestatisticsservice requires unavailable shared library qti-telephony-hidl-wrapper-prd; failing!
01-01 08:01:06.073 1124 1124 E PackageManager: updateAllSharedLibrariesLPw failed: Package com.qti.snapdragon.qdcm_ff requires unavailable shared library vendor.display.color.V1_0.IDisplayColor; failing!
01-01 08:01:06.073 1124 1124 E PackageManager: updateAllSharedLibrariesLPw failed: Package com.qti.pasrservice requires unavailable shared library vendor.qti.power.pasrmanager.V1_0.IPasrManager; failing!
01-01 08:01:06.073 1124 1124 E PackageManager: updateAllSharedLibrariesLPw failed: Package com.qualcomm.wfd.service requires unavailable shared library .WfdService; failing!
01-01 08:01:06.075 1124 1124 I PackageManager: Time to scan packages: 0.42 seconds
01-01 08:01:06.075 1124 1124 I PackageManager: Permission ownership changed. Updating all permissions.
01-01 08:01:06.062 0 0 E msm-auxpcm-dev soc: qcom,msm-tert-auxpcm: ASoC: no source widget found for TERT_AUX_PCM_RX
01-01 08:01:06.071 0 0 E msm-auxpcm-dev soc: qcom,msm-tert-auxpcm: ASoC: Failed to add route TERT_AUX_PCM_RX -> direct -> Tert AUX PCM Playback
01-01 08:01:06.084 1124 1124 V PackageManager: reconcileAppsData for null u0 0x1 migrateAppData=true
01-01 08:01:06.084 0 0 E msm-auxpcm-dev soc: qcom,msm-tert-auxpcm: ASoC: no sink widget found for TERT_AUX_PCM_TX
01-01 08:01:06.093 0 0 E msm-auxpcm-dev soc: qcom,msm-tert-auxpcm: ASoC: Failed to add route Tert AUX PCM Capture -> direct -> TERT_AUX_PCM_TX
01-01 08:01:06.117 1124 1124 V PackageManager: reconcileAppsData finished 27 packages
01-01 08:01:06.117 1124 1124 I PackageManagerTiming: write settings
01-01 08:01:06.117 1124 1645 I SystemServerTimingAsync: InitThreadPoolExec:prepareAppData
01-01 08:01:06.117 1124 1645 D SystemServerInitThreadPool: Started executing prepareAppData
01-01 08:01:06.105 0 0 E msm-auxpcm-dev soc: qcom,msm-quat-auxpcm: ASoC: no source widget found for QUAT_AUX_PCM_RX
01-01 08:01:06.115 0 0 E msm-auxpcm-dev soc: qcom,msm-quat-auxpcm: ASoC: Failed to add route QUAT_AUX_PCM_RX -> direct -> Quat AUX PCM Playback
01-01 08:01:06.130 1124 1124 W PackageManager: Intent filter verifier not found
01-01 08:01:06.130 1124 1124 W PackageManager: Domain verification agent not found
01-01 08:01:06.131 1124 1124 D PackageManager: Ephemeral resolver NOT found; no matching intent filters
01-01 08:01:06.131 1124 1124 D PackageManager: Instant App installer not found with android.intent.action.INSTALL_INSTANT_APP_PACKAGE
01-01 08:01:06.131 1124 1124 D PackageManager: Clear ephemeral installer activity
01-01 08:01:06.133 1124 1124 I PackageManagerTiming: GC
01-01 08:01:06.133 1124 1124 I PackageManager: Fix for b/169414761 is applied
01-01 08:01:06.133 1124 1124 V UserManagerService: Checking that all system packages are whitelisted.
01-01 08:01:06.135 1124 1124 W UserManagerService: checkWhitelistedSystemPackages(mode=ENFORCE|IMPLICIT_WHITELIST|IMPLICIT_WHITELIST_SYSTEM) has 68 warnings:
01-01 08:01:06.135 1124 1124 W UserManagerService: com.android.internal.display.cutout.emulation.corner is allowlisted but not present.
01-01 08:01:06.135 1124 1124 W UserManagerService: com.android.internal.display.cutout.emulation.double is allowlisted but not present.
01-01 08:01:06.135 1124 1124 W UserManagerService: com.android.theme.color.amethyst is allowlisted but not present.
01-01 08:01:06.135 1124 1124 W UserManagerService: com.android.theme.icon.pebble is allowlisted but not present.
01-01 08:01:06.135 1124 1124 W UserManagerService: com.android.theme.color.sand is allowlisted but not present.
01-01 08:01:06.135 1124 1124 W UserManagerService: com.android.theme.icon.vessel is allowlisted but not present.
01-01 08:01:06.135 1124 1124 W UserManagerService: com.android.theme.color.cinnamon is allowlisted but not present.
01-01 08:01:06.135 1124 1124 W UserManagerService: com.android.theme.icon_pack.victor.settings is allowlisted but not present.
01-01 08:01:06.135 1124 1124 W UserManagerService: com.android.theme.icon_pack.rounded.systemui is allowlisted but not present.
01-01 08:01:06.135 1124 1124 W UserManagerService: com.android.theme.icon.taperedrect is allowlisted but not present.
01-01 08:01:06.135 1124 1124 W UserManagerService: com.android.theme.icon_pack.rounded.android is allowlisted but not present.
01-01 08:01:06.135 1124 1124 W UserManagerService: com.qualcomm.qti.euiccresource is allowlisted but not present.
01-01 08:01:06.135 1124 1124 W UserManagerService: com.qualcomm.qti.telephonyservice is allowlisted but not present.
01-01 08:01:06.135 1124 1124 W UserManagerService: com.android.theme.icon_pack.victor.systemui is allowlisted but not present.
01-01 08:01:06.135 1124 1124 W UserManagerService: com.android.theme.icon_pack.circular.themepicker is allowlisted but not present.
01-01 08:01:06.135 1124 1124 W UserManagerService: com.android.theme.color.tangerine is allowlisted but not present.
01-01 08:01:06.135 1124 1124 W UserManagerService: com.android.theme.color.aquamarine is allowlisted but not present.
01-01 08:01:06.135 1124 1124 W UserManagerService: com.android.internal.display.cutout.emulation.hole is allowlisted but not present.
01-01 08:01:06.135 1124 1124 W UserManagerService: com.android.internal.display.cutout.emulation.tall is allowlisted but not present.
01-01 08:01:06.135 1124 1124 W UserManagerService: com.android.theme.color.black is allowlisted but not present.
01-01 08:01:06.135 1124 1124 W UserManagerService: com.android.theme.color.green is allowlisted but not present.
01-01 08:01:06.135 1124 1124 W UserManagerService: com.android.theme.color.ocean is allowlisted but not present.
01-01 08:01:06.135 1124 1124 W UserManagerService: com.android.theme.color.space is allowlisted but not present.
01-01 08:01:06.135 1124 1124 W UserManagerService: com.android.internal.systemui.navbar.threebutton is allowlisted but not present.
01-01 08:01:06.135 1124 1124 W UserManagerService: com.qti.qualcomm.datastatusnotification is allowlisted but not present.
01-01 08:01:06.135 1124 1124 W UserManagerService: com.qualcomm.qti.callfeaturessetting is allowlisted but not present.
01-01 08:01:06.135 1124 1124 W UserManagerService: com.android.theme.icon_pack.rounded.launcher is allowlisted but not present.
01-01 08:01:06.135 1124 1124 W UserManagerService: com.qti.qualcomm.deviceinfo is allowlisted but not present.
01-01 08:01:06.135 1124 1124 W UserManagerService: com.android.theme.icon_pack.kai.settings is allowlisted but not present.
01-01 08:01:06.135 1124 1124 W UserManagerService: com.android.internal.systemui.navbar.twobutton is allowlisted but not present.
01-01 08:01:06.135 1124 1124 W UserManagerService: org.codeaurora.ims is allowlisted but not present.
01-01 08:01:06.135 1124 1124 W UserManagerService: com.android.theme.icon_pack.sam.settings is allowlisted but not present.
01-01 08:01:06.135 1124 1124 W UserManagerService: com.android.theme.icon_pack.kai.themepicker is allowlisted but not present.
01-01 08:01:06.135 1124 1124 W UserManagerService: com.qualcomm.qcrilmsgtunnel is allowlisted but not present.
01-01 08:01:06.135 1124 1124 W UserManagerService: com.android.theme.icon_pack.victor.launcher is allowlisted but not present.
01-01 08:01:06.135 1124 1124 W UserManagerService: com.android.theme.icon_pack.filled.settings is allowlisted but not present.
01-01 08:01:06.135 1124 1124 W UserManagerService: com.android.theme.icon_pack.kai.systemui is allowlisted but not present.
01-01 08:01:06.135 1124 1124 W UserManagerService: com.android.theme.icon_pack.circular.settings is allowlisted but not present.
01-01 08:01:06.135 1124 1124 W UserManagerService: com.qti.xdivert is allowlisted but not present.
01-01 08:01:06.135 1124 1124 W UserManagerService: com.android.theme.icon_pack.sam.systemui is allowlisted but not present.
01-01 08:01:06.135 1124 1124 W UserManagerService: com.android.theme.icon.teardrop is allowlisted but not present.
01-01 08:01:06.135 1124 1124 W UserManagerService: com.android.theme.icon_pack.rounded.themepicker is allowlisted but not present.
01-01 08:01:06.135 1124 1124 W UserManagerService: com.android.theme.icon_pack.filled.systemui is allowlisted but not present.
01-01 08:01:06.135 1124 1124 W UserManagerService: com.qualcomm.qti.imsiprivacy.tests is allowlisted but not present.
01-01 08:01:06.135 1124 1124 W UserManagerService: com.android.theme.icon_pack.sam.android is allowlisted but not present.
01-01 08:01:06.135 1124 1124 W UserManagerService: com.android.theme.icon_pack.filled.android is allowlisted but not present.
01-01 08:01:06.135 1124 1124 W UserManagerService: com.android.theme.icon_pack.circular.systemui is allowlisted but not present.
01-01 08:01:06.135 1124 1124 W UserManagerService: com.android.theme.icon_pack.kai.android is allowlisted but not present.
01-01 08:01:06.135 1124 1124 W UserManagerService: com.android.theme.icon_pack.kai.launcher is allowlisted but not present.
01-01 08:01:06.135 1124 1124 W UserManagerService: com.qualcomm.qti.sam.service is allowlisted but not present.
01-01 08:01:06.135 1124 1124 W UserManagerService: com.android.theme.icon_pack.sam.launcher is allowlisted but not present.
01-01 08:01:06.135 1124 1124 W UserManagerService: com.android.theme.icon.squircle is allowlisted but not present.
01-01 08:01:06.135 1124 1124 W UserManagerService: com.android.theme.icon_pack.victor.android is allowlisted but not present.
01-01 08:01:06.135 1124 1124 W UserManagerService: com.android.theme.color.palette is allowlisted but not present.
01-01 08:01:06.135 1124 1124 W UserManagerService: com.android.theme.icon_pack.filled.launcher is allowlisted but not present.
01-01 08:01:06.135 1124 1124 W UserManagerService: com.android.theme.color.carbon is allowlisted but not present.
01-01 08:01:06.135 1124 1124 W UserManagerService: com.android.theme.icon_pack.circular.launcher is allowlisted but not present.
01-01 08:01:06.135 1124 1124 W UserManagerService: com.android.theme.icon_pack.filled.themepicker is allowlisted but not present.
01-01 08:01:06.135 1124 1124 W UserManagerService: com.android.theme.icon_pack.victor.themepicker is allowlisted but not present.
01-01 08:01:06.135 1124 1124 W UserManagerService: com.android.theme.color.orchid is allowlisted but not present.
01-01 08:01:06.135 1124 1124 W UserManagerService: com.android.theme.color.purple is allowlisted but not present.
01-01 08:01:06.135 1124 1124 W UserManagerService: com.qualcomm.qti.confdialer is allowlisted but not present.
01-01 08:01:06.135 1124 1124 W UserManagerService: com.android.theme.icon_pack.sam.themepicker is allowlisted but not present.
01-01 08:01:06.135 1124 1124 W UserManagerService: com.qualcomm.atfwd is allowlisted but not present.
01-01 08:01:06.135 1124 1124 W UserManagerService: com.android.theme.icon.roundedrect is allowlisted but not present.
01-01 08:01:06.135 1124 1124 W UserManagerService: com.android.theme.icon_pack.rounded.settings is allowlisted but not present.
01-01 08:01:06.135 1124 1124 W UserManagerService: org.codeaurora.qti.nrNetworkSettingApp is allowlisted but not present.
01-01 08:01:06.135 1124 1124 W UserManagerService: com.android.theme.icon_pack.circular.android is allowlisted but not present.
01-01 08:01:06.136 1124 1124 I Watchdog: Resuming HandlerChecker: main thread for reason: packagemanagermain. Pause count: 0
01-01 08:01:06.136 1124 1124 I SystemServerDexLoadReporter: Configuring system server dex reporter
01-01 08:01:06.138 1124 1124 I SystemServerTiming: StartOtaDexOptService
01-01 08:01:06.138 1124 1124 I Watchdog: Pausing HandlerChecker: main thread for reason: moveab. Pause count: 1
01-01 08:01:06.138 1124 1124 D OTADexopt: No upgrade, skipping A/B artifacts check.
01-01 08:01:06.138 1124 1124 I Watchdog: Resuming HandlerChecker: main thread for reason: moveab. Pause count: 0
01-01 08:01:06.138 1124 1124 I SystemServerTiming: StartUserManagerService
01-01 08:01:06.138 1124 1124 I SystemServiceManager: Starting com.android.server.pm.UserManagerService$LifeCycle
01-01 08:01:06.139 1124 1124 I SystemServerTiming: InitAttributerCache
01-01 08:01:06.139 1124 1124 I SystemServerTiming: SetSystemProcess
01-01 08:01:06.141 1124 1548 I ActivityManager: Connection with lmkd established
01-01 08:01:06.142 1124 1124 I SystemServerTiming: InitWatchdog
01-01 08:01:06.143 1124 1124 I SystemServerTiming: StartOverlayManagerService
01-01 08:01:06.144 1124 1165 V HistoricalRegistry: Interaction before persistence initialized
01-01 08:01:06.127 0 0 E msm-auxpcm-dev soc: qcom,msm-quat-auxpcm: ASoC: no sink widget found for QUAT_AUX_PCM_TX
01-01 08:01:06.136 0 0 E msm-auxpcm-dev soc: qcom,msm-quat-auxpcm: ASoC: Failed to add route Quat AUX PCM Capture -> direct -> QUAT_AUX_PCM_TX
01-01 08:01:06.145 0 0 I init : Control message: Processed ctl.start for 'idmap2d' from pid: 1124 (system_server)
01-01 08:01:06.167 1124 1521 W ActivityTaskManager: Skip updateConfiguration because mWindowManager isn't set
01-01 08:01:06.170 1124 1124 I SystemServerTiming: StartSensorPrivacyService
01-01 08:01:06.149 0 0 E msm-auxpcm-dev soc: qcom,msm-quin-auxpcm: ASoC: no source widget found for QUIN_AUX_PCM_RX
01-01 08:01:06.158 0 0 E msm-auxpcm-dev soc: qcom,msm-quin-auxpcm: ASoC: Failed to add route QUIN_AUX_PCM_RX -> direct -> Quin AUX PCM Playback
01-01 08:01:06.172 1124 1124 I SystemServerTiming: StartThunderBoostPerfService
01-01 08:01:06.172 1124 1124 I SystemServerTiming: StartSensorService
01-01 08:01:06.172 1124 1124 I SystemServiceManager: Starting com.android.server.sensors.SensorService
01-01 08:01:06.172 1124 1124 I SystemServerTiming: startCoreServices
01-01 08:01:06.172 1124 1124 I SystemServerTiming: StartSystemConfigService
01-01 08:01:06.172 1124 1124 I SystemServiceManager: Starting com.android.server.SystemConfigService
01-01 08:01:06.172 1124 1650 I SystemServerTimingAsync: InitThreadPoolExec:StartNativeSensorService
01-01 08:01:06.172 1124 1650 D SystemServerInitThreadPool: Started executing StartNativeSensorService
01-01 08:01:06.172 1124 1124 I SystemServerTiming: StartBatteryService
01-01 08:01:06.172 1124 1124 I SystemServiceManager: Starting com.android.server.BatteryService
01-01 08:01:06.173 1124 1650 I SystemServerTimingAsync: StartNativeSensorService
01-01 08:01:06.171 0 0 E msm-auxpcm-dev soc: qcom,msm-quin-auxpcm: ASoC: no sink widget found for QUIN_AUX_PCM_TX
01-01 08:01:06.174 0 0 E init : Control message: Could not find 'android.hardware.sensors@2.0::ISensors/default' for ctl.interface_start from pid: 509 (/system/bin/hwservicemanager)
01-01 08:01:06.174 0 0 E HL6111R : is_dc_online: DC psy unavailable
01-01 08:01:06.175 0 0 E HL6111R : is_dc_online: DC psy unavailable
01-01 08:01:06.175 0 0 W healthd : battery none chg=
01-01 08:01:06.175 0 0 E HL6111R : is_dc_online: DC psy unavailable
01-01 08:01:06.180 0 0 E msm-auxpcm-dev soc: qcom,msm-quin-auxpcm: ASoC: Failed to add route Quin AUX PCM Capture -> direct -> QUIN_AUX_PCM_TX
01-01 08:01:06.180 0 0 E msm-auxpcm-dev soc: qcom,msm-sen-auxpcm: ASoC: no source widget found for SEN_AUX_PCM_RX
01-01 08:01:06.196 0 0 E init : Control message: Could not find 'android.hardware.sensors@2.0::ISensors/default' for ctl.interface_start from pid: 509 (/system/bin/hwservicemanager)
01-01 08:01:06.196 0 0 E HL6111R : is_dc_online: DC psy unavailable
01-01 08:01:06.196 1124 1124 I HealthServiceWrapper: health: HealthServiceWrapper listening to instance default
01-01 08:01:06.196 1124 1124 I BatteryService: health: Waited 0ms and received the update.
01-01 08:01:06.196 1230 1654 I storaged: storaged: Start
01-01 08:01:06.197 1124 1124 I SystemServerTiming: StartUsageService
01-01 08:01:06.197 1124 1124 I SystemServiceManager: Starting com.android.server.usage.UsageStatsService
01-01 08:01:06.199 1124 1124 I SystemServerTiming: StartWebViewUpdateService
01-01 08:01:06.199 1124 1124 I SystemServiceManager: Starting com.android.server.webkit.WebViewUpdateService
01-01 08:01:06.200 1124 1124 I SystemServerTiming: StartCachedDeviceStateService
01-01 08:01:06.200 1124 1124 I SystemServiceManager: Starting com.android.server.CachedDeviceStateService
01-01 08:01:06.200 1124 1124 I SystemServerTiming: StartBinderCallsStatsService
01-01 08:01:06.200 1124 1124 I SystemServiceManager: Starting com.android.server.BinderCallsStatsService$LifeCycle
01-01 08:01:06.200 1124 1124 I SystemServerTiming: StartLooperStatsService
01-01 08:01:06.200 1124 1124 I SystemServiceManager: Starting com.android.server.LooperStatsService$Lifecycle
01-01 08:01:06.200 1124 1124 I SystemServerTiming: StartRollbackManagerService
01-01 08:01:06.200 1124 1124 I SystemServiceManager: Starting com.android.server.rollback.RollbackManagerService
01-01 08:01:06.201 1124 1124 I PackageWatchdog: Syncing state, reason: added new observer
01-01 08:01:06.201 1124 1124 I PackageWatchdog: Not pruning observers, elapsed time: 0ms
01-01 08:01:06.201 1124 1541 I PackageWatchdog: Saving observer state to file
01-01 08:01:06.202 1124 1124 I SystemServerTiming: StartNativeTombstoneManagerService
01-01 08:01:06.202 1124 1124 I SystemServiceManager: Starting com.android.server.os.NativeTombstoneManagerService
01-01 08:01:06.202 1124 1124 I SystemServerTiming: StartBugreportManagerService
01-01 08:01:06.202 1124 1124 I SystemServiceManager: Starting com.android.server.os.BugreportManagerService
01-01 08:01:06.202 1124 1124 I SystemServerTiming: GpuService
01-01 08:01:06.202 1124 1124 I SystemServiceManager: Starting com.android.server.gpu.GpuService
01-01 08:01:06.202 1124 1124 I SystemServerTiming: startOtherServices
01-01 08:01:06.203 1124 1124 I SystemServerTiming: StartKeyAttestationApplicationIdProviderService
01-01 08:01:06.203 1124 1661 I SystemServerTimingAsync: InitThreadPoolExec:SecondaryZygotePreload
01-01 08:01:06.203 1124 1661 D SystemServerInitThreadPool: Started executing SecondaryZygotePreload
01-01 08:01:06.203 1124 1661 I SystemServer: SecondaryZygotePreload
01-01 08:01:06.203 1124 1661 I SystemServerTimingAsync: SecondaryZygotePreload
01-01 08:01:06.203 1124 1124 I SystemServerTiming: StartKeyChainSystemService
01-01 08:01:06.203 1124 1124 I SystemServiceManager: Starting com.android.server.security.KeyChainSystemService
01-01 08:01:06.203 1124 1124 I SystemServerTiming: StartSchedulingPolicyService
01-01 08:01:06.203 1124 1124 I SystemServerTiming: StartTelecomLoaderService
01-01 08:01:06.203 1124 1662 I SystemServerTimingAsync: InitThreadPoolExec:SchedulingPolicyService.
01-01 08:01:06.203 1124 1124 I SystemServiceManager: Starting com.android.server.telecom.TelecomLoaderService
01-01 08:01:06.203 1124 1662 D SystemServerInitThreadPool: Started executing SchedulingPolicyService.
01-01 08:01:06.204 1124 1124 I SystemServerTiming: StartTelephonyRegistry
01-01 08:01:06.204 1124 1124 I SystemServerTiming: StartEntropyMixer
01-01 08:01:06.204 1124 1124 I EntropyMixer: Writing entropy...
01-01 08:01:06.206 1124 1124 I SystemServerTiming: StartAccountManagerService
01-01 08:01:06.206 1124 1124 I SystemServiceManager: Starting com.android.server.accounts.AccountManagerService$Lifecycle
01-01 08:01:06.209 1124 1662 D SystemServerInitThreadPool: Finished executing SchedulingPolicyService.
01-01 08:01:06.201 0 0 E msm-auxpcm-dev soc: qcom,msm-sen-auxpcm: ASoC: Failed to add route SEN_AUX_PCM_RX -> direct -> Sen AUX PCM Playback
01-01 08:01:06.201 0 0 E msm-auxpcm-dev soc: qcom,msm-sen-auxpcm: ASoC: no sink widget found for SEN_AUX_PCM_TX
01-01 08:01:06.218 1124 1124 I SystemServerTiming: StartContentService
01-01 08:01:06.218 1124 1124 I SystemServiceManager: Starting com.android.server.content.ContentService$Lifecycle
01-01 08:01:06.219 1124 1124 I SystemServerTiming: InstallSystemProviders
01-01 08:01:06.242 1124 1543 D ActivityManager: Freezer enabled
01-01 08:01:06.242 1124 1543 D ActivityManager: freezer override set to false
01-01 08:01:06.243 1124 1124 I SystemServerTiming: StartDropBoxManager
01-01 08:01:06.243 1124 1124 I SystemServiceManager: Starting com.android.server.DropBoxManagerService
01-01 08:01:06.244 1124 1124 I SystemServerTiming: StartRoleManagerService
01-01 08:01:06.244 1124 1124 I SystemServiceManager: Starting com.android.role.RoleService
01-01 08:01:06.245 1124 1124 I SystemServerTiming: StartVibratorManagerService
01-01 08:01:06.246 1124 1124 I SystemServiceManager: Starting com.android.server.vibrator.VibratorManagerService$Lifecycle
01-01 08:01:06.248 1124 1124 I SystemServerTiming: StartDynamicSystemService
01-01 08:01:06.249 1124 1124 I SystemServerTiming: StartConsumerIrService
01-01 08:01:06.249 1124 1124 I SystemServerTiming: StartAlarmManagerService
01-01 08:01:06.249 1124 1124 I SystemServiceManager: Starting com.android.server.alarm.AlarmManagerService
01-01 08:01:06.254 1124 1645 I PackageManager: Deferred reconcileAppsData finished 110 packages
01-01 08:01:06.254 1124 1645 D SystemServerInitThreadPool: Finished executing prepareAppData
01-01 08:01:06.257 1124 1124 I AlarmManager: Current time only 66257, advancing to build time 1679955212000
03-28 06:13:32.008 1124 1124 I SystemServerTiming: StartInputManagerService
03-28 06:13:32.008 1124 1124 I InputManager: Initializing input manager, mUseDevInputEventForAudioJack=true
03-28 06:13:32.012 1124 1124 I SystemServerTiming: DeviceStateManagerService
03-28 06:13:32.012 1124 1124 I SystemServiceManager: Starting com.android.server.devicestate.DeviceStateManagerService
01-01 08:01:06.274 0 0 E msm-auxpcm-dev soc: qcom,msm-sen-auxpcm: ASoC: Failed to add route Sen AUX PCM Capture -> direct -> SEN_AUX_PCM_TX
01-01 08:01:06.286 0 0 W msm-dai-q6-hdmi soc: qcom,msm-dai-q6-dp: DAI driver id is not set
01-01 08:01:06.289 0 0 E init : Control message: Could not find 'android.frameworks.sensorservice@1.0::ISensorManager/default' for ctl.interface_start from pid: 509 (/system/bin/hwservicemanager)
01-01 08:01:06.306 0 0 E init : Control message: Could not find 'android.frameworks.sensorservice@1.0::ISensorManager/default' for ctl.interface_start from pid: 509 (/system/bin/hwservicemanager)
01-01 08:01:06.430 0 0 I msm_vidc: err : ffffffff: .....: DBLP Set: status 0
03-28 06:13:32.294 1124 1650 D SystemServerInitThreadPool: Finished executing StartNativeSensorService
01-01 08:01:06.555 0 0 E bolero-codec soc: qcom,msm-audio-apr:qcom,q6core-audio:bolero-cdc: ASoC: unknown pin WSA AIF VI
03-28 06:13:32.314 1124 1124 I SystemServerTiming: StartCameraServiceProxy
03-28 06:13:32.314 1124 1124 I SystemServiceManager: Starting com.android.server.camera.CameraServiceProxy
03-28 06:13:32.314 1124 1124 I SystemServerTiming: StartWindowManagerService
03-28 06:13:32.314 1124 1124 I SystemServiceManager: Starting phase 200
03-28 06:13:32.314 1124 1124 I SystemServerTiming: OnBootPhase_200
03-28 06:13:32.314 1124 1124 I SystemServerTiming: OnBootPhase_200_com.android.server.security.FileIntegrityService
03-28 06:13:32.314 1124 1124 I SystemServerTiming: OnBootPhase_200_com.android.server.pm.Installer
03-28 06:13:32.314 1124 1124 I SystemServerTiming: OnBootPhase_200_com.android.server.os.DeviceIdentifiersPolicyService
03-28 06:13:32.314 1124 1124 I SystemServerTiming: OnBootPhase_200_com.android.server.uri.UriGrantsManagerService$Lifecycle
03-28 06:13:32.314 1124 1124 I SystemServerTiming: OnBootPhase_200_com.android.server.powerstats.PowerStatsService
03-28 06:13:32.314 1124 1124 I SystemServerTiming: OnBootPhase_200_com.android.server.wm.ActivityTaskManagerService$Lifecycle
03-28 06:13:32.315 1124 1124 I SystemServerTiming: OnBootPhase_200_com.android.server.am.ActivityManagerService$Lifecycle
03-28 06:13:32.315 1124 1124 I SystemServerTiming: OnBootPhase_200_com.android.server.pm.DataLoaderManagerService
03-28 06:13:32.315 1124 1124 I SystemServerTiming: OnBootPhase_200_com.android.server.power.PowerManagerService
03-28 06:13:32.315 1124 1124 I SystemServerTiming: OnBootPhase_200_com.android.server.power.ThermalManagerService
03-28 06:13:32.315 1124 1124 I SystemServerTiming: OnBootPhase_200_com.android.server.power.hint.HintManagerService
03-28 06:13:32.315 1124 1124 I SystemServerTiming: OnBootPhase_200_com.android.server.recoverysystem.RecoverySystemService$Lifecycle
03-28 06:13:32.315 1124 1124 I SystemServerTiming: OnBootPhase_200_com.android.server.lights.LightsService
03-28 06:13:32.315 1124 1124 I SystemServerTiming: OnBootPhase_200_com.android.server.display.DisplayManagerService
03-28 06:13:32.315 1124 1124 I SystemServerTiming: OnBootPhase_200_com.android.server.pm.verify.domain.DomainVerificationService
03-28 06:13:32.315 1124 1124 I SystemServerTiming: OnBootPhase_200_com.android.server.pm.PackageInstallerService$Lifecycle
03-28 06:13:32.315 1124 1124 I SystemServerTiming: OnBootPhase_200_com.android.server.pm.UserManagerService$LifeCycle
03-28 06:13:32.315 1124 1124 I SystemServerTiming: OnBootPhase_200_com.android.server.om.OverlayManagerService
03-28 06:13:32.315 1124 1124 I SystemServerTiming: OnBootPhase_200_com.android.server.SensorPrivacyService
03-28 06:13:32.315 1124 1124 I SystemServerTiming: OnBootPhase_200_com.android.server.thunderperf.ThunderBoostPerfService
03-28 06:13:32.315 1124 1124 I SystemServerTiming: OnBootPhase_200_com.android.server.sensors.SensorService
03-28 06:13:32.315 1124 1124 I SystemServerTiming: OnBootPhase_200_com.android.server.SystemConfigService
03-28 06:13:32.315 1124 1124 I SystemServerTiming: OnBootPhase_200_com.android.server.BatteryService
03-28 06:13:32.315 1124 1124 I SystemServerTiming: OnBootPhase_200_com.android.server.usage.UsageStatsService
03-28 06:13:32.315 1124 1124 I SystemServerTiming: OnBootPhase_200_com.android.server.webkit.WebViewUpdateService
03-28 06:13:32.315 1124 1124 I SystemServerTiming: OnBootPhase_200_com.android.server.CachedDeviceStateService
03-28 06:13:32.315 1124 1124 I SystemServerTiming: OnBootPhase_200_com.android.server.BinderCallsStatsService$LifeCycle
03-28 06:13:32.315 1124 1124 I SystemServerTiming: OnBootPhase_200_com.android.server.LooperStatsService$Lifecycle
03-28 06:13:32.315 1124 1124 I SystemServerTiming: OnBootPhase_200_com.android.server.rollback.RollbackManagerService
03-28 06:13:32.315 1124 1124 I SystemServerTiming: OnBootPhase_200_com.android.server.os.NativeTombstoneManagerService
03-28 06:13:32.315 1124 1124 I SystemServerTiming: OnBootPhase_200_com.android.server.os.BugreportManagerService
03-28 06:13:32.315 1124 1124 I SystemServerTiming: OnBootPhase_200_com.android.server.gpu.GpuService
03-28 06:13:32.315 1124 1124 I SystemServerTiming: OnBootPhase_200_com.android.server.security.KeyChainSystemService
03-28 06:13:32.315 1124 1124 I SystemServerTiming: OnBootPhase_200_com.android.server.telecom.TelecomLoaderService
03-28 06:13:32.315 1124 1124 I SystemServerTiming: OnBootPhase_200_com.android.server.accounts.AccountManagerService$Lifecycle
03-28 06:13:32.315 1124 1124 I SystemServerTiming: OnBootPhase_200_com.android.server.content.ContentService$Lifecycle
03-28 06:13:32.315 1124 1124 I SystemServerTiming: OnBootPhase_200_com.android.server.DropBoxManagerService
03-28 06:13:32.315 1124 1124 I SystemServerTiming: OnBootPhase_200_com.android.role.RoleService
03-28 06:13:32.315 1124 1124 I SystemServerTiming: OnBootPhase_200_com.android.server.vibrator.VibratorManagerService$Lifecycle
03-28 06:13:32.315 1124 1124 I SystemServerTiming: OnBootPhase_200_com.android.server.alarm.AlarmManagerService
03-28 06:13:32.315 1124 1124 I SystemServerTiming: OnBootPhase_200_com.android.server.devicestate.DeviceStateManagerService
03-28 06:13:32.315 1124 1124 I SystemServerTiming: OnBootPhase_200_com.android.server.camera.CameraServiceProxy
03-28 06:13:32.315 1124 1124 I WindowManager: No existing display settings, starting empty
03-28 06:13:32.315 1124 1124 I WindowManager: No existing display settings, starting empty
03-28 06:13:32.320 1124 1124 I SystemServerTiming: SetWindowManagerService
03-28 06:13:32.332 1124 1124 I ActivityTaskManager: Loaded persisted task ids for user 0
03-28 06:13:32.333 1124 1124 I SystemServerTiming: WindowManagerServiceOnInitReady
03-28 06:13:32.336 1124 1124 I SystemServerTiming: StartInputManager
03-28 06:13:32.337 1124 1124 I InputManager: Starting input manager
03-28 06:13:32.337 1124 1692 I SystemServerTimingAsync: InitThreadPoolExec:StartHidlServices
03-28 06:13:32.337 1124 1692 D SystemServerInitThreadPool: Started executing StartHidlServices
03-28 06:13:32.337 1124 1692 I SystemServerTimingAsync: StartHidlServices
03-28 06:13:32.338 1124 1124 I SystemServerTiming: DisplayManagerWindowManagerAndInputReady
03-28 06:13:32.338 1124 1124 I SystemServerTiming: StartBluetoothService
03-28 06:13:32.338 1124 1524 I LogicalDisplayMapper: Requesting Transition to state: 0
01-01 08:01:06.573 0 0 E kona-asoc-snd soc: qcom,msm-audio-apr:qcom,q6core-audio:sound: ASoC: no source widget found for MIC BIAS1
01-01 08:01:06.584 0 0 E kona-asoc-snd soc: qcom,msm-audio-apr:qcom,q6core-audio:sound: ASoC: Failed to add route MIC BIAS1 -> direct -> AMIC1
