03-28 06:13:41.687 1124 2148 D CompatibilityChangeReporter: Compat change id reported: 135634846; UID 10090; state: DISABLED
03-28 06:13:41.687 1124 1726 I GameModeConfig: isGameModeOn = false
03-28 06:13:41.687 1124 2148 D CompatibilityChangeReporter: Compat change id reported: 177438394; UID 10090; state: DISABLED
03-28 06:13:41.687 1124 2148 D CompatibilityChangeReporter: Compat change id reported: 135772972; UID 10090; state: DISABLED
03-28 06:13:41.688 1124 2148 D CompatibilityChangeReporter: Compat change id reported: 135754954; UID 10090; state: DISABLED
03-28 06:13:41.688 1124 1544 D CompatibilityChangeReporter: Compat change id reported: 143937733; UID 10090; state: DISABLED
03-28 06:13:41.693 1124 1124 I Telecom : BluetoothDeviceManager: Got BluetoothHeadset: com.android.server.telecom.BluetoothHeadsetProxy@efed09e: BMSL.oSC@ABk
03-28 06:13:41.698 1124 1544 I ActivityManager: Start proc 3763:com.android.permissioncontroller/u0a90 for broadcast {com.android.permissioncontroller/com.android.permissioncontroller.permission.service.LocationAccessCheck$SetupPeriodicBackgroundLocationAccessCheck}
01-01 08:01:15.979 0 0 I binder : 3763:3763 ioctl 40046210 7fc521bc34 returned -22
03-28 06:13:41.731 1124 2148 D CompatibilityChangeReporter: Compat change id reported: 168419799; UID 10090; state: DISABLED
03-28 06:13:41.858 1124 2148 D CompatibilityChangeReporter: Compat change id reported: 135634846; UID 10019; state: DISABLED
03-28 06:13:41.858 1124 2148 D CompatibilityChangeReporter: Compat change id reported: 177438394; UID 10019; state: DISABLED
03-28 06:13:41.858 1124 2148 D CompatibilityChangeReporter: Compat change id reported: 135772972; UID 10019; state: DISABLED
03-28 06:13:41.859 1124 2148 D CompatibilityChangeReporter: Compat change id reported: 135754954; UID 10019; state: ENABLED
03-28 06:13:41.859 1124 1544 D CompatibilityChangeReporter: Compat change id reported: 143937733; UID 10019; state: ENABLED
03-28 06:13:41.870 1124 1544 I ActivityManager: Start proc 3787:com.android.providers.calendar/u0a19 for broadcast {com.android.providers.calendar/com.android.providers.calendar.CalendarReceiver}
01-01 08:01:16.147 0 0 I binder : 3787:3787 ioctl 40046210 7fc521bc34 returned -22
03-28 06:13:41.896 1124 2148 D CompatibilityChangeReporter: Compat change id reported: 168419799; UID 10019; state: DISABLED
03-28 06:13:41.907 1124 2148 W OverlayManager: service 'idmap' died
01-01 08:01:16.168 0 0 I libprocessgroup: Successfully killed process cgroup uid 1000 pid 1205 in 5ms
01-01 08:01:16.169 0 0 I init : Control message: Processed ctl.stop for 'idmap2d' from pid: 1124 (system_server)
01-01 08:01:16.170 0 0 I init : Service 'idmap2d' (pid 1205) received signal 9
03-28 06:13:41.959 1124 2004 D CompatibilityChangeReporter: Compat change id reported: 143231523; UID 10019; state: DISABLED
03-28 06:13:41.960 1124 2148 D CompatibilityChangeReporter: Compat change id reported: 171306433; UID 10019; state: ENABLED
03-28 06:13:42.008 1124 2004 I ActivityManager: com.android.shell is exempt from freezer
03-28 06:13:42.009 1124 2004 D CompatibilityChangeReporter: Compat change id reported: 135634846; UID 2000; state: DISABLED
03-28 06:13:42.009 1124 2004 D CompatibilityChangeReporter: Compat change id reported: 177438394; UID 2000; state: DISABLED
03-28 06:13:42.009 1124 2004 D CompatibilityChangeReporter: Compat change id reported: 135772972; UID 2000; state: DISABLED
03-28 06:13:42.009 1124 2004 D CompatibilityChangeReporter: Compat change id reported: 135754954; UID 2000; state: ENABLED
03-28 06:13:42.028 1124 1544 I ActivityManager: Start proc 3809:com.android.shell/2000 for broadcast {com.android.shell/com.android.shell.HeapDumpReceiver}
01-01 08:01:16.314 0 0 I binder : 3809:3809 ioctl 40046210 7fc521bc34 returned -22
03-28 06:13:42.061 1124 2004 D CompatibilityChangeReporter: Compat change id reported: 168419799; UID 2000; state: DISABLED
03-28 06:13:42.107 1124 2004 W BroadcastQueue: Permission Denial: receiving Intent { act=android.intent.action.BOOT_COMPLETED flg=0x89000010 (has extras) } to com.baidu.input/.directboot.DirectBootReceiver requires android.permission.RECEIVE_BOOT_COMPLETED due to sender null (uid 1000)
03-28 06:13:42.109 1124 1543 W BroadcastQueue: Permission Denial: receiving Intent { act=android.intent.action.BOOT_COMPLETED flg=0x89000010 (has extras) } to com.baidu.input/.switchguide.InputMethodChangedReceiver requires android.permission.RECEIVE_BOOT_COMPLETED due to sender null (uid 1000)
03-28 06:13:42.110 1124 1543 D CompatibilityChangeReporter: Compat change id reported: 168419799; UID 10082; state: DISABLED
03-28 06:13:42.127 1124 2004 D CompatibilityChangeReporter: Compat change id reported: 149924527; UID 10082; state: ENABLED
03-28 06:13:42.127 1124 2004 D CompatibilityChangeReporter: Compat change id reported: 132649864; UID 10082; state: DISABLED
03-28 06:13:42.129 2949 2949 W ContextImpl: Calling a method in the system process without a qualified user: android.app.ContextImpl.startService:1816 android.content.ContextWrapper.startService:774 com.hryt.hiphishowfsecontrol.mce_app.broadcasts.FseReceiver.onReceive:49 android.app.ActivityThread.handleReceiver:4309 android.app.ActivityThread.access$1600:248
03-28 06:13:42.134 1124 2148 D CompatibilityChangeReporter: Compat change id reported: 135634846; UID 10072; state: DISABLED
03-28 06:13:42.134 1124 2148 D CompatibilityChangeReporter: Compat change id reported: 177438394; UID 10072; state: DISABLED
03-28 06:13:42.134 1124 2148 D CompatibilityChangeReporter: Compat change id reported: 135772972; UID 10072; state: DISABLED
03-28 06:13:42.134 1124 2148 D CompatibilityChangeReporter: Compat change id reported: 135754954; UID 10072; state: ENABLED
03-28 06:13:42.134 1124 1544 D CompatibilityChangeReporter: Compat change id reported: 143937733; UID 10072; state: ENABLED
03-28 06:13:42.152 1124 1544 I ActivityManager: Start proc 3829:com.qti.ltebc/u0a72 for broadcast {com.qti.ltebc/com.qualcomm.ltebc.LTEBroadcastBootReceiver}
01-01 08:01:16.418 0 0 I binder : 3829:3829 ioctl 40046210 7fc521bc34 returned -22
03-28 06:13:42.164 1124 2148 D CompatibilityChangeReporter: Compat change id reported: 168419799; UID 10072; state: DISABLED
03-28 06:13:42.372 2896 3851 E ActivityThread: Failed to find provider info for com.tcl.xian.StartandroidService.MyContentProvider
03-28 06:13:42.495 1124 1124 I Telecom : WiredHeadsetManager: ACTION_HEADSET_PLUG event, plugged in: false, : WHC.oADA@ABo
01-01 08:01:16.757 0 0 E DTC_Display: screen not ready(0)
03-28 06:13:42.590 1124 2004 D CompatibilityChangeReporter: Compat change id reported: 168419799; UID 10052; state: DISABLED
03-28 06:13:42.594 1124 2004 D CompatibilityChangeReporter: Compat change id reported: 171306433; UID 10072; state: ENABLED
03-28 06:13:42.596 1124 2122 D CompatibilityChangeReporter: Compat change id reported: 168419799; UID 10073; state: DISABLED
03-28 06:13:42.604 1124 2122 D CompatibilityChangeReporter: Compat change id reported: 168419799; UID 10068; state: DISABLED
03-28 06:13:42.606 1124 2004 D CompatibilityChangeReporter: Compat change id reported: 168419799; UID 10086; state: DISABLED
03-28 06:13:42.613 1124 2122 D CompatibilityChangeReporter: Compat change id reported: 168419799; UID 10084; state: DISABLED
03-28 06:13:42.619 1124 2122 D CompatibilityChangeReporter: Compat change id reported: 135634846; UID 10055; state: DISABLED
03-28 06:13:42.620 1124 1544 D CompatibilityChangeReporter: Compat change id reported: 143937733; UID 10055; state: DISABLED
03-28 06:13:42.625 1124 1544 I ActivityManager: Start proc 3886:com.qualcomm.qti.qms.service.connectionsecurity/u0a55 for broadcast {com.qualcomm.qti.qms.service.connectionsecurity/com.qualcomm.qti.qms.service.connectionsecurity.ConnSecBroadcastReceiver}
03-28 06:13:42.630 1124 2122 I ActivityManager: Process com.qti.ltebc (pid 3829) has died: cch+5 CEM
01-01 08:01:16.897 0 0 I binder : 3886:3886 ioctl 40046210 ffad80c8 returned -22
03-28 06:13:42.643 1124 2122 D CompatibilityChangeReporter: Compat change id reported: 168419799; UID 10055; state: DISABLED
03-28 06:13:42.699 1124 2004 D CompatibilityChangeReporter: Compat change id reported: 168419799; UID 10083; state: DISABLED
01-01 08:01:16.959 0 0 I binder : 3015:3015 ioctl 40046210 7fc521b2e4 returned -22
03-28 06:13:42.705 1124 2004 D CompatibilityChangeReporter: Compat change id reported: 168419799; UID 10080; state: DISABLED
01-01 08:01:16.990 0 0 I [schedu][0x213e41ca][06:13:42.732237] wlan: [3610:I:OSIF] vdev 0, scan id 40961 type COMPLETED(1) reason COMPLETED(1) scan found 50 bss
03-28 06:13:42.740 1124 2122 I ActivityManager: Finished processing BOOT_COMPLETED for u0
03-28 06:13:42.740 1124 2122 W BroadcastQueue: Background execution not allowed: receiving Intent { act=android.intent.action.INPUT_METHOD_CHANGED flg=0x20000010 (has extras) } to com.baidu.input/.switchguide.InputMethodChangedReceiver
03-28 06:13:42.741 1124 1543 D CompatibilityChangeReporter: Compat change id reported: 135634846; UID 10021; state: DISABLED
03-28 06:13:42.741 1124 1543 D CompatibilityChangeReporter: Compat change id reported: 177438394; UID 10021; state: DISABLED
03-28 06:13:42.741 1124 1543 D CompatibilityChangeReporter: Compat change id reported: 135772972; UID 10021; state: DISABLED
03-28 06:13:42.741 1124 1543 D CompatibilityChangeReporter: Compat change id reported: 135754954; UID 10021; state: ENABLED
03-28 06:13:42.742 1124 1544 D CompatibilityChangeReporter: Compat change id reported: 143937733; UID 10021; state: ENABLED
03-28 06:13:42.749 1124 1544 I ActivityManager: Start proc 3912:com.android.externalstorage/u0a21 for broadcast {com.android.externalstorage/com.android.externalstorage.MountReceiver}
03-28 06:13:42.755 2166 2166 W ContextImpl: Calling a method in the system process without a qualified user: android.app.ContextImpl.startService:1816 android.content.ContextWrapper.startService:774 com.thundercomm.gamemode.ingame.services.GameModeActionUtils.startGameModeService:118 com.thundercomm.gamemode.ingame.services.GameModeActionUtils.startGameModeEntry:29 com.thundercomm.gamemode.ingame.services.ActivityMonitoringService$1.onActivityLaunch:140
01-01 08:01:17.016 0 0 I binder : 2166:2166 ioctl 40046210 7fc521a774 returned -22
03-28 06:13:42.757 1124 1124 I GameModeConfig: Current uri is uri = content://com.thundercomm.gamemode.api/gamemode_settings/gamemode_isgaming
03-28 06:13:42.759 1124 1124 I GameModeConfig: isGameModeOn = false
03-28 06:13:42.760 1124 1124 I GameModeConfig: isGameModeOn = false
03-28 06:13:42.760 1124 1124 I GameModeConfig: isDisableVoice = true
03-28 06:13:42.761 1124 1726 I GameModeConfig: isGameModeOn = false
03-28 06:13:42.761 1124 1726 I GameModeConfig: isGameModeOn = false
01-01 08:01:17.020 0 0 I binder : 3912:3912 ioctl 40046210 7fc521bc34 returned -22
03-28 06:13:42.767 1124 2123 D CompatibilityChangeReporter: Compat change id reported: 168419799; UID 10021; state: DISABLED
03-28 06:13:42.834 1124 2122 D CompatibilityChangeReporter: Compat change id reported: 135634846; UID 10072; state: DISABLED
03-28 06:13:42.834 1124 2122 D CompatibilityChangeReporter: Compat change id reported: 177438394; UID 10072; state: DISABLED
03-28 06:13:42.834 1124 2122 D CompatibilityChangeReporter: Compat change id reported: 135772972; UID 10072; state: DISABLED
03-28 06:13:42.834 1124 2122 D CompatibilityChangeReporter: Compat change id reported: 135754954; UID 10072; state: ENABLED
03-28 06:13:42.835 1124 1544 D CompatibilityChangeReporter: Compat change id reported: 143937733; UID 10072; state: ENABLED
03-28 06:13:42.841 1124 1544 I ActivityManager: Start proc 3937:com.qti.ltebc/u0a72 for broadcast {com.qti.ltebc/com.qualcomm.ltebc.LTEBroadcastReceiver}
01-01 08:01:17.121 0 0 I binder : 3937:3937 ioctl 40046210 7fc521bc34 returned -22
03-28 06:13:42.867 1124 2003 D CompatibilityChangeReporter: Compat change id reported: 168419799; UID 10072; state: DISABLED
01-01 08:01:17.137 0 0 I [schedu][0x21695236][06:13:42.879229] wlan: [3610:I:HIF] Deinitializing Runtime PM wakelock &vdev->vdev_set_key_runtime_wakelock
01-01 08:01:17.137 0 0 I [schedu][0x216973a9][06:13:42.879675] wlan: [3610:I:HIF] Initializing Runtime PM wakelock &vdev->vdev_set_key_runtime_wakelock
01-01 08:01:17.151 0 0 I [wifi@1][0x216d6d16][06:13:42.893241] wlan: [825:I:DP] dp_vdev_attach_wifi3: wlan_cfg_ap_bridge_enabled 0
03-28 06:13:42.892 825 825 D android.hardware.wifi@1.0-service: Successfully SetMacAddress.
03-28 06:13:42.900 1234 1234 W wificond: Scan is not started. Ignore abort request
01-01 08:01:17.161 0 0 E [wifi@1][0x21707273][06:13:42.903552] wlan: [3619:E:wifipos] wifi_pos_process_app_reg_req: 608: Received App Req Req pid(528483129), len(16)
01-01 08:01:17.177 0 0 I [wifi@1][0x2175297b][06:13:42.919646] wlan: [3619:I:wifipos] wifi_pos_get_ch_info: 461: num channels: 26
01-01 08:01:17.178 0 0 I [wifi@1][0x21754b67][06:13:42.920099] wlan: [3619:I:wifipos] wifi_pos_get_ch_info: 461: num channels: 26
01-01 08:01:17.181 0 0 I [wpa_su][0x21763b64][06:13:42.923298] wlan: [3631:I:SME] vdev-0: Connecting to hht_test_wifi_fc4318c9 04:d9:f5:fb:09:94 rssi: -20 freq: 5785 akm 3 cipher: uc 6 mc 6, CC:
01-01 08:01:17.181 0 0 E [wpa_su][0x21763f55][06:13:42.923351] wlan: [3631:E:QDF] Cannot malloc 0 bytes @ csr_get_cfg_max_tx_power:14199
01-01 08:01:17.193 0 0 I [schedu][0x2179e333][06:13:42.935776] wlan: [3610:I:WMI] send_vdev_start_cmd_tlv: 1062: send_vdev_start_cmd_tlv: vdev_id 0 freq 5785 chanmode 18 ch_info: 0x12 is_dfs 0 beacon interval 100 dtim 0 center_chan 5775 center_freq2 0 reg_info_1: 0x180000 reg_info_2: 0x1800, req->max_txpow: 0x18 Tx SS 1, Rx SS 1, ldpc_rx: 0, cac 0, regd 4, HE ops: 0req->dis_hw_ack: 0
01-01 08:01:17.209 0 0 E [wifico][0x217e890d][06:13:42.951640] wlan: [1234:E:HDD] __wlan_hdd_cfg80211_scan: 572: Scan not allowed. scan_ebusy_cnt: 1 Session 0 Reason 1
03-28 06:13:42.966 1234 1234 E wificond: NL80211_CMD_TRIGGER_SCAN failed: Device or resource busy
01-01 08:01:17.346 0 0 I [soft_i][0x21a681b7][06:13:43.088076] wlan: [0:I:TXRX] HTT_T2H_MSG_TYPE_PEER_MAP msg for peer id 8 vdev id 0 n
01-01 08:01:17.346 0 0 E [soft_i][0x21a686d4][06:13:43.088144] wlan: [0:E:DP] dp_peer_find_add_id: peer 0000000000000000 ID 8 vid 0 mac 04:d9:f5:fb:09:94
01-01 08:01:17.359 0 0 I [soft_i][0x21aa6803][06:13:43.101387] wlan: [0:I:DP] dp_peer_find_add_id: ref_cnt: 2
01-01 08:01:17.359 0 0 E [soft_i][0x21aa691f][06:13:43.101401] wlan: [0:E:DP] dp_peer_map_ast: peer 0000000000000000 ID 3 vid 0 mac 04:d9:f5:fb:09:94
03-28 06:13:43.219 1124 2004 I ActivityManager: Process com.qti.ltebc (pid 3937) has died: fg RCVR
01-01 08:01:17.492 0 0 I [schedu][0x21d1558d][06:13:43.234260] wlan: [3610:I:PE] Auth TX: success
03-28 06:13:43.240 1124 3432 D CompatibilityChangeReporter: Compat change id reported: 135634846; UID 10072; state: DISABLED
03-28 06:13:43.240 1124 3432 D CompatibilityChangeReporter: Compat change id reported: 177438394; UID 10072; state: DISABLED
03-28 06:13:43.240 1124 3432 D CompatibilityChangeReporter: Compat change id reported: 135772972; UID 10072; state: DISABLED
03-28 06:13:43.240 1124 3432 D CompatibilityChangeReporter: Compat change id reported: 135754954; UID 10072; state: ENABLED
03-28 06:13:43.241 1124 1544 D CompatibilityChangeReporter: Compat change id reported: 143937733; UID 10072; state: ENABLED
03-28 06:13:43.247 1124 1544 I ActivityManager: Start proc 3966:com.qti.ltebc/u0a72 for broadcast {com.qti.ltebc/com.qualcomm.ltebc.LTEBroadcastReceiver}
01-01 08:01:17.522 0 0 I binder : 3966:3966 ioctl 40046210 7fc521bc34 returned -22
01-01 08:01:17.530 0 0 I [schedu][0x21dc71bc][06:13:43.272183] wlan: [3610:I:PE] Auth RX: vdev 0 sys role 3 lim_state 29 from 04:d9:f5:fb:09:94 rssi -20 auth_alg 3 seq 2398
01-01 08:01:17.530 0 0 I [schedu][0x21dc72f2][06:13:43.272199] wlan: [3610:I:PE] SAE Auth RX type 0 subtype 11 from 04:d9:f5:fb:09:94
01-01 08:01:17.535 0 0 I [schedu][0x21de1f03][06:13:43.277907] wlan: [3610:I:PE] Assoc req TX: vdev 0 to 04:d9:f5:fb:09:94 seq num 2051
01-01 08:01:17.538 0 0 I [schedu][0x21dec10e][06:13:43.280067] wlan: [3610:I:PE] Assoc req TX: success
01-01 08:01:17.539 0 0 I [schedu][0x21df45c0][06:13:43.281836] wlan: [3610:I:PE] Assoc rsp RX: subtype 0 vdev 0 sys role 3 lim state 10 rssi -20 from 04:d9:f5:fb:09:94
01-01 08:01:17.541 0 0 E [kworke][0x21dfe40d][06:13:43.283947] wlan: [344:E:WMA] Rx unprotected unicast mgmt frame
01-01 08:01:17.560 0 0 E [schedu][0x21e55858][06:13:43.302564] wlan: [3610:E:PE] lim_drop_unprotected_action_frame: 1614: Dropping unprotected Action category: 3 frame since RMF is enabled
01-01 08:01:17.577 0 0 E [schedu][0x21ea5890][06:13:43.319634] wlan: [3610:E:QDF] Cannot malloc 0 bytes @ csr_get_cfg_max_tx_power:14199
01-01 08:01:17.589 0 0 E [schedu][0x21edbd96][06:13:43.331221] wlan: [3610:E:QDF] Cannot malloc 0 bytes @ csr_get_cfg_max_tx_power:14199
01-01 08:01:17.601 0 0 E [soft_i][0x21f144c2][06:13:43.343263] wlan: [0:E:DP] dp_tx_initialize_threshold: tx flow control threshold is set, pool size is 4096
01-01 08:01:17.614 0 0 I [schedu][0x21f53025][06:13:43.356642] wlan: [3610:I:HDD] wlan0(vdevid-0): 1e:98:2b:1b:75:ee connected to 04:d9:f5:fb:09:94
01-01 08:01:17.616 0 0 I [dp_rx_][0x21f5c021][06:13:43.358562] wlan: [3613:I:QDF] EAPOL-1 RX: SA:04:d9:f5:fb:09:94 DA:1e:98:2b:1b:75:ee
03-28 06:13:43.366 1234 1234 I wificond: Regulatory domain changed to country: CN on wiphy_index: 0
03-28 06:13:43.369 1234 1234 I wificond: 2.4Ghz frequencies: 2412 2417 2422 2427 2432 2437 2442 2447 2452 2457 2462 2467 2472
03-28 06:13:43.369 1234 1234 I wificond: 5Ghz non-DFS frequencies: 5180 5200 5220 5240 5745 5765 5785 5805 5825
03-28 06:13:43.369 1234 1234 I wificond: 5Ghz DFS frequencies: 5260 5280 5300 5320
03-28 06:13:43.369 1234 1234 I wificond: 6Ghz frequencies:
03-28 06:13:43.369 1234 1234 I wificond: 60Ghz frequencies:
01-01 08:01:17.636 0 0 I [soft_i][0x21fbac25][06:13:43.378775] wlan: [0:I:QDF] EAPOL-2 TX: SA:1e:98:2b:1b:75:ee DA:04:d9:f5:fb:09:94 msdu_id:0 status: succ
01-01 08:01:17.638 0 0 I [dp_rx_][0x21fc0e81][06:13:43.380087] wlan: [3613:I:QDF] EAPOL-3 RX: SA:04:d9:f5:fb:09:94 DA:1e:98:2b:1b:75:ee
01-01 08:01:17.647 0 0 I [soft_i][0x21feaa68][06:13:43.388992] wlan: [0:I:QDF] EAPOL-4 TX: SA:1e:98:2b:1b:75:ee DA:04:d9:f5:fb:09:94 msdu_id:0 status: succ
01-01 08:01:17.655 0 0 E [schedu][0x22012036][06:13:43.397389] wlan: [3610:E:QDF] Cannot malloc 0 bytes @ csr_get_cfg_max_tx_power:14199
01-01 08:01:17.678 0 0 I [schedu][0x2207e605][06:13:43.420507] wlan: [3610:I:WMI] LFR3:OKC enabled
01-01 08:01:17.678 0 0 I [schedu][0x2207e6ab][06:13:43.420515] wlan: [3610:I:WMI] LFR3:PMKSA caching enabled
03-28 06:13:43.494 1124 2122 D CompatibilityChangeReporter: Compat change id reported: 171306433; UID 1073; state: ENABLED
01-01 08:01:17.778 0 0 E [wifi@1][0x222519a1][06:13:43.520181] wlan: [825:E:HDD] hdd_enable_ns_offload: 484: Failed to cache ns request; status:4
01-01 08:01:17.832 0 0 I [soft_i][0x2234dfd1][06:13:43.574024] wlan: [0:I:QDF] DHCP-R TX: SA:1e:98:2b:1b:75:ee DA:ff:ff:ff:ff:ff:ff msdu_id:1 status: succ
01-01 08:01:17.833 0 0 I [dp_rx_][0x22355d47][06:13:43.575697] wlan: [3613:I:QDF] DHCP-R RX: SA:1e:98:2b:1b:75:ee DA:ff:ff:ff:ff:ff:ff
01-01 08:01:17.834 0 0 I [dp_rx_][0x22359d94][06:13:43.576554] wlan: [3613:I:QDF] DHCP-A RX: SA:04:d9:f5:fb:09:90 DA:1e:98:2b:1b:75:ee
01-01 08:01:17.834 0 0 I [soft_i][0x2235a961][06:13:43.576711] wlan: [0:I:DP] dp_addba_requestprocess_wifi3 restore BA win 64 based on addba req
01-01 08:01:17.838 0 0 E [schedu][0x2236a6b4][06:13:43.580089] wlan: [3610:E:DP] dp_addba_resp_tx_completion_wifi3: Rx Tid- 0 hw qdesc is not in IN_PROGRESS
01-01 08:01:17.854 0 0 I [soft_i][0x223b80a2][06:13:43.596648] wlan: [0:I:DP] dp_addba_requestprocess_wifi3 restore BA win 64 based on addba req
01-01 08:01:17.869 0 0 E [schedu][0x223fdd29][06:13:43.611535] wlan: [3610:E:DP] dp_addba_resp_tx_completion_wifi3: Rx Tid- 0 hw qdesc is not in IN_PROGRESS
03-28 06:13:43.640 1124 3432 I ActivityManager: Process com.qti.ltebc (pid 3966) has died: fg RCVR
01-01 08:01:17.915 0 0 I [soft_i][0x224d4cf5][06:13:43.657399] wlan: [0:I:DP] dp_addba_requestprocess_wifi3 restore BA win 64 based on addba req
03-28 06:13:43.658 672 732 E NetlinkEvent: NetlinkEvent::FindParam(): Parameter 'INTERFACE' not found
03-28 06:13:43.658 672 732 E NetlinkEvent: NetlinkEvent::FindParam(): Parameter 'STATE' not found
03-28 06:13:43.658 672 732 E NetlinkEvent: NetlinkEvent::FindParam(): Parameter 'TIME_NS' not found
03-28 06:13:43.658 672 732 E NetlinkEvent: NetlinkEvent::FindParam(): Parameter 'UID' not found
03-28 06:13:43.674 1124 1721 W ContextImpl: Calling a method in the system process without a qualified user: android.app.ContextImpl.sendStickyBroadcast:1559 com.android.server.ConnectivityService.sendStickyBroadcast:2811 com.android.server.ConnectivityService.sendGeneralBroadcast:2786 com.android.server.ConnectivityService.sendConnectedBroadcast:2759 com.android.server.ConnectivityService.sendLegacyNetworkBroadcast:8704
03-28 06:13:43.681 1124 1721 W ContextImpl: Calling a method in the system process without a qualified user: android.app.ContextImpl.sendStickyBroadcast:1559 com.android.server.ConnectivityService.sendStickyBroadcast:2811 com.android.server.ConnectivityService.sendGeneralBroadcast:2786 com.android.server.ConnectivityService.sendInetConditionBroadcast:2763 com.android.server.ConnectivityService.updateInetCondition:8451
01-01 08:01:17.969 0 0 I IRQ 5 : no longer affine to CPU4
03-28 06:13:43.802 1124 1543 W BroadcastQueue: Permission Denial: broadcasting Intent { act=android.net.conn.CONNECTIVITY_CHANGE flg=0x4200010 (has extras) } from null (pid=-1, uid=-1) requires com.baidu.input.permission.sofire.RECEIVE due to registered receiver BroadcastFilter{2d20f05 10025/u0 ReceiverList{dbe2a7c 3262 com.baidu.input/10025/u0 remote:51a3d6f}}
03-28 06:13:44.079 1124 2004 W ActivityManager: Unable to start service Intent { act=android.intent.action.START_LEBO_SERVICE pkg=com.hpplay.happyplay.aw } U=0: not found
01-01 08:01:18.782 0 0 E DTC_ETH,link_delay_work_func: 3003, SQI=0, link=0
01-01 08:01:18.889 0 0 I : mv2112_setup_forced
01-01 08:01:19.313 0 0 I [schedu][0x23e6f7c3][06:13:45.055730] wlan: [3610:I:OSIF] scan start scan id 40962
03-28 06:13:46.405 1124 1726 I GameModeConfig: isGameModeOn = false
01-01 08:01:21.167 0 0 I [schedu][0x2605f30e][06:13:46.909107] wlan: [3610:I:OSIF] vdev 0, scan id 40962 type COMPLETED(1) reason COMPLETED(1) scan found 37 bss
03-28 06:13:46.964 1124 1543 D CompatibilityChangeReporter: Compat change id reported: 168419799; UID 10019; state: DISABLED
03-28 06:13:47.431 1124 1726 I GameModeConfig: isGameModeOn = false
03-28 06:13:47.431 1124 1726 I GameModeConfig: isGameModeOn = false
03-28 06:13:47.578 1124 1726 I GameModeConfig: isGameModeOn = false
03-28 06:13:47.578 1124 1726 I GameModeConfig: isGameModeOn = false
03-28 06:13:47.597 1124 1543 D CompatibilityChangeReporter: Compat change id reported: 135634846; UID 10072; state: DISABLED
03-28 06:13:47.598 1124 1543 D CompatibilityChangeReporter: Compat change id reported: 177438394; UID 10072; state: DISABLED
03-28 06:13:47.598 1124 1543 D CompatibilityChangeReporter: Compat change id reported: 135772972; UID 10072; state: DISABLED
03-28 06:13:47.598 1124 1543 D CompatibilityChangeReporter: Compat change id reported: 135754954; UID 10072; state: ENABLED
03-28 06:13:47.600 1124 1544 D CompatibilityChangeReporter: Compat change id reported: 143937733; UID 10072; state: ENABLED
03-28 06:13:47.627 1124 1544 I ActivityManager: Start proc 4093:com.qti.ltebc/u0a72 for broadcast {com.qti.ltebc/com.qualcomm.ltebc.LTEBroadcastAlarmReceiver}
01-01 08:01:21.910 0 0 I binder : 4093:4093 ioctl 40046210 7fc521bc34 returned -22
01-01 08:01:21.990 0 0 I binder : 2290:4110 ioctl 40046210 6d468ebef4 returned -22
03-28 06:13:47.740 1124 1726 I GameModeConfig: isGameModeOn = false
03-28 06:13:47.745 1124 1726 I GameModeConfig: isGameModeOn = false
03-28 06:13:47.771 1124 1726 I GameModeConfig: isGameModeOn = false
03-28 06:13:47.771 1124 1726 I GameModeConfig: isGameModeOn = false
03-28 06:13:47.775 1124 1726 I GameModeConfig: isGameModeOn = false
01-01 08:01:22.043 0 0 W audit_log_lost: 225 callbacks suppressed
01-01 08:01:22.043 0 0 W audit : audit_lost=1449 audit_rate_limit=5 audit_backlog_limit=64
01-01 08:01:22.043 0 0 E audit : rate limit exceeded
01-01 08:01:22.231 0 0 I init : Untracked pid 4120 exited with status 0
03-28 06:13:47.997 1124 2122 D CompatibilityChangeReporter: Compat change id reported: 135634846; UID 10058; state: DISABLED
03-28 06:13:47.997 1124 2122 D CompatibilityChangeReporter: Compat change id reported: 177438394; UID 10058; state: DISABLED
03-28 06:13:47.997 1124 2122 D CompatibilityChangeReporter: Compat change id reported: 135772972; UID 10058; state: DISABLED
03-28 06:13:47.997 1124 2122 D CompatibilityChangeReporter: Compat change id reported: 135754954; UID 10058; state: DISABLED
03-28 06:13:47.997 1124 1544 D CompatibilityChangeReporter: Compat change id reported: 143937733; UID 10058; state: DISABLED
03-28 06:13:48.015 1124 1544 I ActivityManager: Start proc 4129:com.qualcomm.qti.qms.service.trustzoneaccess/u0a58 for service {com.qualcomm.qti.qms.service.trustzoneaccess/com.qualcomm.qti.qms.service.trustzoneaccess.TZAccessService}
01-01 08:01:22.299 0 0 I binder : 4129:4129 ioctl 40046210 7fc521bc34 returned -22
03-28 06:13:48.047 1124 2122 D CompatibilityChangeReporter: Compat change id reported: 168419799; UID 10058; state: DISABLED
03-28 06:13:48.165 1124 2122 I ActivityManager: Process com.qti.ltebc (pid 4093) has died: cch+5 CEM
03-28 06:13:48.868 1124 1124 D CompanionDeviceManagerService: TriggerDeviceDisappearedRunnable.run(address = 5C:FB:7C:39:04:0D)
01-01 08:01:23.901 0 0 E DTC_ETH,link_delay_work_func: 3003, SQI=0, link=0
01-01 08:01:24.861 0 0 E DTC_Display: screen not ready(0)
03-28 06:13:51.139 1124 1726 I GameModeConfig: isGameModeOn = false
03-28 06:13:51.694 1124 1726 I GameModeConfig: isGameModeOn = false
03-28 06:13:52.766 1124 1726 I GameModeConfig: isGameModeOn = false
03-28 06:13:52.811 1124 1543 I ActivityManager: Waited long enough for: ServiceRecord{93ba77b u0 com.qti.diagservices/.QTIDiagServices}
01-01 08:01:29.021 0 0 E DTC_ETH,link_delay_work_func: 3003, SQI=0, link=0
01-01 08:01:30.045 0 0 I display_panel_avdd: disabling
01-01 08:01:30.046 0 0 I vdd_tof : disabling
01-01 08:01:32.946 0 0 E DTC_Display: screen not ready(0)
03-28 06:13:59.107 1124 3432 W ActivityManager: Unable to start service Intent { act=android.intent.action.START_LEBO_SERVICE pkg=com.hpplay.happyplay.aw } U=0: not found
01-01 08:01:34.141 0 0 E DTC_ETH,link_delay_work_func: 3003, SQI=0, link=0
03-28 06:14:00.018 1124 3432 D CompatibilityChangeReporter: Compat change id reported: 171306433; UID 1000; state: ENABLED
01-01 08:01:34.653 0 0 I qcom_rpmh DRV: apps_rsc TCS Busy, retrying RPMH message send: addr=0x50000
01-01 08:01:34.653 0 0 I qcom_rpmh DRV: apps_rsc TCS Busy, retrying RPMH message send: addr=0x50000
01-01 08:01:34.653 0 0 I qcom_rpmh DRV: apps_rsc TCS Busy, retrying RPMH message send: addr=0x50000
01-01 08:01:39.261 0 0 E DTC_ETH,link_delay_work_func: 3003, SQI=0, link=0
01-01 08:01:40.697 0 0 E DTC_Display: screen not ready(0)
01-01 08:01:40.865 0 0 I msm_vidc: high: 00000001: h264d: Closed video instance: 0000000000000000
01-01 08:01:40.899 0 0 I binder : undelivered transaction 77292, process died.
01-01 08:01:40.899 0 0 I init : Service 'bootanim' (pid 1098) exited with status 0 oneshot service took 36.188000 seconds in background
01-01 08:01:40.899 0 0 I init : Sending signal 9 to service 'bootanim' (pid 1098) process group...
01-01 08:01:40.900 0 0 I libprocessgroup: Successfully killed process cgroup uid 1003 pid 1098 in 0ms
01-01 08:01:42.367 0 0 I msm_vidc: err : ffffffff: .....: DBLP Set: status 0
03-28 06:14:09.631 1124 3432 I thunderperf: PlatormCompat.setOverrides: Uid1=10071 Pid1=2617 Uid2=10071 Pid2=2617
03-28 06:14:09.631 1124 3432 I thunderperf: PlatormCompat.setOverrides: needCheck:false
03-28 06:14:09.632 1124 3432 I thunderperf: CompatConfig.addOverrideUnsafe: bef-state=0
03-28 06:14:09.633 1124 3432 I thunderperf: CompatConfig.addOverrideUnsafe: aft-state=0
03-28 06:14:09.634 1124 3432 I thunderperf: CompatConfig.addOverrideUnsafe: bef-state=0
03-28 06:14:09.634 1124 3432 I thunderperf: CompatConfig.addOverrideUnsafe: aft-state=0
03-28 06:14:09.635 1124 3432 I thunderperf: CompatConfig.addOverrideUnsafe: bef-state=0
03-28 06:14:09.635 1124 3432 I thunderperf: CompatConfig.addOverrideUnsafe: aft-state=0
03-28 06:14:09.636 1124 3432 I thunderperf: CompatConfig.addOverrideUnsafe: bef-state=0
03-28 06:14:09.636 1124 3432 I thunderperf: CompatConfig.addOverrideUnsafe: aft-state=0
03-28 06:14:09.636 1124 3432 I thunderperf: CompatConfig.addOverrideUnsafe: bef-state=0
03-28 06:14:09.636 1124 3432 I thunderperf: CompatConfig.addOverrideUnsafe: aft-state=0
03-28 06:14:09.636 1124 3432 I thunderperf: CompatConfig.addOverrideUnsafe: bef-state=0
03-28 06:14:09.636 1124 3432 I thunderperf: CompatConfig.addOverrideUnsafe: aft-state=0
03-28 06:14:09.637 1124 3432 I thunderperf: CompatConfig.addOverrideUnsafe: bef-state=0
03-28 06:14:09.637 1124 3432 I thunderperf: CompatConfig.addOverrideUnsafe: aft-state=0
03-28 06:14:09.637 1124 3432 I thunderperf: CompatConfig.addOverrideUnsafe: bef-state=0
03-28 06:14:09.637 1124 3432 I thunderperf: CompatConfig.addOverrideUnsafe: aft-state=0
03-28 06:14:09.638 1124 3432 I thunderperf: CompatConfig.addOverrideUnsafe: bef-state=0
03-28 06:14:09.638 1124 3432 I thunderperf: CompatConfig.addOverrideUnsafe: aft-state=0
03-28 06:14:09.638 1124 3432 I thunderperf: CompatConfig.addOverrideUnsafe: bef-state=0
03-28 06:14:09.638 1124 3432 I thunderperf: CompatConfig.addOverrideUnsafe: aft-state=0
03-28 06:14:09.638 1124 3432 I thunderperf: CompatConfig.addOverrideUnsafe: bef-state=0
03-28 06:14:09.639 1124 3432 I thunderperf: CompatConfig.addOverrideUnsafe: aft-state=0
03-28 06:14:09.639 1124 3432 I thunderperf: CompatConfig.addOverrideUnsafe: bef-state=0
03-28 06:14:09.639 1124 3432 I thunderperf: CompatConfig.addOverrideUnsafe: aft-state=0
03-28 06:14:09.639 1124 3432 I thunderperf: CompatConfig.addOverrideUnsafe: bef-state=0
03-28 06:14:09.640 1124 3432 I thunderperf: CompatConfig.addOverrideUnsafe: aft-state=0
03-28 06:14:09.640 1124 3432 I thunderperf: CompatConfig.addOverrideUnsafe: bef-state=0
03-28 06:14:09.640 1124 3432 I thunderperf: CompatConfig.addOverrideUnsafe: aft-state=0
03-28 06:14:09.646 1124 3432 I ActivityTaskManager: START u0 {act=android.intent.action.MAIN cat=[android.intent.category.LAUNCHER] flg=0x10200000 cmp=com.android.settings/.Settings bnds=[2306,740][2508,940]} from uid 10071
03-28 06:14:09.652 1124 3432 W ActivityTaskManager: Can't find TaskDisplayArea to determine support for multi window. Task id=44 attached=false
03-28 06:14:09.653 1124 3432 D CompatibilityChangeReporter: Compat change id reported: 174042980; UID 1000; state: DISABLED
03-28 06:14:09.655 2000 2075 D PhoneStartingWindowTypeAlgorithm: preferredStartingWindowType newTask:true taskSwitch:true processRunning:true allowTaskSnapshot:true activityCreated:false useEmptySplashScreen:false legacySplashScreen:false topIsHome:false
03-28 06:14:09.655 2000 2075 D StartingSurfaceDrawer: addSplashScreen com.android.settings theme=7f140479 task=44 suggestType=1
03-28 06:14:09.657 1124 2122 W FreeFormWindowHelper: Current Display FreeFormTask is null
03-28 06:14:09.659 2000 2081 D StartingSurfaceDrawer: window attributes color: 0 icon null duration 0 brandImage null
03-28 06:14:09.659 2000 2081 W StartingSurfaceDrawer: Window background is transparent, fill background with black color
03-28 06:14:09.659 1124 2122 I ActivityTaskManager: FOREGROUND_APPLICATION_CHANGED to com.android.settings.homepage.SettingsHomepageActivity
03-28 06:14:09.659 1124 2122 I ActivityTaskManager: The Process com.android.settings Already Exists in BG. So sending its PID: 2490
03-28 06:14:09.660 1124 2122 W ActivityTaskManager: Tried to set launchTime (0) < mLastActivityLaunchTime (20330)
03-28 06:14:09.660 1124 2122 D CompatibilityChangeReporter: Compat change id reported: 181136395; UID 1000; state: DISABLED
03-28 06:14:09.660 2000 2081 D StartingSurfaceDrawer: quantize: this is pure transparent image
03-28 06:14:09.660 1124 2122 D CompatibilityChangeReporter: Compat change id reported: 174042936; UID 1000; state: DISABLED
03-28 06:14:09.664 2000 2081 D StartingSurfaceDrawer: FgMainColor=ff000000 BgMainColor=0 IsBgComplex=false FromCache=false ThemeColor=ff141721
03-28 06:14:09.664 2000 2081 D StartingSurfaceDrawer: isRgbSimilarInHsv a: ff141721 b 0 contrast ratio: 1.1742641
03-28 06:14:09.664 2000 2081 D StartingSurfaceDrawer: makeSplashScreenContentView: choose fg icon
03-28 06:14:09.666 2000 2081 D StartingSurfaceDrawer: fillViewWithIcon surfaceWindowView android.window.SplashScreenView{be71bea V.E...... ......ID 0,0-0,0}
03-28 06:14:09.763 1124 2004 W FreeFormWindowHelper: Current Display FreeFormTask is null
03-28 06:14:09.784 1124 2004 E UserRestrictionsUtils: Unknown restriction queried by uid 1000 (com.android.localtransport et al): null
03-28 06:14:09.784 1124 2004 E UserRestrictionsUtils: Unknown restriction queried by uid 1000 (com.android.localtransport et al): null
03-28 06:14:09.784 1124 3432 E UserRestrictionsUtils: Unknown restriction queried by uid 1000 (com.android.localtransport et al): null
03-28 06:14:09.784 1124 2004 E UserRestrictionsUtils: Unknown restriction queried by uid 1000 (com.android.localtransport et al): null
03-28 06:14:09.784 1124 2004 E UserRestrictionsUtils: Unknown restriction queried by uid 1000 (com.android.localtransport et al): null
03-28 06:14:09.785 1124 3432 E UserRestrictionsUtils: Unknown restriction queried by uid 1000 (com.android.localtransport et al): null
03-28 06:14:09.785 1124 2004 E UserRestrictionsUtils: Unknown restriction queried by uid 1000 (com.android.localtransport et al): null
03-28 06:14:09.785 1124 3432 E UserRestrictionsUtils: Unknown restriction queried by uid 1000 (com.android.localtransport et al): null
03-28 06:14:09.785 1124 3432 E UserRestrictionsUtils: Unknown restriction queried by uid 1000 (com.android.localtransport et al): null
03-28 06:14:09.785 1124 2004 E UserRestrictionsUtils: Unknown restriction queried by uid 1000 (com.android.localtransport et al): null
03-28 06:14:09.785 1124 3432 E UserRestrictionsUtils: Unknown restriction queried by uid 1000 (com.android.localtransport et al): null
03-28 06:14:09.785 1124 3432 E UserRestrictionsUtils: Unknown restriction queried by uid 1000 (com.android.localtransport et al): null
03-28 06:14:09.785 1124 2004 E UserRestrictionsUtils: Unknown restriction queried by uid 1000 (com.android.localtransport et al): null
03-28 06:14:09.786 1124 3432 E UserRestrictionsUtils: Unknown restriction queried by uid 1000 (com.android.localtransport et al): null
03-28 06:14:09.786 1124 3432 E UserRestrictionsUtils: Unknown restriction queried by uid 1000 (com.android.localtransport et al): null
03-28 06:14:09.786 1124 2004 E UserRestrictionsUtils: Unknown restriction queried by uid 1000 (com.android.localtransport et al): null
03-28 06:14:09.786 1124 3432 E UserRestrictionsUtils: Unknown restriction queried by uid 1000 (com.android.localtransport et al): null
03-28 06:14:09.786 1124 3432 E UserRestrictionsUtils: Unknown restriction queried by uid 1000 (com.android.localtransport et al): null
03-28 06:14:09.889 2000 2075 D StartingSurfaceDrawer: Task start finish, remove starting surface for task 44
03-28 06:14:09.889 2000 2075 V StartingSurfaceDrawer: Removing splash screen window for task: 44
03-28 06:14:09.922 1124 3432 E UserRestrictionsUtils: Unknown restriction queried by uid 1000 (com.android.localtransport et al): null
01-01 08:01:44.286 0 0 I [schedu][0x407b4776][06:14:10.028739] wlan: [3610:I:OSIF] scan start scan id 40963
01-01 08:01:44.381 0 0 E DTC_ETH,link_delay_work_func: 3003, SQI=0, link=0
03-28 06:14:10.853 1124 2004 I ActivityTaskManager: START u0 {act=android.settings.APP_SEARCH_SETTINGS pkg=com.android.settings.intelligence cmp=com.android.settings.intelligence/.search.SearchActivity (has extras)} from uid 1000
03-28 06:14:10.855 1124 2004 D CompatibilityChangeReporter: Compat change id reported: 174042980; UID 10060; state: DISABLED
03-28 06:14:10.855 1124 2004 D CompatibilityChangeReporter: Compat change id reported: 184838306; UID 10060; state: DISABLED
03-28 06:14:10.855 1124 2004 D CompatibilityChangeReporter: Compat change id reported: 185004937; UID 10060; state: DISABLED
03-28 06:14:10.856 1124 2004 D CompatibilityChangeReporter: Compat change id reported: 181136395; UID 10060; state: DISABLED
03-28 06:14:10.856 1124 2004 D CompatibilityChangeReporter: Compat change id reported: 174042936; UID 10060; state: DISABLED
03-28 06:14:10.859 1124 1524 D CompatibilityChangeReporter: Compat change id reported: 135634846; UID 10060; state: DISABLED
03-28 06:14:10.859 1124 1524 D CompatibilityChangeReporter: Compat change id reported: 177438394; UID 10060; state: DISABLED
03-28 06:14:10.859 1124 1524 D CompatibilityChangeReporter: Compat change id reported: 135772972; UID 10060; state: DISABLED
03-28 06:14:10.859 1124 1524 D CompatibilityChangeReporter: Compat change id reported: 135754954; UID 10060; state: DISABLED
03-28 06:14:10.859 1124 1544 D CompatibilityChangeReporter: Compat change id reported: 143937733; UID 10060; state: DISABLED
03-28 06:14:10.866 1124 2004 I ActivityTaskManager: FOREGROUND_APPLICATION_CHANGED to com.android.settings.intelligence.search.SearchActivity
03-28 06:14:10.868 1124 1544 I ActivityManager: Start proc 4310:com.android.settings.intelligence/u0a60 for pre-top-activity {com.android.settings.intelligence/com.android.settings.intelligence.search.SearchActivity}
03-28 06:14:10.869 1124 4311 W ContextImpl: Calling a method in the system process without a qualified user: android.app.ContextImpl.sendBroadcast:1173 com.qualcomm.qti.Performance$SendGameLaunchBroadcast.run:217 java.lang.Thread.run:920
01-01 08:01:45.133 0 0 I binder : 4310:4310 ioctl 40046210 7fc521bc34 returned -22
03-28 06:14:10.877 1124 2004 D CompatibilityChangeReporter: Compat change id reported: 168419799; UID 10060; state: DISABLED
03-28 06:14:10.954 1124 3432 D CompatibilityChangeReporter: Compat change id reported: 157233955; UID 1000; state: ENABLED
03-28 06:14:10.968 1124 2157 W FreeFormWindowHelper: Current Display FreeFormTask is null
03-28 06:14:11.010 1124 2152 D CompatibilityChangeReporter: Compat change id reported: 158482162; UID 1000; state: ENABLED
03-28 06:14:11.010 1124 2152 D CompatibilityChangeReporter: Compat change id reported: 158482162; UID 1000; state: DISABLED
03-28 06:14:11.025 1124 1522 D AutofillUI: destroySaveUiUiThread(): already destroyed
03-28 06:14:11.025 1124 2003 D AutofillManagerServiceImpl: Reset component for user 0:
01-01 08:01:45.296 0 0 I binder : 4310:4329 ioctl 40046210 6d45b171f4 returned -22
03-28 06:14:11.073 1124 2157 W BluetoothManagerService: psc is not null in bindBluetoothProfileService
01-01 08:01:45.414 0 0 I binder : 3262:3533 ioctl 40046210 6cdb08c1f4 returned -22
03-28 06:14:11.158 1124 2152 D CompatibilityChangeReporter: Compat change id reported: 168419799; UID 10025; state: DISABLED
03-28 06:14:11.193 1124 1543 W BroadcastQueue: Permission Denial: broadcasting Intent { act=android.net.conn.CONNECTIVITY_CHANGE flg=0x4200010 (has extras) } from null (pid=-1, uid=-1) requires com.baidu.input.permission.REGISTERRECEIVE due to registered receiver BroadcastFilter{5bb1c2a 10025/u0 ReceiverList{5518cff 3262 com.baidu.input/10025/u0 remote:8595c1e}}
01-01 08:01:45.968 0 0 I qcom_rpmh DRV: apps_rsc TCS Busy, retrying RPMH message send: addr=0x50000
01-01 08:01:45.968 0 0 I qcom_rpmh DRV: apps_rsc TCS Busy, retrying RPMH message send: addr=0x50000
01-01 08:01:45.968 0 0 I qcom_rpmh DRV: apps_rsc TCS Busy, retrying RPMH message send: addr=0x50000
01-01 08:01:46.011 0 0 I [schedu][0x4274b1ef][06:14:11.753892] wlan: [3610:I:OSIF] vdev 0, scan id 40963 type COMPLETED(1) reason COMPLETED(1) scan found 49 bss
03-28 06:14:13.673 1124 2891 E TaskPersister: File error accessing recents directory (directory doesn't exist?).
03-28 06:14:14.146 1124 2157 W ActivityManager: Unable to start service Intent { act=android.intent.action.START_LEBO_SERVICE pkg=com.hpplay.happyplay.aw } U=0: not found
01-01 08:01:48.453 0 0 E DTC_Display: screen not ready(0)
01-01 08:01:49.501 0 0 E DTC_ETH,link_delay_work_func: 3003, SQI=0, link=0
03-28 06:14:15.258 1124 1543 W BroadcastQueue: Permission Denial: broadcasting Intent { act=android.net.conn.CONNECTIVITY_CHANGE flg=0x4200010 (has extras) } from null (pid=-1, uid=-1) requires com.baidu.input.permission.sofire.RECEIVE due to registered receiver BroadcastFilter{d5dd194 10025/u0 ReceiverList{dd231e7 3262 com.baidu.input/10025/u0 remote:62363a6}}
01-01 08:01:54.621 0 0 E DTC_ETH,link_delay_work_func: 3003, SQI=0, link=0
01-01 08:01:56.199 0 0 E DTC_Display: screen not ready(0)
03-28 06:14:24.710 1124 2152 I thunderperf: PlatormCompat.setOverrides: Uid1=10060 Pid1=4310 Uid2=10060 Pid2=4310
03-28 06:14:24.710 1124 2152 I thunderperf: PlatormCompat.setOverrides: needCheck:false
03-28 06:14:24.710 1124 2152 I thunderperf: CompatConfig.addOverrideUnsafe: bef-state=0
03-28 06:14:24.710 1124 2152 I thunderperf: CompatConfig.addOverrideUnsafe: aft-state=0
03-28 06:14:24.710 1124 2152 W PackageManager: MATCH_ANY_USER flag requires INTERACT_ACROSS_USERS permission: UID 10060 requires android.permission.INTERACT_ACROSS_USERS_FULL or android.permission.INTERACT_ACROSS_USERS to access user 0.
03-28 06:14:24.711 1124 2152 I ActivityTaskManager: START u0 {cmp=com.thundercomm.debugtools/.MainActivity} from uid 10060
03-28 06:14:24.723 2000 2075 D PhoneStartingWindowTypeAlgorithm: preferredStartingWindowType newTask:false taskSwitch:false processRunning:false allowTaskSnapshot:true activityCreated:false useEmptySplashScreen:true legacySplashScreen:false topIsHome:false
03-28 06:14:24.723 2000 2075 D StartingSurfaceDrawer: addSplashScreen com.thundercomm.debugtools theme=7f0f01bb task=44 suggestType=3
03-28 06:14:24.725 2000 2081 D StartingSurfaceDrawer: window attributes color: 0 icon null duration 0 brandImage null
03-28 06:14:24.725 2000 2081 D StartingSurfaceDrawer: fillViewWithIcon surfaceWindowView android.window.SplashScreenView{63b3e42 V.E...... ......ID 0,0-0,0}
03-28 06:14:24.725 1124 1524 D CompatibilityChangeReporter: Compat change id reported: 135634846; UID 1000; state: DISABLED
03-28 06:14:24.725 1124 1524 D CompatibilityChangeReporter: Compat change id reported: 177438394; UID 1000; state: DISABLED
03-28 06:14:24.725 1124 1524 D CompatibilityChangeReporter: Compat change id reported: 135772972; UID 1000; state: DISABLED
03-28 06:14:24.725 1124 1524 D CompatibilityChangeReporter: Compat change id reported: 135754954; UID 1000; state: ENABLED
03-28 06:14:24.731 1124 2157 I ActivityTaskManager: FOREGROUND_APPLICATION_CHANGED to com.thundercomm.debugtools.MainActivity
01-01 08:01:58.995 0 0 W perfetto: enabled ftrace
01-01 08:01:59.002 0 0 I binder : 4479:4479 ioctl 40046210 7fc521bc34 returned -22
03-28 06:14:24.736 1124 1544 I ActivityManager: Start proc 4479:com.thundercomm.debugtools/1000 for pre-top-activity {com.thundercomm.debugtools/com.thundercomm.debugtools.MainActivity}
03-28 06:14:24.737 1124 4480 W ContextImpl: Calling a method in the system process without a qualified user: android.app.ContextImpl.sendBroadcast:1173 com.qualcomm.qti.Performance$SendGameLaunchBroadcast.run:217 java.lang.Thread.run:920
03-28 06:14:24.750 1124 2123 D CompatibilityChangeReporter: Compat change id reported: 181136395; UID 1000; state: DISABLED
03-28 06:14:24.750 1124 2123 D CompatibilityChangeReporter: Compat change id reported: 174042936; UID 1000; state: DISABLED
03-28 06:14:24.835 1124 2148 W FreeFormWindowHelper: Current Display FreeFormTask is null
01-01 08:01:59.094 0 0 I binder : 4479:4499 ioctl 40046210 6d45a191f4 returned -22
03-28 06:14:24.869 2000 2075 D StartingSurfaceDrawer: Task start finish, remove starting surface for task 44
03-28 06:14:24.869 2000 2075 V StartingSurfaceDrawer: Removing splash screen window for task: 44
01-01 08:01:59.184 0 0 I qcom_rpmh DRV: apps_rsc TCS Busy, retrying RPMH message send: addr=0x50000
01-01 08:01:59.741 0 0 E DTC_ETH,link_delay_work_func: 3003, SQI=0, link=0
03-28 06:14:26.121 4479 4479 W ContextImpl: Calling a method in the system process without a qualified user: android.app.ContextImpl.bindService:1895 android.content.ContextWrapper.bindService:810 android.content.ContextWrapper.bindService:810 com.thundercomm.debugtools.MainActivity.bindService:131 com.thundercomm.debugtools.MainActivity.lambda$initView$0:66
03-28 06:14:26.131 4479 4479 W ContextImpl: Calling a method in the system process without a qualified user: android.app.ContextImpl.bindService:1895 android.content.ContextWrapper.bindService:810 ts.car.uart.sdk.UartService.connectToService:89 com.thundercomm.debugtools.update.MCUUpdate.:215 com.thundercomm.debugtools.McuService.init:83 --------- beginning of main
03-28 06:14:27.704 2896 4553 D hpplay-base: [SinkContext:149] addSinkContextSession,session list is null,begin to malloc!!
03-28 06:14:27.704 2896 4553 D hpplay-base: [SinkContext:156] addSinkContextSession,begin to update!!
03-28 06:14:27.704 2896 4553 D hpplay-base: [SinkContext:160] addSinkContextSession,begin to update header!!
03-28 06:14:27.704 2896 4553 D hpplay-base: [SinkContext:172] addSinkContextSession,begin to unlock!!
03-28 06:14:27.704 2896 4553 D hpplay-base: [SinkContext:174] addSinkContextSession,unlock ok!!
03-28 06:14:27.704 2896 4553 D hpplay-base: [LelinkReceiver:4908] get ping !!!
03-28 06:14:27.704 2896 4546 I hpplay-java: [Thread-24]:Bridge:notify: what: 204
03-28 06:14:27.704 2896 4548 D hpplay-base: [mDNSEmbeded:240] http_port bind check 240 http_port_check recieved:64
03-28 06:14:27.704 2896 4548 D hpplay-base: [mDNSEmbeded:243] http_port bind check 243 http_port_check
03-28 06:14:27.704 2896 4548 D hpplay-base: [mDNSEmbeded:244] http_port bind check ok!
03-28 06:14:27.705 2896 4546 I hpplay-java: [Thread-24]:Bridge:notify: out: OutParameters:{audioSessionId=-1, audiotrackIndex=0, castHandleType=-1, castType=0, deviceName='', dlnaName='', dramaID='', extra=-2002, frameHandleType=-1, handleInside=true, headduration=0, header='', headers=null, isAD=false, isMultiMirror=false, lelinkVer='', limitTime=0, , mediaAlbum='null', mediaAlbumArtURI='', mediaArtist='null', mediaAssets='', mediaTitle='null', mimeType=0, multiSession=null, period=0, pinCode='', playSpeed=0.0, playerChoice=0, plugin=0, port=0, position=0.0, positionUnit=2, protocol=0, realSessionID='', regType='', , sinkIp='', sourceAPPVersion='', sourceChannel='', sourceClientInfo='', sourceDeviceInfo='', sourceDeviceModel='', sourceDeviceName='', sourceDeviceType=0, sourceHID='', , sourceInfo='', , , sourceOSVersion='', sourceSDKVersion='', sourceUid='', stopDetail=0, stopReason=0, tailduration=0, url='', urlID='', urls=null, userAgent='', videoDecoder=0, volume=0, what=204}com.hpplay.sdk.sink.protocol.OutParameters@c5e1b51
03-28 06:14:27.705 2896 4546 I hpplay-java: [Thread-24]:Bridge:notify: address:34242486
03-28 06:14:27.706 2896 4546 I hpplay-base: [mDNSEmbeded:79] embedded_mDNSLoop stopmDNSNow:0 nPublish:-2 nExitFlag:6 tid is 4546
03-28 06:14:27.706 2896 2896 I hpplay-java: [main]:Bridge:findServiceID start out: 34242486
03-28 06:14:27.706 2896 2896 I hpplay-java: [main]:Bridge:findServiceID end
03-28 06:14:27.706 2896 2896 E hpplay-java: [main]:ServerTaskManager:onError 204/-2002 com.hht.lebocast.LelinkHelper$e@614b4b6
03-28 06:14:27.706 2896 2896 I hpplay-java: [main]:ServerTaskManager:cancelTimeOutCheck
03-28 06:14:27.707 2896 2896 W hpplay-java: [main]:ServerTaskManager:onErrorDispatcher errorCode:-2002
03-28 06:14:27.707 2896 2896 I hpplay-java: [main]:ServerTaskManager:onError retry later
03-28 06:14:27.718 2896 3852 I hpplay-java: [AsyncTask #5]:HttpRequest:doGet responseCode:200 0
03-28 06:14:27.730 1124 2891 E TaskPersister: File error accessing recents directory (directory doesn't exist?).
03-28 06:14:27.905 2896 4553 I hpplay-base: [LelinkReceiver:14605] _connectionFinalize (114)
03-28 06:14:27.905 2896 4553 D hpplay-base: [LelinkReceiver:14752] ###connectionFinalize,release ok!!###
03-28 06:14:28.183 649 663 I mpu_uart: [MSG-P:RECV]:No message received in 1000 ms
03-28 06:14:29.120 2896 4016 I hpplay-java: [AsyncTask #18]:IM_AbstractBlockingClient:restart
03-28 06:14:29.121 2896 4016 I hpplay-java: [AsyncTask #18]:IM_AbstractBlockingClient:stopHeartBeat null
03-28 06:14:29.121 2896 2896 I hpplay-java: [main]:IM_IMEntrance:disconnect
03-28 06:14:29.122 2896 2896 I hpplay-java: [main]:IM_PublicCastClient:onRestart
03-28 06:14:29.122 2896 2896 W hpplay-java: [main]:IM_PublicCastClient:reconnect miss token
03-28 06:14:29.122 2896 2896 I hpplay-java: [main]:IM_PublicCastClient:reconnect
03-28 06:14:29.122 2896 2896 I hpplay-java: [main]:IM_PublicCastClient:cs 1
03-28 06:14:29.122 2896 2896 I hpplay-java: [main]:IM_PublicCastClient:connect http://120.78.210.135 com.hpplay.sdk.sink.cloud.PublicCastClient@cb7cefb
03-28 06:14:29.127 2896 2896 W hpplay-java: [main]:IM_PublicCastClient:connect BSSID:02%3A00%3A00%3A00%3A00%3A00 / 02:00:00:00:00:00
03-28 06:14:29.128 2896 2896 I hpplay-java: [main]:IPManager:getActiveNets type: WIFI
03-28 06:14:29.128 2896 2896 I hpplay-java: [main]:IPManager:getActiveNets eth0:false wifi:true mobile:false ap:false
03-28 06:14:29.128 2896 2896 I hpplay-java: [main]:IPManager:getIPAddress IP_WLAN0
03-28 06:14:29.129 2896 2896 I hpplay-java: [main]:Preference:checkFeature none
03-28 06:14:29.129 2896 2896 I hpplay-java: [main]:Feature:isPlayListEnable :true
03-28 06:14:29.129 2896 2896 I hpplay-java: [main]:IM_PublicCastClient:connect capbilityBean.fe:11011100
