01-01 08:01:03.185 0 0 W subsys-pil-tz 8300000.qcom,turing: Falling back to syfs fallback for: cdsp.b05
01-01 08:01:03.188 0 0 W subsys-pil-tz 8300000.qcom,turing: Falling back to syfs fallback for: cdsp.b06
01-01 08:01:03.188 0 0 W subsys-pil-tz 8300000.qcom,turing: Falling back to syfs fallback for: cdsp.b08
01-01 08:01:03.188 0 0 W subsys-pil-tz 8300000.qcom,turing: Falling back to syfs fallback for: cdsp.b09
01-01 08:01:03.189 0 0 W subsys-pil-tz 8300000.qcom,turing: Falling back to syfs fallback for: cdsp.b11
01-01 08:01:03.189 0 0 W subsys-pil-tz 17300000.qcom,lpass: Falling back to syfs fallback for: adsp.b02
01-01 08:01:03.190 0 0 W subsys-pil-tz 17300000.qcom,lpass: Falling back to syfs fallback for: adsp.b03
01-01 08:01:03.190 0 0 W subsys-pil-tz 17300000.qcom,lpass: Falling back to syfs fallback for: adsp.b04
01-01 08:01:03.190 0 0 W subsys-pil-tz 17300000.qcom,lpass: Falling back to syfs fallback for: adsp.b05
01-01 08:01:03.190 0 0 W subsys-pil-tz 17300000.qcom,lpass: Falling back to syfs fallback for: adsp.b06
01-01 08:01:03.191 0 0 W subsys-pil-tz 17300000.qcom,lpass: Falling back to syfs fallback for: adsp.b07
01-01 08:01:03.191 0 0 W subsys-pil-tz 17300000.qcom,lpass: Falling back to syfs fallback for: adsp.b08
01-01 08:01:03.191 0 0 W subsys-pil-tz 17300000.qcom,lpass: Falling back to syfs fallback for: adsp.b09
01-01 08:01:03.191 0 0 W subsys-pil-tz 17300000.qcom,lpass: Falling back to syfs fallback for: adsp.b10
01-01 08:01:03.191 0 0 W subsys-pil-tz 17300000.qcom,lpass: Falling back to syfs fallback for: adsp.b11
01-01 08:01:03.191 0 0 E register_client_adhoc: find path.src 1 dest 589
01-01 08:01:03.191 0 0 E register_client_adhoc: Failed to find path.src 1 dest 589
01-01 08:01:03.193 0 0 W subsys-pil-tz 17300000.qcom,lpass: Falling back to syfs fallback for: adsp.b12
01-01 08:01:03.196 0 0 W subsys-pil-tz 17300000.qcom,lpass: Falling back to syfs fallback for: adsp.b13
01-01 08:01:03.198 0 0 W subsys-pil-tz 17300000.qcom,lpass: Falling back to syfs fallback for: adsp.b14
01-01 08:01:03.200 0 0 W subsys-pil-tz 17300000.qcom,lpass: Falling back to syfs fallback for: adsp.b15
01-01 08:01:03.201 0 0 W subsys-pil-tz 17300000.qcom,lpass: Falling back to syfs fallback for: adsp.b16
01-01 08:01:03.201 0 0 I cnss_pci 0000: 01:00.0: enabling device (0000 -> 0002)
01-01 08:01:03.201 0 0 W subsys-pil-tz 17300000.qcom,lpass: Falling back to syfs fallback for: adsp.b17
01-01 08:01:03.201 0 0 D cnss : Read register offset 0x1f8031c, val = 0x6
01-01 08:01:03.201 0 0 D cnss : Write val 0x2 to register offset 0x1f8031c
01-01 08:01:03.201 0 0 D cnss : Setting MHI state: INIT(0)
01-01 08:01:03.202 0 0 W subsys-pil-tz 17300000.qcom,lpass: Falling back to syfs fallback for: adsp.b18
01-01 08:01:03.202 0 0 I : [drm] Supports vblank timestamp caching Rev 2 (21.10.2013).
01-01 08:01:03.202 0 0 I : [drm] No driver support for vblank timestamp query.
01-01 08:01:03.203 0 0 I qcom_rpmh DRV: apps_rsc TCS Busy, retrying RPMH message send: addr=0x30080
01-01 08:01:03.204 0 0 I : [drm] Initialized msm_drm 1.3.0 20130625 for ae00000.qcom,mdss_mdp on minor 0
01-01 08:01:03.204 0 0 I : [drm] cont_splash feature not enabled
01-01 08:01:03.259 0 0 I subsys-pil-tz 8300000.qcom,turing: cdsp: Brought out of reset
01-01 08:01:03.269 0 0 I subsys-pil-tz 8300000.qcom,turing: cdsp: Power/Clock ready interrupt received
01-01 08:01:03.341 0 0 I binder : 672:672 ioctl 40046210 7fe3a4cff4 returned -22
01-01 08:01:03.344 0 0 I subsys-pil-tz 8300000.qcom,turing: Subsystem error monitoring/handling services are up
01-01 08:01:03.345 0 0 I subsys-pil-tz 17300000.qcom,lpass: adsp: Brought out of reset
01-01 08:01:03.356 0 0 I binder : 672:672 ioctl 40046210 7fe3a4d204 returned -22
01-01 08:01:03.363 0 0 E : [drm:dp_display_init_aux_switch][msm-dp-err][348 ]failed to register notifier (-22)
01-01 08:01:03.368 0 0 I adsprpc : fastrpc_restart_notifier_cb: cdsp subsystem is up
01-01 08:01:03.375 0 0 I subsys-pil-tz 17300000.qcom,lpass: Subsystem error monitoring/handling services are up
01-01 08:01:03.375 0 0 I qcom_smd_qrtr_probe: Entered
01-01 08:01:03.375 0 0 I qcom_smd_qrtr_probe: SMD QRTR driver probed
01-01 08:01:03.378 0 0 E register_client_adhoc: find path.src 1 dest 589
01-01 08:01:03.378 0 0 I adsprpc : fastrpc_rpmsg_probe: opened rpmsg channel for cdsp
01-01 08:01:03.378 0 0 E register_client_adhoc: Failed to find path.src 1 dest 589
01-01 08:01:03.380 0 0 E : [drm:dp_display_init_aux_switch][msm-dp-err][348 ]failed to register notifier (-22)
01-01 08:01:03.380 0 0 E register_client_adhoc: find path.src 1 dest 589
01-01 08:01:03.380 0 0 E register_client_adhoc: Failed to find path.src 1 dest 589
01-01 08:01:03.381 0 0 D cnss : Setting MHI state: POWER_ON(2)
01-01 08:01:03.381 0 0 W subsys-pil-tz 9800000.qcom,npu: Falling back to syfs fallback for: npu.mdt
01-01 08:01:03.381 0 0 I msm_cvp : info: Opening cvp instance: 0000000000000000
01-01 08:01:03.381 0 0 I msm_cvp_v4l2 ab00000.qcom,cvp: Linked as a consumer to regulator.77
01-01 08:01:03.381 0 0 I msm_cvp_v4l2 ab00000.qcom,cvp: Linked as a consumer to regulator.76
01-01 08:01:03.383 0 0 I subsys-restart: __subsystem_get(): Changing subsys fw_name to cvpss
01-01 08:01:03.383 0 0 W subsys-pil-tz abb0000.qcom,cvpss: Falling back to syfs fallback for: cvpss.mdt
01-01 08:01:03.385 0 0 I subsys-pil-tz 17300000.qcom,lpass: adsp: Power/Clock ready interrupt received
01-01 08:01:03.394 0 0 I adsprpc : fastrpc_restart_notifier_cb: adsp subsystem is up
01-01 08:01:03.395 0 0 D cnss : DRV subsystem is connected
01-01 08:01:03.395 0 0 I adsprpc : fastrpc_rpmsg_probe: opened rpmsg channel for adsp
01-01 08:01:03.395 0 0 I qcom_smd_qrtr_probe: Entered
01-01 08:01:03.395 0 0 I qcom_smd_qrtr_probe: SMD QRTR driver probed
01-01 08:01:03.396 0 0 I apr_tal_rpmsg qcom,glink: adsp.apr_audio_svc.-1.-1: apr_tal_rpmsg_probe: Channel[apr_audio_svc] state[Up]
01-01 08:01:03.397 0 0 W cnss_pci 0000: 01:00.0: Falling back to syfs fallback for: qca6390/amss20.bin
01-01 08:01:03.401 0 0 I subsys-pil-tz abb0000.qcom,cvpss: cvpss: loading from 0x0000000087300000 to 0x0000000087800000
01-01 08:01:03.403 0 0 I qcom_rpmh DRV: apps_rsc TCS Busy, retrying RPMH message send: addr=0x30030
01-01 08:01:03.403 0 0 I subsys-pil-tz 9800000.qcom,npu: npu: loading from 0x0000000086900000 to 0x0000000086e00000
01-01 08:01:03.404 0 0 W subsys-pil-tz abb0000.qcom,cvpss: Falling back to syfs fallback for: cvpss.b02
01-01 08:01:03.404 0 0 W subsys-pil-tz abb0000.qcom,cvpss: Falling back to syfs fallback for: cvpss.b03
01-01 08:01:03.404 0 0 W subsys-pil-tz abb0000.qcom,cvpss: Falling back to syfs fallback for: cvpss.b05
01-01 08:01:03.404 0 0 W subsys-pil-tz abb0000.qcom,cvpss: Falling back to syfs fallback for: cvpss.b04
01-01 08:01:03.404 0 0 W subsys-pil-tz abb0000.qcom,cvpss: Falling back to syfs fallback for: cvpss.b06
01-01 08:01:03.404 0 0 W subsys-pil-tz abb0000.qcom,cvpss: Falling back to syfs fallback for: cvpss.b07
01-01 08:01:03.404 0 0 W subsys-pil-tz abb0000.qcom,cvpss: Falling back to syfs fallback for: cvpss.b08
01-01 08:01:03.404 0 0 W subsys-pil-tz abb0000.qcom,cvpss: Falling back to syfs fallback for: cvpss.b09
01-01 08:01:03.404 0 0 W subsys-pil-tz abb0000.qcom,cvpss: Falling back to syfs fallback for: cvpss.b10
01-01 08:01:03.404 0 0 W subsys-pil-tz abb0000.qcom,cvpss: Falling back to syfs fallback for: cvpss.b19
01-01 08:01:03.406 0 0 W subsys-pil-tz 9800000.qcom,npu: Falling back to syfs fallback for: npu.b02
01-01 08:01:03.406 0 0 W subsys-pil-tz 9800000.qcom,npu: Falling back to syfs fallback for: npu.b03
01-01 08:01:03.406 0 0 W subsys-pil-tz 9800000.qcom,npu: Falling back to syfs fallback for: npu.b04
01-01 08:01:03.406 0 0 W subsys-pil-tz 9800000.qcom,npu: Falling back to syfs fallback for: npu.b05
01-01 08:01:03.406 0 0 W subsys-pil-tz 9800000.qcom,npu: Falling back to syfs fallback for: npu.b06
01-01 08:01:03.413 0 0 E : [drm:dp_display_init_aux_switch][msm-dp-err][584 ]failed to register notifier (-22)
01-01 08:01:03.421 0 0 I qcom_rpmh DRV: apps_rsc TCS Busy, retrying RPMH message send: addr=0x30040
01-01 08:01:03.430 0 0 E register_client_adhoc: find path.src 1 dest 589
01-01 08:01:03.430 0 0 E register_client_adhoc: Failed to find path.src 1 dest 589
01-01 08:01:03.456 0 0 E DTC_ETH,link_delay_work_func: 3003, SQI=0, link=0
01-01 08:01:03.495 0 0 I subsys-pil-tz abb0000.qcom,cvpss: cvpss: Brought out of reset
01-01 08:01:03.727 673 673 D Build : ro.build.display.id=01.00.0086.C102
01-01 08:01:04.045 674 674 D Build : ro.build.display.id=01.00.0086.C102
01-01 08:01:04.093 0 0 I subsys-pil-tz 9800000.qcom,npu: npu: Brought out of reset
01-01 08:01:04.104 0 0 E : [drm:dp_display_init_aux_switch][msm-dp-err][70 ]failed to register notifier (-22)
01-01 08:01:04.116 0 0 E register_client_adhoc: find path.src 1 dest 589
01-01 08:01:04.116 0 0 E register_client_adhoc: Failed to find path.src 1 dest 589
01-01 08:01:04.123 0 0 I NPU_INFO: npu_get_fw_caps: 236 fw caps 0:2007
01-01 08:01:04.135 0 0 I NPU_INFO: npu_get_fw_caps: 236 fw caps 1:80000005
01-01 08:01:04.141 0 0 I NPU_INFO: npu_get_fw_caps: 236 fw caps 2:0
01-01 08:01:04.147 0 0 I NPU_INFO: npu_get_fw_caps: 236 fw caps 3:0
01-01 08:01:04.152 0 0 I NPU_INFO: npu_get_fw_caps: 236 fw caps 4:0
01-01 08:01:04.157 0 0 I NPU_INFO: npu_get_fw_caps: 236 fw caps 5:0
01-01 08:01:04.163 0 0 I NPU_INFO: npu_get_fw_caps: 236 fw caps 6:0
01-01 08:01:04.168 0 0 I NPU_INFO: npu_get_fw_caps: 236 fw caps 7:0
01-01 08:01:04.176 0 0 I qcom_smd_qrtr_probe: Entered
01-01 08:01:04.181 0 0 I qcom_smd_qrtr_probe: SMD QRTR driver probed
01-01 08:01:04.187 0 0 E : [drm:dp_display_init_aux_switch][msm-dp-err][348 ]failed to register notifier (-22)
01-01 08:01:04.196 0 0 E register_client_adhoc: find path.src 1 dest 589
01-01 08:01:04.197 0 0 E register_client_adhoc: Failed to find path.src 1 dest 589
01-01 08:01:04.202 0 0 I msm_cvp : err: Failed to create debugfs for msm_cvp
01-01 08:01:04.202 0 0 I msm_cvp : info: Closed cvp instance: 0000000000000000 session_id = 0
01-01 08:01:04.278 0 0 D cnss : MHI status cb is called with reason MISSION_MODE(6)
01-01 08:01:04.278 0 0 D cnss : Notify MHI to use already allocated images
01-01 08:01:04.278 0 0 D cnss : PM relax, state: 0x8, count: 0
01-01 08:01:04.280 0 0 E : [drm:dp_display_init_aux_switch][msm-dp-err][78 ]failed to register notifier (-22)
01-01 08:01:04.292 0 0 E register_client_adhoc: find path.src 1 dest 589
01-01 08:01:04.292 0 0 E register_client_adhoc: Failed to find path.src 1 dest 589
01-01 08:01:04.298 0 0 E : [drm:dp_display_init_aux_switch][msm-dp-err][78 ]failed to register notifier (-22)
01-01 08:01:04.319 0 0 I subsys-restart: __subsystem_get(): Changing subsys fw_name to slpi
01-01 08:01:04.327 0 0 W subsys-pil-tz 5c00000.qcom,ssc: Falling back to syfs fallback for: slpi.mdt
01-01 08:01:04.337 0 0 I subsys-pil-tz 5c00000.qcom,ssc: slpi: loading from 0x0000000088c00000 to 0x000000008a100000
01-01 08:01:04.351 0 0 W subsys-pil-tz 5c00000.qcom,ssc: Falling back to syfs fallback for: slpi.b02
01-01 08:01:04.351 0 0 W subsys-pil-tz 5c00000.qcom,ssc: Falling back to syfs fallback for: slpi.b03
01-01 08:01:04.351 0 0 W subsys-pil-tz 5c00000.qcom,ssc: Falling back to syfs fallback for: slpi.b04
01-01 08:01:04.351 0 0 W subsys-pil-tz 5c00000.qcom,ssc: Falling back to syfs fallback for: slpi.b05
01-01 08:01:04.351 0 0 W subsys-pil-tz 5c00000.qcom,ssc: Falling back to syfs fallback for: slpi.b06
01-01 08:01:04.351 0 0 W subsys-pil-tz 5c00000.qcom,ssc: Falling back to syfs fallback for: slpi.b07
01-01 08:01:04.351 0 0 W subsys-pil-tz 5c00000.qcom,ssc: Falling back to syfs fallback for: slpi.b08
01-01 08:01:04.351 0 0 W subsys-pil-tz 5c00000.qcom,ssc: Falling back to syfs fallback for: slpi.b09
01-01 08:01:04.351 0 0 W subsys-pil-tz 5c00000.qcom,ssc: Falling back to syfs fallback for: slpi.b10
01-01 08:01:04.351 0 0 W subsys-pil-tz 5c00000.qcom,ssc: Falling back to syfs fallback for: slpi.b11
01-01 08:01:04.351 0 0 W subsys-pil-tz 5c00000.qcom,ssc: Falling back to syfs fallback for: slpi.b12
01-01 08:01:04.351 0 0 W subsys-pil-tz 5c00000.qcom,ssc: Falling back to syfs fallback for: slpi.b13
01-01 08:01:04.351 0 0 W subsys-pil-tz 5c00000.qcom,ssc: Falling back to syfs fallback for: slpi.b14
01-01 08:01:04.351 0 0 W subsys-pil-tz 5c00000.qcom,ssc: Falling back to syfs fallback for: slpi.b15
01-01 08:01:04.351 0 0 W subsys-pil-tz 5c00000.qcom,ssc: Falling back to syfs fallback for: slpi.b16
01-01 08:01:04.351 0 0 W subsys-pil-tz 5c00000.qcom,ssc: Falling back to syfs fallback for: slpi.b17
01-01 08:01:04.351 0 0 W subsys-pil-tz 5c00000.qcom,ssc: Falling back to syfs fallback for: slpi.b18
01-01 08:01:04.351 0 0 W subsys-pil-tz 5c00000.qcom,ssc: Falling back to syfs fallback for: slpi.b19
01-01 08:01:04.351 0 0 W subsys-pil-tz 5c00000.qcom,ssc: Falling back to syfs fallback for: slpi.b20
01-01 08:01:04.362 0 0 I binder : 807:807 ioctl 40046210 7fcbf4df84 returned -22
01-01 08:01:04.375 0 0 I binder : 817:817 ioctl 40046210 7ffdc61c94 returned -22
01-01 08:01:04.379 0 0 I binder : 808:808 ioctl 40046210 7fdc1e6c14 returned -22
01-01 08:01:04.405 825 825 I android.hardware.wifi@1.0-service: Wifi Hal is booting up...
01-01 08:01:04.408 825 825 I HidlServiceManagement: Registered android.hardware.wifi@1.4::IWifi/default (start delay of 77ms)
01-01 08:01:04.445 0 0 I binder : 820:820 ioctl 40046210 7fcf1b8a34 returned -22
01-01 08:01:04.452 0 0 I binder : 808:808 ioctl 40046210 7fdc1e6bf4 returned -22
01-01 08:01:04.483 972 972 I irsc_util: Starting irsc tool
01-01 08:01:04.511 0 0 I binder : 929:929 ioctl 40046210 7fc888cc84 returned -22
01-01 08:01:04.495 972 972 I irsc_util: Num of entries:298
01-01 08:01:04.495 972 972 I irsc_util: Ending irsc tool
01-01 08:01:04.543 0 0 E rmt_storage: ERR:main: Mmap Failed for rmts (-1)...pausing execution!
01-01 08:01:04.565 0 0 I : Mass Storage Function, version: 2009/09/11
01-01 08:01:04.565 0 0 I LUN : removable file: (no medium)
01-01 08:01:04.568 0 0 I : file system registered
01-01 08:01:04.574 0 0 I f_cdev_alloc: port_name:at_usb0 (0000000000000000) portno:(0)
01-01 08:01:04.575 0 0 I f_cdev_alloc: port_name:at_usb1 (0000000000000000) portno:(1)
01-01 08:01:04.582 0 0 I f_cdev_alloc: port_name:at_usb2 (0000000000000000) portno:(2)
01-01 08:01:04.600 0 0 I subsys-pil-tz 5c00000.qcom,ssc: slpi: Brought out of reset
01-01 08:01:04.602 0 0 I binder : 983:983 ioctl 40046210 7fe0191014 returned -22
01-01 08:01:04.613 0 0 W QSEECOM : qseecom_load_app: App (soter64) does'nt exist, loading apps for first time
01-01 08:01:04.613 0 0 E diag : In diag_send_feature_mask_update, control channel is not open, p: 1, 0000000000000000
01-01 08:01:04.616 0 0 D cnss : WLFW server arriving: node 7 port 1
01-01 08:01:04.616 0 0 I sysmon-qmi: ssctl_new_server: Connection established between QMI handle and cdsp's SSCTL service
01-01 08:01:04.616 0 0 I sysmon-qmi: ssctl_new_server: Connection established between QMI handle and slpi's SSCTL service
01-01 08:01:04.619 0 0 I sysmon-qmi: ssctl_new_server: Connection established between QMI handle and adsp's SSCTL service
01-01 08:01:04.619 0 0 I servloc : service_locator_new_server: Connection established with the Service locator
01-01 08:01:04.620 0 0 I servloc : init_service_locator: Service locator initialized
01-01 08:01:04.621 0 0 I binder : 984:984 ioctl 40046210 7fdf245554 returned -22
01-01 08:01:04.623 0 0 I adsprpc : fastrpc_get_service_location_notify: PDR notifier for adsp registered for msm/adsp/audio_pd (audio_pdr_adsprpc)
01-01 08:01:04.623 0 0 I adsprpc : fastrpc_get_service_location_notify: audio_pdr_adsprpc (msm/adsp/audio_pd) PDR service for adsp is uninitialized
01-01 08:01:04.623 0 0 D cnss : Posting event: SERVER_ARRIVE(0), state: 0x8 flags: 0x0
01-01 08:01:04.623 0 0 D cnss : PM stay awake, state: 0x8, count: 1
01-01 08:01:04.623 0 0 D cnss : PM relax, state: 0x8, count: 0
01-01 08:01:04.623 0 0 I service-notifier: service_notifier_new_server: Connection established between QMI handle and 74 service
01-01 08:01:04.623 0 0 D cnss : PM stay awake, state: 0x8, count: 1
01-01 08:01:04.623 0 0 D cnss : Processing driver event: SERVER_ARRIVE(0), state: 0x8
01-01 08:01:04.623 0 0 I cnss : QMI WLFW service connected, state: 0x9
01-01 08:01:04.623 0 0 D cnss : Sending indication register message, state: 0x9
01-01 08:01:04.623 0 0 E diag : In diag_send_feature_mask_update, control channel is not open, p: 5, 0000000000000000
01-01 08:01:04.624 0 0 I adsprpc : fastrpc_pdr_notifier_cb: msm/adsp/audio_pd (audio_pdr_adsprpc) is up on adsp
01-01 08:01:04.631 0 0 D cnss : Sending host capability message, state: 0x9
01-01 08:01:04.631 0 0 D cnss : Number of clients is 2
01-01 08:01:04.631 0 0 D cnss : Assign MSI to user: WAKE, num_vectors: 1, user_base_data: 813, base_vector: 13
01-01 08:01:04.631 0 0 D cnss : WAKE MSI base data is 813
01-01 08:01:04.631 0 0 D cnss : Calibration done is 0
01-01 08:01:04.631 0 0 D cnss : Sending iova starting 0xa0000000 with size 0x10010000
01-01 08:01:04.633 0 0 E diag : In diag_send_feature_mask_update, control channel is not open, p: 6, 0000000000000000
01-01 08:01:04.633 0 0 D cnss : PM relax, state: 0x9, count: 0
01-01 08:01:04.635 0 0 W QSEECOM : qseecom_load_app: App with id 4 (soter64) now loaded
01-01 08:01:04.642 0 0 I audio_notifer_reg_service: service PDR_ADSP is in use
01-01 08:01:04.642 0 0 I apr_adsp_up: Q6 is Up
01-01 08:01:04.643 0 0 E diag : In diag_send_peripheral_buffering_mode, buffering flag not set for 1
01-01 08:01:04.643 0 0 I msm-audio-ion soc: qcom,msm-audio-apr:qcom,msm-audio-ion: Linked as a consumer to 15000000.apps-smmu
01-01 08:01:04.652 0 0 E diag : In diag_send_peripheral_buffering_mode, buffering flag not set for 5
01-01 08:01:04.652 0 0 I iommu : Adding device soc:qcom,msm-audio-apr:qcom,msm-audio-ion to group 50
01-01 08:01:04.660 0 0 I subsys-pil-tz 5c00000.qcom,ssc: Subsystem error monitoring/handling services are up
01-01 08:01:04.660 0 0 I subsys-pil-tz 5c00000.qcom,ssc: slpi: Power/Clock ready interrupt received
01-01 08:01:04.660 0 0 E diag : In diag_send_peripheral_buffering_mode, buffering flag not set for 6
01-01 08:01:04.660 0 0 I qcom_rpmh DRV: apps_rsc TCS Busy, retrying RPMH message send: addr=0x30030
01-01 08:01:04.661 0 0 E register_client_adhoc: find path.src 1 dest 589
01-01 08:01:04.662 0 0 E register_client_adhoc: Failed to find path.src 1 dest 589
01-01 08:01:04.668 0 0 I binder : 981:981 ioctl 40046210 7fe216d4f4 returned -22
01-01 08:01:04.668 0 0 I binder : 981:981 ioctl 40046210 7fe216d514 returned -22
01-01 08:01:04.671 0 0 E : [drm:dp_display_init_aux_switch][msm-dp-err][494 ]failed to register notifier (-22)
01-01 08:01:04.674 0 0 I qcom_rpmh DRV: apps_rsc TCS Busy, retrying RPMH message send: addr=0x30040
01-01 08:01:04.681 0 0 I adsprpc : fastrpc_restart_notifier_cb: slpi subsystem is up
01-01 08:01:04.682 0 0 I adsprpc : fastrpc_rpmsg_probe: opened rpmsg channel for slpi
01-01 08:01:04.683 0 0 I qcom_smd_qrtr_probe: Entered
01-01 08:01:04.683 0 0 I qcom_smd_qrtr_probe: SMD QRTR driver probed
01-01 08:01:04.689 0 0 I msm_vidc: high: 00000001: ....d: Opening video instance: 0000000000000000, 1
01-01 08:01:04.689 0 0 I msm_vidc_v4l2 aa00000.qcom,vidc: Linked as a consumer to regulator.75
01-01 08:01:04.689 0 0 I msm_vidc_v4l2 aa00000.qcom,vidc: Linked as a consumer to regulator.74
01-01 08:01:04.690 0 0 I sps : BAM 0x0000000003a84000 (va:0x0000000000000000) enabled: ver:0x19, number of pipes:25
01-01 08:01:04.690 0 0 I sps : BAM 0x0000000003a84000 is registered.
01-01 08:01:04.690 0 0 I binder : 987:987 ioctl 40046210 7fd732f064 returned -22
01-01 08:01:04.690 0 0 E register_client_adhoc: find path.src 1 dest 589
01-01 08:01:04.691 0 0 E register_client_adhoc: Failed to find path.src 1 dest 589
01-01 08:01:04.696 0 0 I binder : 987:987 ioctl 40046210 7fd7330a94 returned -22
01-01 08:01:04.697 0 0 E : [drm:dp_display_init_aux_switch][msm-dp-err][494 ]failed to register notifier (-22)
01-01 08:01:04.697 0 0 I subsys-restart: __subsystem_get(): Changing subsys fw_name to venus
01-01 08:01:04.698 0 0 W subsys-pil-tz aab0000.qcom,venus: Falling back to syfs fallback for: venus.mdt
01-01 08:01:04.699 0 0 I sysmon-qmi: ssctl_new_server: Connection established between QMI handle and slpi's SSCTL service
01-01 08:01:04.700 0 0 I subsys-pil-tz aab0000.qcom,venus: venus: loading from 0x0000000086e00000 to 0x0000000087300000
01-01 08:01:04.702 0 0 W subsys-pil-tz aab0000.qcom,venus: Falling back to syfs fallback for: venus.b02
01-01 08:01:04.702 0 0 W subsys-pil-tz aab0000.qcom,venus: Falling back to syfs fallback for: venus.b03
01-01 08:01:04.702 0 0 W subsys-pil-tz aab0000.qcom,venus: Falling back to syfs fallback for: venus.b04
01-01 08:01:04.702 0 0 W subsys-pil-tz aab0000.qcom,venus: Falling back to syfs fallback for: venus.b05
01-01 08:01:04.702 0 0 W subsys-pil-tz aab0000.qcom,venus: Falling back to syfs fallback for: venus.b06
01-01 08:01:04.702 0 0 W subsys-pil-tz aab0000.qcom,venus: Falling back to syfs fallback for: venus.b07
01-01 08:01:04.702 0 0 W subsys-pil-tz aab0000.qcom,venus: Falling back to syfs fallback for: venus.b08
01-01 08:01:04.702 0 0 W subsys-pil-tz aab0000.qcom,venus: Falling back to syfs fallback for: venus.b09
01-01 08:01:04.702 0 0 W subsys-pil-tz aab0000.qcom,venus: Falling back to syfs fallback for: venus.b10
01-01 08:01:04.702 0 0 W subsys-pil-tz aab0000.qcom,venus: Falling back to syfs fallback for: venus.b19
01-01 08:01:04.712 0 0 E register_client_adhoc: find path.src 1 dest 589
01-01 08:01:04.712 0 0 E register_client_adhoc: Failed to find path.src 1 dest 589
01-01 08:01:04.715 0 0 E diag : In diag_send_feature_mask_update, control channel is not open, p: 3, 0000000000000000
01-01 08:01:04.738 0 0 W kgsl-3d0: Falling back to syfs fallback for: a650_sqe.fw
01-01 08:01:04.742 0 0 W kgsl-3d0: Falling back to syfs fallback for: a650_gmu.bin
01-01 08:01:04.746 0 0 E diag : In diag_send_peripheral_buffering_mode, buffering flag not set for 3
01-01 08:01:04.746 0 0 I subsys-pil-tz aab0000.qcom,venus: venus: Brought out of reset
01-01 08:01:04.767 0 0 I msm_vidc: err : 00000001: ....d: Failed to create debugfs for msm_vidc
01-01 08:01:04.768 0 0 E : [drm:dp_display_init_aux_switch][msm-dp-err][494 ]failed to register notifier (-22)
01-01 08:01:04.772 0 0 I msm_vidc: high: 00000001: h264d: Closed video instance: 0000000000000000
01-01 08:01:04.777 0 0 I msm_vidc: high: 00000001: ....d: Opening video instance: 0000000000000000, 1
01-01 08:01:04.777 0 0 I msm_vidc: err : 00000001: ....d: Failed to create debugfs for msm_vidc
01-01 08:01:04.779 0 0 W kona-asoc-snd soc: qcom,msm-audio-apr:qcom,q6core-audio:sound: msm_init_aux_dev: Max WSA devices is 0 for this target?
01-01 08:01:04.779 0 0 E kona-asoc-snd soc: qcom,msm-audio-apr:qcom,q6core-audio:sound: ASoC: CODEC DAI wsa_macro_vifeedback not registered
01-01 08:01:04.783 0 0 I msm_vidc: high: 00000001: h264d: Closed video instance: 0000000000000000
01-01 08:01:04.791 0 0 E register_client_adhoc: find path.src 1 dest 589
01-01 08:01:04.791 0 0 E register_client_adhoc: Failed to find path.src 1 dest 589
01-01 08:01:04.792 0 0 I msm_vidc: high: 00000001: ....d: Opening video instance: 0000000000000000, 1
01-01 08:01:04.798 0 0 E qcom-lpi-pinctrl soc: qcom,msm-audio-apr:qcom,q6core-audio:lpi_pinctrl@33c0000: snd_event_notify: No snd dev entry found
01-01 08:01:04.804 0 0 I msm_vidc: err : 00000001: ....d: Failed to create debugfs for msm_vidc
01-01 08:01:04.805 0 0 I binder : 1098:1098 ioctl 40046210 7fd589cf84 returned -22
01-01 08:01:04.808 0 0 I msm_vidc: high: 00000001: h265d: Closed video instance: 0000000000000000
01-01 08:01:04.808 0 0 I msm_vidc: high: 00000001: ....d: Opening video instance: 0000000000000000, 1
01-01 08:01:04.808 0 0 I msm_vidc: err : 00000001: ....d: Failed to create debugfs for msm_vidc
01-01 08:01:04.810 0 0 I msm_vidc: high: 00000001: h265d: Closed video instance: 0000000000000000
01-01 08:01:04.811 0 0 I msm_vidc: high: 00000001: ....d: Opening video instance: 0000000000000000, 1
01-01 08:01:04.811 0 0 I msm_vidc: err : 00000001: ....d: Failed to create debugfs for msm_vidc
01-01 08:01:04.812 0 0 I msm_vidc: high: 00000001: vp8d: Closed video instance: 0000000000000000
01-01 08:01:04.813 0 0 I msm_vidc: high: 00000001: ....d: Opening video instance: 0000000000000000, 1
01-01 08:01:04.813 0 0 I msm_vidc: err : 00000001: ....d: Failed to create debugfs for msm_vidc
01-01 08:01:04.814 0 0 I msm_vidc: high: 00000001: vp9d: Closed video instance: 0000000000000000
01-01 08:01:04.815 0 0 I msm_vidc: high: 00000001: ....d: Opening video instance: 0000000000000000, 1
01-01 08:01:04.815 0 0 I msm_vidc: err : 00000001: ....d: Failed to create debugfs for msm_vidc
01-01 08:01:04.820 0 0 I platform soc: qcom,msm-audio-apr:qcom,voice-mhi-audio: assigned reserved memory node mailbox_region
01-01 08:01:04.821 0 0 W : bolero-clk-rsc-mngr bolero-clk-rsc-mngr: DMA mask not set
01-01 08:01:04.822 0 0 W tx_macro tx-macro: DMA mask not set
01-01 08:01:04.822 0 0 E tx_macro tx-macro: tx_macro_probe: va-macro not registered yet, defer
01-01 08:01:04.822 0 0 I msm_vidc: high: 00000001: vp9d: Closed video instance: 0000000000000000
01-01 08:01:04.830 0 0 W rx_macro rx-macro: DMA mask not set
01-01 08:01:04.830 0 0 E rx_macro rx-macro: rx_macro_probe: va-macro not registered yet, defer
01-01 08:01:04.831 0 0 I msm_vidc: high: 00000001: ....d: Opening video instance: 0000000000000000, 1
01-01 08:01:04.838 0 0 I msm_vidc: err : 00000001: ....d: Failed to create debugfs for msm_vidc
01-01 08:01:04.838 0 0 W wsa_macro wsa-macro: DMA mask not set
01-01 08:01:04.838 0 0 E wsa_macro wsa-macro: wsa_macro_probe: va-macro not registered yet, defer
01-01 08:01:04.839 0 0 I msm_vidc: high: 00000001: mpg2d: Closed video instance: 0000000000000000
01-01 08:01:04.847 0 0 W va_macro va-macro: DMA mask not set
01-01 08:01:04.847 0 0 E msm_cdc_pinctrl_get_gpiodata: device node is null
01-01 08:01:04.848 0 0 I msm_vidc: high: 00000001: ....d: Opening video instance: 0000000000000000, 1
01-01 08:01:04.853 0 0 I msm_vidc: err : 00000001: ....d: Failed to create debugfs for msm_vidc
01-01 08:01:04.853 0 0 I va_macro va-macro: Linked as a consumer to regulator.7
01-01 08:01:04.853 0 0 I va_macro va-macro: bolero_register_macro: register macro successful:3
01-01 08:01:04.854 0 0 W wcd938x_codec wcd938x-codec: DMA mask not set
01-01 08:01:04.854 0 0 I wcd938x_codec wcd938x-codec: msm_cdc_dt_parse_vreg_info: cdc-vdd-rxtx: vol=[1800000 1800000]uV, curr=[30000]uA, ond 0 lpm 0
01-01 08:01:04.854 0 0 I wcd938x_codec wcd938x-codec: msm_cdc_dt_parse_vreg_info: cdc-vddio: vol=[1800000 1800000]uV, curr=[30000]uA, ond 0 lpm 0
01-01 08:01:04.854 0 0 I wcd938x_codec wcd938x-codec: msm_cdc_dt_parse_vreg_info: cdc-vdd-buck: vol=[1800000 1800000]uV, curr=[650000]uA, ond 0 lpm 0
01-01 08:01:04.854 0 0 I wcd938x_codec wcd938x-codec: msm_cdc_dt_parse_vreg_info: cdc-vdd-mic-bias: vol=[3296000 3296000]uV, curr=[30000]uA, ond 0 lpm 0
01-01 08:01:04.854 0 0 I wcd938x_codec wcd938x-codec: Linked as a consumer to regulator.7
01-01 08:01:04.854 0 0 I wcd938x_codec wcd938x-codec: Linked as a consumer to regulator.48
01-01 08:01:04.855 0 0 E : [drm:dp_display_init_aux_switch][msm-dp-err][494 ]failed to register notifier (-22)
01-01 08:01:04.855 0 0 I msm_vidc: high: 00000001: mpg2d: Closed video instance: 0000000000000000
01-01 08:01:04.865 0 0 I msm_vidc: high: 00000001: ....e: Opening video instance: 0000000000000000, 0
01-01 08:01:04.865 0 0 I msm_vidc: err : 00000001: ....e: Failed to create debugfs for msm_vidc
01-01 08:01:04.866 0 0 W kona-asoc-snd soc: qcom,msm-audio-apr:qcom,q6core-audio:sound: msm_init_aux_dev: Max WSA devices is 0 for this target?
01-01 08:01:04.867 0 0 E kona-asoc-snd soc: qcom,msm-audio-apr:qcom,q6core-audio:sound: ASoC: CODEC DAI wsa_macro_vifeedback not registered
01-01 08:01:04.867 0 0 I msm_vidc: high: 00000001: h264e: Closed video instance: 0000000000000000
01-01 08:01:04.879 0 0 E register_client_adhoc: find path.src 1 dest 589
01-01 08:01:04.879 0 0 E register_client_adhoc: Failed to find path.src 1 dest 589
01-01 08:01:04.880 0 0 I msm_vidc: high: 00000001: ....e: Opening video instance: 0000000000000000, 0
01-01 08:01:04.885 0 0 I tx_macro tx-macro: bolero_register_macro: register macro successful:0
01-01 08:01:04.891 0 0 I msm_vidc: err : 00000001: ....e: Failed to create debugfs for msm_vidc
01-01 08:01:04.892 0 0 I rx_macro rx-macro: bolero_register_macro: register macro successful:1
01-01 08:01:04.892 0 0 I wsa_macro wsa-macro: bolero_register_macro: register macro successful:2
01-01 08:01:04.893 0 0 E : [drm:dp_display_init_aux_switch][msm-dp-err][494 ]failed to register notifier (-22)
01-01 08:01:04.900 0 0 I msm_vidc: high: 00000001: h265e: Closed video instance: 0000000000000000
01-01 08:01:04.904 0 0 W kona-asoc-snd soc: qcom,msm-audio-apr:qcom,q6core-audio:sound: msm_init_aux_dev: Max WSA devices is 0 for this target?
01-01 08:01:04.904 0 0 I msm_vidc: high: 00000001: ....e: Opening video instance: 0000000000000000, 0
01-01 08:01:04.904 0 0 I msm_vidc: err : 00000001: ....e: Failed to create debugfs for msm_vidc
01-01 08:01:04.907 0 0 W swr-wcd tx_swr_ctrl: DMA mask not set
01-01 08:01:04.908 0 0 I msm_vidc: high: 00000001: h265e: Closed video instance: 0000000000000000
01-01 08:01:04.908 0 0 W swr-wcd rx_swr_ctrl: DMA mask not set
01-01 08:01:04.908 0 0 W swr-wcd wsa_swr_ctrl: DMA mask not set
01-01 08:01:04.910 0 0 I msm_vidc: high: 00000001: ....e: Opening video instance: 0000000000000000, 0
01-01 08:01:04.911 0 0 I msm_vidc: err : 00000001: ....e: Failed to create debugfs for msm_vidc
01-01 08:01:04.878 1144 1144 I gsid : no DSU: No such file or directory
01-01 08:01:04.917 0 0 E swr-wcd wsa_swr_ctrl: swrm_get_logical_dev_num: device 0x1020170211 is not ready
01-01 08:01:04.917 0 0 I msm_vidc: high: 00000001: h265e: Closed video instance: 0000000000000000
01-01 08:01:04.926 0 0 E swr-wcd rx_swr_ctrl: swrm_get_logical_dev_num: device 0xd01170224 is not ready
01-01 08:01:04.928 0 0 I msm_vidc: high: 00000001: ....e: Opening video instance: 0000000000000000, 0
01-01 08:01:04.934 0 0 I msm_vidc: err : 00000001: ....e: Failed to create debugfs for msm_vidc
01-01 08:01:04.934 0 0 I msm_vidc: err : 00000001: ....e: msm_vidc_comm_update_ctrl: failed: control name Ltr Count, min 0, max 0, step 0, default_value 0
01-01 08:01:04.936 0 0 I msm_vidc: high: 00000001: vp8e: Closed video instance: 0000000000000000
01-01 08:01:04.939 0 0 I binder : 1124:1124 ioctl 40046210 7fc521bf74 returned -22
01-01 08:01:04.939 0 0 E swr_get_logical_dev_num: Error -22 to get logical addr for device d01170224
01-01 08:01:04.948 0 0 E swr_get_logical_dev_num: Error -22 to get logical addr for device 1020170211
01-01 08:01:04.926 1124 1124 I SystemServerTiming: InitBeforeStartServices
01-01 08:01:04.927 1124 1124 I SystemServer: Entered the Android system server!
01-01 08:01:04.964 0 0 W wsa881x : probe of wsa881x.1020170211 failed with error -22
01-01 08:01:04.964 0 0 E swr-wcd rx_swr_ctrl: swrm_get_logical_dev_num: device 0xd01170224 is not ready
01-01 08:01:04.973 0 0 E swr-wcd wsa_swr_ctrl: swrm_get_logical_dev_num: device 0x1020170212 is not ready
01-01 08:01:04.984 0 0 E msm-pcm-routing soc: qcom,msm-pcm-routing: ASoC: no source widget found for AUDIO_REF_EC_UL30 MUX
01-01 08:01:04.991 0 0 I : read descriptors
01-01 08:01:04.994 0 0 E swr_get_logical_dev_num: Error -22 to get logical addr for device d01170224
01-01 08:01:05.001 0 0 I : read strings
01-01 08:01:05.003 0 0 E swr_get_logical_dev_num: Error -22 to get logical addr for device 1020170212
01-01 08:01:05.010 0 0 I binder : 1202:1202 ioctl 40046210 7fec1b27a4 returned -22
01-01 08:01:05.011 0 0 E msm-pcm-routing soc: qcom,msm-pcm-routing: ASoC: Failed to add route AUDIO_REF_EC_UL30 MUX -> direct -> MM_UL30
01-01 08:01:04.979 1179 1179 I iorapd : iorapd (the prefetchening) firing up
01-01 08:01:05.020 0 0 I binder : 1178:1178 ioctl 40046210 ffb45008 returned -22
01-01 08:01:05.023 0 0 W wsa881x : probe of wsa881x.1020170212 failed with error -22
01-01 08:01:05.023 0 0 E swr-wcd rx_swr_ctrl: swrm_get_logical_dev_num: device 0xd01170224 is not ready
01-01 08:01:04.989 1179 1179 I iorapd : Opened existing database at '/data/misc/iorapd/sqlite.db'
01-01 08:01:04.989 1179 1179 W iorapd : Reconnect to package manager service: 1 times
01-01 08:01:05.024 0 0 I binder : 1179:1179 ioctl 40046210 7fea3624b4 returned -22
01-01 08:01:05.032 0 0 E swr-wcd wsa_swr_ctrl: swrm_get_logical_dev_num: device 0x1021170213 is not ready
01-01 08:01:05.007 1214 1214 I installd: installd firing up
01-01 08:01:05.043 0 0 I binder : 1212:1212 ioctl 40046210 7fce725e74 returned -22
01-01 08:01:05.044 0 0 I binder : 1205:1205 ioctl 40046210 7ff665a0b4 returned -22
01-01 08:01:05.044 0 0 I binder : 1214:1214 ioctl 40046210 7fd17ecfc4 returned -22
01-01 08:01:05.046 0 0 E msm-pcm-routing soc: qcom,msm-pcm-routing: ASoC: no source widget found for AUX_PCM_TX
01-01 08:01:05.056 0 0 E swr_get_logical_dev_num: Error -22 to get logical addr for device d01170224
01-01 08:01:05.064 0 0 E swr_get_logical_dev_num: Error -22 to get logical addr for device 1021170213
01-01 08:01:05.066 0 0 E wlan : Loading driver v5.2.022.10G; 2023-03-28T07:22:39Z; cld:; cmn:;
01-01 08:01:05.042 1234 1234 I wificond: wificond is starting up...
01-01 08:01:05.073 0 0 E swr-wcd rx_swr_ctrl: swrm_get_logical_dev_num: device 0xd01170224 is not ready
01-01 08:01:05.077 0 0 I binder : 1234:1234 ioctl 40046210 7fd325cb74 returned -22
01-01 08:01:05.078 0 0 I binder : 1234:1234 ioctl 40046210 7fd325caf4 returned -22
01-01 08:01:05.051 1234 1234 I HidlServiceManagement: Registered android.system.wifi.keystore@1.0::IKeystore/default
01-01 08:01:05.089 0 0 W wsa881x : probe of wsa881x.1021170213 failed with error -22
01-01 08:01:05.089 0 0 E msm-pcm-routing soc: qcom,msm-pcm-routing: ASoC: Failed to add route AUX_PCM_TX -> AUX_PCM_UL_TX -> VoLTE Stub Tx Mixer
01-01 08:01:05.093 0 0 I binder : 1223:1223 ioctl 40046210 7ff36b6b34 returned -22
01-01 08:01:05.102 0 0 E swr-wcd wsa_swr_ctrl: swrm_get_logical_dev_num: device 0x1021170214 is not ready
01-01 08:01:05.102 0 0 E swr_get_logical_dev_num: Error -22 to get logical addr for device 1021170214
01-01 08:01:05.102 0 0 W wsa881x : probe of wsa881x.1021170214 failed with error -22
01-01 08:01:05.102 0 0 I binder : 1230:1230 ioctl 40046210 7fe3178344 returned -22
01-01 08:01:05.102 0 0 I binder : 1235:1235 ioctl 40046210 7fe4bb3994 returned -22
01-01 08:01:05.104 0 0 E ipa3_uc_reg_rdyCB: 2973 bad parm. inout=0000000000000000
01-01 08:01:05.104 0 0 I : wlan_hdd_state wlan major(476) initialized
01-01 08:01:05.104 0 0 D cnss : Start to wait for calibration to complete
01-01 08:01:05.116 0 0 I binder : 1233:1258 ioctl 40046210 79709fd104 returned -22
01-01 08:01:05.119 0 0 E swr_get_logical_dev_num: Error -22 to get logical addr for device d01170224
01-01 08:01:05.119 0 0 E swr-wcd rx_swr_ctrl: swrm_get_logical_dev_num: device 0xd01170224 is not ready
01-01 08:01:05.119 0 0 E swr_get_logical_dev_num: Error -22 to get logical addr for device d01170224
01-01 08:01:05.119 0 0 I binder : 1222:1222 ioctl 40046210 7fd9898054 returned -22
01-01 08:01:05.094 1259 1259 I imsrcsd : Uce Service HAL is starting up...
01-01 08:01:05.095 1259 1259 I imsrcsd : Uce Service HAL loading imsrcsbaseimpl
01-01 08:01:05.136 0 0 I lan743x 0001: 01:00.0 eth0: using MSIX interrupts, number of vectors = 6
01-01 08:01:05.143 0 0 I : tsnv nv_initialize successfully!
01-01 08:01:05.146 0 0 E msm-pcm-routing soc: qcom,msm-pcm-routing: ASoC: no source widget found for AUX_PCM_RX
01-01 08:01:05.118 1124 1124 I SystemServerInitThreadPool: Creating instance with 8 threads
01-01 08:01:05.160 0 0 E msm-pcm-routing soc: qcom,msm-pcm-routing: ASoC: Failed to add route AUX_PCM_RX -> direct -> BE_OUT
01-01 08:01:05.174 1259 1259 I imsrcsd : Starting Service for First Time imsbaseimpl
01-01 08:01:05.175 1259 1259 I imsrcsd : Interface com.qualcomm.qti.uceservice@2.3::IUceService com.qualcomm.qti.uceservice is found in manifest
01-01 08:01:05.177 1259 1259 I HidlServiceManagement: Registered com.qualcomm.qti.uceservice@2.3::IUceService/com.qualcomm.qti.uceservice (start delay of 106ms)
01-01 08:01:05.178 1259 1259 I imsrcsd : Interface com.qualcomm.qti.imscmservice@2.2::IImsCmService qti.ims.connectionmanagerservice is found in manifest
01-01 08:01:05.178 1259 1259 I HidlServiceManagement: Registered com.qualcomm.qti.imscmservice@2.2::IImsCmService/qti.ims.connectionmanagerservice (start delay of 107ms)
01-01 08:01:05.187 1259 1259 I imsrcsd : Interface vendor.qti.ims.factory@1.1::IImsFactory default is not found in manifest
01-01 08:01:05.188 1259 1259 I imsrcsd : Interface vendor.qti.ims.factory@1.0::IImsFactory default is found in manifest
01-01 08:01:05.190 1259 1259 I HidlServiceManagement: Registered vendor.qti.ims.factory@1.0::IImsFactory/default (start delay of 119ms)
01-01 08:01:05.193 1259 1259 I imsrcsd : Interface vendor.qti.ims.callinfo@1.0::IService default is found in manifest
01-01 08:01:05.213 1259 1259 I HidlServiceManagement: Registered vendor.qti.ims.callinfo@1.0::IService/default (start delay of 142ms)
01-01 08:01:05.213 1259 1259 I imsrcsd : ImsRcsBaseImpl ImsCallInfo After Registering Service
01-01 08:01:05.168 0 0 I mv2112_config_aneg: autoneg 1
01-01 08:01:05.171 0 0 E wcd938x_codec wcd938x-codec: wcd938x_bind: Slave bind failed, ret = -517
01-01 08:01:05.171 0 0 I : mv2112_restart_aneg
01-01 08:01:05.183 0 0 W msm-pcm-routing soc: qcom,msm-pcm-routing: ASoC: no dapm match for MM_DL23 --> MultiMedia23 --> QUIN_TDM_RX_1 Audio Mixer
01-01 08:01:05.183 0 0 E msm-pcm-routing soc: qcom,msm-pcm-routing: ASoC: Failed to add route MM_DL23 -> MultiMedia23 -> QUIN_TDM_RX_1 Audio Mixer
01-01 08:01:05.184 0 0 E mv2112_read_status: autoneg not complete;time=15008 ms
01-01 08:01:05.184 0 0 I lan743x 0001: 01:00.0 eth0: Link is Down
01-01 08:01:05.187 0 0 I lan743x 0001: 01:00.0 eth0: successfully registered ptp clock
01-01 08:01:05.188 0 0 I IPv6 : ADDRCONF(NETDEV_UP): eth0: link is not ready
01-01 08:01:05.195 0 0 W msm-pcm-routing soc: qcom,msm-pcm-routing: ASoC: no dapm match for MM_DL24 --> MultiMedia24 --> QUIN_TDM_RX_1 Audio Mixer
01-01 08:01:05.201 0 0 E msm-pcm-routing soc: qcom,msm-pcm-routing: ASoC: Failed to add route MM_DL24 -> MultiMedia24 -> QUIN_TDM_RX_1 Audio Mixer
01-01 08:01:05.213 0 0 I android_work: did not send uevent (0 0 0000000000000000)
01-01 08:01:05.214 0 0 W msm-pcm-routing soc: qcom,msm-pcm-routing: ASoC: no dapm match for MM_DL25 --> MultiMedia25 --> QUIN_TDM_RX_1 Audio Mixer
01-01 08:01:05.214 0 0 E msm-pcm-routing soc: qcom,msm-pcm-routing: ASoC: Failed to add route MM_DL25 -> MultiMedia25 -> QUIN_TDM_RX_1 Audio Mixer
01-01 08:01:05.267 0 0 E msm-pcm-routing soc: qcom,msm-pcm-routing: ASoC: no source widget found for AUX_PCM_TX
01-01 08:01:05.274 0 0 I binder : 1226:1226 ioctl 40046210 fff073b8 returned -22
01-01 08:01:05.276 0 0 E msm-pcm-routing soc: qcom,msm-pcm-routing: ASoC: Failed to add route AUX_PCM_TX -> AUX_PCM_UL_TX -> SLIMBUS_0_RX Port Mixer
01-01 08:01:05.279 0 0 D qbt : qbt_open: entry minor_no=0 fd_available=1
01-01 08:01:05.280 0 0 I binder : 1226:1226 ioctl 40046210 fff073a0 returned -22
01-01 08:01:05.289 0 0 E msm-pcm-routing soc: qcom,msm-pcm-routing: ASoC: no source widget found for SEC_AUX_PCM_TX
01-01 08:01:05.244 1314 1314 I TLOC : [main ]"TLOC DAEMON main thread"
01-01 08:01:05.244 1314 1314 D TLOC : [TLOCDaemon ]"---------- TLOC Daemon Starts ----------"
01-01 08:01:05.294 0 0 I binder : 1308:1308 ioctl 40046210 7fccf07e44 returned -22
01-01 08:01:05.299 0 0 E msm-pcm-routing soc: qcom,msm-pcm-routing: ASoC: Failed to add route SEC_AUX_PCM_TX -> SEC_AUX_PCM_UL_TX -> SLIMBUS_0_RX Port Mixer
01-01 08:01:05.303 0 0 D qbt : qbt_open: exit : 0 fd_available=0
01-01 08:01:05.307 0 0 I binder : 1307:1307 ioctl 40046210 7fdc10b494 returned -22
01-01 08:01:05.312 0 0 E msm-pcm-routing soc: qcom,msm-pcm-routing: ASoC: no source widget found for TERT_AUX_PCM_TX
01-01 08:01:05.313 0 0 I binder : 1198:1198 ioctl 40046210 7fefb895f4 returned -22
01-01 08:01:05.313 0 0 I binder : 1304:1304 ioctl 40046210 7fdda49864 returned -22
01-01 08:01:05.315 0 0 D qbt : qbt_open: entry minor_no=1 fd_available=0
01-01 08:01:05.315 0 0 D qbt : qbt_open: exit : 0 fd_available=0
01-01 08:01:05.315 0 0 D qbt : qbt_ioctl: cmd received 102
01-01 08:01:05.315 0 0 D qbt : qbt_ioctl: qbt_ioctl: QBT_ENABLE_IPC
01-01 08:01:05.315 0 0 D qbt : qbt_ioctl: cmd received 107
01-01 08:01:05.315 0 0 D qbt : qbt_ioctl: Acquiring wakelock
01-01 08:01:05.315 0 0 I cnss-daemon: NL group_id 10, cnss_nl.family_id 28
01-01 08:01:05.315 0 0 I cnss-daemon: wlfw_start: Starting
01-01 08:01:05.316 0 0 I binder : 1307:1307 ioctl 40046210 7fdc10b094 returned -22
01-01 08:01:05.316 0 0 I cnss-daemon: no interop issues ap currently
01-01 08:01:05.316 0 0 I cnss-daemon: ro.baseband : [apq]
01-01 08:01:05.316 0 0 I cnss-daemon: Hardware supports external modem
01-01 08:01:05.321 0 0 I binder : 1304:1304 ioctl 40046210 7fdda49694 returned -22
01-01 08:01:05.271 1314 1314 D TLOC : [TLOCChannel]"The channel was initialized successfully for TLOCD"
01-01 08:01:05.273 1314 1314 D TLOC : [TLOCChannel]"The channel was initialized successfully for TLOCL"
01-01 08:01:05.273 1314 1314 D TLOC : [TLOCChannel]"The channel was initialized successfully for MODEM"
01-01 08:01:05.273 1314 1314 D TLOC : [TLOCChannel]"TLOCChannel was initialized successfully"
01-01 08:01:05.273 1314 1314 D TLOC : [TLOCChannel] "TLOCChannel is already initialized"
01-01 08:01:05.322 0 0 E msm-pcm-routing soc: qcom,msm-pcm-routing: ASoC: Failed to add route TERT_AUX_PCM_TX -> TERT_AUXPCM_UL_TX -> SLIMBUS_0_RX Port Mixer
01-01 08:01:05.322 0 0 E msm-pcm-routing soc: qcom,msm-pcm-routing: ASoC: no source widget found for QUAT_AUX_PCM_TX
01-01 08:01:05.322 0 0 I cnss-daemon: wlfw_service_request: Start the pthread: 0x0K
01-01 08:01:05.326 0 0 I cnss-daemon: pm_release_vote: pm_handle is NULL
01-01 08:01:05.326 0 0 I cnss-daemon: pm_release_vote: pm_handle is NULL
01-01 08:01:05.326 0 0 I cnss-daemon: wlfw_build_cal_table: not read /data/vendor/wifi/wlfw_cal_00.bin
01-01 08:01:05.332 0 0 I cnss-daemon: wlfw_build_cal_table: not read /data/vendor/wifi/wlfw_cal_02.bin
01-01 08:01:05.335 0 0 I binder : 1293:1293 ioctl 40046210 7ffd8ddaf4 returned -22
01-01 08:01:05.336 0 0 I binder : 1198:1198 ioctl 40046210 7fefb89614 returned -22
01-01 08:01:05.337 0 0 D cnss : Received QMI WLFW request memory indication
01-01 08:01:05.337 0 0 D cnss : FW requests for memory, size: 0x5e0000, type: 1
01-01 08:01:05.337 0 0 D cnss : FW requests for memory, size: 0xd8000, type: 4
01-01 08:01:05.337 0 0 D cnss : Posting event: REQUEST_MEM(2), state: 0x9 flags: 0x0
01-01 08:01:05.337 0 0 D cnss : PM stay awake, state: 0x9, count: 1
01-01 08:01:05.337 0 0 D cnss : PM relax, state: 0x9, count: 0
01-01 08:01:05.337 0 0 D cnss : PM stay awake, state: 0x9, count: 1
01-01 08:01:05.337 0 0 D cnss : Processing driver event: REQUEST_MEM(2), state: 0x9
01-01 08:01:05.345 0 0 E msm-pcm-routing soc: qcom,msm-pcm-routing: ASoC: Failed to add route QUAT_AUX_PCM_TX -> QUAT_AUXPCM_UL_TX -> SLIMBUS_0_RX Port Mixer
01-01 08:01:05.358 0 0 E msm-pcm-routing soc: qcom,msm-pcm-routing: ASoC: no source widget found for QUIN_AUX_PCM_TX
01-01 08:01:05.363 0 0 I capability: warning: `msm_irqbalance' uses 32-bit capabilities (legacy support in use)
01-01 08:01:05.368 0 0 E msm-pcm-routing soc: qcom,msm-pcm-routing: ASoC: Failed to add route QUIN_AUX_PCM_TX -> QUIN_AUXPCM_UL_TX -> SLIMBUS_0_RX Port Mixer
01-01 08:01:05.382 0 0 E msm-pcm-routing soc: qcom,msm-pcm-routing: ASoC: no source widget found for SEN_AUX_PCM_TX
01-01 08:01:05.390 0 0 I IPv6 : ADDRCONF(NETDEV_UP): vlan0: link is not ready
01-01 08:01:05.391 0 0 E msm-pcm-routing soc: qcom,msm-pcm-routing: ASoC: Failed to add route SEN_AUX_PCM_TX -> SEN_AUXPCM_UL_TX -> SLIMBUS_0_RX Port Mixer
01-01 08:01:05.403 0 0 W healthd : No battery devices found
01-01 08:01:05.406 0 0 W is_dc_online: 15 callbacks suppressed
01-01 08:01:05.406 0 0 E HL6111R : is_dc_online: DC psy unavailable
01-01 08:01:05.379 0 0 W healthd : battery none chg=
01-01 08:01:05.379 0 0 E HL6111R : is_dc_online: DC psy unavailable
01-01 08:01:05.393 1230 1230 W storaged: health: invalid battery status
01-01 08:01:05.387 0 0 E HL6111R : is_dc_online: DC psy unavailable
01-01 08:01:05.393 0 0 I binder : 1230:1230 ioctl 40046210 7fe3178274 returned -22
01-01 08:01:05.425 1124 1124 I SystemServerTiming: StartServices
01-01 08:01:05.425 1124 1124 I SystemServerTiming: startBootstrapServices
01-01 08:01:05.425 1124 1124 I SystemServerTiming: StartWatchdog
01-01 08:01:05.427 0 0 I IPv6 : ADDRCONF(NETDEV_UP): vlan1: link is not ready
01-01 08:01:05.430 1124 1124 I SystemServer: Reading configuration...
01-01 08:01:05.430 1124 1124 I SystemServerTiming: ReadingSystemConfig
01-01 08:01:05.430 1124 1124 I SystemServerTiming: PlatformCompat
01-01 08:01:05.431 1124 1530 I SystemServerTimingAsync: InitThreadPoolExec:ReadingSystemConfig
01-01 08:01:05.431 1124 1530 D SystemServerInitThreadPool: Started executing ReadingSystemConfig
01-01 08:01:05.431 1124 1530 I SystemConfig: Reading permissions from /system/etc/sysconfig/preinstalled-packages-platform-full-base.xml
01-01 08:01:05.432 1124 1124 D CompatConfig: Found a config file: /system/etc/compatconfig/services-platform-compat-config.xml
01-01 08:01:05.432 1124 1124 D CompatConfig: Adding: com.android.server.compat.config.Change@672ce7b
01-01 08:01:05.432 1124 1530 I SystemConfig: Reading permissions from /system/etc/sysconfig/preinstalled-packages-platform.xml
01-01 08:01:05.433 1124 1124 D CompatConfig: Adding: com.android.server.compat.config.Change@8fec4f1
01-01 08:01:05.433 1124 1530 I SystemConfig: Reading permissions from /system/etc/sysconfig/preinstalled-packages-com.android.providers.media.module.xml
01-01 08:01:05.433 1124 1124 D CompatConfig: Adding: com.android.server.compat.config.Change@955d757
01-01 08:01:05.433 1124 1530 I SystemConfig: Reading permissions from /system/etc/sysconfig/qti_whitelist.xml
01-01 08:01:05.433 1124 1124 D CompatConfig: Adding: com.android.server.compat.config.Change@ea9bf2d
01-01 08:01:05.433 1124 1124 D CompatConfig: Adding: com.android.server.compat.config.Change@544c62
01-01 08:01:05.434 1124 1124 D CompatConfig: Adding: com.android.server.compat.config.Change@8f691f3
01-01 08:01:05.434 1124 1530 I SystemConfig: Reading permissions from /system/etc/sysconfig/framework-sysconfig.xml
01-01 08:01:05.434 1124 1124 D CompatConfig: Adding: com.android.server.compat.config.Change@6902129
01-01 08:01:05.434 1124 1124 D CompatConfig: Adding: com.android.server.compat.config.Change@42eccae
01-01 08:01:05.434 1124 1124 D CompatConfig: Adding: com.android.server.compat.config.Change@6de5a4f
01-01 08:01:05.434 1124 1124 D CompatConfig: Adding: com.android.server.compat.config.Change@44ab5dc
01-01 08:01:05.434 1124 1530 I SystemConfig: Reading permissions from /system/etc/sysconfig/hiddenapi-package-whitelist.xml
01-01 08:01:05.434 1124 1124 D CompatConfig: Adding: com.android.server.compat.config.Change@51f05ba
01-01 08:01:05.434 1124 1124 D CompatConfig: Adding: com.android.server.compat.config.Change@9d04c6b
01-01 08:01:05.434 1124 1124 D CompatConfig: Adding: com.android.server.compat.config.Change@abb53c8
01-01 08:01:05.435 1124 1124 D CompatConfig: Adding: com.android.server.compat.config.Change@9f9cc61
01-01 08:01:05.435 1124 1124 D CompatConfig: Adding: com.android.server.compat.config.Change@fa7c386
01-01 08:01:05.435 1124 1124 D CompatConfig: Adding: com.android.server.compat.config.Change@215e474
01-01 08:01:05.435 1124 1530 I SystemConfig: Reading permissions from /system/etc/permissions/com.thundercomm.debugtools.xml
01-01 08:01:05.435 1124 1124 D CompatConfig: Adding: com.android.server.compat.config.Change@4a5cd9d
01-01 08:01:05.435 1124 1124 D CompatConfig: Adding: com.android.server.compat.config.Change@3ac9212
01-01 08:01:05.435 1124 1124 D CompatConfig: Adding: com.android.server.compat.config.Change@e7dde3
01-01 08:01:05.436 1124 1124 D CompatConfig: Adding: com.android.server.compat.config.Change@8e6d3e0
01-01 08:01:05.436 1124 1530 I SystemConfig: Reading permissions from /system/etc/permissions/org.apache.http.legacy.xml
01-01 08:01:05.436 1124 1124 D CompatConfig: Adding: com.android.server.compat.config.Change@9bdbd5e
01-01 08:01:05.436 1124 1124 D CompatConfig: Adding: com.android.server.compat.config.Change@a30753f
01-01 08:01:05.436 1124 1124 D CompatConfig: Adding: com.android.server.compat.config.Change@8154e0c
01-01 08:01:05.436 1124 1530 I SystemConfig: Reading permissions from /system/etc/permissions/com.android.documentsui.xml
01-01 08:01:05.436 1124 1124 D CompatConfig: Adding: com.android.server.compat.config.Change@124516a
01-01 08:01:05.436 1124 1124 D CompatConfig: Adding: com.android.server.compat.config.Change@f41265b
01-01 08:01:05.437 1124 1124 D CompatConfig: Adding: com.android.server.compat.config.Change@dcf3ef8
01-01 08:01:05.437 1124 1124 D CompatConfig: Adding: com.android.server.compat.config.Change@23d8fd1
01-01 08:01:05.437 1124 1530 I SystemConfig: Reading permissions from /system/etc/permissions/privapp-permissions-platform.xml
01-01 08:01:05.437 1124 1124 D CompatConfig: Adding: com.android.server.compat.config.Change@be1cd37
01-01 08:01:05.437 1124 1124 D CompatConfig: Adding: com.android.server.compat.config.Change@b3552a4
01-01 08:01:05.437 1124 1124 D CompatConfig: Adding: com.android.server.compat.config.Change@3ba580d
01-01 08:01:05.438 1124 1124 D CompatConfig: Adding: com.android.server.compat.config.Change@439a3c2
01-01 08:01:05.438 1124 1124 D CompatConfig: Adding: com.android.server.compat.config.Change@67c05d3
01-01 08:01:05.438 1124 1124 D CompatConfig: Adding: com.android.server.compat.config.Change@c6f510
01-01 08:01:05.438 1124 1124 D CompatConfig: Adding: com.android.server.compat.config.Change@dc16809
