03-28 06:17:23.752 2896 2896 D hpplay-base: [jniBridge:894] startDlna_link:http://10.0.0.129:49152/description.xml
03-28 06:17:23.752 2896 5535 D hpplay-base: [AEventUtils:171] create handle AEvent thread ok!!,tid is 5535
03-28 06:17:23.752 2896 5536 D hpplay-base: [REventUtils:59] create handleREventThread thread ok!!,tid is 5536
03-28 06:17:23.752 2896 5537 D hpplay-base: [jniBridge:1081] notifyJavaDlnalink:http://10.0.0.129:49152/description.xml
03-28 06:17:23.753 2896 5537 D hpplay-base: [jniBridge:1726] notifyJava, what:207, castType:0, mimeType:0 baseStatus:2
03-28 06:17:23.753 2896 5537 D hpplay-base: [jniBridge:1727] notifyJava sessionID:(null)
03-28 06:17:23.753 2896 5534 D hpplay-base: [mDNSEmbeded:217] http_port bind check 217 http_port_check
03-28 06:17:23.753 2896 5534 D hpplay-base: [mDNSEmbeded:222] http_port bind check 222 http_port_check
03-28 06:17:23.753 2896 5532 D hpplay-base: [LelinkMDNS:766] devicePermissionPublic leboPermissionCheck:-2
03-28 06:17:23.753 2896 5532 D hpplay-base: [jniBridge:1125] com_hpplay_sdk_sink_protocol_Bridge_WHAT_SERVER_ERROR
03-28 06:17:23.754 2896 5534 D hpplay-base: [mDNSEmbeded:234] http_port bind check 234 http_port_check port:52266
03-28 06:17:23.754 2896 5534 D hpplay-base: [mDNSEmbeded:237] http_port bind check 237 http_port_check
03-28 06:17:23.755 2896 5539 D hpplay-base: [lelinkSinkServer:93] new client connection from 127.0.0.1 54948, fd=177
03-28 06:17:23.756 2896 5539 D hpplay-base: [SinkContext:137] addSinkContextSession,begin to run!!
03-28 06:17:23.756 2896 5539 D hpplay-base: [SinkContext:142] addSinkContextSession,begin to get lock!!
03-28 06:17:23.756 2896 5539 D hpplay-base: [SinkContext:144] addSinkContextSession,get lock ok!!
03-28 06:17:23.756 2896 5539 D hpplay-base: [SinkContext:149] addSinkContextSession,session list is null,begin to malloc!!
03-28 06:17:23.756 2896 5539 D hpplay-base: [SinkContext:156] addSinkContextSession,begin to update!!
03-28 06:17:23.756 2896 5539 D hpplay-base: [SinkContext:160] addSinkContextSession,begin to update header!!
03-28 06:17:23.756 2896 5539 D hpplay-base: [SinkContext:172] addSinkContextSession,begin to unlock!!
03-28 06:17:23.756 2896 5539 D hpplay-base: [SinkContext:174] addSinkContextSession,unlock ok!!
03-28 06:17:23.756 2896 5537 I hpplay-java: [Thread-119]:Bridge:notify: what: 207
03-28 06:17:23.756 2896 5537 I hpplay-java: [Thread-119]:Bridge:notify: out: OutParameters:{audioSessionId=-1, audiotrackIndex=0, castHandleType=-1, castType=0, deviceName='http://10.0.0.129:49152/description.xml', dlnaName='', dramaID='', extra=0, frameHandleType=-1, handleInside=true, headduration=0, header='', headers=null, isAD=false, isMultiMirror=false, lelinkVer='', limitTime=0, , mediaAlbum='null', mediaAlbumArtURI='', mediaArtist='null', mediaAssets='', mediaTitle='null', mimeType=0, multiSession=null, period=0, pinCode='', playSpeed=0.0, playerChoice=0, plugin=0, port=0, position=0.0, positionUnit=2, protocol=0, realSessionID='', regType='', , sinkIp='', sourceAPPVersion='', sourceChannel='', sourceClientInfo='', sourceDeviceInfo='', sourceDeviceModel='', sourceDeviceName='', sourceDeviceType=0, sourceHID='', , sourceInfo='', , , sourceOSVersion='', sourceSDKVersion='', sourceUid='', stopDetail=0, stopReason=0, tailduration=0, url='', urlID='', urls=null, userAgent='', videoDecoder=0, volume=0, what=207}com.hpplay.sdk.sink.protocol.OutParameters@ccdd0ad
03-28 06:17:23.756 2896 5537 I hpplay-java: [Thread-119]:Bridge:notify: address:201637858
03-28 06:17:23.757 2896 5532 D hpplay-base: [jniBridge:1726] notifyJava, what:204, castType:0, mimeType:0 baseStatus:2
03-28 06:17:23.757 2896 5532 D hpplay-base: [jniBridge:1727] notifyJava sessionID:(null)
03-28 06:17:23.757 2896 5539 D hpplay-base: [LelinkReceiver:4908] get ping !!!
03-28 06:17:23.757 2896 5532 I hpplay-java: [Thread-120]:Bridge:notify: what: 204
03-28 06:17:23.757 2896 5534 D hpplay-base: [mDNSEmbeded:240] http_port bind check 240 http_port_check recieved:64
03-28 06:17:23.757 2896 5534 D hpplay-base: [mDNSEmbeded:243] http_port bind check 243 http_port_check
03-28 06:17:23.757 2896 5534 D hpplay-base: [mDNSEmbeded:244] http_port bind check ok!
03-28 06:17:23.757 2896 5532 I hpplay-java: [Thread-120]:Bridge:notify: out: OutParameters:{audioSessionId=-1, audiotrackIndex=0, castHandleType=-1, castType=0, deviceName='', dlnaName='', dramaID='', extra=-2002, frameHandleType=-1, handleInside=true, headduration=0, header='', headers=null, isAD=false, isMultiMirror=false, lelinkVer='', limitTime=0, , mediaAlbum='null', mediaAlbumArtURI='', mediaArtist='null', mediaAssets='', mediaTitle='null', mimeType=0, multiSession=null, period=0, pinCode='', playSpeed=0.0, playerChoice=0, plugin=0, port=0, position=0.0, positionUnit=2, protocol=0, realSessionID='', regType='', , sinkIp='', sourceAPPVersion='', sourceChannel='', sourceClientInfo='', sourceDeviceInfo='', sourceDeviceModel='', sourceDeviceName='', sourceDeviceType=0, sourceHID='', , sourceInfo='', , , sourceOSVersion='', sourceSDKVersion='', sourceUid='', stopDetail=0, stopReason=0, tailduration=0, url='', urlID='', urls=null, userAgent='', videoDecoder=0, volume=0, what=204}com.hpplay.sdk.sink.protocol.OutParameters@b48bf73
03-28 06:17:23.757 2896 5532 I hpplay-java: [Thread-120]:Bridge:notify: address:239124016
03-28 06:17:23.757 2896 5532 I hpplay-base: [mDNSEmbeded:79] embedded_mDNSLoop stopmDNSNow:0 nPublish:-2 nExitFlag:6 tid is 5532
03-28 06:17:23.757 2896 2896 I hpplay-java: [main]:Bridge:findServiceID start out: 239124016
03-28 06:17:23.757 2896 2896 I hpplay-java: [main]:Bridge:findServiceID end
03-28 06:17:23.757 2896 2896 E hpplay-java: [main]:ServerTaskManager:onError 204/-2002 com.hht.lebocast.LelinkHelper$e@614b4b6
03-28 06:17:23.757 2896 2896 I hpplay-java: [main]:ServerTaskManager:cancelTimeOutCheck
03-28 06:17:23.758 2896 2896 W hpplay-java: [main]:ServerTaskManager:onErrorDispatcher errorCode:-2002
03-28 06:17:23.758 2896 2896 I hpplay-java: [main]:ServerTaskManager:onError retry later
03-28 06:17:23.765 2896 3862 I hpplay-java: [AsyncTask #12]:HttpRequest:doGet responseCode:200 0
03-28 06:17:23.958 2896 5539 I hpplay-base: [LelinkReceiver:14605] _connectionFinalize (177)
03-28 06:17:23.958 2896 5539 D hpplay-base: [LelinkReceiver:14752] ###connectionFinalize,release ok!!###
01-01 08:04:58.294 0 0 I qcom_rpmh DRV: apps_rsc TCS Busy, retrying RPMH message send: addr=0x50000
01-01 08:04:58.294 0 0 I qcom_rpmh DRV: apps_rsc TCS Busy, retrying RPMH message send: addr=0x50000
01-01 08:04:58.294 0 0 I qcom_rpmh DRV: apps_rsc TCS Busy, retrying RPMH message send: addr=0x50000
03-28 06:17:24.236 649 663 I mpu_uart: [MSG-P:RECV]:No message received in 1000 ms
03-28 06:17:24.361 649 662 I mpu_uart: [MSG-P:R]:recv sync frame timeout
01-01 08:04:58.941 0 0 E DTC_ETH,link_delay_work_func: 3003, SQI=0, link=0
01-01 08:04:58.974 0 0 E i2c_geni 980000.i2c: i2c error :-107
01-01 08:04:58.979 0 0 E : [MAX975X:mcu_keep_wakeup_work_func] *ERROR* Failed to read dev:0x40 addr:0x0013 ret:-107
01-01 08:04:58.989 0 0 E i2c_geni 980000.i2c: i2c error :-107
01-01 08:04:58.995 0 0 E : [MAX975X:max96755g_write_bytes] *ERROR* i2c master send 0x80 err
01-01 08:04:59.098 0 0 E i2c_geni 980000.i2c: i2c error :-107
01-01 08:04:59.110 0 0 E : [MAX975X:max96755x_vc1_lcd_dtc_check] *ERROR* Failed to read dev:0x15 addr:0x80
01-01 08:04:59.119 0 0 E i2c_geni 980000.i2c: i2c error :-107
03-28 06:17:24.863 4479 5512 D UpdateEngineStatus: onStatusUpdate:DownloadingPercent 0.2804502%
01-01 08:04:59.125 0 0 E : [MAX975X:max96755g_write_bytes] *ERROR* i2c master send 0x80 err
01-01 08:04:59.230 0 0 E i2c_geni 980000.i2c: i2c error :-107
01-01 08:04:59.242 0 0 E : [MAX975X:max96755x_vc1_lcd_dtc_check] *ERROR* Failed to read dev:0x15 addr:0x80
01-01 08:04:59.253 0 0 E i2c_geni 980000.i2c: i2c error :-107
01-01 08:04:59.258 0 0 E : [MAX975X:max96755g_write_bytes] *ERROR* i2c master send 0x80 err
01-01 08:04:59.361 0 0 E i2c_geni 980000.i2c: i2c error :-107
01-01 08:04:59.373 0 0 E : [MAX975X:max96755x_vc1_lcd_dtc_check] *ERROR* Failed to read dev:0x15 addr:0x80
01-01 08:04:59.383 0 0 E i2c_geni 980000.i2c: i2c error :-107
03-28 06:17:25.236 649 663 I mpu_uart: [MSG-P:RECV]:No message received in 1000 ms
01-01 08:04:59.388 0 0 E : [MAX975X:max96755g_write_bytes] *ERROR* i2c master send 0x80 err
01-01 08:04:59.490 0 0 E i2c_geni 980000.i2c: i2c error :-107
01-01 08:04:59.502 0 0 E : [MAX975X:max96755x_vc1_lcd_dtc_check] *ERROR* Failed to read dev:0x15 addr:0x80
01-01 08:04:59.511 0 0 E i2c_geni 980000.i2c: i2c error :-107
01-01 08:04:59.516 0 0 E : [MAX975X:max96755g_write_bytes] *ERROR* i2c master send 0x80 err
01-01 08:04:59.621 0 0 E i2c_geni 980000.i2c: i2c error :-107
01-01 08:04:59.633 0 0 E : [MAX975X:max96755x_vc1_lcd_dtc_check] *ERROR* Failed to read dev:0x15 addr:0x80
01-01 08:04:59.642 0 0 E i2c_geni 980000.i2c: i2c error :-107
01-01 08:04:59.648 0 0 E : [MAX975X:max96755g_write_bytes] *ERROR* i2c master send 0x80 err
01-01 08:04:59.749 0 0 E i2c_geni 980000.i2c: i2c error :-107
01-01 08:04:59.761 0 0 E : [MAX975X:max96755x_vc1_lcd_dtc_check] *ERROR* Failed to read dev:0x15 addr:0x80
01-01 08:04:59.770 0 0 E i2c_geni 980000.i2c: i2c error :-107
01-01 08:04:59.775 0 0 E : [MAX975X:max96755g_write_bytes] *ERROR* i2c master send 0x80 err
01-01 08:04:59.877 0 0 E i2c_geni 980000.i2c: i2c error :-107
01-01 08:04:59.889 0 0 E : [MAX975X:max96755x_vc1_lcd_dtc_check] *ERROR* Failed to read dev:0x15 addr:0x80
01-01 08:04:59.898 0 0 E i2c_geni 980000.i2c: i2c error :-107
01-01 08:04:59.903 0 0 E : [MAX975X:max96755g_write_bytes] *ERROR* i2c master send 0x80 err
01-01 08:05:00.005 0 0 E i2c_geni 980000.i2c: i2c error :-107
01-01 08:05:00.017 0 0 E : [MAX975X:max96755x_vc1_lcd_dtc_check] *ERROR* Failed to read dev:0x15 addr:0x80
01-01 08:05:00.026 0 0 E i2c_geni 980000.i2c: i2c error :-107
01-01 08:05:00.032 0 0 E : [MAX975X:max96755g_write_bytes] *ERROR* i2c master send 0x80 err
01-01 08:05:00.133 0 0 E i2c_geni 980000.i2c: i2c error :-107
01-01 08:05:00.145 0 0 E : [MAX975X:max96755x_vc1_lcd_dtc_check] *ERROR* Failed to read dev:0x15 addr:0x80
01-01 08:05:00.154 0 0 E i2c_geni 980000.i2c: i2c error :-107
03-28 06:17:26.022 1306 1369 E tlogd : [TzLogger](isPathReadable) file /sys/kernel/debug/tzdbg/qsee_log isn't exist or no permission, err: No such file or directory
03-28 06:17:26.022 1306 1369 E tlogd : [TzLogger](saveTzlogAsync) /sys/kernel/debug/tzdbg/qsee_log can not read.
03-28 06:17:26.022 1306 1369 E tlogd : [TzLogger](isPathReadable) file /sys/kernel/debug/tzdbg/log isn't exist or no permission, err: No such file or directory
03-28 06:17:26.022 1306 1369 E tlogd : [TzLogger](saveTzlogAsync) /sys/kernel/debug/tzdbg/log can not read.
01-01 08:05:00.159 0 0 E : [MAX975X:max96755g_write_bytes] *ERROR* i2c master send 0x80 err
01-01 08:05:00.261 0 0 E i2c_geni 980000.i2c: i2c error :-107
01-01 08:05:00.274 0 0 E : [MAX975X:max96755x_vc1_lcd_dtc_check] *ERROR* Failed to read dev:0x15 addr:0x80
01-01 08:05:00.283 0 0 E i2c_geni 980000.i2c: i2c error :-107
01-01 08:05:00.288 0 0 E : [MAX975X:max96755g_write_bytes] *ERROR* i2c master send 0x80 err
01-01 08:05:00.389 0 0 E i2c_geni 980000.i2c: i2c error :-107
01-01 08:05:00.401 0 0 E : [MAX975X:max96755x_vc1_lcd_dtc_check] *ERROR* Failed to read dev:0x15 addr:0x80
01-01 08:05:00.410 0 0 E i2c_geni 980000.i2c: i2c error :-107
03-28 06:17:26.236 649 663 I mpu_uart: [MSG-P:RECV]:No message received in 1000 ms
01-01 08:05:00.415 0 0 E : [MAX975X:max96755g_write_bytes] *ERROR* i2c master send 0x80 err
01-01 08:05:00.517 0 0 E i2c_geni 980000.i2c: i2c error :-107
01-01 08:05:00.529 0 0 E : [MAX975X:max96755x_vc1_lcd_dtc_check] *ERROR* Failed to read dev:0x15 addr:0x80
01-01 08:05:00.538 0 0 E i2c_geni 980000.i2c: i2c error :-107
01-01 08:05:00.542 0 0 E : [MAX975X:max96755g_write_bytes] *ERROR* i2c master send 0x80 err
01-01 08:05:00.645 0 0 E i2c_geni 980000.i2c: i2c error :-107
01-01 08:05:00.657 0 0 E : [MAX975X:max96755x_vc1_lcd_dtc_check] *ERROR* Failed to read dev:0x15 addr:0x80
01-01 08:05:00.666 0 0 E i2c_geni 980000.i2c: i2c error :-107
01-01 08:05:00.671 0 0 E : [MAX975X:max96755g_write_bytes] *ERROR* i2c master send 0x80 err
01-01 08:05:00.773 0 0 E i2c_geni 980000.i2c: i2c error :-107
01-01 08:05:00.785 0 0 E : [MAX975X:max96755x_vc1_lcd_dtc_check] *ERROR* Failed to read dev:0x15 addr:0x80
01-01 08:05:00.794 0 0 E i2c_geni 980000.i2c: i2c error :-107
01-01 08:05:00.799 0 0 E : [MAX975X:max96755g_write_bytes] *ERROR* i2c master send 0x80 err
01-01 08:05:00.901 0 0 E i2c_geni 980000.i2c: i2c error :-107
01-01 08:05:00.913 0 0 E : [MAX975X:max96755x_vc1_lcd_dtc_check] *ERROR* Failed to read dev:0x15 addr:0x80
01-01 08:05:00.922 0 0 E i2c_geni 980000.i2c: i2c error :-107
03-28 06:17:26.759 2896 2896 I hpplay-java: [main]:ServerTaskManager:restart by error
03-28 06:17:26.759 2896 2896 I hpplay-java: [main]:ServerTaskManager:startServer
03-28 06:17:26.759 2896 2896 I hpplay-java: [main]:ServerTaskManager:startServer add, reason: server is starting or running
03-28 06:17:26.759 2896 2896 I hpplay-java: [main]:ServerTaskManager:addStopTask
03-28 06:17:26.759 2896 2896 I hpplay-java: [main]:ServerTaskManager:addStartTask
03-28 06:17:26.759 2896 2896 I hpplay-java: [main]:ServerTaskManager:exeTask stopServer
03-28 06:17:26.759 2896 2896 I hpplay-java: [main]:Bridge:stopServer keepPush: false
03-28 06:17:26.759 2896 2896 D hpplay-base: [jniBridge:909] Bridge__1stopServer status:2
03-28 06:17:26.760 2896 2896 D hpplay-base: [LelinkBase:654] stopAllServer will start thread!
03-28 06:17:26.760 2896 5535 D hpplay-base: [AEventUtils:588] handle AEvent thread end!!,tid is 5535
03-28 06:17:26.760 2896 5536 D hpplay-base: [REventUtils:197] handleREventThread thread end!!,tid is 5536
03-28 06:17:26.760 2896 5543 I hpplay-base: [mDNSEmbeded:65] embedded_mDNSExit call
01-01 08:05:00.928 0 0 E : [MAX975X:max96755g_write_bytes] *ERROR* i2c master send 0x80 err
01-01 08:05:01.029 0 0 E i2c_geni 980000.i2c: i2c error :-107
01-01 08:05:01.041 0 0 E : [MAX975X:max96755x_vc1_lcd_dtc_check] *ERROR* Failed to read dev:0x15 addr:0x80
01-01 08:05:01.048 0 0 I qcom_rpmh DRV: apps_rsc TCS Busy, retrying RPMH message send: addr=0x50000
03-28 06:17:26.796 2896 5521 D hpplay-base: [stream_mirror_compat:1284] mirror stream begin to exit,server fd:138,thread_id:3097944512!!
03-28 06:17:26.796 2896 5521 D hpplay-base: [stream_mirror_compat:1323] ##screen stream exit successfully!!##
01-01 08:05:01.050 0 0 E i2c_geni 980000.i2c: i2c error :-107
01-01 08:05:01.055 0 0 E : [MAX975X:max96755g_write_bytes] *ERROR* i2c master send 0x80 err
01-01 08:05:01.157 0 0 E i2c_geni 980000.i2c: i2c error :-107
01-01 08:05:01.169 0 0 E : [MAX975X:max96755x_vc1_lcd_dtc_check] *ERROR* Failed to read dev:0x15 addr:0x80
01-01 08:05:01.178 0 0 E i2c_geni 980000.i2c: i2c error :-107
03-28 06:17:26.961 2896 5520 D hpplay-base: [Server:447] startHttpServer will END srv->serverType:0
03-28 06:17:26.961 2896 5520 D hpplay-base: [Server:646] startHttpServer cond srv_shutdown:1 connectNummber:0
03-28 06:17:26.961 2896 5520 D hpplay-base: [Server:669] startHttpServer wait cond END. srv_shutdown:1 connectNummber:0
03-28 06:17:26.961 2896 5520 D hpplay-base: [Server:457] HttpServer END, tid is 5520
03-28 06:17:27.028 2896 5532 I hpplay-base: [mDNSEmbeded:140] embedded_mDNSLoop Exiting end,tid is 5532
03-28 06:17:27.028 2896 5543 D hpplay-base: [mDNSEmbeded:452] stopmDNSServer end stopmDNSNow=2, nRet=0
01-01 08:05:01.183 0 0 E : [MAX975X:max96755g_write_bytes] *ERROR* i2c master send 0x80 err
01-01 08:05:01.285 0 0 E i2c_geni 980000.i2c: i2c error :-107
01-01 08:05:01.297 0 0 E : [MAX975X:max96755x_vc1_lcd_dtc_check] *ERROR* Failed to read dev:0x15 addr:0x80
01-01 08:05:01.306 0 0 E i2c_geni 980000.i2c: i2c error :-107
03-28 06:17:27.066 4479 4497 D UpdateEngineStatus: onStatusUpdate:DownloadingPercent 0.2904634%
01-01 08:05:01.311 0 0 E : [MAX975X:max96755g_write_bytes] *ERROR* i2c master send 0x80 err
01-01 08:05:01.413 0 0 E i2c_geni 980000.i2c: i2c error :-107
01-01 08:05:01.425 0 0 E : [MAX975X:max96755x_vc1_lcd_dtc_check] *ERROR* Failed to read dev:0x15 addr:0x80
01-01 08:05:01.435 0 0 E i2c_geni 980000.i2c: i2c error :-107
03-28 06:17:27.237 649 663 I mpu_uart: [MSG-P:RECV]:No message received in 1000 ms
03-28 06:17:27.251 2896 5533 I hpplay-base: [mDNSEmbeded:376] end lelink publish server, tid is 5533
03-28 06:17:27.251 2896 5543 D hpplay-base: [mDNSEmbeded:420] stopmLelinkServer end nRet=0
03-28 06:17:27.251 2896 5543 D hpplay-base: [LelinkBase:615] lebodlna stopServerThreadFunc dlnaEnable:1
03-28 06:17:27.251 2896 5543 D hpplay-base-dlna: [lebodlna_api:49] stop DMR
03-28 06:17:27.251 2896 5543 D hpplay-base-dlna: [lebodlna_api:344] m_pRender Release
01-01 08:05:01.441 0 0 E : [MAX975X:max96755g_write_bytes] *ERROR* i2c master send 0x80 err
01-01 08:05:01.545 0 0 E i2c_geni 980000.i2c: i2c error :-107
01-01 08:05:01.557 0 0 E : [MAX975X:max96755x_vc1_lcd_dtc_check] *ERROR* Failed to read dev:0x15 addr:0x80
01-01 08:05:01.567 0 0 E i2c_geni 980000.i2c: i2c error :-107
03-28 06:17:27.310 2896 5543 D hpplay-base-dlna: [UpnpDefine:867] DMRender release success
03-28 06:17:27.310 2896 5543 D hpplay-base-dlna: [lebodlna_api:352] m_pAVT Release
03-28 06:17:27.310 2896 5543 D hpplay-base-dlna: [lebodlna_api:360] m_pRCS Release
03-28 06:17:27.310 2896 5543 D hpplay-base-dlna: [lebodlna_api:365] dmrender destroydmr
03-28 06:17:27.364 649 662 I mpu_uart: [MSG-P:R]:recv sync frame timeout
01-01 08:05:01.573 0 0 E : [MAX975X:max96755g_write_bytes] *ERROR* i2c master send 0x85 err
01-01 08:05:01.668 0 0 I qcom_rpmh DRV: apps_rsc TCS Busy, retrying RPMH message send: addr=0x50000
01-01 08:05:01.678 0 0 E i2c_geni 980000.i2c: i2c error :-107
01-01 08:05:01.683 0 0 E : [MAX975X:max96755x_vc1_lcd_dtc_check] *ERROR* Failed to read dev:0x15 addr:0x85
01-01 08:05:01.692 0 0 E i2c_geni 980000.i2c: i2c error :-107
01-01 08:05:01.698 0 0 E : [MAX975X:max96755g_write_bytes] *ERROR* i2c master send 0x8B err
01-01 08:05:01.802 0 0 E i2c_geni 980000.i2c: i2c error :-107
01-01 08:05:01.814 0 0 E : [MAX975X:max96755x_vc1_lcd_dtc_check] *ERROR* Failed to read dev:0x15 addr:0x8b
01-01 08:05:01.823 0 0 E DTC_Display: screen not ready(0)
03-28 06:17:27.612 2896 5543 D hpplay-base-dlna: [lebodlna-dlna_android:186] stopDLNA
03-28 06:17:27.612 2896 5543 D hpplay-base-dlna: [lebodlna-dlna_android:189] dlnaservice destroy
03-28 06:17:27.612 2896 5543 D hpplay-base-dlna: [lebodlna-dlna_android:49] dlnaservice Destroy 49 int CDlnaService::Destroy()
03-28 06:17:27.612 2896 5543 D hpplay-base-dlna: [lebodlna-dlnaframe:245] dlnaservice Destroy 245 static ERROR_TYPE IDlnaFrame::DestroyDlnaFrame(IDlnaFrame *)
03-28 06:17:27.612 2896 5543 D hpplay-base-dlna: [lebodlna-dlnaframe:179] dlnaservice Destroy 179 virtual void CDlnaFrame::Release()
03-28 06:17:27.612 2896 5543 D hpplay-base-dlna: [lebodlna-dlnaframe:190] dlnaservice Destroy 190 virtual void CDlnaFrame::Release()
03-28 06:17:27.612 2896 5543 D hpplay-base-dlna: [lebodlna-dlnaframe:192] dlnaservice Destroy 192 virtual void CDlnaFrame::Release()
03-28 06:17:27.612 2896 5543 D hpplay-base-dlna: [lebodlna-dlnaframe:247] dlnaservice Destroy 247 static ERROR_TYPE IDlnaFrame::DestroyDlnaFrame(IDlnaFrame *)
03-28 06:17:27.612 2896 5543 D hpplay-base-dlna: [lebodlna-dlnaframe:251] dlnaservice Destroy 251 static ERROR_TYPE IDlnaFrame::DestroyDlnaFrame(IDlnaFrame *)
03-28 06:17:27.614 2896 5543 E hpplay-base-dlna: upnpapi.c:655::before gminiserver ThreadPoolShutdown
03-28 06:17:27.614 2896 5543 E hpplay-base-dlna: ThreadPool.c:1047::on ThreadPoolShutdown tp->totalThreads:3
03-28 06:17:27.615 2896 5543 E hpplay-base-dlna: ThreadPool.c:1047::on ThreadPoolShutdown tp->totalThreads:2
03-28 06:17:27.615 2896 5543 E hpplay-base-dlna: ThreadPool.c:1047::on ThreadPoolShutdown tp->totalThreads:1
03-28 06:17:27.615 2896 5543 E hpplay-base-dlna: ThreadPool.c:1056::after ThreadPoolShutdown
03-28 06:17:27.615 2896 5543 E hpplay-base-dlna: ThreadPool.c:1057::ThreadPoolShutdown tp->totalThreads:0
03-28 06:17:27.615 2896 5543 E hpplay-base-dlna: upnpapi.c:657::after gminiserver ThreadPoolShutdown
03-28 06:17:27.615 2896 5543 E hpplay-base-dlna: upnpapi.c:659::before grecv ThreadPoolShutdown
03-28 06:17:27.616 2896 5543 E hpplay-base-dlna: ThreadPool.c:1047::on ThreadPoolShutdown tp->totalThreads:8
03-28 06:17:27.616 2896 5543 E hpplay-base-dlna: ThreadPool.c:1047::on ThreadPoolShutdown tp->totalThreads:7
03-28 06:17:27.616 2896 5543 E hpplay-base-dlna: ThreadPool.c:1047::on ThreadPoolShutdown tp->totalThreads:4
03-28 06:17:27.616 2896 5543 E hpplay-base-dlna: ThreadPool.c:1047::on ThreadPoolShutdown tp->totalThreads:3
03-28 06:17:27.616 2896 5543 E hpplay-base-dlna: ThreadPool.c:1047::on ThreadPoolShutdown tp->totalThreads:1
03-28 06:17:27.617 2896 5543 E hpplay-base-dlna: ThreadPool.c:1056::after ThreadPoolShutdown
03-28 06:17:27.617 2896 5543 E hpplay-base-dlna: ThreadPool.c:1057::ThreadPoolShutdown tp->totalThreads:0
03-28 06:17:27.617 2896 5543 E hpplay-base-dlna: upnpapi.c:661::after grecv ThreadPoolShutdown
03-28 06:17:27.617 2896 5543 E hpplay-base-dlna: upnpapi.c:663::before gsend ThreadPoolShutdown
03-28 06:17:27.617 2896 5543 E hpplay-base-dlna: ThreadPool.c:1047::on ThreadPoolShutdown tp->totalThreads:3
03-28 06:17:27.617 2896 5543 E hpplay-base-dlna: ThreadPool.c:1047::on ThreadPoolShutdown tp->totalThreads:2
03-28 06:17:27.617 2896 5543 E hpplay-base-dlna: ThreadPool.c:1047::on ThreadPoolShutdown tp->totalThreads:1
03-28 06:17:27.617 2896 5543 E hpplay-base-dlna: ThreadPool.c:1056::after ThreadPoolShutdown
03-28 06:17:27.617 2896 5543 E hpplay-base-dlna: ThreadPool.c:1057::ThreadPoolShutdown tp->totalThreads:0
03-28 06:17:27.617 2896 5543 E hpplay-base-dlna: upnpapi.c:665::after gsend ThreadPoolShutdown
03-28 06:17:27.617 2896 5543 D hpplay-base-dlna: [lebodlna-dlnaframe:253] dlnaservice Destroy 253 static ERROR_TYPE IDlnaFrame::DestroyDlnaFrame(IDlnaFrame *)
03-28 06:17:27.617 2896 5543 D hpplay-base-dlna: [lebodlna-dlna_android:51] dlnaservice Destroy 51 int CDlnaService::Destroy()
03-28 06:17:27.617 2896 5543 D hpplay-base-dlna: [lebodlna-dlna_android:194] stopDLNA end
03-28 06:17:27.918 2896 5543 D hpplay-base: [stream_mirror_compat:1489] request to stop screen stream session!!
03-28 06:17:27.918 2896 5543 D hpplay-base: [AEventUtils:625] begin to stop event handle service!!
03-28 06:17:27.918 2896 5543 D hpplay-base: [AEventUtils:628] stop event handle service ok!!
03-28 06:17:27.918 2896 5543 D hpplay-base: [REventUtils:231] begin to stop report handle service!!
03-28 06:17:27.918 2896 5543 D hpplay-base: [REventUtils:234] stop report handle service ok!!
03-28 06:17:27.918 2896 5543 D hpplay-base: [lelinkSinkServer:711] HTTP Server stopSinkServer End .
03-28 06:17:27.918 2896 5543 D hpplay-base: [jniBridge:1135] notifyJavaServerStoped
03-28 06:17:27.918 2896 5543 D hpplay-base: [jniBridge:1726] notifyJava, what:202, castType:0, mimeType:0 baseStatus:4
03-28 06:17:27.918 2896 5543 D hpplay-base: [jniBridge:1727] notifyJava sessionID:(null)
03-28 06:17:27.919 2896 5543 I hpplay-java: [Thread-121]:Bridge:notify: what: 202
03-28 06:17:27.920 2896 5543 I hpplay-java: [Thread-121]:Bridge:notify: out: OutParameters:{audioSessionId=-1, audiotrackIndex=0, castHandleType=-1, castType=0, deviceName='', dlnaName='', dramaID='', extra=0, frameHandleType=-1, handleInside=true, headduration=0, header='', headers=null, isAD=false, isMultiMirror=false, lelinkVer='', limitTime=0, , mediaAlbum='null', mediaAlbumArtURI='', mediaArtist='null', mediaAssets='', mediaTitle='null', mimeType=0, multiSession=null, period=0, pinCode='', playSpeed=0.0, playerChoice=0, plugin=0, port=0, position=0.0, positionUnit=2, protocol=0, realSessionID='', regType='', , sinkIp='', sourceAPPVersion='', sourceChannel='', sourceClientInfo='', sourceDeviceInfo='', sourceDeviceModel='', sourceDeviceName='', sourceDeviceType=0, sourceHID='', , sourceInfo='', , , sourceOSVersion='', sourceSDKVersion='', sourceUid='', stopDetail=0, stopReason=0, tailduration=0, url='', urlID='', urls=null, userAgent='', videoDecoder=0, volume=0, what=202}com.hpplay.sdk.sink.protocol.OutParameters@932f82e
03-28 06:17:27.920 2896 5543 I hpplay-java: [Thread-121]:Bridge:notify: address:65396687
03-28 06:17:27.920 2896 5543 D hpplay-base: [LelinkBase:645] stopServerThreadFunc notifyJavaServerStoped!
03-28 06:17:27.921 2896 2896 I hpplay-java: [main]:ServerTaskManager:startTimeOutCheck
03-28 06:17:27.921 2896 2896 I hpplay-java: [main]:ServerBusiness:stopDaemonBusiness
03-28 06:17:27.921 2896 2896 I hpplay-java: [main]:SinkDataReport:logout
03-28 06:17:27.924 2896 2896 I hpplay-java: [main]:EPControl:release
03-28 06:17:27.925 2896 3853 I hpplay-java: [AsyncTask #6]:GlideCreator:clearCache clearDiskCache
03-28 06:17:27.925 2896 2896 I hpplay-java: [main]:Dispatcher:notifyAllReverseControlsStop
03-28 06:17:27.925 2896 2896 I hpplay-java: [main]:Preference:checkFeature none
03-28 06:17:27.925 2896 2896 I hpplay-java: [main]:Dispatcher:notifyAllUIControlsStop set: []
03-28 06:17:27.925 2896 2896 I hpplay-java: [main]:Bridge:findServiceID start out: 65396687
03-28 06:17:27.926 2896 2896 I hpplay-java: [main]:Bridge:findServiceID end
03-28 06:17:27.926 2896 2896 I hpplay-java: [main]:ServerTaskManager:onStop retry:true
03-28 06:17:27.926 2896 2896 I hpplay-java: [main]:ServerTaskManager:cancelTimeOutCheck
03-28 06:17:27.926 2896 5515 W hpplay-java: NanoHTTPDServerRunnable:Communication with the client broken
03-28 06:17:27.926 2896 5515 W hpplay-java: java.net.SocketException: Socket closed
03-28 06:17:27.926 2896 5515 W hpplay-java: at java.net.PlainSocketImpl.socketAccept(PlainSocketImpl.java:213)
03-28 06:17:27.926 2896 5515 W hpplay-java: at java.net.AbstractPlainSocketImpl.accept(AbstractPlainSocketImpl.java:451)
03-28 06:17:27.926 2896 5515 W hpplay-java: at java.net.ServerSocket.implAccept(ServerSocket.java:547)
03-28 06:17:27.926 2896 5515 W hpplay-java: at java.net.ServerSocket.accept(ServerSocket.java:515)
03-28 06:17:27.926 2896 5515 W hpplay-java: at com.hpplay.nanohttpd.protocols.http.ServerRunnable.run(SourceFile:118)
03-28 06:17:27.926 2896 5515 W hpplay-java: at java.lang.Thread.run(Thread.java:920)
03-28 06:17:27.926 2896 5515 I hpplay-java: NanoHTTPDNanoHTTPD:server is stoped
03-28 06:17:27.926 2896 5515 I hpplay-java: NanoHTTPDNanoHTTPD:clear obj
03-28 06:17:27.927 2896 2896 I hpplay-java: [main]:IPManager:getActiveNets type: WIFI
03-28 06:17:27.927 2896 2896 I hpplay-java: [main]:IPManager:getActiveNets eth0:false wifi:true mobile:false ap:false
03-28 06:17:27.927 2896 2896 I hpplay-java: [main]:IPManager:getIPAddress IP_WLAN0
03-28 06:17:27.928 2896 2896 I hpplay-java: [main]:IPManager:updateIPAddress getIPAddress: 192.168.4.16 name:vlan4
03-28 06:17:27.928 2896 2896 I hpplay-java: [main]:IPManager:updateIPAddress getIPAddress: 10.0.0.129 name:wlan0
03-28 06:17:27.928 2896 2896 I hpplay-java: [main]:IPManager:updateIPAddress getIPAddress: 192.168.8.16 name:vlan8
03-28 06:17:27.928 2896 2896 I hpplay-java: [main]:IPManager:updateIPAddress getIPAddress: 192.168.11.16 name:vlan11
03-28 06:17:27.929 2896 2896 I hpplay-java: [main]:IPManager:updateIPAddress getIPAddress: 192.168.0.16 name:vlan0
03-28 06:17:27.929 2896 2896 I hpplay-java: [main]:IPManager:updateIPAddress getIPAddress: 192.168.2.16 name:vlan2
03-28 06:17:27.929 2896 2896 I hpplay-java: [main]:IPManager:updateIPAddress getIPAddress: 192.168.1.16 name:vlan1
03-28 06:17:27.929 2896 2896 I hpplay-java: [main]:ServerTaskManager:exeTask startServer
03-28 06:17:27.929 2896 2896 I hpplay-java: [main]:ServerTaskManager:startTimeOutCheck
03-28 06:17:27.929 2896 5280 I hpplay-java: [AsyncTask #35]:ServerBusiness:startDaemonBusiness
03-28 06:17:27.929 2896 3854 I hpplay-java: [AsyncTask #7]:Bridge:assembleInParameters
03-28 06:17:27.929 2896 5280 I hpplay-java: [AsyncTask #35]:TimeOutCheckUtil:addTask id:upgrade
03-28 06:17:27.929 2896 5280 I hpplay-java: [AsyncTask #35]:TimeOutCheckUtil:addTask id:ijkupgrade
03-28 06:17:27.930 2896 3854 I hpplay-java: [AsyncTask #7]:Bridge:createDeviceId deviceId:Nzc6OTA6MDY6MmM6ZWM6MTU=
03-28 06:17:27.930 2896 3854 I hpplay-java: [AsyncTask #7]:IPManager:getActiveNets type: WIFI
03-28 06:17:27.930 2896 3854 I hpplay-java: [AsyncTask #7]:IPManager:getActiveNets eth0:false wifi:true mobile:false ap:false
03-28 06:17:27.930 2896 3854 I hpplay-java: [AsyncTask #7]:IPManager:getIPAddress IP_WLAN0
03-28 06:17:27.930 2896 3854 I hpplay-java: [AsyncTask #7]:Preference:checkFeature none
03-28 06:17:27.930 2896 3854 I hpplay-java: [AsyncTask #7]:SWI:dlna tip
03-28 06:17:27.930 2896 3854 I hpplay-java: [AsyncTask #7]:SWI:lefp tip
03-28 06:17:27.930 2896 3854 I hpplay-java: [AsyncTask #7]:Bridge:assembleInParameters none alias name use device name: 高合娱乐副屏
03-28 06:17:27.931 2896 3854 I hpplay-java: [AsyncTask #7]:Feature:isSendAdvertisement
03-28 06:17:27.931 2896 3854 I hpplay-java: [AsyncTask #7]:Preference:checkFeature none
03-28 06:17:27.931 2896 5546 I hpplay-java: NanoHTTPDNanoHTTPD:server is started
03-28 06:17:27.931 2896 3854 I hpplay-java: [AsyncTask #7]:Preference:checkFeature none
03-28 06:17:27.931 2896 3854 I hpplay-java: [AsyncTask #7]:Bridge:backupHpplayDat bakPath:
03-28 06:17:27.931 2896 3854 I hpplay-java: [AsyncTask #7]:Bridge:path:/data/user/0/com.hht.lebocast/files/hpplay/file/happyplay.dat
03-28 06:17:27.931 2896 3854 I hpplay-java: [AsyncTask #7]:Bridge:mAppId:21409
03-28 06:17:27.931 2896 3854 I hpplay-java: [AsyncTask #7]:Bridge:mode:3
03-28 06:17:27.931 2896 3854 I hpplay-java: [AsyncTask #7]:Bridge:type:1
03-28 06:17:27.931 2896 3854 I hpplay-java: [AsyncTask #7]:Bridge:SN:
03-28 06:17:27.931 2896 3854 I hpplay-java: [AsyncTask #7]:Preference:checkFeature none
03-28 06:17:27.931 2896 3854 I hpplay-java: [AsyncTask #7]:Bridge:backPath:
03-28 06:17:27.931 2896 3854 I hpplay-java: [AsyncTask #7]:DeviceUtil:getPermissionDid: 1
03-28 06:17:27.931 2896 3854 I hpplay-java: [AsyncTask #7]:DeviceUtil:getPermissionDid: 1
03-28 06:17:27.932 2896 3854 I hpplay-java: [AsyncTask #7]:BPIFileUtil:getMd5ByFile: 0FA04FD08975C81CDD9275F6AE23A020
03-28 06:17:27.932 2896 3854 I hpplay-java: [AsyncTask #7]:Preference:checkFeature none
03-28 06:17:27.932 2896 3854 I hpplay-java: [AsyncTask #7]:Preference:checkFeature none
03-28 06:17:27.932 2896 3854 I hpplay-java: [AsyncTask #7]:Preference:checkFeature none
03-28 06:17:27.932 2896 3854 I hpplay-java: [AsyncTask #7]:Preference:checkFeature none
03-28 06:17:27.932 2896 3854 I hpplay-java: [AsyncTask #7]:Preference:checkFeature none
03-28 06:17:27.943 2896 5280 W hpplay-java: [AsyncTask #35]:ServerBusiness:startDaemonBusiness start LelinkHTTPD sucess 52288
03-28 06:17:27.944 2896 2896 I hpplay-java: [main]:ServerBusiness:get deviceCode:2438898122
03-28 06:17:27.948 2896 3854 W hpplay-java: [AsyncTask #7]:DeviceUtils:getDomain create lb domain
03-28 06:17:27.952 2896 3854 I hpplay-java: [AsyncTask #7]:Feature:getMirrorAudioVideoSync DISABLE
03-28 06:17:27.952 2896 3854 I hpplay-java: [AsyncTask #7]:Feature:checkSupportRedirectOtherApp,no set redirect api
03-28 06:17:27.952 2896 3854 I hpplay-java: [AsyncTask #7]:Feature:getRedirectSearchFlag,value: 0
03-28 06:17:27.953 2896 3854 I hpplay-java: [AsyncTask #7]:Bridge:mIn: InParameters{appInfo='0', appKey='21409', authMode=0, authPwd='null', broadcastDirection=0, broadcastState=1, broadcastTimeout=3, buildType='release', cacheAVPath='/data/user/0/com.hht.lebocast/cache/hpplay/av', cachePhotoPath='/data/user/0/com.hht.lebocast/cache/hpplay/image', channel='LEBO-APK--60146-25915', desPath='/data/user/0/com.hht.lebocast/files/hpplay/file/config/dcf', , deviceName='高合娱乐副屏', dlna=1, dlnaCompany='Microsoft Corporation', dlnaCompanyURL='http://www.microsoft.com', dlnaDeviceDescribe='Media Renderer', dlnaDeviceName='Windows Media Player', dlnaDeviceURL='http://go.microsoft.com/fwlink/Linkld=105927', dlnaLelinkSwitch=1, dlnaManufacturer=0, dlnaName='高合娱乐副屏', dlnaUPC='null', dlnaUUID='5bdabc8b-fbb2-81e5-159c-21871da08aee', domain='Lebo-figure-1e982b1b75ee', drainage=0, feature='6655', fps=60, height=1080, host='null', , keyPath='/data/user/0/com.hht.lebocast/files/hpplay/file', lelinkfp=1, lelinkfp2=0, logBaseState=1, logPath='/storage/emulated/0/com.hht.lebocast/sink/sdk/common', , mdnsEnable=1, mirrorSyncType=0, netCastVer='2.0', packageName='com.hht.lebocast', packagePath='/data/user/0/com.hht.lebocast', permissionDid='1e:98:2b:1b:75:ee', permissionMode=3, permissionPreSN='', port=0, preemptMode=0, regType='_leboremote._tcp.', serverPorts=null, sockWaitTimeOut=45, teleControlPort=53388, tunnels=3, txtKeys=null, txtValues=null, uid='10000039936617', videoFrameType=1001, width=1920}com.hpplay.sdk.sink.protocol.InParameters@a8e9184
03-28 06:17:27.953 2896 2896 I hpplay-java: [main]:Bridge:startServer state: 0
03-28 06:17:27.953 2896 2896 D hpplay-base: [jniBridge:185] not conference version
03-28 06:17:27.953 2896 2896 I hpplay-base: [jniBridge:241] 1initServer nSettingWidth=1920 nSettingHeight=1080 nSettingMaxFPS=60 dlnaEnable=1 lelinkFpEnable=1
03-28 06:17:27.953 2896 2896 D hpplay-base: [jniBridge:283] 1initServer cfg.leLinkIp=10.0.0.129
03-28 06:17:27.953 2896 2896 D hpplay-base: [jniBridge:286] 1initServer cfg.mPermissionMode=3
03-28 06:17:27.953 2896 2896 D hpplay-base: [jniBridge:304] 1initServer cfg.permissionDid=1e:98:2b:1b:75:ee000000000000000
03-28 06:17:27.953 2896 2896 D hpplay-base: [jniBridge:313] 1initServer cfg.mPermissionPreSN=00000000000000000000000000000000
03-28 06:17:27.953 2896 2896 D hpplay-base: [jniBridge:317] Bridge___1initServer status:0
03-28 06:17:27.953 2896 2896 I hpplay-base: [jniBridge:325] 1initServer cfg.feature=6655
03-28 06:17:27.954 2896 2896 D hpplay-base: [jniBridge:377] 1initServer isSendBroadCast=3
03-28 06:17:27.954 2896 2896 D hpplay-base: [jniBridge:380] 1initServer broadcastDirection=0
03-28 06:17:27.954 2896 2896 D hpplay-base: [jniBridge:382] 1initServer ipBroadcast direction=0
03-28 06:17:27.954 2896 2896 D hpplay-base: [jniBridge:387] 1initServer tunnel=3
03-28 06:17:27.954 2896 2896 D hpplay-base: [jniBridge:390] 1initServer drainage=0
03-28 06:17:27.954 2896 2896 D hpplay-base: [jniBridge:401] 1initServer mDNSEnable=1
03-28 06:17:27.954 2896 2896 D hpplay-base: [jniBridge:406] 1initServer nSockWaitTimeOut=45
03-28 06:17:27.954 2896 2896 D hpplay-base: [jniBridge:410] 1initServer nMirrorAudioVideoSync=0
03-28 06:17:27.954 2896 2896 I hpplay-base: [sign_check:168] checkSign strPackageName:com.hht.lebocast
03-28 06:17:27.954 2896 2896 I hpplay-base: [sign_check:169] checkSign buildType:release
03-28 06:17:27.954 2896 2896 I hpplay-base: [sign_check:170] checkSign appKey:21409
03-28 06:17:27.954 2896 2896 D hpplay-base: [LelinkBase:405] bridgeInit port: 0, lelinkfp: 0
03-28 06:17:27.954 2896 2896 D hpplay-base: [LelinkBase:462] bridgeInit mPackagePath =/data/user/0/com.hht.lebocast
03-28 06:17:27.954 2896 2896 D hpplay-base: [LelinkBase:463] bridgeInit mKeyPath =/data/user/0/com.hht.lebocast/files/hpplay/file
03-28 06:17:27.954 2896 2896 D hpplay-base: [SinkContext:97] initSinkContext mPackagePath =/data/user/0/com.hht.lebocast
03-28 06:17:27.954 2896 2896 D hpplay-base: [SinkContext:98] initSinkContext mKeyPath =/data/user/0/com.hht.lebocast/files/hpplay/file
03-28 06:17:27.954 2896 2896 D hpplay-base: [jniBridge:478] Java_com_hpplay_sdk_sink_protocol_Bridge__1initServer end
03-28 06:17:27.954 2896 2896 D hpplay-base: [jniBridge:869] Bridge__1startServer status:1
03-28 06:17:27.954 2896 2896 D hpplay-base: [LelinkBase:492] startAllServer at base
03-28 06:17:27.954 2896 5545 I hpplay-java: [AsyncTask #42]:HttpRequest:doGet responseCode:200 0
03-28 06:17:27.954 2896 2896 D hpplay-base: [lelinkSinkServer:152] httpPlugins_SetServerPort TYPE_SERVER_LELINK:52266
03-28 06:17:27.954 2896 2896 D hpplay-base: [network.c:362] protocol bind host :10.0.0.129 port:52266 curent bind port:52266
03-28 06:17:27.954 2896 2896 D hpplay-base: [lelinkSinkServer:681] HTTP Server real at:52266
03-28 06:17:27.954 2896 5553 D hpplay-base: [lelinkSinkServer:644] Connected Service Type:0
03-28 06:17:27.954 2896 2896 D hpplay-base: [ScreenStream:1285] current bind port:7100
03-28 06:17:27.954 2896 5553 I hpplay-base: : (server.c.315) startServer listen_ing....:
03-28 06:17:27.954 2896 5553 D hpplay-base: [Server:371] startHttpServer srv_sockets.used:1 nCurrentFd:138, tid is 5553
03-28 06:17:27.955 2896 2896 D hpplay-base: [LelinkBase:515] startAllServer pBaseContext->config.dlnaEnable:1
03-28 06:17:27.955 2896 2896 D hpplay-base: [lelinkDlna:324] addDMRCallback end
03-28 06:17:27.955 2896 5554 D hpplay-base: [stream_mirror_compat:759] compat mirror stream begin to run,server fd:147,thread_id:3094786496!!
03-28 06:17:27.962 2896 2896 E hpplay-base-dlna: miniserver.c:788::dlna_port(ipv4: 49152 ipv6:0)
03-28 06:17:27.963 2896 2896 D hpplay-base-dlna: [lebodlna-dlnaframe:166] succeed to load lebodlnaplugin
03-28 06:17:27.963 2896 2896 D hpplay-base-dlna: [lebodlna-dlnaframe:232] Succeed to load specified plugin:lebodlna_plugin
03-28 06:17:27.963 2896 2896 D hpplay-base: [lelinkDlna:328] startDLNAServer ret=0
03-28 06:17:27.963 2896 2896 D hpplay-base: [LelinkBase:531] startDLNAServer ret= 0
03-28 06:17:27.963 2896 2896 D hpplay-base: [lelinkDlna:342] setDMRFriendlyName 高合娱乐副屏
03-28 06:17:27.963 2896 2896 D hpplay-base-dlna: [lebodlna-dlna_android:136] setBroadcastTimeout mBroadcastTimeOut=66 status=3!
03-28 06:17:27.963 2896 2896 D hpplay-base-dlna: [lebodlna_api:32] start DMR
03-28 06:17:27.963 2896 2896 D hpplay-base-dlna: [UpnpDefine:434] RegisterDMRender invalid lelink info
03-28 06:17:27.963 2896 2896 D hpplay-base-dlna: [UpnpDefine:551] DLNA DESCRIPTION FROME SERVER
03-28 06:17:27.964 2896 2896 E hpplay-base-dlna: upnpapi.c:1078::Exiting RegisterRootDevice2 *Hnd =1, return value == 0
03-28 06:17:27.965 2896 2896 D hpplay-base-dlna: [CUpnpDevice:41] Register Root Device 2:0
03-28 06:17:27.965 2896 2896 D hpplay-base-dlna: [UpnpDefine:794] ESDMRender:Register success
03-28 06:17:27.965 2896 2896 D hpplay-base-dlna: [lebodlna_api:41] sendBroadcast mBroadcastTimeOut=3
03-28 06:17:27.965 2896 2896 D hpplay-base-dlna: [lebodlna_api:44] sendBroadcast timeout=66
03-28 06:17:28.018 2896 2896 D hpplay-base: [lelinkDlna:361] startDLNADevice dlnaManufacturer:0 ret=0
03-28 06:17:28.018 2896 2896 D hpplay-base: [LelinkBase:535] lelinkSetDlnaInfo ret= 0
03-28 06:17:28.018 2896 2896 D hpplay-base: [LelinkBase:547] startAllServer pBaseContext->config.mDNSEnable:1
03-28 06:17:28.018 2896 2896 D hpplay-base: [base_mdns:509] mdns net.hostname:
03-28 06:17:28.018 2896 2896 D hpplay-base: [base_mdns:529] mdns namelabel:-36-7C-7C-00-00-0F
03-28 06:17:28.018 2896 2896 D hpplay-base: [base_mdns:509] mdns net.hostname:
03-28 06:17:28.018 2896 2896 D hpplay-base: [base_mdns:529] mdns namelabel:-36-7C-7C-00-00-0F
03-28 06:17:28.018 2896 2896 D hpplay-base: [mdns:813] mdns start bind port:0
03-28 06:17:28.019 2896 2896 D hpplay-base: [mdns:813] mdns start bind port:5353
03-28 06:17:28.019 2896 2896 D hpplay-base: [mdns:813] mdns start bind port:5353
03-28 06:17:28.019 2896 2896 D hpplay-base: [mdns:813] mdns start bind port:5353
03-28 06:17:28.019 2896 2896 D hpplay-base: [mdns:813] mdns start bind port:5353
03-28 06:17:28.019 2896 2896 D hpplay-base: [mdns:813] mdns start bind port:5353
03-28 06:17:28.019 2896 2896 D hpplay-base: [mdns:813] mdns start bind port:5353
03-28 06:17:28.020 2896 2896 D hpplay-base: [mdns:813] mdns start bind port:5353
03-28 06:17:28.020 2896 2896 I hpplay-base: [mDNSEmbeded:57] embedded_mDNSInit stopmDNSNow:0 status:0
03-28 06:17:28.020 2896 2896 D hpplay-base: [mDNSEmbeded:436] startmDNSServer end nRet=0
03-28 06:17:28.020 2896 2896 D hpplay-base: [LelinkBase:555] lelink broadcast_on_off:1 log2java_on_off:1
03-28 06:17:28.020 2896 5566 I hpplay-base: [mDNSEmbeded:268] start lelink publish server, tid is 5566
03-28 06:17:28.020 2896 5567 D hpplay-base: [mDNSEmbeded:197] http_port bind check 197 http_port_check
03-28 06:17:28.021 2896 5565 D hpplay-base: [LelinkMDNS:729] leboAuthorizationCheck strUuid=1e:98:2b:1b:75:ee000000000000000
03-28 06:17:28.021 2896 5565 D hpplay-base: [LelinkMDNS:730] leboAuthorizationCheck mPermissionDid=1e:98:2b:1b:75:ee000000000000000
03-28 06:17:28.021 2896 5565 D hpplay-base: [LelinkMDNS:755] leboAuthorizationCheck mPermissionMac=1e:98:2b:1b:75:ee000000000000000
03-28 06:17:28.022 2896 2896 D hpplay-base: [AEventUtils:595] request to start event handle service!!
03-28 06:17:28.022 2896 2896 D hpplay-base: [AEventUtils:603] start_event_handle_service,begin to run!!
03-28 06:17:28.022 2896 2896 D hpplay-base: [REventUtils:210] start_event_handle_service,begin to run!!
03-28 06:17:28.022 2896 2896 D hpplay-base: [LelinkBase:576] startAllServer success .
03-28 06:17:28.022 2896 2896 D hpplay-base: [jniBridge:894] startDlna_link:http://10.0.0.129:49152/description.xml
03-28 06:17:28.022 2896 5569 D hpplay-base: [AEventUtils:171] create handle AEvent thread ok!!,tid is 5569
03-28 06:17:28.023 2896 5570 D hpplay-base: [REventUtils:59] create handleREventThread thread ok!!,tid is 5570
03-28 06:17:28.023 2896 5567 D hpplay-base: [mDNSEmbeded:217] http_port bind check 217 http_port_check
03-28 06:17:28.023 2896 5567 D hpplay-base: [mDNSEmbeded:222] http_port bind check 222 http_port_check
03-28 06:17:28.024 2896 5571 D hpplay-base: [jniBridge:1081] notifyJavaDlnalink:http://10.0.0.129:49152/description.xml
03-28 06:17:28.024 2896 5571 D hpplay-base: [jniBridge:1726] notifyJava, what:207, castType:0, mimeType:0 baseStatus:2
03-28 06:17:28.024 2896 5571 D hpplay-base: [jniBridge:1727] notifyJava sessionID:(null)
03-28 06:17:28.024 2896 5567 D hpplay-base: [mDNSEmbeded:234] http_port bind check 234 http_port_check port:52266
03-28 06:17:28.024 2896 5567 D hpplay-base: [mDNSEmbeded:237] http_port bind check 237 http_port_check
03-28 06:17:28.024 2896 5572 D hpplay-base: [lelinkSinkServer:93] new client connection from 127.0.0.1 56996, fd=188
03-28 06:17:28.024 2896 5572 D hpplay-base: [SinkContext:137] addSinkContextSession,begin to run!!
03-28 06:17:28.024 2896 5572 D hpplay-base: [SinkContext:142] addSinkContextSession,begin to get lock!!
03-28 06:17:28.024 2896 5572 D hpplay-base: [SinkContext:144] addSinkContextSession,get lock ok!!
03-28 06:17:28.024 2896 5572 D hpplay-base: [SinkContext:149] addSinkContextSession,session list is null,begin to malloc!!
03-28 06:17:28.024 2896 5572 D hpplay-base: [SinkContext:156] addSinkContextSession,begin to update!!
03-28 06:17:28.024 2896 5572 D hpplay-base: [SinkContext:160] addSinkContextSession,begin to update header!!
03-28 06:17:28.024 2896 5572 D hpplay-base: [SinkContext:172] addSinkContextSession,begin to unlock!!
03-28 06:17:28.024 2896 5572 D hpplay-base: [SinkContext:174] addSinkContextSession,unlock ok!!
03-28 06:17:28.024 2896 5572 D hpplay-base: [LelinkReceiver:4908] get ping !!!
03-28 06:17:28.025 2896 5571 I hpplay-java: [Thread-123]:Bridge:notify: what: 207
03-28 06:17:28.025 2896 5567 D hpplay-base: [mDNSEmbeded:240] http_port bind check 240 http_port_check recieved:64
03-28 06:17:28.025 2896 5567 D hpplay-base: [mDNSEmbeded:243] http_port bind check 243 http_port_check
03-28 06:17:28.025 2896 5567 D hpplay-base: [mDNSEmbeded:244] http_port bind check ok!
03-28 06:17:28.026 2896 5571 I hpplay-java: [Thread-123]:Bridge:notify: out: OutParameters:{audioSessionId=-1, audiotrackIndex=0, castHandleType=-1, castType=0, deviceName='http://10.0.0.129:49152/description.xml', dlnaName='', dramaID='', extra=0, frameHandleType=-1, handleInside=true, headduration=0, header='', headers=null, isAD=false, isMultiMirror=false, lelinkVer='', limitTime=0, , mediaAlbum='null', mediaAlbumArtURI='', mediaArtist='null', mediaAssets='', mediaTitle='null', mimeType=0, multiSession=null, period=0, pinCode='', playSpeed=0.0, playerChoice=0, plugin=0, port=0, position=0.0, positionUnit=2, protocol=0, realSessionID='', regType='', , sinkIp='', sourceAPPVersion='', sourceChannel='', sourceClientInfo='', sourceDeviceInfo='', sourceDeviceModel='', sourceDeviceName='', sourceDeviceType=0, sourceHID='', , sourceInfo='', , , sourceOSVersion='', sourceSDKVersion='', sourceUid='', stopDetail=0, stopReason=0, tailduration=0, url='', urlID='', urls=null, userAgent='', videoDecoder=0, volume=0, what=207}com.hpplay.sdk.sink.protocol.OutParameters@c20e592
03-28 06:17:28.026 2896 5571 I hpplay-java: [Thread-123]:Bridge:notify: address:14707555
03-28 06:17:28.028 2896 5565 D hpplay-base: [LelinkMDNS:766] devicePermissionPublic leboPermissionCheck:-2
03-28 06:17:28.028 2896 5565 D hpplay-base: [jniBridge:1125] com_hpplay_sdk_sink_protocol_Bridge_WHAT_SERVER_ERROR
03-28 06:17:28.028 2896 5565 D hpplay-base: [jniBridge:1726] notifyJava, what:204, castType:0, mimeType:0 baseStatus:2
03-28 06:17:28.028 2896 5565 D hpplay-base: [jniBridge:1727] notifyJava sessionID:(null)
03-28 06:17:28.029 2896 5565 I hpplay-java: [Thread-124]:Bridge:notify: what: 204
03-28 06:17:28.029 2896 5565 I hpplay-java: [Thread-124]:Bridge:notify: out: OutParameters:{audioSessionId=-1, audiotrackIndex=0, castHandleType=-1, castType=0, deviceName='', dlnaName='', dramaID='', extra=-2002, frameHandleType=-1, handleInside=true, headduration=0, header='', headers=null, isAD=false, isMultiMirror=false, lelinkVer='', limitTime=0, , mediaAlbum='null', mediaAlbumArtURI='', mediaArtist='null', mediaAssets='', mediaTitle='null', mimeType=0, multiSession=null, period=0, pinCode='', playSpeed=0.0, playerChoice=0, plugin=0, port=0, position=0.0, positionUnit=2, protocol=0, realSessionID='', regType='', , sinkIp='', sourceAPPVersion='', sourceChannel='', sourceClientInfo='', sourceDeviceInfo='', sourceDeviceModel='', sourceDeviceName='', sourceDeviceType=0, sourceHID='', , sourceInfo='', , , sourceOSVersion='', sourceSDKVersion='', sourceUid='', stopDetail=0, stopReason=0, tailduration=0, url='', urlID='', urls=null, userAgent='', videoDecoder=0, volume=0, what=204}com.hpplay.sdk.sink.protocol.OutParameters@1d81360
03-28 06:17:28.029 2896 5565 I hpplay-java: [Thread-124]:Bridge:notify: address:187150361
03-28 06:17:28.029 2896 5565 I hpplay-base: [mDNSEmbeded:79] embedded_mDNSLoop stopmDNSNow:0 nPublish:-2 nExitFlag:6 tid is 5565
03-28 06:17:28.029 2896 2896 I hpplay-java: [main]:Bridge:findServiceID start out: 187150361
03-28 06:17:28.029 2896 2896 I hpplay-java: [main]:Bridge:findServiceID end
03-28 06:17:28.029 2896 2896 E hpplay-java: [main]:ServerTaskManager:onError 204/-2002 com.hht.lebocast.LelinkHelper$e@614b4b6
03-28 06:17:28.029 2896 2896 I hpplay-java: [main]:ServerTaskManager:cancelTimeOutCheck
03-28 06:17:28.030 2896 2896 W hpplay-java: [main]:ServerTaskManager:onErrorDispatcher errorCode:-2002
03-28 06:17:28.030 2896 2896 I hpplay-java: [main]:ServerTaskManager:exeTask ignore, reason: TaskList is clear
03-28 06:17:28.038 2896 4028 I hpplay-java: [AsyncTask #22]:HttpRequest:doGet responseCode:200 0
03-28 06:17:28.225 2896 5572 I hpplay-base: [LelinkReceiver:14605] _connectionFinalize (188)
03-28 06:17:28.226 2896 5572 D hpplay-base: [LelinkReceiver:14752] ###connectionFinalize,release ok!!###
03-28 06:17:28.237 649 663 I mpu_uart: [MSG-P:RECV]:No message received in 1000 ms
01-01 08:05:02.867 0 0 I qcom_rpmh DRV: apps_rsc TCS Busy, retrying RPMH message send: addr=0x50000
01-01 08:05:02.867 0 0 I qcom_rpmh DRV: apps_rsc TCS Busy, retrying RPMH message send: addr=0x50000
03-28 06:17:29.237 649 663 I mpu_uart: [MSG-P:RECV]:No message received in 1000 ms
03-28 06:17:29.338 1307 1307 I update_engine: [INFO:delta_performer.cc(115)] Completed 490/1591 operations (30%), 329383936/1097917018 bytes downloaded (30%), overall progress 30%
03-28 06:17:29.339 2896 2896 I hpplay-java: [main]:Upgrade:upgrade not be allowed
03-28 06:17:29.350 4479 5181 D UpdateEngineStatus: onStatusUpdate:DownloadingPercent 0.30047658%
01-01 08:05:03.646 0 0 E i2c_geni 980000.i2c: i2c error :-107
01-01 08:05:03.651 0 0 E : [MAX975X:mcu_keep_wakeup_work_func] *ERROR* Failed to read dev:0x40 addr:0x0013 ret:-107
01-01 08:05:03.661 0 0 E i2c_geni 980000.i2c: i2c error :-107
01-01 08:05:03.667 0 0 E : [MAX975X:max96755g_write_bytes] *ERROR* i2c master send 0x80 err
01-01 08:05:03.770 0 0 E i2c_geni 980000.i2c: i2c error :-107
01-01 08:05:03.782 0 0 E : [MAX975X:max96755x_vc1_lcd_dtc_check] *ERROR* Failed to read dev:0x15 addr:0x80
01-01 08:05:03.792 0 0 E i2c_geni 980000.i2c: i2c error :-107
01-01 08:05:03.797 0 0 E : [MAX975X:max96755g_write_bytes] *ERROR* i2c master send 0x80 err
01-01 08:05:03.902 0 0 E i2c_geni 980000.i2c: i2c error :-107
01-01 08:05:03.914 0 0 E : [MAX975X:max96755x_vc1_lcd_dtc_check] *ERROR* Failed to read dev:0x15 addr:0x80
01-01 08:05:03.924 0 0 E i2c_geni 980000.i2c: i2c error :-107
01-01 08:05:03.929 0 0 E : [MAX975X:max96755g_write_bytes] *ERROR* i2c master send 0x80 err
01-01 08:05:04.035 0 0 E i2c_geni 980000.i2c: i2c error :-107
01-01 08:05:04.047 0 0 E : [MAX975X:max96755x_vc1_lcd_dtc_check] *ERROR* Failed to read dev:0x15 addr:0x80
01-01 08:05:04.056 0 0 E i2c_geni 980000.i2c: i2c error :-107
01-01 08:05:04.061 0 0 E : [MAX975X:max96755g_write_bytes] *ERROR* i2c master send 0x80 err
01-01 08:05:04.065 0 0 E DTC_ETH,link_delay_work_func: 3003, SQI=0, link=0
01-01 08:05:04.165 0 0 E i2c_geni 980000.i2c: i2c error :-107
01-01 08:05:04.170 0 0 E : [MAX975X:max96755x_vc1_lcd_dtc_check] *ERROR* Failed to read dev:0x15 addr:0x80
01-01 08:05:04.179 0 0 E i2c_geni 980000.i2c: i2c error :-107
01-01 08:05:04.184 0 0 E : [MAX975X:max96755g_write_bytes] *ERROR* i2c master send 0x80 err
01-01 08:05:04.285 0 0 E i2c_geni 980000.i2c: i2c error :-107
01-01 08:05:04.299 0 0 E : [MAX975X:max96755x_vc1_lcd_dtc_check] *ERROR* Failed to read dev:0x15 addr:0x80
01-01 08:05:04.308 0 0 E i2c_geni 980000.i2c: i2c error :-107
01-01 08:05:04.313 0 0 E : [MAX975X:max96755g_write_bytes] *ERROR* i2c master send 0x80 err
01-01 08:05:04.418 0 0 E i2c_geni 980000.i2c: i2c error :-107
