03-28 06:16:20.342 2896 5216 I hpplay-java: [Thread-87]:Bridge:notify: out: OutParameters:{audioSessionId=-1, audiotrackIndex=0, castHandleType=-1, castType=0, deviceName='http://10.0.0.129:49152/description.xml', dlnaName='', dramaID='', extra=0, frameHandleType=-1, handleInside=true, headduration=0, header='', headers=null, isAD=false, isMultiMirror=false, lelinkVer='', limitTime=0, , mediaAlbum='null', mediaAlbumArtURI='', mediaArtist='null', mediaAssets='', mediaTitle='null', mimeType=0, multiSession=null, period=0, pinCode='', playSpeed=0.0, playerChoice=0, plugin=0, port=0, position=0.0, positionUnit=2, protocol=0, realSessionID='', regType='', , sinkIp='', sourceAPPVersion='', sourceChannel='', sourceClientInfo='', sourceDeviceInfo='', sourceDeviceModel='', sourceDeviceName='', sourceDeviceType=0, sourceHID='', , sourceInfo='', , , sourceOSVersion='', sourceSDKVersion='', sourceUid='', stopDetail=0, stopReason=0, tailduration=0, url='', urlID='', urls=null, userAgent='', videoDecoder=0, volume=0, what=207}com.hpplay.sdk.sink.protocol.OutParameters@c2f1423
03-28 06:16:20.342 2896 5213 D hpplay-base: [mDNSEmbeded:234] http_port bind check 234 http_port_check port:52266
03-28 06:16:20.342 2896 5213 D hpplay-base: [mDNSEmbeded:237] http_port bind check 237 http_port_check
03-28 06:16:20.342 2896 5216 I hpplay-java: [Thread-87]:Bridge:notify: address:239103264
03-28 06:16:20.342 2896 5218 D hpplay-base: [lelinkSinkServer:93] new client connection from 127.0.0.1 27300, fd=161
03-28 06:16:20.342 2896 5218 D hpplay-base: [SinkContext:137] addSinkContextSession,begin to run!!
03-28 06:16:20.342 2896 5218 D hpplay-base: [SinkContext:142] addSinkContextSession,begin to get lock!!
03-28 06:16:20.342 2896 5218 D hpplay-base: [SinkContext:144] addSinkContextSession,get lock ok!!
03-28 06:16:20.342 2896 5218 D hpplay-base: [SinkContext:149] addSinkContextSession,session list is null,begin to malloc!!
03-28 06:16:20.342 2896 5218 D hpplay-base: [SinkContext:156] addSinkContextSession,begin to update!!
03-28 06:16:20.342 2896 5218 D hpplay-base: [SinkContext:160] addSinkContextSession,begin to update header!!
03-28 06:16:20.342 2896 5218 D hpplay-base: [SinkContext:172] addSinkContextSession,begin to unlock!!
03-28 06:16:20.342 2896 5218 D hpplay-base: [SinkContext:174] addSinkContextSession,unlock ok!!
03-28 06:16:20.342 2896 5218 D hpplay-base: [LelinkReceiver:4908] get ping !!!
03-28 06:16:20.343 2896 5213 D hpplay-base: [mDNSEmbeded:240] http_port bind check 240 http_port_check recieved:64
03-28 06:16:20.343 2896 5213 D hpplay-base: [mDNSEmbeded:243] http_port bind check 243 http_port_check
03-28 06:16:20.343 2896 5213 D hpplay-base: [mDNSEmbeded:244] http_port bind check ok!
03-28 06:16:20.345 2896 5211 D hpplay-base: [LelinkMDNS:766] devicePermissionPublic leboPermissionCheck:-2
03-28 06:16:20.345 2896 5211 D hpplay-base: [jniBridge:1125] com_hpplay_sdk_sink_protocol_Bridge_WHAT_SERVER_ERROR
03-28 06:16:20.345 2896 5211 D hpplay-base: [jniBridge:1726] notifyJava, what:204, castType:0, mimeType:0 baseStatus:2
03-28 06:16:20.345 2896 5211 D hpplay-base: [jniBridge:1727] notifyJava sessionID:(null)
03-28 06:16:20.346 2896 5211 I hpplay-java: [Thread-88]:Bridge:notify: what: 204
03-28 06:16:20.347 2896 5211 I hpplay-java: [Thread-88]:Bridge:notify: out: OutParameters:{audioSessionId=-1, audiotrackIndex=0, castHandleType=-1, castType=0, deviceName='', dlnaName='', dramaID='', extra=-2002, frameHandleType=-1, handleInside=true, headduration=0, header='', headers=null, isAD=false, isMultiMirror=false, lelinkVer='', limitTime=0, , mediaAlbum='null', mediaAlbumArtURI='', mediaArtist='null', mediaAssets='', mediaTitle='null', mimeType=0, multiSession=null, period=0, pinCode='', playSpeed=0.0, playerChoice=0, plugin=0, port=0, position=0.0, positionUnit=2, protocol=0, realSessionID='', regType='', , sinkIp='', sourceAPPVersion='', sourceChannel='', sourceClientInfo='', sourceDeviceInfo='', sourceDeviceModel='', sourceDeviceName='', sourceDeviceType=0, sourceHID='', , sourceInfo='', , , sourceOSVersion='', sourceSDKVersion='', sourceUid='', stopDetail=0, stopReason=0, tailduration=0, url='', urlID='', urls=null, userAgent='', videoDecoder=0, volume=0, what=204}com.hpplay.sdk.sink.protocol.OutParameters@96e66d9
03-28 06:16:20.347 2896 5211 I hpplay-java: [Thread-88]:Bridge:notify: address:204347550
03-28 06:16:20.347 2896 2896 I hpplay-java: [main]:Bridge:findServiceID start out: 204347550
03-28 06:16:20.347 2896 5211 I hpplay-base: [mDNSEmbeded:79] embedded_mDNSLoop stopmDNSNow:0 nPublish:-2 nExitFlag:6 tid is 5211
03-28 06:16:20.347 2896 2896 I hpplay-java: [main]:Bridge:findServiceID end
03-28 06:16:20.347 2896 2896 E hpplay-java: [main]:ServerTaskManager:onError 204/-2002 com.hht.lebocast.LelinkHelper$e@614b4b6
03-28 06:16:20.347 2896 2896 I hpplay-java: [main]:ServerTaskManager:cancelTimeOutCheck
03-28 06:16:20.348 2896 2896 W hpplay-java: [main]:ServerTaskManager:onErrorDispatcher errorCode:-2002
03-28 06:16:20.348 2896 2896 I hpplay-java: [main]:ServerTaskManager:onError retry later
03-28 06:16:20.357 2896 3862 I hpplay-java: [AsyncTask #12]:HttpRequest:doGet responseCode:200 0
03-28 06:16:20.543 2896 5218 I hpplay-base: [LelinkReceiver:14605] _connectionFinalize (161)
03-28 06:16:20.543 2896 5218 D hpplay-base: [LelinkReceiver:14752] ###connectionFinalize,release ok!!###
03-28 06:16:20.914 1307 1307 W ServiceManager: Waited one second for gsiservice (is service started? are binder threads started and available?)
03-28 06:16:20.920 508 508 I BpBinder: onLastStrongRef automatically unlinking death recipients:
03-28 06:16:20.926 1307 1307 E update_engine: Read state file failed: No such file or directory
03-28 06:16:20.933 578 578 I android.hardware.boot@1.1-service: [libfs_mgr]dt_fstab: Skip disabled entry for partition vendor
03-28 06:16:20.934 578 578 W android.hardware.boot@1.1-service: [libfs_mgr]Warning: unknown flag: resize
03-28 06:16:20.927 578 578 I boot@1.1-servic: type=1400 audit(0.0:1825): avc: denied { search } for name="gsi" dev="sda11" ino=22 scontext=u:r:hal_bootctl_default:s0 tcontext=u:object_r:gsi_metadata_file:s0 tclass=dir permissive=1
03-28 06:16:20.936 578 578 I android.hardware.boot@1.1-service: [libfs_mgr]dt_fstab: Skip disabled entry for partition vendor
03-28 06:16:20.936 578 578 W android.hardware.boot@1.1-service: [libfs_mgr]Warning: unknown flag: resize
03-28 06:16:20.940 578 578 I bootcontrolhal: set_snapshot_merge_status: MergeStatus = 0, current_slot = 0, returning: true
03-28 06:16:20.941 1307 1307 I update_engine: dap_metadata.cow_version(): 0 writer.GetCowVersion(): 2
03-28 06:16:20.943 1307 1307 I update_engine: Remaining free space for COW: 3507486720 bytes
03-28 06:16:20.945 1307 1307 I update_engine: For partition odm_b, device size = 1101824, snapshot size = 1101824, cow partition size = 1114112, cow file size = 0
03-28 06:16:20.948 1307 1307 I update_engine: [liblp]Partition odm_b-cow will resize from 0 bytes to 1114112 bytes
03-28 06:16:20.949 1307 1307 I update_engine: Successfully created snapshot partition for odm_b
03-28 06:16:20.951 1307 1307 I update_engine: Remaining free space for COW: 3505913856 bytes
03-28 06:16:21.003 1307 1307 I update_engine: For partition product_b, device size = 216817664, snapshot size = 216817664, cow partition size = 217669632, cow file size = 0
03-28 06:16:21.008 1307 1307 I update_engine: [liblp]Partition product_b-cow will resize from 0 bytes to 217669632 bytes
03-28 06:16:21.010 1307 1307 I update_engine: Successfully created snapshot partition for product_b
03-28 06:16:21.011 1307 1307 I update_engine: Remaining free space for COW: 3287810048 bytes
03-28 06:16:21.015 1306 1369 E tlogd : [TzLogger](isPathReadable) file /sys/kernel/debug/tzdbg/qsee_log isn't exist or no permission, err: No such file or directory
03-28 06:16:21.015 1306 1369 E tlogd : [TzLogger](saveTzlogAsync) /sys/kernel/debug/tzdbg/qsee_log can not read.
03-28 06:16:21.015 1306 1369 E tlogd : [TzLogger](isPathReadable) file /sys/kernel/debug/tzdbg/log isn't exist or no permission, err: No such file or directory
03-28 06:16:21.015 1306 1369 E tlogd : [TzLogger](saveTzlogAsync) /sys/kernel/debug/tzdbg/log can not read.
03-28 06:16:21.216 649 663 I mpu_uart: [MSG-P:RECV]:No message received in 1000 ms
03-28 06:16:21.298 649 662 I mpu_uart: [MSG-P:R]:recv sync frame timeout
03-28 06:16:21.392 1307 1307 I update_engine: For partition system_b, device size = 1435860992, snapshot size = 1435860992, cow partition size = 1441476608, cow file size = 0
03-28 06:16:21.398 1307 1307 I update_engine: [liblp]Partition system_b-cow will resize from 0 bytes to 1441476608 bytes
03-28 06:16:21.400 1307 1307 I update_engine: Successfully created snapshot partition for system_b
03-28 06:16:21.401 1307 1307 I update_engine: Remaining free space for COW: 1846018048 bytes
03-28 06:16:21.538 1307 1307 I update_engine: For partition system_ext_b, device size = 535400448, snapshot size = 535400448, cow partition size = 537497600, cow file size = 0
03-28 06:16:21.542 1307 1307 I update_engine: [liblp]Partition system_ext_b-cow will resize from 0 bytes to 537497600 bytes
03-28 06:16:21.544 1307 1307 I update_engine: Successfully created snapshot partition for system_ext_b
03-28 06:16:21.545 1307 1307 I update_engine: Remaining free space for COW: 1308098560 bytes
03-28 06:16:21.720 1307 1307 I update_engine: For partition vendor_b, device size = 743092224, snapshot size = 743092224, cow partition size = 746000384, cow file size = 0
03-28 06:16:21.725 1307 1307 I update_engine: [liblp]Partition vendor_b-cow will resize from 0 bytes to 746000384 bytes
03-28 06:16:21.727 1307 1307 I update_engine: Successfully created snapshot partition for vendor_b
03-28 06:16:21.728 1307 1307 I update_engine: Allocating CoW images.
03-28 06:16:21.729 1307 1307 I update_engine: Successfully created snapshot for odm_b
03-28 06:16:21.731 1307 1307 I update_engine: Successfully created snapshot for product_b
03-28 06:16:21.732 1307 1307 I update_engine: Successfully created snapshot for system_b
03-28 06:16:21.733 1307 1307 I update_engine: Successfully created snapshot for system_ext_b
03-28 06:16:21.734 1307 1307 I update_engine: Successfully created snapshot for vendor_b
03-28 06:16:21.736 1307 1307 I update_engine: Successfully unmapped snapshot odm_b
03-28 06:16:21.744 551 558 D vold : Disk at 252:11 changed
03-28 06:16:21.765 1307 1307 I update_engine: Mapped COW device for odm_b at /dev/block/dm-11
03-28 06:16:21.769 1307 1307 I update_engine: Zero-filling COW device: /dev/block/dm-11
03-28 06:16:21.779 1307 1307 I update_engine: Successfully unmapped snapshot product_b
03-28 06:16:21.784 551 558 D vold : Disk at 252:11 changed
03-28 06:16:21.805 1307 1307 I update_engine: Mapped COW device for product_b at /dev/block/dm-11
03-28 06:16:21.809 1307 1307 I update_engine: Zero-filling COW device: /dev/block/dm-11
03-28 06:16:21.823 1307 1307 I update_engine: Successfully unmapped snapshot system_b
03-28 06:16:21.833 551 558 D vold : Disk at 252:11 changed
03-28 06:16:21.853 1307 1307 I update_engine: Mapped COW device for system_b at /dev/block/dm-11
03-28 06:16:21.858 1307 1307 I update_engine: Zero-filling COW device: /dev/block/dm-11
03-28 06:16:21.872 1307 1307 I update_engine: Successfully unmapped snapshot system_ext_b
03-28 06:16:21.881 551 558 D vold : Disk at 252:11 changed
03-28 06:16:21.901 1307 1307 I update_engine: Mapped COW device for system_ext_b at /dev/block/dm-11
03-28 06:16:21.906 1307 1307 I update_engine: Zero-filling COW device: /dev/block/dm-11
03-28 06:16:21.919 1307 1307 I update_engine: Successfully unmapped snapshot vendor_b
03-28 06:16:21.929 551 558 D vold : Disk at 252:11 changed
03-28 06:16:21.949 1307 1307 I update_engine: Mapped COW device for vendor_b at /dev/block/dm-11
03-28 06:16:21.953 1307 1307 I update_engine: Zero-filling COW device: /dev/block/dm-11
03-28 06:16:21.972 1307 1307 I update_engine: [liblp]Updated logical partition table at slot 1 on device super
03-28 06:16:21.978 578 578 I android.hardware.boot@1.1-service: [libfs_mgr]dt_fstab: Skip disabled entry for partition vendor
03-28 06:16:21.979 578 578 W android.hardware.boot@1.1-service: [libfs_mgr]Warning: unknown flag: resize
03-28 06:16:21.981 578 578 I android.hardware.boot@1.1-service: [libfs_mgr]dt_fstab: Skip disabled entry for partition vendor
03-28 06:16:21.981 578 578 W android.hardware.boot@1.1-service: [libfs_mgr]Warning: unknown flag: resize
03-28 06:16:21.983 578 578 I bootcontrolhal: set_snapshot_merge_status: MergeStatus = 0, current_slot = 0, returning: true
03-28 06:16:21.983 1307 1307 I update_engine: Successfully created all snapshots for target slot _b
03-28 06:16:21.986 1307 1307 I update_engine: [INFO:delta_performer.cc(826)] PreparePartitionsForUpdate done.
03-28 06:16:21.991 1307 1307 I update_engine: [libfs_mgr]dt_fstab: Skip disabled entry for partition vendor
03-28 06:16:21.993 1307 1307 I update_engine: [libfs_mgr]GetFstabPath()fstab_path:/odm/etc/fstab.default
03-28 06:16:21.995 1307 1307 I update_engine: [libfs_mgr]GetFstabPath()fstab_path:/vendor/etc/fstab.default
03-28 06:16:21.997 1307 1307 I update_engine: [libfs_mgr]GetFstabPath()fstab_path:/system/etc/fstab.default
03-28 06:16:21.998 1307 1307 I update_engine: [libfs_mgr]GetFstabPath()fstab_path:/first_stage_ramdisk/system/etc/fstab.default
03-28 06:16:22.000 1307 1307 I update_engine: [libfs_mgr]GetFstabPath()fstab_path:/fstab.default
03-28 06:16:22.002 1307 1307 I update_engine: [libfs_mgr]GetFstabPath()fstab_path:/first_stage_ramdisk/fstab.default
03-28 06:16:22.004 1307 1307 I update_engine: [libfs_mgr]GetFstabPath()fstab_path:/odm/etc/fstab.qcom
03-28 06:16:22.006 1307 1307 I update_engine: [libfs_mgr]GetFstabPath()fstab_path:/vendor/etc/fstab.qcom
03-28 06:16:22.007 1307 1307 I update_engine: [libfs_mgr]GetFstabPath()fstab_path.c_str():/vendor/etc/fstab.qcom
03-28 06:16:22.011 1307 1307 I update_engine: [INFO:dynamic_partition_control_android.cc(331)] Loaded metadata from slot B in /dev/block/bootdevice/by-name/super
03-28 06:16:22.013 1307 1307 I update_engine: [INFO:dynamic_partition_control_android.cc(1190)] abl_b is not in super partition metadata.
03-28 06:16:22.015 1307 1307 I update_engine: [INFO:dynamic_partition_control_android.cc(331)] Loaded metadata from slot A in /dev/block/bootdevice/by-name/super
03-28 06:16:22.017 1307 1307 I update_engine: [libfs_mgr]dt_fstab: Skip disabled entry for partition vendor
03-28 06:16:22.019 1307 1307 I update_engine: [libfs_mgr]GetFstabPath()fstab_path:/odm/etc/fstab.default
03-28 06:16:22.021 1307 1307 I update_engine: [libfs_mgr]GetFstabPath()fstab_path:/vendor/etc/fstab.default
03-28 06:16:22.023 1307 1307 I update_engine: [libfs_mgr]GetFstabPath()fstab_path:/system/etc/fstab.default
03-28 06:16:22.024 1307 1307 I update_engine: [libfs_mgr]GetFstabPath()fstab_path:/first_stage_ramdisk/system/etc/fstab.default
03-28 06:16:22.026 1307 1307 I update_engine: [libfs_mgr]GetFstabPath()fstab_path:/fstab.default
03-28 06:16:22.028 1307 1307 I update_engine: [libfs_mgr]GetFstabPath()fstab_path:/first_stage_ramdisk/fstab.default
03-28 06:16:22.030 1307 1307 I update_engine: [libfs_mgr]GetFstabPath()fstab_path:/odm/etc/fstab.qcom
03-28 06:16:22.031 1307 1307 I update_engine: [libfs_mgr]GetFstabPath()fstab_path:/vendor/etc/fstab.qcom
03-28 06:16:22.033 1307 1307 I update_engine: [libfs_mgr]GetFstabPath()fstab_path.c_str():/vendor/etc/fstab.qcom
03-28 06:16:22.035 1307 1307 I update_engine: [INFO:dynamic_partition_control_android.cc(331)] Loaded metadata from slot B in /dev/block/bootdevice/by-name/super
03-28 06:16:22.037 1307 1307 I update_engine: [INFO:dynamic_partition_control_android.cc(1190)] aop_b is not in super partition metadata.
03-28 06:16:22.038 1307 1307 I update_engine: [INFO:dynamic_partition_control_android.cc(331)] Loaded metadata from slot A in /dev/block/bootdevice/by-name/super
03-28 06:16:22.040 1307 1307 I update_engine: [libfs_mgr]dt_fstab: Skip disabled entry for partition vendor
03-28 06:16:22.042 1307 1307 I update_engine: [libfs_mgr]GetFstabPath()fstab_path:/odm/etc/fstab.default
03-28 06:16:22.043 1307 1307 I update_engine: [libfs_mgr]GetFstabPath()fstab_path:/vendor/etc/fstab.default
03-28 06:16:22.045 1307 1307 I update_engine: [libfs_mgr]GetFstabPath()fstab_path:/system/etc/fstab.default
03-28 06:16:22.046 1307 1307 I update_engine: [libfs_mgr]GetFstabPath()fstab_path:/first_stage_ramdisk/system/etc/fstab.default
03-28 06:16:22.048 1307 1307 I update_engine: [libfs_mgr]GetFstabPath()fstab_path:/fstab.default
03-28 06:16:22.049 1307 1307 I update_engine: [libfs_mgr]GetFstabPath()fstab_path:/first_stage_ramdisk/fstab.default
03-28 06:16:22.051 1307 1307 I update_engine: [libfs_mgr]GetFstabPath()fstab_path:/odm/etc/fstab.qcom
03-28 06:16:22.052 1307 1307 I update_engine: [libfs_mgr]GetFstabPath()fstab_path:/vendor/etc/fstab.qcom
03-28 06:16:22.054 1307 1307 I update_engine: [libfs_mgr]GetFstabPath()fstab_path.c_str():/vendor/etc/fstab.qcom
03-28 06:16:22.056 1307 1307 I update_engine: [INFO:dynamic_partition_control_android.cc(331)] Loaded metadata from slot B in /dev/block/bootdevice/by-name/super
03-28 06:16:22.057 1307 1307 I update_engine: [INFO:dynamic_partition_control_android.cc(1190)] bluetooth_b is not in super partition metadata.
03-28 06:16:22.059 1307 1307 I update_engine: [INFO:dynamic_partition_control_android.cc(331)] Loaded metadata from slot A in /dev/block/bootdevice/by-name/super
03-28 06:16:22.060 1307 1307 I update_engine: [libfs_mgr]dt_fstab: Skip disabled entry for partition vendor
03-28 06:16:22.062 1307 1307 I update_engine: [libfs_mgr]GetFstabPath()fstab_path:/odm/etc/fstab.default
03-28 06:16:22.063 1307 1307 I update_engine: [libfs_mgr]GetFstabPath()fstab_path:/vendor/etc/fstab.default
03-28 06:16:22.065 1307 1307 I update_engine: [libfs_mgr]GetFstabPath()fstab_path:/system/etc/fstab.default
03-28 06:16:22.066 1307 1307 I update_engine: [libfs_mgr]GetFstabPath()fstab_path:/first_stage_ramdisk/system/etc/fstab.default
03-28 06:16:22.067 1307 1307 I update_engine: [libfs_mgr]GetFstabPath()fstab_path:/fstab.default
03-28 06:16:22.069 1307 1307 I update_engine: [libfs_mgr]GetFstabPath()fstab_path:/first_stage_ramdisk/fstab.default
03-28 06:16:22.070 1307 1307 I update_engine: [libfs_mgr]GetFstabPath()fstab_path:/odm/etc/fstab.qcom
03-28 06:16:22.072 1307 1307 I update_engine: [libfs_mgr]GetFstabPath()fstab_path:/vendor/etc/fstab.qcom
03-28 06:16:22.073 1307 1307 I update_engine: [libfs_mgr]GetFstabPath()fstab_path.c_str():/vendor/etc/fstab.qcom
03-28 06:16:22.075 1307 1307 I update_engine: [INFO:dynamic_partition_control_android.cc(331)] Loaded metadata from slot B in /dev/block/bootdevice/by-name/super
03-28 06:16:22.077 1307 1307 I update_engine: [INFO:dynamic_partition_control_android.cc(1190)] boot_b is not in super partition metadata.
03-28 06:16:22.078 1307 1307 I update_engine: [INFO:dynamic_partition_control_android.cc(331)] Loaded metadata from slot A in /dev/block/bootdevice/by-name/super
03-28 06:16:22.080 1307 1307 I update_engine: [libfs_mgr]dt_fstab: Skip disabled entry for partition vendor
03-28 06:16:22.081 1307 1307 I update_engine: [libfs_mgr]GetFstabPath()fstab_path:/odm/etc/fstab.default
03-28 06:16:22.083 1307 1307 I update_engine: [libfs_mgr]GetFstabPath()fstab_path:/vendor/etc/fstab.default
03-28 06:16:22.084 1307 1307 I update_engine: [libfs_mgr]GetFstabPath()fstab_path:/system/etc/fstab.default
03-28 06:16:22.086 1307 1307 I update_engine: [libfs_mgr]GetFstabPath()fstab_path:/first_stage_ramdisk/system/etc/fstab.default
03-28 06:16:22.087 1307 1307 I update_engine: [libfs_mgr]GetFstabPath()fstab_path:/fstab.default
03-28 06:16:22.089 1307 1307 I update_engine: [libfs_mgr]GetFstabPath()fstab_path:/first_stage_ramdisk/fstab.default
03-28 06:16:22.090 1307 1307 I update_engine: [libfs_mgr]GetFstabPath()fstab_path:/odm/etc/fstab.qcom
03-28 06:16:22.091 1307 1307 I update_engine: [libfs_mgr]GetFstabPath()fstab_path:/vendor/etc/fstab.qcom
03-28 06:16:22.093 1307 1307 I update_engine: [libfs_mgr]GetFstabPath()fstab_path.c_str():/vendor/etc/fstab.qcom
03-28 06:16:22.095 1307 1307 I update_engine: [INFO:dynamic_partition_control_android.cc(331)] Loaded metadata from slot B in /dev/block/bootdevice/by-name/super
03-28 06:16:22.096 1307 1307 I update_engine: [INFO:dynamic_partition_control_android.cc(1190)] cmnlib_b is not in super partition metadata.
03-28 06:16:22.098 1307 1307 I update_engine: [INFO:dynamic_partition_control_android.cc(331)] Loaded metadata from slot A in /dev/block/bootdevice/by-name/super
03-28 06:16:22.100 1307 1307 I update_engine: [libfs_mgr]dt_fstab: Skip disabled entry for partition vendor
03-28 06:16:22.101 1307 1307 I update_engine: [libfs_mgr]GetFstabPath()fstab_path:/odm/etc/fstab.default
03-28 06:16:22.102 1307 1307 I update_engine: [libfs_mgr]GetFstabPath()fstab_path:/vendor/etc/fstab.default
03-28 06:16:22.104 1307 1307 I update_engine: [libfs_mgr]GetFstabPath()fstab_path:/system/etc/fstab.default
03-28 06:16:22.105 1307 1307 I update_engine: [libfs_mgr]GetFstabPath()fstab_path:/first_stage_ramdisk/system/etc/fstab.default
03-28 06:16:22.107 1307 1307 I update_engine: [libfs_mgr]GetFstabPath()fstab_path:/fstab.default
03-28 06:16:22.108 1307 1307 I update_engine: [libfs_mgr]GetFstabPath()fstab_path:/first_stage_ramdisk/fstab.default
03-28 06:16:22.109 1307 1307 I update_engine: [libfs_mgr]GetFstabPath()fstab_path:/odm/etc/fstab.qcom
03-28 06:16:22.111 1307 1307 I update_engine: [libfs_mgr]GetFstabPath()fstab_path:/vendor/etc/fstab.qcom
03-28 06:16:22.112 1307 1307 I update_engine: [libfs_mgr]GetFstabPath()fstab_path.c_str():/vendor/etc/fstab.qcom
03-28 06:16:22.114 1307 1307 I update_engine: [INFO:dynamic_partition_control_android.cc(331)] Loaded metadata from slot B in /dev/block/bootdevice/by-name/super
03-28 06:16:22.116 1307 1307 I update_engine: [INFO:dynamic_partition_control_android.cc(1190)] cmnlib64_b is not in super partition metadata.
03-28 06:16:22.117 1307 1307 I update_engine: [INFO:dynamic_partition_control_android.cc(331)] Loaded metadata from slot A in /dev/block/bootdevice/by-name/super
03-28 06:16:22.119 1307 1307 I update_engine: [libfs_mgr]dt_fstab: Skip disabled entry for partition vendor
03-28 06:16:22.120 1307 1307 I update_engine: [libfs_mgr]GetFstabPath()fstab_path:/odm/etc/fstab.default
03-28 06:16:22.122 1307 1307 I update_engine: [libfs_mgr]GetFstabPath()fstab_path:/vendor/etc/fstab.default
03-28 06:16:22.123 1307 1307 I update_engine: [libfs_mgr]GetFstabPath()fstab_path:/system/etc/fstab.default
03-28 06:16:22.124 1307 1307 I update_engine: [libfs_mgr]GetFstabPath()fstab_path:/first_stage_ramdisk/system/etc/fstab.default
03-28 06:16:22.126 1307 1307 I update_engine: [libfs_mgr]GetFstabPath()fstab_path:/fstab.default
03-28 06:16:22.127 1307 1307 I update_engine: [libfs_mgr]GetFstabPath()fstab_path:/first_stage_ramdisk/fstab.default
03-28 06:16:22.129 1307 1307 I update_engine: [libfs_mgr]GetFstabPath()fstab_path:/odm/etc/fstab.qcom
03-28 06:16:22.130 1307 1307 I update_engine: [libfs_mgr]GetFstabPath()fstab_path:/vendor/etc/fstab.qcom
03-28 06:16:22.131 1307 1307 I update_engine: [libfs_mgr]GetFstabPath()fstab_path.c_str():/vendor/etc/fstab.qcom
03-28 06:16:22.133 1307 1307 I update_engine: [INFO:dynamic_partition_control_android.cc(331)] Loaded metadata from slot B in /dev/block/bootdevice/by-name/super
03-28 06:16:22.135 1307 1307 I update_engine: [INFO:dynamic_partition_control_android.cc(1190)] devcfg_b is not in super partition metadata.
03-28 06:16:22.137 1307 1307 I update_engine: [INFO:dynamic_partition_control_android.cc(331)] Loaded metadata from slot A in /dev/block/bootdevice/by-name/super
03-28 06:16:22.138 1307 1307 I update_engine: [libfs_mgr]dt_fstab: Skip disabled entry for partition vendor
03-28 06:16:22.139 1307 1307 I update_engine: [libfs_mgr]GetFstabPath()fstab_path:/odm/etc/fstab.default
03-28 06:16:22.141 1307 1307 I update_engine: [libfs_mgr]GetFstabPath()fstab_path:/vendor/etc/fstab.default
03-28 06:16:22.142 1307 1307 I update_engine: [libfs_mgr]GetFstabPath()fstab_path:/system/etc/fstab.default
03-28 06:16:22.144 1307 1307 I update_engine: [libfs_mgr]GetFstabPath()fstab_path:/first_stage_ramdisk/system/etc/fstab.default
03-28 06:16:22.145 1307 1307 I update_engine: [libfs_mgr]GetFstabPath()fstab_path:/fstab.default
03-28 06:16:22.146 1307 1307 I update_engine: [libfs_mgr]GetFstabPath()fstab_path:/first_stage_ramdisk/fstab.default
03-28 06:16:22.148 1307 1307 I update_engine: [libfs_mgr]GetFstabPath()fstab_path:/odm/etc/fstab.qcom
03-28 06:16:22.149 1307 1307 I update_engine: [libfs_mgr]GetFstabPath()fstab_path:/vendor/etc/fstab.qcom
03-28 06:16:22.151 1307 1307 I update_engine: [libfs_mgr]GetFstabPath()fstab_path.c_str():/vendor/etc/fstab.qcom
03-28 06:16:22.153 1307 1307 I update_engine: [INFO:dynamic_partition_control_android.cc(331)] Loaded metadata from slot B in /dev/block/bootdevice/by-name/super
03-28 06:16:22.154 1307 1307 I update_engine: [INFO:dynamic_partition_control_android.cc(1190)] dsp_b is not in super partition metadata.
03-28 06:16:22.156 1307 1307 I update_engine: [INFO:dynamic_partition_control_android.cc(331)] Loaded metadata from slot A in /dev/block/bootdevice/by-name/super
03-28 06:16:22.158 1307 1307 I update_engine: [libfs_mgr]dt_fstab: Skip disabled entry for partition vendor
03-28 06:16:22.159 1307 1307 I update_engine: [libfs_mgr]GetFstabPath()fstab_path:/odm/etc/fstab.default
03-28 06:16:22.160 1307 1307 I update_engine: [libfs_mgr]GetFstabPath()fstab_path:/vendor/etc/fstab.default
03-28 06:16:22.162 1307 1307 I update_engine: [libfs_mgr]GetFstabPath()fstab_path:/system/etc/fstab.default
03-28 06:16:22.163 1307 1307 I update_engine: [libfs_mgr]GetFstabPath()fstab_path:/first_stage_ramdisk/system/etc/fstab.default
03-28 06:16:22.164 1307 1307 I update_engine: [libfs_mgr]GetFstabPath()fstab_path:/fstab.default
03-28 06:16:22.166 1307 1307 I update_engine: [libfs_mgr]GetFstabPath()fstab_path:/first_stage_ramdisk/fstab.default
03-28 06:16:22.167 1307 1307 I update_engine: [libfs_mgr]GetFstabPath()fstab_path:/odm/etc/fstab.qcom
03-28 06:16:22.169 1307 1307 I update_engine: [libfs_mgr]GetFstabPath()fstab_path:/vendor/etc/fstab.qcom
03-28 06:16:22.170 1307 1307 I update_engine: [libfs_mgr]GetFstabPath()fstab_path.c_str():/vendor/etc/fstab.qcom
03-28 06:16:22.172 1307 1307 I update_engine: [INFO:dynamic_partition_control_android.cc(331)] Loaded metadata from slot B in /dev/block/bootdevice/by-name/super
03-28 06:16:22.174 1307 1307 I update_engine: [INFO:dynamic_partition_control_android.cc(1190)] dtbo_b is not in super partition metadata.
03-28 06:16:22.175 1307 1307 I update_engine: [INFO:dynamic_partition_control_android.cc(331)] Loaded metadata from slot A in /dev/block/bootdevice/by-name/super
03-28 06:16:22.177 1307 1307 I update_engine: [libfs_mgr]dt_fstab: Skip disabled entry for partition vendor
03-28 06:16:22.178 1307 1307 I update_engine: [libfs_mgr]GetFstabPath()fstab_path:/odm/etc/fstab.default
03-28 06:16:22.180 1307 1307 I update_engine: [libfs_mgr]GetFstabPath()fstab_path:/vendor/etc/fstab.default
03-28 06:16:22.181 1307 1307 I update_engine: [libfs_mgr]GetFstabPath()fstab_path:/system/etc/fstab.default
03-28 06:16:22.183 1307 1307 I update_engine: [libfs_mgr]GetFstabPath()fstab_path:/first_stage_ramdisk/system/etc/fstab.default
03-28 06:16:22.184 1307 1307 I update_engine: [libfs_mgr]GetFstabPath()fstab_path:/fstab.default
03-28 06:16:22.185 1307 1307 I update_engine: [libfs_mgr]GetFstabPath()fstab_path:/first_stage_ramdisk/fstab.default
03-28 06:16:22.187 1307 1307 I update_engine: [libfs_mgr]GetFstabPath()fstab_path:/odm/etc/fstab.qcom
03-28 06:16:22.188 1307 1307 I update_engine: [libfs_mgr]GetFstabPath()fstab_path:/vendor/etc/fstab.qcom
03-28 06:16:22.190 1307 1307 I update_engine: [libfs_mgr]GetFstabPath()fstab_path.c_str():/vendor/etc/fstab.qcom
03-28 06:16:22.192 1307 1307 I update_engine: [INFO:dynamic_partition_control_android.cc(331)] Loaded metadata from slot B in /dev/block/bootdevice/by-name/super
03-28 06:16:22.193 1307 1307 I update_engine: [INFO:dynamic_partition_control_android.cc(1190)] featenabler_b is not in super partition metadata.
03-28 06:16:22.195 1307 1307 I update_engine: [INFO:dynamic_partition_control_android.cc(331)] Loaded metadata from slot A in /dev/block/bootdevice/by-name/super
03-28 06:16:22.196 1307 1307 I update_engine: [libfs_mgr]dt_fstab: Skip disabled entry for partition vendor
03-28 06:16:22.198 1307 1307 I update_engine: [libfs_mgr]GetFstabPath()fstab_path:/odm/etc/fstab.default
03-28 06:16:22.199 1307 1307 I update_engine: [libfs_mgr]GetFstabPath()fstab_path:/vendor/etc/fstab.default
03-28 06:16:22.201 1307 1307 I update_engine: [libfs_mgr]GetFstabPath()fstab_path:/system/etc/fstab.default
03-28 06:16:22.202 1307 1307 I update_engine: [libfs_mgr]GetFstabPath()fstab_path:/first_stage_ramdisk/system/etc/fstab.default
03-28 06:16:22.203 1307 1307 I update_engine: [libfs_mgr]GetFstabPath()fstab_path:/fstab.default
03-28 06:16:22.205 1307 1307 I update_engine: [libfs_mgr]GetFstabPath()fstab_path:/first_stage_ramdisk/fstab.default
03-28 06:16:22.206 1307 1307 I update_engine: [libfs_mgr]GetFstabPath()fstab_path:/odm/etc/fstab.qcom
03-28 06:16:22.208 1307 1307 I update_engine: [libfs_mgr]GetFstabPath()fstab_path:/vendor/etc/fstab.qcom
03-28 06:16:22.209 1307 1307 I update_engine: [libfs_mgr]GetFstabPath()fstab_path.c_str():/vendor/etc/fstab.qcom
03-28 06:16:22.211 1307 1307 I update_engine: [INFO:dynamic_partition_control_android.cc(331)] Loaded metadata from slot B in /dev/block/bootdevice/by-name/super
03-28 06:16:22.212 1307 1307 I update_engine: [INFO:dynamic_partition_control_android.cc(1190)] hyp_b is not in super partition metadata.
03-28 06:16:22.214 1307 1307 I update_engine: [INFO:dynamic_partition_control_android.cc(331)] Loaded metadata from slot A in /dev/block/bootdevice/by-name/super
03-28 06:16:22.216 1307 1307 I update_engine: [libfs_mgr]dt_fstab: Skip disabled entry for partition vendor
03-28 06:16:22.216 649 663 I mpu_uart: [MSG-P:RECV]:No message received in 1000 ms
03-28 06:16:22.217 1307 1307 I update_engine: [libfs_mgr]GetFstabPath()fstab_path:/odm/etc/fstab.default
03-28 06:16:22.218 1307 1307 I update_engine: [libfs_mgr]GetFstabPath()fstab_path:/vendor/etc/fstab.default
03-28 06:16:22.220 1307 1307 I update_engine: [libfs_mgr]GetFstabPath()fstab_path:/system/etc/fstab.default
03-28 06:16:22.221 1307 1307 I update_engine: [libfs_mgr]GetFstabPath()fstab_path:/first_stage_ramdisk/system/etc/fstab.default
03-28 06:16:22.223 1307 1307 I update_engine: [libfs_mgr]GetFstabPath()fstab_path:/fstab.default
03-28 06:16:22.224 1307 1307 I update_engine: [libfs_mgr]GetFstabPath()fstab_path:/first_stage_ramdisk/fstab.default
03-28 06:16:22.225 1307 1307 I update_engine: [libfs_mgr]GetFstabPath()fstab_path:/odm/etc/fstab.qcom
03-28 06:16:22.227 1307 1307 I update_engine: [libfs_mgr]GetFstabPath()fstab_path:/vendor/etc/fstab.qcom
03-28 06:16:22.228 1307 1307 I update_engine: [libfs_mgr]GetFstabPath()fstab_path.c_str():/vendor/etc/fstab.qcom
03-28 06:16:22.230 1307 1307 I update_engine: [INFO:dynamic_partition_control_android.cc(331)] Loaded metadata from slot B in /dev/block/bootdevice/by-name/super
03-28 06:16:22.232 1307 1307 I update_engine: [INFO:dynamic_partition_control_android.cc(1190)] imagefv_b is not in super partition metadata.
03-28 06:16:22.233 1307 1307 I update_engine: [INFO:dynamic_partition_control_android.cc(331)] Loaded metadata from slot A in /dev/block/bootdevice/by-name/super
03-28 06:16:22.235 1307 1307 I update_engine: [libfs_mgr]dt_fstab: Skip disabled entry for partition vendor
03-28 06:16:22.237 1307 1307 I update_engine: [libfs_mgr]GetFstabPath()fstab_path:/odm/etc/fstab.default
03-28 06:16:22.238 1307 1307 I update_engine: [libfs_mgr]GetFstabPath()fstab_path:/vendor/etc/fstab.default
03-28 06:16:22.239 1307 1307 I update_engine: [libfs_mgr]GetFstabPath()fstab_path:/system/etc/fstab.default
03-28 06:16:22.241 1307 1307 I update_engine: [libfs_mgr]GetFstabPath()fstab_path:/first_stage_ramdisk/system/etc/fstab.default
03-28 06:16:22.242 1307 1307 I update_engine: [libfs_mgr]GetFstabPath()fstab_path:/fstab.default
03-28 06:16:22.244 1307 1307 I update_engine: [libfs_mgr]GetFstabPath()fstab_path:/first_stage_ramdisk/fstab.default
03-28 06:16:22.245 1307 1307 I update_engine: [libfs_mgr]GetFstabPath()fstab_path:/odm/etc/fstab.qcom
03-28 06:16:22.247 1307 1307 I update_engine: [libfs_mgr]GetFstabPath()fstab_path:/vendor/etc/fstab.qcom
03-28 06:16:22.248 1307 1307 I update_engine: [libfs_mgr]GetFstabPath()fstab_path.c_str():/vendor/etc/fstab.qcom
03-28 06:16:22.250 1307 1307 I update_engine: [INFO:dynamic_partition_control_android.cc(331)] Loaded metadata from slot B in /dev/block/bootdevice/by-name/super
03-28 06:16:22.252 1307 1307 I update_engine: [INFO:dynamic_partition_control_android.cc(1190)] keymaster_b is not in super partition metadata.
03-28 06:16:22.253 1307 1307 I update_engine: [INFO:dynamic_partition_control_android.cc(331)] Loaded metadata from slot A in /dev/block/bootdevice/by-name/super
03-28 06:16:22.255 1307 1307 I update_engine: [libfs_mgr]dt_fstab: Skip disabled entry for partition vendor
03-28 06:16:22.256 1307 1307 I update_engine: [libfs_mgr]GetFstabPath()fstab_path:/odm/etc/fstab.default
03-28 06:16:22.258 1307 1307 I update_engine: [libfs_mgr]GetFstabPath()fstab_path:/vendor/etc/fstab.default
03-28 06:16:22.259 1307 1307 I update_engine: [libfs_mgr]GetFstabPath()fstab_path:/system/etc/fstab.default
03-28 06:16:22.260 1307 1307 I update_engine: [libfs_mgr]GetFstabPath()fstab_path:/first_stage_ramdisk/system/etc/fstab.default
03-28 06:16:22.262 1307 1307 I update_engine: [libfs_mgr]GetFstabPath()fstab_path:/fstab.default
03-28 06:16:22.263 1307 1307 I update_engine: [libfs_mgr]GetFstabPath()fstab_path:/first_stage_ramdisk/fstab.default
03-28 06:16:22.265 1307 1307 I update_engine: [libfs_mgr]GetFstabPath()fstab_path:/odm/etc/fstab.qcom
03-28 06:16:22.266 1307 1307 I update_engine: [libfs_mgr]GetFstabPath()fstab_path:/vendor/etc/fstab.qcom
03-28 06:16:22.267 1307 1307 I update_engine: [libfs_mgr]GetFstabPath()fstab_path.c_str():/vendor/etc/fstab.qcom
03-28 06:16:22.269 1307 1307 I update_engine: [INFO:dynamic_partition_control_android.cc(331)] Loaded metadata from slot B in /dev/block/bootdevice/by-name/super
03-28 06:16:22.271 1307 1307 I update_engine: [INFO:dynamic_partition_control_android.cc(1190)] modem_b is not in super partition metadata.
03-28 06:16:22.272 1307 1307 I update_engine: [INFO:dynamic_partition_control_android.cc(331)] Loaded metadata from slot A in /dev/block/bootdevice/by-name/super
03-28 06:16:22.274 1307 1307 I update_engine: [libfs_mgr]dt_fstab: Skip disabled entry for partition vendor
03-28 06:16:22.275 1307 1307 I update_engine: [libfs_mgr]GetFstabPath()fstab_path:/odm/etc/fstab.default
03-28 06:16:22.277 1307 1307 I update_engine: [libfs_mgr]GetFstabPath()fstab_path:/vendor/etc/fstab.default
03-28 06:16:22.278 1307 1307 I update_engine: [libfs_mgr]GetFstabPath()fstab_path:/system/etc/fstab.default
03-28 06:16:22.280 1307 1307 I update_engine: [libfs_mgr]GetFstabPath()fstab_path:/first_stage_ramdisk/system/etc/fstab.default
03-28 06:16:22.281 1307 1307 I update_engine: [libfs_mgr]GetFstabPath()fstab_path:/fstab.default
03-28 06:16:22.282 1307 1307 I update_engine: [libfs_mgr]GetFstabPath()fstab_path:/first_stage_ramdisk/fstab.default
03-28 06:16:22.284 1307 1307 I update_engine: [libfs_mgr]GetFstabPath()fstab_path:/odm/etc/fstab.qcom
03-28 06:16:22.285 1307 1307 I update_engine: [libfs_mgr]GetFstabPath()fstab_path:/vendor/etc/fstab.qcom
03-28 06:16:22.286 1307 1307 I update_engine: [libfs_mgr]GetFstabPath()fstab_path.c_str():/vendor/etc/fstab.qcom
03-28 06:16:22.289 1307 1307 I update_engine: [INFO:dynamic_partition_control_android.cc(331)] Loaded metadata from slot B in /dev/block/bootdevice/by-name/super
03-28 06:16:22.290 1307 1307 I update_engine: [INFO:dynamic_partition_control_android.cc(1190)] multiimgoem_b is not in super partition metadata.
03-28 06:16:22.292 1307 1307 I update_engine: [INFO:dynamic_partition_control_android.cc(331)] Loaded metadata from slot A in /dev/block/bootdevice/by-name/super
03-28 06:16:22.293 1307 1307 I update_engine: [libfs_mgr]dt_fstab: Skip disabled entry for partition vendor
03-28 06:16:22.295 1307 1307 I update_engine: [libfs_mgr]GetFstabPath()fstab_path:/odm/etc/fstab.default
03-28 06:16:22.296 1307 1307 I update_engine: [libfs_mgr]GetFstabPath()fstab_path:/vendor/etc/fstab.default
03-28 06:16:22.297 1307 1307 I update_engine: [libfs_mgr]GetFstabPath()fstab_path:/system/etc/fstab.default
03-28 06:16:22.299 1307 1307 I update_engine: [libfs_mgr]GetFstabPath()fstab_path:/first_stage_ramdisk/system/etc/fstab.default
03-28 06:16:22.300 1307 1307 I update_engine: [libfs_mgr]GetFstabPath()fstab_path:/fstab.default
03-28 06:16:22.302 1307 1307 I update_engine: [libfs_mgr]GetFstabPath()fstab_path:/first_stage_ramdisk/fstab.default
03-28 06:16:22.303 1307 1307 I update_engine: [libfs_mgr]GetFstabPath()fstab_path:/odm/etc/fstab.qcom
03-28 06:16:22.305 1307 1307 I update_engine: [libfs_mgr]GetFstabPath()fstab_path:/vendor/etc/fstab.qcom
03-28 06:16:22.306 1307 1307 I update_engine: [libfs_mgr]GetFstabPath()fstab_path.c_str():/vendor/etc/fstab.qcom
03-28 06:16:22.308 1307 1307 I update_engine: [INFO:dynamic_partition_control_android.cc(331)] Loaded metadata from slot B in /dev/block/bootdevice/by-name/super
03-28 06:16:22.310 1307 1307 I update_engine: Successfully unmapped snapshot odm_b
03-28 06:16:22.318 551 558 D vold : Disk at 252:11 changed
03-28 06:16:22.339 1307 1307 I update_engine: [libfs_mgr]Created logical partition odm_b-base on device /dev/block/dm-11
03-28 06:16:22.346 551 558 D vold : Disk at 252:12 changed
03-28 06:16:22.367 1307 1307 I update_engine: Mapped COW device for odm_b at /dev/block/dm-12
03-28 06:16:22.380 551 558 D vold : Disk at 252:13 changed
03-28 06:16:22.401 1307 1307 I update_engine: Mapped odm_b as snapshot device at /dev/block/dm-13
03-28 06:16:22.404 1307 1307 I update_engine: [INFO:dynamic_partition_control_android.cc(205)] Succesfully mapped odm_b to device mapper (force_writable = 1); device path at /dev/block/dm-13
03-28 06:16:22.426 1307 1307 I update_engine: [libfs_mgr]dt_fstab: Skip disabled entry for partition vendor
03-28 06:16:22.429 1307 1307 I update_engine: [libfs_mgr]GetFstabPath()fstab_path:/odm/etc/fstab.default
03-28 06:16:22.430 1307 1307 I update_engine: [libfs_mgr]GetFstabPath()fstab_path:/vendor/etc/fstab.default
03-28 06:16:22.431 1307 1307 I update_engine: [libfs_mgr]GetFstabPath()fstab_path:/system/etc/fstab.default
03-28 06:16:22.433 1307 1307 I update_engine: [libfs_mgr]GetFstabPath()fstab_path:/first_stage_ramdisk/system/etc/fstab.default
03-28 06:16:22.434 1307 1307 I update_engine: [libfs_mgr]GetFstabPath()fstab_path:/fstab.default
03-28 06:16:22.435 1307 1307 I update_engine: [libfs_mgr]GetFstabPath()fstab_path:/first_stage_ramdisk/fstab.default
03-28 06:16:22.436 1307 1307 I update_engine: [libfs_mgr]GetFstabPath()fstab_path:/odm/etc/fstab.qcom
03-28 06:16:22.438 1307 1307 I update_engine: [libfs_mgr]GetFstabPath()fstab_path:/vendor/etc/fstab.qcom
03-28 06:16:22.439 1307 1307 I update_engine: [libfs_mgr]GetFstabPath()fstab_path.c_str():/vendor/etc/fstab.qcom
03-28 06:16:22.441 1307 1307 I update_engine: [INFO:dynamic_partition_control_android.cc(331)] Loaded metadata from slot B in /dev/block/bootdevice/by-name/super
03-28 06:16:22.443 1307 1307 I update_engine: Successfully unmapped snapshot product_b
03-28 06:16:22.448 551 558 D vold : Disk at 252:14 changed
03-28 06:16:22.468 1307 1307 I update_engine: [libfs_mgr]Created logical partition product_b-base on device /dev/block/dm-14
03-28 06:16:22.484 551 558 D vold : Disk at 252:15 changed
03-28 06:16:22.504 1307 1307 I update_engine: Mapped COW device for product_b at /dev/block/dm-15
03-28 06:16:22.515 551 558 D vold : Disk at 252:16 changed
03-28 06:16:22.536 1307 1307 I update_engine: Mapped product_b as snapshot device at /dev/block/dm-16
03-28 06:16:22.541 1307 1307 I update_engine: [INFO:dynamic_partition_control_android.cc(205)] Succesfully mapped product_b to device mapper (force_writable = 1); device path at /dev/block/dm-16
03-28 06:16:22.544 1307 1307 I update_engine: [libfs_mgr]dt_fstab: Skip disabled entry for partition vendor
03-28 06:16:22.547 1307 1307 I update_engine: [libfs_mgr]GetFstabPath()fstab_path:/odm/etc/fstab.default
03-28 06:16:22.550 1307 1307 I update_engine: [libfs_mgr]GetFstabPath()fstab_path:/vendor/etc/fstab.default
03-28 06:16:22.552 1307 1307 I update_engine: [libfs_mgr]GetFstabPath()fstab_path:/system/etc/fstab.default
03-28 06:16:22.555 1307 1307 I update_engine: [libfs_mgr]GetFstabPath()fstab_path:/first_stage_ramdisk/system/etc/fstab.default
03-28 06:16:22.558 1307 1307 I update_engine: [libfs_mgr]GetFstabPath()fstab_path:/fstab.default
03-28 06:16:22.560 1307 1307 I update_engine: [libfs_mgr]GetFstabPath()fstab_path:/first_stage_ramdisk/fstab.default
03-28 06:16:22.562 1307 1307 I update_engine: [libfs_mgr]GetFstabPath()fstab_path:/odm/etc/fstab.qcom
03-28 06:16:22.564 1307 1307 I update_engine: [libfs_mgr]GetFstabPath()fstab_path:/vendor/etc/fstab.qcom
03-28 06:16:22.566 1307 1307 I update_engine: [libfs_mgr]GetFstabPath()fstab_path.c_str():/vendor/etc/fstab.qcom
03-28 06:16:22.569 1307 1307 I update_engine: [INFO:dynamic_partition_control_android.cc(331)] Loaded metadata from slot B in /dev/block/bootdevice/by-name/super
03-28 06:16:22.572 1307 1307 I update_engine: [INFO:dynamic_partition_control_android.cc(1190)] qupfw_b is not in super partition metadata.
03-28 06:16:22.574 1307 1307 I update_engine: [INFO:dynamic_partition_control_android.cc(331)] Loaded metadata from slot A in /dev/block/bootdevice/by-name/super
03-28 06:16:22.576 1307 1307 I update_engine: [libfs_mgr]dt_fstab: Skip disabled entry for partition vendor
03-28 06:16:22.577 1307 1307 I update_engine: [libfs_mgr]GetFstabPath()fstab_path:/odm/etc/fstab.default
03-28 06:16:22.579 1307 1307 I update_engine: [libfs_mgr]GetFstabPath()fstab_path:/vendor/etc/fstab.default
03-28 06:16:22.581 1307 1307 I update_engine: [libfs_mgr]GetFstabPath()fstab_path:/system/etc/fstab.default
03-28 06:16:22.582 1307 1307 I update_engine: [libfs_mgr]GetFstabPath()fstab_path:/first_stage_ramdisk/system/etc/fstab.default
03-28 06:16:22.584 1307 1307 I update_engine: [libfs_mgr]GetFstabPath()fstab_path:/fstab.default
03-28 06:16:22.586 1307 1307 I update_engine: [libfs_mgr]GetFstabPath()fstab_path:/first_stage_ramdisk/fstab.default
03-28 06:16:22.587 1307 1307 I update_engine: [libfs_mgr]GetFstabPath()fstab_path:/odm/etc/fstab.qcom
03-28 06:16:22.589 1307 1307 I update_engine: [libfs_mgr]GetFstabPath()fstab_path:/vendor/etc/fstab.qcom
03-28 06:16:22.591 1307 1307 I update_engine: [libfs_mgr]GetFstabPath()fstab_path.c_str():/vendor/etc/fstab.qcom
03-28 06:16:22.593 1307 1307 I update_engine: [INFO:dynamic_partition_control_android.cc(331)] Loaded metadata from slot B in /dev/block/bootdevice/by-name/super
03-28 06:16:22.594 1307 1307 I update_engine: [INFO:dynamic_partition_control_android.cc(1190)] recovery_b is not in super partition metadata.
03-28 06:16:22.596 1307 1307 I update_engine: [INFO:dynamic_partition_control_android.cc(331)] Loaded metadata from slot A in /dev/block/bootdevice/by-name/super
03-28 06:16:22.598 1307 1307 I update_engine: [libfs_mgr]dt_fstab: Skip disabled entry for partition vendor
03-28 06:16:22.599 1307 1307 I update_engine: [libfs_mgr]GetFstabPath()fstab_path:/odm/etc/fstab.default
03-28 06:16:22.600 1307 1307 I update_engine: [libfs_mgr]GetFstabPath()fstab_path:/vendor/etc/fstab.default
03-28 06:16:22.602 1307 1307 I update_engine: [libfs_mgr]GetFstabPath()fstab_path:/system/etc/fstab.default
03-28 06:16:22.603 1307 1307 I update_engine: [libfs_mgr]GetFstabPath()fstab_path:/first_stage_ramdisk/system/etc/fstab.default
03-28 06:16:22.605 1307 1307 I update_engine: [libfs_mgr]GetFstabPath()fstab_path:/fstab.default
03-28 06:16:22.606 1307 1307 I update_engine: [libfs_mgr]GetFstabPath()fstab_path:/first_stage_ramdisk/fstab.default
03-28 06:16:22.607 1307 1307 I update_engine: [libfs_mgr]GetFstabPath()fstab_path:/odm/etc/fstab.qcom
03-28 06:16:22.609 1307 1307 I update_engine: [libfs_mgr]GetFstabPath()fstab_path:/vendor/etc/fstab.qcom
03-28 06:16:22.610 1307 1307 I update_engine: [libfs_mgr]GetFstabPath()fstab_path.c_str():/vendor/etc/fstab.qcom
03-28 06:16:22.612 1307 1307 I update_engine: [INFO:dynamic_partition_control_android.cc(331)] Loaded metadata from slot B in /dev/block/bootdevice/by-name/super
03-28 06:16:22.614 1307 1307 I update_engine: Successfully unmapped snapshot system_b
03-28 06:16:22.619 551 558 D vold : Disk at 252:17 changed
03-28 06:16:22.640 1307 1307 I update_engine: [libfs_mgr]Created logical partition system_b-base on device /dev/block/dm-17
03-28 06:16:22.648 551 558 D vold : Disk at 252:18 changed
03-28 06:16:22.668 1307 1307 I update_engine: Mapped COW device for system_b at /dev/block/dm-18
03-28 06:16:22.683 551 558 D vold : Disk at 252:19 changed
03-28 06:16:22.704 1307 1307 I update_engine: Mapped system_b as snapshot device at /dev/block/dm-19
03-28 06:16:22.708 1307 1307 I update_engine: [INFO:dynamic_partition_control_android.cc(205)] Succesfully mapped system_b to device mapper (force_writable = 1); device path at /dev/block/dm-19
03-28 06:16:22.710 1307 1307 I update_engine: [libfs_mgr]dt_fstab: Skip disabled entry for partition vendor
03-28 06:16:22.713 1307 1307 I update_engine: [libfs_mgr]GetFstabPath()fstab_path:/odm/etc/fstab.default
03-28 06:16:22.714 1307 1307 I update_engine: [libfs_mgr]GetFstabPath()fstab_path:/vendor/etc/fstab.default
03-28 06:16:22.716 1307 1307 I update_engine: [libfs_mgr]GetFstabPath()fstab_path:/system/etc/fstab.default
03-28 06:16:22.718 1307 1307 I update_engine: [libfs_mgr]GetFstabPath()fstab_path:/first_stage_ramdisk/system/etc/fstab.default
03-28 06:16:22.720 1307 1307 I update_engine: [libfs_mgr]GetFstabPath()fstab_path:/fstab.default
03-28 06:16:22.721 1307 1307 I update_engine: [libfs_mgr]GetFstabPath()fstab_path:/first_stage_ramdisk/fstab.default
03-28 06:16:22.723 1307 1307 I update_engine: [libfs_mgr]GetFstabPath()fstab_path:/odm/etc/fstab.qcom
03-28 06:16:22.725 1307 1307 I update_engine: [libfs_mgr]GetFstabPath()fstab_path:/vendor/etc/fstab.qcom
03-28 06:16:22.726 1307 1307 I update_engine: [libfs_mgr]GetFstabPath()fstab_path.c_str():/vendor/etc/fstab.qcom
03-28 06:16:22.729 1307 1307 I update_engine: [INFO:dynamic_partition_control_android.cc(331)] Loaded metadata from slot B in /dev/block/bootdevice/by-name/super
03-28 06:16:22.731 1307 1307 I update_engine: Successfully unmapped snapshot system_ext_b
03-28 06:16:22.739 551 558 D vold : Disk at 252:20 changed
03-28 06:16:22.759 1307 1307 I update_engine: [libfs_mgr]Created logical partition system_ext_b-base on device /dev/block/dm-20
03-28 06:16:22.765 551 558 D vold : Disk at 252:21 changed
03-28 06:16:22.785 508 508 I servicemanager: Notifying gsiservice they have clients: 1
03-28 06:16:22.785 1307 1307 I update_engine: Mapped COW device for system_ext_b at /dev/block/dm-21
03-28 06:16:22.786 5180 5182 I AidlLazyServiceRegistrar: Process has 1 (of 1 available) client(s) in use after notification gsiservice has clients: 1
03-28 06:16:22.800 551 558 D vold : Disk at 252:22 changed
03-28 06:16:22.821 1307 1307 I update_engine: Mapped system_ext_b as snapshot device at /dev/block/dm-22
03-28 06:16:22.825 1307 1307 I update_engine: [INFO:dynamic_partition_control_android.cc(205)] Succesfully mapped system_ext_b to device mapper (force_writable = 1); device path at /dev/block/dm-22
03-28 06:16:22.830 1307 1307 I update_engine: [libfs_mgr]dt_fstab: Skip disabled entry for partition vendor
03-28 06:16:22.833 1307 1307 I update_engine: [libfs_mgr]GetFstabPath()fstab_path:/odm/etc/fstab.default
03-28 06:16:22.836 1307 1307 I update_engine: [libfs_mgr]GetFstabPath()fstab_path:/vendor/etc/fstab.default
03-28 06:16:22.839 1307 1307 I update_engine: [libfs_mgr]GetFstabPath()fstab_path:/system/etc/fstab.default
03-28 06:16:22.842 1307 1307 I update_engine: [libfs_mgr]GetFstabPath()fstab_path:/first_stage_ramdisk/system/etc/fstab.default
03-28 06:16:22.845 1307 1307 I update_engine: [libfs_mgr]GetFstabPath()fstab_path:/fstab.default
03-28 06:16:22.848 1307 1307 I update_engine: [libfs_mgr]GetFstabPath()fstab_path:/first_stage_ramdisk/fstab.default
03-28 06:16:22.850 1307 1307 I update_engine: [libfs_mgr]GetFstabPath()fstab_path:/odm/etc/fstab.qcom
03-28 06:16:22.852 1307 1307 I update_engine: [libfs_mgr]GetFstabPath()fstab_path:/vendor/etc/fstab.qcom
03-28 06:16:22.854 1307 1307 I update_engine: [libfs_mgr]GetFstabPath()fstab_path.c_str():/vendor/etc/fstab.qcom
03-28 06:16:22.857 1307 1307 I update_engine: [INFO:dynamic_partition_control_android.cc(331)] Loaded metadata from slot B in /dev/block/bootdevice/by-name/super
03-28 06:16:22.859 1307 1307 I update_engine: [INFO:dynamic_partition_control_android.cc(1190)] tz_b is not in super partition metadata.
03-28 06:16:22.861 1307 1307 I update_engine: [INFO:dynamic_partition_control_android.cc(331)] Loaded metadata from slot A in /dev/block/bootdevice/by-name/super
03-28 06:16:22.863 1307 1307 I update_engine: [libfs_mgr]dt_fstab: Skip disabled entry for partition vendor
03-28 06:16:22.865 1307 1307 I update_engine: [libfs_mgr]GetFstabPath()fstab_path:/odm/etc/fstab.default
03-28 06:16:22.867 1307 1307 I update_engine: [libfs_mgr]GetFstabPath()fstab_path:/vendor/etc/fstab.default
03-28 06:16:22.869 1307 1307 I update_engine: [libfs_mgr]GetFstabPath()fstab_path:/system/etc/fstab.default
03-28 06:16:22.870 1307 1307 I update_engine: [libfs_mgr]GetFstabPath()fstab_path:/first_stage_ramdisk/system/etc/fstab.default
03-28 06:16:22.872 1307 1307 I update_engine: [libfs_mgr]GetFstabPath()fstab_path:/fstab.default
