03-28 06:13:32.338 1124 1124 I SystemServiceManager: Starting com.android.server.BluetoothService
03-28 06:13:32.338 1124 1524 I LogicalDisplayMapper: Applying layout: [{addr: {port=129, model=0x40446d97fee5e6}, dispId: 0(ON)}], Previous layout: [{addr: {port=129, model=0x40446d97fee5e6}, dispId: 0(ON)}]
03-28 06:13:32.338 1124 1124 D BluetoothManagerService: Loading stored name and address
03-28 06:13:32.339 1124 1124 D BluetoothManagerService: Stored bluetooth Name=高合娱乐副屏,Address=F0:74:E4:3A:20:00
03-28 06:13:32.339 1124 1124 D BluetoothManagerService: Bluetooth persisted state: 1
03-28 06:13:32.339 1124 1124 D BluetoothManagerService: Startup: Bluetooth persisted state is ON.
03-28 06:13:32.339 1124 1124 D BluetoothManagerService: Detected SystemUiUid: 10078
03-28 06:13:32.339 1124 1124 I SystemServerTiming: IpConnectivityMetrics
03-28 06:13:32.339 1124 1124 I SystemServiceManager: Starting com.android.server.connectivity.IpConnectivityMetrics
03-28 06:13:32.339 1124 1692 D SystemServerInitThreadPool: Finished executing StartHidlServices
03-28 06:13:32.339 1124 1124 I SystemServerTiming: NetworkWatchlistService
03-28 06:13:32.339 1124 1124 I SystemServiceManager: Starting com.android.server.net.watchlist.NetworkWatchlistService$Lifecycle
03-28 06:13:32.341 1124 1124 I WatchlistSettings: Reload watchlist settings done
03-28 06:13:32.342 1124 1701 I WatchlistLoggingHandler: No need to aggregate record yet.
03-28 06:13:32.342 1124 1701 I WatchlistLoggingHandler: Milliseconds spent on tryAggregateRecords(): 0
03-28 06:13:32.342 1124 1124 I SystemServerTiming: PinnerService
03-28 06:13:32.342 1124 1124 I SystemServiceManager: Starting com.android.server.PinnerService
03-28 06:13:32.342 1124 1124 V HistoricalRegistry: Interaction before persistence initialized
03-28 06:13:32.342 1124 1124 I SystemServerTiming: IorapForwardingService
03-28 06:13:32.342 1124 1124 I SystemServiceManager: Starting com.google.android.startop.iorap.IorapForwardingService
03-28 06:13:32.342 1124 1541 D PinnerService: pinRangeStream: null
03-28 06:13:32.343 1124 1124 I SystemServiceManager: Starting com.android.server.ActivityTriggerService
03-28 06:13:32.343 1124 1124 I ActivityTriggerService: Starting ActivityTriggerService
03-28 06:13:32.343 1124 1124 I SystemServerTiming: SignedConfigService
03-28 06:13:32.343 1124 1124 I SystemServerTiming: AppIntegrityService
03-28 06:13:32.343 1124 1124 I SystemServiceManager: Starting com.android.server.integrity.AppIntegrityManagerService
03-28 06:13:32.344 1124 1541 D PinnerService: pinRangeStream: null
03-28 06:13:32.344 1124 1541 D PinnerService: pinRangeStream: null
03-28 06:13:32.344 1124 1541 D PinnerService: pinRangeStream: null
03-28 06:13:32.347 1124 1124 E IntegrityFileManager: Error creating staging and rules directory
03-28 06:13:32.350 1124 1124 I WindowManager: SAFE MODE not enabled
03-28 06:13:32.350 1124 1124 I SystemServerTiming: StartInputMethodManagerLifecycle
03-28 06:13:32.350 1124 1124 I SystemServiceManager: Starting com.android.server.inputmethod.InputMethodManagerService$Lifecycle
03-28 06:13:32.352 1124 1124 I SystemServerTiming: StartAccessibilityManagerService
03-28 06:13:32.352 1124 1124 I SystemServiceManager: Starting com.android.server.accessibility.AccessibilityManagerService$Lifecycle
03-28 06:13:32.353 1124 1124 I SystemServerTiming: MakeDisplayReady
03-28 06:13:32.354 1124 1541 D PinnerService: pinRangeStream: null
03-28 06:13:32.354 1124 1541 D PinnerService: pinRangeStream: null
03-28 06:13:32.354 1124 1124 I ActivityTaskManager: Config changes=20005df8 {1.0 ?mcc?mnc [zh_CN] ldltr sw720dp w1706dp h652dp 240dpi lrg long land ?uimode ?night -touch -keyb/v/h -nav/h winConfig={ mBounds=Rect(0, 0 - 2560, 1080) mAppBounds=Rect(0, 0 - 2560, 1014) mMaxBounds=Rect(0, 0 - 2560, 1080) mWindowingMode=fullscreen mDisplayWindowingMode=fullscreen mActivityType=undefined mAlwaysOnTop=undefined mRotation=ROTATION_0} s.2 ?fontWeightAdjustment}
03-28 06:13:32.355 1124 1541 D PinnerService: pinRangeStream: null
03-28 06:13:32.355 1124 1124 I WindowManager: Override config changes=60007dfc {1.0 ?mcc?mnc [zh_CN] ldltr sw720dp w1706dp h652dp 240dpi lrg long land ?uimode ?night -touch -keyb/v/h -nav/h winConfig={ mBounds=Rect(0, 0 - 2560, 1080) mAppBounds=Rect(0, 0 - 2560, 1014) mMaxBounds=Rect(0, 0 - 2560, 1080) mWindowingMode=fullscreen mDisplayWindowingMode=fullscreen mActivityType=undefined mAlwaysOnTop=undefined mRotation=ROTATION_0} s.2 ?fontWeightAdjustment} for displayId=0
03-28 06:13:32.357 1124 1124 I ActivityTaskManager: Config changes=8 {1.0 ?mcc?mnc [zh_CN] ldltr sw720dp w1706dp h652dp 240dpi lrg long land ?uimode ?night finger -keyb/v/h -nav/h winConfig={ mBounds=Rect(0, 0 - 2560, 1080) mAppBounds=Rect(0, 0 - 2560, 1014) mMaxBounds=Rect(0, 0 - 2560, 1080) mWindowingMode=fullscreen mDisplayWindowingMode=fullscreen mActivityType=undefined mAlwaysOnTop=undefined mRotation=ROTATION_0} s.4 ?fontWeightAdjustment}
03-28 06:13:32.358 1124 1124 I WindowManager: Override config changes=8 {1.0 ?mcc?mnc [zh_CN] ldltr sw720dp w1706dp h652dp 240dpi lrg long land ?uimode ?night finger -keyb/v/h -nav/h winConfig={ mBounds=Rect(0, 0 - 2560, 1080) mAppBounds=Rect(0, 0 - 2560, 1014) mMaxBounds=Rect(0, 0 - 2560, 1080) mWindowingMode=fullscreen mDisplayWindowingMode=fullscreen mActivityType=undefined mAlwaysOnTop=undefined mRotation=ROTATION_0} s.4 ?fontWeightAdjustment} for displayId=0
03-28 06:13:32.358 1124 1124 I SystemServerTiming: StartStorageManagerService
03-28 06:13:32.358 1124 1124 I SystemServiceManager: Starting com.android.server.StorageManagerService$Lifecycle
03-28 06:13:32.361 1124 1705 D StorageManagerService: Thinking about init, mBootCompleted=false, mDaemonConnected=true
03-28 06:13:32.361 1124 1705 D StorageManagerService: Thinking about reset, mBootCompleted=false, mDaemonConnected=true
03-28 06:13:32.361 1124 1705 D StorageManagerService: Thinking about init, mBootCompleted=false, mDaemonConnected=true
03-28 06:13:32.361 1124 1705 D StorageManagerService: Thinking about reset, mBootCompleted=false, mDaemonConnected=true
01-01 08:01:06.596 0 0 E kona-asoc-snd soc: qcom,msm-audio-apr:qcom,q6core-audio:sound: ASoC: no sink widget found for MIC BIAS1
01-01 08:01:06.607 0 0 E kona-asoc-snd soc: qcom,msm-audio-apr:qcom,q6core-audio:sound: ASoC: Failed to add route Analog Mic1 -> direct -> MIC BIAS1
01-01 08:01:06.615 0 0 I init : processing action (sys.sysctl.extra_free_kbytes=*) from (/system/etc/init/hw/init.rc:1172)
03-28 06:13:32.362 1124 1541 D PinnerService: pinRangeStream: null
03-28 06:13:32.363 1124 1124 I SystemServerTiming: StartStorageStatsService
03-28 06:13:32.363 1124 1124 I SystemServiceManager: Starting com.android.server.usage.StorageStatsService$Lifecycle
03-28 06:13:32.365 1124 1124 I SystemServerTiming: StartUiModeManager
03-28 06:13:32.365 1124 1124 I SystemServiceManager: Starting com.android.server.UiModeManagerService
03-28 06:13:32.366 1124 1706 I SystemServerTimingAsync: InitThreadPoolExec:UiModeManager.onStart
03-28 06:13:32.366 1124 1706 D SystemServerInitThreadPool: Started executing UiModeManager.onStart
03-28 06:13:32.366 1124 1124 I SystemServerTiming: UpdatePackagesIfNeeded
03-28 06:13:32.366 1124 1124 I Watchdog: Pausing HandlerChecker: main thread for reason: dexopt. Pause count: 1
03-28 06:13:32.366 1124 1124 I Watchdog: Resuming HandlerChecker: main thread for reason: dexopt. Pause count: 0
03-28 06:13:32.366 1124 1124 I SystemServerTiming: PerformFstrimIfNeeded
03-28 06:13:32.366 1124 1124 I SystemServerTiming: StartLockSettingsService
03-28 06:13:32.366 1124 1124 I SystemServiceManager: Starting com.android.server.locksettings.LockSettingsService$Lifecycle
03-28 06:13:32.367 1124 1541 D PinnerService: pinRangeStream: null
03-28 06:13:32.367 1124 1541 D PinnerService: pinRangeStream: null
03-28 06:13:32.368 1124 1541 D PinnerService: pinRangeStream: null
03-28 06:13:32.368 1124 1541 D PinnerService: pinRangeStream: null
03-28 06:13:32.369 1124 1541 E PinnerService: Could not pin file /system/lib64/libsurfaceflinger.so
03-28 06:13:32.369 1124 1541 E PinnerService: android.system.ErrnoException: open failed: ENOENT (No such file or directory)
03-28 06:13:32.369 1124 1541 E PinnerService: at libcore.io.Linux.open(Native Method)
03-28 06:13:32.369 1124 1541 E PinnerService: at libcore.io.ForwardingOs.open(ForwardingOs.java:567)
03-28 06:13:32.369 1124 1541 E PinnerService: at libcore.io.BlockGuardOs.open(BlockGuardOs.java:273)
03-28 06:13:32.369 1124 1541 E PinnerService: at android.system.Os.open(Os.java:501)
03-28 06:13:32.369 1124 1541 E PinnerService: at com.android.server.PinnerService.pinFileRanges(PinnerService.java:939)
03-28 06:13:32.369 1124 1541 E PinnerService: at com.android.server.PinnerService.pinFile(PinnerService.java:814)
03-28 06:13:32.369 1124 1541 E PinnerService: at com.android.server.PinnerService.handlePinOnStart(PinnerService.java:273)
03-28 06:13:32.369 1124 1541 E PinnerService: at com.android.server.PinnerService.access$1600(PinnerService.java:91)
03-28 06:13:32.369 1124 1541 E PinnerService: at com.android.server.PinnerService$PinnerHandler.handleMessage(PinnerService.java:1183)
03-28 06:13:32.369 1124 1541 E PinnerService: at android.os.Handler.dispatchMessage(Handler.java:106)
03-28 06:13:32.369 1124 1541 E PinnerService: at android.os.Looper.loopOnce(Looper.java:201)
03-28 06:13:32.369 1124 1541 E PinnerService: at android.os.Looper.loop(Looper.java:288)
03-28 06:13:32.369 1124 1541 E PinnerService: at android.os.HandlerThread.run(HandlerThread.java:67)
03-28 06:13:32.369 1124 1541 E PinnerService: Failed to pin file = /system/lib64/libsurfaceflinger.so
03-28 06:13:32.369 1124 1706 D SystemServerInitThreadPool: Finished executing UiModeManager.onStart
03-28 06:13:32.372 1124 1124 I SystemServerTiming: StartPersistentDataBlock
03-28 06:13:32.372 1124 1124 I SystemServiceManager: Starting com.android.server.PersistentDataBlockService
03-28 06:13:32.372 1124 1124 I SystemServerTiming: StartTestHarnessMode
03-28 06:13:32.372 1124 1124 I SystemServiceManager: Starting com.android.server.testharness.TestHarnessModeService
03-28 06:13:32.372 1124 1708 I SystemServerTimingAsync: InitThreadPoolExec:PersistentDataBlockService.onStart
03-28 06:13:32.372 1124 1708 D SystemServerInitThreadPool: Started executing PersistentDataBlockService.onStart
03-28 06:13:32.372 1124 1124 I SystemServerTiming: StartOemLockService
03-28 06:13:32.372 1124 1124 I SystemServiceManager: Starting com.android.server.oemlock.OemLockService
03-28 06:13:32.373 1124 1124 I OemLock : OemLock HAL not present on device
03-28 06:13:32.373 1124 1124 I OemLock : Using persistent data block based lock
03-28 06:13:32.373 1124 1124 I SystemServerTiming: StartDeviceIdleController
03-28 06:13:32.373 1124 1124 I SystemServiceManager: Starting com.android.server.DeviceIdleController
03-28 06:13:32.373 1124 1708 E PersistentDataBlockService: not able to find package com.google.android.gms
03-28 06:13:32.373 1124 1708 E PersistentDataBlockService: android.content.pm.PackageManager$NameNotFoundException: com.google.android.gms
03-28 06:13:32.373 1124 1708 E PersistentDataBlockService: at android.app.ApplicationPackageManager.getPackageUidAsUser(ApplicationPackageManager.java:364)
03-28 06:13:32.373 1124 1708 E PersistentDataBlockService: at com.android.server.PersistentDataBlockService.getAllowedUid(PersistentDataBlockService.java:162)
03-28 06:13:32.373 1124 1708 E PersistentDataBlockService: at com.android.server.PersistentDataBlockService.lambda$onStart$0$PersistentDataBlockService(PersistentDataBlockService.java:176)
03-28 06:13:32.373 1124 1708 E PersistentDataBlockService: at com.android.server.PersistentDataBlockService$$ExternalSyntheticLambda0.run(Unknown Source:2)
03-28 06:13:32.373 1124 1708 E PersistentDataBlockService: at com.android.server.SystemServerInitThreadPool.lambda$submitTask$0$SystemServerInitThreadPool(SystemServerInitThreadPool.java:105)
03-28 06:13:32.373 1124 1708 E PersistentDataBlockService: at com.android.server.SystemServerInitThreadPool$$ExternalSyntheticLambda0.run(Unknown Source:6)
03-28 06:13:32.373 1124 1708 E PersistentDataBlockService: at java.util.concurrent.Executors$RunnableAdapter.call(Executors.java:462)
03-28 06:13:32.373 1124 1708 E PersistentDataBlockService: at java.util.concurrent.FutureTask.run(FutureTask.java:266)
03-28 06:13:32.373 1124 1708 E PersistentDataBlockService: at java.util.concurrent.ThreadPoolExecutor.runWorker(ThreadPoolExecutor.java:1167)
03-28 06:13:32.373 1124 1708 E PersistentDataBlockService: at java.util.concurrent.ThreadPoolExecutor$Worker.run(ThreadPoolExecutor.java:641)
03-28 06:13:32.373 1124 1708 E PersistentDataBlockService: at com.android.internal.util.ConcurrentUtils$1$1.run(ConcurrentUtils.java:65)
03-28 06:13:32.374 1124 1124 I SystemServerTiming: StartDevicePolicyManager
03-28 06:13:32.374 1124 1124 I SystemServiceManager: Starting com.android.server.devicepolicy.DevicePolicyManagerService$Lifecycle
03-28 06:13:32.377 1124 1124 I DevicePolicyManager: Set ro.organization_owned property to false
03-28 06:13:32.378 1124 1124 I SystemServerTiming: StartStatusBarManagerService
03-28 06:13:32.378 1124 1124 D SystemServer: MusicRecognitionManagerService not defined by OEM or disabled by flag
03-28 06:13:32.378 1124 1124 D SystemServer: ContentCaptureService disabled because resource is not overlaid
03-28 06:13:32.378 1124 1124 D SystemServer: AttentionService is not configured on this device
03-28 06:13:32.378 1124 1124 D SystemServer: RotationResolverService is not configured on this device
03-28 06:13:32.378 1124 1124 D SystemServer: SystemCaptionsManagerService disabled because resource is not overlaid
03-28 06:13:32.378 1124 1124 I SystemServerTiming: StartTextToSpeechManagerService
03-28 06:13:32.378 1124 1124 I SystemServiceManager: Starting com.android.server.texttospeech.TextToSpeechManagerService
03-28 06:13:32.379 1124 1708 D SystemServerInitThreadPool: Finished executing PersistentDataBlockService.onStart
03-28 06:13:32.379 1124 1124 I SystemServerTiming: StartSpeechRecognitionManagerService
03-28 06:13:32.379 1124 1124 I SystemServiceManager: Starting com.android.server.speech.SpeechRecognitionManagerService
03-28 06:13:32.379 1124 1124 D SystemServer: AppPredictionService not defined by OEM
03-28 06:13:32.379 1124 1124 D SystemServer: ContentSuggestionsService not defined by OEM
03-28 06:13:32.379 1124 1124 I SystemServerTiming: StartSearchUiService
03-28 06:13:32.380 1124 1124 I SystemServiceManager: Starting com.android.server.searchui.SearchUiManagerService
03-28 06:13:32.380 1124 1124 I SystemServerTiming: StartSmartspaceService
03-28 06:13:32.380 1124 1124 I SystemServiceManager: Starting com.android.server.smartspace.SmartspaceManagerService
03-28 06:13:32.380 1124 1124 I SystemServerTiming: InitConnectivityModuleConnector
03-28 06:13:32.380 1124 1124 D ConnectivityModuleConnector: Network stack init
03-28 06:13:32.381 1124 1124 I SystemServerTiming: InitNetworkStackClient
03-28 06:13:32.381 1124 1124 I SystemServerTiming: StartNetworkManagementService
03-28 06:13:32.383 1124 1124 I SystemServerTiming: StartIpSecService
03-28 06:13:32.383 1124 1124 I SystemServerTiming: StartFontManagerService
01-01 08:01:06.620 0 0 E kona-asoc-snd soc: qcom,msm-audio-apr:qcom,q6core-audio:sound: ASoC: no source widget found for MIC BIAS2
01-01 08:01:06.631 0 0 E kona-asoc-snd soc: qcom,msm-audio-apr:qcom,q6core-audio:sound: ASoC: Failed to add route MIC BIAS2 -> direct -> AMIC2
01-01 08:01:06.643 0 0 E kona-asoc-snd soc: qcom,msm-audio-apr:qcom,q6core-audio:sound: ASoC: no sink widget found for MIC BIAS2
01-01 08:01:06.654 0 0 E kona-asoc-snd soc: qcom,msm-audio-apr:qcom,q6core-audio:sound: ASoC: Failed to add route Analog Mic2 -> direct -> MIC BIAS2
01-01 08:01:06.667 0 0 E kona-asoc-snd soc: qcom,msm-audio-apr:qcom,q6core-audio:sound: ASoC: no source widget found for MIC BIAS3
01-01 08:01:06.677 0 0 E kona-asoc-snd soc: qcom,msm-audio-apr:qcom,q6core-audio:sound: ASoC: Failed to add route MIC BIAS3 -> direct -> AMIC3
03-28 06:13:32.438 1124 1124 I SystemServerTiming: StartTextServicesManager
03-28 06:13:32.438 1124 1124 I SystemServiceManager: Starting com.android.server.textservices.TextServicesManagerService$Lifecycle
03-28 06:13:32.438 1124 1124 I SystemServerTiming: StartTextClassificationManagerService
03-28 06:13:32.438 1124 1124 I SystemServiceManager: Starting com.android.server.textclassifier.TextClassificationManagerService$Lifecycle
03-28 06:13:32.439 1124 1124 I SystemServerTiming: StartNetworkScoreService
03-28 06:13:32.439 1124 1124 I SystemServiceManager: Starting com.android.server.NetworkScoreService$Lifecycle
03-28 06:13:32.439 1124 1124 I SystemServerTiming: StartNetworkStatsService
03-28 06:13:32.441 1124 1124 I SystemServerTiming: StartNetworkPolicyManagerService
03-28 06:13:32.442 1124 1124 I SystemServerTiming: StartWifi
03-28 06:13:32.453 1124 1124 I SystemServiceManager: Starting com.android.server.wifi.WifiService
01-01 08:01:06.690 0 0 E kona-asoc-snd soc: qcom,msm-audio-apr:qcom,q6core-audio:sound: ASoC: no sink widget found for MIC BIAS3
01-01 08:01:06.700 0 0 E kona-asoc-snd soc: qcom,msm-audio-apr:qcom,q6core-audio:sound: ASoC: Failed to add route Analog Mic3 -> direct -> MIC BIAS3
01-01 08:01:06.713 0 0 E kona-asoc-snd soc: qcom,msm-audio-apr:qcom,q6core-audio:sound: ASoC: no source widget found for MIC BIAS3
01-01 08:01:06.724 0 0 E kona-asoc-snd soc: qcom,msm-audio-apr:qcom,q6core-audio:sound: ASoC: Failed to add route MIC BIAS3 -> direct -> AMIC4
03-28 06:13:32.484 1124 1661 D SystemServerInitThreadPool: Finished executing SecondaryZygotePreload
03-28 06:13:32.492 1234 1234 I wificond: New wificond event callback registered
03-28 06:13:32.494 1124 1124 V HistoricalRegistry: Interaction before persistence initialized
03-28 06:13:32.495 1124 1124 I SystemServerTiming: StartWifiScanning
03-28 06:13:32.495 1124 1124 I SystemServiceManager: Starting com.android.server.wifi.scanner.WifiScanningService
03-28 06:13:32.496 1124 1124 I SystemServerTiming: StartRttService
03-28 06:13:32.496 1124 1124 I SystemServiceManager: Starting com.android.server.wifi.rtt.RttService
03-28 06:13:32.497 1124 1124 I SystemServerTiming: StartWifiAware
03-28 06:13:32.497 1124 1124 I SystemServiceManager: Starting com.android.server.wifi.aware.WifiAwareService
03-28 06:13:32.497 1124 1124 I SystemServerTiming: StartWifiP2P
03-28 06:13:32.497 1124 1124 I SystemServiceManager: Starting com.android.server.wifi.p2p.WifiP2pService
03-28 06:13:32.498 1124 1124 I SystemServerTiming: StartEthernet
03-28 06:13:32.499 1124 1124 I SystemServiceManager: Starting com.android.server.ethernet.EthernetService
03-28 06:13:32.499 1124 1124 I SystemServerTiming: StartPacProxyService
03-28 06:13:32.499 1124 1124 I SystemServerTiming: StartConnectivityService
01-01 08:01:06.736 0 0 E kona-asoc-snd soc: qcom,msm-audio-apr:qcom,q6core-audio:sound: ASoC: no sink widget found for MIC BIAS3
01-01 08:01:06.747 0 0 E kona-asoc-snd soc: qcom,msm-audio-apr:qcom,q6core-audio:sound: ASoC: Failed to add route Analog Mic4 -> direct -> MIC BIAS3
03-28 06:13:32.505 1124 1124 I SystemServiceManager: Starting com.android.server.ConnectivityServiceInitializer
03-28 06:13:32.513 1124 1124 D CompatibilityChangeReporter: Compat change id reported: 182478738; UID 1000; state: ENABLED
03-28 06:13:32.514 1124 1124 I SystemServerTiming: StartVpnManagerService
03-28 06:13:32.515 1124 1124 I SystemServerTiming: StartVcnManagementService
03-28 06:13:32.516 1124 1124 I SystemServerTiming: StartNsdService
03-28 06:13:32.516 1124 1124 D NsdService: Network service discovery is enabled
03-28 06:13:32.516 1124 1124 I SystemServerTiming: StartSystemUpdateManagerService
03-28 06:13:32.517 1124 1124 I SystemUpdateManagerService: No existing info file /data/system/system-update-info.xml
03-28 06:13:32.517 1124 1124 I SystemServerTiming: StartUpdateLockService
03-28 06:13:32.517 1124 1124 I SystemServerTiming: StartNotificationManager
03-28 06:13:32.517 1124 1124 I SystemServiceManager: Starting com.android.server.notification.NotificationManagerService
03-28 06:13:32.519 1124 1124 D ConditionProviders.SCP: new ScheduleConditionProvider()
01-01 08:01:06.760 0 0 E kona-asoc-snd soc: qcom,msm-audio-apr:qcom,q6core-audio:sound: ASoC: no source widget found for MIC BIAS4
01-01 08:01:06.771 0 0 E kona-asoc-snd soc: qcom,msm-audio-apr:qcom,q6core-audio:sound: ASoC: Failed to add route MIC BIAS4 -> direct -> AMIC5
03-28 06:13:32.523 1124 1124 I NotificationAssistants: Read notification assistant permissions from xml
03-28 06:13:32.523 1124 1124 I ConditionProviders: Read condition provider permissions from xml
03-28 06:13:32.524 1124 1124 I ConditionProviders: Read condition provider permissions from xml
03-28 06:13:32.524 1124 1124 D NotificationAssistants: Approving default notification assistant for user 0
03-28 06:13:32.524 1124 1124 I ConditionProviders: Allowing condition provider android.ext.services/android.ext.services.notification.Assistant (userSet: true)
03-28 06:13:32.524 1124 1124 I GameModeConfig: isGameModeOn cache is null
03-28 06:13:32.524 1124 1124 I GameModeConfig: isGameModeOn = false
03-28 06:13:32.525 1124 1124 D CompatibilityChangeReporter: Compat change id reported: 157233955; UID 1000; state: ENABLED
03-28 06:13:32.528 1124 1124 I SystemServerTiming: StartDeviceMonitor
03-28 06:13:32.528 1124 1124 I SystemServiceManager: Starting com.android.server.storage.DeviceStorageMonitorService
03-28 06:13:32.528 1124 1124 I SystemServerTiming: StartLocationManagerService
03-28 06:13:32.528 1124 1124 I SystemServiceManager: Starting com.android.server.location.LocationManagerService$Lifecycle
03-28 06:13:32.529 1124 1124 I SystemServerTiming: StartCountryDetectorService
03-28 06:13:32.530 1124 1124 I SystemServerTiming: StartTimeDetectorService
03-28 06:13:32.530 1124 1124 I SystemServiceManager: Starting com.android.server.timedetector.TimeDetectorService$Lifecycle
03-28 06:13:32.530 1124 1124 I SystemServerTiming: StartTimeZoneDetectorService
03-28 06:13:32.530 1124 1124 I SystemServiceManager: Starting com.android.server.timezonedetector.TimeZoneDetectorService$Lifecycle
03-28 06:13:32.531 1124 1124 I SystemServerTiming: StartLocationTimeZoneManagerService
03-28 06:13:32.531 1124 1124 I SystemServiceManager: Starting com.android.server.timezonedetector.location.LocationTimeZoneManagerService$Lifecycle
03-28 06:13:32.531 1124 1124 I SystemServerTiming: StartSearchManagerService
03-28 06:13:32.531 1124 1124 I SystemServiceManager: Starting com.android.server.search.SearchManagerService$Lifecycle
03-28 06:13:32.531 1124 1124 I SystemServerTiming: StartWallpaperManagerService
03-28 06:13:32.531 1124 1124 I SystemServiceManager: Starting com.android.server.wallpaper.WallpaperManagerService$Lifecycle
03-28 06:13:32.531 1124 1124 I SystemServerTiming: StartAudioService
03-28 06:13:32.531 1124 1124 I SystemServiceManager: Starting com.android.server.audio.AudioService$Lifecycle
01-01 08:01:06.783 0 0 E kona-asoc-snd soc: qcom,msm-audio-apr:qcom,q6core-audio:sound: ASoC: no sink widget found for MIC BIAS4
01-01 08:01:06.793 0 0 E kona-asoc-snd soc: qcom,msm-audio-apr:qcom,q6core-audio:sound: ASoC: Failed to add route Analog Mic5 -> direct -> MIC BIAS4
01-01 08:01:06.806 0 0 E kona-asoc-snd soc: qcom,msm-audio-apr:qcom,q6core-audio:sound: ASoC: no source widget found for MIC BIAS3
01-01 08:01:06.817 0 0 E kona-asoc-snd soc: qcom,msm-audio-apr:qcom,q6core-audio:sound: ASoC: Failed to add route MIC BIAS3 -> direct -> TX DMIC0
01-01 08:01:06.829 0 0 E kona-asoc-snd soc: qcom,msm-audio-apr:qcom,q6core-audio:sound: ASoC: no sink widget found for MIC BIAS3
01-01 08:01:06.840 0 0 E kona-asoc-snd soc: qcom,msm-audio-apr:qcom,q6core-audio:sound: ASoC: Failed to add route Digital Mic0 -> direct -> MIC BIAS3
01-01 08:01:06.853 0 0 E kona-asoc-snd soc: qcom,msm-audio-apr:qcom,q6core-audio:sound: ASoC: no source widget found for MIC BIAS3
01-01 08:01:06.863 0 0 E kona-asoc-snd soc: qcom,msm-audio-apr:qcom,q6core-audio:sound: ASoC: Failed to add route MIC BIAS3 -> direct -> TX DMIC1
01-01 08:01:06.876 0 0 E kona-asoc-snd soc: qcom,msm-audio-apr:qcom,q6core-audio:sound: ASoC: no sink widget found for MIC BIAS3
01-01 08:01:06.886 0 0 E kona-asoc-snd soc: qcom,msm-audio-apr:qcom,q6core-audio:sound: ASoC: Failed to add route Digital Mic1 -> direct -> MIC BIAS3
01-01 08:01:06.899 0 0 E kona-asoc-snd soc: qcom,msm-audio-apr:qcom,q6core-audio:sound: ASoC: no source widget found for MIC BIAS1
01-01 08:01:06.910 0 0 E kona-asoc-snd soc: qcom,msm-audio-apr:qcom,q6core-audio:sound: ASoC: Failed to add route MIC BIAS1 -> direct -> TX DMIC2
01-01 08:01:06.922 0 0 E kona-asoc-snd soc: qcom,msm-audio-apr:qcom,q6core-audio:sound: ASoC: no sink widget found for MIC BIAS1
01-01 08:01:06.932 0 0 E kona-asoc-snd soc: qcom,msm-audio-apr:qcom,q6core-audio:sound: ASoC: Failed to add route Digital Mic2 -> direct -> MIC BIAS1
01-01 08:01:06.945 0 0 E kona-asoc-snd soc: qcom,msm-audio-apr:qcom,q6core-audio:sound: ASoC: no source widget found for MIC BIAS1
01-01 08:01:06.956 0 0 E kona-asoc-snd soc: qcom,msm-audio-apr:qcom,q6core-audio:sound: ASoC: Failed to add route MIC BIAS1 -> direct -> TX DMIC3
01-01 08:01:06.968 0 0 E kona-asoc-snd soc: qcom,msm-audio-apr:qcom,q6core-audio:sound: ASoC: no sink widget found for MIC BIAS1
01-01 08:01:06.979 0 0 E kona-asoc-snd soc: qcom,msm-audio-apr:qcom,q6core-audio:sound: ASoC: Failed to add route Digital Mic3 -> direct -> MIC BIAS1
01-01 08:01:06.991 0 0 E kona-asoc-snd soc: qcom,msm-audio-apr:qcom,q6core-audio:sound: ASoC: no source widget found for MIC BIAS4
01-01 08:01:07.002 0 0 E kona-asoc-snd soc: qcom,msm-audio-apr:qcom,q6core-audio:sound: ASoC: Failed to add route MIC BIAS4 -> direct -> TX DMIC4
01-01 08:01:07.014 0 0 E kona-asoc-snd soc: qcom,msm-audio-apr:qcom,q6core-audio:sound: ASoC: no sink widget found for MIC BIAS4
01-01 08:01:07.025 0 0 E kona-asoc-snd soc: qcom,msm-audio-apr:qcom,q6core-audio:sound: ASoC: Failed to add route Digital Mic4 -> direct -> MIC BIAS4
01-01 08:01:07.038 0 0 E kona-asoc-snd soc: qcom,msm-audio-apr:qcom,q6core-audio:sound: ASoC: no source widget found for MIC BIAS4
01-01 08:01:07.048 0 0 E kona-asoc-snd soc: qcom,msm-audio-apr:qcom,q6core-audio:sound: ASoC: Failed to add route MIC BIAS4 -> direct -> TX DMIC5
01-01 08:01:07.061 0 0 E kona-asoc-snd soc: qcom,msm-audio-apr:qcom,q6core-audio:sound: ASoC: no sink widget found for MIC BIAS4
01-01 08:01:07.071 0 0 E kona-asoc-snd soc: qcom,msm-audio-apr:qcom,q6core-audio:sound: ASoC: Failed to add route Digital Mic5 -> direct -> MIC BIAS4
01-01 08:01:07.084 0 0 E kona-asoc-snd soc: qcom,msm-audio-apr:qcom,q6core-audio:sound: ASoC: no sink widget found for IN1_HPHL
01-01 08:01:07.094 0 0 E kona-asoc-snd soc: qcom,msm-audio-apr:qcom,q6core-audio:sound: ASoC: Failed to add route HPHL_OUT -> direct -> IN1_HPHL
01-01 08:01:07.107 0 0 E kona-asoc-snd soc: qcom,msm-audio-apr:qcom,q6core-audio:sound: ASoC: no sink widget found for IN2_HPHR
01-01 08:01:07.117 0 0 E kona-asoc-snd soc: qcom,msm-audio-apr:qcom,q6core-audio:sound: ASoC: Failed to add route HPHR_OUT -> direct -> IN2_HPHR
01-01 08:01:07.129 0 0 E kona-asoc-snd soc: qcom,msm-audio-apr:qcom,q6core-audio:sound: ASoC: no sink widget found for IN3_AUX
01-01 08:01:07.140 0 0 E kona-asoc-snd soc: qcom,msm-audio-apr:qcom,q6core-audio:sound: ASoC: Failed to add route AUX_OUT -> direct -> IN3_AUX
01-01 08:01:07.152 0 0 E kona-asoc-snd soc: qcom,msm-audio-apr:qcom,q6core-audio:sound: ASoC: no source widget found for ADC1_OUTPUT
01-01 08:01:07.163 0 0 E kona-asoc-snd soc: qcom,msm-audio-apr:qcom,q6core-audio:sound: ASoC: Failed to add route ADC1_OUTPUT -> direct -> TX SWR_ADC0
01-01 08:01:07.175 0 0 E kona-asoc-snd soc: qcom,msm-audio-apr:qcom,q6core-audio:sound: ASoC: no source widget found for ADC2_OUTPUT
01-01 08:01:07.186 0 0 E kona-asoc-snd soc: qcom,msm-audio-apr:qcom,q6core-audio:sound: ASoC: Failed to add route ADC2_OUTPUT -> direct -> TX SWR_ADC1
03-28 06:13:32.954 1179 1179 W iorapd : Readahead disabled by system property
03-28 06:13:32.954 1179 1179 W iorapd : Reconnect to package manager service: 1 times
01-01 08:01:07.199 0 0 E kona-asoc-snd soc: qcom,msm-audio-apr:qcom,q6core-audio:sound: ASoC: no source widget found for ADC3_OUTPUT
01-01 08:01:07.210 0 0 E kona-asoc-snd soc: qcom,msm-audio-apr:qcom,q6core-audio:sound: ASoC: Failed to add route ADC3_OUTPUT -> direct -> TX SWR_ADC2
03-28 06:13:32.961 1730 1730 D iorap.prefetcherd: Installing minijail
03-28 06:13:32.962 1730 1730 W iorap.prefetcherd: No seccomp filter defined for this architecture.
01-01 08:01:07.223 0 0 E kona-asoc-snd soc: qcom,msm-audio-apr:qcom,q6core-audio:sound: ASoC: no source widget found for ADC4_OUTPUT
01-01 08:01:07.234 0 0 E kona-asoc-snd soc: qcom,msm-audio-apr:qcom,q6core-audio:sound: ASoC: Failed to add route ADC4_OUTPUT -> direct -> TX SWR_ADC3
01-01 08:01:07.246 0 0 E kona-asoc-snd soc: qcom,msm-audio-apr:qcom,q6core-audio:sound: ASoC: no source widget found for DMIC1_OUTPUT
01-01 08:01:07.258 0 0 E kona-asoc-snd soc: qcom,msm-audio-apr:qcom,q6core-audio:sound: ASoC: Failed to add route DMIC1_OUTPUT -> direct -> TX SWR_DMIC0
01-01 08:01:07.270 0 0 E kona-asoc-snd soc: qcom,msm-audio-apr:qcom,q6core-audio:sound: ASoC: no source widget found for DMIC2_OUTPUT
01-01 08:01:07.282 0 0 E kona-asoc-snd soc: qcom,msm-audio-apr:qcom,q6core-audio:sound: ASoC: Failed to add route DMIC2_OUTPUT -> direct -> TX SWR_DMIC1
01-01 08:01:07.294 0 0 E kona-asoc-snd soc: qcom,msm-audio-apr:qcom,q6core-audio:sound: ASoC: no source widget found for DMIC3_OUTPUT
01-01 08:01:07.305 0 0 E kona-asoc-snd soc: qcom,msm-audio-apr:qcom,q6core-audio:sound: ASoC: Failed to add route DMIC3_OUTPUT -> direct -> TX SWR_DMIC2
01-01 08:01:07.318 0 0 E kona-asoc-snd soc: qcom,msm-audio-apr:qcom,q6core-audio:sound: ASoC: no source widget found for DMIC4_OUTPUT
01-01 08:01:07.329 0 0 E kona-asoc-snd soc: qcom,msm-audio-apr:qcom,q6core-audio:sound: ASoC: Failed to add route DMIC4_OUTPUT -> direct -> TX SWR_DMIC3
01-01 08:01:07.342 0 0 E kona-asoc-snd soc: qcom,msm-audio-apr:qcom,q6core-audio:sound: ASoC: no source widget found for DMIC5_OUTPUT
01-01 08:01:07.353 0 0 E kona-asoc-snd soc: qcom,msm-audio-apr:qcom,q6core-audio:sound: ASoC: Failed to add route DMIC5_OUTPUT -> direct -> TX SWR_DMIC4
01-01 08:01:07.365 0 0 I msm_cvp : warn: DBLP Set: status 0 0
01-01 08:01:07.366 0 0 E kona-asoc-snd soc: qcom,msm-audio-apr:qcom,q6core-audio:sound: ASoC: no source widget found for DMIC6_OUTPUT
01-01 08:01:07.377 0 0 E kona-asoc-snd soc: qcom,msm-audio-apr:qcom,q6core-audio:sound: ASoC: Failed to add route DMIC6_OUTPUT -> direct -> TX SWR_DMIC5
01-01 08:01:07.390 0 0 E kona-asoc-snd soc: qcom,msm-audio-apr:qcom,q6core-audio:sound: ASoC: no source widget found for DMIC7_OUTPUT
01-01 08:01:07.401 0 0 E kona-asoc-snd soc: qcom,msm-audio-apr:qcom,q6core-audio:sound: ASoC: Failed to add route DMIC7_OUTPUT -> direct -> TX SWR_DMIC6
01-01 08:01:07.414 0 0 E kona-asoc-snd soc: qcom,msm-audio-apr:qcom,q6core-audio:sound: ASoC: no source widget found for DMIC8_OUTPUT
01-01 08:01:07.425 0 0 E kona-asoc-snd soc: qcom,msm-audio-apr:qcom,q6core-audio:sound: ASoC: Failed to add route DMIC8_OUTPUT -> direct -> TX SWR_DMIC7
01-01 08:01:07.438 0 0 E kona-asoc-snd soc: qcom,msm-audio-apr:qcom,q6core-audio:sound: ASoC: no sink widget found for SpkrLeft IN
01-01 08:01:07.449 0 0 E kona-asoc-snd soc: qcom,msm-audio-apr:qcom,q6core-audio:sound: ASoC: Failed to add route WSA_SPK1 OUT -> direct -> SpkrLeft IN
01-01 08:01:07.462 0 0 E kona-asoc-snd soc: qcom,msm-audio-apr:qcom,q6core-audio:sound: ASoC: no sink widget found for SpkrRight IN
01-01 08:01:07.473 0 0 E kona-asoc-snd soc: qcom,msm-audio-apr:qcom,q6core-audio:sound: ASoC: Failed to add route WSA_SPK2 OUT -> direct -> SpkrRight IN
01-01 08:01:07.485 0 0 E kona-asoc-snd soc: qcom,msm-audio-apr:qcom,q6core-audio:sound: ASoC: no sink widget found for VA MIC BIAS3
01-01 08:01:07.496 0 0 E kona-asoc-snd soc: qcom,msm-audio-apr:qcom,q6core-audio:sound: ASoC: Failed to add route Digital Mic0 -> direct -> VA MIC BIAS3
01-01 08:01:07.509 0 0 E kona-asoc-snd soc: qcom,msm-audio-apr:qcom,q6core-audio:sound: ASoC: no sink widget found for VA MIC BIAS3
01-01 08:01:07.520 0 0 E kona-asoc-snd soc: qcom,msm-audio-apr:qcom,q6core-audio:sound: ASoC: Failed to add route Digital Mic1 -> direct -> VA MIC BIAS3
01-01 08:01:07.533 0 0 E kona-asoc-snd soc: qcom,msm-audio-apr:qcom,q6core-audio:sound: ASoC: no sink widget found for VA MIC BIAS4
01-01 08:01:07.544 0 0 E kona-asoc-snd soc: qcom,msm-audio-apr:qcom,q6core-audio:sound: ASoC: Failed to add route Digital Mic4 -> direct -> VA MIC BIAS4
01-01 08:01:07.557 0 0 E kona-asoc-snd soc: qcom,msm-audio-apr:qcom,q6core-audio:sound: ASoC: no sink widget found for VA MIC BIAS4
01-01 08:01:07.568 0 0 E kona-asoc-snd soc: qcom,msm-audio-apr:qcom,q6core-audio:sound: ASoC: Failed to add route Digital Mic5 -> direct -> VA MIC BIAS4
01-01 08:01:07.580 0 0 E kona-asoc-snd soc: qcom,msm-audio-apr:qcom,q6core-audio:sound: ASoC: no source widget found for VA MIC BIAS3
01-01 08:01:07.592 0 0 E kona-asoc-snd soc: qcom,msm-audio-apr:qcom,q6core-audio:sound: ASoC: Failed to add route VA MIC BIAS3 -> direct -> VA DMIC0
01-01 08:01:07.604 0 0 E kona-asoc-snd soc: qcom,msm-audio-apr:qcom,q6core-audio:sound: ASoC: no source widget found for VA MIC BIAS3
01-01 08:01:07.615 0 0 E kona-asoc-snd soc: qcom,msm-audio-apr:qcom,q6core-audio:sound: ASoC: Failed to add route VA MIC BIAS3 -> direct -> VA DMIC1
01-01 08:01:07.628 0 0 E kona-asoc-snd soc: qcom,msm-audio-apr:qcom,q6core-audio:sound: ASoC: no source widget found for VA MIC BIAS4
01-01 08:01:07.639 0 0 E kona-asoc-snd soc: qcom,msm-audio-apr:qcom,q6core-audio:sound: ASoC: Failed to add route VA MIC BIAS4 -> direct -> VA DMIC4
01-01 08:01:07.651 0 0 E kona-asoc-snd soc: qcom,msm-audio-apr:qcom,q6core-audio:sound: ASoC: no source widget found for VA MIC BIAS4
01-01 08:01:07.662 0 0 E kona-asoc-snd soc: qcom,msm-audio-apr:qcom,q6core-audio:sound: ASoC: Failed to add route VA MIC BIAS4 -> direct -> VA DMIC5
01-01 08:01:07.675 0 0 E kona-asoc-snd soc: qcom,msm-audio-apr:qcom,q6core-audio:sound: ASoC: no source widget found for ADC1_OUTPUT
01-01 08:01:07.686 0 0 E kona-asoc-snd soc: qcom,msm-audio-apr:qcom,q6core-audio:sound: ASoC: Failed to add route ADC1_OUTPUT -> direct -> VA SWR_ADC0
01-01 08:01:07.699 0 0 E kona-asoc-snd soc: qcom,msm-audio-apr:qcom,q6core-audio:sound: ASoC: no source widget found for ADC2_OUTPUT
01-01 08:01:07.710 0 0 E kona-asoc-snd soc: qcom,msm-audio-apr:qcom,q6core-audio:sound: ASoC: Failed to add route ADC2_OUTPUT -> direct -> VA SWR_ADC1
01-01 08:01:07.722 0 0 E kona-asoc-snd soc: qcom,msm-audio-apr:qcom,q6core-audio:sound: ASoC: no source widget found for ADC3_OUTPUT
01-01 08:01:07.733 0 0 E kona-asoc-snd soc: qcom,msm-audio-apr:qcom,q6core-audio:sound: ASoC: Failed to add route ADC3_OUTPUT -> direct -> VA SWR_ADC2
01-01 08:01:07.746 0 0 E kona-asoc-snd soc: qcom,msm-audio-apr:qcom,q6core-audio:sound: ASoC: no source widget found for ADC4_OUTPUT
01-01 08:01:07.757 0 0 E kona-asoc-snd soc: qcom,msm-audio-apr:qcom,q6core-audio:sound: ASoC: Failed to add route ADC4_OUTPUT -> direct -> VA SWR_ADC3
01-01 08:01:07.770 0 0 E kona-asoc-snd soc: qcom,msm-audio-apr:qcom,q6core-audio:sound: ASoC: no source widget found for DMIC1_OUTPUT
01-01 08:01:07.781 0 0 E kona-asoc-snd soc: qcom,msm-audio-apr:qcom,q6core-audio:sound: ASoC: Failed to add route DMIC1_OUTPUT -> direct -> VA SWR_MIC0
01-01 08:01:07.793 0 0 E kona-asoc-snd soc: qcom,msm-audio-apr:qcom,q6core-audio:sound: ASoC: no source widget found for DMIC2_OUTPUT
01-01 08:01:07.804 0 0 E kona-asoc-snd soc: qcom,msm-audio-apr:qcom,q6core-audio:sound: ASoC: Failed to add route DMIC2_OUTPUT -> direct -> VA SWR_MIC1
01-01 08:01:07.817 0 0 E kona-asoc-snd soc: qcom,msm-audio-apr:qcom,q6core-audio:sound: ASoC: no source widget found for DMIC3_OUTPUT
01-01 08:01:07.828 0 0 E kona-asoc-snd soc: qcom,msm-audio-apr:qcom,q6core-audio:sound: ASoC: Failed to add route DMIC3_OUTPUT -> direct -> VA SWR_MIC2
01-01 08:01:07.841 0 0 E kona-asoc-snd soc: qcom,msm-audio-apr:qcom,q6core-audio:sound: ASoC: no source widget found for DMIC4_OUTPUT
01-01 08:01:07.852 0 0 E kona-asoc-snd soc: qcom,msm-audio-apr:qcom,q6core-audio:sound: ASoC: Failed to add route DMIC4_OUTPUT -> direct -> VA SWR_MIC3
01-01 08:01:07.865 0 0 E kona-asoc-snd soc: qcom,msm-audio-apr:qcom,q6core-audio:sound: ASoC: no source widget found for DMIC5_OUTPUT
01-01 08:01:07.876 0 0 E kona-asoc-snd soc: qcom,msm-audio-apr:qcom,q6core-audio:sound: ASoC: Failed to add route DMIC5_OUTPUT -> direct -> VA SWR_MIC4
01-01 08:01:07.889 0 0 E kona-asoc-snd soc: qcom,msm-audio-apr:qcom,q6core-audio:sound: ASoC: no source widget found for DMIC6_OUTPUT
01-01 08:01:07.900 0 0 E kona-asoc-snd soc: qcom,msm-audio-apr:qcom,q6core-audio:sound: ASoC: Failed to add route DMIC6_OUTPUT -> direct -> VA SWR_MIC5
01-01 08:01:07.913 0 0 E kona-asoc-snd soc: qcom,msm-audio-apr:qcom,q6core-audio:sound: ASoC: no source widget found for DMIC7_OUTPUT
01-01 08:01:07.924 0 0 E kona-asoc-snd soc: qcom,msm-audio-apr:qcom,q6core-audio:sound: ASoC: Failed to add route DMIC7_OUTPUT -> direct -> VA SWR_MIC6
01-01 08:01:07.936 0 0 E kona-asoc-snd soc: qcom,msm-audio-apr:qcom,q6core-audio:sound: ASoC: no source widget found for DMIC8_OUTPUT
01-01 08:01:07.947 0 0 E kona-asoc-snd soc: qcom,msm-audio-apr:qcom,q6core-audio:sound: ASoC: Failed to add route DMIC8_OUTPUT -> direct -> VA SWR_MIC7
01-01 08:01:07.972 0 0 I kona-asoc-snd soc: qcom,msm-audio-apr:qcom,q6core-audio:sound: msm_asoc_machine_probe: Sound card kona-mtp-snd-card registered
01-01 08:01:07.972 0 0 E register_client_adhoc: find path.src 1 dest 589
01-01 08:01:07.973 0 0 E register_client_adhoc: Failed to find path.src 1 dest 589
01-01 08:01:07.979 0 0 E : [drm:dp_display_init_aux_switch][msm-dp-err][494 ]failed to register notifier (-22)
01-01 08:01:07.995 0 0 E swr-wcd wsa_swr_ctrl: swrm_runtime_suspend: clk stop mode not supported or SSR entry
01-01 08:01:08.006 0 0 D cnss : Sending respond memory message, state: 0x9
01-01 08:01:08.006 0 0 D cnss : Memory for FW, va: 0x0000000000000000, pa: 0x00000000a1000000, size: 0x5e0000, type: 1
01-01 08:01:08.006 0 0 D cnss : Memory for FW, va: 0x0000000000000000, pa: 0x00000000a1600000, size: 0xd8000, type: 4
01-01 08:01:08.010 0 0 W QSEECOM : qseecom_load_app: App (featenabler) does'nt exist, loading apps for first time
01-01 08:01:08.012 0 0 D cnss : PM relax, state: 0x9, count: 0
01-01 08:01:08.013 0 0 D cnss : Received QMI WLFW FW memory ready indication
01-01 08:01:08.013 0 0 D cnss : Posting event: FW_MEM_READY(3), state: 0x9 flags: 0x0
01-01 08:01:08.013 0 0 D cnss : PM stay awake, state: 0x9, count: 1
01-01 08:01:08.013 0 0 D cnss : PM relax, state: 0x9, count: 0
01-01 08:01:08.013 0 0 D cnss : PM stay awake, state: 0x9, count: 1
01-01 08:01:08.013 0 0 D cnss : Processing driver event: FW_MEM_READY(3), state: 0x9
01-01 08:01:08.013 0 0 D cnss : Sending target capability message, state: 0xb
01-01 08:01:08.022 0 0 W subsys-pil-tz soc: qcom,kgsl-hyp: Falling back to syfs fallback for: a650_zap.mdt
01-01 08:01:08.024 0 0 D cnss : Voltage for CPR: 948mV
01-01 08:01:08.024 0 0 D cnss : Got voltage 800mV from i: 0, j: 0
01-01 08:01:08.024 0 0 D cnss : Got voltage 1012mV from i: 4, j: 1
01-01 08:01:08.024 0 0 D cnss : Update TCS CMD data address 0x000000000b2e5844 with voltage 950mV
01-01 08:01:08.024 0 0 D cnss : Device frequency is 24000000 HZ
01-01 08:01:08.024 0 0 D cnss : Target capability: chip_id: 0x0, chip_family: 0xb, board_id: 0xff, soc_id: 0xffffffff, fw_version: 0x101a0521, fw_build_timestamp: 2021-12-20 07:54, fw_build_id: QC_IMAGE_VERSION_STRING=WLAN.HST.1.0.1.r1-01313-QCAHSTSWPL_SILICONZ-1, otp_version: 0x0
01-01 08:01:08.024 0 0 D cnss : Sending BDF download message, state: 0xb, type: 4
01-01 08:01:08.024 0 0 D cnss : FW name added with prefix: qca6390/regdb.bin
01-01 08:01:08.024 0 0 W cnss2 b0000000.qcom,cnss-qca6390: Falling back to syfs fallback for: qca6390/regdb.bin
01-01 08:01:08.025 0 0 W QSEECOM : qseecom_load_app: App with id 5 (featenabler) now loaded
01-01 08:01:08.025 0 0 W QSEECOM : qseecom_load_app: App (fingerpr) does'nt exist, loading apps for first time
01-01 08:01:08.028 0 0 I ueventd : firmware: loading 'a650_zap.mdt' for '/devices/platform/soc/soc:qcom,kgsl-hyp/firmware/a650_zap.mdt'
01-01 08:01:08.029 0 0 I ueventd : firmware: loading 'qca6390/regdb.bin' for '/devices/platform/soc/b0000000.qcom,cnss-qca6390/firmware/qca6390!regdb.bin'
01-01 08:01:08.029 0 0 I ueventd : loading /devices/platform/soc/soc:qcom,kgsl-hyp/firmware/a650_zap.mdt took 1ms
01-01 08:01:08.029 0 0 E ueventd : firmware: could not find firmware for qca6390/regdb.bin
01-01 08:01:08.037 0 0 E ueventd : firmware: attempted /etc/firmware/qca6390/regdb.bin, open failed: No such file or directory
01-01 08:01:08.037 0 0 I subsys-pil-tz soc: qcom,kgsl-hyp: a650_zap: loading from 0x00000000fcd00000 to 0x00000000fcd01000
01-01 08:01:08.047 0 0 E ueventd : firmware: attempted /odm/firmware/qca6390/regdb.bin, open failed: No such file or directory
01-01 08:01:08.058 0 0 E ueventd : firmware: attempted /vendor/firmware/qca6390/regdb.bin, open failed: No such file or directory
01-01 08:01:08.068 0 0 E ueventd : firmware: attempted /firmware/image/qca6390/regdb.bin, open failed: No such file or directory
01-01 08:01:08.079 0 0 E ueventd : firmware: attempted /vendor/firmware_mnt/image/qca6390/regdb.bin, open failed: No such file or directory
01-01 08:01:08.091 0 0 I ueventd : loading /devices/platform/soc/b0000000.qcom,cnss-qca6390/firmware/qca6390!regdb.bin took 61ms
01-01 08:01:08.091 0 0 E cnss : Failed to load BDF: qca6390/regdb.bin
01-01 08:01:08.096 0 0 D cnss : Sending BDF download message, state: 0xb, type: 1
01-01 08:01:08.096 0 0 D cnss : FW name added with prefix: qca6390/bdwlan.elf
01-01 08:01:08.096 0 0 W cnss2 b0000000.qcom,cnss-qca6390: Falling back to syfs fallback for: qca6390/bdwlan.elf
01-01 08:01:08.099 0 0 D cnss : Downloading BDF: qca6390/bdwlan.elf, size: 57908
01-01 08:01:08.115 0 0 W QSEECOM : qseecom_load_app: App with id 6 (fingerpr) now loaded
01-01 08:01:08.116 0 0 W subsys-pil-tz soc: qcom,kgsl-hyp: Falling back to syfs fallback for: a650_zap.b02
01-01 08:01:08.124 0 0 I subsys-pil-tz soc: qcom,kgsl-hyp: a650_zap: Brought out of reset
01-01 08:01:08.126 0 0 I qcom_rpmh DRV: apps_rsc TCS Busy, retrying RPMH message send: addr=0x30080
01-01 08:01:08.128 0 0 D cnss : FW name added with prefix: qca6390/m3.bin
01-01 08:01:08.128 0 0 W cnss_pci 0000: 01:00.0: Falling back to syfs fallback for: qca6390/m3.bin
01-01 08:01:08.131 0 0 D cnss : Sending M3 information message, state: 0xb
01-01 08:01:08.131 0 0 D cnss : M3 memory, va: 0x0000000000000000, pa: 0x00000000a1800000, size: 0x411bc
01-01 08:01:08.138 0 0 D cnss : PM relax, state: 0xb, count: 0
01-01 08:01:08.138 0 0 D cnss : Received QMI WLFW FW initialization done indication
01-01 08:01:08.138 0 0 D cnss : Posting event: FW_READY(4), state: 0xb flags: 0x0
01-01 08:01:08.138 0 0 D cnss : PM stay awake, state: 0xb, count: 1
01-01 08:01:08.138 0 0 D cnss : PM relax, state: 0xb, count: 0
01-01 08:01:08.138 0 0 D cnss : PM stay awake, state: 0xb, count: 1
01-01 08:01:08.138 0 0 D cnss : Processing driver event: FW_READY(4), state: 0xb
01-01 08:01:08.138 0 0 D cnss : PCIE Gen speed not setup
01-01 08:01:08.138 0 0 D cnss : Sending antenna switch sync request, state: 0xf
01-01 08:01:08.138 0 0 I binder : 1098:1118 ioctl 40046210 6ffb3e5144 returned -22
01-01 08:01:08.140 0 0 E cnss : Antenna switch request failed, result: 1, err: 94
01-01 08:01:08.146 0 0 D cnss : Sending mode message, mode: CALIBRATION(7), state: 0xf
01-01 08:01:08.147 0 0 W QSEECOM : __qseecom_reentrancy_process_incomplete_cmd: send lsr 11 rsp, but app 5 block on lsr 10
01-01 08:01:08.147 0 0 W QSEECOM : __qseecom_process_reentrancy_blocked_on_listener: Lsntr 10 in_use 1, block session(1) app(5)
01-01 08:01:08.193 0 0 W : ------------[ cut here ]------------
01-01 08:01:08.193 0 0 W : Unbalanced enable for IRQ 402
01-01 08:01:08.193 0 0 W : WARNING: CPU: 3 PID: 122 at kernel/irq/manage.c:621 enable_irq+0x90/0xe8
01-01 08:01:08.193 0 0 W : Modules linked in: wlan(O+) tsnv(O) machine_dlkm(O) wcd938x_slave_dlkm(O) wcd938x_dlkm(O) wcd9xxx_dlkm(O) mbhc_dlkm(O) tx_macro_dlkm(O) rx_macro_dlkm(O) va_macro_dlkm(O) wsa_macro_dlkm(O) swr_ctrl_dlkm(O) bolero_cdc_dlkm(O) wsa881x_dlkm(O) wcd_core_dlkm(O) stub_dlkm(O) hdmi_dlkm(O) swr_dlkm(O) pinctrl_lpi_dlkm(O) pinctrl_wcd_dlkm(O) usf_dlkm(O) native_dlkm(O) platform_dlkm(O) q6_dlkm(O) adsp_loader_dlkm(O) apr_dlkm(O) snd_event_dlkm(O) q6_notifier_dlkm(O) q6_pdr_dlkm(O) msm_11ad_proxy
01-01 08:01:08.193 0 0 W : CPU: 3 PID: 122 Comm: kworker/3:2 Tainted: G S O 4.19.157-perf+ #1
01-01 08:01:08.193 0 0 W Hardware name: Qualcomm Technologies, Inc. kona MTP-RmPM8150b. VC1(FSE) EVT2 (DT)
01-01 08:01:08.193 0 0 W Workqueue: pm pm_runtime_work
01-01 08:01:08.193 0 0 W pstate : 60c00085 (nZCv daIf +PAN +UAO)
01-01 08:01:08.193 0 0 W pc : enable_irq+0x90/0xe8
01-01 08:01:08.193 0 0 W lr : enable_irq+0x90/0xe8
01-01 08:01:08.193 0 0 W sp : ffffff8008b73b60
01-01 08:01:08.193 0 0 W : x29: ffffff8008b73b70 x28: 0000000000000002
01-01 08:01:08.193 0 0 W : x27: 000000000000030b x26: 0000000000000000
01-01 08:01:08.193 0 0 W : x25: 0000000000000000 x24: fffffff4b43d337d
01-01 08:01:08.193 0 0 W : x23: fffffff4b43d1ca1 x22: fffffff4b43d3248
01-01 08:01:08.193 0 0 W : x21: fffffff4cae89c10 x20: 0000000000000192
01-01 08:01:08.193 0 0 W : x19: fffffff499d85200 x18: 0000000000000030
01-01 08:01:08.193 0 0 W : x17: ffffff917da20000 x16: 00000000fffc67e8
01-01 08:01:08.193 0 0 W : x15: 00000000000c67e8 x14: 0000000000000086
01-01 08:01:08.193 0 0 W : x13: 0000000000000030 x12: 0000000000000000
01-01 08:01:08.193 0 0 W : x11: 0000000000000000 x10: 0000000000000007
01-01 08:01:08.193 0 0 W : x9 : 6aa0a4778a1a4800 x8 : 6aa0a4778a1a4800
01-01 08:01:08.193 0 0 W : x7 : 0000000000000000 x6 : fffffff4f9879845
01-01 08:01:08.193 0 0 W : x5 : 0000000000000000 x4 : 0000000000000006
01-01 08:01:08.193 0 0 W : x3 : 0000000000000032 x2 : 0000000000000007
01-01 08:01:08.193 0 0 W : x1 : 0000000000000007 x0 : 000000000000001d
01-01 08:01:08.193 0 0 W Call trace:
01-01 08:01:08.193 0 0 W : enable_irq+0x90/0xe8
01-01 08:01:08.193 0 0 W : swrm_runtime_suspend+0x428/0x4d8 [swr_ctrl_dlkm]
01-01 08:01:08.193 0 0 W : pm_generic_runtime_suspend+0x24/0x38
01-01 08:01:08.193 0 0 W : __rpm_callback+0x124/0x228
01-01 08:01:08.193 0 0 W : rpm_suspend+0x464/0x818
01-01 08:01:08.193 0 0 W : rpm_idle+0x5b8/0x5f8
01-01 08:01:08.193 0 0 W : pm_runtime_work+0x78/0xa0
01-01 08:01:08.193 0 0 W : process_one_work+0x278/0x440
01-01 08:01:08.193 0 0 W : worker_thread+0x260/0x4a8
01-01 08:01:08.193 0 0 W : kthread+0x140/0x150
01-01 08:01:08.193 0 0 W : ret_from_fork+0x10/0x18
01-01 08:01:08.193 0 0 W : ---[ end trace 9e5e10dd54ea6039 ]---
01-01 08:01:08.197 0 0 W QSEECOM : __qseecom_process_reentrancy_blocked_on_listener: Lsntr 10 is available, unblock session(1) app(5)
03-28 06:13:33.955 1179 1179 I iorapd : iorapd (the prefetchening) readied up
01-01 08:01:08.203 0 0 E swr-wcd rx_swr_ctrl: swrm_get_logical_dev_num: device 0xd01170224 is not ready
01-01 08:01:08.212 0 0 E swr_get_logical_dev_num: Error -22 to get logical addr for device d01170224
01-01 08:01:08.219 0 0 W QSEECOM : __qseecom_unload_app: App (6) is unloaded
01-01 08:01:08.220 0 0 E swr-wcd rx_swr_ctrl: swrm_get_logical_dev_num: device 0xd01170224 is not ready
01-01 08:01:08.220 0 0 D qbt : qbt_release: entry minor_no=0 fd_available=0
01-01 08:01:08.228 0 0 D qbt : qbt_release: Releasing wakelock
01-01 08:01:08.228 0 0 E swr_get_logical_dev_num: Error -22 to get logical addr for device d01170224
01-01 08:01:08.228 0 0 D qbt : qbt_release: exit : fd_available=1
01-01 08:01:08.228 0 0 D qbt : qbt_release: entry minor_no=1 fd_available=1
01-01 08:01:08.237 0 0 D qbt : qbt_release: exit : fd_available=1
01-01 08:01:08.237 0 0 E swr-wcd rx_swr_ctrl: swrm_get_logical_dev_num: device 0xd01170224 is not ready
01-01 08:01:08.245 0 0 E swr_get_logical_dev_num: Error -22 to get logical addr for device d01170224
01-01 08:01:08.254 0 0 E swr-wcd rx_swr_ctrl: swrm_get_logical_dev_num: device 0xd01170224 is not ready
01-01 08:01:08.262 0 0 E swr_get_logical_dev_num: Error -22 to get logical addr for device d01170224
01-01 08:01:08.271 0 0 E swr-wcd rx_swr_ctrl: swrm_get_logical_dev_num: device 0xd01170224 is not ready
01-01 08:01:08.279 0 0 E swr_get_logical_dev_num: Error -22 to get logical addr for device d01170224
01-01 08:01:08.287 0 0 E wcd938x_codec wcd938x-codec: wcd938x_bind: Slave bind failed, ret = -517
01-01 08:01:08.315 0 0 D cnss : Received QMI WLFW pin connect result indication
01-01 08:01:08.315 0 0 D cnss : Removing vote for Regulator vdd-wlan-rfa2
01-01 08:01:08.315 0 0 D cnss : Pin connect Result: pwr_pin: 0x1 phy_io_pin: 0x0 rf_io_pin: 0x0
01-01 08:01:08.315 0 0 D cnss : Removing vote for Regulator vdd-wlan-rfa1
01-01 08:01:08.315 0 0 D cnss : Removing vote for Regulator vdd-wlan-dig
01-01 08:01:08.315 0 0 D cnss : Removing vote for Regulator vdd-wlan-aon
01-01 08:01:08.315 0 0 D cnss : Removing vote for Regulator vdd-wlan-io
01-01 08:01:08.315 0 0 D cnss : PM relax, state: 0xf, count: 0
01-01 08:01:08.541 0 0 E DTC_ETH,link_delay_work_func: 3003, SQI=0, link=0
03-28 06:13:34.346 1124 1523 W BackgroundDexOptService: SysProp pm.dexopt.downgrade_after_inactive_days not set
01-01 08:01:08.612 0 0 E : msm_qti_pp_get_rms_value_control, back not active to query rms be_idx:3
01-01 08:01:08.628 0 0 I core_get_license_status: cmdrsp_license_result.result = 0x15 for module 0x131ff
01-01 08:01:08.628 0 0 E msm_ext_disp_update_audio_ops: Display not found (EXT_DISPLAY_TYPE_DP) ctld (0) stream (0)
01-01 08:01:08.638 0 0 E msm_ext_disp_update_audio_ops: Display not found (EXT_DISPLAY_TYPE_HDMI) ctld (0) stream (0)
