04-04 04:39:23.495 I/auditd ( 0): type=1400 audit(0.0:518): avc: denied { kill } for comm="swapper/1" capability=5 scontext=u:r:kernel:s0 tcontext=u:r:kernel:s0 tclass=capability permissive=0
04-04 04:39:23.495 W/swapper/1( 0): type=1400 audit(0.0:518): avc: denied { kill } for capability=5 scontext=u:r:kernel:s0 tcontext=u:r:kernel:s0 tclass=capability permissive=0
04-04 04:39:23.505 D/MSF.C.NetConnTag.true( 3106): preDetectTimeoutMsg cmd:GTcxIAkuJnQ4Jjc9KSwgKA, ssoSeq:17236
04-04 04:39:23.505 D/MSF.C.NetConnTag.true( 3106): preDetectTimeoutMsg cmd:GCY3BCggPAk8IH49ND4qCTMtMw, ssoSeq:17239
04-04 04:39:23.604 I/OpenGLRenderer( 2940): Davey! duration=9223371775431ms; Flags=0, FrameTimelineVsyncId=5101, IntendedVsync=261423158053, Vsync=261423158053, InputEventId=0, HandleInputStart=261423685887, AnimationStart=261423690887, PerformTraversalsStart=261423694117, DrawStart=261425015523, FrameDeadline=261456491385, FrameInterval=261423675367, FrameStartTime=16666666, SyncQueued=261425824585, SyncStart=261425970002, IssueDrawCommandsStart=261426752762, SwapBuffers=261433268544, FrameCompleted=9223372036854775807, DequeueBufferDuration=42240, QueueBufferDuration=1344479, GpuCompleted=9223372036854775807, SwapBuffersCompleted=261435309846, DisplayPresentTime=0,
04-04 04:39:23.605 D/MSF.C.NetConnTag.true( 3106): preDetectTimeoutMsg cmd:ByYjJzs/IAk8IH4EOB8gLgcwNw, ssoSeq:17240
04-04 04:39:23.726 D/audio_hw_primary( 804): copl(0xf1b0a7e0):out of compress_wait
04-04 04:39:23.726 I/mpu_uart( 645): [MSG-P:RECV]:No message received in 1000 ms
04-04 04:39:23.733 D/audio_hw_primary( 804): No space available in compress driver, post msg to cb thread
04-04 04:39:23.733 D/audio_hw_primary( 804): copl(0xf1b0a7e0):calling compress_wait
04-04 04:39:23.755 I/OpenGLRenderer( 2940): Davey! duration=9223371775280ms; Flags=0, FrameTimelineVsyncId=5104, IntendedVsync=261573508456, Vsync=261573508456, InputEventId=0, HandleInputStart=261574036721, AnimationStart=261574040262, PerformTraversalsStart=261574043023, DrawStart=261575233752, FrameDeadline=261606841788, FrameInterval=261574026252, FrameStartTime=16666666, SyncQueued=261575899273, SyncStart=261576246825, IssueDrawCommandsStart=261576949950, SwapBuffers=261583546044, FrameCompleted=9223372036854775807, DequeueBufferDuration=33750, QueueBufferDuration=1107917, GpuCompleted=9223372036854775807, SwapBuffersCompleted=261585353804, DisplayPresentTime=0,
04-04 04:39:23.822 D/WeakNetDetector( 3106): [MSF_StatReportThread] onPingRecved ssoSeq=17271 pingSend=1680554360782 pingRecv=1680554363822 cost=3040
04-04 04:39:23.904 I/OpenGLRenderer( 2940): Davey! duration=9223371775130ms; Flags=0, FrameTimelineVsyncId=5107, IntendedVsync=261723857970, Vsync=261723857970, InputEventId=0, HandleInputStart=261724631304, AnimationStart=261724635419, PerformTraversalsStart=261724638387, DrawStart=261725854794, FrameDeadline=261757191302, FrameInterval=261724619689, FrameStartTime=16666666, SyncQueued=261726805262, SyncStart=261726939169, IssueDrawCommandsStart=261727795366, SwapBuffers=261734460835, FrameCompleted=9223372036854775807, DequeueBufferDuration=47864, QueueBufferDuration=1245208, GpuCompleted=9223372036854775807, SwapBuffersCompleted=261736338491, DisplayPresentTime=0,
04-04 04:39:24.055 I/OpenGLRenderer( 2940): Davey! duration=9223371774980ms; Flags=0, FrameTimelineVsyncId=5110, IntendedVsync=261874212358, Vsync=261874212358, InputEventId=0, HandleInputStart=261874924273, AnimationStart=261874927502, PerformTraversalsStart=261874930575, DrawStart=261876135210, FrameDeadline=261907545690, FrameInterval=261874915471, FrameStartTime=16666666, SyncQueued=261876850783, SyncStart=261877268387, IssueDrawCommandsStart=261878083700, SwapBuffers=261884758543, FrameCompleted=9223372036854775807, DequeueBufferDuration=47031, QueueBufferDuration=1249375, GpuCompleted=9223372036854775807, SwapBuffersCompleted=261886802293, DisplayPresentTime=0,
04-04 04:39:24.156 I/OpenGLRenderer( 2940): Davey! duration=9223371774880ms; Flags=0, FrameTimelineVsyncId=5113, IntendedVsync=261974458331, Vsync=261974458331, InputEventId=0, HandleInputStart=261975189689, AnimationStart=261975193335, PerformTraversalsStart=261975196200, DrawStart=261976785002, FrameDeadline=262007791663, FrameInterval=261975179741, FrameStartTime=16666666, SyncQueued=261977444481, SyncStart=261977591721, IssueDrawCommandsStart=261978462450, SwapBuffers=261985473491, FrameCompleted=9223372036854775807, DequeueBufferDuration=46094, QueueBufferDuration=1103854, GpuCompleted=9223372036854775807, SwapBuffersCompleted=261987244846, DisplayPresentTime=0,
04-04 04:39:24.245 D/MSF.C.NetConnTag.( 3106): netRecv ssoSeq:17205 uin:*3097 cmd:ByYjJzs/IAk8IH4EOB8gLgcwNw costTime:30000 SignalStrengths wifi:0 gsm:0 cdma:0 net:2 code:1002 failMsg:wait serverResp timeout
04-04 04:39:24.245 I/MSF.C.PushManager( 3106): not need to update lastRecvTimeForSG, isConned:false
04-04 04:39:24.246 I/MSF.S.AppProcessManager( 3106): SendToApp process:com.tencent.mobileqq fromServiceMsg: FromServiceMsg msName:unknown ssoSeq:17205 serviceCmd:MessageSvc.PbGetMsg appSeq:283 failCode:1002 cos t =0 needBoot=false to.len = 58 from.len = 0
04-04 04:39:24.246 D/MSF.C.NetConnTag.( 3106): netRecv ssoSeq:17206 uin:*3097 cmd:ByYjJzs/IAk8IH4EOB8gLgcwNw costTime:30000 SignalStrengths wifi:0 gsm:0 cdma:0 net:2 code:1002 failMsg:wait serverResp timeout
04-04 04:39:24.246 I/MSF.C.PushManager( 3106): not need to update lastRecvTimeForSG, isConned:false
04-04 04:39:24.248 D/MSF.D.Proxy( 3311): onReceiveResp, fromServiceMsg = MessageSvc.PbGetMsg, ssoSeq = 17205, length = 0
04-04 04:39:24.248 I/MSF.S.AppProcessManager( 3106): SendToApp process:com.tencent.mobileqq fromServiceMsg: FromServiceMsg msName:unknown ssoSeq:17206 serviceCmd:MessageSvc.PbGetMsg appSeq:284 failCode:1002 cos t =0 needBoot=false to.len = 58 from.len = 0
04-04 04:39:24.249 D/MSF.D.Proxy( 3311): onReceiveResp, fromServiceMsg = MessageSvc.PbGetMsg, ssoSeq = 17206, length = 0
04-04 04:39:24.306 I/OpenGLRenderer( 2940): Davey! duration=9223371774729ms; Flags=0, FrameTimelineVsyncId=5116, IntendedVsync=262124823209, Vsync=262124823209, InputEventId=0, HandleInputStart=262125442918, AnimationStart=262125446877, PerformTraversalsStart=262125450210, DrawStart=262126660002, FrameDeadline=262158156541, FrameInterval=262125432658, FrameStartTime=16666666, SyncQueued=262127493700, SyncStart=262127847658, IssueDrawCommandsStart=262128809950, SwapBuffers=262135291095, FrameCompleted=9223372036854775807, DequeueBufferDuration=45260, QueueBufferDuration=1382396, GpuCompleted=9223372036854775807, SwapBuffersCompleted=262137379377, DisplayPresentTime=0,
04-04 04:39:24.390 E/tlogd ( 1298): [TzLogger](isPathReadable) file /sys/kernel/debug/tzdbg/qsee_log isn't exist or no permission, err: No such file or directory
04-04 04:39:24.390 E/tlogd ( 1298): [TzLogger](saveTzlogAsync) /sys/kernel/debug/tzdbg/qsee_log can not read.
04-04 04:39:24.390 E/tlogd ( 1298): [TzLogger](isPathReadable) file /sys/kernel/debug/tzdbg/log isn't exist or no permission, err: No such file or directory
04-04 04:39:24.390 E/tlogd ( 1298): [TzLogger](saveTzlogAsync) /sys/kernel/debug/tzdbg/log can not read.
04-04 04:39:24.456 I/OpenGLRenderer( 2940): Davey! duration=9223371774579ms; Flags=0, FrameTimelineVsyncId=5119, IntendedVsync=262275170027, Vsync=262275170027, InputEventId=0, HandleInputStart=262275954012, AnimationStart=262275957293, PerformTraversalsStart=262275960366, DrawStart=262277192502, FrameDeadline=262308503359, FrameInterval=262275944689, FrameStartTime=16666666, SyncQueued=262277979637, SyncStart=262278142293, IssueDrawCommandsStart=262278968647, SwapBuffers=262285737502, FrameCompleted=9223372036854775807, DequeueBufferDuration=43125, QueueBufferDuration=1219739, GpuCompleted=9223372036854775807, SwapBuffersCompleted=262287672450, DisplayPresentTime=0,
04-04 04:39:24.491 I/auditd ( 0): type=1400 audit(0.0:519): avc: denied { kill } for comm="swapper/1" capability=5 scontext=u:r:kernel:s0 tcontext=u:r:kernel:s0 tclass=capability permissive=0
04-04 04:39:24.491 W/swapper/1( 0): type=1400 audit(0.0:519): avc: denied { kill } for capability=5 scontext=u:r:kernel:s0 tcontext=u:r:kernel:s0 tclass=capability permissive=0
04-04 04:39:24.536 D/audio_hw_primary( 804): copl(0xf1b0a7e0):out of compress_wait
04-04 04:39:24.539 D/audio_hw_primary( 804): No space available in compress driver, post msg to cb thread
04-04 04:39:24.539 D/audio_hw_primary( 804): copl(0xf1b0a7e0):calling compress_wait
04-04 04:39:24.604 I/OpenGLRenderer( 2940): Davey! duration=9223371774429ms; Flags=0, FrameTimelineVsyncId=5122, IntendedVsync=262425520204, Vsync=262425520204, InputEventId=0, HandleInputStart=262426376512, AnimationStart=262426380262, PerformTraversalsStart=262426383231, DrawStart=262427632970, FrameDeadline=262458853536, FrameInterval=262426365262, FrameStartTime=16666666, SyncQueued=262428567241, SyncStart=262428746616, IssueDrawCommandsStart=262429652970, SwapBuffers=262436163283, FrameCompleted=9223372036854775807, DequeueBufferDuration=51094, QueueBufferDuration=1200000, GpuCompleted=9223372036854775807, SwapBuffersCompleted=262438051147, DisplayPresentTime=0,
04-04 04:39:24.727 I/mpu_uart( 645): [MSG-P:RECV]:No message received in 1000 ms
04-04 04:39:24.756 I/OpenGLRenderer( 2940): Davey! duration=9223371774278ms; Flags=0, FrameTimelineVsyncId=5125, IntendedVsync=262575886084, Vsync=262575886084, InputEventId=0, HandleInputStart=262576782189, AnimationStart=262576785366, PerformTraversalsStart=262576788231, DrawStart=262577949793, FrameDeadline=262609219416, FrameInterval=262576773231, FrameStartTime=16666666, SyncQueued=262578562241, SyncStart=262578739324, IssueDrawCommandsStart=262579622293, SwapBuffers=262586291564, FrameCompleted=9223372036854775807, DequeueBufferDuration=50208, QueueBufferDuration=1048282, GpuCompleted=9223372036854775807, SwapBuffersCompleted=262587970627, DisplayPresentTime=0,
04-04 04:39:24.800 I/SmartThreadExecutor( 3311): handleMessage: start check 0
04-04 04:39:24.800 I/SmartThreadExecutor( 3311): handleMessage: check end 0 -8 false
04-04 04:39:24.908 I/OpenGLRenderer( 2940): Davey! duration=9223371774128ms; Flags=0, FrameTimelineVsyncId=5128, IntendedVsync=262726234485, Vsync=262726234485, InputEventId=0, HandleInputStart=262726788491, AnimationStart=262726793335, PerformTraversalsStart=262726796616, DrawStart=262727848595, FrameDeadline=262759567817, FrameInterval=262726779324, FrameStartTime=16666666, SyncQueued=262728781251, SyncStart=262728926251, IssueDrawCommandsStart=262729790106, SwapBuffers=262736433074, FrameCompleted=9223372036854775807, DequeueBufferDuration=44218, QueueBufferDuration=1083698, GpuCompleted=9223372036854775807, SwapBuffersCompleted=262738140470, DisplayPresentTime=0,
04-04 04:39:25.058 I/OpenGLRenderer( 2940): Davey! duration=9223371773978ms; Flags=0, FrameTimelineVsyncId=5131, IntendedVsync=262876618398, Vsync=262876618398, InputEventId=0, HandleInputStart=262877691043, AnimationStart=262877694585, PerformTraversalsStart=262877697814, DrawStart=262878813179, FrameDeadline=262909951730, FrameInterval=262877682554, FrameStartTime=16666666, SyncQueued=262879542918, SyncStart=262879695314, IssueDrawCommandsStart=262880700574, SwapBuffers=262887254012, FrameCompleted=9223372036854775807, DequeueBufferDuration=51875, QueueBufferDuration=1236094, GpuCompleted=9223372036854775807, SwapBuffersCompleted=262889154064, DisplayPresentTime=0,
04-04 04:39:25.158 I/OpenGLRenderer( 2940): Davey! duration=9223371773877ms; Flags=0, FrameTimelineVsyncId=5134, IntendedVsync=262976855731, Vsync=262976855731, InputEventId=0, HandleInputStart=262977496356, AnimationStart=262977499585, PerformTraversalsStart=262977502345, DrawStart=262978833908, FrameDeadline=263010189063, FrameInterval=262977487137, FrameStartTime=16666666, SyncQueued=262979394585, SyncStart=262979523803, IssueDrawCommandsStart=262980415053, SwapBuffers=262986751928, FrameCompleted=9223372036854775807, DequeueBufferDuration=48073, QueueBufferDuration=1331562, GpuCompleted=9223372036854775807, SwapBuffersCompleted=262988788387, DisplayPresentTime=0,
04-04 04:39:25.206 D/MSF.C.NetConnTag.true( 3106): preDetectTimeoutMsg cmd:ByYjJzs/IAk8IH4EOB8gLgcwNw, ssoSeq:17241
04-04 04:39:25.308 I/OpenGLRenderer( 2940): Davey! duration=9223371773727ms; Flags=0, FrameTimelineVsyncId=5137, IntendedVsync=263127241966, Vsync=263127241966, InputEventId=0, HandleInputStart=263128076980, AnimationStart=263128080262, PerformTraversalsStart=263128083283, DrawStart=263129254480, FrameDeadline=263160575298, FrameInterval=263128065262, FrameStartTime=16666666, SyncQueued=263130034637, SyncStart=263130191355, IssueDrawCommandsStart=263131022189, SwapBuffers=263137581720, FrameCompleted=9223372036854775807, DequeueBufferDuration=45364, QueueBufferDuration=1315937, GpuCompleted=9223372036854775807, SwapBuffersCompleted=263139594168, DisplayPresentTime=0,
04-04 04:39:25.356 D/audio_hw_primary( 804): copl(0xf1b0a7e0):out of compress_wait
04-04 04:39:25.359 D/audio_hw_primary( 804): No space available in compress driver, post msg to cb thread
04-04 04:39:25.359 D/audio_hw_primary( 804): copl(0xf1b0a7e0):calling compress_wait
04-04 04:39:25.459 I/OpenGLRenderer( 2940): Davey! duration=9223371773577ms; Flags=0, FrameTimelineVsyncId=5140, IntendedVsync=263277599556, Vsync=263277599556, InputEventId=0, HandleInputStart=263278439897, AnimationStart=263278444376, PerformTraversalsStart=263278447189, DrawStart=263279710210, FrameDeadline=263310932888, FrameInterval=263278428751, FrameStartTime=16666666, SyncQueued=263280713908, SyncStart=263280869585, IssueDrawCommandsStart=263281823908, SwapBuffers=263288841668, FrameCompleted=9223372036854775807, DequeueBufferDuration=53958, QueueBufferDuration=1148490, GpuCompleted=9223372036854775807, SwapBuffersCompleted=263290689741, DisplayPresentTime=0,
04-04 04:39:25.491 I/auditd ( 0): type=1400 audit(0.0:520): avc: denied { kill } for comm="swapper/3" capability=5 scontext=u:r:kernel:s0 tcontext=u:r:kernel:s0 tclass=capability permissive=0
04-04 04:39:25.491 W/swapper/3( 0): type=1400 audit(0.0:520): avc: denied { kill } for capability=5 scontext=u:r:kernel:s0 tcontext=u:r:kernel:s0 tclass=capability permissive=0
04-04 04:39:25.609 I/OpenGLRenderer( 2940): Davey! duration=9223371773426ms; Flags=0, FrameTimelineVsyncId=5143, IntendedVsync=263427964373, Vsync=263427964373, InputEventId=0, HandleInputStart=263428532814, AnimationStart=263428536303, PerformTraversalsStart=263428539168, DrawStart=263429797553, FrameDeadline=263461297705, FrameInterval=263428522501, FrameStartTime=16666666, SyncQueued=263430563022, SyncStart=263430705053, IssueDrawCommandsStart=263431529637, SwapBuffers=263437951876, FrameCompleted=9223372036854775807, DequeueBufferDuration=45209, QueueBufferDuration=1202396, GpuCompleted=9223372036854775807, SwapBuffersCompleted=263439838751, DisplayPresentTime=0,
04-04 04:39:25.727 I/mpu_uart( 645): [MSG-P:RECV]:No message received in 1000 ms
04-04 04:39:25.759 I/OpenGLRenderer( 2940): Davey! duration=9223371773276ms; Flags=0, FrameTimelineVsyncId=5146, IntendedVsync=263578326650, Vsync=263578326650, InputEventId=0, HandleInputStart=263578895366, AnimationStart=263578899064, PerformTraversalsStart=263578902553, DrawStart=263580178543, FrameDeadline=263611659982, FrameInterval=263578884793, FrameStartTime=16666666, SyncQueued=263580979897, SyncStart=263581128074, IssueDrawCommandsStart=263581988699, SwapBuffers=263588421824, FrameCompleted=9223372036854775807, DequeueBufferDuration=44635, QueueBufferDuration=1132187, GpuCompleted=9223372036854775807, SwapBuffersCompleted=263590212293, DisplayPresentTime=0,
04-04 04:39:25.800 D/MsfServiceSdk( 3311): registerProxyDone
04-04 04:39:25.800 I/GuildRegisterProxy( 3311): onInitState: 290983097 mStepId:105 guildUdcFlag:0 troopGuildUdcFlag:1
04-04 04:39:25.801 I/NTKernel( 3311): [NTSDK]seq(1140)---- [INFO] guild_group_msg_mgr.cc(47)::SetGroupGuildFlag SetGroupGuildFlag flag is 1
04-04 04:39:25.801 I/NTKernel( 3311): [NTSDK]seq(1141)---- [INFO] session_base.cpp(304)::SetOnMsfStatusChanged [NT Session]->SetOnMsfStatusChanged call: new_status=2, old_status=1, reason=3
04-04 04:39:25.802 E/NTKernel( 3311): [NTSDK]seq(1142)---- [ERROR] api_caller.h(613)::ExcuteAPIHandler !!! InternalCallAPI Error Crash: APICaller[APICaller-1 ] api_fun Not Found, Must implement and register !!!
04-04 04:39:25.802 D/MessageHandler( 3311): sendRegisterProxy , type = 3 , needEndPkg = true , registerProxyRandom = 0 , isGetPassword = false
04-04 04:39:25.802 I/NTKernel( 3311): [NTSDK]seq(1143)---- [INFO] guild_msg_sync_mgr.cc(37)::SetGuildUDCFlag SetGuildUDCFlag 2
04-04 04:39:25.802 D/SvcRequestRegisterNew( 3311): Type = 3, req.cOptGroupMsgFlag = 1
04-04 04:39:25.802 I/NTKernel( 3311): [NTSDK]seq(1144)---- [INFO] session_base.cpp(330)::operator() [NT Session]->SetOnMsfStatusChanged notify: new_status=2, old_status=1, reason=3
04-04 04:39:25.803 I/NTKernel( 3311): [NTSDK]seq(1145)---- [INFO] guild_msg_sync_mgr.cc(96)::OnMsfStatusChange [guild_msg_sync]->Guild OnMsfStatusChange new_status:2, reason:3, old_status:1
04-04 04:39:25.803 I/NTKernel( 3311): [NTSDK]seq(1146)---- [INFO] guild_msg_sync_mgr.cc(107)::StartMsgSync [guild_msg_sync]->StartMsgSync...
04-04 04:39:25.803 I/NTKernel( 3311): [NTSDK]seq(1147)---- [INFO] guild_msg_sync_mgr.cc(114)::StartMsgSync [guild_msg_sync]->key value storage has been loaded, start sync directly
04-04 04:39:25.803 I/NTKernel( 3311): [NTSDK]seq(1148)---- [INFO] guild_msg_sync_mgr.cc(389)::OnSetSyncState [guild_msg_sync]->OnSetSyncState, state:1
04-04 04:39:25.804 I/NTKernel( 3311): [NTSDK]seq(1149)---- [INFO] guild_msg_sync_mgr.cc(436)::OnSetSyncState [guild_msg_sync]->OnSetSyncState end, state:1 time:0.00
04-04 04:39:25.804 I/NTKernel( 3311): [NTSDK]seq(1150)---- [INFO] guild_msg_sync_mgr.cc(534)::OnSetLastSyncSourceType [guild_msg_sync]->OnSetLastSyncSourceType, state:1
04-04 04:39:25.804 I/NTKernel( 3311): [NTSDK]seq(1151)---- [INFO] guild_msg_sync_mgr.cc(543)::OnSetLastConnSvrTime [guild_msg_sync]->OnSetLastConnSvrTime, time:1680554365804
04-04 04:39:25.804 I/NTKernel( 3311): [NTSDK]seq(1152)---- [INFO] guild_msg_sync_worker.cc(237)::InternalStartMsgSync [guild_msg_sync]->InternalStartMsgSync, last_msg_time:0, req_random:211217266, flag:1
04-04 04:39:25.805 I/NTKernel( 3311): [NTSDK]seq(1153)---- [INFO] mobile_msf_depend_proxy.cc(75)::SendMsfRequest cmd:trpc.group_pro.synclogic.SyncLogic.SyncFirstView sourceType: trace=00-a2d833048b19d7c32210b79e6a51a2d8-5e16be6ffab96ce6-00
04-04 04:39:25.806 I/NTKernel( 3311): [NTSDK]seq(1154)---- [INFO] socket_pool.cc(366)::operator() [httpx-ng-SocketPoolManager]->Destroy socket pool
04-04 04:39:25.808 D/RegisterProxySvcPackService( 3311): requestMsgRegister , type = 3 isGetPassword = false
04-04 04:39:25.808 D/SvcRequestRegisterNew( 3311): cDisgroupMsgFilter:1,NoticeEndSeq:914885102 , ulRequestOptional : 0
04-04 04:39:25.809 D/RedPointLog.RedpointHandler( 3311): getNewFlagOp:sendredInfo :systemTimestamp = 1680554365;lastUpdateTimestamp = 1680554167;updateInterval = 600;updateLbsInterval = 3600;lastCheckLbsInfo = 0;isDebugVersion = false
04-04 04:39:25.809 I/[gpro_sdk]KernelSendObserver( 3311): [network] [onSendSSORequest] (desc:) requestId : 9, ssoCmd: trpc.group_pro.synclogic.SyncLogic.SyncFirstView, traceInfo : 00-a2d833048b19d7c32210b79e6a51a2d8-e0fab687b5cea127-01
04-04 04:39:25.809 I/KernelSendObserver( 3311): ssoCmd: trpc.group_pro.synclogic.SyncLogic.SyncFirstView sendTimeout: 10000
04-04 04:39:25.809 I/NTKernel( 3311): [KernelServlet-MSF]seq(33)---- onSend cmd= , Intent { cmp=com.tencent.mobileqq/com.tencent.qqnt.kernel.msf.c (has extras) }
04-04 04:39:25.815 I/GuildMessagePushHandler( 3311): handleOnlinePushAfterSyncMsg
04-04 04:39:25.815 I/TroopGuildInfoServiceImpl( 3311): [onReconnect] mCurrentTroopGuildAio:
04-04 04:39:25.817 I/QzoneConfig( 3311): key = qzonesetting secondaryKey= hidefeedsinconverstation value= 1
04-04 04:39:25.817 D/IMCore.PhoneContact.PhoneContactServiceImpl( 3311): onStepAction fromLogin=false
04-04 04:39:25.818 I/ArConfig_ArResourceManager( 3311): config null
04-04 04:39:25.818 D/ShortVideoResourceManager( 3311): [network]not need get config...
04-04 04:39:25.819 I/Q.qwallet.QWalletCommonServlet( 3311): send WalletConfigRequest| ReqWalletConfig{reqType=0, platform='Android|12|figure', version='8.9.30', iNetType=1, seriesNo=120730000, commonMsg='', mParameter={req_when=512}, adcode=''}
04-04 04:39:25.822 D/ElderModeManager( 3311): isAppRuntimeValid : true
04-04 04:39:25.822 D/ElderModeManager( 3311): init sElderModeSwitch=false
04-04 04:39:25.831 D/MSF.C.NetConnTag.DualConnContext.true( 3106): tryDualConn
04-04 04:39:25.832 D/PandoraEx.MonitorReporter( 3106): module[network], systemApi[NI#G_TY_NAME], scene[back], strategy[normal], isSystemCall[true
04-04 04:39:25.832 D/PandoraEx.MonitorReporter( 3106): module[network], systemApi[NI#G_TY_NAME], scene[back], strategy[normal], isSystemCall[true
04-04 04:39:25.832 I/MSF.D.NetworkProvider( 3106): refresh currentAPN:. received networkInfo: CONNECTED :NetworkInfo: type: WIFI[], state: CONNECTED/CONNECTED, reason: (unspecified), extra: , roaming: false, failover: false, isAvailable: true, isConnectedToProvisioningNetwork: true. ExtraNetInfo: null
04-04 04:39:25.833 D/MSF.C.NetConnTag.true( 3106): mainSocketEngineOpenConn start...activeIpFamily=1
04-04 04:39:25.833 D/MSF.C.SsoListManager( 3106): getAvailableSsoList ssoTypeKey = SocketWifiIpv4, curr size null
04-04 04:39:25.833 D/MSF.C.SsoListManager( 3106): getAvailableSsoList ssoTypeKey = SocketMobileIpv4, curr size null
04-04 04:39:25.833 D/MSF.C.NetConnTag.true( 3106): mainSocketEngineOpenConn try single conn wifiSsoList=10, mobileSsoList=6
04-04 04:39:25.833 D/MSF.C.NetConnTag.true( 3106): [setMainSocketEngineId] mainConnID: 0
04-04 04:39:25.834 D/PandoraEx.MonitorReporter( 3106): module[network], systemApi[NI#G_TY_NAME], scene[back], strategy[normal], isSystemCall[true
04-04 04:39:25.834 D/PandoraEx.MonitorReporter( 3106): module[network], systemApi[NI#G_TY_NAME], scene[back], strategy[normal], isSystemCall[true
04-04 04:39:25.834 I/MSF.D.NetworkProvider( 3106): refresh currentAPN:. received networkInfo: CONNECTED :NetworkInfo: type: WIFI[], state: CONNECTED/CONNECTED, reason: (unspecified), extra: , roaming: false, failover: false, isAvailable: true, isConnectedToProvisioningNetwork: true. ExtraNetInfo: null
04-04 04:39:25.835 W/Settings( 3106): Setting airplane_mode_on has moved from android.provider.Settings.System to android.provider.Settings.Global, returning read-only value.
04-04 04:39:25.835 D/PandoraEx.MonitorReporter( 3106): module[network], systemApi[NI#G_TY_NAME], scene[back], strategy[normal], isSystemCall[true
04-04 04:39:25.835 D/PandoraEx.MonitorReporter( 3106): module[network], systemApi[NI#G_TY_NAME], scene[back], strategy[normal], isSystemCall[true
04-04 04:39:25.835 I/MSF.D.NetworkProvider( 3106): refresh currentAPN:. received networkInfo: CONNECTED :NetworkInfo: type: WIFI[], state: CONNECTED/CONNECTED, reason: (unspecified), extra: , roaming: false, failover: false, isAvailable: true, isConnectedToProvisioningNetwork: true. ExtraNetInfo: null
04-04 04:39:25.839 D/MSF.C.NetConnTag.true( 3106): try open Conn OSwzPz8sf3VlLiMyLTEjM2RwN3orKWs5JS5qbGpgdXl6c2BkamJ1YHt5YmRgPiQ2OSZqOi80KWAkNjw4YGl/Ljg2NW5q noneProxy net:2 cross:0 protocalsocket
04-04 04:39:25.839 E/MSF.C.NetConnTag.true( 3106): [openConn] socket has built, socketEngineID: 0socket: 175908372java.lang.Throwable
04-04 04:39:25.839 E/MSF.C.NetConnTag.true( 3106): at com.tencent.mobileqq.msf.core.net.m.a(P:44)
04-04 04:39:25.839 E/MSF.C.NetConnTag.true( 3106): at com.tencent.mobileqq.msf.core.net.n.a(P:218)
04-04 04:39:25.839 E/MSF.C.NetConnTag.true( 3106): at com.tencent.mobileqq.msf.core.net.n.a(P:214)
04-04 04:39:25.839 E/MSF.C.NetConnTag.true( 3106): at com.tencent.mobileqq.msf.core.net.n.a(P:190)
04-04 04:39:25.839 E/MSF.C.NetConnTag.true( 3106): at com.tencent.mobileqq.msf.core.net.n.b(P:49)
04-04 04:39:25.839 E/MSF.C.NetConnTag.true( 3106): at com.tencent.mobileqq.msf.core.net.n.a(P:110)
04-04 04:39:25.839 E/MSF.C.NetConnTag.true( 3106): at com.tencent.mobileqq.msf.core.net.n.t(P:1)
04-04 04:39:25.839 E/MSF.C.NetConnTag.true( 3106): at com.tencent.mobileqq.msf.core.net.n.a(P:228)
04-04 04:39:25.839 E/MSF.C.NetConnTag.true( 3106): at com.tencent.mobileqq.msf.core.q$d.run(P:120)
04-04 04:39:25.883 D/ReportWeakNetConnTime( 3106): reconnected, use 5095 ms. LastConnectedNetType: 2, reason: readError
04-04 04:39:25.883 I/SocketReaderNewtrue( 3106): SocketReader(119) onConnOpened
04-04 04:39:25.884 I/SocketReaderNewtrue( 3106): SocketReader(119) continue
04-04 04:39:25.884 D/MSF.C.NetConnTag.true( 3106): open conn at JzA2IzM+LHR5JH4lK3YmNSdsYWZqdndpeG1hbHRqdGlwe2Bsag costTime:44 configTimeout: 20000 localSocket:e3piemtufXR7cWR6bm0:53020 noneProxy cross:0 a7c2614
04-04 04:39:25.884 D/ReportWeakNetConnTime( 3106): OpenConn: msfwifi.3g.qq.com/120.232.18.213:8080
04-04 04:39:25.885 D/PandoraEx.MonitorReporter( 3106): module[network], systemApi[NI#G_TY_NAME], scene[back], strategy[normal], isSystemCall[true
04-04 04:39:25.885 D/PandoraEx.MonitorReporter( 3106): module[network], systemApi[NI#G_TY_NAME], scene[back], strategy[normal], isSystemCall[true
04-04 04:39:25.885 I/MSF.D.NetworkProvider( 3106): refresh currentAPN:. received networkInfo: CONNECTED :NetworkInfo: type: WIFI[], state: CONNECTED/CONNECTED, reason: (unspecified), extra: , roaming: false, failover: false, isAvailable: true, isConnectedToProvisioningNetwork: true. ExtraNetInfo: null
04-04 04:39:25.895 D/WTReporter( 3106): checkAndReporterUinError uin = 290983097
04-04 04:39:25.897 I/mpu_uart( 645): [MSG-P:R]:recv sync frame timeout
04-04 04:39:25.901 D/WTReporter( 3106): checkAndReporterUinError uin = 290983097
04-04 04:39:25.905 I/MSF.C.AccountCenter( 3106): loadAccountInfoFromWt,uin=*3097,isAlive=true,mLoginBitmap=0,uin=*3097,isAlive=true,mLoginBitmap=0
04-04 04:39:25.905 D/MSF.C.AccountCenter( 3106): MsfCoreMsgSender handleLoadedAccounts setKey *3097
04-04 04:39:25.906 D/MSF.C.CodecWarpper( 3106): nativeSetAccountKey ,uin=*3097,A1=null,A2=72|9a,A3=null,D1=null,D2=64|5b,S2=null,key=16|76,cookie=null
04-04 04:39:25.906 D/MSF.C.NetConnTag.true( 3106): use full head for uin:*3097
04-04 04:39:25.906 D/MSF.C.NetConnTag.false( 3106): use full head for uin:*3097
04-04 04:39:25.906 D/MSF.C.AccountCenter( 3106): MsfCoreMsgSender handleLoadedAccounts setKey *3097
04-04 04:39:25.906 D/MSF.C.CodecWarpper( 3106): nativeSetAccountKey ,uin=*3097,A1=null,A2=72|9a,A3=null,D1=null,D2=64|5b,S2=null,key=16|76,cookie=null
04-04 04:39:25.906 D/MSF.C.NetConnTag.true( 3106): use full head for uin:*3097
04-04 04:39:25.906 D/MSF.C.NetConnTag.false( 3106): use full head for uin:*3097
04-04 04:39:25.906 D/MSF.C.NetConnTag.true( 3106): ssoping cmd:MSF seq: 17291 timeout: 20000
04-04 04:39:25.906 D/MSF.C.NetConnTag.true( 3106): netSend ssoSeq:17291 uin:0 cmd:BxAW 17312 a7c2614 socketEngineID: 0 socket: 175908372
04-04 04:39:25.906 D/WeakNetDetector( 3106): onPingSent ssoSeq=17291 pingSend=1680554365906
04-04 04:39:25.910 D/MSF.C.NetConnTag.true( 3106): MsfCoreSocketReaderNew closeConn socketEngineID: 0 socket hashcode: 175908372 for reason: readError
04-04 04:39:25.910 D/PandoraEx.MonitorReporter( 3106): module[network], systemApi[WI#G_BSSID], scene[back], strategy[cache_only], isSystemCall[false
04-04 04:39:25.910 D/ReportWeakNetConnTime( 3106): CloseSocket: readError, socket: Socket[address=msfwifi.3g.qq.com/120.232.18.213,port=8080,localPort=53020]
04-04 04:39:25.910 E/MSF.C.NetConnTag.true( 3106): close socket has done, socketEngineID: 0socket: 175908372java.lang.Throwable
04-04 04:39:25.910 E/MSF.C.NetConnTag.true( 3106): at com.tencent.mobileqq.msf.core.net.m.a(P:330)
04-04 04:39:25.910 E/MSF.C.NetConnTag.true( 3106): at com.tencent.mobileqq.msf.core.net.m$d.run(P:23)
04-04 04:39:25.911 D/MSF.C.NetConnTag.true( 3106): close Socket GSwzPz8sHjsuJyIxKSt4NzklJz08MWtpLW0hJXQ7KjdlcmJkdGp2aGRyaHpoaXZ2OiwiIGdgdWJ6bzw7OTkpCiUxJGlva3Voeh4 by readError
04-04 04:39:25.911 I/SharedPreferencesProxyManager( 3106): getProxyInner from mRemoteSPs
04-04 04:39:25.911 I/MSF.S.AppProcessManager( 3106): SendToApp PUSH process:com.tencent.mobileqq fromServiceMsg: FromServiceMsg msName:onConnClosed ssoSeq:-1 serviceCmd:cmd_connClosed appSeq:17292 failCode:1000 cost = 0 needBoot=false from.len = 0
04-04 04:39:25.911 E/SocketReaderNewtrue( 3106): socketEngine: 0socket hashCode: 0SocketReader(119) errorjava.net.SocketException: Connection reset
04-04 04:39:25.911 I/SharedPreferencesProxyManager( 3311): getProxyInner from mLocalSPs
04-04 04:39:25.911 I/SocketReaderNewtrue( 3106): SocketReader(119) wait
04-04 04:39:25.912 D/MSF.D.Proxy( 3311): onRecvServicePushResp, fromServiceMsg cmd = cmd_connClosed, ssoSeq = -1, length = 0
04-04 04:39:25.912 D/MSF.C.PushManager:PushCoder( 3106): HPush_msf-pushCoder.vendor_push_type:1
04-04 04:39:25.912 I/NTKernel( 3311): [NTSDK]seq(1155)---- [INFO] session_base.cpp(304)::SetOnMsfStatusChanged [NT Session]->SetOnMsfStatusChanged call: new_status=1, old_status=2, reason=3
04-04 04:39:25.913 I/NTKernel( 3311): [NTSDK]seq(1156)---- [INFO] session_base.cpp(330)::operator() [NT Session]->SetOnMsfStatusChanged notify: new_status=1, old_status=2, reason=3
04-04 04:39:25.913 D/MSF.C.PushManager:PushCoder( 3106): handlerPush send D6A8E0E019B289A6B2F05168D13A6E31 register push id 7 pushStatus:11 bRegType:1 timeStamp:349 newIP:3574786168 oldIP:0,regPushReason:msfByNetChange extStatus:0 battery:0
04-04 04:39:25.913 I/NTKernel( 3311): [NTSDK]seq(1157)---- [INFO] guild_msg_sync_mgr.cc(96)::OnMsfStatusChange [guild_msg_sync]->Guild OnMsfStatusChange new_status:1, reason:3, old_status:2
04-04 04:39:25.913 I/MSF.S.AppProcessManager( 3106): SendToApp PUSH process:com.tencent.mobileqq fromServiceMsg: FromServiceMsg msName:onConnOpened ssoSeq:17296 serviceCmd:cmd_connOpened appSeq:17295 failCode:1000 cost = 0 needBoot=true from.len = 0
04-04 04:39:25.914 D/PandoraEx.MonitorReporter( 3106): module[network], systemApi[NI#G_TY_NAME], scene[back], strategy[normal], isSystemCall[true
04-04 04:39:25.914 D/PandoraEx.MonitorReporter( 3106): module[network], systemApi[NI#G_TY_NAME], scene[back], strategy[normal], isSystemCall[true
04-04 04:39:25.914 I/MSF.D.NetworkProvider( 3106): refresh currentAPN:. received networkInfo: CONNECTED :NetworkInfo: type: WIFI[], state: CONNECTED/CONNECTED, reason: (unspecified), extra: , roaming: false, failover: false, isAvailable: true, isConnectedToProvisioningNetwork: true. ExtraNetInfo: null
04-04 04:39:25.914 D/MSF.C.NetConnTag.true( 3106): send msg error, ssoSeq: 17145current thread pid: 82socketEngineID: 0socket hashCode: 0java.lang.NullPointerException: Attempt to invoke virtual method 'boolean com.tencent.mobileqq.msf.core.c.l()' on a null object reference
04-04 04:39:25.914 D/MSF.C.NetConnTag.( 3106): MsfCoreMsgSender worker run closeConn writeError
04-04 04:39:25.914 D/MSF.C.NetConnTag.true( 3106): MsfCoreMsgSender closeConn socketEngineID: 0 socket hashcode: 0 for reason: writeError
04-04 04:39:25.914 E/MSF.C.NetConnTag.true( 3106): conn is already closed on writeError closeConn socketEngineID: 0 socket hashcode: 0java.lang.Throwable
04-04 04:39:25.914 E/MSF.C.NetConnTag.true( 3106): at com.tencent.mobileqq.msf.core.net.m.a(P:284)
04-04 04:39:25.914 E/MSF.C.NetConnTag.true( 3106): at com.tencent.mobileqq.msf.core.net.n.a(P:250)
04-04 04:39:25.914 E/MSF.C.NetConnTag.true( 3106): at com.tencent.mobileqq.msf.core.q.a(P:344)
04-04 04:39:25.914 E/MSF.C.NetConnTag.true( 3106): at com.tencent.mobileqq.msf.core.q$d.run(P:134)
04-04 04:39:25.914 D/MSF.C.NetConnTag.true( 3106): MsfCoreMsgSender closeConn socketEngineID: 1 socket hashcode: 0 for reason: writeError
04-04 04:39:25.915 E/MSF.C.NetConnTag.true( 3106): conn is already closed on writeError closeConn socketEngineID: 1 socket hashcode: 0java.lang.Throwable
04-04 04:39:25.915 E/MSF.C.NetConnTag.true( 3106): at com.tencent.mobileqq.msf.core.net.m.a(P:284)
04-04 04:39:25.915 E/MSF.C.NetConnTag.true( 3106): at com.tencent.mobileqq.msf.core.net.n.a(P:250)
04-04 04:39:25.915 E/MSF.C.NetConnTag.true( 3106): at com.tencent.mobileqq.msf.core.q.a(P:344)
04-04 04:39:25.915 E/MSF.C.NetConnTag.true( 3106): at com.tencent.mobileqq.msf.core.q$d.run(P:134)
04-04 04:39:25.915 D/MSF.C.NetConnTag.DualConnContext.true( 3106): reset
04-04 04:39:25.915 D/MSF.C.NetConnTag.DualConnContext.true( 3106): removeConnectionChecker: remove connId = 0
04-04 04:39:25.915 D/MSF.C.NetConnTag.DualConnContext.true( 3106): removeConnectionChecker: remove connId = 1
04-04 04:39:25.915 D/MSF.C.NetConnTag.true( 3106): start monitor foreground change before thread sleep
04-04 04:39:25.915 D/MSF.D.Proxy( 3311): onRecvServicePushResp, fromServiceMsg cmd = cmd_connOpened, ssoSeq = 17296, length = 0
04-04 04:39:25.916 D/PandoraEx.MonitorReporter( 3311): module[network], systemApi[NI#G_TY_NAME], scene[back], strategy[normal], isSystemCall[true
04-04 04:39:25.916 D/PandoraEx.MonitorReporter( 3311): module[network], systemApi[NI#G_TY_NAME], scene[back], strategy[normal], isSystemCall[true
04-04 04:39:25.916 I/MSF.D.NetworkProvider( 3311): refresh currentAPN:. received networkInfo: CONNECTED :NetworkInfo: type: WIFI[], state: CONNECTED/CONNECTED, reason: (unspecified), extra: , roaming: false, failover: false, isAvailable: true, isConnectedToProvisioningNetwork: true. ExtraNetInfo: null
04-04 04:39:25.916 E/YesApiImpl( 3311): doWhenQQLogin START - false
04-04 04:39:25.916 I/YesApiImpl( 3311): doWhenQQLogin END
04-04 04:39:25.917 D/[QcirclePublish]QCirclePreLoadManager( 3311): requestWhiteList... app.getLongAccountUin():290983097
04-04 04:39:25.917 D/QAR-[QcirclePublish]QCirclePreLoadManager( 3311): requestWhiteList... lastRequestTime:1680578303517 currentTime:1680554365917
04-04 04:39:25.917 I/QzoneConfig( 3311): key = qzonesetting secondaryKey= clientonlinecoldtime value= null
04-04 04:39:25.918 D/LocalRedTouchManager( 3311): pullRedPointInfo using config
04-04 04:39:25.918 D/MSF.S.ReqHandler( 3106): handleMsfRequest proxyRegisterPush
04-04 04:39:25.918 I/MSF.S.AppProcessManager( 3106): onRegisterApp process=com.tencent.mobileqq:video processBootName=com.tencent.av.ui.VChatActivity appid=537150662 callback=null
04-04 04:39:25.920 D/MSF.C.PushManager( 3106): recv proxyRegister sendProcess=com.tencent.mobileqq registerProcesscom.tencent.mobileqq:video callbacker= appid=537150662 ProxyRegisterInfo=
04-04 04:39:25.920 I/MSF.S.AppProcessManager( 3106): SendToApp process:com.tencent.mobileqq fromServiceMsg: FromServiceMsg msName:proxyRegisterPush ssoSeq:17297 serviceCmd:push.proxyRegister appSeq:323 failCode:1000 cos t =0 needBoot=false to.len = 0 from.len = 0
04-04 04:39:25.920 D/MSF.D.Proxy( 3311): onReceiveResp, fromServiceMsg = push.proxyRegister, ssoSeq = 17297, length = 0
04-04 04:39:25.921 I/AutoMonitor( 3311): STEP_DOSOMETHING, cost=4
04-04 04:39:25.921 D/MSF.S.ReqHandler( 3106): handleMsfRequest proxyRegisterPush
04-04 04:39:25.922 I/MSF.S.AppProcessManager( 3106): onRegisterApp process=com.tencent.mobileqq:nearby_video processBootName= appid=537150662 callback=null
04-04 04:39:25.923 D/MSF.C.PushManager( 3106): recv proxyRegister sendProcess=com.tencent.mobileqq registerProcesscom.tencent.mobileqq:nearby_video callbacker= appid=537150662 ProxyRegisterInfo=
04-04 04:39:25.923 I/MSF.S.AppProcessManager( 3106): SendToApp process:com.tencent.mobileqq fromServiceMsg: FromServiceMsg msName:proxyRegisterPush ssoSeq:17299 serviceCmd:push.proxyRegister appSeq:325 failCode:1000 cos t =0 needBoot=false to.len = 0 from.len = 0
04-04 04:39:25.923 D/MSF.D.Proxy( 3311): onReceiveResp, fromServiceMsg = push.proxyRegister, ssoSeq = 17299, length = 0
04-04 04:39:25.925 I/LoginRegisterApiImpl( 3311): getLoginType uin=3097 loginType=0
04-04 04:39:25.925 D/OnlineStatusServiceImpl( 3311): sendOnlineStatusWithExt: 0
04-04 04:39:25.925 D/msfCore ( 3106): stopPCActivePolling by regPush
04-04 04:39:25.926 I/MSF.S.AppProcessManager( 3106): SendToApp process:com.tencent.mobileqq fromServiceMsg: FromServiceMsg msName:registerPush ssoSeq:17300 serviceCmd:push.register appSeq:326 failCode:1000 cos t =0 needBoot=false to.len = 0 from.len = 0
04-04 04:39:25.926 D/MSF.D.Proxy( 3311): onReceiveResp, fromServiceMsg = push.register, ssoSeq = 17300, length = 0
04-04 04:39:25.926 D/mqq ( 3311): register.push return empty packet! status: online
04-04 04:39:25.926 D/PCActiveEchoManager( 3106): stopEcho succ
04-04 04:39:25.928 D/MessageHandler( 3311): sendNewRegisterProxy , isGetPassword = false ,randomSeq963363463, isWakeFromDeepSleep = false
04-04 04:39:25.928 D/MessageHandler( 3311): [ReSendProxy] currentRegisterProxyRandom = 7217926036903216537
04-04 04:39:25.928 D/RegisterProxySvcPackService( 3311): requestNewRegister , type = 1 ,ulRequestOptional = 90562 ,cDisgroupMsgFilter = 1 ,NoticeEndSeq = 963363463 ,ulSyncTime = 0
04-04 04:39:25.929 I/AutoMonitor( 3311): STEP_SEND_REGISTER_PACKAGE, cost=1
04-04 04:39:26.166 D/audio_hw_primary( 804): copl(0xf1b0a7e0):out of compress_wait
04-04 04:39:26.168 D/audio_hw_primary( 804): No space available in compress driver, post msg to cb thread
04-04 04:39:26.168 D/audio_hw_primary( 804): copl(0xf1b0a7e0):calling compress_wait
04-04 04:39:26.461 I/OpenGLRenderer( 2940): Davey! duration=9223371772574ms; Flags=0, FrameTimelineVsyncId=5161, IntendedVsync=264279994552, Vsync=264279994552, InputEventId=0, HandleInputStart=264280528386, AnimationStart=264280532293, PerformTraversalsStart=264280535053, DrawStart=264281670418, FrameDeadline=264313327884, FrameInterval=264280517188, FrameStartTime=16666666, SyncQueued=264282470053, SyncStart=264282791615, IssueDrawCommandsStart=264283693959, SwapBuffers=264290691407, FrameCompleted=9223372036854775807, DequeueBufferDuration=51302, QueueBufferDuration=1405313, GpuCompleted=9223372036854775807, SwapBuffersCompleted=264292829636, DisplayPresentTime=0,
04-04 04:39:26.491 I/auditd ( 0): type=1400 audit(0.0:521): avc: denied { kill } for comm="swapper/3" capability=5 scontext=u:r:kernel:s0 tcontext=u:r:kernel:s0 tclass=capability permissive=0
04-04 04:39:26.491 W/swapper/3( 0): type=1400 audit(0.0:521): avc: denied { kill } for capability=5 scontext=u:r:kernel:s0 tcontext=u:r:kernel:s0 tclass=capability permissive=0
04-04 04:39:26.611 I/OpenGLRenderer( 2940): Davey! duration=9223371772424ms; Flags=0, FrameTimelineVsyncId=5164, IntendedVsync=264430356421, Vsync=264430356421, InputEventId=0, HandleInputStart=264430896772, AnimationStart=264430900626, PerformTraversalsStart=264430903647, DrawStart=264432186199, FrameDeadline=264463689753, FrameInterval=264430886043, FrameStartTime=16666666, SyncQueued=264433020105, SyncStart=264433391199, IssueDrawCommandsStart=264434316668, SwapBuffers=264440762292, FrameCompleted=9223372036854775807, DequeueBufferDuration=47500, QueueBufferDuration=1171719, GpuCompleted=9223372036854775807, SwapBuffersCompleted=264442617136, DisplayPresentTime=0,
04-04 04:39:26.727 I/mpu_uart( 645): [MSG-P:RECV]:No message received in 1000 ms
04-04 04:39:26.761 I/OpenGLRenderer( 2940): Davey! duration=9223371772273ms; Flags=0, FrameTimelineVsyncId=5167, IntendedVsync=264580716951, Vsync=264580716951, InputEventId=0, HandleInputStart=264581486407, AnimationStart=264581489428, PerformTraversalsStart=264581492136, DrawStart=264582687813, FrameDeadline=264614050283, FrameInterval=264581476824, FrameStartTime=16666666, SyncQueued=264583389949, SyncStart=264583511980, IssueDrawCommandsStart=264584302501, SwapBuffers=264590265678, FrameCompleted=9223372036854775807, DequeueBufferDuration=38281, QueueBufferDuration=1085625, GpuCompleted=9223372036854775807, SwapBuffersCompleted=264591944220, DisplayPresentTime=0,
04-04 04:39:26.774 D/MemoryCeilingMonitor( 3106): [handleMemoryCalculate]
04-04 04:39:26.775 D/MemoryCeilingMonitor( 3106): [calculate] tot: 5354410, max: 268435456, free: 1305834, heap: 4048576, per: 0.015082120895385742
04-04 04:39:26.810 I/NTKernel( 3311): [NTSDK]seq(1158)---- [INFO] key_value_storage.h(370)::OnTimeout KeyValueStorage timeout and cache is not empty, so start reflush into db!
04-04 04:39:26.810 I/NTKernel( 3311): [NTSDK]seq(1159)---- [INFO] table_handle.cc(99)::Upsert [data_base]->TableHandle guild_msg_kv_storage_table Upsert called
04-04 04:39:26.811 I/NTKernel( 3311): [NTSDK]seq(1161)---- [INFO] upsert_deduce_command.cc(69)::RunInternal [data_base]->task[32] upsert guild_msg_kv_storage_table count[2}]
04-04 04:39:26.912 I/OpenGLRenderer( 2940): Davey! duration=9223371772123ms; Flags=0, FrameTimelineVsyncId=5170, IntendedVsync=264731075307, Vsync=264731075307, InputEventId=0, HandleInputStart=264731635261, AnimationStart=264731638386, PerformTraversalsStart=264731641199, DrawStart=264732815313, FrameDeadline=264764408639, FrameInterval=264731626667, FrameStartTime=16666666, SyncQueued=264733414480, SyncStart=264733570209, IssueDrawCommandsStart=264734341042, SwapBuffers=264740747397, FrameCompleted=9223372036854775807, DequeueBufferDuration=44063, QueueBufferDuration=1195938, GpuCompleted=9223372036854775807, SwapBuffersCompleted=264742602969, DisplayPresentTime=0,
04-04 04:39:27.006 D/audio_hw_primary( 804): copl(0xf1b0a7e0):out of compress_wait
04-04 04:39:27.009 D/audio_hw_primary( 804): No space available in compress driver, post msg to cb thread
04-04 04:39:27.009 D/audio_hw_primary( 804): copl(0xf1b0a7e0):calling compress_wait
04-04 04:39:27.063 I/OpenGLRenderer( 2940): Davey! duration=9223371771973ms; Flags=0, FrameTimelineVsyncId=5173, IntendedVsync=264881447821, Vsync=264881447821, InputEventId=0, HandleInputStart=264882104115, AnimationStart=264882108126, PerformTraversalsStart=264882111511, DrawStart=264883201042, FrameDeadline=264914781153, FrameInterval=264882093646, FrameStartTime=16666666, SyncQueued=264883972396, SyncStart=264884124167, IssueDrawCommandsStart=264885005053, SwapBuffers=264891529532, FrameCompleted=9223372036854775807, DequeueBufferDuration=45417, QueueBufferDuration=1249480, GpuCompleted=9223372036854775807, SwapBuffersCompleted=264893598021, DisplayPresentTime=0,
04-04 04:39:27.163 I/OpenGLRenderer( 2940): Davey! duration=9223371771872ms; Flags=0, FrameTimelineVsyncId=5176, IntendedVsync=264981685999, Vsync=264981685999, InputEventId=0, HandleInputStart=264982201407, AnimationStart=264982204896, PerformTraversalsStart=264982207709, DrawStart=264983515782, FrameDeadline=265015019331, FrameInterval=264982191928, FrameStartTime=16666666, SyncQueued=264984364584, SyncStart=264984549219, IssueDrawCommandsStart=264985489011, SwapBuffers=264992540469, FrameCompleted=9223372036854775807, DequeueBufferDuration=46615, QueueBufferDuration=1127760, GpuCompleted=9223372036854775807, SwapBuffersCompleted=264994290261, DisplayPresentTime=0,
04-04 04:39:27.312 I/OpenGLRenderer( 2940): Davey! duration=9223371771722ms; Flags=0, FrameTimelineVsyncId=5179, IntendedVsync=265132046078, Vsync=265132046078, InputEventId=0, HandleInputStart=265132761615, AnimationStart=265132765521, PerformTraversalsStart=265132768334, DrawStart=265133891146, FrameDeadline=265165379410, FrameInterval=265132750990, FrameStartTime=16666666, SyncQueued=265134525990, SyncStart=265134973490, IssueDrawCommandsStart=265135819167, SwapBuffers=265142453126, FrameCompleted=9223372036854775807, DequeueBufferDuration=45834, QueueBufferDuration=1493907, GpuCompleted=9223372036854775807, SwapBuffersCompleted=265144657865, DisplayPresentTime=0,
04-04 04:39:27.464 I/OpenGLRenderer( 2940): Davey! duration=9223371771572ms; Flags=0, FrameTimelineVsyncId=5182, IntendedVsync=265282408726, Vsync=265282408726, InputEventId=0, HandleInputStart=265283198386, AnimationStart=265283201823, PerformTraversalsStart=265283205209, DrawStart=265284495990, FrameDeadline=265315742058, FrameInterval=265283188803, FrameStartTime=16666666, SyncQueued=265285328490, SyncStart=265285608230, IssueDrawCommandsStart=265286431876, SwapBuffers=265293172969, FrameCompleted=9223372036854775807, DequeueBufferDuration=41511, QueueBufferDuration=1111719, GpuCompleted=9223372036854775807, SwapBuffersCompleted=265295008751, DisplayPresentTime=0,
04-04 04:39:27.491 I/auditd ( 0): type=1400 audit(0.0:522): avc: denied { kill } for comm="swapper/3" capability=5 scontext=u:r:kernel:s0 tcontext=u:r:kernel:s0 tclass=capability permissive=0
04-04 04:39:27.491 W/swapper/3( 0): type=1400 audit(0.0:522): avc: denied { kill } for capability=5 scontext=u:r:kernel:s0 tcontext=u:r:kernel:s0 tclass=capability permissive=0
04-04 04:39:27.614 I/OpenGLRenderer( 2940): Davey! duration=9223371771421ms; Flags=0, FrameTimelineVsyncId=5185, IntendedVsync=265432771818, Vsync=265432771818, InputEventId=0, HandleInputStart=265433565886, AnimationStart=265433568855, PerformTraversalsStart=265433571719, DrawStart=265434697396, FrameDeadline=265466105150, FrameInterval=265433556303, FrameStartTime=16666666, SyncQueued=265435631615, SyncStart=265435992813, IssueDrawCommandsStart=265437056615, SwapBuffers=265444550209, FrameCompleted=9223372036854775807, DequeueBufferDuration=49010, QueueBufferDuration=1225572, GpuCompleted=9223372036854775807, SwapBuffersCompleted=265446437292, DisplayPresentTime=0,
04-04 04:39:27.727 I/mpu_uart( 645): [MSG-P:RECV]:No message received in 1000 ms
04-04 04:39:27.764 I/OpenGLRenderer( 2940): Davey! duration=9223371771271ms; Flags=0, FrameTimelineVsyncId=5188, IntendedVsync=265583160672, Vsync=265583160672, InputEventId=0, HandleInputStart=265584118230, AnimationStart=265584121823, PerformTraversalsStart=265584124948, DrawStart=265585247605, FrameDeadline=265616494004, FrameInterval=265584108959, FrameStartTime=16666666, SyncQueued=265586045261, SyncStart=265586209948, IssueDrawCommandsStart=265586989115, SwapBuffers=265593587761, FrameCompleted=9223372036854775807, DequeueBufferDuration=40885, QueueBufferDuration=1085573, GpuCompleted=9223372036854775807, SwapBuffersCompleted=265595280782, DisplayPresentTime=0,
04-04 04:39:27.826 D/audio_hw_primary( 804): copl(0xf1b0a7e0):out of compress_wait
04-04 04:39:27.829 D/audio_hw_primary( 804): No space available in compress driver, post msg to cb thread
04-04 04:39:27.830 D/audio_hw_primary( 804): copl(0xf1b0a7e0):calling compress_wait
04-04 04:39:27.866 W/Settings( 3106): Setting airplane_mode_on has moved from android.provider.Settings.System to android.provider.Settings.Global, returning read-only value.
04-04 04:39:27.868 W/Settings( 3106): Setting airplane_mode_on has moved from android.provider.Settings.System to android.provider.Settings.Global, returning read-only value.
04-04 04:39:27.869 W/Settings( 3106): Setting airplane_mode_on has moved from android.provider.Settings.System to android.provider.Settings.Global, returning read-only value.
04-04 04:39:27.870 W/Settings( 3106): Setting airplane_mode_on has moved from android.provider.Settings.System to android.provider.Settings.Global, returning read-only value.
04-04 04:39:27.872 W/Settings( 3106): Setting airplane_mode_on has moved from android.provider.Settings.System to android.provider.Settings.Global, returning read-only value.
04-04 04:39:27.873 W/Settings( 3106): Setting airplane_mode_on has moved from android.provider.Settings.System to android.provider.Settings.Global, returning read-only value.
04-04 04:39:27.874 W/Settings( 3106): Setting airplane_mode_on has moved from android.provider.Settings.System to android.provider.Settings.Global, returning read-only value.
04-04 04:39:27.876 W/Settings( 3106): Setting airplane_mode_on has moved from android.provider.Settings.System to android.provider.Settings.Global, returning read-only value.
04-04 04:39:27.877 W/Settings( 3106): Setting airplane_mode_on has moved from android.provider.Settings.System to android.provider.Settings.Global, returning read-only value.
04-04 04:39:27.878 W/Settings( 3106): Setting airplane_mode_on has moved from android.provider.Settings.System to android.provider.Settings.Global, returning read-only value.
04-04 04:39:27.879 W/Settings( 3106): Setting airplane_mode_on has moved from android.provider.Settings.System to android.provider.Settings.Global, returning read-only value.
04-04 04:39:27.880 W/Settings( 3106): Setting airplane_mode_on has moved from android.provider.Settings.System to android.provider.Settings.Global, returning read-only value.
04-04 04:39:27.880 W/Settings( 3106): Setting airplane_mode_on has moved from android.provider.Settings.System to android.provider.Settings.Global, returning read-only value.
04-04 04:39:27.881 W/Settings( 3106): Setting airplane_mode_on has moved from android.provider.Settings.System to android.provider.Settings.Global, returning read-only value.
04-04 04:39:27.882 W/Settings( 3106): Setting airplane_mode_on has moved from android.provider.Settings.System to android.provider.Settings.Global, returning read-only value.
04-04 04:39:27.882 W/Settings( 3106): Setting airplane_mode_on has moved from android.provider.Settings.System to android.provider.Settings.Global, returning read-only value.
04-04 04:39:27.883 W/Settings( 3106): Setting airplane_mode_on has moved from android.provider.Settings.System to android.provider.Settings.Global, returning read-only value.
04-04 04:39:27.884 W/Settings( 3106): Setting airplane_mode_on has moved from android.provider.Settings.System to android.provider.Settings.Global, returning read-only value.
04-04 04:39:27.884 W/Settings( 3106): Setting airplane_mode_on has moved from android.provider.Settings.System to android.provider.Settings.Global, returning read-only value.
