11-11 00:06:41.147 I/auditd ( 565): type=1400 audit(0.0:212): avc: denied { read } for comm="Binder:565_2" name="wakeup6" dev="sysfs" ino=52129 scontext=u:r:system_suspend:s0 tcontext=u:object_r:sysfs:s0 tclass=dir permissive=0
11-11 00:06:41.147 I/auditd ( 565): type=1400 audit(0.0:213): avc: denied { read } for comm="Binder:565_2" name="wakeup78" dev="sysfs" ino=76819 scontext=u:r:system_suspend:s0 tcontext=u:object_r:sysfs:s0 tclass=dir permissive=0
11-11 00:06:41.147 I/auditd ( 565): type=1400 audit(0.0:214): avc: denied { read } for comm="Binder:565_2" name="wakeup11" dev="sysfs" ino=52319 scontext=u:r:system_suspend:s0 tcontext=u:object_r:sysfs:s0 tclass=dir permissive=0
11-11 00:06:41.158 I/commit_sys_config_file( 1549): [batterystats,1]
11-11 00:06:41.158 I/commit_sys_config_file( 1549): [batterystats,1]
11-11 00:06:41.183 I/service_manager_stats( 1549): [100,9,8064]
11-11 00:06:41.195 I/auditd ( 996): type=1400 audit(0.0:215): avc: denied { read write } for comm="sensors.qti" name="diag" dev="tmpfs" ino=11410 scontext=u:r:vendor_sensors_qti:s0 tcontext=u:object_r:vendor_diag_device:s0 tclass=chr_file permissive=0
11-11 00:06:41.214 I/rescue_note( 1549): [0,1,8094]
11-11 00:06:41.231 I/am_wtf ( 1549): [0,1549,system_server,-1,DisplayDeviceConfig,requesting nits when no mapping exists.]
11-11 00:06:41.232 I/am_wtf ( 1549): [0,1549,system_server,-1,DisplayDeviceConfig,requesting nits when no mapping exists.]
11-11 00:06:41.243 I/boot_progress_pms_start( 1549): 8123
11-11 00:06:41.353 I/boot_progress_pms_system_scan_start( 1549): 8234
11-11 00:06:41.395 I/auditd ( 996): type=1400 audit(0.0:216): avc: denied { read write } for comm="sensors.qti" name="diag" dev="tmpfs" ino=11410 scontext=u:r:vendor_sensors_qti:s0 tcontext=u:object_r:vendor_diag_device:s0 tclass=chr_file permissive=0
11-11 00:06:41.488 I/boot_progress_pms_data_scan_start( 1549): 8369
11-11 00:06:41.564 I/boot_progress_pms_scan_end( 1549): 8445
11-11 00:06:41.595 I/auditd ( 996): type=1400 audit(0.0:217): avc: denied { read write } for comm="sensors.qti" name="diag" dev="tmpfs" ino=11410 scontext=u:r:vendor_sensors_qti:s0 tcontext=u:object_r:vendor_diag_device:s0 tclass=chr_file permissive=0
11-11 00:06:41.662 I/commit_sys_config_file( 1549): [package-user-0,2]
11-11 00:06:41.662 I/commit_sys_config_file( 1549): [package,44]
11-11 00:06:41.662 I/boot_progress_pms_ready( 1549): 8543
11-11 00:06:41.686 I/am_uid_running( 1549): 1000
11-11 00:06:41.687 I/am_uid_active( 1549): 1000
11-11 00:06:41.795 I/auditd ( 996): type=1400 audit(0.0:218): avc: denied { read write } for comm="sensors.qti" name="diag" dev="tmpfs" ino=11410 scontext=u:r:vendor_sensors_qti:s0 tcontext=u:object_r:vendor_diag_device:s0 tclass=chr_file permissive=0
11-11 00:06:41.848 I/commit_sys_config_file( 1549): [overlays,1]
11-11 00:06:41.854 I/battery_status( 1549): [1,1,0,0,]
11-11 00:06:41.855 I/auditd ( 1192): type=1400 audit(0.0:219): avc: denied { read } for comm="Binder:1192_2" name="persist" dev="tmpfs" ino=12312 scontext=u:r:installd:s0 tcontext=u:object_r:tmpfs:s0 tclass=lnk_file permissive=0
11-11 00:06:41.855 I/auditd ( 1192): type=1400 audit(0.0:220): avc: denied { read } for comm="Binder:1192_2" name="persist" dev="tmpfs" ino=12312 scontext=u:r:installd:s0 tcontext=u:object_r:tmpfs:s0 tclass=lnk_file permissive=0
11-11 00:06:41.947 I/auditd ( 804): type=1400 audit(0.0:221): avc: denied { read write } for comm="HwBinder:804_2" name="diag" dev="tmpfs" ino=11410 scontext=u:r:hal_audio_default:s0 tcontext=u:object_r:vendor_diag_device:s0 tclass=chr_file permissive=0
04-04 04:35:11.035 I/auditd ( 996): type=1400 audit(0.0:222): avc: denied { read write } for comm="sensors.qti" name="diag" dev="tmpfs" ino=11410 scontext=u:r:vendor_sensors_qti:s0 tcontext=u:object_r:vendor_diag_device:s0 tclass=chr_file permissive=0
04-04 04:35:11.044 I/wm_task_created( 1549): [1,-1]
04-04 04:35:11.051 I/sysui_multi_action( 1549): [757,1594,758,4,759,0,806,NULL]
04-04 04:35:11.071 I/auditd ( 1549): type=1400 audit(0.0:223): avc: denied { read } for comm="InputReader" name="virtualkeys.cyttsp7_mt" dev="sysfs" ino=63200 scontext=u:r:system_server:s0 tcontext=u:object_r:sysfs:s0 tclass=file permissive=0
04-04 04:35:11.089 I/configuration_changed( 1549): 536894968
04-04 04:35:11.090 I/sysui_multi_action( 1549): [757,1659,758,4,759,2,1660,0]
04-04 04:35:11.092 I/configuration_changed( 1549): 8
04-04 04:35:11.091 I/auditd ( 1192): type=1400 audit(0.0:224): avc: denied { read } for comm="Binder:1192_3" name="persist" dev="tmpfs" ino=12312 scontext=u:r:installd:s0 tcontext=u:object_r:tmpfs:s0 tclass=lnk_file permissive=0
04-04 04:35:11.091 I/auditd ( 1192): type=1400 audit(0.0:225): avc: denied { read } for comm="Binder:1192_3" name="persist" dev="tmpfs" ino=12312 scontext=u:r:installd:s0 tcontext=u:object_r:tmpfs:s0 tclass=lnk_file permissive=0
04-04 04:35:11.091 I/auditd ( 1192): type=1400 audit(0.0:226): avc: denied { read } for comm="Binder:1192_3" name="persist" dev="tmpfs" ino=12312 scontext=u:r:installd:s0 tcontext=u:object_r:tmpfs:s0 tclass=lnk_file permissive=0
04-04 04:35:11.095 I/auditd ( 1192): type=1400 audit(0.0:227): avc: denied { read } for comm="Binder:1192_3" name="persist" dev="tmpfs" ino=12312 scontext=u:r:installd:s0 tcontext=u:object_r:tmpfs:s0 tclass=lnk_file permissive=0
04-04 04:35:11.095 I/auditd ( 1192): type=1400 audit(0.0:228): avc: denied { read } for comm="Binder:1192_3" name="persist" dev="tmpfs" ino=12312 scontext=u:r:installd:s0 tcontext=u:object_r:tmpfs:s0 tclass=lnk_file permissive=0
04-04 04:35:11.095 I/auditd ( 1192): type=1400 audit(0.0:229): avc: denied { read } for comm="Binder:1192_3" name="persist" dev="tmpfs" ino=12312 scontext=u:r:installd:s0 tcontext=u:object_r:tmpfs:s0 tclass=lnk_file permissive=0
04-04 04:35:11.235 I/auditd ( 996): type=1400 audit(0.0:230): avc: denied { read write } for comm="sensors.qti" name="diag" dev="tmpfs" ino=11410 scontext=u:r:vendor_sensors_qti:s0 tcontext=u:object_r:vendor_diag_device:s0 tclass=chr_file permissive=0 --------- beginning of radio
04-04 04:35:11.256 D/TelephonyRegistry( 1549): listen oscl: mHasNotifySubscriptionInfoChangedOccurred==false no callback
04-04 04:35:11.327 I/storage_state( 1549): [41217664-9172-527a-b3d5-edabb50a7d69,0,0,113836675072,118610538496]
04-04 04:35:11.435 I/auditd ( 996): type=1400 audit(0.0:231): avc: denied { read write } for comm="sensors.qti" name="diag" dev="tmpfs" ino=11410 scontext=u:r:vendor_sensors_qti:s0 tcontext=u:object_r:vendor_diag_device:s0 tclass=chr_file permissive=0
04-04 04:35:11.483 I/auditd ( 1549): type=1400 audit(0.0:232): avc: denied { read } for comm="system_server" name="u:object_r:vendor_default_prop:s0" dev="tmpfs" ino=12608 scontext=u:r:system_server:s0 tcontext=u:object_r:vendor_default_prop:s0 tclass=file permissive=0
04-04 04:35:11.536 I/stream_devices_changed( 1549): [3,0,2]
04-04 04:35:11.541 I/am_wtf ( 1549): [0,1549,system_server,-1,LazyAlarmStore,Removed TIME_TICK alarm]
04-04 04:35:11.547 I/configuration_changed( 1549): 512
04-04 04:35:11.560 I/stream_devices_changed( 1549): [6,0,1]
04-04 04:35:11.572 I/commit_sys_config_file( 1549): [notification-policy,1]
04-04 04:35:11.627 I/service_manager_slow( 1549): [10,appops]
04-04 04:35:11.634 I/commit_sys_config_file( 1549): [package-session,1]
04-04 04:35:11.635 I/auditd ( 996): type=1400 audit(0.0:233): avc: denied { read write } for comm="sensors.qti" name="diag" dev="tmpfs" ino=11410 scontext=u:r:vendor_sensors_qti:s0 tcontext=u:object_r:vendor_diag_device:s0 tclass=chr_file permissive=0
04-04 04:35:11.659 I/auditd ( 1549): type=1400 audit(0.0:234): avc: denied { read } for comm="android.display" name="u:object_r:vendor_wfd_sys_debug_prop:s0" dev="tmpfs" ino=12675 scontext=u:r:system_server:s0 tcontext=u:object_r:vendor_wfd_sys_debug_prop:s0 tclass=file permissive=0
04-04 04:35:11.659 I/auditd ( 1549): type=1400 audit(0.0:235): avc: denied { read } for comm="android.display" name="u:object_r:vendor_wfd_sys_debug_prop:s0" dev="tmpfs" ino=12675 scontext=u:r:system_server:s0 tcontext=u:object_r:vendor_wfd_sys_debug_prop:s0 tclass=file permissive=0
04-04 04:35:11.729 I/boot_progress_ams_ready( 1549): 9574
04-04 04:35:11.737 I/configuration_changed( 1549): 268435456
04-04 04:35:11.761 I/commit_sys_config_file( 1549): [log-files,2]
04-04 04:35:11.782 I/commit_sys_config_file( 1549): [log-files,23]
04-04 04:35:11.783 I/commit_sys_config_file( 1549): [log-files,24]
04-04 04:35:11.792 I/commit_sys_config_file( 1549): [log-files,32]
04-04 04:35:11.793 I/commit_sys_config_file( 1549): [log-files,33]
04-04 04:35:11.801 I/commit_sys_config_file( 1549): [log-files,41]
04-04 04:35:11.810 I/commit_sys_config_file( 1549): [log-files,50]
04-04 04:35:11.815 I/am_uid_running( 1549): 10078
04-04 04:35:11.818 I/commit_sys_config_file( 1549): [log-files,58]
04-04 04:35:11.837 I/am_proc_start( 1549): [0,1978,10078,com.android.systemui,service,{com.android.systemui/com.android.systemui.ImageWallpaper}]
04-04 04:35:11.835 I/auditd ( 996): type=1400 audit(0.0:236): avc: denied { read write } for comm="sensors.qti" name="diag" dev="tmpfs" ino=11410 scontext=u:r:vendor_sensors_qti:s0 tcontext=u:object_r:vendor_diag_device:s0 tclass=chr_file permissive=0
04-04 04:35:11.847 I/am_proc_bound( 1549): [0,1978,com.android.systemui]
04-04 04:35:11.860 I/am_uid_active( 1549): 10078
04-04 04:35:11.864 I/am_uid_running( 1549): 1037
04-04 04:35:11.872 I/commit_sys_config_file( 1549): [net-policy,1]
04-04 04:35:11.883 D/TelephonyRegistry( 1549): listen oscl: mHasNotifySubscriptionInfoChangedOccurred==false no callback
04-04 04:35:11.886 D/TelephonyRegistry( 1549): listen oscl: mHasNotifySubscriptionInfoChangedOccurred==false no callback
04-04 04:35:11.906 D/TelephonyRegistry( 1549): listen oscl: mHasNotifySubscriptionInfoChangedOccurred==false no callback
04-04 04:35:11.930 D/TelephonyRegistry( 1549): listen oscl: mHasNotifySubscriptionInfoChangedOccurred==false no callback
04-04 04:35:11.938 W/CarrierConfigManager( 1549): Error getting config for subId -1 ICarrierConfigLoader is null
04-04 04:35:11.958 I/am_proc_start( 1549): [0,2009,1037,WebViewLoader-armeabi-v7a,NULL,]
04-04 04:35:11.963 I/am_proc_start( 1549): [0,2010,1037,WebViewLoader-arm64-v8a,NULL,]
04-04 04:35:11.974 I/am_uid_running( 1549): 1073
04-04 04:35:11.978 I/netstats_mobile_sample( 1549): [0,0,0,0,0,0,0,0,0,0,0,0,1680554111978]
04-04 04:35:11.978 I/netstats_wifi_sample( 1549): [0,0,0,0,0,0,0,0,0,0,0,0,1680554111978]
04-04 04:35:11.979 I/am_proc_start( 1549): [0,2037,1073,com.android.networkstack.process,service,{com.android.networkstack/com.android.server.NetworkStackService}]
04-04 04:35:11.982 I/configuration_changed( 1549): 16384
04-04 04:35:11.982 I/am_proc_bound( 1549): [0,2010,WebViewLoader-arm64-v8a]
04-04 04:35:11.986 I/am_uid_active( 1549): 1037
04-04 04:35:11.987 I/am_proc_bound( 1549): [0,2009,WebViewLoader-armeabi-v7a]
04-04 04:35:11.989 D/TelephonyRegistry( 1549): systemRunning register for intents
04-04 04:35:11.990 I/ssm_user_starting( 1549): 0
04-04 04:35:12.013 I/am_uid_running( 1549): 1001
04-04 04:35:12.016 I/am_uid_running( 1549): 10053
04-04 04:35:12.018 I/netstats_mobile_sample( 1549): [0,0,0,0,0,0,0,0,0,0,0,0,1680554112018]
04-04 04:35:12.018 I/netstats_wifi_sample( 1549): [0,0,0,0,0,0,0,0,0,0,0,0,1680554112018]
04-04 04:35:12.026 I/am_uid_running( 1549): 10083
04-04 04:35:12.027 I/am_uid_running( 1549): 1068
04-04 04:35:12.032 I/am_uid_running( 1549): 10062
04-04 04:35:12.038 I/netstats_mobile_sample( 1549): [0,0,0,0,0,0,0,0,0,0,0,0,1680554112038]
04-04 04:35:12.038 I/netstats_wifi_sample( 1549): [0,0,0,0,0,0,0,0,0,0,0,0,1680554112038]
04-04 04:35:12.035 I/auditd ( 996): type=1400 audit(0.0:237): avc: denied { read write } for comm="sensors.qti" name="diag" dev="tmpfs" ino=11410 scontext=u:r:vendor_sensors_qti:s0 tcontext=u:object_r:vendor_diag_device:s0 tclass=chr_file permissive=0
04-04 04:35:12.054 I/netstats_mobile_sample( 1549): [0,0,0,0,0,0,0,0,0,0,0,0,1680554112054]
04-04 04:35:12.054 I/netstats_wifi_sample( 1549): [0,0,0,0,0,0,0,0,0,0,0,0,1680554112054]
04-04 04:35:12.058 I/wm_task_created( 1549): [2,-1]
04-04 04:35:12.059 I/wm_task_moved( 1549): [2,1,2147483647]
04-04 04:35:12.060 I/wm_task_moved( 1549): [1,1,0]
04-04 04:35:12.061 I/wm_create_task( 1549): [0,2]
04-04 04:35:12.061 I/wm_create_activity( 1549): [0,217353171,2,com.android.settings/.FallbackHome,android.intent.action.MAIN,NULL,NULL,276824320]
04-04 04:35:12.063 I/wm_task_moved( 1549): [1,1,0]
04-04 04:35:12.063 I/wm_task_moved( 1549): [2,1,2147483647]
04-04 04:35:12.064 I/wm_task_to_front( 1549): [0,2]
04-04 04:35:12.067 I/netstats_mobile_sample( 1549): [0,0,0,0,0,0,0,0,0,0,0,0,1680554112067]
04-04 04:35:12.067 I/netstats_wifi_sample( 1549): [0,0,0,0,0,0,0,0,0,0,0,0,1680554112067]
04-04 04:35:12.088 I/netstats_mobile_sample( 1549): [0,0,0,0,0,0,0,0,0,0,0,0,1680554112087]
04-04 04:35:12.088 I/netstats_wifi_sample( 1549): [0,0,0,0,0,0,0,0,0,0,0,0,1680554112087]
04-04 04:35:12.096 I/netstats_mobile_sample( 1549): [0,0,0,0,0,0,0,0,0,0,0,0,1680554112096]
04-04 04:35:12.096 I/netstats_wifi_sample( 1549): [0,0,0,0,0,0,0,0,0,0,0,0,1680554112096]
04-04 04:35:12.112 I/netstats_mobile_sample( 1549): [0,0,0,0,0,0,0,0,0,0,0,0,1680554112112]
04-04 04:35:12.112 I/netstats_wifi_sample( 1549): [0,0,0,0,0,0,0,0,0,0,0,0,1680554112112]
04-04 04:35:12.121 I/commit_sys_config_file( 1549): [settings-0-0,8]
04-04 04:35:12.122 I/netstats_mobile_sample( 1549): [0,0,0,0,0,0,0,0,0,0,0,0,1680554112122]
04-04 04:35:12.122 I/netstats_wifi_sample( 1549): [0,0,0,0,0,0,0,0,0,0,0,0,1680554112122]
04-04 04:35:12.131 I/netstats_mobile_sample( 1549): [0,0,0,0,0,0,0,0,0,0,0,0,1680554112131]
04-04 04:35:12.131 I/netstats_wifi_sample( 1549): [0,0,0,0,0,0,0,0,0,0,0,0,1680554112131]
04-04 04:35:12.135 I/netstats_mobile_sample( 1549): [0,0,0,0,0,0,0,0,0,0,0,0,1680554112135]
04-04 04:35:12.135 I/netstats_wifi_sample( 1549): [0,0,0,0,0,0,0,0,0,0,0,0,1680554112135]
04-04 04:35:12.140 I/netstats_mobile_sample( 1549): [0,0,0,0,0,0,0,0,0,0,0,0,1680554112140]
04-04 04:35:12.140 I/netstats_wifi_sample( 1549): [0,0,0,0,0,0,0,0,0,0,0,0,1680554112140]
04-04 04:35:12.145 I/netstats_mobile_sample( 1549): [0,0,0,0,0,0,0,0,0,0,0,0,1680554112145]
04-04 04:35:12.145 I/netstats_wifi_sample( 1549): [0,0,0,0,0,0,0,0,0,0,0,0,1680554112145]
04-04 04:35:12.151 I/netstats_mobile_sample( 1549): [0,0,0,0,0,0,0,0,0,0,0,0,1680554112151]
04-04 04:35:12.151 I/netstats_wifi_sample( 1549): [0,0,0,0,0,0,0,0,0,0,0,0,1680554112151]
04-04 04:35:12.153 I/netstats_mobile_sample( 1549): [0,0,0,0,0,0,0,0,0,0,0,0,1680554112153]
04-04 04:35:12.153 I/netstats_wifi_sample( 1549): [0,0,0,0,0,0,0,0,0,0,0,0,1680554112153]
04-04 04:35:12.154 D/TelephonyRegistry( 1549): listen oscl: mHasNotifySubscriptionInfoChangedOccurred==false no callback
04-04 04:35:12.164 I/uc_send_user_broadcast( 1549): [0,android.intent.action.USER_FOREGROUND]
04-04 04:35:12.164 I/uc_send_user_broadcast( 1549): [0,android.intent.action.USER_SWITCHED]
04-04 04:35:12.165 I/am_proc_start( 1549): [0,2053,1000,com.thundercomm.gamemode,added application,com.thundercomm.gamemode]
04-04 04:35:12.165 I/am_drop_process( 1549): 2037
04-04 04:35:12.166 I/am_proc_bound( 1549): [0,2053,com.thundercomm.gamemode]
04-04 04:35:12.169 I/am_proc_died( 1549): [0,2009,WebViewLoader-armeabi-v7a,-700,0]
04-04 04:35:12.172 I/am_low_memory( 1549): 4
04-04 04:35:12.174 I/am_proc_died( 1549): [0,2010,WebViewLoader-arm64-v8a,-700,0]
04-04 04:35:12.174 I/am_uid_stopped( 1549): 1037
04-04 04:35:12.175 I/am_low_memory( 1549): 3
04-04 04:35:12.180 I/am_proc_start( 1549): [0,2140,1000,com.thundercomm.microservice,added application,com.thundercomm.microservice]
04-04 04:35:12.189 I/wm_task_created( 1549): [3,-1]
04-04 04:35:12.191 I/am_proc_start( 1549): [0,2148,1000,com.thundercomm.microsettings,added application,com.thundercomm.microsettings]
04-04 04:35:12.192 I/wm_task_created( 1549): [4,-1]
04-04 04:35:12.197 I/am_proc_start( 1549): [0,2149,1001,.dataservices,added application,.dataservices]
04-04 04:35:12.203 I/notification_cancel_all( 1549): [1000,1549,android,0,0,0,20,NULL]
04-04 04:35:12.206 I/am_uid_running( 1549): 10092
04-04 04:35:12.207 I/am_proc_start( 1549): [0,2163,10053,.qtidataservices,added application,.qtidataservices]
04-04 04:35:12.207 I/am_proc_bound( 1549): [0,2140,com.thundercomm.microservice]
04-04 04:35:12.215 I/am_proc_start( 1549): [0,2174,1000,com.thundercomm.tchttpserver,added application,com.thundercomm.tchttpserver]
04-04 04:35:12.220 I/am_proc_start( 1549): [0,2185,1000,com.tc.logclient,added application,com.tc.logclient]
04-04 04:35:12.221 I/wm_task_created( 1549): [5,-1]
04-04 04:35:12.223 I/wm_task_created( 1549): [6,-1]
04-04 04:35:12.227 I/am_proc_bound( 1549): [0,2148,com.thundercomm.microsettings]
04-04 04:35:12.228 I/wm_task_created( 1549): [7,-1]
04-04 04:35:12.231 I/am_proc_start( 1549): [0,2207,1073,com.android.networkstack.process,added application,com.android.networkstack.process]
04-04 04:35:12.235 I/am_proc_bound( 1549): [0,2149,.dataservices]
04-04 04:35:12.236 I/am_uid_active( 1549): 1001
04-04 04:35:12.240 I/am_proc_bound( 1549): [0,2163,.qtidataservices]
04-04 04:35:12.235 I/auditd ( 996): type=1400 audit(0.0:238): avc: denied { read write } for comm="sensors.qti" name="diag" dev="tmpfs" ino=11410 scontext=u:r:vendor_sensors_qti:s0 tcontext=u:object_r:vendor_diag_device:s0 tclass=chr_file permissive=0
04-04 04:35:12.242 I/am_uid_active( 1549): 10053
04-04 04:35:12.243 I/am_uid_running( 1549): 10064
04-04 04:35:12.245 I/am_proc_start( 1549): [0,2221,1000,com.thundercomm.tcsetupwizard,added application,com.thundercomm.tcsetupwizard]
04-04 04:35:12.252 I/am_proc_start( 1549): [0,2249,1000,vendor.qti.qesdk.sysservice,added application,vendor.qti.qesdk.sysservice]
04-04 04:35:12.252 I/am_proc_bound( 1549): [0,2185,com.tc.logclient]
04-04 04:35:12.255 I/am_proc_bound( 1549): [0,2174,com.thundercomm.tchttpserver]
04-04 04:35:12.262 I/am_proc_start( 1549): [0,2265,10083,com.qti.qualcomm.mstatssystemservice,added application,com.qti.qualcomm.mstatssystemservice]
04-04 04:35:12.269 I/am_proc_bound( 1549): [0,2207,com.android.networkstack.process]
04-04 04:35:12.271 I/am_uid_active( 1549): 1073
04-04 04:35:12.279 I/service_manager_slow( 2140): [10,game]
04-04 04:35:12.281 I/am_proc_start( 1549): [0,2291,1068,com.android.se,added application,com.android.se]
04-04 04:35:12.282 I/am_proc_bound( 1549): [0,2221,com.thundercomm.tcsetupwizard]
04-04 04:35:12.287 I/am_proc_start( 1549): [0,2305,1000,com.thundercomm.remotecontrolservice,added application,com.thundercomm.remotecontrolservice]
04-04 04:35:12.287 I/am_proc_bound( 1549): [0,2249,vendor.qti.qesdk.sysservice]
04-04 04:35:12.302 I/am_proc_start( 1549): [0,2318,1000,com.thundercomm.tcservice,added application,com.thundercomm.tcservice]
04-04 04:35:12.314 I/am_proc_bound( 1549): [0,2265,com.qti.qualcomm.mstatssystemservice]
04-04 04:35:12.317 I/am_uid_active( 1549): 10083
04-04 04:35:12.318 I/am_proc_bound( 1549): [0,2291,com.android.se]
04-04 04:35:12.320 I/am_uid_active( 1549): 1068
04-04 04:35:12.322 I/am_proc_start( 1549): [0,2331,10062,com.qualcomm.qti.devicestatisticsservice,added application,com.qualcomm.qti.devicestatisticsservice]
04-04 04:35:12.325 D/TelephonyRegistry( 1549): listen oscl: mHasNotifySubscriptionInfoChangedOccurred==false no callback
04-04 04:35:12.327 I/am_proc_bound( 1549): [0,2305,com.thundercomm.remotecontrolservice]
04-04 04:35:12.334 I/am_proc_start( 1549): [0,2367,1000,com.qualcomm.qti.qdma,added application,com.qualcomm.qti.qdma]
04-04 04:35:12.343 I/am_proc_start( 1549): [0,2388,1000,com.android.settings,top-activity,{com.android.settings/com.android.settings.FallbackHome}]
04-04 04:35:12.351 I/am_proc_start( 1549): [0,2398,10092,android.ext.services,service,{android.ext.services/android.ext.services.autofill.InlineSuggestionRenderServiceImpl}]
04-04 04:35:12.357 I/am_proc_bound( 1549): [0,2318,com.thundercomm.tcservice]
04-04 04:35:12.365 I/am_proc_bound( 1549): [0,2331,com.qualcomm.qti.devicestatisticsservice]
04-04 04:35:12.366 I/am_uid_active( 1549): 10062
04-04 04:35:12.368 I/am_proc_start( 1549): [0,2427,10064,com.thundercomm.gamemode.provider,content provider,{com.thundercomm.gamemode.provider/com.thundercomm.gamemode.provider.SettingsProvider}]
04-04 04:35:12.369 I/am_proc_bound( 1549): [0,2367,com.qualcomm.qti.qdma]
04-04 04:35:12.371 I/am_proc_bound( 1549): [0,2388,com.android.settings]
04-04 04:35:12.376 I/wm_restart_activity( 1549): [0,217353171,2,com.android.settings/.FallbackHome]
04-04 04:35:12.377 I/wm_set_resumed_activity( 1549): [0,com.android.settings/.FallbackHome,minimalResumeActivityLocked]
04-04 04:35:12.392 I/am_proc_bound( 1549): [0,2398,android.ext.services]
04-04 04:35:12.396 I/am_uid_active( 1549): 10092
04-04 04:35:12.398 I/service_manager_slow( 2207): [10,isub]
04-04 04:35:12.400 I/am_proc_bound( 1549): [0,2427,com.thundercomm.gamemode.provider]
04-04 04:35:12.403 I/am_uid_active( 1549): 10064
04-04 04:35:12.415 I/commit_sys_config_file( 1549): [settings-0-0,13]
04-04 04:35:12.435 I/auditd ( 996): type=1400 audit(0.0:239): avc: denied { read write } for comm="sensors.qti" name="diag" dev="tmpfs" ino=11410 scontext=u:r:vendor_sensors_qti:s0 tcontext=u:object_r:vendor_diag_device:s0 tclass=chr_file permissive=0
04-04 04:35:12.466 I/wm_on_create_called( 2388): [217353171,com.android.settings.FallbackHome,performCreate]
04-04 04:35:12.467 I/wm_on_start_called( 2388): [217353171,com.android.settings.FallbackHome,handleStartActivity]
04-04 04:35:12.467 I/am_uid_running( 1549): 10070
04-04 04:35:12.468 I/wm_on_resume_called( 2388): [217353171,com.android.settings.FallbackHome,RESUME_ACTIVITY]
04-04 04:35:12.475 I/am_proc_start( 1549): [0,2518,10070,com.android.launcher3,service,{com.android.launcher3/com.android.quickstep.TouchInteractionService}]
04-04 04:35:12.475 I/wm_on_top_resumed_gained_called( 2388): [217353171,com.android.settings.FallbackHome,topStateChangedWhenResumed]
04-04 04:35:12.479 I/input_focus( 1549): [Focus request 26ab8ce com.android.settings/com.android.settings.FallbackHome,reason=UpdateInputWindows]
04-04 04:35:12.500 I/am_proc_bound( 1549): [0,2518,com.android.launcher3]
04-04 04:35:12.501 I/am_uid_active( 1549): 10070
04-04 04:35:12.514 I/boot_progress_enable_screen( 1549): 10359
04-04 04:35:12.520 I/screen_toggled( 1549): 1
04-04 04:35:12.543 I/am_uid_running( 1549): 10080
04-04 04:35:12.559 I/am_proc_start( 1549): [0,2556,10080,com.qualcomm.qti.qccauthmgr,content provider,{com.qualcomm.qti.qccauthmgr/com.qualcomm.qti.qccauthmgr.providers.SMQContentProvider}]
04-04 04:35:12.565 W/CarrierConfigManager( 1978): Error getting config for subId -1 ICarrierConfigLoader is null
04-04 04:35:12.575 D/TelephonyRegistry( 1549): listen oscl: mHasNotifySubscriptionInfoChangedOccurred==false no callback
04-04 04:35:12.585 I/am_proc_bound( 1549): [0,2556,com.qualcomm.qti.qccauthmgr]
04-04 04:35:12.586 I/am_uid_active( 1549): 10080
04-04 04:35:12.588 I/sysui_multi_action( 1978): [757,213,758,4,759,-1]
04-04 04:35:12.641 D/TelephonyRegistry( 1549): listen oscl: mHasNotifySubscriptionInfoChangedOccurred==false no callback
04-04 04:35:12.635 I/auditd ( 996): type=1400 audit(0.0:240): avc: denied { read write } for comm="sensors.qti" name="diag" dev="tmpfs" ino=11410 scontext=u:r:vendor_sensors_qti:s0 tcontext=u:object_r:vendor_diag_device:s0 tclass=chr_file permissive=0
04-04 04:35:12.646 I/notification_enqueue( 1549): [10078,1978,com.android.systemui,1,empty_media,0,Notification(channel=empty_media_style_id shortcut=null contentView=null vibrate=null sound=null defaults=0x0 flags=0x20 color=0x00000000 category=transport groupKey=empty_media actions=5 vis=PRIVATE),0]
04-04 04:35:12.648 I/notification_cancel_all( 1549): [1000,1549,com.android.systemui,0,0,0,20,NULL]
04-04 04:35:12.649 D/TelephonyRegistry( 1549): notifyCellLocationForSubscriber: subId=2147483647 cellIdentity=null
04-04 04:35:12.649 I/notification_enqueue( 1549): [1000,1549,android,32,NULL,-1,Notification(channel=USB shortcut=null contentView=null vibrate=null sound=null tick defaults=0x0 flags=0x2 color=0x00000000 vis=PUBLIC),0]
04-04 04:35:12.651 I/sysui_multi_action( 1549): [757,1501,758,1,793,230,794,0,795,230,796,1,797,empty_media,806,com.android.systemui,857,empty_media_style_id,858,4,946,empty_media,947,0,1500,0,1641,transport,1745,1043716538]
04-04 04:35:12.651 I/sysui_multi_action( 1549): [757,804,799,note_interruptive,801,0,802,1]
04-04 04:35:12.835 I/auditd ( 996): type=1400 audit(0.0:241): avc: denied { read write } for comm="sensors.qti" name="diag" dev="tmpfs" ino=11410 scontext=u:r:vendor_sensors_qti:s0 tcontext=u:object_r:vendor_diag_device:s0 tclass=chr_file permissive=0
04-04 04:35:12.849 I/sysui_multi_action( 1549): [757,1501,758,1,793,317,794,0,795,317,796,32,806,android,857,USB,858,1,947,0,1500,0]
04-04 04:35:12.849 I/sysui_multi_action( 1549): [757,804,799,note_interruptive,801,0,802,1]
04-04 04:35:13.019 I/wm_boot_animation_done( 1549): 10863
04-04 04:35:13.035 I/auditd ( 996): type=1400 audit(0.0:242): avc: denied { read write } for comm="sensors.qti" name="diag" dev="tmpfs" ino=11410 scontext=u:r:vendor_sensors_qti:s0 tcontext=u:object_r:vendor_diag_device:s0 tclass=chr_file permissive=0
04-04 04:35:13.046 I/notification_enqueue( 1549): [1000,1549,android,26,NULL,-1,Notification(channel=DEVELOPER_IMPORTANT shortcut=null contentView=null vibrate=null sound=null tick defaults=0x0 flags=0x2 color=0x00000000 vis=PUBLIC),0]
04-04 04:35:13.054 I/uc_finish_user_boot( 1549): 0
04-04 04:35:13.054 I/am_user_state_changed( 1549): [0,1]
04-04 04:35:13.056 I/uc_send_user_broadcast( 1549): [0,android.intent.action.LOCKED_BOOT_COMPLETED]
04-04 04:35:13.067 I/auditd ( 2634): type=1400 audit(0.0:243): avc: denied { ptrace } for comm="crash_dump64" scontext=u:r:crash_dump:s0 tcontext=u:r:init:s0 tclass=process permissive=0
04-04 04:35:13.221 I/uc_finish_user_unlocking( 1549): 0
04-04 04:35:13.230 I/am_uid_running( 1549): 10076
04-04 04:35:13.238 I/am_proc_start( 1549): [0,2673,10076,com.qualcomm.location,broadcast,{com.qualcomm.location/com.qualcomm.location.LocationServiceReceiver}]
04-04 04:35:13.235 I/auditd ( 996): type=1400 audit(0.0:244): avc: denied { read write } for comm="sensors.qti" name="diag" dev="tmpfs" ino=11410 scontext=u:r:vendor_sensors_qti:s0 tcontext=u:object_r:vendor_diag_device:s0 tclass=chr_file permissive=0
04-04 04:35:13.254 I/am_proc_bound( 1549): [0,2673,com.qualcomm.location]
04-04 04:35:13.264 I/am_uid_active( 1549): 10076
04-04 04:35:13.292 I/sysui_multi_action( 1549): [757,1501,758,1,793,247,794,0,795,247,796,26,806,android,857,DEVELOPER_IMPORTANT,858,4,947,0,1500,0]
04-04 04:35:13.293 I/sysui_multi_action( 1549): [757,804,799,note_interruptive,801,0,802,1]
04-04 04:35:13.384 I/am_user_state_changed( 1549): [0,2]
04-04 04:35:13.393 I/ssm_user_unlocking( 1549): 0
04-04 04:35:13.417 I/am_uid_running( 1549): 10079
04-04 04:35:13.424 I/am_proc_start( 1549): [0,2732,10079,com.qualcomm.qtil.aptxui,broadcast,{com.qualcomm.qtil.aptxui/com.qualcomm.qtil.aptxui.aptxuiBootReceiver}]
04-04 04:35:13.441 I/uc_finish_user_unlocked( 1549): 0
04-04 04:35:13.441 I/am_user_state_changed( 1549): [0,3]
04-04 04:35:13.435 I/auditd ( 996): type=1400 audit(0.0:245): avc: denied { read write } for comm="sensors.qti" name="diag" dev="tmpfs" ino=11410 scontext=u:r:vendor_sensors_qti:s0 tcontext=u:object_r:vendor_diag_device:s0 tclass=chr_file permissive=0
04-04 04:35:13.445 I/wm_task_created( 1549): [30,-1]
04-04 04:35:13.449 I/wm_task_created( 1549): [74,-1]
04-04 04:35:13.451 I/wm_task_created( 1549): [63,-1]
04-04 04:35:13.452 I/wm_task_created( 1549): [43,-1]
04-04 04:35:13.453 I/wm_task_created( 1549): [64,-1]
04-04 04:35:13.454 I/wm_task_created( 1549): [60,-1]
04-04 04:35:13.455 I/wm_task_created( 1549): [61,-1]
04-04 04:35:13.456 I/am_uid_running( 1549): 10084
04-04 04:35:13.457 I/am_uid_running( 1549): 10055
04-04 04:35:13.459 I/am_uid_running( 1549): 10058
04-04 04:35:13.459 I/am_uid_running( 1549): 10068
04-04 04:35:13.461 I/am_uid_running( 1549): 10085
04-04 04:35:13.463 I/am_uid_running( 1549): 10081
04-04 04:35:13.464 I/am_proc_bound( 1549): [0,2732,com.qualcomm.qtil.aptxui]
04-04 04:35:13.469 I/uc_send_user_broadcast( 1549): [0,android.intent.action.USER_UNLOCKED]
04-04 04:35:13.473 I/am_uid_active( 1549): 10079
04-04 04:35:13.475 I/am_proc_start( 1549): [0,2759,10084,com.hht.lebocast,added application,com.hht.lebocast]
04-04 04:35:13.479 I/uc_finish_user_unlocked_completed( 1549): 0
04-04 04:35:13.480 I/ssm_user_unlocked( 1549): 0
04-04 04:35:13.480 I/am_proc_bound( 1549): [0,2759,com.hht.lebocast]
04-04 04:35:13.483 I/uc_send_user_broadcast( 1549): [0,android.intent.action.BOOT_COMPLETED]
04-04 04:35:13.484 I/wm_finish_activity( 1549): [0,217353171,2,com.android.settings/.FallbackHome,app-request]
04-04 04:35:13.486 I/wm_pause_activity( 1549): [0,217353171,com.android.settings/.FallbackHome,userLeaving=false,finish]
04-04 04:35:13.491 I/wm_on_top_resumed_lost_called( 2388): [217353171,com.android.settings.FallbackHome,topStateChangedWhenResumed]
04-04 04:35:13.491 I/sysui_multi_action( 1549): [757,1144,758,7,806,com.android.settings,871,com.android.settings.FallbackHome]
04-04 04:35:13.492 I/am_uid_active( 1549): 10084
04-04 04:35:13.493 I/wm_on_paused_called( 2388): [217353171,com.android.settings.FallbackHome,performPause]
04-04 04:35:13.498 I/am_proc_start( 1549): [0,2779,10055,ts.car.uart,added application,ts.car.uart]
04-04 04:35:13.503 I/wm_task_created( 1549): [75,-1]
04-04 04:35:13.504 I/wm_task_moved( 1549): [75,1,2147483647]
04-04 04:35:13.509 I/wm_task_moved( 1549): [1,1,5]
04-04 04:35:13.510 I/wm_create_task( 1549): [0,75]
04-04 04:35:13.510 I/wm_create_activity( 1549): [0,176059698,75,com.android.launcher3/.uioverrides.QuickstepLauncher,android.intent.action.MAIN,NULL,NULL,268435712]
04-04 04:35:13.510 I/wm_task_moved( 1549): [1,1,5]
04-04 04:35:13.510 I/wm_task_moved( 1549): [75,1,2147483647]
04-04 04:35:13.510 I/wm_task_to_front( 1549): [0,75]
04-04 04:35:13.514 I/wm_restart_activity( 1549): [0,176059698,75,com.android.launcher3/.uioverrides.QuickstepLauncher]
04-04 04:35:13.515 I/wm_set_resumed_activity( 1549): [0,com.android.launcher3/.uioverrides.QuickstepLauncher,minimalResumeActivityLocked]
04-04 04:35:13.526 I/am_uid_running( 1549): 10091
04-04 04:35:13.537 I/am_proc_bound( 1549): [0,2779,ts.car.uart]
04-04 04:35:13.541 I/am_uid_active( 1549): 10055
04-04 04:35:13.542 I/sysui_multi_action( 1549): [757,803,799,window_time_0,802,3]
04-04 04:35:13.542 I/am_proc_start( 1549): [0,2807,1000,com.hryt.hiphishowfsecontrol,added application,com.hryt.hiphishowfsecontrol]
04-04 04:35:13.557 I/am_proc_bound( 1549): [0,2807,com.hryt.hiphishowfsecontrol]
04-04 04:35:13.563 I/am_proc_start( 1549): [0,2827,10058,.pasr,added application,.pasr]
04-04 04:35:13.566 I/am_uid_running( 1549): 10086
04-04 04:35:13.567 I/am_uid_running( 1549): 10094
04-04 04:35:13.568 I/am_uid_running( 1549): 10065
04-04 04:35:13.574 I/am_uid_running( 1549): 10074
04-04 04:35:13.580 I/am_proc_start( 1549): [0,2833,10068,com.qualcomm.qti.services.systemhelper:systemhelper_service,added application,com.qualcomm.qti.services.systemhelper:systemhelper_service]
04-04 04:35:13.587 I/am_proc_start( 1549): [0,2853,10085,com.qualcomm.qti.qccnetstat,added application,com.qualcomm.qti.qccnetstat]
04-04 04:35:13.605 I/am_proc_bound( 1549): [0,2827,.pasr]
04-04 04:35:13.608 I/am_uid_active( 1549): 10058
04-04 04:35:13.610 I/am_proc_bound( 1549): [0,2833,com.qualcomm.qti.services.systemhelper:systemhelper_service]
04-04 04:35:13.621 I/am_uid_active( 1549): 10068
04-04 04:35:13.626 I/am_proc_start( 1549): [0,2877,10081,com.qualcomm.qti.workloadclassifier,added application,com.qualcomm.qti.workloadclassifier]
04-04 04:35:13.632 I/am_wtf ( 1549): [0,1549,system_server,-1,ActivityManager,Sending non-protected broadcast android.location.HIGH_POWER_REQUEST_CHANGE from system 2673:com.qualcomm.location/u0a76 pkg com.qualcomm.location]
04-04 04:35:13.637 I/am_proc_bound( 1549): [0,2853,com.qualcomm.qti.qccnetstat]
04-04 04:35:13.640 I/am_uid_active( 1549): 10085
04-04 04:35:13.640 I/am_proc_start( 1549): [0,2906,10091,com.android.providers.media.module,service,{com.android.providers.media.module/com.android.providers.media.fuse.ExternalStorageServiceImpl}]
04-04 04:35:13.639 I/auditd ( 823): type=1400 audit(0.0:246): avc: denied { read } for comm="Loc_hal_worker" name="u:object_r:vendor_pd_locater_dbg_prop:s0" dev="tmpfs" ino=12639 scontext=u:r:vendor_hal_gnss_qti:s0 tcontext=u:object_r:vendor_pd_locater_dbg_prop:s0 tclass=file permissive=0
04-04 04:35:13.643 I/am_uid_running( 1549): 10026
04-04 04:35:13.644 I/am_proc_bound( 1549): [0,2877,com.qualcomm.qti.workloadclassifier]
04-04 04:35:13.651 I/am_uid_active( 1549): 10081
04-04 04:35:13.655 D/TelephonyRegistry( 1549): listen oscl: mHasNotifySubscriptionInfoChangedOccurred==false no callback
04-04 04:35:13.658 I/am_proc_start( 1549): [0,2940,10086,com.android.music,NULL,]
04-04 04:35:13.661 I/am_proc_start( 1549): [0,2944,10094,com.tencent.qqmusicpad,NULL,]
04-04 04:35:13.663 I/am_proc_bound( 1549): [0,2906,com.android.providers.media.module]
04-04 04:35:13.666 I/am_uid_active( 1549): 10091
04-04 04:35:13.667 I/auditd ( 2923): type=1400 audit(0.0:247): avc: denied { read } for comm="ip" name="rt_tables" dev="dm-10" ino=333 scontext=u:r:ethernet:s0 tcontext=u:object_r:net_data_file:s0 tclass=file permissive=0
04-04 04:35:13.679 I/am_proc_start( 1549): [0,2951,10065,com.android.gallery3d,NULL,]
04-04 04:35:13.686 I/am_proc_start( 1549): [0,2970,10074,com.qualcomm.location.XT,service,{com.qualcomm.location.XT/com.qualcomm.location.XT.XTSrv}]
04-04 04:35:13.696 I/am_proc_bound( 1549): [0,2940,com.android.music]
04-04 04:35:13.691 I/auditd ( 2950): type=1400 audit(0.0:248): avc: denied { read } for comm="ip" name="rt_tables" dev="dm-10" ino=333 scontext=u:r:ethernet:s0 tcontext=u:object_r:net_data_file:s0 tclass=file permissive=0
04-04 04:35:13.703 I/am_proc_bound( 1549): [0,2944,com.tencent.qqmusicpad]
04-04 04:35:13.712 I/am_proc_start( 1549): [0,2998,10026,com.android.traceur,broadcast,{com.android.traceur/com.android.traceur.Receiver}]
04-04 04:35:13.712 I/am_proc_bound( 1549): [0,2951,com.android.gallery3d]
04-04 04:35:13.732 I/am_proc_bound( 1549): [0,2970,com.qualcomm.location.XT]
04-04 04:35:13.737 I/am_uid_active( 1549): 10074
04-04 04:35:13.738 I/am_proc_bound( 1549): [0,2998,com.android.traceur]
04-04 04:35:13.741 I/am_uid_active( 1549): 10026
04-04 04:35:13.742 I/am_proc_start( 1549): [0,3037,1000,com.android.keychain,service,{com.android.keychain/com.android.keychain.KeyChainService}]
04-04 04:35:13.743 I/am_uid_running( 1549): 10018
04-04 04:35:13.753 I/am_proc_start( 1549): [0,3043,10018,android.process.media,broadcast,{com.android.mtp/com.android.mtp.MtpReceiver}]
04-04 04:35:13.766 I/am_proc_bound( 1549): [0,3037,com.android.keychain]
04-04 04:35:13.783 I/am_proc_bound( 1549): [0,3043,android.process.media]
04-04 04:35:13.873 I/wm_on_create_called( 2518): [176059698,com.android.launcher3.uioverrides.QuickstepLauncher,performCreate]
04-04 04:35:13.874 I/wm_on_start_called( 2518): [176059698,com.android.launcher3.uioverrides.QuickstepLauncher,handleStartActivity]
04-04 04:35:13.874 I/wm_on_resume_called( 2518): [176059698,com.android.launcher3.uioverrides.QuickstepLauncher,RESUME_ACTIVITY]
04-04 04:35:13.879 I/wm_on_top_resumed_gained_called( 2518): [176059698,com.android.launcher3.uioverrides.QuickstepLauncher,topStateChangedWhenResumed]
04-04 04:35:13.880 I/am_uid_running( 1549): 10095
04-04 04:35:13.888 I/am_proc_start( 1549): [0,3106,10095,com.tencent.mobileqq:MSF,broadcast,{com.tencent.mobileqq/com.tencent.mobileqq.msf.core.NetConnInfoCenter}]
04-04 04:35:13.901 I/input_focus( 1549): [Focus request b49246d com.android.launcher3/com.android.launcher3.uioverrides.QuickstepLauncher,reason=UpdateInputWindows]
04-04 04:35:13.903 I/am_proc_bound( 1549): [0,3106,com.tencent.mobileqq:MSF]
04-04 04:35:13.907 I/am_uid_active( 1549): 10095
04-04 04:35:13.928 I/sf_stop_bootanim( 990): 11772
04-04 04:35:13.923 I/auditd ( 3125): type=1400 audit(0.0:249): avc: denied { read } for comm="ip" name="rt_tables" dev="dm-10" ino=333 scontext=u:r:ethernet:s0 tcontext=u:object_r:net_data_file:s0 tclass=file permissive=0
04-04 04:35:13.935 I/auditd ( 3130): type=1400 audit(0.0:250): avc: denied { read } for comm="ip" name="rt_tables" dev="dm-10" ino=333 scontext=u:r:ethernet:s0 tcontext=u:object_r:net_data_file:s0 tclass=file permissive=0
04-04 04:35:13.941 I/sysui_multi_action( 1549): [319,435,322,430,325,11,757,761,758,8,759,2,806,com.android.launcher3,871,com.android.launcher3.uioverrides.QuickstepLauncher,905,0,1320,8,1321,5]
04-04 04:35:13.943 I/wm_activity_launch_time( 1549): [0,176059698,com.android.launcher3/.uioverrides.QuickstepLauncher,430]
04-04 04:35:13.948 I/input_focus( 1549): [Focus entering b49246d com.android.launcher3/com.android.launcher3.uioverrides.QuickstepLauncher (server),reason=setFocusedWindow]
04-04 04:35:13.958 I/am_uid_running( 1549): 10067
04-04 04:35:13.962 I/wm_destroy_activity( 1549): [0,217353171,2,com.android.settings/.FallbackHome,finish-idle]
04-04 04:35:13.963 I/wm_on_stop_called( 2388): [217353171,com.android.settings.FallbackHome,LIFECYCLER_STOP_ACTIVITY]
04-04 04:35:13.966 I/am_proc_start( 1549): [0,3142,10067,com.android.inputmethod.latin,service,{com.android.inputmethod.latin/com.android.inputmethod.latin.LatinIME}]
04-04 04:35:13.966 I/wm_on_destroy_called( 2388): [217353171,com.android.settings.FallbackHome,performDestroy]
04-04 04:35:13.987 I/am_proc_bound( 1549): [0,3142,com.android.inputmethod.latin]
04-04 04:35:13.990 I/am_uid_active( 1549): 10067
04-04 04:35:14.040 I/commit_sys_config_file( 1549): [input-subtypes,0]
04-04 04:35:14.077 I/am_uid_running( 1549): 10021
04-04 04:35:14.092 I/am_proc_start( 1549): [0,3177,10021,android.process.acore,content provider,{com.android.providers.userdictionary/com.android.providers.userdictionary.UserDictionaryProvider}]
04-04 04:35:14.109 I/am_proc_bound( 1549): [0,3177,android.process.acore]
04-04 04:35:14.111 I/am_uid_active( 1549): 10021
04-04 04:35:14.127 I/auditd ( 3193): type=1400 audit(0.0:251): avc: denied { read } for comm="ip" name="rt_tables" dev="dm-10" ino=333 scontext=u:r:ethernet:s0 tcontext=u:object_r:net_data_file:s0 tclass=file permissive=0
04-04 04:35:14.139 I/auditd ( 3194): type=1400 audit(0.0:252): avc: denied { read } for comm="ip" name="rt_tables" dev="dm-10" ino=333 scontext=u:r:ethernet:s0 tcontext=u:object_r:net_data_file:s0 tclass=file permissive=0
04-04 04:35:14.158 I/am_meminfo( 1549): [1102487552,4686602240,12288,313819136,613198848]
04-04 04:35:14.167 I/am_pss ( 1549): [2556,10080,com.qualcomm.qti.qccauthmgr,6684672,4247552,0,95313920,2,5,5]
04-04 04:35:14.176 I/am_pss ( 1549): [2427,10064,com.thundercomm.gamemode.provider,8065024,5713920,0,95625216,2,5,5]
04-04 04:35:14.183 I/am_pss ( 1549): [2398,10092,android.ext.services,9842688,4804608,0,102576128,2,5,5]
04-04 04:35:14.190 I/am_pss ( 1549): [2367,1000,com.qualcomm.qti.qdma,11194368,7274496,0,106291200,2,0,5]
04-04 04:35:14.198 I/am_pss ( 1549): [2331,10062,com.qualcomm.qti.devicestatisticsservice,5459968,3440640,0,89563136,2,0,5]
04-04 04:35:14.207 I/am_pss ( 1549): [2318,1000,com.thundercomm.tcservice,8131584,5914624,0,94896128,2,0,6]
04-04 04:35:14.219 I/am_pss ( 1549): [2305,1000,com.thundercomm.remotecontrolservice,8776704,5812224,0,100028416,2,0,5]
04-04 04:35:14.230 I/am_pss ( 1549): [2291,1068,com.android.se,5967872,3899392,0,91488256,2,0,6]
04-04 04:35:14.232 I/wm_task_removed( 1549): [2,cleanUpResourcesForDestroy]
04-04 04:35:14.232 I/wm_task_removed( 1549): [2,removeChild:removeChild last r=ActivityRecord{cf48bd3 u0 com.android.settings/.FallbackHome t-1 f}} in t=Task{8b1671b #2 type=home A=1000:com.android.settings.FallbackHome U=0 visible=false mode=fullscreen translucent=true sz=0}]
04-04 04:35:14.232 I/wm_task_removed( 1549): [2,removeChild]
04-04 04:35:14.249 I/am_pss ( 1549): [2265,10083,com.qti.qualcomm.mstatssystemservice,5611520,3612672,0,89952256,2,0,6]
04-04 04:35:14.258 I/am_pss ( 1549): [2249,1000,vendor.qti.qesdk.sysservice,5752832,3678208,0,91152384,2,0,5]
04-04 04:35:14.266 I/am_pss ( 1549): [2221,1000,com.thundercomm.tcsetupwizard,6891520,4902912,0,91172864,2,0,5]
04-04 04:35:14.273 I/am_pss ( 1549): [2207,1073,com.android.networkstack.process,11502592,8593408,0,103026688,2,0,5]
04-04 04:35:14.285 I/am_pss ( 1549): [2174,1000,com.thundercomm.tchttpserver,7447552,5451776,0,91873280,2,0,5]
04-04 04:35:14.279 I/auditd ( 3274): type=1400 audit(0.0:253): avc: denied { read } for comm="ip" name="rt_tables" dev="dm-10" ino=333 scontext=u:r:ethernet:s0 tcontext=u:object_r:net_data_file:s0 tclass=file permissive=0
04-04 04:35:14.292 I/am_pss ( 1549): [2185,1000,com.tc.logclient,6734848,4739072,0,91144192,2,0,5]
04-04 04:35:14.299 I/am_pss ( 1549): [2163,10053,.qtidataservices,6274048,4227072,0,91860992,2,0,5]
04-04 04:35:14.305 I/am_pss ( 1549): [2149,1001,.dataservices,7427072,5332992,0,92864512,2,0,5]
04-04 04:35:14.311 I/am_pss ( 1549): [2148,1000,com.thundercomm.microsettings,28884992,25681920,0,117784576,2,0,6]
04-04 04:35:14.322 I/am_pss ( 1549): [2140,1000,com.thundercomm.microservice,8962048,6799360,0,95473664,2,0,5]
04-04 04:35:14.329 I/am_pss ( 1549): [2053,1000,com.thundercomm.gamemode,8738816,6615040,0,94969856,2,0,5]
04-04 04:35:14.343 I/am_pss ( 1549): [1978,10078,com.android.systemui,160854016,139599872,0,310816768,2,0,10]
04-04 04:35:14.367 I/am_pss ( 1549): [1549,1000,system,202597376,103653376,0,511508480,2,0,16]
04-04 04:35:14.901 I/am_proc_start( 1549): [0,3311,10095,com.tencent.mobileqq,content provider,{com.tencent.mobileqq/com.tencent.mqq.shared_file_accessor.ContentProviderImpl}]
04-04 04:35:14.919 I/am_proc_bound( 1549): [0,3311,com.tencent.mobileqq]
04-04 04:35:15.171 I/auditd ( 2944): type=1400 audit(0.0:279): avc: granted { nlmsg_readpriv } for comm="cent.qqmusicpad" scontext=u:r:untrusted_app_27:s0:c94,c256,c512,c768 tcontext=u:r:untrusted_app_27:s0:c94,c256,c512,c768 tclass=netlink_route_socket app=com.tencent.qqmusicpad
04-04 04:35:15.203 I/auditd ( 2944): type=1400 audit(0.0:280): avc: denied { search } for comm="cent.qqmusicpad" name="net" dev="sysfs" ino=46928 scontext=u:r:untrusted_app_27:s0:c94,c256,c512,c768 tcontext=u:object_r:sysfs_net:s0 tclass=dir permissive=0 app=com.tencent.qqmusicpad
04-04 04:35:15.203 I/auditd ( 2944): type=1400 audit(0.0:281): avc: denied { search } for comm="cent.qqmusicpad" name="net" dev="sysfs" ino=46929 scontext=u:r:untrusted_app_27:s0:c94,c256,c512,c768 tcontext=u:object_r:sysfs_net:s0 tclass=dir permissive=0 app=com.tencent.qqmusicpad
04-04 04:35:15.203 I/auditd ( 2944): type=1400 audit(0.0:282): avc: granted { nlmsg_readpriv } for comm="cent.qqmusicpad" scontext=u:r:untrusted_app_27:s0:c94,c256,c512,c768 tcontext=u:r:untrusted_app_27:s0:c94,c256,c512,c768 tclass=netlink_route_socket app=com.tencent.qqmusicpad
04-04 04:35:15.343 I/am_wtf ( 1549): [0,1549,system_server,-1,ActivityManager,Background started FGS: Disallowed [callingPackage: com.tencent.qqmusicpad; callingUid: 10094; uidState: SVC ; intent: Intent { cmp=com.tencent.qqmusicpad/com.tencent.qqmusic.innovation.network.service.NetworkService }; code:DENIED; tempAllowListReason:; targetSdkVersion:28; callerTargetSdkVersion:28; startForegroundCount:0; bindFromPackage:null]]
04-04 04:35:15.344 I/service_manager_stats( 1549): [743,285,5124]
04-04 04:35:15.345 I/am_uid_active( 1549): 10094
04-04 04:35:15.413 I/am_proc_start( 1549): [0,3433,10094,com.tencent.qqmusicpad:QQPlayerService,service,{com.tencent.qqmusicpad/com.tencent.qqmusicplayerprocess.service.QQPlayerServiceNew}]
04-04 04:35:15.422 I/commit_sys_config_file( 1549): [jobs,3]
04-04 04:35:15.434 I/am_proc_bound( 1549): [0,3433,com.tencent.qqmusicpad:QQPlayerService]
04-04 04:35:15.438 I/notification_enqueue( 1549): [10094,2944,com.tencent.qqmusicpad,1,NULL,0,Notification(channel=NetworkService_1 shortcut=null contentView=null vibrate=null sound=null defaults=0x0 flags=0x40 color=0x00000000 vis=PRIVATE),0]
04-04 04:35:15.439 I/sysui_multi_action( 1549): [757,128,758,5,759,8,793,2,794,0,795,2,796,1,806,com.tencent.qqmusicpad,857,NetworkService_1,858,2,947,0,1500,2,1688,1]
04-04 04:35:15.440 I/notification_canceled( 1549): [0|com.tencent.qqmusicpad|1|null|10094,8,2,2,0,-1,-1,NULL]
04-04 04:35:15.503 I/am_crash( 1549): [2331,0,com.qualcomm.qti.devicestatisticsservice,814235213,java.lang.ClassNotFoundException,android.hidl.manager.V1_0.IServiceNotification$Stub,DeviceStatisticsService.java,83]
04-04 04:35:15.507 I/sysui_multi_action( 1549): [757,316,758,4,759,-1]
04-04 04:35:15.513 I/am_proc_died( 1549): [0,2331,com.qualcomm.qti.devicestatisticsservice,-800,0]
04-04 04:35:15.514 I/am_wtf ( 1549): [0,1549,system_server,-1,BootReceiver,open failed: ENOENT (No such file or directory)]
04-04 04:35:15.517 I/am_schedule_service_restart( 1549): [0,com.qualcomm.qti.devicestatisticsservice/.DeviceStatisticsService,0]
04-04 04:35:15.517 I/am_uid_stopped( 1549): 10062
04-04 04:35:15.517 I/am_uid_running( 1549): 10062
04-04 04:35:15.519 I/am_uid_active( 1549): 10062
04-04 04:35:15.525 I/am_proc_start( 1549): [0,3493,10062,com.qualcomm.qti.devicestatisticsservice,restart,com.qualcomm.qti.devicestatisticsservice]
04-04 04:35:15.535 I/sysui_multi_action( 1549): [757,804,799,shutdown_activity_manager,801,635,802,1]
04-04 04:35:15.535 I/sysui_multi_action( 1549): [757,804,799,shutdown_radios,801,2,802,1]
04-04 04:35:15.535 I/sysui_multi_action( 1549): [757,804,799,shutdown_send_shutdown_broadcast,801,39,802,1]
04-04 04:35:15.535 I/sysui_multi_action( 1549): [757,804,799,shutdown_system_server,801,687,802,1]
04-04 04:35:15.535 I/sysui_multi_action( 1549): [757,804,799,shutdown_package_manager,801,9,802,1]
04-04 04:35:15.536 I/commit_sys_config_file( 1549): [log-files,3777]
04-04 04:35:15.538 I/am_uid_active( 1549): 10018
04-04 04:35:15.544 I/am_proc_bound( 1549): [0,3493,com.qualcomm.qti.devicestatisticsservice]
04-04 04:35:15.557 D/TelephonyRegistry( 1549): listen oscl: mHasNotifySubscriptionInfoChangedOccurred==false no callback
04-04 04:35:15.569 I/am_proc_start( 1549): [0,3526,1000,com.qti.diagservices,broadcast,{com.qti.diagservices/com.qti.diagservices.Diag_OnBoot}]
04-04 04:35:15.586 I/am_proc_bound( 1549): [0,3526,com.qti.diagservices]
04-04 04:35:15.600 I/notification_enqueue( 1549): [10094,2944,com.tencent.qqmusicpad,1,NULL,0,Notification(channel=NetworkService_1 shortcut=null contentView=null vibrate=null sound=null defaults=0x0 flags=0x40 color=0x00000000 vis=PRIVATE),0]
04-04 04:35:15.600 I/sysui_multi_action( 1549): [757,128,758,5,759,8,793,1,794,0,795,1,796,1,806,com.tencent.qqmusicpad,857,NetworkService_1,858,2,947,0,1500,1]
04-04 04:35:15.600 I/notification_canceled( 1549): [0|com.tencent.qqmusicpad|1|null|10094,8,1,1,0,-1,-1,NULL]
04-04 04:35:15.639 I/auditd ( 3526): type=1400 audit(0.0:283): avc: denied { read write } for comm="ti.diagservices" name="diag" dev="tmpfs" ino=11410 scontext=u:r:system_app:s0 tcontext=u:object_r:vendor_diag_device:s0 tclass=chr_file permissive=0
04-04 04:35:15.739 I/notification_cancel_all( 1549): [10094,2944,com.tencent.qqmusicpad,0,0,64,9,NULL]
04-04 04:35:15.818 I/netstats_mobile_sample( 1549): [0,0,0,0,0,0,0,0,0,0,0,0,1680554115818]
04-04 04:35:15.818 I/netstats_wifi_sample( 1549): [0,0,0,0,0,0,0,0,0,0,0,0,1680554115818]
04-04 04:35:15.822 I/netstats_mobile_sample( 1549): [0,0,0,0,0,0,0,0,0,0,0,0,1680554115822]
04-04 04:35:15.822 I/netstats_wifi_sample( 1549): [0,0,0,0,0,0,0,0,0,0,0,0,1680554115822]
04-04 04:35:16.171 I/commit_sys_config_file( 1549): [notification-policy,4601]
04-04 04:35:16.516 I/backup_transport_lifecycle( 1549): [com.android.localtransport/.LocalTransportService,1]
04-04 04:35:16.524 I/am_proc_start( 1549): [0,3675,1000,com.android.localtransport,service,{com.android.localtransport/com.android.localtransport.LocalTransportService}]
04-04 04:35:16.542 I/am_proc_start( 1549): [0,3682,1000,com.android.dynsystem,broadcast,{com.android.dynsystem/com.android.dynsystem.BootCompletedReceiver}]
04-04 04:35:16.553 I/am_proc_bound( 1549): [0,3675,com.android.localtransport]
04-04 04:35:16.563 I/am_proc_bound( 1549): [0,3682,com.android.dynsystem]
04-04 04:35:16.594 I/backup_transport_connection( 1549): [com.android.localtransport/.LocalTransportService,1]
04-04 04:35:16.615 I/backup_transport_lifecycle( 1549): [com.android.localtransport/.LocalTransportService,0]
04-04 04:35:16.615 I/backup_transport_connection( 1549): [com.android.localtransport/.LocalTransportService,0]
04-04 04:35:16.622 I/am_proc_start( 1549): [0,3711,1000,com.android.dynsystem:dynsystem,service,{com.android.dynsystem/com.android.dynsystem.DynamicSystemInstallationService}]
04-04 04:35:16.625 I/am_uid_running( 1549): 10019
04-04 04:35:16.634 I/am_proc_start( 1549): [0,3724,10019,com.android.managedprovisioning,broadcast,{com.android.managedprovisioning/com.android.managedprovisioning.BootReminder}]
04-04 04:35:16.637 I/am_proc_bound( 1549): [0,3711,com.android.dynsystem:dynsystem]
04-04 04:35:16.638 I/sysui_multi_action( 1549): [757,1717,758,1,759,0]
04-04 04:35:16.638 I/sysui_multi_action( 1549): [757,1717,758,2,759,0]
04-04 04:35:16.638 I/sysui_multi_action( 1549): [757,1717,758,3,759,0]
04-04 04:35:16.649 I/sysui_multi_action( 1978): [757,803,799,note_peek,802,1]
04-04 04:35:16.652 I/sysui_multi_action( 1549): [757,127,758,1]
04-04 04:35:16.652 I/sysui_multi_action( 1549): [757,804,799,note_load,801,1,802,1]
04-04 04:35:16.652 I/sysui_heads_up_status( 1978): [-1|android|26|null|1000,1]
04-04 04:35:16.652 I/notification_panel_revealed( 1549): 1
04-04 04:35:16.656 I/am_proc_bound( 1549): [0,3724,com.android.managedprovisioning]
04-04 04:35:16.657 I/sysui_multi_action( 1549): [757,128,758,1,793,4125,794,0,795,4125,796,32,798,1,806,android,857,USB,858,1,947,0,1395,2,1500,3808,1688,1]
04-04 04:35:16.657 I/sysui_multi_action( 1549): [757,804,799,note_freshness,801,4125,802,1]
