04-04 04:39:42.467 I/OpenGLRenderer( 2940): Davey! duration=9223371756569ms; Flags=0, FrameTimelineVsyncId=5497, IntendedVsync=280285131292, Vsync=280285131292, InputEventId=0, HandleInputStart=280286077859, AnimationStart=280286081870, PerformTraversalsStart=280286084943, DrawStart=280287234057, FrameDeadline=280318464624, FrameInterval=280286067443, FrameStartTime=16666666, SyncQueued=280287903693, SyncStart=280288144474, IssueDrawCommandsStart=280289054786, SwapBuffers=280295285516, FrameCompleted=9223372036854775807, DequeueBufferDuration=42343, QueueBufferDuration=1295990, GpuCompleted=9223372036854775807, SwapBuffersCompleted=280297223380, DisplayPresentTime=0,
04-04 04:39:42.491 I/auditd ( 0): type=1400 audit(0.0:536): avc: denied { kill } for comm="swapper/3" capability=5 scontext=u:r:kernel:s0 tcontext=u:r:kernel:s0 tclass=capability permissive=0
04-04 04:39:42.491 W/swapper/3( 0): type=1400 audit(0.0:536): avc: denied { kill } for capability=5 scontext=u:r:kernel:s0 tcontext=u:r:kernel:s0 tclass=capability permissive=0
04-04 04:39:42.566 D/audio_hw_primary( 804): copl(0xf1b0a7e0):out of compress_wait
04-04 04:39:42.570 D/audio_hw_primary( 804): No space available in compress driver, post msg to cb thread
04-04 04:39:42.570 D/audio_hw_primary( 804): copl(0xf1b0a7e0):calling compress_wait
04-04 04:39:42.696 D/MSF.C.NetConnTag.true( 3106): preDetectTimeoutMsg cmd:ByYjJzs/IAk8IH4EOB8gLgcwNw, ssoSeq:17278
04-04 04:39:42.731 I/mpu_uart( 645): [MSG-P:RECV]:No message received in 1000 ms
04-04 04:39:42.750 I/OpenGLRenderer( 2940): Davey! duration=9223371756285ms; Flags=0, FrameTimelineVsyncId=5503, IntendedVsync=280569161623, Vsync=280569161623, InputEventId=0, HandleInputStart=280569592859, AnimationStart=280569596141, PerformTraversalsStart=280569598953, DrawStart=280570557286, FrameDeadline=280602494955, FrameInterval=280569584682, FrameStartTime=16666666, SyncQueued=280571234838, SyncStart=280571337599, IssueDrawCommandsStart=280572328016, SwapBuffers=280578889474, FrameCompleted=9223372036854775807, DequeueBufferDuration=57500, QueueBufferDuration=1714219, GpuCompleted=9223372036854775807, SwapBuffersCompleted=280581332338, DisplayPresentTime=0,
04-04 04:39:42.900 I/OpenGLRenderer( 2940): Davey! duration=9223371756134ms; Flags=0, FrameTimelineVsyncId=5506, IntendedVsync=280719519444, Vsync=280719519444, InputEventId=0, HandleInputStart=280720280463, AnimationStart=280720283536, PerformTraversalsStart=280720286245, DrawStart=280721294213, FrameDeadline=280752852776, FrameInterval=280720271088, FrameStartTime=16666666, SyncQueued=280722019890, SyncStart=280722372911, IssueDrawCommandsStart=280723209682, SwapBuffers=280729335463, FrameCompleted=9223372036854775807, DequeueBufferDuration=47813, QueueBufferDuration=1135208, GpuCompleted=9223372036854775807, SwapBuffersCompleted=280731089161, DisplayPresentTime=0,
04-04 04:39:42.926 D/MSF.C.NetConnTag.true( 3106): preDetectTimeoutMsg cmd:ByYjJzs/IAk8IH4EOB8gLgcwNw, ssoSeq:17279
04-04 04:39:42.990 W/Settings( 3106): Setting airplane_mode_on has moved from android.provider.Settings.System to android.provider.Settings.Global, returning read-only value.
04-04 04:39:42.992 W/Settings( 3106): Setting airplane_mode_on has moved from android.provider.Settings.System to android.provider.Settings.Global, returning read-only value.
04-04 04:39:42.993 W/Settings( 3106): Setting airplane_mode_on has moved from android.provider.Settings.System to android.provider.Settings.Global, returning read-only value.
04-04 04:39:42.994 W/Settings( 3106): Setting airplane_mode_on has moved from android.provider.Settings.System to android.provider.Settings.Global, returning read-only value.
04-04 04:39:42.995 W/Settings( 3106): Setting airplane_mode_on has moved from android.provider.Settings.System to android.provider.Settings.Global, returning read-only value.
04-04 04:39:42.996 W/Settings( 3106): Setting airplane_mode_on has moved from android.provider.Settings.System to android.provider.Settings.Global, returning read-only value.
04-04 04:39:42.998 W/Settings( 3106): Setting airplane_mode_on has moved from android.provider.Settings.System to android.provider.Settings.Global, returning read-only value.
04-04 04:39:42.999 W/Settings( 3106): Setting airplane_mode_on has moved from android.provider.Settings.System to android.provider.Settings.Global, returning read-only value.
04-04 04:39:43.001 W/Settings( 3106): Setting airplane_mode_on has moved from android.provider.Settings.System to android.provider.Settings.Global, returning read-only value.
04-04 04:39:43.032 I/input_interaction( 1549): Interaction with: a84d3d5 com.android.music/com.android.music.MusicBrowserActivity (server), edge-swipe (server), swipe-up (server), PointerEventDispatcher0 (server), --------- beginning of system
04-04 04:39:43.049 W/FreeFormWindowHelper( 1549): Current Display FreeFormTask is null
04-04 04:39:43.050 W/FreeFormWindowHelper( 1549): Current Display FreeFormTask is null
04-04 04:39:43.054 W/FreeFormWindowHelper( 1549): Current Display FreeFormTask is null
04-04 04:39:43.055 W/FreeFormWindowHelper( 1549): Current Display FreeFormTask is null
04-04 04:39:43.056 I/wm_task_moved( 1549): [1,0,0]
04-04 04:39:43.057 I/wm_task_moved( 1549): [1,0,5]
04-04 04:39:43.057 I/EventSequenceValidator( 1549): inc AccIntentStartedEvents to 2
04-04 04:39:43.067 I/InputDispatcher( 1549): Monitor swipe-up (server) is stealing touch from [a84d3d5 com.android.music/com.android.music.MusicBrowserActivity (server), ]
04-04 04:39:43.068 I/view_enqueue_input_event( 2940): [Motion - Cancel,com.android.music/com.android.music.MusicBrowserActivity]
04-04 04:39:43.070 I/input_interaction( 1549): Interaction with: edge-swipe (server), swipe-up (server), PointerEventDispatcher0 (server),
04-04 04:39:43.075 I/BpBinder( 990): onLastStrongRef automatically unlinking death recipients:
04-04 04:39:43.077 I/input_focus( 1549): [Focus request recents_animation_input_consumer,reason=UpdateInputWindows]
04-04 04:39:43.077 V/ShadeControllerImpl( 1978): NotificationShadeWindow: com.android.systemui.statusbar.phone.NotificationShadeWindowView{51061ef I.E...... ......ID 0,0-2380,1020} canPanelBeCollapsed(): false
04-04 04:39:43.086 I/wm_on_restart_called( 2518): [176059698,com.android.launcher3.uioverrides.QuickstepLauncher,performRestartActivity]
04-04 04:39:43.087 D/StateManager( 2518): goToState: Background
04-04 04:39:43.087 W/FreeFormWindowHelper( 1549): Current Display FreeFormTask is null
04-04 04:39:43.087 W/FreeFormWindowHelper( 1549): Current Display FreeFormTask is null
04-04 04:39:43.087 D/FreeWindowContainer( 2518): reloadTask: null
04-04 04:39:43.087 W/FreeFormWindowHelper( 1549): Current Display FreeFormTask is null
04-04 04:39:43.090 V/GameTypeUtils( 2518): judge isGame:com.android.gallery3d
04-04 04:39:43.091 V/GameTypeUtils( 2518): judge isGame:com.android.music
04-04 04:39:43.091 V/GameTypeUtils( 2518): judge isGame:com.android.music
04-04 04:39:43.091 V/GameTypeUtils( 2518): judge isGame:com.microsoft.emmx
04-04 04:39:43.091 V/GameTypeUtils( 2518): judge isGame:com.ss.android.lark
04-04 04:39:43.092 V/GameTypeUtils( 2518): judge isGame:com.android.documentsui
04-04 04:39:43.092 V/GameTypeUtils( 2518): judge isGame:com.sohu.inputmethod.sogou.car
04-04 04:39:43.092 V/GameTypeUtils( 2518): judge isGame:com.tencent.mobileqq
04-04 04:39:43.092 I/input_focus( 1549): [Focus leaving a84d3d5 com.android.music/com.android.music.MusicBrowserActivity (server),reason=NOT_FOCUSABLE]
04-04 04:39:43.092 V/GameTypeUtils( 2518): judge isGame:com.tencent.qqmusicpad
04-04 04:39:43.092 I/input_focus( 1549): [Focus entering recents_animation_input_consumer (server),reason=setFocusedWindow]
04-04 04:39:43.112 D/EditModeHelper( 2518): setHotseatVisibility: 8
04-04 04:39:43.114 I/wm_on_start_called( 2518): [176059698,com.android.launcher3.uioverrides.QuickstepLauncher,handleStartActivity]
04-04 04:39:43.115 D/BaseIconFactory( 2518): normalizeAndWrapToAdaptiveIcon: scale=0.8095241
04-04 04:39:43.115 W/FreeFormWindowHelper( 1549): Current Display FreeFormTask is null
04-04 04:39:43.115 W/FreeFormWindowHelper( 1549): Current Display FreeFormTask is null
04-04 04:39:43.121 W/FreeFormWindowHelper( 1549): Current Display FreeFormTask is null
04-04 04:39:43.121 W/FreeFormWindowHelper( 1549): Current Display FreeFormTask is null
04-04 04:39:43.123 I/AdrenoGLES-0( 1549): QUALCOMM build : 47421dbee6, I139f36ad46
04-04 04:39:43.123 I/AdrenoGLES-0( 1549): Build Date : 02/18/22
04-04 04:39:43.123 I/AdrenoGLES-0( 1549): OpenGL ES Shader Compiler Version: EV031.32.02.17
04-04 04:39:43.123 I/AdrenoGLES-0( 1549): Local Branch :
04-04 04:39:43.123 I/AdrenoGLES-0( 1549): Remote Branch :
04-04 04:39:43.123 I/AdrenoGLES-0( 1549): Remote Branch :
04-04 04:39:43.123 I/AdrenoGLES-0( 1549): Reconstruct Branch :
04-04 04:39:43.123 I/AdrenoGLES-0( 1549): Build Config : S P 10.0.7 AArch64
04-04 04:39:43.123 I/AdrenoGLES-0( 1549): Driver Path : /vendor/lib64/egl/libGLESv2_adreno.so
04-04 04:39:43.123 I/LatencyTracker( 2518): ACTION_TOGGLE_RECENTS latency=91
04-04 04:39:43.123 I/sysui_latency( 2518): [1,91]
04-04 04:39:43.128 W/FreeFormWindowHelper( 1549): Current Display FreeFormTask is null
04-04 04:39:43.129 W/FreeFormWindowHelper( 1549): Current Display FreeFormTask is null
04-04 04:39:43.129 I/hwservicemanager( 504): getTransport: Cannot find entry android.hardware.graphics.mapper@4.0::IMapper/default in either framework or device VINTF manifest.
04-04 04:39:43.131 I/EventSequenceValidator( 1549): dec AccIntentStartedEvents to 1
04-04 04:39:43.132 I/AdrenoGLES-0( 1549): PFP: 0x016dd093, ME: 0x00000000
04-04 04:39:43.134 I/sysui_multi_action( 1549): [319,10,322,72,325,280,757,761,758,9,759,5,806,com.android.launcher3,871,com.android.launcher3.uioverrides.QuickstepLauncher,905,0,1320,8,1321,5]
04-04 04:39:43.138 D/libEGL ( 1549): MSAA-->msaa:0 gamemode:0 4x_msaa:0
04-04 04:39:43.138 D/libEGL ( 1549): MSAA-->msaa:0 gamemode:0 4x_msaa:0
04-04 04:39:43.138 D/libEGL ( 1549): MSAA-->msaa:0 gamemode:0 4x_msaa:0
04-04 04:39:43.142 W/FreeFormWindowHelper( 1549): Current Display FreeFormTask is null
04-04 04:39:43.142 W/FreeFormWindowHelper( 1549): Current Display FreeFormTask is null
04-04 04:39:43.159 W/FreeFormWindowHelper( 1549): Current Display FreeFormTask is null
04-04 04:39:43.159 W/FreeFormWindowHelper( 1549): Current Display FreeFormTask is null
04-04 04:39:43.195 W/OrientationEventListener( 2518): Cannot detect sensors. Invalid disable
04-04 04:39:43.199 D/FreeWindowHelper( 2518): enterOrExitRecentTasks: isEnterRecentTasks=false,mExitFlag=0
04-04 04:39:43.199 W/FreeFormWindowHelper( 1549): exitRecentTasks type=0
04-04 04:39:43.199 D/EditModeHelper( 2518): setHotseatVisibility: 0
04-04 04:39:43.209 W/FreeFormWindowHelper( 1549): Current Display FreeFormTask is null
04-04 04:39:43.209 W/FreeFormWindowHelper( 1549): Current Display FreeFormTask is null
04-04 04:39:43.210 W/View ( 2518): requestLayout() improperly called by com.android.launcher3.views.NoInsetView{fdb96cd V.ED..... ......ID 2038,0-2380,1020 #7f09007c app:id/bg_hotseat} during layout: running second layout pass
04-04 04:39:43.319 I/commit_sys_config_file( 1549): [settings-1-0,4]
04-04 04:39:43.376 D/audio_hw_primary( 804): copl(0xf1b0a7e0):out of compress_wait
04-04 04:39:43.380 D/audio_hw_primary( 804): No space available in compress driver, post msg to cb thread
04-04 04:39:43.380 D/audio_hw_primary( 804): copl(0xf1b0a7e0):calling compress_wait
04-04 04:39:43.429 I/LatencyTracker( 1549): ACTION_START_RECENTS_ANIMATION latency=93
04-04 04:39:43.429 I/sysui_latency( 1549): [8,93]
04-04 04:39:43.491 I/auditd ( 0): type=1400 audit(0.0:537): avc: denied { kill } for comm="swapper/3" capability=5 scontext=u:r:kernel:s0 tcontext=u:r:kernel:s0 tclass=capability permissive=0
04-04 04:39:43.491 W/swapper/3( 0): type=1400 audit(0.0:537): avc: denied { kill } for capability=5 scontext=u:r:kernel:s0 tcontext=u:r:kernel:s0 tclass=capability permissive=0
04-04 04:39:43.535 D/MsfServiceSdk( 3311): registerProxyDone
04-04 04:39:43.536 I/GuildRegisterProxy( 3311): onInitState: 290983097 mStepId:105 guildUdcFlag:0 troopGuildUdcFlag:1
04-04 04:39:43.536 I/NTKernel( 3311): [NTSDK]seq(1222)---- [INFO] session_base.cpp(304)::SetOnMsfStatusChanged [NT Session]->SetOnMsfStatusChanged call: new_status=2, old_status=1, reason=3
04-04 04:39:43.537 D/MessageHandler( 3311): sendRegisterProxy , type = 3 , needEndPkg = true , registerProxyRandom = 0 , isGetPassword = false
04-04 04:39:43.537 D/SvcRequestRegisterNew( 3311): Type = 3, req.cOptGroupMsgFlag = 1
04-04 04:39:43.538 I/NTKernel( 3311): [NTSDK]seq(1223)---- [INFO] guild_group_msg_mgr.cc(47)::SetGroupGuildFlag SetGroupGuildFlag flag is 1
04-04 04:39:43.539 E/NTKernel( 3311): [NTSDK]seq(1224)---- [ERROR] api_caller.h(613)::ExcuteAPIHandler !!! InternalCallAPI Error Crash: APICaller[APICaller-1 ] api_fun Not Found, Must implement and register !!!
04-04 04:39:43.539 I/NTKernel( 3311): [NTSDK]seq(1225)---- [INFO] guild_msg_sync_mgr.cc(37)::SetGuildUDCFlag SetGuildUDCFlag 2
04-04 04:39:43.539 I/NTKernel( 3311): [NTSDK]seq(1226)---- [INFO] session_base.cpp(330)::operator() [NT Session]->SetOnMsfStatusChanged notify: new_status=2, old_status=1, reason=3
04-04 04:39:43.539 I/NTKernel( 3311): [NTSDK]seq(1227)---- [INFO] guild_msg_sync_mgr.cc(96)::OnMsfStatusChange [guild_msg_sync]->Guild OnMsfStatusChange new_status:2, reason:3, old_status:1
04-04 04:39:43.539 I/NTKernel( 3311): [NTSDK]seq(1228)---- [INFO] guild_msg_sync_mgr.cc(107)::StartMsgSync [guild_msg_sync]->StartMsgSync...
04-04 04:39:43.539 I/NTKernel( 3311): [NTSDK]seq(1229)---- [INFO] guild_msg_sync_mgr.cc(114)::StartMsgSync [guild_msg_sync]->key value storage has been loaded, start sync directly
04-04 04:39:43.540 I/NTKernel( 3311): [NTSDK]seq(1230)---- [INFO] guild_msg_sync_mgr.cc(389)::OnSetSyncState [guild_msg_sync]->OnSetSyncState, state:1
04-04 04:39:43.540 I/NTKernel( 3311): [NTSDK]seq(1231)---- [INFO] guild_msg_sync_mgr.cc(436)::OnSetSyncState [guild_msg_sync]->OnSetSyncState end, state:1 time:0.00
04-04 04:39:43.540 I/NTKernel( 3311): [NTSDK]seq(1232)---- [INFO] guild_msg_sync_mgr.cc(534)::OnSetLastSyncSourceType [guild_msg_sync]->OnSetLastSyncSourceType, state:1
04-04 04:39:43.540 I/NTKernel( 3311): [NTSDK]seq(1233)---- [INFO] guild_msg_sync_mgr.cc(543)::OnSetLastConnSvrTime [guild_msg_sync]->OnSetLastConnSvrTime, time:1680554383540
04-04 04:39:43.540 I/NTKernel( 3311): [NTSDK]seq(1234)---- [INFO] socket_pool.cc(366)::operator() [httpx-ng-SocketPoolManager]->Destroy socket pool
04-04 04:39:43.540 I/NTKernel( 3311): [NTSDK]seq(1235)---- [INFO] guild_msg_sync_worker.cc(237)::InternalStartMsgSync [guild_msg_sync]->InternalStartMsgSync, last_msg_time:0, req_random:331930948, flag:1
04-04 04:39:43.540 I/NTKernel( 3311): [NTSDK]seq(1236)---- [INFO] mobile_msf_depend_proxy.cc(75)::SendMsfRequest cmd:trpc.group_pro.synclogic.SyncLogic.SyncFirstView sourceType: trace=00-94f24137e9401274bffb335cd1aeae65-c045d1bdf8a1040a-00
04-04 04:39:43.543 I/[gpro_sdk]KernelSendObserver( 3311): [network] [onSendSSORequest] (desc:) requestId : 10, ssoCmd: trpc.group_pro.synclogic.SyncLogic.SyncFirstView, traceInfo : 00-94f24137e9401274bffb335cd1aeae65-43f00f2bdf247ae5-01
04-04 04:39:43.543 I/KernelSendObserver( 3311): ssoCmd: trpc.group_pro.synclogic.SyncLogic.SyncFirstView sendTimeout: 10000
04-04 04:39:43.543 I/NTKernel( 3311): [KernelServlet-MSF]seq(36)---- onSend cmd= , Intent { cmp=com.tencent.mobileqq/com.tencent.qqnt.kernel.msf.c (has extras) }
04-04 04:39:43.544 D/RegisterProxySvcPackService( 3311): requestMsgRegister , type = 3 isGetPassword = false
04-04 04:39:43.544 D/SvcRequestRegisterNew( 3311): cDisgroupMsgFilter:1,NoticeEndSeq:125460600 , ulRequestOptional : 0
04-04 04:39:43.544 D/RedPointLog.RedpointHandler( 3311): getNewFlagOp:sendredInfo :systemTimestamp = 1680554383;lastUpdateTimestamp = 1680554167;updateInterval = 600;updateLbsInterval = 3600;lastCheckLbsInfo = 0;isDebugVersion = false
04-04 04:39:43.549 I/GuildMessagePushHandler( 3311): handleOnlinePushAfterSyncMsg
04-04 04:39:43.549 I/TroopGuildInfoServiceImpl( 3311): [onReconnect] mCurrentTroopGuildAio:
04-04 04:39:43.551 I/QzoneConfig( 3311): key = qzonesetting secondaryKey= hidefeedsinconverstation value= 1
04-04 04:39:43.551 D/IMCore.PhoneContact.PhoneContactServiceImpl( 3311): onStepAction fromLogin=false
04-04 04:39:43.552 I/ArConfig_ArResourceManager( 3311): config null
04-04 04:39:43.553 D/ShortVideoResourceManager( 3311): [network]not need get config...
04-04 04:39:43.553 I/Q.qwallet.QWalletCommonServlet( 3311): send WalletConfigRequest| ReqWalletConfig{reqType=0, platform='Android|12|figure', version='8.9.30', iNetType=1, seriesNo=120730000, commonMsg='', mParameter={req_when=512}, adcode=''}
04-04 04:39:43.558 D/ElderModeManager( 3311): isAppRuntimeValid : true
04-04 04:39:43.558 D/ElderModeManager( 3311): init sElderModeSwitch=false
04-04 04:39:43.732 I/mpu_uart( 645): [MSG-P:RECV]:No message received in 1000 ms
04-04 04:39:43.758 I/input_interaction( 1549): Interaction with: fa1437c StatusBar (server), edge-swipe (server), swipe-up (server), PointerEventDispatcher0 (server),
04-04 04:39:43.761 I/sysui_multi_action( 1978): [757,803,799,panel_open,802,1]
04-04 04:39:43.762 I/sysui_multi_action( 1978): [757,1328,758,4,1326,40,1327,1,1329,0]
04-04 04:39:43.796 D/StatusBar( 1978): disable disable2
04-04 04:39:43.796 I/sysui_multi_action( 1549): [757,127,758,1]
04-04 04:39:43.797 I/sysui_multi_action( 1549): [757,804,799,note_load,801,2,802,1]
04-04 04:39:43.797 I/notification_panel_revealed( 1549): 2
04-04 04:39:43.807 I/input_focus( 1549): [Focus request 78c9013 NotificationShade,reason=UpdateInputWindows]
04-04 04:39:43.817 I/sysui_multi_action( 1549): [757,128,758,1,793,270772,794,0,795,270772,796,26,798,0,806,android,857,DEVELOPER_IMPORTANT,858,4,947,0,1395,2,1500,270525,1688,1]
04-04 04:39:43.817 I/sysui_multi_action( 1549): [757,804,799,note_freshness,801,270772,802,1]
04-04 04:39:43.817 I/notification_visibility( 1549): [-1|android|26|null|1000,1,270772,270772,0,0]
04-04 04:39:43.818 D/MSF.C.NetConnTag.( 3106): netRecv ssoSeq:17251 uin:*3097 cmd:GTcxIAkuJnQ4Jjc9KSwgKA costTime:30000 SignalStrengths wifi:0 gsm:0 cdma:0 net:2 code:1002 failMsg:wait serverResp timeout
04-04 04:39:43.818 I/sysui_multi_action( 1549): [757,128,758,1,793,271286,794,0,795,271286,796,32,798,1,806,android,857,USB,858,1,947,0,1395,2,1500,270969,1688,1]
04-04 04:39:43.818 I/sysui_multi_action( 1549): [757,804,799,note_freshness,801,271286,802,1]
04-04 04:39:43.818 I/notification_visibility( 1549): [-1|android|32|null|1000,1,271286,271286,0,1]
04-04 04:39:43.819 D/MSF.C.NetConnTag.( 3106): netRecv ssoSeq:17254 uin:*3097 cmd:GCY3BCggPAk8IH49ND4qCTMtMw costTime:30000 SignalStrengths wifi:0 gsm:0 cdma:0 net:2 code:1002 failMsg:wait serverResp timeout
04-04 04:39:43.819 D/MSF.C.NetConnTag.true( 3106): not tag regprxysvc resp seq:17254 by disconn, sockethashcode = 0
04-04 04:39:43.819 I/MSF.C.PushManager( 3106): not need to update lastRecvTimeForSG, isConned:false
04-04 04:39:43.820 I/MSF.S.AppProcessManager( 3106): SendToApp process:com.tencent.mobileqq fromServiceMsg: FromServiceMsg msName:unknown ssoSeq:17254 serviceCmd:RegPrxySvc.infoSync appSeq:304 failCode:1002 cos t =0 needBoot=false to.len = 418 from.len = 0
04-04 04:39:43.821 D/MSF.D.Proxy( 3311): onReceiveResp, fromServiceMsg = RegPrxySvc.infoSync, ssoSeq = 17254, length = 0
04-04 04:39:43.829 I/input_focus( 1549): [Focus leaving recents_animation_input_consumer (server),reason=setFocusedWindow]
04-04 04:39:43.830 I/input_focus( 1549): [Focus entering 78c9013 NotificationShade (server),reason=setFocusedWindow]
04-04 04:39:43.830 D/EditModeHelper( 2518): setHotseatVisibility: 0
04-04 04:39:43.831 D/PermissionCache( 990): checking android.permission.READ_FRAME_BUFFER for uid=1000 => granted (524 us)
04-04 04:39:43.842 I/hwservicemanager( 504): getTransport: Cannot find entry android.hardware.graphics.mapper@4.0::IMapper/default in either framework or device VINTF manifest.
04-04 04:39:43.842 I/Gralloc4( 2053): mapper 4.x is not supported
04-04 04:39:43.844 W/FreeFormWindowHelper( 1549): Current Display FreeFormTask is null
04-04 04:39:43.844 W/FreeFormWindowHelper( 1549): Current Display FreeFormTask is null
04-04 04:39:43.846 I/wm_task_moved( 1549): [1,1,6]
04-04 04:39:43.847 I/wm_task_moved( 1549): [75,1,2147483647]
04-04 04:39:43.847 I/wm_task_to_front( 1549): [0,75]
04-04 04:39:43.847 I/wm_focused_root_task( 1549): [0,0,1,78,RecentsAnimation.onAnimationFinished()]
04-04 04:39:43.847 I/wm_on_top_resumed_lost_called( 2940): [142108620,com.android.music.MusicBrowserActivity,topStateChangedWhenResumed]
04-04 04:39:43.847 I/wm_set_resumed_activity( 1549): [0,com.android.launcher3/.uioverrides.QuickstepLauncher,RecentsAnimation.onAnimationFinished()]
04-04 04:39:43.848 D/ActivityTrigger( 1549): ActivityTrigger activityPauseTrigger
04-04 04:39:43.848 I/wm_pause_activity( 1549): [0,142108620,com.android.music/.MusicBrowserActivity,userLeaving=true,pauseBackTasks]
04-04 04:39:43.849 I/wm_add_to_stopping( 1549): [0,142108620,com.android.music/.MusicBrowserActivity,makeInvisible]
04-04 04:39:43.849 I/ActivityTaskManager( 1549): FOREGROUND_APPLICATION_CHANGED to com.android.launcher3.uioverrides.QuickstepLauncher
04-04 04:39:43.850 I/wm_set_resumed_activity( 1549): [0,com.android.launcher3/.uioverrides.QuickstepLauncher,resumeTopActivityInnerLocked]
04-04 04:39:43.855 I/wm_resume_activity( 1549): [0,176059698,75,com.android.launcher3/.uioverrides.QuickstepLauncher]
04-04 04:39:43.855 I/wm_on_resume_called( 2518): [176059698,com.android.launcher3.uioverrides.QuickstepLauncher,RESUME_ACTIVITY]
04-04 04:39:43.860 I/wm_on_top_resumed_gained_called( 2518): [176059698,com.android.launcher3.uioverrides.QuickstepLauncher,topStateChangedWhenResumed]
04-04 04:39:43.862 I/wm_on_paused_called( 2940): [142108620,com.android.music.MusicBrowserActivity,performPause]
04-04 04:39:43.865 I/wm_stop_activity( 1549): [0,142108620,com.android.music/.MusicBrowserActivity]
04-04 04:39:43.865 E/MCUUtil ( 2518): saveLastActivity activityName=com.android.launcher3.uioverrides.QuickstepLauncher packageName=com.android.launcher3
04-04 04:39:43.871 I/sysui_multi_action( 1549): [757,803,799,window_time_0,802,39]
04-04 04:39:43.872 I/sysui_multi_action( 1549): [757,803,799,window_time_0,802,0]
04-04 04:39:43.879 I/sysui_multi_action( 1978): [757,111,758,1]
04-04 04:39:43.880 I/sysui_multi_action( 1978): [757,126,758,1,759,126,927,0,928,1,1593,0]
04-04 04:39:43.880 I/sysui_multi_action( 1978): [757,113,758,1,759,113,927,1,928,0,1593,0]
04-04 04:39:43.880 I/sysui_multi_action( 1978): [757,0,758,1,759,0,927,2,928,0,1593,0]
04-04 04:39:43.880 I/sysui_multi_action( 1978): [757,0,758,1,759,0,927,3,928,0,1593,0]
04-04 04:39:43.880 I/sysui_multi_action( 1978): [757,491,758,1,759,491,927,4,928,0,1311,-1,1593,0]
04-04 04:39:43.880 I/sysui_multi_action( 1978): [757,0,758,1,759,0,927,5,928,0,1593,0]
04-04 04:39:43.880 I/sysui_multi_action( 1978): [757,111,758,1]
04-04 04:39:43.880 I/sysui_multi_action( 1978): [757,126,758,1,759,126,927,0,928,1,1593,0]
04-04 04:39:43.880 I/sysui_multi_action( 1978): [757,113,758,1,759,113,927,1,928,0,1593,0]
04-04 04:39:43.880 I/sysui_multi_action( 1978): [757,0,758,1,759,0,927,2,928,0,1593,0]
04-04 04:39:43.880 I/sysui_multi_action( 1978): [757,0,758,1,759,0,927,3,928,0,1593,0]
04-04 04:39:43.884 D/libEGL ( 1549): MSAA-->msaa:0 gamemode:0 4x_msaa:0
04-04 04:39:43.885 D/libEGL ( 1549): MSAA-->msaa:0 gamemode:0 4x_msaa:0
04-04 04:39:43.886 D/libEGL ( 1549): MSAA-->msaa:0 gamemode:0 4x_msaa:0
04-04 04:39:43.891 I/am_pss ( 1549): [2940,10086,com.android.music,68936704,61771776,0,190459904,0,4,8]
04-04 04:39:43.898 I/wm_on_stop_called( 2940): [142108620,com.android.music.MusicBrowserActivity,STOP_ACTIVITY_ITEM]
04-04 04:39:43.899 I/am_pss ( 1549): [6359,10032,com.android.musicfx,5338112,3862528,0,90423296,0,19,7]
04-04 04:39:43.906 I/am_pss ( 1549): [5167,10051,com.thundercomm.screensaver,36350976,31014912,0,149934080,0,19,6]
04-04 04:39:43.916 I/am_pss ( 1549): [2944,10094,com.tencent.qqmusicpad,54902784,31158272,0,145002496,0,4,9]
04-04 04:39:43.919 I/mpu_uart( 645): [MSG-P:R]:recv sync frame timeout
04-04 04:39:43.922 I/GameMode_ActivityMonitoringService( 2053): onActivityLaunch: com.android.launcher3, isGameApp: false
04-04 04:39:43.922 V/GameMode_GpuUtils( 2053): fps:60
04-04 04:39:43.924 I/am_pss ( 1549): [3433,10094,com.tencent.qqmusicpad:QQPlayerService,41485312,19009536,0,127770624,0,4,6]
04-04 04:39:43.925 D/GameModeIF_GameModeSettings( 2053): getUriFor setting_content_uri_root = content://com.thundercomm.gamemode.api/gamemode_settings , name = gamemode_enable
04-04 04:39:43.960 W/FreeFormWindowHelper( 1549): Current Display FreeFormTask is null
04-04 04:39:43.972 W/System ( 1549): A resource failed to call close.
04-04 04:39:43.972 W/System ( 1549): A resource failed to call close.
04-04 04:39:43.975 W/System ( 1549): A resource failed to call close.
04-04 04:39:43.975 W/System ( 1549): A resource failed to call close.
04-04 04:39:43.976 W/System ( 1549): A resource failed to call release.
04-04 04:39:43.976 W/System ( 1549): A resource failed to call close.
04-04 04:39:43.976 W/System ( 1549): A resource failed to call close.
04-04 04:39:43.976 W/System ( 1549): A resource failed to call close.
04-04 04:39:43.976 W/System ( 1549): A resource failed to call close.
04-04 04:39:44.022 D/MSF.C.NetConnTag.( 3106): netRecv ssoSeq:17255 uin:*3097 cmd:ByYjJzs/IAk8IH4EOB8gLgcwNw costTime:30000 SignalStrengths wifi:0 gsm:0 cdma:0 net:2 code:1002 failMsg:wait serverResp timeout
04-04 04:39:44.023 I/MSF.C.PushManager( 3106): not need to update lastRecvTimeForSG, isConned:false
04-04 04:39:44.023 I/MSF.S.AppProcessManager( 3106): SendToApp process:com.tencent.mobileqq fromServiceMsg: FromServiceMsg msName:unknown ssoSeq:17255 serviceCmd:MessageSvc.PbGetMsg appSeq:305 failCode:1002 cos t =0 needBoot=false to.len = 58 from.len = 0
04-04 04:39:44.024 D/MSF.D.Proxy( 3311): onReceiveResp, fromServiceMsg = MessageSvc.PbGetMsg, ssoSeq = 17255, length = 0
04-04 04:39:44.196 D/audio_hw_primary( 804): copl(0xf1b0a7e0):out of compress_wait
04-04 04:39:44.200 D/audio_hw_primary( 804): No space available in compress driver, post msg to cb thread
04-04 04:39:44.200 D/audio_hw_primary( 804): copl(0xf1b0a7e0):calling compress_wait
04-04 04:39:44.228 I/ZPlanGuardManager( 3311): onLiteTimeTick, tick=22
04-04 04:39:44.256 D/MSF.C.NetConnTag.true( 3106): preDetectTimeoutMsg cmd:ByYjJzs/IAk8IH4EOB8gLgcwNw, ssoSeq:17280
04-04 04:39:44.392 E/tlogd ( 1298): [TzLogger](isPathReadable) file /sys/kernel/debug/tzdbg/qsee_log isn't exist or no permission, err: No such file or directory
04-04 04:39:44.392 E/tlogd ( 1298): [TzLogger](saveTzlogAsync) /sys/kernel/debug/tzdbg/qsee_log can not read.
04-04 04:39:44.392 E/tlogd ( 1298): [TzLogger](isPathReadable) file /sys/kernel/debug/tzdbg/log isn't exist or no permission, err: No such file or directory
04-04 04:39:44.392 E/tlogd ( 1298): [TzLogger](saveTzlogAsync) /sys/kernel/debug/tzdbg/log can not read.
04-04 04:39:44.468 D/WeakNetDetector( 3106): [MSF_StatReportThread] onPingRecved ssoSeq=17325 pingSend=1680554381428 pingRecv=1680554384468 cost=3040
04-04 04:39:44.491 I/auditd ( 0): type=1400 audit(0.0:538): avc: denied { kill } for comm="swapper/3" capability=5 scontext=u:r:kernel:s0 tcontext=u:r:kernel:s0 tclass=capability permissive=0
04-04 04:39:44.491 W/swapper/3( 0): type=1400 audit(0.0:538): avc: denied { kill } for capability=5 scontext=u:r:kernel:s0 tcontext=u:r:kernel:s0 tclass=capability permissive=0
04-04 04:39:44.539 I/NTKernel( 3311): [NTSDK]seq(1237)---- [INFO] key_value_storage.h(370)::OnTimeout KeyValueStorage timeout and cache is not empty, so start reflush into db!
04-04 04:39:44.540 I/NTKernel( 3311): [NTSDK]seq(1238)---- [INFO] table_handle.cc(99)::Upsert [data_base]->TableHandle guild_msg_kv_storage_table Upsert called
04-04 04:39:44.540 I/NTKernel( 3311): [NTSDK]seq(1240)---- [INFO] upsert_deduce_command.cc(69)::RunInternal [data_base]->task[33] upsert guild_msg_kv_storage_table count[2}]
04-04 04:39:44.574 D/MSF.C.NetConnTag.( 3106): netRecv ssoSeq:17256 uin:*3097 cmd:ByYjJzs/IAk8IH4EOB8gLgcwNw costTime:30000 SignalStrengths wifi:0 gsm:0 cdma:0 net:2 code:1002 failMsg:wait serverResp timeout
04-04 04:39:44.575 I/MSF.C.PushManager( 3106): not need to update lastRecvTimeForSG, isConned:false
04-04 04:39:44.576 I/MSF.S.AppProcessManager( 3106): SendToApp process:com.tencent.mobileqq fromServiceMsg: FromServiceMsg msName:unknown ssoSeq:17256 serviceCmd:MessageSvc.PbGetMsg appSeq:306 failCode:1002 cos t =0 needBoot=false to.len = 58 from.len = 0
04-04 04:39:44.577 D/MSF.D.Proxy( 3311): onReceiveResp, fromServiceMsg = MessageSvc.PbGetMsg, ssoSeq = 17256, length = 0
04-04 04:39:44.737 I/mpu_uart( 645): [MSG-P:RECV]:No message received in 1000 ms
04-04 04:39:45.006 D/audio_hw_primary( 804): copl(0xf1b0a7e0):out of compress_wait
04-04 04:39:45.009 D/audio_hw_primary( 804): No space available in compress driver, post msg to cb thread
04-04 04:39:45.010 D/audio_hw_primary( 804): copl(0xf1b0a7e0):calling compress_wait
04-04 04:39:45.491 I/auditd ( 0): type=1400 audit(0.0:539): avc: denied { kill } for comm="swapper/3" capability=5 scontext=u:r:kernel:s0 tcontext=u:r:kernel:s0 tclass=capability permissive=0
04-04 04:39:45.491 W/swapper/3( 0): type=1400 audit(0.0:539): avc: denied { kill } for capability=5 scontext=u:r:kernel:s0 tcontext=u:r:kernel:s0 tclass=capability permissive=0
04-04 04:39:45.739 I/mpu_uart( 645): [MSG-P:RECV]:No message received in 1000 ms
04-04 04:39:45.844 D/MSF.C.NetConnTag.true( 3106): preDetectTimeoutMsg cmd:LDE5MTQ8KTM5N34TPywRKCUsIBgzKzEILzIGZg, ssoSeq:17281
04-04 04:39:45.844 D/MSF.C.NetConnTag.true( 3106): preDetectTimeoutMsg cmd:ByYjJzs/IAk8IH4EOB8gLgcwNw, ssoSeq:17283
04-04 04:39:45.844 D/MSF.C.NetConnTag.true( 3106): preDetectTimeoutMsg cmd:ByYjJzs/IAk8IH4EOB8gLgcwNw, ssoSeq:17284
04-04 04:39:45.844 D/MSF.C.NetConnTag.true( 3106): preDetectTimeoutMsg cmd:HSI8OD8sBjUkJTkzCS43dC0mJBc1NiMzLQ, ssoSeq:17285
04-04 04:39:45.845 D/MSF.C.NetConnTag.true( 3106): preDetectTimeoutMsg cmd:BSo0NgkuJnR6O2UxOAcmNScuPzo, ssoSeq:17286
04-04 04:39:45.845 D/MSF.C.NetConnTag.true( 3106): preDetectTimeoutMsg cmd:BSo0NgkuJnR6O2UxOAd3aA, ssoSeq:17287
04-04 04:39:45.845 D/MSF.C.NetConnTag.true( 3106): preDetectTimeoutMsg cmd:BSo0NgkuJnR6O2UxOAd0bw, ssoSeq:17288
04-04 04:39:45.845 D/MSF.C.NetConnTag.true( 3106): preDetectTimeoutMsg cmd:BSo0NgkuJnR6O2UxOAd0bw, ssoSeq:17289
04-04 04:39:45.845 D/MSF.C.NetConnTag.true( 3106): preDetectTimeoutMsg cmd:GjE/MjM0IAkvMSY9OT1rGSImMz8PKCE7PiYCMSs, ssoSeq:17290
04-04 04:39:45.846 D/audio_hw_primary( 804): copl(0xf1b0a7e0):out of compress_wait
04-04 04:39:45.851 D/audio_hw_primary( 804): No space available in compress driver, post msg to cb thread
04-04 04:39:45.852 D/audio_hw_primary( 804): copl(0xf1b0a7e0):calling compress_wait
04-04 04:39:45.861 I/input_interaction( 1549): Interaction with: 78c9013 NotificationShade (server), edge-swipe (server), swipe-up (server), PointerEventDispatcher0 (server),
04-04 04:39:45.916 D/MSF.C.NetConnTag.true( 3106): preDetectTimeoutMsg cmd:GTcxIAkuJnQ4Jjc9KSwgKA, ssoSeq:17294
04-04 04:39:45.933 D/MSF.C.NetConnTag.true( 3106): preDetectTimeoutMsg cmd:BSo0NgkuJnQpLjRkIm4mPg, ssoSeq:17298
04-04 04:39:45.934 D/MSF.C.NetConnTag.true( 3106): preDetectTimeoutMsg cmd:GCY3BCggPAk8IH49ND4qCTMtMw, ssoSeq:17301
04-04 04:39:46.010 I/sysui_multi_action( 1978): [757,925,758,4,759,0,927,3,928,0,1592,0,1593,1]
04-04 04:39:46.022 I/thunderperf( 1549): Maybe need boostperf for current app!
04-04 04:39:46.022 D/FgBoostPerfService( 2053): [FgBoostPerfService.perfBoostAcq]start: stat=true pkgName=com.android.systemui
04-04 04:39:46.022 I/FgBoostPerfService( 2053): [FgBoostPerfService.perfBoostAcq] not game-mode or game app!
04-04 04:39:46.023 I/ThunderPerfManager( 1549): PerfAcq error : state=true pkgName=com.android.systemui
04-04 04:39:46.024 I/FgBoostPerfService( 2053): [GetGpuMode] isMode=0 isGame=false mGpuMode=0
04-04 04:39:46.024 I/FgBoostPerfService( 2053): [GetGpuDpiType] isMode=0 isGame=false mGpuDpiType=0
04-04 04:39:46.025 I/FgBoostPerfService( 2053): [GetGpuDpiType] isMode=0 isGame=false mGpuStandardValue=0
04-04 04:39:46.025 I/thunderperf( 1549): Current app pkgName=com.android.systemui bm:com.thundercomm.perf.BoostPerfManager@8ab3aa3 gpuMode=-1 gpuType=-1 gpuStandardVal=-1
04-04 04:39:46.025 I/ThunderBoostPerfService( 1549): Resolution: Uid=10078 Pid=1978 gMode=-1 dType=-1 gpuStandardVal=-1
04-04 04:39:46.026 I/thunderperf( 1549): PlatormCompat.setOverrides: Uid1=10078 Pid1=1978 Uid2=10078 Pid2=1978
04-04 04:39:46.026 I/thunderperf( 1549): PlatormCompat.setOverrides: needCheck:false
04-04 04:39:46.026 I/thunderperf( 1549): CompatConfig.addOverrideUnsafe: bef-state=1
04-04 04:39:46.027 E/thunderperf( 1549): CompatConfig.addOverrideUnsafe: exception:java.lang.SecurityException: Cannot override a change on a non-debuggable app and user build.
04-04 04:39:46.027 I/thunderperf( 1549): CompatConfig.addOverrideUnsafe: aft-state=1
04-04 04:39:46.028 I/thunderperf( 1549): CompatConfig.addOverrideUnsafe: bef-state=1
04-04 04:39:46.028 E/thunderperf( 1549): CompatConfig.addOverrideUnsafe: exception:java.lang.SecurityException: Cannot override a change on a non-debuggable app and user build.
04-04 04:39:46.028 I/thunderperf( 1549): CompatConfig.addOverrideUnsafe: aft-state=1
04-04 04:39:46.029 I/thunderperf( 1549): CompatConfig.addOverrideUnsafe: bef-state=1
04-04 04:39:46.029 E/thunderperf( 1549): CompatConfig.addOverrideUnsafe: exception:java.lang.SecurityException: Cannot override a change on a non-debuggable app and user build.
04-04 04:39:46.029 I/thunderperf( 1549): CompatConfig.addOverrideUnsafe: aft-state=1
04-04 04:39:46.030 I/thunderperf( 1549): CompatConfig.addOverrideUnsafe: bef-state=1
04-04 04:39:46.031 E/thunderperf( 1549): CompatConfig.addOverrideUnsafe: exception:java.lang.SecurityException: Cannot override a change on a non-debuggable app and user build.
04-04 04:39:46.031 I/thunderperf( 1549): CompatConfig.addOverrideUnsafe: aft-state=1
04-04 04:39:46.032 I/thunderperf( 1549): CompatConfig.addOverrideUnsafe: bef-state=1
04-04 04:39:46.032 E/thunderperf( 1549): CompatConfig.addOverrideUnsafe: exception:java.lang.SecurityException: Cannot override a change on a non-debuggable app and user build.
04-04 04:39:46.032 I/thunderperf( 1549): CompatConfig.addOverrideUnsafe: aft-state=1
04-04 04:39:46.033 I/thunderperf( 1549): CompatConfig.addOverrideUnsafe: bef-state=1
04-04 04:39:46.033 E/thunderperf( 1549): CompatConfig.addOverrideUnsafe: exception:java.lang.SecurityException: Cannot override a change on a non-debuggable app and user build.
04-04 04:39:46.033 I/thunderperf( 1549): CompatConfig.addOverrideUnsafe: aft-state=1
04-04 04:39:46.033 I/thunderperf( 1549): CompatConfig.addOverrideUnsafe: bef-state=1
04-04 04:39:46.034 E/thunderperf( 1549): CompatConfig.addOverrideUnsafe: exception:java.lang.SecurityException: Cannot override a change on a non-debuggable app and user build.
04-04 04:39:46.034 I/thunderperf( 1549): CompatConfig.addOverrideUnsafe: aft-state=1
04-04 04:39:46.034 I/thunderperf( 1549): CompatConfig.addOverrideUnsafe: bef-state=1
04-04 04:39:46.034 E/thunderperf( 1549): CompatConfig.addOverrideUnsafe: exception:java.lang.SecurityException: Cannot override a change on a non-debuggable app and user build.
04-04 04:39:46.035 I/thunderperf( 1549): CompatConfig.addOverrideUnsafe: aft-state=1
04-04 04:39:46.035 I/thunderperf( 1549): CompatConfig.addOverrideUnsafe: bef-state=1
04-04 04:39:46.035 E/thunderperf( 1549): CompatConfig.addOverrideUnsafe: exception:java.lang.SecurityException: Cannot override a change on a non-debuggable app and user build.
04-04 04:39:46.035 I/thunderperf( 1549): CompatConfig.addOverrideUnsafe: aft-state=1
04-04 04:39:46.036 I/thunderperf( 1549): CompatConfig.addOverrideUnsafe: bef-state=1
04-04 04:39:46.036 E/thunderperf( 1549): CompatConfig.addOverrideUnsafe: exception:java.lang.SecurityException: Cannot override a change on a non-debuggable app and user build.
04-04 04:39:46.036 I/thunderperf( 1549): CompatConfig.addOverrideUnsafe: aft-state=1
04-04 04:39:46.036 I/thunderperf( 1549): CompatConfig.addOverrideUnsafe: bef-state=1
04-04 04:39:46.037 E/thunderperf( 1549): CompatConfig.addOverrideUnsafe: exception:java.lang.SecurityException: Cannot override a change on a non-debuggable app and user build.
04-04 04:39:46.037 I/thunderperf( 1549): CompatConfig.addOverrideUnsafe: aft-state=1
04-04 04:39:46.037 I/thunderperf( 1549): CompatConfig.addOverrideUnsafe: bef-state=1
04-04 04:39:46.037 E/thunderperf( 1549): CompatConfig.addOverrideUnsafe: exception:java.lang.SecurityException: Cannot override a change on a non-debuggable app and user build.
04-04 04:39:46.037 I/thunderperf( 1549): CompatConfig.addOverrideUnsafe: aft-state=1
04-04 04:39:46.038 I/thunderperf( 1549): CompatConfig.addOverrideUnsafe: bef-state=1
04-04 04:39:46.038 E/thunderperf( 1549): CompatConfig.addOverrideUnsafe: exception:java.lang.SecurityException: Cannot override a change on a non-debuggable app and user build.
04-04 04:39:46.038 I/thunderperf( 1549): CompatConfig.addOverrideUnsafe: aft-state=1
04-04 04:39:46.039 I/thunderperf( 1549): CompatConfig.addOverrideUnsafe: bef-state=1
04-04 04:39:46.039 E/thunderperf( 1549): CompatConfig.addOverrideUnsafe: exception:java.lang.SecurityException: Cannot override a change on a non-debuggable app and user build.
04-04 04:39:46.039 I/thunderperf( 1549): CompatConfig.addOverrideUnsafe: aft-state=1
04-04 04:39:46.043 I/ThunderBoostPerfService( 1549): Disable downscaling com.android.systemui to 2380x1020
04-04 04:39:46.043 I/ActivityTaskManager( 1549): START u0 {flg=0x10000000 cmp=com.android.systemui/.screenrecord.ScreenRecordDialog} from uid 10078
04-04 04:39:46.044 I/EventSequenceValidator( 1549): inc AccIntentStartedEvents to 2
04-04 04:39:46.053 E/ANDR-PERF-JNI( 1549): com_qualcomm_qtiperformance_native_perf_io_prefetch_start
04-04 04:39:46.054 I/wm_task_created( 1549): [79,-1]
04-04 04:39:46.054 W/ActivityTaskManager( 1549): Can't find TaskDisplayArea to determine support for multi window. Task id=79 attached=false
04-04 04:39:46.054 E/ANDR-IOP( 864): io prefetch is disabled
04-04 04:39:46.055 D/CompatibilityChangeReporter( 1549): Compat change id reported: 174042980; UID 10078; state: DISABLED
04-04 04:39:46.056 D/CompatibilityChangeReporter( 1549): Compat change id reported: 184838306; UID 10078; state: DISABLED
04-04 04:39:46.056 D/CompatibilityChangeReporter( 1549): Compat change id reported: 185004937; UID 10078; state: DISABLED
04-04 04:39:46.056 D/CompatibilityChangeReporter( 1549): Compat change id reported: 181136395; UID 10078; state: DISABLED
04-04 04:39:46.056 D/CompatibilityChangeReporter( 1549): Compat change id reported: 174042936; UID 10078; state: DISABLED
04-04 04:39:46.057 I/wm_task_moved( 1549): [79,1,7]
04-04 04:39:46.057 I/wm_task_to_front( 1549): [0,79]
04-04 04:39:46.057 I/wm_create_task( 1549): [0,79]
04-04 04:39:46.057 I/wm_create_activity( 1549): [0,210079687,79,com.android.systemui/.screenrecord.ScreenRecordDialog,NULL,NULL,NULL,276824064]
04-04 04:39:46.057 I/wm_task_moved( 1549): [79,1,7]
04-04 04:39:46.057 I/wm_on_top_resumed_lost_called( 2518): [176059698,com.android.launcher3.uioverrides.QuickstepLauncher,topStateChangedWhenResumed]
04-04 04:39:46.058 D/CompatibilityInfo( 1549): mCompatibilityFlags - 4
04-04 04:39:46.058 D/CompatibilityInfo( 1549): applicationDensity - 240
04-04 04:39:46.058 D/CompatibilityInfo( 1549): applicationScale - 1.0
04-04 04:39:46.058 D/ActivityTrigger( 1549): ActivityTrigger activityPauseTrigger
04-04 04:39:46.058 I/wm_pause_activity( 1549): [0,176059698,com.android.launcher3/.uioverrides.QuickstepLauncher,userLeaving=true,pauseBackTasks]
04-04 04:39:46.060 V/ShadeControllerImpl( 1978): NotificationShadeWindow: com.android.systemui.statusbar.phone.NotificationShadeWindowView{51061ef V.E...... ........ 0,0-2380,1020} canPanelBeCollapsed(): true
04-04 04:39:46.060 I/wm_on_paused_called( 2518): [176059698,com.android.launcher3.uioverrides.QuickstepLauncher,performPause]
04-04 04:39:46.061 I/ActivityTaskManager( 1549): FOREGROUND_APPLICATION_CHANGED to com.android.systemui.screenrecord.ScreenRecordDialog
04-04 04:39:46.061 I/ActivityTaskManager( 1549): The Process com.android.systemui Already Exists in BG. So sending its PID: 1978
04-04 04:39:46.061 I/wm_restart_activity( 1549): [0,210079687,79,com.android.systemui/.screenrecord.ScreenRecordDialog]
04-04 04:39:46.061 D/CompatibilityInfo( 1549): mCompatibilityFlags - 4
04-04 04:39:46.061 D/CompatibilityInfo( 1549): applicationDensity - 240
04-04 04:39:46.061 D/CompatibilityInfo( 1549): applicationScale - 1.0
04-04 04:39:46.062 I/wm_set_resumed_activity( 1549): [0,com.android.systemui/.screenrecord.ScreenRecordDialog,minimalResumeActivityLocked]
04-04 04:39:46.065 I/sysui_multi_action( 1549): [757,803,799,window_time_0,802,2]
04-04 04:39:46.084 I/input_focus( 1549): [Focus leaving 78c9013 NotificationShade (server),reason=NOT_FOCUSABLE]
04-04 04:39:46.099 I/BpBinder( 990): onLastStrongRef automatically unlinking death recipients:
04-04 04:39:46.103 I/wm_on_create_called( 1978): [210079687,com.android.systemui.screenrecord.ScreenRecordDialog,performCreate]
04-04 04:39:46.104 I/wm_on_start_called( 1978): [210079687,com.android.systemui.screenrecord.ScreenRecordDialog,handleStartActivity]
04-04 04:39:46.104 I/wm_on_resume_called( 1978): [210079687,com.android.systemui.screenrecord.ScreenRecordDialog,RESUME_ACTIVITY]
04-04 04:39:46.108 D/KeyguardViewMediator( 1978): setOccluded true
04-04 04:39:46.108 I/wm_on_top_resumed_gained_called( 1978): [210079687,com.android.systemui.screenrecord.ScreenRecordDialog,topStateChangedWhenResumed]
04-04 04:39:46.109 E/MCUUtil ( 2518): saveLastActivity activityName=com.android.systemui.screenrecord.ScreenRecordDialog packageName=com.android.systemui
04-04 04:39:46.112 D/KeyguardViewMediator( 1978): setOccluded false
04-04 04:39:46.114 I/input_focus( 1549): [Focus request 6e5a38c com.android.systemui/com.android.systemui.screenrecord.ScreenRecordDialog,reason=UpdateInputWindows]
04-04 04:39:46.126 I/sysui_multi_action( 1549): [319,81,322,81,325,283,757,761,758,8,759,2,806,com.android.systemui,871,com.android.systemui.screenrecord.ScreenRecordDialog,904,com.android.systemui,905,0,1320,8,1321,5]
04-04 04:39:46.127 I/EventSequenceValidator( 1549): dec AccIntentStartedEvents to 1
04-04 04:39:46.127 I/wm_activity_launch_time( 1549): [0,210079687,com.android.systemui/.screenrecord.ScreenRecordDialog,81]
04-04 04:39:46.128 I/ActivityTaskManager( 1549): Displayed com.android.systemui/.screenrecord.ScreenRecordDialog: +81ms
04-04 04:39:46.135 I/input_focus( 1549): [Focus entering 6e5a38c com.android.systemui/com.android.systemui.screenrecord.ScreenRecordDialog (server),reason=setFocusedWindow]
04-04 04:39:46.163 W/FreeFormWindowHelper( 1549): Current Display FreeFormTask is null
04-04 04:39:46.163 I/GameMode_ActivityMonitoringService( 2053): onActivityLaunch: com.android.systemui, isGameApp: false
04-04 04:39:46.164 V/GameMode_GpuUtils( 2053): fps:60
04-04 04:39:46.164 D/GameModeIF_GameModeSettings( 2053): getUriFor setting_content_uri_root = content://com.thundercomm.gamemode.api/gamemode_settings , name = gamemode_enable
04-04 04:39:46.367 I/sysui_multi_action( 1978): [757,111,758,2]
04-04 04:39:46.367 I/sysui_multi_action( 1978): [757,111,758,2]
04-04 04:39:46.480 D/MSF.C.NetConnTag.DualConnContext.true( 3106): tryDualConn
04-04 04:39:46.481 D/PandoraEx.MonitorReporter( 3106): module[network], systemApi[NI#G_TY_NAME], scene[back], strategy[normal], isSystemCall[true
04-04 04:39:46.481 D/PandoraEx.MonitorReporter( 3106): module[network], systemApi[NI#G_TY_NAME], scene[back], strategy[normal], isSystemCall[true
04-04 04:39:46.481 I/MSF.D.NetworkProvider( 3106): refresh currentAPN:. received networkInfo: CONNECTED :NetworkInfo: type: WIFI[], state: CONNECTED/CONNECTED, reason: (unspecified), extra: , roaming: false, failover: false, isAvailable: true, isConnectedToProvisioningNetwork: true. ExtraNetInfo: null
04-04 04:39:46.482 D/MSF.C.NetConnTag.true( 3106): mainSocketEngineOpenConn start...activeIpFamily=1
04-04 04:39:46.482 D/MSF.C.SsoListManager( 3106): getAvailableSsoList ssoTypeKey = SocketWifiIpv4, curr size null
04-04 04:39:46.482 D/MSF.C.SsoListManager( 3106): getAvailableSsoList ssoTypeKey = SocketMobileIpv4, curr size null
04-04 04:39:46.482 D/MSF.C.NetConnTag.true( 3106): mainSocketEngineOpenConn try single conn wifiSsoList=10, mobileSsoList=6
04-04 04:39:46.482 D/MSF.C.NetConnTag.true( 3106): [setMainSocketEngineId] mainConnID: 0
04-04 04:39:46.482 D/PandoraEx.MonitorReporter( 3106): module[network], systemApi[NI#G_TY_NAME], scene[back], strategy[normal], isSystemCall[true
04-04 04:39:46.482 D/PandoraEx.MonitorReporter( 3106): module[network], systemApi[NI#G_TY_NAME], scene[back], strategy[normal], isSystemCall[true
04-04 04:39:46.482 I/MSF.D.NetworkProvider( 3106): refresh currentAPN:. received networkInfo: CONNECTED :NetworkInfo: type: WIFI[], state: CONNECTED/CONNECTED, reason: (unspecified), extra: , roaming: false, failover: false, isAvailable: true, isConnectedToProvisioningNetwork: true. ExtraNetInfo: null
04-04 04:39:46.483 W/Choreographer( 1978): Frame time is 0.298212 ms in the future! Check that graphics HAL is generating vsync timestamps using the correct timebase.
04-04 04:39:46.483 W/Settings( 3106): Setting airplane_mode_on has moved from android.provider.Settings.System to android.provider.Settings.Global, returning read-only value.
04-04 04:39:46.483 D/PandoraEx.MonitorReporter( 3106): module[network], systemApi[NI#G_TY_NAME], scene[back], strategy[normal], isSystemCall[true
04-04 04:39:46.484 D/PandoraEx.MonitorReporter( 3106): module[network], systemApi[NI#G_TY_NAME], scene[back], strategy[normal], isSystemCall[true
04-04 04:39:46.484 I/MSF.D.NetworkProvider( 3106): refresh currentAPN:. received networkInfo: CONNECTED :NetworkInfo: type: WIFI[], state: CONNECTED/CONNECTED, reason: (unspecified), extra: , roaming: false, failover: false, isAvailable: true, isConnectedToProvisioningNetwork: true. ExtraNetInfo: null
04-04 04:39:46.485 D/MSF.C.NetConnTag.true( 3106): try open Conn OSwzPz8sf3VlLiMyLTEjM2RwN3orKWs5JS5qbGpgdXl6c2BkamJ1YHt5YmRgPiQ2OSZqOi80KWAkNjw4YGl/Ljg2NW5q noneProxy net:2 cross:0 protocalsocket
04-04 04:39:46.486 E/MSF.C.NetConnTag.true( 3106): [openConn] socket has built, socketEngineID: 0socket: 196488356java.lang.Throwable
04-04 04:39:46.486 E/MSF.C.NetConnTag.true( 3106): at com.tencent.mobileqq.msf.core.net.m.a(P:44)
04-04 04:39:46.486 E/MSF.C.NetConnTag.true( 3106): at com.tencent.mobileqq.msf.core.net.n.a(P:218)
04-04 04:39:46.486 E/MSF.C.NetConnTag.true( 3106): at com.tencent.mobileqq.msf.core.net.n.a(P:214)
04-04 04:39:46.486 E/MSF.C.NetConnTag.true( 3106): at com.tencent.mobileqq.msf.core.net.n.a(P:190)
04-04 04:39:46.486 E/MSF.C.NetConnTag.true( 3106): at com.tencent.mobileqq.msf.core.net.n.b(P:49)
04-04 04:39:46.486 E/MSF.C.NetConnTag.true( 3106): at com.tencent.mobileqq.msf.core.net.n.a(P:110)
04-04 04:39:46.486 E/MSF.C.NetConnTag.true( 3106): at com.tencent.mobileqq.msf.core.net.n.t(P:1)
04-04 04:39:46.486 E/MSF.C.NetConnTag.true( 3106): at com.tencent.mobileqq.msf.core.net.n.a(P:228)
04-04 04:39:46.486 E/MSF.C.NetConnTag.true( 3106): at com.tencent.mobileqq.msf.core.q$d.run(P:120)
04-04 04:39:46.491 I/auditd ( 0): type=1400 audit(0.0:540): avc: denied { kill } for comm="swapper/3" capability=5 scontext=u:r:kernel:s0 tcontext=u:r:kernel:s0 tclass=capability permissive=0
04-04 04:39:46.491 W/swapper/3( 0): type=1400 audit(0.0:540): avc: denied { kill } for capability=5 scontext=u:r:kernel:s0 tcontext=u:r:kernel:s0 tclass=capability permissive=0
04-04 04:39:46.548 D/ReportWeakNetConnTime( 3106): reconnected, use 5116 ms. LastConnectedNetType: 2, reason: readError
04-04 04:39:46.549 I/SocketReaderNewtrue( 3106): SocketReader(119) onConnOpened
04-04 04:39:46.549 I/SocketReaderNewtrue( 3106): SocketReader(119) continue
04-04 04:39:46.549 D/MSF.C.NetConnTag.true( 3106): open conn at JzA2IzM+LHR5JH4lK3YmNSdsYWZqdndpeG1hbHRqdGlwe2Bsag costTime:63 configTimeout: 20000 localSocket:e3piemtufXR7cWR6bm0:53032 noneProxy cross:0 bb62ca4
04-04 04:39:46.549 D/ReportWeakNetConnTime( 3106): OpenConn: msfwifi.3g.qq.com/120.232.18.213:8080
04-04 04:39:46.549 D/PandoraEx.MonitorReporter( 3106): module[network], systemApi[NI#G_TY_NAME], scene[back], strategy[normal], isSystemCall[true
04-04 04:39:46.550 D/PandoraEx.MonitorReporter( 3106): module[network], systemApi[NI#G_TY_NAME], scene[back], strategy[normal], isSystemCall[true
04-04 04:39:46.550 I/MSF.D.NetworkProvider( 3106): refresh currentAPN:. received networkInfo: CONNECTED :NetworkInfo: type: WIFI[], state: CONNECTED/CONNECTED, reason: (unspecified), extra: , roaming: false, failover: false, isAvailable: true, isConnectedToProvisioningNetwork: true. ExtraNetInfo: null
04-04 04:39:46.556 D/WTReporter( 3106): checkAndReporterUinError uin = 290983097
04-04 04:39:46.561 D/WTReporter( 3106): checkAndReporterUinError uin = 290983097
04-04 04:39:46.564 I/MSF.C.AccountCenter( 3106): loadAccountInfoFromWt,uin=*3097,isAlive=true,mLoginBitmap=0,uin=*3097,isAlive=true,mLoginBitmap=0
04-04 04:39:46.564 D/MSF.C.AccountCenter( 3106): MsfCoreMsgSender handleLoadedAccounts setKey *3097
04-04 04:39:46.564 D/MSF.C.CodecWarpper( 3106): nativeSetAccountKey ,uin=*3097,A1=null,A2=72|9a,A3=null,D1=null,D2=64|5b,S2=null,key=16|76,cookie=null
04-04 04:39:46.565 D/MSF.C.NetConnTag.true( 3106): use full head for uin:*3097
04-04 04:39:46.565 D/MSF.C.NetConnTag.false( 3106): use full head for uin:*3097
04-04 04:39:46.565 D/MSF.C.AccountCenter( 3106): MsfCoreMsgSender handleLoadedAccounts setKey *3097
