04-04 04:39:46.565 D/MSF.C.CodecWarpper( 3106): nativeSetAccountKey ,uin=*3097,A1=null,A2=72|9a,A3=null,D1=null,D2=64|5b,S2=null,key=16|76,cookie=null
04-04 04:39:46.565 D/MSF.C.NetConnTag.true( 3106): use full head for uin:*3097
04-04 04:39:46.565 D/MSF.C.NetConnTag.false( 3106): use full head for uin:*3097
04-04 04:39:46.565 D/MSF.C.NetConnTag.true( 3106): ssoping cmd:MSF seq: 17343 timeout: 20000
04-04 04:39:46.565 D/MSF.C.NetConnTag.true( 3106): netSend ssoSeq:17343 uin:0 cmd:BxAW 17364 bb62ca4 socketEngineID: 0 socket: 196488356
04-04 04:39:46.566 D/WeakNetDetector( 3106): onPingSent ssoSeq=17343 pingSend=1680554386566
04-04 04:39:46.566 D/MSF.C.PushManager:PushCoder( 3106): also send pushRegister, return. true true true
04-04 04:39:46.566 I/MSF.S.AppProcessManager( 3106): SendToApp PUSH process:com.tencent.mobileqq fromServiceMsg: FromServiceMsg msName:onConnOpened ssoSeq:17345 serviceCmd:cmd_connOpened appSeq:17344 failCode:1000 cost = 0 needBoot=true from.len = 0
04-04 04:39:46.567 D/PandoraEx.MonitorReporter( 3106): module[network], systemApi[NI#G_TY_NAME], scene[back], strategy[normal], isSystemCall[true
04-04 04:39:46.567 D/PandoraEx.MonitorReporter( 3106): module[network], systemApi[NI#G_TY_NAME], scene[back], strategy[normal], isSystemCall[true
04-04 04:39:46.567 I/MSF.D.NetworkProvider( 3106): refresh currentAPN:. received networkInfo: CONNECTED :NetworkInfo: type: WIFI[], state: CONNECTED/CONNECTED, reason: (unspecified), extra: , roaming: false, failover: false, isAvailable: true, isConnectedToProvisioningNetwork: true. ExtraNetInfo: null
04-04 04:39:46.567 D/MSF.C.NetConnTag.true( 3106): [checkSSOVersionChange], set old sso version, msfV20Toggle: true, isSupportNewSSO: false
04-04 04:39:46.567 D/MSF.C.CodecWarpper( 3106): [nativeSetIsSupportNewSSOVersion], isSupportNewSSOVersion: false
04-04 04:39:46.568 D/MSF.C.NetConnTag.true( 3106): msf can not get ssid
04-04 04:39:46.568 D/MSF.C.NetConnTag.true( 3106): current network state: weakNet
04-04 04:39:46.568 D/MSF.D.Proxy( 3311): onRecvServicePushResp, fromServiceMsg cmd = cmd_connOpened, ssoSeq = 17345, length = 0
04-04 04:39:46.568 D/MSF.C.NetConnTag.true( 3106): msf can not get ssid
04-04 04:39:46.568 D/MSF.C.NetConnTag.true( 3106): current network state: weakNet
04-04 04:39:46.568 D/MSF.C.NetConnTag.true( 3106): p ok re1: [can not reuse old point]17145
04-04 04:39:46.569 D/PandoraEx.MonitorReporter( 3311): module[network], systemApi[NI#G_TY_NAME], scene[back], strategy[normal], isSystemCall[true
04-04 04:39:46.569 D/MSF.C.NetConnTag.true( 3106): send msg error, ssoSeq: 17145current thread pid: 82socketEngineID: 0socket hashCode: 196488356java.net.SocketException: Connection reset
04-04 04:39:46.569 D/PandoraEx.MonitorReporter( 3311): module[network], systemApi[NI#G_TY_NAME], scene[back], strategy[normal], isSystemCall[true
04-04 04:39:46.569 D/MSF.C.NetConnTag.( 3106): MsfCoreMsgSender worker run closeConn writeError
04-04 04:39:46.569 I/MSF.D.NetworkProvider( 3311): refresh currentAPN:. received networkInfo: CONNECTED :NetworkInfo: type: WIFI[], state: CONNECTED/CONNECTED, reason: (unspecified), extra: , roaming: false, failover: false, isAvailable: true, isConnectedToProvisioningNetwork: true. ExtraNetInfo: null
04-04 04:39:46.569 D/MSF.C.NetConnTag.true( 3106): MsfCoreMsgSender closeConn socketEngineID: 0 socket hashcode: 196488356 for reason: writeError
04-04 04:39:46.569 D/ReportWeakNetConnTime( 3106): CloseSocket: writeError, socket: Socket[address=msfwifi.3g.qq.com/120.232.18.213,port=8080,localPort=53032]
04-04 04:39:46.569 E/YesApiImpl( 3311): doWhenQQLogin START - false
04-04 04:39:46.569 I/YesApiImpl( 3311): doWhenQQLogin END
04-04 04:39:46.569 D/[QcirclePublish]QCirclePreLoadManager( 3311): requestWhiteList... app.getLongAccountUin():290983097
04-04 04:39:46.569 D/QAR-[QcirclePublish]QCirclePreLoadManager( 3311): requestWhiteList... lastRequestTime:1680578303517 currentTime:1680554386569
04-04 04:39:46.569 E/MSF.C.NetConnTag.true( 3106): close socket has done, socketEngineID: 0socket: 196488356java.lang.Throwable
04-04 04:39:46.569 E/MSF.C.NetConnTag.true( 3106): at com.tencent.mobileqq.msf.core.net.m.a(P:330)
04-04 04:39:46.569 E/MSF.C.NetConnTag.true( 3106): at com.tencent.mobileqq.msf.core.net.n.a(P:250)
04-04 04:39:46.569 E/MSF.C.NetConnTag.true( 3106): at com.tencent.mobileqq.msf.core.q.a(P:344)
04-04 04:39:46.569 E/MSF.C.NetConnTag.true( 3106): at com.tencent.mobileqq.msf.core.q$d.run(P:134)
04-04 04:39:46.570 D/MSF.C.NetConnTag.true( 3106): close Socket GSwzPz8sHjsuJyIxKSt4NzklJz08MWtpLW0hJXQ7KjdlcmJkdGp2aGRyaHpoaXZ2OiwiIGdgdWJ6bzw7OTkpCiUxJGlva3VpeB4 by writeError
04-04 04:39:46.570 I/QzoneConfig( 3311): key = qzonesetting secondaryKey= clientonlinecoldtime value= null
04-04 04:39:46.570 D/MSF.C.SsoListManager( 3106): not found socket://msfwifi.3g.qq.com:8080#00000:0:1:20:false:null:null:1:true:0 at ssoList.
04-04 04:39:46.570 D/MSF.C.SsoListManager( 3106): not found socket://msfwifi.3g.qq.com:8080#00000:0:1:20:false:null:null:1:true:0 at ssoList.
04-04 04:39:46.570 D/MSF.C.NetConnTag.true( 3106): MsfCoreMsgSender closeConn socketEngineID: 1 socket hashcode: 0 for reason: writeError
04-04 04:39:46.570 E/MSF.C.NetConnTag.true( 3106): conn is already closed on writeError closeConn socketEngineID: 1 socket hashcode: 0java.lang.Throwable
04-04 04:39:46.570 E/MSF.C.NetConnTag.true( 3106): at com.tencent.mobileqq.msf.core.net.m.a(P:284)
04-04 04:39:46.570 E/MSF.C.NetConnTag.true( 3106): at com.tencent.mobileqq.msf.core.net.n.a(P:250)
04-04 04:39:46.570 E/MSF.C.NetConnTag.true( 3106): at com.tencent.mobileqq.msf.core.q.a(P:344)
04-04 04:39:46.570 E/MSF.C.NetConnTag.true( 3106): at com.tencent.mobileqq.msf.core.q$d.run(P:134)
04-04 04:39:46.570 D/MSF.C.NetConnTag.DualConnContext.true( 3106): reset
04-04 04:39:46.570 D/MSF.C.NetConnTag.DualConnContext.true( 3106): removeConnectionChecker: remove connId = 0
04-04 04:39:46.570 I/MSF.S.AppProcessManager( 3106): SendToApp PUSH process:com.tencent.mobileqq fromServiceMsg: FromServiceMsg msName:onConnClosed ssoSeq:-1 serviceCmd:cmd_connClosed appSeq:17346 failCode:1000 cost = 0 needBoot=false from.len = 0
04-04 04:39:46.570 D/MSF.C.NetConnTag.DualConnContext.true( 3106): removeConnectionChecker: remove connId = 1
04-04 04:39:46.570 D/MSF.C.NetConnTag.true( 3106): start monitor foreground change before thread sleep
04-04 04:39:46.571 D/MSF.D.Proxy( 3311): onRecvServicePushResp, fromServiceMsg cmd = cmd_connClosed, ssoSeq = -1, length = 0
04-04 04:39:46.572 D/MSF.C.NetConnTag.true( 3106): MsfCoreSocketReaderNew closeConn socketEngineID: 0 socket hashcode: 0 for reason: readError
04-04 04:39:46.572 E/MSF.C.NetConnTag.true( 3106): conn is already closed on readError closeConn socketEngineID: 0 socket hashcode: 0java.lang.Throwable
04-04 04:39:46.572 E/MSF.C.NetConnTag.true( 3106): at com.tencent.mobileqq.msf.core.net.m.a(P:284)
04-04 04:39:46.572 E/MSF.C.NetConnTag.true( 3106): at com.tencent.mobileqq.msf.core.net.m$d.run(P:23)
04-04 04:39:46.572 E/SocketReaderNewtrue( 3106): socketEngine: 0socket hashCode: 0SocketReader(119) errorjava.net.SocketException: Socket is closed
04-04 04:39:46.572 I/SocketReaderNewtrue( 3106): SocketReader(119) wait
04-04 04:39:46.572 I/NTKernel( 3311): [NTSDK]seq(1242)---- [INFO] session_base.cpp(304)::SetOnMsfStatusChanged [NT Session]->SetOnMsfStatusChanged call: new_status=1, old_status=2, reason=3
04-04 04:39:46.572 I/sysui_multi_action( 1549): [757,128,758,2,793,273527,794,2755,795,273527,796,26,798,0,806,android,857,DEVELOPER_IMPORTANT,858,4,947,0,1395,2,1500,273280,1688,1]
04-04 04:39:46.572 I/notification_visibility( 1549): [-1|android|26|null|1000,0,273527,273527,0,0]
04-04 04:39:46.572 I/NTKernel( 3311): [NTSDK]seq(1243)---- [INFO] session_base.cpp(330)::operator() [NT Session]->SetOnMsfStatusChanged notify: new_status=1, old_status=2, reason=3
04-04 04:39:46.572 I/sysui_multi_action( 1549): [757,128,758,2,793,274040,794,2754,795,274040,796,32,798,1,806,android,857,USB,858,1,947,0,1395,2,1500,273723,1688,1]
04-04 04:39:46.572 I/notification_visibility( 1549): [-1|android|32|null|1000,0,274040,274040,0,1]
04-04 04:39:46.572 I/NTKernel( 3311): [NTSDK]seq(1244)---- [INFO] guild_msg_sync_mgr.cc(96)::OnMsfStatusChange [guild_msg_sync]->Guild OnMsfStatusChange new_status:1, reason:3, old_status:2
04-04 04:39:46.573 D/StatusBar( 1978): disable disable2
04-04 04:39:46.573 I/sysui_multi_action( 1549): [757,127,758,2]
04-04 04:39:46.573 I/notification_panel_hidden( 1549):
04-04 04:39:46.573 D/LocalRedTouchManager( 3311): pullRedPointInfo using config
04-04 04:39:46.573 D/MSF.S.ReqHandler( 3106): handleMsfRequest proxyRegisterPush
04-04 04:39:46.573 I/MSF.S.AppProcessManager( 3106): onRegisterApp process=com.tencent.mobileqq:video processBootName=com.tencent.av.ui.VChatActivity appid=537150662 callback=null
04-04 04:39:46.574 I/AutoMonitor( 3311): STEP_DOSOMETHING, cost=1
04-04 04:39:46.575 D/MSF.C.PushManager( 3106): recv proxyRegister sendProcess=com.tencent.mobileqq registerProcesscom.tencent.mobileqq:video callbacker= appid=537150662 ProxyRegisterInfo=
04-04 04:39:46.575 I/MSF.S.AppProcessManager( 3106): SendToApp process:com.tencent.mobileqq fromServiceMsg: FromServiceMsg msName:proxyRegisterPush ssoSeq:17348 serviceCmd:push.proxyRegister appSeq:347 failCode:1000 cos t =0 needBoot=false to.len = 0 from.len = 0
04-04 04:39:46.575 D/MSF.D.Proxy( 3311): onReceiveResp, fromServiceMsg = push.proxyRegister, ssoSeq = 17348, length = 0
04-04 04:39:46.576 D/MSF.S.ReqHandler( 3106): handleMsfRequest proxyRegisterPush
04-04 04:39:46.576 I/MSF.S.AppProcessManager( 3106): onRegisterApp process=com.tencent.mobileqq:nearby_video processBootName= appid=537150662 callback=null
04-04 04:39:46.577 D/MSF.C.PushManager( 3106): recv proxyRegister sendProcess=com.tencent.mobileqq registerProcesscom.tencent.mobileqq:nearby_video callbacker= appid=537150662 ProxyRegisterInfo=
04-04 04:39:46.578 I/MSF.S.AppProcessManager( 3106): SendToApp process:com.tencent.mobileqq fromServiceMsg: FromServiceMsg msName:proxyRegisterPush ssoSeq:17350 serviceCmd:push.proxyRegister appSeq:349 failCode:1000 cos t =0 needBoot=false to.len = 0 from.len = 0
04-04 04:39:46.578 D/MSF.D.Proxy( 3311): onReceiveResp, fromServiceMsg = push.proxyRegister, ssoSeq = 17350, length = 0
04-04 04:39:46.579 I/LoginRegisterApiImpl( 3311): getLoginType uin=3097 loginType=0
04-04 04:39:46.579 D/OnlineStatusServiceImpl( 3311): sendOnlineStatusWithExt: 0
04-04 04:39:46.580 D/msfCore ( 3106): stopPCActivePolling by regPush
04-04 04:39:46.580 I/MSF.S.AppProcessManager( 3106): SendToApp process:com.tencent.mobileqq fromServiceMsg: FromServiceMsg msName:registerPush ssoSeq:17351 serviceCmd:push.register appSeq:350 failCode:1000 cos t =0 needBoot=false to.len = 0 from.len = 0
04-04 04:39:46.581 D/PCActiveEchoManager( 3106): stopEcho succ
04-04 04:39:46.581 D/MSF.D.Proxy( 3311): onReceiveResp, fromServiceMsg = push.register, ssoSeq = 17351, length = 0
04-04 04:39:46.581 D/mqq ( 3311): register.push return empty packet! status: online
04-04 04:39:46.582 D/MessageHandler( 3311): sendNewRegisterProxy , isGetPassword = false ,randomSeq1728309194, isWakeFromDeepSleep = false
04-04 04:39:46.582 D/MessageHandler( 3311): [ReSendProxy] currentRegisterProxyRandom = 7217926128682516953
04-04 04:39:46.582 D/RegisterProxySvcPackService( 3311): requestNewRegister , type = 1 ,ulRequestOptional = 90562 ,cDisgroupMsgFilter = 1 ,NoticeEndSeq = 1728309194 ,ulSyncTime = 0
04-04 04:39:46.583 D/MSF.S.ReqHandler( 3106): get infoLogin, but not register push, register now
04-04 04:39:46.583 D/msfCore ( 3106): stopPCActivePolling by regPush
04-04 04:39:46.583 I/MSF.S.AppProcessManager( 3106): SendToApp process:com.tencent.mobileqq fromServiceMsg: FromServiceMsg msName:registerPush ssoSeq:-1 serviceCmd:push.register appSeq:-1 failCode:1000 cos t =0 needBoot=false to.len = 0 from.len = 0
04-04 04:39:46.585 D/PCActiveEchoManager( 3106): stopEcho succ
04-04 04:39:46.585 I/AutoMonitor( 3311): STEP_SEND_REGISTER_PACKAGE, cost=2
04-04 04:39:46.586 D/MSF.D.Proxy( 3311): onReceiveResp, fromServiceMsg = push.register, ssoSeq = -1, length = 0
04-04 04:39:46.587 V/KeyguardUpdateMonitor( 1978): *** unregister callback for com.android.keyguard.CarrierTextManager$2@864614c
04-04 04:39:46.666 D/audio_hw_primary( 804): copl(0xf1b0a7e0):out of compress_wait
04-04 04:39:46.668 D/audio_hw_primary( 804): No space available in compress driver, post msg to cb thread
04-04 04:39:46.668 D/audio_hw_primary( 804): copl(0xf1b0a7e0):calling compress_wait
04-04 04:39:46.739 I/mpu_uart( 645): [MSG-P:RECV]:No message received in 1000 ms
04-04 04:39:46.806 D/MemoryCeilingMonitor( 3106): [handleMemoryCalculate]
04-04 04:39:46.806 D/MemoryCeilingMonitor( 3106): [calculate] tot: 4991861, max: 268435456, free: 1215197, heap: 3776664, per: 0.014069169759750366
04-04 04:39:46.875 I/CNSS ( 1180): cnss_open_log_file: directory /data/vendor/wifi/wlan_logs/ created
04-04 04:39:46.919 I/mpu_uart( 645): [MSG-P:R]:recv sync frame timeout
04-04 04:39:47.388 D/DhcpClient( 2207): Broadcasting DHCPDISCOVER
04-04 04:39:47.427 I/input_interaction( 1549): Interaction with: 6e5a38c com.android.systemui/com.android.systemui.screenrecord.ScreenRecordDialog (server), edge-swipe (server), swipe-up (server), PointerEventDispatcher0 (server),
04-04 04:39:47.486 D/audio_hw_primary( 804): copl(0xf1b0a7e0):out of compress_wait
04-04 04:39:47.487 D/audio_hw_primary( 804): No space available in compress driver, post msg to cb thread
04-04 04:39:47.487 D/audio_hw_primary( 804): copl(0xf1b0a7e0):calling compress_wait
04-04 04:39:47.491 I/auditd ( 0): type=1400 audit(0.0:541): avc: denied { kill } for comm="swapper/3" capability=5 scontext=u:r:kernel:s0 tcontext=u:r:kernel:s0 tclass=capability permissive=0
04-04 04:39:47.491 W/swapper/3( 0): type=1400 audit(0.0:541): avc: denied { kill } for capability=5 scontext=u:r:kernel:s0 tcontext=u:r:kernel:s0 tclass=capability permissive=0
04-04 04:39:47.695 D/MSF.C.NetConnTag.( 3106): netRecv ssoSeq:17257 uin:*3097 cmd:ByYjJzs/IAk8IH4EOB8gLgcwNw costTime:30000 SignalStrengths wifi:0 gsm:0 cdma:0 net:2 code:1002 failMsg:wait serverResp timeout
04-04 04:39:47.695 I/MSF.C.PushManager( 3106): not need to update lastRecvTimeForSG, isConned:false
04-04 04:39:47.696 I/MSF.S.AppProcessManager( 3106): SendToApp process:com.tencent.mobileqq fromServiceMsg: FromServiceMsg msName:unknown ssoSeq:17257 serviceCmd:MessageSvc.PbGetMsg appSeq:307 failCode:1002 cos t =0 needBoot=false to.len = 58 from.len = 0
04-04 04:39:47.696 D/MSF.C.NetConnTag.( 3106): netRecv ssoSeq:17258 uin:*3097 cmd:ByYjJzs/IAk8IH4EOB8gLgcwNw costTime:30000 SignalStrengths wifi:0 gsm:0 cdma:0 net:2 code:1002 failMsg:wait serverResp timeout
04-04 04:39:47.696 I/MSF.C.PushManager( 3106): not need to update lastRecvTimeForSG, isConned:false
04-04 04:39:47.696 D/MSF.D.Proxy( 3311): onReceiveResp, fromServiceMsg = MessageSvc.PbGetMsg, ssoSeq = 17257, length = 0
04-04 04:39:47.697 I/MSF.S.AppProcessManager( 3106): SendToApp process:com.tencent.mobileqq fromServiceMsg: FromServiceMsg msName:unknown ssoSeq:17258 serviceCmd:MessageSvc.PbGetMsg appSeq:308 failCode:1002 cos t =0 needBoot=false to.len = 58 from.len = 0
04-04 04:39:47.697 D/MSF.D.Proxy( 3311): onReceiveResp, fromServiceMsg = MessageSvc.PbGetMsg, ssoSeq = 17258, length = 0
04-04 04:39:47.739 I/mpu_uart( 645): [MSG-P:RECV]:No message received in 1000 ms
04-04 04:39:48.037 W/Settings( 3106): Setting airplane_mode_on has moved from android.provider.Settings.System to android.provider.Settings.Global, returning read-only value.
04-04 04:39:48.038 W/Settings( 3106): Setting airplane_mode_on has moved from android.provider.Settings.System to android.provider.Settings.Global, returning read-only value.
04-04 04:39:48.038 W/Settings( 3106): Setting airplane_mode_on has moved from android.provider.Settings.System to android.provider.Settings.Global, returning read-only value.
04-04 04:39:48.039 W/Settings( 3106): Setting airplane_mode_on has moved from android.provider.Settings.System to android.provider.Settings.Global, returning read-only value.
04-04 04:39:48.039 W/Settings( 3106): Setting airplane_mode_on has moved from android.provider.Settings.System to android.provider.Settings.Global, returning read-only value.
04-04 04:39:48.039 W/Settings( 3106): Setting airplane_mode_on has moved from android.provider.Settings.System to android.provider.Settings.Global, returning read-only value.
04-04 04:39:48.040 W/Settings( 3106): Setting airplane_mode_on has moved from android.provider.Settings.System to android.provider.Settings.Global, returning read-only value.
04-04 04:39:48.040 W/Settings( 3106): Setting airplane_mode_on has moved from android.provider.Settings.System to android.provider.Settings.Global, returning read-only value.
04-04 04:39:48.040 W/Settings( 3106): Setting airplane_mode_on has moved from android.provider.Settings.System to android.provider.Settings.Global, returning read-only value.
04-04 04:39:48.040 W/Settings( 3106): Setting airplane_mode_on has moved from android.provider.Settings.System to android.provider.Settings.Global, returning read-only value.
04-04 04:39:48.041 W/Settings( 3106): Setting airplane_mode_on has moved from android.provider.Settings.System to android.provider.Settings.Global, returning read-only value.
04-04 04:39:48.041 W/Settings( 3106): Setting airplane_mode_on has moved from android.provider.Settings.System to android.provider.Settings.Global, returning read-only value.
04-04 04:39:48.041 W/Settings( 3106): Setting airplane_mode_on has moved from android.provider.Settings.System to android.provider.Settings.Global, returning read-only value.
04-04 04:39:48.042 W/Settings( 3106): Setting airplane_mode_on has moved from android.provider.Settings.System to android.provider.Settings.Global, returning read-only value.
04-04 04:39:48.042 W/Settings( 3106): Setting airplane_mode_on has moved from android.provider.Settings.System to android.provider.Settings.Global, returning read-only value.
04-04 04:39:48.042 W/Settings( 3106): Setting airplane_mode_on has moved from android.provider.Settings.System to android.provider.Settings.Global, returning read-only value.
04-04 04:39:48.043 W/Settings( 3106): Setting airplane_mode_on has moved from android.provider.Settings.System to android.provider.Settings.Global, returning read-only value.
04-04 04:39:48.043 W/Settings( 3106): Setting airplane_mode_on has moved from android.provider.Settings.System to android.provider.Settings.Global, returning read-only value.
04-04 04:39:48.043 W/Settings( 3106): Setting airplane_mode_on has moved from android.provider.Settings.System to android.provider.Settings.Global, returning read-only value.
04-04 04:39:48.297 D/audio_hw_primary( 804): copl(0xf1b0a7e0):out of compress_wait
04-04 04:39:48.302 D/audio_hw_primary( 804): No space available in compress driver, post msg to cb thread
04-04 04:39:48.302 D/audio_hw_primary( 804): copl(0xf1b0a7e0):calling compress_wait
04-04 04:39:48.491 I/auditd ( 0): type=1400 audit(0.0:542): avc: denied { kill } for comm="swapper/3" capability=5 scontext=u:r:kernel:s0 tcontext=u:r:kernel:s0 tclass=capability permissive=0
04-04 04:39:48.491 W/swapper/3( 0): type=1400 audit(0.0:542): avc: denied { kill } for capability=5 scontext=u:r:kernel:s0 tcontext=u:r:kernel:s0 tclass=capability permissive=0
04-04 04:39:48.740 I/mpu_uart( 645): [MSG-P:RECV]:No message received in 1000 ms
04-04 04:39:49.033 D/MSF.C.NetConnTag.( 3106): netRecv ssoSeq:17265 uin:*3097 cmd:GTcxIAkuJnQ4Jjc9KSwgKA costTime:30000 SignalStrengths wifi:0 gsm:0 cdma:0 net:2 code:1002 failMsg:wait serverResp timeout
04-04 04:39:49.116 D/audio_hw_primary( 804): copl(0xf1b0a7e0):out of compress_wait
04-04 04:39:49.120 D/audio_hw_primary( 804): No space available in compress driver, post msg to cb thread
04-04 04:39:49.121 D/audio_hw_primary( 804): copl(0xf1b0a7e0):calling compress_wait
04-04 04:39:49.392 E/tlogd ( 1298): [TzLogger](isPathReadable) file /sys/kernel/debug/tzdbg/qsee_log isn't exist or no permission, err: No such file or directory
04-04 04:39:49.392 E/tlogd ( 1298): [TzLogger](saveTzlogAsync) /sys/kernel/debug/tzdbg/qsee_log can not read.
04-04 04:39:49.392 E/tlogd ( 1298): [TzLogger](isPathReadable) file /sys/kernel/debug/tzdbg/log isn't exist or no permission, err: No such file or directory
04-04 04:39:49.392 E/tlogd ( 1298): [TzLogger](saveTzlogAsync) /sys/kernel/debug/tzdbg/log can not read.
04-04 04:39:49.491 I/auditd ( 0): type=1400 audit(0.0:543): avc: denied { kill } for comm="swapper/3" capability=5 scontext=u:r:kernel:s0 tcontext=u:r:kernel:s0 tclass=capability permissive=0
04-04 04:39:49.491 W/swapper/3( 0): type=1400 audit(0.0:543): avc: denied { kill } for capability=5 scontext=u:r:kernel:s0 tcontext=u:r:kernel:s0 tclass=capability permissive=0
04-04 04:39:49.582 D/WeakNetDetector( 3106): [MSF_StatReportThread] onPingRecved ssoSeq=17343 pingSend=1680554386566 pingRecv=1680554389582 cost=3016
04-04 04:39:49.741 I/mpu_uart( 645): [MSG-P:RECV]:No message received in 1000 ms
04-04 04:39:49.784 E/ActivityManager( 1549): Sending non-protected broadcast com.android.systemui.screenrecord.UPDATE_STATE_OUTSIDE from system 1978:com.android.systemui/u0a78 pkg com.android.systemui
04-04 04:39:49.784 E/ActivityManager( 1549): java.lang.Throwable
04-04 04:39:49.784 E/ActivityManager( 1549): at com.android.server.am.ActivityManagerService.checkBroadcastFromSystem(ActivityManagerService.java:12877)
04-04 04:39:49.784 E/ActivityManager( 1549): at com.android.server.am.ActivityManagerService.broadcastIntentLocked(ActivityManagerService.java:13477)
04-04 04:39:49.784 E/ActivityManager( 1549): at com.android.server.am.ActivityManagerService.broadcastIntentLocked(ActivityManagerService.java:12894)
04-04 04:39:49.784 E/ActivityManager( 1549): at com.android.server.am.ActivityManagerService.broadcastIntentWithFeature(ActivityManagerService.java:13729)
04-04 04:39:49.784 E/ActivityManager( 1549): at android.app.IActivityManager$Stub.onTransact(IActivityManager.java:2326)
04-04 04:39:49.784 E/ActivityManager( 1549): at com.android.server.am.ActivityManagerService.onTransact(ActivityManagerService.java:2528)
04-04 04:39:49.784 E/ActivityManager( 1549): at android.os.Binder.execTransactInternal(Binder.java:1184)
04-04 04:39:49.784 E/ActivityManager( 1549): at android.os.Binder.execTransact(Binder.java:1143)
04-04 04:39:49.785 I/am_wtf ( 1549): [0,1549,system_server,-1,ActivityManager,Sending non-protected broadcast com.android.systemui.screenrecord.UPDATE_STATE_OUTSIDE from system 1978:com.android.systemui/u0a78 pkg com.android.systemui]
04-04 04:39:49.785 E/ActivityManager( 1549): Sending non-protected broadcast com.android.systemui.screenrecord.UPDATE_STATE_OUTSIDE from system 1978:com.android.systemui/u0a78 pkg com.android.systemui
04-04 04:39:49.785 E/ActivityManager( 1549): java.lang.Throwable
04-04 04:39:49.785 E/ActivityManager( 1549): at com.android.server.am.ActivityManagerService.checkBroadcastFromSystem(ActivityManagerService.java:12877)
04-04 04:39:49.785 E/ActivityManager( 1549): at com.android.server.am.ActivityManagerService.broadcastIntentLocked(ActivityManagerService.java:13572)
04-04 04:39:49.785 E/ActivityManager( 1549): at com.android.server.am.ActivityManagerService.broadcastIntentLocked(ActivityManagerService.java:12894)
04-04 04:39:49.785 E/ActivityManager( 1549): at com.android.server.am.ActivityManagerService.broadcastIntentWithFeature(ActivityManagerService.java:13729)
04-04 04:39:49.785 E/ActivityManager( 1549): at android.app.IActivityManager$Stub.onTransact(IActivityManager.java:2326)
04-04 04:39:49.785 E/ActivityManager( 1549): at com.android.server.am.ActivityManagerService.onTransact(ActivityManagerService.java:2528)
04-04 04:39:49.785 E/ActivityManager( 1549): at android.os.Binder.execTransactInternal(Binder.java:1184)
04-04 04:39:49.785 E/ActivityManager( 1549): at android.os.Binder.execTransact(Binder.java:1143)
04-04 04:39:49.786 I/DropBoxManagerService( 1549): add tag=system_server_wtf isTagEnabled=true flags=0x2
04-04 04:39:49.787 I/wm_finish_activity( 1549): [0,210079687,79,com.android.systemui/.screenrecord.ScreenRecordDialog,app-request]
04-04 04:39:49.787 I/wm_task_moved( 1549): [1,1,7]
04-04 04:39:49.788 I/am_wtf ( 1549): [0,1549,system_server,-1,ActivityManager,Sending non-protected broadcast com.android.systemui.screenrecord.UPDATE_STATE_OUTSIDE from system 1978:com.android.systemui/u0a78 pkg com.android.systemui]
04-04 04:39:49.789 D/GameMode_DndItemViewHolder( 2053): updateScreenRecordState:0
04-04 04:39:49.789 I/DropBoxManagerService( 1549): add tag=system_server_wtf isTagEnabled=true flags=0x2
04-04 04:39:49.791 I/wm_task_moved( 1549): [75,1,2147483647]
04-04 04:39:49.791 I/wm_task_to_front( 1549): [0,75]
04-04 04:39:49.791 I/wm_focused_root_task( 1549): [0,0,1,-1,finish-top adjustFocusToNextFocusableTask]
04-04 04:39:49.813 D/ActivityTrigger( 1549): ActivityTrigger activityPauseTrigger
04-04 04:39:49.814 I/wm_pause_activity( 1549): [0,210079687,com.android.systemui/.screenrecord.ScreenRecordDialog,userLeaving=false,finish]
04-04 04:39:49.822 I/input_focus( 1549): [Focus request b49246d com.android.launcher3/com.android.launcher3.uioverrides.QuickstepLauncher,reason=UpdateInputWindows]
04-04 04:39:49.827 I/wm_on_top_resumed_lost_called( 1978): [210079687,com.android.systemui.screenrecord.ScreenRecordDialog,topStateChangedWhenResumed]
04-04 04:39:49.828 D/GameMode_GameModeService( 2053): Received recording state : 0
04-04 04:39:49.829 I/wm_on_paused_called( 1978): [210079687,com.android.systemui.screenrecord.ScreenRecordDialog,performPause]
04-04 04:39:49.830 I/ActivityTaskManager( 1549): FOREGROUND_APPLICATION_CHANGED to com.android.launcher3.uioverrides.QuickstepLauncher
04-04 04:39:49.831 I/wm_set_resumed_activity( 1549): [0,com.android.launcher3/.uioverrides.QuickstepLauncher,resumeTopActivityInnerLocked]
04-04 04:39:49.833 I/wm_resume_activity( 1549): [0,176059698,75,com.android.launcher3/.uioverrides.QuickstepLauncher]
04-04 04:39:49.833 I/wm_on_resume_called( 2518): [176059698,com.android.launcher3.uioverrides.QuickstepLauncher,RESUME_ACTIVITY]
04-04 04:39:49.833 I/wm_on_top_resumed_gained_called( 2518): [176059698,com.android.launcher3.uioverrides.QuickstepLauncher,topWhenResuming]
04-04 04:39:49.842 I/sysui_multi_action( 1549): [757,803,799,window_time_0,802,4]
04-04 04:39:49.843 I/input_focus( 1549): [Focus leaving 6e5a38c com.android.systemui/com.android.systemui.screenrecord.ScreenRecordDialog (server),reason=NO_WINDOW]
04-04 04:39:49.843 I/input_focus( 1549): [Focus entering b49246d com.android.launcher3/com.android.launcher3.uioverrides.QuickstepLauncher (server),reason=setFocusedWindow]
04-04 04:39:49.848 E/MCUUtil ( 2518): saveLastActivity activityName=com.android.launcher3.uioverrides.QuickstepLauncher packageName=com.android.launcher3
04-04 04:39:49.858 I/BpBinder( 990): onLastStrongRef automatically unlinking death recipients:
04-04 04:39:49.861 I/wm_destroy_activity( 1549): [0,210079687,79,com.android.systemui/.screenrecord.ScreenRecordDialog,finish-idle]
04-04 04:39:49.862 I/wm_on_stop_called( 1978): [210079687,com.android.systemui.screenrecord.ScreenRecordDialog,LIFECYCLER_STOP_ACTIVITY]
04-04 04:39:49.862 I/wm_on_destroy_called( 1978): [210079687,com.android.systemui.screenrecord.ScreenRecordDialog,performDestroy]
04-04 04:39:49.863 W/InputManager-JNI( 1549): Input channel object '6e5a38c com.android.systemui/com.android.systemui.screenrecord.ScreenRecordDialog (client)' was disposed without first being removed with the input manager!
04-04 04:39:49.893 W/System ( 1978): A resource failed to call release.
04-04 04:39:49.893 W/System ( 1978): A resource failed to call release.
04-04 04:39:49.894 W/System ( 1978): A resource failed to call close.
04-04 04:39:49.895 W/System ( 1978): A resource failed to call close.
04-04 04:39:49.922 I/mpu_uart( 645): [MSG-P:R]:recv sync frame timeout
04-04 04:39:49.926 D/audio_hw_primary( 804): copl(0xf1b0a7e0):out of compress_wait
04-04 04:39:49.935 D/audio_hw_primary( 804): No space available in compress driver, post msg to cb thread
04-04 04:39:49.935 W/FreeFormWindowHelper( 1549): Current Display FreeFormTask is null
04-04 04:39:49.935 D/audio_hw_primary( 804): copl(0xf1b0a7e0):calling compress_wait
04-04 04:39:49.940 I/GameMode_ActivityMonitoringService( 2053): onActivityLaunch: com.android.launcher3, isGameApp: false
04-04 04:39:49.940 V/GameMode_GpuUtils( 2053): fps:60
04-04 04:39:49.942 D/GameModeIF_GameModeSettings( 2053): getUriFor setting_content_uri_root = content://com.thundercomm.gamemode.api/gamemode_settings , name = gamemode_enable
04-04 04:39:50.109 I/wm_task_removed( 1549): [79,removeChild:removeChild last r=ActivityRecord{c858fc7 u0 com.android.systemui/.screenrecord.ScreenRecordDialog t-1 f}} in t=Task{50f6c78 #79 type=standard A=10078:com.android.systemui U=0 visible=false mode=fullscreen translucent=true sz=0}]
04-04 04:39:50.109 I/wm_task_removed( 1549): [79,removeChild]
04-04 04:39:50.110 W/ActivityTaskManager( 1549): Can't find TaskDisplayArea to determine support for multi window. Task id=79 attached=false
04-04 04:39:50.110 W/ActivityTaskManager( 1549): Can't find TaskDisplayArea to determine support for multi window. Task id=79 attached=false
04-04 04:39:50.358 D/MSF.C.NetConnTag.( 3106): netRecv ssoSeq:17270 uin:*3097 cmd:PjEgN3Q3dnQvIDQ8BTkmOS8wI3ofOyEyCyAzMSkrawk5LBUnLjknNiMwOAcyOTc/ASYp costTime:30000 SignalStrengths wifi:0 gsm:0 cdma:0 net:2 code:1002 failMsg:wait serverResp timeout
04-04 04:39:50.359 I/MSF.C.PushManager( 3106): not need to update lastRecvTimeForSG, isConned:false
04-04 04:39:50.360 D/FEKitManager( 3106): [FEKitManager] handleSecServiceResp with to: ToServiceMsg msName:msf_FEKit ssoSeq:17270 appId:537150662 appSeq:-1 sName:mobileqq.msf.security uin:*3097 sCmd:trpc.o3.ecdh_access.EcdhAccess.SsoEstablishShareKey t:30000 needResp:true needQuickSend:false strategy:-1IsSupportRetryfalse; from: FromServiceMsg msName:msf_FEKit ssoSeq:17270 failCode:1002 errorMsg:wait serverResp timeout uin:290983097 serviceCmd:trpc.o3.ecdh_access.EcdhAccess.SsoEstablishShareKey appId:537150662 appSeq:-1
04-04 04:39:50.361 I/[FEKit_]( 3106): ChannelManager.cpp:91 origin cmd:getToken ,cmd:trpc.o3.ecdh_access.EcdhAccess.SsoEstablishShareKey
04-04 04:39:50.362 E/[FEKit_]( 3106): ChannelManager.cpp:94 [ChannelManager:OnReceive] success:0 cmd:trpc.o3.ecdh_access.EcdhAccess.SsoEstablishShareKey bcmd:getToken
04-04 04:39:50.363 I/[FEKit_]( 3106): device_token.h:282 response len :0
04-04 04:39:50.364 E/[FEKit_]( 3106): device_token.h:286 get token error! errorcode:999,mFailedTimes:5
04-04 04:39:50.365 D/FEKitManager( 3106): [FEKitManager] sendMessage with to: ToServiceMsg msName:msf_FEKit ssoSeq:17354 appId:537150662 appSeq:-1 sName:mobileqq.msf.security uin:*3097 sCmd:trpc.o3.report.Report.SsoReport t:30000 needResp:true needQuickSend:false strategy:-1IsSupportRetryfalse
04-04 04:39:50.365 D/MSF.C.SSORespHandler( 3106): [FEKitManager] handleSecServiceResp
04-04 04:39:50.491 I/auditd ( 0): type=1400 audit(0.0:544): avc: denied { kill } for comm="swapper/3" capability=5 scontext=u:r:kernel:s0 tcontext=u:r:kernel:s0 tclass=capability permissive=0
04-04 04:39:50.491 W/swapper/3( 0): type=1400 audit(0.0:544): avc: denied { kill } for capability=5 scontext=u:r:kernel:s0 tcontext=u:r:kernel:s0 tclass=capability permissive=0
04-04 04:39:50.741 I/mpu_uart( 645): [MSG-P:RECV]:No message received in 1000 ms
04-04 04:39:50.747 D/audio_hw_primary( 804): copl(0xf1b0a7e0):out of compress_wait
04-04 04:39:50.751 D/audio_hw_primary( 804): No space available in compress driver, post msg to cb thread
04-04 04:39:50.751 D/audio_hw_primary( 804): copl(0xf1b0a7e0):calling compress_wait
04-04 04:39:50.816 D/MSF.C.NetConnTag.( 3106): netRecv ssoSeq:17272 uin:*3097 cmd:GTcxIAkuJnQ4Jjc9KSwgKA costTime:30000 SignalStrengths wifi:0 gsm:0 cdma:0 net:2 code:1002 failMsg:wait serverResp timeout
04-04 04:39:51.072 D/MSF.C.NetConnTag.true( 3106): preDetectTimeoutMsg cmd:GCY3BCggPAk8IH49ND4qCTMtMw, ssoSeq:17307
04-04 04:39:51.203 D/MSF.C.NetConnTag.true( 3106): preDetectTimeoutMsg cmd:GTcxIAkuJnQ4Jjc9KSwgKA, ssoSeq:17310
04-04 04:39:51.204 D/MSF.C.NetConnTag.true( 3106): preDetectTimeoutMsg cmd:GCY3BCggPAk8IH49ND4qCTMtMw, ssoSeq:17314
04-04 04:39:51.491 I/auditd ( 0): type=1400 audit(0.0:545): avc: denied { kill } for comm="swapper/3" capability=5 scontext=u:r:kernel:s0 tcontext=u:r:kernel:s0 tclass=capability permissive=0
04-04 04:39:51.491 W/swapper/3( 0): type=1400 audit(0.0:545): avc: denied { kill } for capability=5 scontext=u:r:kernel:s0 tcontext=u:r:kernel:s0 tclass=capability permissive=0
04-04 04:39:51.587 D/audio_hw_primary( 804): copl(0xf1b0a7e0):out of compress_wait
04-04 04:39:51.591 D/audio_hw_primary( 804): No space available in compress driver, post msg to cb thread
04-04 04:39:51.592 D/audio_hw_primary( 804): copl(0xf1b0a7e0):calling compress_wait
04-04 04:39:51.606 D/MSF.C.NetConnTag.DualConnContext.true( 3106): tryDualConn
04-04 04:39:51.608 D/PandoraEx.MonitorReporter( 3106): module[network], systemApi[NI#G_TY_NAME], scene[back], strategy[normal], isSystemCall[true
04-04 04:39:51.608 D/PandoraEx.MonitorReporter( 3106): module[network], systemApi[NI#G_TY_NAME], scene[back], strategy[normal], isSystemCall[true
04-04 04:39:51.608 I/MSF.D.NetworkProvider( 3106): refresh currentAPN:. received networkInfo: CONNECTED :NetworkInfo: type: WIFI[], state: CONNECTED/CONNECTED, reason: (unspecified), extra: , roaming: false, failover: false, isAvailable: true, isConnectedToProvisioningNetwork: true. ExtraNetInfo: null
04-04 04:39:51.609 D/MSF.C.NetConnTag.true( 3106): mainSocketEngineOpenConn start...activeIpFamily=1
04-04 04:39:51.609 D/MSF.C.SsoListManager( 3106): getAvailableSsoList ssoTypeKey = SocketWifiIpv4, curr size null
04-04 04:39:51.609 D/MSF.C.SsoListManager( 3106): getAvailableSsoList ssoTypeKey = SocketMobileIpv4, curr size null
04-04 04:39:51.609 D/MSF.C.NetConnTag.true( 3106): mainSocketEngineOpenConn try single conn wifiSsoList=10, mobileSsoList=6
04-04 04:39:51.609 D/MSF.C.NetConnTag.true( 3106): [setMainSocketEngineId] mainConnID: 0
04-04 04:39:51.610 D/PandoraEx.MonitorReporter( 3106): module[network], systemApi[NI#G_TY_NAME], scene[back], strategy[normal], isSystemCall[true
04-04 04:39:51.610 D/PandoraEx.MonitorReporter( 3106): module[network], systemApi[NI#G_TY_NAME], scene[back], strategy[normal], isSystemCall[true
04-04 04:39:51.610 I/MSF.D.NetworkProvider( 3106): refresh currentAPN:. received networkInfo: CONNECTED :NetworkInfo: type: WIFI[], state: CONNECTED/CONNECTED, reason: (unspecified), extra: , roaming: false, failover: false, isAvailable: true, isConnectedToProvisioningNetwork: true. ExtraNetInfo: null
04-04 04:39:51.612 W/Settings( 3106): Setting airplane_mode_on has moved from android.provider.Settings.System to android.provider.Settings.Global, returning read-only value.
04-04 04:39:51.612 D/PandoraEx.MonitorReporter( 3106): module[network], systemApi[NI#G_TY_NAME], scene[back], strategy[normal], isSystemCall[true
04-04 04:39:51.613 D/PandoraEx.MonitorReporter( 3106): module[network], systemApi[NI#G_TY_NAME], scene[back], strategy[normal], isSystemCall[true
04-04 04:39:51.613 I/MSF.D.NetworkProvider( 3106): refresh currentAPN:. received networkInfo: CONNECTED :NetworkInfo: type: WIFI[], state: CONNECTED/CONNECTED, reason: (unspecified), extra: , roaming: false, failover: false, isAvailable: true, isConnectedToProvisioningNetwork: true. ExtraNetInfo: null
04-04 04:39:51.618 D/MSF.C.NetConnTag.true( 3106): try open Conn OSwzPz8sf3VlLiMyLTEjM2RwN3orKWs5JS5qbGpgdXl6c2BkamJ1YHt5YmRgPiQ2OSZqOi80KWAkNjw4YGl/Ljg2NW5q noneProxy net:2 cross:0 protocalsocket
04-04 04:39:51.618 E/MSF.C.NetConnTag.true( 3106): [openConn] socket has built, socketEngineID: 0socket: 128750362java.lang.Throwable
04-04 04:39:51.618 E/MSF.C.NetConnTag.true( 3106): at com.tencent.mobileqq.msf.core.net.m.a(P:44)
04-04 04:39:51.618 E/MSF.C.NetConnTag.true( 3106): at com.tencent.mobileqq.msf.core.net.n.a(P:218)
04-04 04:39:51.618 E/MSF.C.NetConnTag.true( 3106): at com.tencent.mobileqq.msf.core.net.n.a(P:214)
04-04 04:39:51.618 E/MSF.C.NetConnTag.true( 3106): at com.tencent.mobileqq.msf.core.net.n.a(P:190)
04-04 04:39:51.618 E/MSF.C.NetConnTag.true( 3106): at com.tencent.mobileqq.msf.core.net.n.b(P:49)
04-04 04:39:51.618 E/MSF.C.NetConnTag.true( 3106): at com.tencent.mobileqq.msf.core.net.n.a(P:110)
04-04 04:39:51.618 E/MSF.C.NetConnTag.true( 3106): at com.tencent.mobileqq.msf.core.net.n.t(P:1)
04-04 04:39:51.618 E/MSF.C.NetConnTag.true( 3106): at com.tencent.mobileqq.msf.core.net.n.a(P:228)
04-04 04:39:51.618 E/MSF.C.NetConnTag.true( 3106): at com.tencent.mobileqq.msf.core.q$d.run(P:120)
04-04 04:39:51.680 D/ReportWeakNetConnTime( 3106): reconnected, use 5111 ms. LastConnectedNetType: 2, reason: writeError
04-04 04:39:51.680 I/SocketReaderNewtrue( 3106): SocketReader(119) onConnOpened
04-04 04:39:51.680 I/SocketReaderNewtrue( 3106): SocketReader(119) continue
04-04 04:39:51.681 D/MSF.C.NetConnTag.true( 3106): open conn at JzA2IzM+LHR5JH4lK3YmNSdsYWZqdndpeG1hbHRqdGlwe2Bsag costTime:62 configTimeout: 20000 localSocket:e3piemtufXR7cWR6bm0:53034 noneProxy cross:0 7ac931a
04-04 04:39:51.681 D/ReportWeakNetConnTime( 3106): OpenConn: msfwifi.3g.qq.com/120.232.18.213:8080
04-04 04:39:51.682 D/PandoraEx.MonitorReporter( 3106): module[network], systemApi[NI#G_TY_NAME], scene[back], strategy[normal], isSystemCall[true
04-04 04:39:51.682 D/PandoraEx.MonitorReporter( 3106): module[network], systemApi[NI#G_TY_NAME], scene[back], strategy[normal], isSystemCall[true
04-04 04:39:51.682 I/MSF.D.NetworkProvider( 3106): refresh currentAPN:. received networkInfo: CONNECTED :NetworkInfo: type: WIFI[], state: CONNECTED/CONNECTED, reason: (unspecified), extra: , roaming: false, failover: false, isAvailable: true, isConnectedToProvisioningNetwork: true. ExtraNetInfo: null
04-04 04:39:51.691 D/WTReporter( 3106): checkAndReporterUinError uin = 290983097
04-04 04:39:51.697 D/WTReporter( 3106): checkAndReporterUinError uin = 290983097
04-04 04:39:51.702 I/MSF.C.AccountCenter( 3106): loadAccountInfoFromWt,uin=*3097,isAlive=true,mLoginBitmap=0,uin=*3097,isAlive=true,mLoginBitmap=0
04-04 04:39:51.703 D/MSF.C.AccountCenter( 3106): MsfCoreMsgSender handleLoadedAccounts setKey *3097
04-04 04:39:51.703 D/MSF.C.CodecWarpper( 3106): nativeSetAccountKey ,uin=*3097,A1=null,A2=72|9a,A3=null,D1=null,D2=64|5b,S2=null,key=16|76,cookie=null
04-04 04:39:51.703 D/MSF.C.NetConnTag.true( 3106): use full head for uin:*3097
04-04 04:39:51.703 D/MSF.C.NetConnTag.false( 3106): use full head for uin:*3097
04-04 04:39:51.703 D/MSF.C.AccountCenter( 3106): MsfCoreMsgSender handleLoadedAccounts setKey *3097
04-04 04:39:51.703 D/MSF.C.CodecWarpper( 3106): nativeSetAccountKey ,uin=*3097,A1=null,A2=72|9a,A3=null,D1=null,D2=64|5b,S2=null,key=16|76,cookie=null
04-04 04:39:51.703 D/MSF.C.NetConnTag.true( 3106): use full head for uin:*3097
04-04 04:39:51.703 D/MSF.C.NetConnTag.false( 3106): use full head for uin:*3097
04-04 04:39:51.703 D/MSF.C.NetConnTag.true( 3106): ssoping cmd:MSF seq: 17355 timeout: 20000
04-04 04:39:51.704 D/MSF.C.NetConnTag.true( 3106): netSend ssoSeq:17355 uin:0 cmd:BxAW 17376 7ac931a socketEngineID: 0 socket: 128750362
04-04 04:39:51.704 D/WeakNetDetector( 3106): onPingSent ssoSeq=17355 pingSend=1680554391704
04-04 04:39:51.707 D/MSF.C.NetConnTag.true( 3106): MsfCoreSocketReaderNew closeConn socketEngineID: 0 socket hashcode: 128750362 for reason: readError
04-04 04:39:51.707 D/ReportWeakNetConnTime( 3106): CloseSocket: readError, socket: Socket[address=msfwifi.3g.qq.com/120.232.18.213,port=8080,localPort=53034]
04-04 04:39:51.708 E/MSF.C.NetConnTag.true( 3106): close socket has done, socketEngineID: 0socket: 128750362java.lang.Throwable
04-04 04:39:51.708 E/MSF.C.NetConnTag.true( 3106): at com.tencent.mobileqq.msf.core.net.m.a(P:330)
04-04 04:39:51.708 E/MSF.C.NetConnTag.true( 3106): at com.tencent.mobileqq.msf.core.net.m$d.run(P:23)
04-04 04:39:51.708 D/MSF.C.NetConnTag.true( 3106): close Socket GSwzPz8sHjsuJyIxKSt4NzklJz08MWtpLW0hJXQ7KjdlcmJkdGp2aGRyaHpoaXZ2OiwiIGdgdWJ6bzw7OTkpCiUxJGlva3Vpfh4 by readError
04-04 04:39:51.708 I/SharedPreferencesProxyManager( 3106): getProxyInner from mRemoteSPs
04-04 04:39:51.709 E/SocketReaderNewtrue( 3106): socketEngine: 0socket hashCode: 0SocketReader(119) errorjava.net.SocketException: Connection reset
04-04 04:39:51.709 I/SocketReaderNewtrue( 3106): SocketReader(119) wait
04-04 04:39:51.709 I/MSF.S.AppProcessManager( 3106): SendToApp PUSH process:com.tencent.mobileqq fromServiceMsg: FromServiceMsg msName:onConnClosed ssoSeq:-1 serviceCmd:cmd_connClosed appSeq:17356 failCode:1000 cost = 0 needBoot=false from.len = 0
04-04 04:39:51.709 I/SharedPreferencesProxyManager( 3311): getProxyInner from mLocalSPs
04-04 04:39:51.709 D/MSF.D.Proxy( 3311): onRecvServicePushResp, fromServiceMsg cmd = cmd_connClosed, ssoSeq = -1, length = 0
04-04 04:39:51.710 D/MSF.C.PushManager:PushCoder( 3106): HPush_msf-pushCoder.vendor_push_type:1
04-04 04:39:51.710 I/NTKernel( 3311): [NTSDK]seq(1245)---- [INFO] session_base.cpp(304)::SetOnMsfStatusChanged [NT Session]->SetOnMsfStatusChanged call: new_status=1, old_status=1, reason=3
04-04 04:39:51.710 D/MSF.C.PushManager:PushCoder( 3106): handlerPush send D6A8E0E019B289A6B2F05168D13A6E31 register push id 7 pushStatus:11 bRegType:1 timeStamp:349 newIP:3574786168 oldIP:0,regPushReason:msfByNetChange extStatus:0 battery:0
04-04 04:39:51.710 I/NTKernel( 3311): [NTSDK]seq(1246)---- [INFO] session_base.cpp(323)::operator() [NT Session]->SetOnMsfStatusChanged ignore unchanged msf status: 1
04-04 04:39:51.711 D/PandoraEx.MonitorReporter( 3106): module[network], systemApi[NI#G_TY_NAME], scene[back], strategy[normal], isSystemCall[true
04-04 04:39:51.711 D/PandoraEx.MonitorReporter( 3106): module[network], systemApi[NI#G_TY_NAME], scene[back], strategy[normal], isSystemCall[true
04-04 04:39:51.711 I/MSF.D.NetworkProvider( 3106): refresh currentAPN:. received networkInfo: CONNECTED :NetworkInfo: type: WIFI[], state: CONNECTED/CONNECTED, reason: (unspecified), extra: , roaming: false, failover: false, isAvailable: true, isConnectedToProvisioningNetwork: true. ExtraNetInfo: null
04-04 04:39:51.711 I/MSF.S.AppProcessManager( 3106): SendToApp PUSH process:com.tencent.mobileqq fromServiceMsg: FromServiceMsg msName:onConnOpened ssoSeq:17360 serviceCmd:cmd_connOpened appSeq:17359 failCode:1000 cost = 0 needBoot=true from.len = 0
04-04 04:39:51.712 D/MSF.C.NetConnTag.true( 3106): send msg error, ssoSeq: 17145current thread pid: 82socketEngineID: 0socket hashCode: 0java.lang.NullPointerException: Attempt to invoke virtual method 'boolean com.tencent.mobileqq.msf.core.c.l()' on a null object reference
04-04 04:39:51.712 D/MSF.C.NetConnTag.( 3106): MsfCoreMsgSender worker run closeConn writeError
04-04 04:39:51.712 D/MSF.C.NetConnTag.true( 3106): MsfCoreMsgSender closeConn socketEngineID: 0 socket hashcode: 0 for reason: writeError
04-04 04:39:51.712 E/MSF.C.NetConnTag.true( 3106): conn is already closed on writeError closeConn socketEngineID: 0 socket hashcode: 0java.lang.Throwable
04-04 04:39:51.712 E/MSF.C.NetConnTag.true( 3106): at com.tencent.mobileqq.msf.core.net.m.a(P:284)
04-04 04:39:51.712 E/MSF.C.NetConnTag.true( 3106): at com.tencent.mobileqq.msf.core.net.n.a(P:250)
04-04 04:39:51.712 E/MSF.C.NetConnTag.true( 3106): at com.tencent.mobileqq.msf.core.q.a(P:344)
04-04 04:39:51.712 E/MSF.C.NetConnTag.true( 3106): at com.tencent.mobileqq.msf.core.q$d.run(P:134)
04-04 04:39:51.712 D/MSF.C.NetConnTag.true( 3106): MsfCoreMsgSender closeConn socketEngineID: 1 socket hashcode: 0 for reason: writeError
04-04 04:39:51.712 E/MSF.C.NetConnTag.true( 3106): conn is already closed on writeError closeConn socketEngineID: 1 socket hashcode: 0java.lang.Throwable
04-04 04:39:51.712 E/MSF.C.NetConnTag.true( 3106): at com.tencent.mobileqq.msf.core.net.m.a(P:284)
04-04 04:39:51.712 E/MSF.C.NetConnTag.true( 3106): at com.tencent.mobileqq.msf.core.net.n.a(P:250)
04-04 04:39:51.712 E/MSF.C.NetConnTag.true( 3106): at com.tencent.mobileqq.msf.core.q.a(P:344)
04-04 04:39:51.712 E/MSF.C.NetConnTag.true( 3106): at com.tencent.mobileqq.msf.core.q$d.run(P:134)
04-04 04:39:51.712 D/MSF.D.Proxy( 3311): onRecvServicePushResp, fromServiceMsg cmd = cmd_connOpened, ssoSeq = 17360, length = 0
04-04 04:39:51.712 D/MSF.C.NetConnTag.DualConnContext.true( 3106): reset
04-04 04:39:51.712 D/MSF.C.NetConnTag.DualConnContext.true( 3106): removeConnectionChecker: remove connId = 0
04-04 04:39:51.712 D/MSF.C.NetConnTag.DualConnContext.true( 3106): removeConnectionChecker: remove connId = 1
04-04 04:39:51.712 D/MSF.C.NetConnTag.true( 3106): start monitor foreground change before thread sleep
04-04 04:39:51.713 D/PandoraEx.MonitorReporter( 3311): module[network], systemApi[NI#G_TY_NAME], scene[back], strategy[normal], isSystemCall[true
04-04 04:39:51.713 D/PandoraEx.MonitorReporter( 3311): module[network], systemApi[NI#G_TY_NAME], scene[back], strategy[normal], isSystemCall[true
04-04 04:39:51.713 I/MSF.D.NetworkProvider( 3311): refresh currentAPN:. received networkInfo: CONNECTED :NetworkInfo: type: WIFI[], state: CONNECTED/CONNECTED, reason: (unspecified), extra: , roaming: false, failover: false, isAvailable: true, isConnectedToProvisioningNetwork: true. ExtraNetInfo: null
04-04 04:39:51.715 D/MessageHandler( 3311): sendNewRegisterProxy , isGetPassword = false ,randomSeq1012257222, isWakeFromDeepSleep = false
04-04 04:39:51.715 D/MessageHandler( 3311): [ReSendProxy] currentRegisterProxyRandom = 7217926149050060074
04-04 04:39:51.716 D/RegisterProxySvcPackService( 3311): requestNewRegister , type = 1 ,ulRequestOptional = 90562 ,cDisgroupMsgFilter = 1 ,NoticeEndSeq = 1012257222 ,ulSyncTime = 0
04-04 04:39:51.717 I/AutoMonitor( 3311): STEP_SEND_REGISTER_PACKAGE, cost=3
04-04 04:39:51.741 I/mpu_uart( 645): [MSG-P:RECV]:No message received in 1000 ms
04-04 04:39:52.407 D/audio_hw_primary( 804): copl(0xf1b0a7e0):out of compress_wait
04-04 04:39:52.412 D/audio_hw_primary( 804): No space available in compress driver, post msg to cb thread
04-04 04:39:52.412 D/audio_hw_primary( 804): copl(0xf1b0a7e0):calling compress_wait
04-04 04:39:52.495 I/auditd ( 0): type=1400 audit(0.0:546): avc: denied { kill } for comm="swapper/3" capability=5 scontext=u:r:kernel:s0 tcontext=u:r:kernel:s0 tclass=capability permissive=0
04-04 04:39:52.495 W/swapper/3( 0): type=1400 audit(0.0:546): avc: denied { kill } for capability=5 scontext=u:r:kernel:s0 tcontext=u:r:kernel:s0 tclass=capability permissive=0
04-04 04:39:52.698 D/MSF.C.NetConnTag.( 3106): netRecv ssoSeq:17278 uin:*3097 cmd:ByYjJzs/IAk8IH4EOB8gLgcwNw costTime:30000 SignalStrengths wifi:0 gsm:0 cdma:0 net:2 code:1002 failMsg:wait serverResp timeout
04-04 04:39:52.698 I/MSF.C.PushManager( 3106): not need to update lastRecvTimeForSG, isConned:false
04-04 04:39:52.699 I/MSF.S.AppProcessManager( 3106): SendToApp PUSH process:com.tencent.mobileqq fromServiceMsg: FromServiceMsg msName:onConnWeakNet ssoSeq:-1 serviceCmd:cmd_connWeakNet appSeq:17362 failCode:1000 cost = 0 needBoot=false from.len = 0
04-04 04:39:52.700 D/MSF.D.Proxy( 3311): onRecvServicePushResp, fromServiceMsg cmd = cmd_connWeakNet, ssoSeq = -1, length = 0
04-04 04:39:52.701 I/MSF.S.AppProcessManager( 3106): SendToApp process:com.tencent.mobileqq fromServiceMsg: FromServiceMsg msName:unknown ssoSeq:17278 serviceCmd:MessageSvc.PbGetMsg appSeq:310 failCode:1002 cos t =0 needBoot=false to.len = 58 from.len = 0
04-04 04:39:52.702 D/MSF.D.Proxy( 3311): onReceiveResp, fromServiceMsg = MessageSvc.PbGetMsg, ssoSeq = 17278, length = 0
04-04 04:39:52.741 I/mpu_uart( 645): [MSG-P:RECV]:No message received in 1000 ms
04-04 04:39:52.787 D/CompatibilityInfo( 1549): mCompatibilityFlags - 4
04-04 04:39:52.787 D/CompatibilityInfo( 1549): applicationDensity - 240
04-04 04:39:52.787 D/CompatibilityInfo( 1549): applicationScale - 1.0
04-04 04:39:52.790 D/RecordingController( 1978): sent start intent
04-04 04:39:52.795 D/RecordingService( 1978): onStartCommand com.android.systemui.screenrecord.START
04-04 04:39:52.796 D/RecordingService( 1978): recording with audio sourceMIC_AND_INTERNAL
04-04 04:39:52.798 D/ScreenMediaRecorder( 1978): start recording
04-04 04:39:52.807 W/StagefrightRecorder( 1201): stop while neither recording nor paused
04-04 04:39:52.808 I/MediaProfiles( 1201): Profiles xml path: /vendor/etc/media_profiles_kona.xml
04-04 04:39:52.827 D/MediaCodecList( 1978): codecHandlesFormat: no format, so no extra checks
04-04 04:39:52.828 D/MediaCodecList( 1978): codecHandlesFormat: no format, so no extra checks
04-04 04:39:52.828 D/MediaCodecList( 1978): codecHandlesFormat: no format, so no extra checks
04-04 04:39:52.829 D/MediaCodecList( 1978): codecHandlesFormat: no format, so no extra checks
04-04 04:39:52.832 I/OMXClient( 1978): IOmx service obtained
04-04 04:39:52.833 I/OMXMaster( 1213): makeComponentInstance(OMX.qcom.video.decoder.avc) in android.hardwar process
04-04 04:39:52.838 E/android.hardware.media.omx@1.0-service( 1213): Service not available yet
04-04 04:39:52.840 D/PlatformConfig( 1213): getInstance: Enter
04-04 04:39:52.840 D/PlatformConfig( 1213): getConfigStoreBool: vpp/enable=false, returning false
04-04 04:39:52.843 D/PlatformConfig( 1213): getInstance: Enter
04-04 04:39:52.843 D/PlatformConfig( 1213): getInt32 Config name: vidc_dec_log_in value: 0
04-04 04:39:52.843 D/PlatformConfig( 1213): getInstance: Enter
04-04 04:39:52.843 D/PlatformConfig( 1213): getInt32 Config name: vidc_dec_log_out value: 0
04-04 04:39:52.843 D/PlatformConfig( 1213): getInstance: Enter
04-04 04:39:52.843 D/PlatformConfig( 1213): getInt32 Config name: vidc_dec_sec_prefetch_size_internal value: 209715200
04-04 04:39:52.843 D/PlatformConfig( 1213): getInstance: Enter
04-04 04:39:52.843 D/PlatformConfig( 1213): getInt32 Config name: vidc_dec_sec_prefetch_size_output value: 13434880
04-04 04:39:52.843 D/PlatformConfig( 1213): getInstance: Enter
