04-04 04:40:00.536 I/hash_map_utils( 6682): system/bt/osi/src/hash_map_utils.cc:81 hash_map_utils_dump_string_keys_string_values: key: 'vr_audio_mode_on' value: ''
04-04 04:40:00.537 I/AudioFlinger( 6682): openOutput() this 0xb400007a7d0e39d0, module 10 Device type:0x2,@:, SamplingRate 48000, Format 0x1000000, Channels 0x3, flags 0x31
04-04 04:40:00.537 D/audio_hw_primary( 6681): adev_open_output_stream: enter: format(0x1000000) sample_rate(48000) channel_mask(0x3) devices(0x2) flags(0x31) stream_handle(0xec70eb00) address()
04-04 04:40:00.537 I/audio_hw_utils( 6681): audio_extn_utils_update_stream_output_app_type_cfg Allowing 24 and above bits playback on speaker ONLY at default sampling rate
04-04 04:40:00.537 D/audio_hw_primary( 6681): adev_open_output_stream: Stream (0xec70eb00) picks up usecase (compress-offload-playback)
04-04 04:40:00.537 D/audio_hw_primary( 6681): io_streams_map_insert: Added stream in io_streams_map with handle 85
04-04 04:40:00.538 I/AudioFlinger( 6682): HAL output buffer size 32768 frames, normal sink buffer size 32768 frames
04-04 04:40:00.539 D/audio_hw_utils( 6681): audio_extn_utils_compress_get_dsp_latency:: Using Fix DSP delay
04-04 04:40:00.539 D/audio_hw_utils( 6681): audio_extn_utils_compress_get_dsp_latency:: delay in ms is 50
04-04 04:40:00.539 D/AudioFlinger( 6682): Failed to add event callback
04-04 04:40:00.540 D/audio_hw_utils( 6681): audio_extn_utils_compress_get_dsp_latency:: Using Fix DSP delay
04-04 04:40:00.540 I/AudioFlinger( 6682): AudioFlinger's thread 0xb400007b2d0e7010 tid=6749 ready to run
04-04 04:40:00.540 D/audio_hw_utils( 6681): audio_extn_utils_compress_get_dsp_latency:: delay in ms is 50
04-04 04:40:00.540 D/audio_hw_utils( 6681): audio_extn_utils_compress_get_dsp_latency:: Using Fix DSP delay
04-04 04:40:00.540 W/AudioFlinger( 6682): no wake lock to update, system not ready yet
04-04 04:40:00.540 D/audio_hw_utils( 6681): audio_extn_utils_compress_get_dsp_latency:: delay in ms is 50
04-04 04:40:00.540 D/AudioFlinger( 6682): ro.audio.silent is ignored since no output device is set
04-04 04:40:00.540 W/AudioFlinger( 6682): no wake lock to update, system not ready yet
04-04 04:40:00.540 D/AudioFlinger( 6682): ro.audio.silent is ignored since no output device is set
04-04 04:40:00.546 D/AF::TrackHandle( 6682): OpPlayAudio: track:55 usage:1 not muted
04-04 04:40:00.547 D/audio_hw_utils( 6681): audio_extn_utils_compress_get_dsp_latency:: Using Fix DSP delay
04-04 04:40:00.547 D/audio_hw_utils( 6681): audio_extn_utils_compress_get_dsp_latency:: delay in ms is 50
04-04 04:40:00.547 I/EffectsFactory( 6681): EffectCreate() create_effect
04-04 04:40:00.548 W/EffectHAL( 6681): Effect 0xee0a9510 command SET_CONFIG returned status: Invalid argument
04-04 04:40:00.548 W/EffectHAL( 6681): Effect 0xee0a9830 command SET_CONFIG returned status: Invalid argument
04-04 04:40:00.551 D/audio_hw_primary( 6681): adev_set_parameters: enter: BT_SCO=off
04-04 04:40:00.551 D/audio_hw_hfp( 6681): hfp_set_parameters: enter
04-04 04:40:00.551 D/audio_hw_extn( 6681): audio_extn_fm_set_parameters: Enter
04-04 04:40:00.551 W/AudioFlinger( 6682): acquireAudioSessionId() unknown client 2940 for session 57
04-04 04:40:00.552 D/audio_hw_primary( 6681): adev_set_parameters: enter: BT_SCO=off
04-04 04:40:00.552 D/audio_hw_hfp( 6681): hfp_set_parameters: enter
04-04 04:40:00.552 D/audio_hw_extn( 6681): audio_extn_fm_set_parameters: Enter
04-04 04:40:00.553 W/AudioFlinger( 6682): no wake lock to update, system not ready yet
04-04 04:40:00.553 D/PermissionCache( 6682): checking android.permission.MODIFY_AUDIO_ROUTING for uid=1000 => granted (149 us)
04-04 04:40:00.553 D/audio_hw_utils( 6681): audio_extn_utils_compress_get_dsp_latency:: Using Fix DSP delay
04-04 04:40:00.553 D/audio_hw_utils( 6681): audio_extn_utils_compress_get_dsp_latency:: delay in ms is 50
04-04 04:40:00.553 E/device_utils( 6681): update_device_list: Invalid device: 0
04-04 04:40:00.566 I/AS.AudioDeviceInventory( 1549): removePreferredDevicesForStrategySync, strategy: 15
04-04 04:40:00.577 I/EffectsFactory( 6681): EffectCreate() create_effect
04-04 04:40:00.578 D/audio_hw_primary( 6681): adev_create_audio_patch: enter: num sources 1, num_sinks 1, handle 0
04-04 04:40:00.578 D/audio_hw_primary( 6681): adev_create_audio_patch: Capture patch from device 80000004 to mix 78
04-04 04:40:00.578 D/audio_hw_primary( 6681): update_patch: enter
04-04 04:40:00.578 D/audio_hw_primary( 6681): route_input_stream: exit: status(0)
04-04 04:40:00.578 D/audio_hw_primary( 6681): adev_create_audio_patch: Added a new patch with handle 6
04-04 04:40:00.580 I/SoundTriggerMiddlewareLogging( 1549): setCaptureState[this=com.android.server.soundtrigger_middleware.SoundTriggerMiddlewareImpl@db33bd1, client=null](true)
04-04 04:40:00.581 D/audio_hw_primary( 6681): AEC enable 1
04-04 04:40:00.581 D/audio_hw_primary( 6681): NS enable 1
04-04 04:40:00.581 D/ScreenAudioRecorder( 1978): channel count 1
04-04 04:40:00.582 E/FMQ ( 6681): grantorIdx must be less than 3
04-04 04:40:00.582 E/FMQ ( 6681): grantorIdx must be less than 3
04-04 04:40:00.582 W/AudioFlinger( 6682): moveEffectChain_l() effect chain for session 0 not on source thread 0xb400007bdd0e3010
04-04 04:40:00.583 D/audio_hw_primary( 6681): start_input_stream: enter: stream(0xeed431f0)usecase(34: audio-record-voip)
04-04 04:40:00.583 I/hwservicemanager( 504): getTransport: Cannot find entry android.hardware.power@1.2::IPower/default in either framework or device VINTF manifest.
04-04 04:40:00.584 E/audio_hw_primary( 6681): Unable to get Power service
04-04 04:40:00.584 W/Codec2Client( 1978): query -- param skipped: index = 1342179345.
04-04 04:40:00.584 W/Codec2Client( 1978): query -- param skipped: index = 2415921170.
04-04 04:40:00.584 D/audio_hw_primary( 6681): select_devices for use case (audio-record-voip)
04-04 04:40:00.584 D/audio_hw_primary( 6681): select_devices: changing use case audio-record-voip input device from(0: , acdb -1) to (144: speaker-mic, acdb 11)
04-04 04:40:00.584 I/msm8974_platform( 6681): platform_check_and_set_capture_codec_backend_cfg:txbecf: afe: bitwidth 16, samplerate 48000, channel 1 format 1, backend_idx 8 usecase = 34 device (speaker-mic)
04-04 04:40:00.584 I/msm8974_platform( 6681): platform_check_capture_codec_backend_cfg:txbecf: afe: Codec selected backend: 8 current bit width: 16 and sample rate: 48000, channels 1 format 1
04-04 04:40:00.584 W/msm8974_platform( 6681): platform_get_backend_index:napb: Invalid device - 0
04-04 04:40:00.584 I/msm8974_platform( 6681): platform_check_capture_codec_backend_cfg:txbecf: afe: current backend bit_width 16 sample_rate 48000 channels 1, format 0
04-04 04:40:00.584 I/msm8974_platform( 6681): platform_check_capture_codec_backend_cfg:txbecf: afe: Codec backend needs to be updated. new bit width: 16 new sample rate: 48000 new channel: 1 new format: 1
04-04 04:40:00.584 I/msm8974_platform( 6681): platform_set_codec_backend_cfg:becf: afe: bitwidth 16, samplerate 48000 channels 1 format 1, backend_idx 8 device (speaker-mic)
04-04 04:40:00.584 D/audio_hw_primary( 6681): check_usecases_capture_codec_backend:becf: force routing 0
04-04 04:40:00.584 W/Codec2Client( 1978): query -- param skipped: index = 3254792206.
04-04 04:40:00.584 D/hardware_info( 6681): hw_info_append_hw_type : device_name = speaker-mic
04-04 04:40:00.584 W/Codec2Client( 1978): query -- param skipped: index = 3254792194.
04-04 04:40:00.584 D/msm8974_platform( 6681): platform_split_snd_device: snd_device(144) num devices(0) new_snd_devices(0)
04-04 04:40:00.584 D/audio_hw_primary( 6681): enable_snd_device: snd_device(144: speaker-mic)
04-04 04:40:00.584 D/msm8974_platform( 6681): platform_get_island_cfg_on_device:island cfg status on snd_device = (speaker-mic 0)
04-04 04:40:00.584 D/soundtrigger( 6681): audio HAL using same device 144 as ST
04-04 04:40:00.584 I/soundtrigger( 6681): audio_extn_sound_trigger_update_device_status: device 0x90 of type 1 for Event 1, with Raise=1
04-04 04:40:00.584 I/sound_trigger_platform( 6681): platform_stdev_check_and_update_concurrency: Received DEVICE event, event type 1, usecase type 3
04-04 04:40:00.584 D/sound_trigger_platform( 6681): platform_stdev_get_capture_device: Device = 0x80000004
04-04 04:40:00.584 D/sound_trigger_platform( 6681): platform_stdev_get_capture_device: Available device = 0x80000004
04-04 04:40:00.584 D/sound_trigger_platform( 6681): platform_stdev_check_and_update_concurrency: dedicated path 1, reset backend 1, tx 1, rx 0, concurrency session not allowed
04-04 04:40:00.585 D/audio_route( 6681): Apply path: speaker-mic
04-04 04:40:00.585 D/sound_trigger_hw( 6681): handle_audio_ec_ref_enabled: Enter
04-04 04:40:00.585 D/sound_trigger_hw( 6681): handle_audio_ec_ref_enabled: Exit audio ec ref=1
04-04 04:40:00.585 D/soundtrigger( 6681): audio_extn_sound_trigger_update_ec_ref_status: update audio echo ref status true
04-04 04:40:00.585 D/audio_route( 6681): Apply path: echo-reference
04-04 04:40:00.585 D/BufferPoolAccessor2.0( 1261): bufferpool2 0xb40000700d0e7bc8 : 0(0 size) total buffers - 0(0 size) used buffers - 15/17 (recycle/alloc) - 2/16 (fetch/transfer)
04-04 04:40:00.585 D/BufferPoolAccessor2.0( 1261): Destruction - bufferpool2 0xb40000700d0e7bc8 cached: 0/0M, 0/0% in use; allocs: 17, 88% recycled; transfers: 16, 88% unfetched
04-04 04:40:00.586 D/BufferPoolAccessor2.0( 1261): bufferpool2 0xb40000700d0eac58 : 0(0 size) total buffers - 0(0 size) used buffers - 13/16 (recycle/alloc) - 3/15 (fetch/transfer)
04-04 04:40:00.586 D/BufferPoolAccessor2.0( 1261): Destruction - bufferpool2 0xb40000700d0eac58 cached: 0/0M, 0/0% in use; allocs: 16, 81% recycled; transfers: 15, 80% unfetched
04-04 04:40:00.586 D/BufferPoolAccessor2.0( 1261): bufferpool2 0xb40000700d0e9c28 : 0(0 size) total buffers - 0(0 size) used buffers - 4/7 (recycle/alloc) - 3/6 (fetch/transfer)
04-04 04:40:00.586 D/BufferPoolAccessor2.0( 1261): Destruction - bufferpool2 0xb40000700d0e9c28 cached: 0/0M, 0/0% in use; allocs: 7, 57% recycled; transfers: 6, 50% unfetched
04-04 04:40:00.586 D/CCodecBufferChannel( 1978): [c2.android.aac.encoder#22] Created input block pool with allocatorID 16 => poolID 20 - OK (0)
04-04 04:40:00.587 I/CCodecBufferChannel( 1978): [c2.android.aac.encoder#22] Created output block pool with allocatorID 16 => poolID 27 - OK
04-04 04:40:00.587 D/CCodecBufferChannel( 1978): [c2.android.aac.encoder#22] Configured output block pool ids 27 => OK
04-04 04:40:00.587 D/BufferPoolAccessor2.0( 2053): bufferpool2 0xb4000075f830d0e8 : 0(0 size) total buffers - 0(0 size) used buffers - 1/7 (recycle/alloc) - 6/74 (fetch/transfer)
04-04 04:40:00.587 D/CCodecBufferChannel( 1978): [c2.android.aac.encoder#22] start: updating output delay 0
04-04 04:40:00.588 D/BufferPoolAccessor2.0( 2053): Destruction - bufferpool2 0xb4000075f830d0e8 cached: 0/0M, 0/0% in use; allocs: 7, 14% recycled; transfers: 74, 92% unfetched
04-04 04:40:00.588 D/msm8974_platform( 6681): platform_set_echo_reference: enabling echo-reference
04-04 04:40:00.588 D/soundtrigger( 6681): audio HAL using same device 144 as ST
04-04 04:40:00.588 D/soundtrigger( 6681): audio_extn_sound_trigger_update_stream_status: uc_info->id 34 of type 1 for Event 3, with Raise=1
04-04 04:40:00.588 D/soundtrigger( 6681): audio_extn_sound_trigger_update_stream_status: send event 13: usecase id 34, type 1
04-04 04:40:00.588 I/sound_trigger_platform( 6681): platform_stdev_check_and_update_concurrency: Received STREAM event, event type 13, usecase type 3
04-04 04:40:00.588 D/sound_trigger_platform( 6681): platform_stdev_get_capture_device: Device = 0x80000004
04-04 04:40:00.588 D/sound_trigger_platform( 6681): platform_stdev_get_capture_device: Available device = 0x80000004
04-04 04:40:00.588 D/sound_trigger_platform( 6681): platform_stdev_check_and_update_concurrency: dedicated path 1, reset backend 1, tx 1, rx 0, concurrency session not allowed
04-04 04:40:00.588 D/audio_hw_utils( 6681): audio_extn_utils_send_app_type_cfg: usecase->in_snd_device speaker-mic
04-04 04:40:00.588 D/msm8974_platform( 6681): platform_split_snd_device: snd_device(144) num devices(0) new_snd_devices(0)
04-04 04:40:00.588 D/SimpleC2Component( 1261): Using output block pool with poolID 27 => got 27 - 0
04-04 04:40:00.589 D/audio_hw_utils( 6681): audio_extn_btsco_get_sample_rate:Not a BT SCO device, need not update sampling rate
04-04 04:40:00.589 I/audio_hw_utils( 6681): send_app_type_cfg_for_device CAPTURE app_type 69946, acdb_dev_id 11, sample_rate 48000, snd_device_be_idx 194
04-04 04:40:00.589 D/msm8974_platform( 6681): platform_split_snd_device: snd_device(144) num devices(1) new_snd_devices(0)
04-04 04:40:00.589 D/audio_hw_utils( 6681): audio_extn_btsco_get_sample_rate:Not a BT SCO device, need not update sampling rate
04-04 04:40:00.589 D/ACDB-LOADER( 6681): ACDB -> send_audio_cal, acdb_id = 11, path = 1, app id = 0x1113a, sample rate = 48000, afe_sample_rate = 48000
04-04 04:40:00.589 D/ACDB-LOADER( 6681): ACDB -> send_asm_topology
04-04 04:40:00.589 D/ACDB-LOADER( 6681): ACDB -> ACDB_CMD_GET_AUDPROC_STREAM_TOPOLOGY_ID
04-04 04:40:00.589 D/ACDB-LOADER( 6681): ACDB -> send_adm_topology
04-04 04:40:00.589 D/ACDB-LOADER( 6681): ACDB -> ACDB_CMD_GET_AUDPROC_COMMON_TOPOLOGY_ID
04-04 04:40:00.589 I/CCodecBufferChannel( 1978): pipelineRoom(3) is <= numClientBuffers(3). Not signalling any more buffers to client
04-04 04:40:00.589 D/ACDB-LOADER( 6681): ACDB -> send_audtable
04-04 04:40:00.589 D/ACDB-LOADER( 6681): ACDB -> ACDB_CMD_GET_AUDPROC_INSTANCE_COMMON_TABLE_SIZE
04-04 04:40:00.589 D/ACDB-LOADER( 6681): ACDB -> ACDB_CMD_GET_AUDPROC_INSTANCE_COMMON_TABLE
04-04 04:40:00.589 D/ACDB-LOADER( 6681): ACDB -> AUDIO_SET_AUDPROC_CAL cal_type[11] acdb_id[11] app_type[69946]
04-04 04:40:00.589 D/ACDB-LOADER( 6681): ACDB -> ACDB_CMD_GET_PERSISTENT_AUDPROC_INSTANCE_COMMON_TABLE_SIZE
04-04 04:40:00.589 D/android.hardware.audio.service( 6681): ACDBFILE_MGR: Property for the pid 000133B7 not found
04-04 04:40:00.589 D/android.hardware.audio.service( 6681): ACDBFILE_MGR: Property for the pid 000133B7 not found
04-04 04:40:00.589 D/android.hardware.audio.service( 6681): ACDBFILE_MGR: Property for the pid 000133B7 not found
04-04 04:40:00.589 D/android.hardware.audio.service( 6681): ACDBFILE_MGR: Property for the pid 000133B7 not found
04-04 04:40:00.589 D/android.hardware.audio.service( 6681): ACDBFILE_MGR: Property for the pid 000133B7 not found
04-04 04:40:00.589 D/android.hardware.audio.service( 6681): ACDBFILE_MGR: Property for the pid 000133B7 not found
04-04 04:40:00.589 D/android.hardware.audio.service( 6681): ACDBFILE_MGR: Property for the pid 000133B7 not found
04-04 04:40:00.589 D/android.hardware.audio.service( 6681): ACDBFILE_MGR: Property for the pid 000133B7 not found
04-04 04:40:00.589 D/android.hardware.audio.service( 6681): ACDBFILE_MGR: Property for the pid 000133B7 not found
04-04 04:40:00.589 D/android.hardware.audio.service( 6681): ACDBFILE_MGR: Property for the pid 000133B7 not found
04-04 04:40:00.589 D/android.hardware.audio.service( 6681): ACDBFILE_MGR: Property for the pid 000133B7 not found
04-04 04:40:00.589 D/android.hardware.audio.service( 6681): ACDBFILE_MGR: Property for the pid 000133B7 not found
04-04 04:40:00.589 D/android.hardware.audio.service( 6681): ACDBFILE_MGR: Property for the pid 000133B7 not found
04-04 04:40:00.589 D/android.hardware.audio.service( 6681): ACDBFILE_MGR: Property for the pid 000133B7 not found
04-04 04:40:00.589 D/android.hardware.audio.service( 6681): ACDBFILE_MGR: Property for the pid 000133B7 not found
04-04 04:40:00.589 D/android.hardware.audio.service( 6681): ACDBFILE_MGR: Property for the pid 000133B7 not found
04-04 04:40:00.589 D/android.hardware.audio.service( 6681): ACDBFILE_MGR: Property for the pid 000133B7 not found
04-04 04:40:00.589 D/android.hardware.audio.service( 6681): ACDBFILE_MGR: Property for the pid 000133B7 not found
04-04 04:40:00.589 D/CCodecBufferChannel( 1978): [c2.android.aac.encoder#22] sending CSD : output format changed to AMessage(what = 0x00000000) = {
04-04 04:40:00.589 D/CCodecBufferChannel( 1978): int32_t sample-rate = 44100
04-04 04:40:00.589 D/CCodecBufferChannel( 1978): int32_t bitrate = 196000
04-04 04:40:00.589 D/CCodecBufferChannel( 1978): int32_t channel-count = 1
04-04 04:40:00.589 D/CCodecBufferChannel( 1978): int32_t level = 0
04-04 04:40:00.589 D/CCodecBufferChannel( 1978): int32_t max-bitrate = 196000
04-04 04:40:00.589 D/CCodecBufferChannel( 1978): string mime = "audio/mp4a-latm"
04-04 04:40:00.589 D/CCodecBufferChannel( 1978): int32_t profile = 2
04-04 04:40:00.589 D/CCodecBufferChannel( 1978): Buffer csd-0 = {
04-04 04:40:00.589 D/CCodecBufferChannel( 1978): 00000000: 12 08 ..
04-04 04:40:00.589 D/CCodecBufferChannel( 1978): }
04-04 04:40:00.589 D/CCodecBufferChannel( 1978): }
04-04 04:40:00.589 D/android.hardware.audio.service( 6681): ACDBFILE_MGR: Property for the pid 000133B7 not found
04-04 04:40:00.589 D/android.hardware.audio.service( 6681): ACDBFILE_MGR: Property for the pid 000133B7 not found
04-04 04:40:00.589 D/android.hardware.audio.service( 6681): ACDBFILE_MGR: Property for the pid 000133B7 not found
04-04 04:40:00.589 D/android.hardware.audio.service( 6681): ACDBFILE_MGR: Property for the pid 000133B7 not found
04-04 04:40:00.589 D/android.hardware.audio.service( 6681): ACDBFILE_MGR: Property for the pid 000133B7 not found
04-04 04:40:00.589 D/android.hardware.audio.service( 6681): ACDBFILE_MGR: Property for the pid 000133B7 not found
04-04 04:40:00.589 D/android.hardware.audio.service( 6681): ACDBFILE_MGR: Property for the pid 000133B7 not found
04-04 04:40:00.589 D/android.hardware.audio.service( 6681): ACDBFILE_MGR: Property for the pid 000133B7 not found
04-04 04:40:00.589 D/android.hardware.audio.service( 6681): ACDBFILE_MGR: Property for the pid 000133B7 not found
04-04 04:40:00.589 D/android.hardware.audio.service( 6681): ACDBFILE_MGR: Property for the pid 000133B7 not found
04-04 04:40:00.589 D/android.hardware.audio.service( 6681): ACDBFILE_MGR: Property for the pid 000133B7 not found
04-04 04:40:00.589 D/android.hardware.audio.service( 6681): [Data Manager]-> No data found
04-04 04:40:00.589 D/ACDB-LOADER( 6681): Error: ACDB_CMD_GET_PERSISTENT_AUDPROC_INSTANCE_COMMON_TABLE_SIZE returned -18
04-04 04:40:00.589 D/ACDB-LOADER( 6681): ACDB -> send_audproc_persist_table -18
04-04 04:40:00.589 D/ACDB-LOADER( 6681): Error: Invalid Audproc persist size = -18
04-04 04:40:00.589 D/ACDB-LOADER( 6681): ACDB -> ACDB_CMD_GET_AUDPROC_INSTANCE_STREAM_TABLE_SIZE
04-04 04:40:00.589 D/ACDB-LOADER( 6681): ACDB -> send_audstrmtable
04-04 04:40:00.589 D/ACDB-LOADER( 6681): ACDB -> ACDB_CMD_GET_AUDPROC_INSTANCE_STREAM_TABLE
04-04 04:40:00.589 D/ACDB-LOADER( 6681): ACDB -> audstrm_cal->cal_type.cal_data.cal_size = 20
04-04 04:40:00.589 D/ACDB-LOADER( 6681): ACDB -> send_afe_topology
04-04 04:40:00.589 D/ACDB-LOADER( 6681): ACDB -> ACDB_CMD_GET_AFE_TOPOLOGY_ID
04-04 04:40:00.590 D/ACDB-LOADER( 6681): ACDB -> GET_AFE_TOPOLOGY_ID for adcd_id 11, Topology Id 112fb
04-04 04:40:00.590 D/ACDB-LOADER( 6681): ACDB -> send_afe_cal
04-04 04:40:00.590 D/ACDB-LOADER( 6681): ACDB -> ACDB_CMD_GET_AFE_INSTANCE_COMMON_TABLE_SIZE
04-04 04:40:00.590 D/android.hardware.audio.service( 6681): Failed to fetch the lookup information of the device 0000000B
04-04 04:40:00.590 D/ACDB-LOADER( 6681): Error: ACDB_CMD_GET_AFE_INSTANCE_COMMON_TABLE_SIZE Returned = -19
04-04 04:40:00.590 D/ACDB-LOADER( 6681): ACDB -> ACDB_CMD_GET_AFE_INSTANCE_COMMON_TABLE
04-04 04:40:00.590 D/android.hardware.audio.service( 6681): Failed to fetch the lookup information of the device 0000000B
04-04 04:40:00.590 D/ACDB-LOADER( 6681): Error: ACDB AFE returned = -19
04-04 04:40:00.590 D/ACDB-LOADER( 6681): ACDB -> AUDIO_SET_AFE_CAL cal_type[17] acdb_id[11]
04-04 04:40:00.590 D/ACDB-LOADER( 6681): ACDB -> send_hw_delay : acdb_id = 11 path = 1
04-04 04:40:00.590 D/ACDB-LOADER( 6681): ACDB -> ACDB_AVSYNC_INFO: ACDB_CMD_GET_DEVICE_PROPERTY
04-04 04:40:00.590 D/audio_hw_primary( 6681): enable_audio_route: apply mixer and update path: audio-record-voip
04-04 04:40:00.590 D/audio_route( 6681): Apply path: audio-record-voip
04-04 04:40:00.590 I/adsprpcd( 1244): vendor/qcom/proprietary/adsprpc/src/apps_std_imp.c:848: Successfully opened file /vendor/dsp/adsp/smecns_v2_module_fv9.so.1
04-04 04:40:00.590 D/audio_hw_primary( 6681): select_devices: done
04-04 04:40:00.591 D/CompatibilityChangeReporter( 1978): Compat change id reported: 147798919; UID 10078; state: ENABLED
11-11 00:11:31.556 I/afe_find_cal_topo_id_by_port( 0): port id: 0x9001, dev_acdb_id: 0
11-11 00:11:31.556 I/afe_find_cal_topo_id_by_port( 0): top_id:112fb acdb_id:11 afe_port:0x9001
11-11 00:11:31.556 I/afe_get_cal_topology_id( 0): port_id = 0x9001 acdb_id = 11 topology_id = 0x112fb cal_type_index=8 ret=0
11-11 00:11:31.557 I/afe_send_port_topology_id( 0): AFE set topology id 0x112fb enable for port 0x9001 ret 0
11-11 00:11:31.557 I/send_afe_cal_type( 0): cal_index is 1
11-11 00:11:31.557 I/send_afe_cal_type( 0): dev_acdb_id[56] is 0
11-11 00:11:31.557 I/send_afe_cal_type( 0): Sending cal_index cal 1
11-11 00:11:31.557 E/send_afe_cal_type( 0): No cal sent for cal_index 1, port_id = 0x9001! ret -22
11-11 00:11:31.557 I/afe_send_hw_delay( 0): port_id 0x9001 rate 48000 delay_usec 578 status 0
04-04 04:40:00.598 W/System.err( 1978): java.lang.IllegalStateException: Audio recording failed to start
04-04 04:40:00.598 W/System.err( 1978): at com.android.systemui.screenrecord.ScreenInternalAudioRecorder.start(ScreenInternalAudioRecorder.java:280)
04-04 04:40:00.598 W/System.err( 1978): at com.android.systemui.screenrecord.ScreenMediaRecorder.recordInternalAudio(ScreenMediaRecorder.java:286)
04-04 04:40:00.598 W/System.err( 1978): at com.android.systemui.screenrecord.ScreenMediaRecorder.start(ScreenMediaRecorder.java:258)
04-04 04:40:00.598 W/System.err( 1978): at com.android.systemui.screenrecord.RecordingService.startRecording(RecordingService.java:254)
04-04 04:40:00.598 W/System.err( 1978): at com.android.systemui.screenrecord.RecordingService.onStartCommand(RecordingService.java:154)
04-04 04:40:00.599 W/System.err( 1978): at android.app.ActivityThread.handleServiceArgs(ActivityThread.java:4640)
04-04 04:40:00.599 W/System.err( 1978): at android.app.ActivityThread.access$2000(ActivityThread.java:248)
04-04 04:40:00.599 W/System.err( 1978): at android.app.ActivityThread$H.handleMessage(ActivityThread.java:2092)
04-04 04:40:00.599 W/System.err( 1978): at android.os.Handler.dispatchMessage(Handler.java:106)
04-04 04:40:00.599 W/System.err( 1978): at android.os.Looper.loopOnce(Looper.java:201)
04-04 04:40:00.599 W/System.err( 1978): at android.os.Looper.loop(Looper.java:288)
04-04 04:40:00.599 W/System.err( 1978): at android.app.ActivityThread.main(ActivityThread.java:7880)
04-04 04:40:00.599 W/System.err( 1978): at java.lang.reflect.Method.invoke(Native Method)
04-04 04:40:00.599 W/System.err( 1978): at com.android.internal.os.RuntimeInit$MethodAndArgsCaller.run(RuntimeInit.java:548)
04-04 04:40:00.599 W/System.err( 1978): at com.android.internal.os.ZygoteInit.main(ZygoteInit.java:1009)
04-04 04:40:00.600 E/ActivityManager( 1549): Sending non-protected broadcast com.android.systemui.screenrecord.UPDATE_STATE_OUTSIDE from system 1978:com.android.systemui/u0a78 pkg com.android.systemui
04-04 04:40:00.600 E/ActivityManager( 1549): java.lang.Throwable
04-04 04:40:00.600 E/ActivityManager( 1549): at com.android.server.am.ActivityManagerService.checkBroadcastFromSystem(ActivityManagerService.java:12877)
04-04 04:40:00.600 E/ActivityManager( 1549): at com.android.server.am.ActivityManagerService.broadcastIntentLocked(ActivityManagerService.java:13477)
04-04 04:40:00.600 E/ActivityManager( 1549): at com.android.server.am.ActivityManagerService.broadcastIntentLocked(ActivityManagerService.java:12894)
04-04 04:40:00.600 E/ActivityManager( 1549): at com.android.server.am.ActivityManagerService.broadcastIntentWithFeature(ActivityManagerService.java:13729)
04-04 04:40:00.600 E/ActivityManager( 1549): at android.app.IActivityManager$Stub.onTransact(IActivityManager.java:2326)
04-04 04:40:00.600 E/ActivityManager( 1549): at com.android.server.am.ActivityManagerService.onTransact(ActivityManagerService.java:2528)
04-04 04:40:00.600 E/ActivityManager( 1549): at android.os.Binder.execTransactInternal(Binder.java:1184)
04-04 04:40:00.600 E/ActivityManager( 1549): at android.os.Binder.execTransact(Binder.java:1143)
04-04 04:40:00.601 I/am_wtf ( 1549): [0,1549,system_server,-1,ActivityManager,Sending non-protected broadcast com.android.systemui.screenrecord.UPDATE_STATE_OUTSIDE from system 1978:com.android.systemui/u0a78 pkg com.android.systemui]
04-04 04:40:00.601 E/ActivityManager( 1549): Sending non-protected broadcast com.android.systemui.screenrecord.UPDATE_STATE_OUTSIDE from system 1978:com.android.systemui/u0a78 pkg com.android.systemui
04-04 04:40:00.601 E/ActivityManager( 1549): java.lang.Throwable
04-04 04:40:00.601 E/ActivityManager( 1549): at com.android.server.am.ActivityManagerService.checkBroadcastFromSystem(ActivityManagerService.java:12877)
04-04 04:40:00.601 E/ActivityManager( 1549): at com.android.server.am.ActivityManagerService.broadcastIntentLocked(ActivityManagerService.java:13572)
04-04 04:40:00.601 E/ActivityManager( 1549): at com.android.server.am.ActivityManagerService.broadcastIntentLocked(ActivityManagerService.java:12894)
04-04 04:40:00.601 E/ActivityManager( 1549): at com.android.server.am.ActivityManagerService.broadcastIntentWithFeature(ActivityManagerService.java:13729)
04-04 04:40:00.601 E/ActivityManager( 1549): at android.app.IActivityManager$Stub.onTransact(IActivityManager.java:2326)
04-04 04:40:00.601 E/ActivityManager( 1549): at com.android.server.am.ActivityManagerService.onTransact(ActivityManagerService.java:2528)
04-04 04:40:00.601 E/ActivityManager( 1549): at android.os.Binder.execTransactInternal(Binder.java:1184)
04-04 04:40:00.601 E/ActivityManager( 1549): at android.os.Binder.execTransact(Binder.java:1143)
04-04 04:40:00.602 I/DropBoxManagerService( 1549): add tag=system_server_wtf isTagEnabled=true flags=0x2
04-04 04:40:00.602 I/GameModeConfig( 1549): isGameModeOn = false
04-04 04:40:00.602 I/GameModeConfig( 1549): isGameModeOn = false
04-04 04:40:00.603 I/GameModeConfig( 1549): isGameModeOn = false
04-04 04:40:00.603 I/GameModeConfig( 1549): isGameModeOn = false
04-04 04:40:00.603 I/am_wtf ( 1549): [0,1549,system_server,-1,ActivityManager,Sending non-protected broadcast com.android.systemui.screenrecord.UPDATE_STATE_OUTSIDE from system 1978:com.android.systemui/u0a78 pkg com.android.systemui]
04-04 04:40:00.603 D/GameMode_DndItemViewHolder( 2053): updateScreenRecordState:2
04-04 04:40:00.603 I/DropBoxManagerService( 1549): add tag=system_server_wtf isTagEnabled=true flags=0x2
04-04 04:40:00.605 D/GameMode_GameModeService( 2053): Received recording state : 2
04-04 04:40:00.607 I/notification_enqueue( 1549): [10078,1978,com.android.systemui,4274,NULL,0,Notification(channel=screen_record shortcut=null contentView=null vibrate=null sound=null defaults=0x0 flags=0x40 color=0x00000000 vis=PRIVATE),0]
04-04 04:40:00.608 I/Choreographer( 1978): Skipped 468 frames! The application may be doing too much work on its main thread.
04-04 04:40:00.612 D/audio_hw_primary( 6681): adev_create_audio_patch: enter: num sources 1, num_sinks 1, handle 0
04-04 04:40:00.612 D/audio_hw_primary( 6681): adev_create_audio_patch: Playback patch from mix handle 85 to device 2
04-04 04:40:00.612 I/sysui_multi_action( 1549): [757,128,758,5,759,8,793,6,794,0,795,6,796,4274,806,com.android.systemui,857,screen_record,858,3,947,0,1500,6]
04-04 04:40:00.612 I/notification_canceled( 1549): [0|com.android.systemui|4274|null|10078,8,6,6,0,-1,-1,NULL]
11-11 00:11:31.578 E/adm_callback( 0): cmd = 0x1035d returned error = 0x3
11-11 00:11:31.578 E/adm_apr_send_pkt( 0): DSP returned error[ADSP_EUNSUPPORTED]
04-04 04:40:00.616 W/DisplayController( 1978): Skipping Display Configuration change on non-added display.
04-04 04:40:00.618 D/audio_hw_primary( 6681): start_input_stream: exit
04-04 04:40:00.618 D/audio_hw_primary( 6681): update_patch: enter
04-04 04:40:00.618 D/audio_hw_primary( 6681): route_output_stream: enter: usecase(3: compress-offload-playback) devices 2
04-04 04:40:00.618 D/audio_hw_primary( 6681): adev_create_audio_patch: Added a new patch with handle 7
04-04 04:40:00.619 D/audio_hw_utils( 6681): audio_extn_utils_compress_get_dsp_latency:: Using Fix DSP delay
04-04 04:40:00.619 D/audio_hw_utils( 6681): audio_extn_utils_compress_get_dsp_latency:: delay in ms is 50
04-04 04:40:00.624 W/AppOps ( 1549): Noting op not finished: uid 10078 pkg com.android.systemui code 24 startTime of in progress event=1680554112260
04-04 04:40:00.630 I/OpenGLRenderer( 1978): Davey! duration=9223371746213ms; Flags=0, FrameTimelineVsyncId=6154, IntendedVsync=290641105298, Vsync=298441104986, InputEventId=0, HandleInputStart=298452923634, AnimationStart=298452925144, PerformTraversalsStart=298452926290, DrawStart=298455282175, FrameDeadline=290657771964, FrameInterval=298452870352, FrameStartTime=16666666, SyncQueued=298455465821, SyncStart=298455532852, IssueDrawCommandsStart=298455794415, SwapBuffers=298457767644, FrameCompleted=9223372036854775807, DequeueBufferDuration=36145, QueueBufferDuration=882604, GpuCompleted=9223372036854775807, SwapBuffersCompleted=298459103842, DisplayPresentTime=0,
04-04 04:40:00.632 I/OMX-VENC: venc_dev( 1213): stats: avg. fps 1.44, bitrate 77774
04-04 04:40:00.638 D/audio_hw_primary( 6681): copl(0xec70eb00):calling compress flush
04-04 04:40:00.638 W/audio_hw_primary( 6681): out_flush called in invalid state 0
04-04 04:40:00.638 D/audio_hw_primary( 6681): copl(0xec70eb00):out of compress flush
04-04 04:40:00.639 W/AudioFlinger( 6682): no wake lock to update, system not ready yet
04-04 04:40:00.639 D/audio_hw_primary( 6681): out_set_parameters: enter: usecase(3: compress-offload-playback) kvpairs: delay_samples=576;music_offload_avg_bit_rate=320000;music_offload_sample_rate=48000;padding_samples=1724
04-04 04:40:00.650 D/audio_hw_primary( 6681): out_set_volume: called with left_vol=0.000000, right_vol=0.000000
04-04 04:40:00.651 E/audio_hw_primary( 6681): out_set_compr_volume:ctl for mixer cmd - Compress Playback 7 Volume, left 0.000000, right 0.000000
04-04 04:40:00.652 E/FMQ ( 6681): grantorIdx must be less than 3
04-04 04:40:00.652 E/FMQ ( 6681): grantorIdx must be less than 3
04-04 04:40:00.654 D/audio_hw_primary( 6681): start_output_stream: enter: stream(0xec70eb00)usecase(3: compress-offload-playback) devices(0x2) is_haptic_usecase(0)
04-04 04:40:00.654 D/audio_hw_primary( 6681): select_devices for use case (compress-offload-playback)
04-04 04:40:00.654 D/audio_hw_primary( 6681): select_devices: changing use case compress-offload-playback output device from(0: , acdb -1) to (27: voice-speaker-stereo, acdb 15)
04-04 04:40:00.655 I/msm8974_platform( 6681): platform_check_and_set_codec_backend_cfg:becf: afe: bitwidth 16, samplerate 48000 channels 2, backend_idx 0 usecase = 3 device (voice-speaker-stereo)
04-04 04:40:00.655 D/msm8974_platform( 6681): platform_split_snd_device: snd_device(27) num devices(1) new_snd_devices(0)
04-04 04:40:00.655 I/msm8974_platform( 6681): platform_check_and_set_codec_backend_cfg: new_snd_devices[0] is 27
04-04 04:40:00.655 I/msm8974_platform( 6681): platform_check_codec_backend_cfg:becf: afe: bitwidth 16, samplerate 48000 channels 2, backend_idx 0 usecase = 3 device (voice-speaker-stereo)
04-04 04:40:00.658 D/audio_hw_extn( 6681): audio_extn_enable_hifi_filter: mixer_value set 0
04-04 04:40:00.658 D/msm8974_platform( 6681): platform_check_codec_backend_cfg:becf: updated afe: bitwidth 16, samplerate 48000 channels 2,backend_idx 0 usecase = 3 device (voice-speaker-stereo)
04-04 04:40:00.658 D/msm8974_platform( 6681): platform_check_codec_backend_cfg:becf: afe: playback on codec device not supporting native playback set default Sample Rate(48k)
04-04 04:40:00.658 I/msm8974_platform( 6681): platform_check_codec_backend_cfg:becf: afe: Codec selected backend: 0 updated bit width: 16 and sample rate: 48000
04-04 04:40:00.658 D/audio_hw_primary( 6681): check_usecases_codec_backend:becf: force routing 0
04-04 04:40:00.658 E/msm8974_platform( 6681): platform_check_backends_match: Invalid snd_device =
04-04 04:40:00.658 D/audio_hw_primary( 6681): check_usecases_codec_backend:becf: (78) check_usecases curr device: voice-speaker-stereo, usecase device: backends match 0
04-04 04:40:00.658 E/msm8974_platform( 6681): platform_check_backends_match: Invalid snd_device =
04-04 04:40:00.658 D/audio_hw_primary( 6681): check_usecases_codec_backend:becf: (78) check_usecases curr device: voice-speaker-stereo, usecase device: backends match 0
04-04 04:40:00.658 D/audio_hw_primary( 6681): check_usecases_codec_backend:becf: check_usecases num.of Usecases to switch 0
04-04 04:40:00.658 D/hardware_info( 6681): hw_info_append_hw_type : device_name = voice-speaker-stereo
04-04 04:40:00.658 D/msm8974_platform( 6681): platform_split_snd_device: snd_device(27) num devices(0) new_snd_devices(0)
04-04 04:40:00.658 D/audio_hw_primary( 6681): enable_snd_device: snd_device(27: voice-speaker-stereo)
04-04 04:40:00.658 D/msm8974_platform( 6681): platform_get_island_cfg_on_device:island cfg status on snd_device = (voice-speaker-stereo 0)
04-04 04:40:00.658 I/soundtrigger( 6681): audio_extn_sound_trigger_update_device_status: device 0x1b of type 0 for Event 1, with Raise=0
04-04 04:40:00.658 D/audio_route( 6681): Apply path: voice-speaker-stereo
04-04 04:40:00.658 I/audio_hw_utils( 6681): audio_extn_utils_update_stream_output_app_type_cfg Allowing 24 and above bits playback on speaker ONLY at default sampling rate
04-04 04:40:00.658 E/soundtrigger( 6681): audio_extn_sound_trigger_update_stream_status: invalid input device 0x0, for event 3
04-04 04:40:00.658 D/soundtrigger( 6681): audio_extn_sound_trigger_update_stream_status: uc_info->id 3 of type 0 for Event 3, with Raise=1
04-04 04:40:00.658 I/sound_trigger_platform( 6681): platform_stdev_check_and_update_concurrency: Received STREAM event, event type 3, usecase type 0
04-04 04:40:00.658 D/sound_trigger_platform( 6681): platform_stdev_get_capture_device: Device = 0x80000004
04-04 04:40:00.658 D/sound_trigger_platform( 6681): platform_stdev_get_capture_device: Available device = 0x80000004
04-04 04:40:00.658 D/sound_trigger_platform( 6681): platform_stdev_check_and_update_concurrency: dedicated path 1, reset backend 1, tx 1, rx 1, concurrency session not allowed
04-04 04:40:00.658 D/audio_hw_utils( 6681): audio_extn_utils_send_app_type_cfg: usecase->out_snd_device voice-speaker-stereo
04-04 04:40:00.658 D/msm8974_platform( 6681): platform_split_snd_device: snd_device(27) num devices(0) new_snd_devices(0)
04-04 04:40:00.659 D/audio_hw_utils( 6681): audio_extn_btsco_get_sample_rate:Not a BT SCO device, need not update sampling rate
04-04 04:40:00.659 I/audio_hw_utils( 6681): send_app_type_cfg_for_device PLAYBACK app_type 69936, acdb_dev_id 15, sample_rate 48000, snd_device_be_idx 179
04-04 04:40:00.659 D/msm8974_platform( 6681): platform_split_snd_device: snd_device(27) num devices(1) new_snd_devices(0)
04-04 04:40:00.659 D/audio_hw_utils( 6681): audio_extn_btsco_get_sample_rate:Not a BT SCO device, need not update sampling rate
04-04 04:40:00.659 D/ACDB-LOADER( 6681): ACDB -> send_audio_cal, acdb_id = 15, path = 0, app id = 0x11130, sample rate = 48000, afe_sample_rate = 48000
04-04 04:40:00.659 D/ACDB-LOADER( 6681): ACDB -> send_asm_topology
04-04 04:40:00.659 D/ACDB-LOADER( 6681): ACDB -> ACDB_CMD_GET_AUDPROC_STREAM_TOPOLOGY_ID
04-04 04:40:00.659 D/ACDB-LOADER( 6681): ACDB -> send_adm_topology
04-04 04:40:00.659 D/ACDB-LOADER( 6681): ACDB -> ACDB_CMD_GET_AUDPROC_COMMON_TOPOLOGY_ID
04-04 04:40:00.659 D/ACDB-LOADER( 6681): ACDB -> send_audtable
04-04 04:40:00.659 D/ACDB-LOADER( 6681): ACDB -> ACDB_CMD_GET_AUDPROC_INSTANCE_COMMON_TABLE_SIZE
04-04 04:40:00.659 D/ACDB-LOADER( 6681): ACDB -> ACDB_CMD_GET_AUDPROC_INSTANCE_COMMON_TABLE
04-04 04:40:00.659 D/ACDB-LOADER( 6681): ACDB -> AUDIO_SET_AUDPROC_CAL cal_type[11] acdb_id[15] app_type[69936]
04-04 04:40:00.659 D/ACDB-LOADER( 6681): ACDB -> send_audvoltable
04-04 04:40:00.659 D/ACDB-LOADER( 6681): ACDB -> ACDB_CMD_GET_AUDPROC_INSTANCE_GAIN_DEP_STEP_TABLE_SIZE
04-04 04:40:00.659 D/ACDB-LOADER( 6681): ACDB -> ACDB_CMD_GET_AUDPROC_INSTANCE_GAIN_DEP_STEP_TABLE, vol index 0
04-04 04:40:00.659 D/ACDB-LOADER( 6681): ACDB -> AUDIO_SET_VOL_CAL cal type = 12
04-04 04:40:00.659 D/ACDB-LOADER( 6681): ACDB -> ACDB_CMD_GET_AUDPROC_INSTANCE_STREAM_TABLE_SIZE
04-04 04:40:00.659 D/ACDB-LOADER( 6681): ACDB -> send_audstrmtable
04-04 04:40:00.659 D/ACDB-LOADER( 6681): ACDB -> ACDB_CMD_GET_AUDPROC_INSTANCE_STREAM_TABLE
04-04 04:40:00.659 D/ACDB-LOADER( 6681): ACDB -> audstrm_cal->cal_type.cal_data.cal_size = 536
04-04 04:40:00.659 D/ACDB-LOADER( 6681): ACDB -> send_afe_topology
04-04 04:40:00.659 D/ACDB-LOADER( 6681): ACDB -> ACDB_CMD_GET_AFE_TOPOLOGY_ID
04-04 04:40:00.659 D/ACDB-LOADER( 6681): ACDB -> GET_AFE_TOPOLOGY_ID for adcd_id 15, Topology Id 112fc
04-04 04:40:00.659 D/ACDB-LOADER( 6681): ACDB -> send_afe_cal
04-04 04:40:00.659 D/ACDB-LOADER( 6681): ACDB -> ACDB_CMD_GET_AFE_INSTANCE_COMMON_TABLE_SIZE
04-04 04:40:00.659 D/android.hardware.audio.service( 6681): Failed to fetch the lookup information of the device 0000000F
04-04 04:40:00.659 D/ACDB-LOADER( 6681): Error: ACDB_CMD_GET_AFE_INSTANCE_COMMON_TABLE_SIZE Returned = -19
04-04 04:40:00.659 D/ACDB-LOADER( 6681): ACDB -> ACDB_CMD_GET_AFE_INSTANCE_COMMON_TABLE
04-04 04:40:00.659 D/android.hardware.audio.service( 6681): Failed to fetch the lookup information of the device 0000000F
04-04 04:40:00.659 D/ACDB-LOADER( 6681): Error: ACDB AFE returned = -19
04-04 04:40:00.659 D/ACDB-LOADER( 6681): ACDB -> AUDIO_SET_AFE_CAL cal_type[16] acdb_id[15]
11-11 00:11:31.625 I/afe_find_cal_topo_id_by_port( 0): port id: 0x9000, dev_acdb_id: 0
04-04 04:40:00.659 D/ACDB-LOADER( 6681): ACDB -> send_hw_delay : acdb_id = 15 path = 0
04-04 04:40:00.659 D/ACDB-LOADER( 6681): ACDB -> ACDB_AVSYNC_INFO: ACDB_CMD_GET_DEVICE_PROPERTY
04-04 04:40:00.659 D/msm8974_platform( 6681): platform_split_snd_device: snd_device(27) num devices(0) new_snd_devices(0)
04-04 04:40:00.659 I/msm8974_platform( 6681): platform_get_custom_mtmx_params: no matching param with id 0 ip_ch 2 op_ch 2 uc_id 3 snd_dev 27
04-04 04:40:00.659 D/audio_hw_primary( 6681): enable_audio_route: apply mixer and update path: compress-offload-playback
04-04 04:40:00.659 D/audio_route( 6681): Apply path: compress-offload-playback
04-04 04:40:00.660 D/audio_hw_primary( 6681): select_devices: done
04-04 04:40:00.660 D/audio_hw_primary( 6681): audio_enable_asm_bit_width_enforce_mode: DSP bitwidth feature is disabled.
11-11 00:11:31.625 I/afe_find_cal_topo_id_by_port( 0): top_id:112fc acdb_id:15 afe_port:0x9000
11-11 00:11:31.625 I/afe_get_cal_topology_id( 0): port_id = 0x9000 acdb_id = 15 topology_id = 0x112fc cal_type_index=8 ret=0
11-11 00:11:31.625 I/afe_send_port_topology_id( 0): AFE set topology id 0x112fc enable for port 0x9000 ret 0
11-11 00:11:31.625 I/send_afe_cal_type( 0): cal_index is 0
11-11 00:11:31.625 I/send_afe_cal_type( 0): dev_acdb_id[55] is 0
11-11 00:11:31.625 I/send_afe_cal_type( 0): Sending cal_index cal 0
11-11 00:11:31.625 E/send_afe_cal_type( 0): No cal sent for cal_index 0, port_id = 0x9000! ret -22
11-11 00:11:31.625 I/afe_send_hw_delay( 0): port_id 0x9000 rate 48000 delay_usec 474 status 0
04-04 04:40:00.670 D/KeyguardUpdateMonitor( 1978): received broadcast android.intent.action.TIME_TICK
04-04 04:40:00.680 D/audio_hw_utils( 6681): audio_extn_utils_compress_set_render_mode:: render mode 0
04-04 04:40:00.680 D/audio_hw_utils( 6681): audio_extn_utils_compress_set_clk_rec_mode:: clk recovery is only supported in STC render mode
04-04 04:40:00.680 D/offload_visualizer( 6681): thread enter
04-04 04:40:00.681 D/audio_hw_primary( 6681): start_output_stream: exit
04-04 04:40:00.681 D/audio_hw_primary( 6681): copl(0xec70eb00):send new gapless metadata
04-04 04:40:00.682 W/msm8974_platform( 6681): platform_send_gain_dep_cal: Usecase list is empty
04-04 04:40:00.683 D/msm8974_platform( 6681): platform_split_snd_device: snd_device(27) num devices(1) new_snd_devices(0)
04-04 04:40:00.683 D/ACDB-LOADER( 6681): ACDB -> send_audvoltable
04-04 04:40:00.683 D/ACDB-LOADER( 6681): ACDB -> ACDB_CMD_GET_AUDPROC_INSTANCE_GAIN_DEP_STEP_TABLE_SIZE
04-04 04:40:00.683 D/ACDB-LOADER( 6681): ACDB -> ACDB_CMD_GET_AUDPROC_INSTANCE_GAIN_DEP_STEP_TABLE, vol index 5
04-04 04:40:00.683 D/ACDB-LOADER( 6681): ACDB -> AUDIO_SET_VOL_CAL cal type = 40
04-04 04:40:00.683 D/audio_hw_primary( 6681): out_set_volume: called with left_vol=0.040156, right_vol=0.040156
04-04 04:40:00.684 E/audio_hw_primary( 6681): out_set_compr_volume:ctl for mixer cmd - Compress Playback 7 Volume, left 0.040156, right 0.040156
04-04 04:40:00.697 I/AS.AudioService( 1549): after audioserver restart: initStreamVolume succeeded
04-04 04:40:00.700 D/audio_hw_primary( 6681): No space available in compress driver, post msg to cb thread
04-04 04:40:00.700 D/audio_hw_primary( 6681): copl(0xec70eb00):calling compress_wait
04-04 04:40:00.717 D/BaseIconFactory( 1978): normalizeAndWrapToAdaptiveIcon: scale=0.8095146
04-04 04:40:00.742 D/audio_hw_primary( 6681): adev_create_audio_patch: enter: num sources 1, num_sinks 1, handle 7
04-04 04:40:00.742 D/audio_hw_primary( 6681): adev_create_audio_patch: Playback patch from mix handle 85 to device 2
04-04 04:40:00.742 D/audio_hw_primary( 6681): update_patch: enter
04-04 04:40:00.742 D/audio_hw_primary( 6681): route_output_stream: enter: usecase(3: compress-offload-playback) devices 2
04-04 04:40:00.742 D/audio_hw_primary( 6681): select_devices for use case (compress-offload-playback)
04-04 04:40:00.744 D/KeyguardUpdateMonitor( 1978): handleTimeUpdate
04-04 04:40:00.744 I/mpu_uart( 645): [MSG-P:RECV]:No message received in 1000 ms
04-04 04:40:00.771 D/APM_AudioPolicyMix( 6682): registerMix(): adding mix for dev=0x8000 addr=-1416755123:ap:0mixp:0
04-04 04:40:00.772 D/audio_hw_primary( 6681): adev_set_parameters: enter: -1416755123:ap:0mixp:0=;connect=-2147483392
04-04 04:40:00.772 D/audio_hw_hfp( 6681): hfp_set_parameters: enter
04-04 04:40:00.772 D/audio_hw_extn( 6681): audio_extn_fm_set_parameters: Enter
04-04 04:40:00.772 D/sound_trigger_platform( 6681): platform_stdev_get_capture_device: Device = 0x80000004
04-04 04:40:00.772 D/sound_trigger_platform( 6681): platform_stdev_get_capture_device: Available device = 0x80000004
04-04 04:40:00.772 D/sound_trigger_hw( 6681): handle_device_switch: device 0x80000100 Connected
04-04 04:40:00.776 D/r_submix( 6681): adev_open_input_stream(addr=-1416755123:ap:0mixp:0)
04-04 04:40:00.776 D/r_submix( 6681): submix_audio_device_create_pipe_l(addr=-1416755123:ap:0mixp:0, idx=9)
04-04 04:40:00.776 D/r_submix( 6681): now using address -1416755123:ap:0mixp:0 for route 9
04-04 04:40:00.779 I/AudioFlinger( 6682): AudioFlinger's thread 0xb400007bdd4a30b0 tid=6758 ready to run
04-04 04:40:00.779 I/r_submix( 6681): in_standby()
04-04 04:40:00.779 W/AudioFlinger( 6682): no wake lock to update, system not ready yet
04-04 04:40:00.779 I/r_submix( 6681): in_standby()
04-04 04:40:00.779 W/AudioFlinger( 6682): no wake lock to update, system not ready yet
04-04 04:40:00.782 W/AudioFlinger( 6682): no wake lock to update, system not ready yet
04-04 04:40:00.782 D/r_submix( 6681): adev_close_input_stream()
04-04 04:40:00.782 D/r_submix( 6681): submix_audio_device_release_pipe_l(idx=9) addr=-1416755123:ap:0mixp:0
04-04 04:40:00.782 D/r_submix( 6681): submix_audio_device_destroy_pipe_l(): pipe destroyed
04-04 04:40:00.785 I/AudioFlinger( 6682): systemReady
04-04 04:40:00.788 D/audio_hw_primary( 6681): adev_set_parameters: enter: restarting=false
04-04 04:40:00.788 D/audio_hw_hfp( 6681): hfp_set_parameters: enter
04-04 04:40:00.788 D/audio_hw_extn( 6681): audio_extn_fm_set_parameters: Enter
04-04 04:40:00.789 D/audio_hw_primary( 6681): adev_set_mic_mute state 0
04-04 04:40:00.790 I/Telecom ( 1549): WiredHeadsetManager: ACTION_HEADSET_PLUG event, plugged in: false, : WHC.oADA@ABk
04-04 04:40:00.809 I/NotificationService( 1549): Cannot find enqueued record for key: 0|com.android.systemui|4274|null|10078
04-04 04:40:00.868 W/AudioFlinger( 6682): RecordThread: buffer overflow
04-04 04:40:00.988 D/WeakNetDetector( 3106): [MSF_StatReportThread] onPingRecved ssoSeq=17375 pingSend=1680554397949 pingRecv=1680554400988 cost=3039
04-04 04:40:01.109 D/MSF.C.NetConnTag.( 3106): netRecv ssoSeq:17307 uin:*3097 cmd:GCY3BCggPAk8IH49ND4qCTMtMw costTime:30000 SignalStrengths wifi:0 gsm:0 cdma:0 net:2 code:1002 failMsg:wait serverResp timeout
04-04 04:40:01.110 D/MSF.C.NetConnTag.true( 3106): not tag regprxysvc resp seq:17307 by disconn, sockethashcode = 0
04-04 04:40:01.110 I/MSF.C.PushManager( 3106): not need to update lastRecvTimeForSG, isConned:false
04-04 04:40:01.110 I/MSF.S.AppProcessManager( 3106): SendToApp process:com.tencent.mobileqq fromServiceMsg: FromServiceMsg msName:unknown ssoSeq:17307 serviceCmd:RegPrxySvc.infoSync appSeq:328 failCode:1002 cos t =0 needBoot=false to.len = 418 from.len = 0
04-04 04:40:01.112 D/MSF.D.Proxy( 3311): onReceiveResp, fromServiceMsg = RegPrxySvc.infoSync, ssoSeq = 17307, length = 0
04-04 04:40:01.204 D/MSF.C.NetConnTag.( 3106): netRecv ssoSeq:17310 uin:*3097 cmd:GTcxIAkuJnQ4Jjc9KSwgKA costTime:30000 SignalStrengths wifi:0 gsm:0 cdma:0 net:2 code:1002 failMsg:wait serverResp timeout
04-04 04:40:01.210 D/MSF.C.NetConnTag.( 3106): netRecv ssoSeq:17314 uin:*3097 cmd:GCY3BCggPAk8IH49ND4qCTMtMw costTime:30000 SignalStrengths wifi:0 gsm:0 cdma:0 net:2 code:1002 failMsg:wait serverResp timeout
04-04 04:40:01.210 D/MSF.C.NetConnTag.true( 3106): not tag regprxysvc resp seq:17314 by disconn, sockethashcode = 0
04-04 04:40:01.210 I/MSF.C.PushManager( 3106): not need to update lastRecvTimeForSG, isConned:false
04-04 04:40:01.211 I/MSF.S.AppProcessManager( 3106): SendToApp process:com.tencent.mobileqq fromServiceMsg: FromServiceMsg msName:unknown ssoSeq:17314 serviceCmd:RegPrxySvc.infoSync appSeq:329 failCode:1002 cos t =0 needBoot=false to.len = 418 from.len = 0
04-04 04:40:01.212 D/MSF.D.Proxy( 3311): onReceiveResp, fromServiceMsg = RegPrxySvc.infoSync, ssoSeq = 17314, length = 0
04-04 04:40:01.310 D/audio_hw_primary( 6681): copl(0xec70eb00):out of compress_wait
04-04 04:40:01.313 D/audio_hw_primary( 6681): No space available in compress driver, post msg to cb thread
04-04 04:40:01.314 D/audio_hw_primary( 6681): copl(0xec70eb00):calling compress_wait
04-04 04:40:01.474 D/MSF.C.NetConnTag.true( 3106): preDetectTimeoutMsg cmd:GTcxIAkuJnQ4Jjc9KSwgKA, ssoSeq:17328
04-04 04:40:01.495 I/auditd ( 0): type=1400 audit(0.0:555): avc: denied { kill } for comm="swapper/3" capability=5 scontext=u:r:kernel:s0 tcontext=u:r:kernel:s0 tclass=capability permissive=0
04-04 04:40:01.495 W/swapper/3( 0): type=1400 audit(0.0:555): avc: denied { kill } for capability=5 scontext=u:r:kernel:s0 tcontext=u:r:kernel:s0 tclass=capability permissive=0
04-04 04:40:01.744 I/mpu_uart( 645): [MSG-P:RECV]:No message received in 1000 ms
04-04 04:40:01.932 I/mpu_uart( 645): [MSG-P:R]:recv sync frame timeout
04-04 04:40:02.150 D/audio_hw_primary( 6681): copl(0xec70eb00):out of compress_wait
04-04 04:40:02.153 D/audio_hw_primary( 6681): No space available in compress driver, post msg to cb thread
04-04 04:40:02.153 D/audio_hw_primary( 6681): copl(0xec70eb00):calling compress_wait
04-04 04:40:02.307 I/OMX-VENC: venc_dev( 1213): stats: avg. fps 23.28, bitrate 1223230
04-04 04:40:02.371 W/HWComposer( 990): Ignoring duplicate VSYNC event from HWC for display 4630946370410392961 (t=300215300000)
04-04 04:40:02.387 W/HWComposer( 990): Ignoring duplicate VSYNC event from HWC for display 4630946370410392961 (t=300232035000)
04-04 04:40:02.404 W/HWComposer( 990): Ignoring duplicate VSYNC event from HWC for display 4630946370410392961 (t=300248729000)
04-04 04:40:02.421 W/HWComposer( 990): Ignoring duplicate VSYNC event from HWC for display 4630946370410392961 (t=300265422000)
04-04 04:40:02.437 W/HWComposer( 990): Ignoring duplicate VSYNC event from HWC for display 4630946370410392961 (t=300282121000)
04-04 04:40:02.454 W/HWComposer( 990): Ignoring duplicate VSYNC event from HWC for display 4630946370410392961 (t=300298836000)
04-04 04:40:02.491 I/auditd ( 0): type=1400 audit(0.0:556): avc: denied { kill } for comm="swapper/3" capability=5 scontext=u:r:kernel:s0 tcontext=u:r:kernel:s0 tclass=capability permissive=0
04-04 04:40:02.491 W/swapper/3( 0): type=1400 audit(0.0:556): avc: denied { kill } for capability=5 scontext=u:r:kernel:s0 tcontext=u:r:kernel:s0 tclass=capability permissive=0
04-04 04:40:02.744 I/mpu_uart( 645): [MSG-P:RECV]:No message received in 1000 ms
04-04 04:40:02.819 I/commit_sys_config_file( 1549): [appops,281090]
04-04 04:40:02.970 D/audio_hw_primary( 6681): copl(0xec70eb00):out of compress_wait
04-04 04:40:02.972 D/audio_hw_primary( 6681): No space available in compress driver, post msg to cb thread
04-04 04:40:02.974 D/audio_hw_primary( 6681): copl(0xec70eb00):calling compress_wait
04-04 04:40:03.003 D/MSF.C.NetConnTag.DualConnContext.true( 3106): tryDualConn
04-04 04:40:03.005 D/PandoraEx.MonitorReporter( 3106): module[network], systemApi[NI#G_TY_NAME], scene[back], strategy[normal], isSystemCall[true
04-04 04:40:03.005 D/PandoraEx.MonitorReporter( 3106): module[network], systemApi[NI#G_TY_NAME], scene[back], strategy[normal], isSystemCall[true
04-04 04:40:03.005 I/MSF.D.NetworkProvider( 3106): refresh currentAPN:. received networkInfo: CONNECTED :NetworkInfo: type: WIFI[], state: CONNECTED/CONNECTED, reason: (unspecified), extra: , roaming: false, failover: false, isAvailable: true, isConnectedToProvisioningNetwork: true. ExtraNetInfo: null
04-04 04:40:03.007 D/MSF.C.NetConnTag.true( 3106): mainSocketEngineOpenConn start...activeIpFamily=1
