04-04 04:40:08.292 D/MSF.C.PushManager( 3106): recv proxyRegister sendProcess=com.tencent.mobileqq registerProcesscom.tencent.mobileqq:nearby_video callbacker= appid=537150662 ProxyRegisterInfo=
04-04 04:40:08.295 I/MSF.S.AppProcessManager( 3106): SendToApp process:com.tencent.mobileqq fromServiceMsg: FromServiceMsg msName:proxyRegisterPush ssoSeq:17408 serviceCmd:push.proxyRegister appSeq:377 failCode:1000 cos t =0 needBoot=false to.len = 0 from.len = 0
04-04 04:40:08.296 D/MSF.D.Proxy( 3311): onReceiveResp, fromServiceMsg = push.proxyRegister, ssoSeq = 17408, length = 0
04-04 04:40:08.298 I/LoginRegisterApiImpl( 3311): getLoginType uin=3097 loginType=0
04-04 04:40:08.298 D/OnlineStatusServiceImpl( 3311): sendOnlineStatusWithExt: 0
04-04 04:40:08.299 D/msfCore ( 3106): stopPCActivePolling by regPush
04-04 04:40:08.299 I/MSF.S.AppProcessManager( 3106): SendToApp process:com.tencent.mobileqq fromServiceMsg: FromServiceMsg msName:registerPush ssoSeq:17409 serviceCmd:push.register appSeq:378 failCode:1000 cos t =0 needBoot=false to.len = 0 from.len = 0
04-04 04:40:08.299 D/MSF.D.Proxy( 3311): onReceiveResp, fromServiceMsg = push.register, ssoSeq = 17409, length = 0
04-04 04:40:08.300 D/mqq ( 3311): register.push return empty packet! status: online
04-04 04:40:08.300 D/PCActiveEchoManager( 3106): stopEcho succ
04-04 04:40:08.302 D/MessageHandler( 3311): sendNewRegisterProxy , isGetPassword = false ,randomSeq2085909488, isWakeFromDeepSleep = false
04-04 04:40:08.302 D/MessageHandler( 3311): [ReSendProxy] currentRegisterProxyRandom = 7217926222224781185
04-04 04:40:08.302 D/RegisterProxySvcPackService( 3311): requestNewRegister , type = 1 ,ulRequestOptional = 90562 ,cDisgroupMsgFilter = 1 ,NoticeEndSeq = 2085909488 ,ulSyncTime = 0
04-04 04:40:08.304 I/AutoMonitor( 3311): STEP_SEND_REGISTER_PACKAGE, cost=1
04-04 04:40:08.308 I/ZPlanGuardManager( 3311): onLiteTimeTick, tick=24
04-04 04:40:08.491 I/auditd ( 0): type=1400 audit(0.0:561): avc: denied { kill } for comm="swapper/3" capability=5 scontext=u:r:kernel:s0 tcontext=u:r:kernel:s0 tclass=capability permissive=0
04-04 04:40:08.491 W/swapper/3( 0): type=1400 audit(0.0:561): avc: denied { kill } for capability=5 scontext=u:r:kernel:s0 tcontext=u:r:kernel:s0 tclass=capability permissive=0
04-04 04:40:08.700 D/audio_hw_primary( 6681): copl(0xec70eb00):out of compress_wait
04-04 04:40:08.704 D/audio_hw_primary( 6681): No space available in compress driver, post msg to cb thread
04-04 04:40:08.705 D/audio_hw_primary( 6681): copl(0xec70eb00):calling compress_wait
04-04 04:40:08.746 I/mpu_uart( 645): [MSG-P:RECV]:No message received in 1000 ms
04-04 04:40:08.985 I/NTKernel( 3311): [NTSDK]seq(1324)---- [INFO] key_value_storage.h(370)::OnTimeout KeyValueStorage timeout and cache is not empty, so start reflush into db!
04-04 04:40:08.985 I/NTKernel( 3311): [NTSDK]seq(1325)---- [INFO] table_handle.cc(99)::Upsert [data_base]->TableHandle guild_msg_kv_storage_table Upsert called
04-04 04:40:08.986 I/NTKernel( 3311): [NTSDK]seq(1327)---- [INFO] upsert_deduce_command.cc(69)::RunInternal [data_base]->task[34] upsert guild_msg_kv_storage_table count[2}]
04-04 04:40:09.190 I/OMX-VENC: venc_dev( 1213): stats: avg. fps 60.48, bitrate 3217041
04-04 04:40:09.394 E/tlogd ( 1298): [TzLogger](isPathReadable) file /sys/kernel/debug/tzdbg/qsee_log isn't exist or no permission, err: No such file or directory
04-04 04:40:09.394 E/tlogd ( 1298): [TzLogger](saveTzlogAsync) /sys/kernel/debug/tzdbg/qsee_log can not read.
04-04 04:40:09.394 E/tlogd ( 1298): [TzLogger](isPathReadable) file /sys/kernel/debug/tzdbg/log isn't exist or no permission, err: No such file or directory
04-04 04:40:09.394 E/tlogd ( 1298): [TzLogger](saveTzlogAsync) /sys/kernel/debug/tzdbg/log can not read.
04-04 04:40:09.491 I/auditd ( 0): type=1400 audit(0.0:562): avc: denied { kill } for comm="swapper/3" capability=5 scontext=u:r:kernel:s0 tcontext=u:r:kernel:s0 tclass=capability permissive=0
04-04 04:40:09.491 W/swapper/3( 0): type=1400 audit(0.0:562): avc: denied { kill } for capability=5 scontext=u:r:kernel:s0 tcontext=u:r:kernel:s0 tclass=capability permissive=0
04-04 04:40:09.520 D/audio_hw_primary( 6681): copl(0xec70eb00):out of compress_wait
04-04 04:40:09.525 D/audio_hw_primary( 6681): No space available in compress driver, post msg to cb thread
04-04 04:40:09.525 D/audio_hw_primary( 6681): copl(0xec70eb00):calling compress_wait
04-04 04:40:09.746 I/mpu_uart( 645): [MSG-P:RECV]:No message received in 1000 ms
04-04 04:40:10.195 I/OMX-VENC: venc_dev( 1213): stats: avg. fps 59.68, bitrate 3024203
04-04 04:40:10.330 D/audio_hw_primary( 6681): copl(0xec70eb00):out of compress_wait
04-04 04:40:10.333 D/audio_hw_primary( 6681): No space available in compress driver, post msg to cb thread
04-04 04:40:10.333 D/audio_hw_primary( 6681): copl(0xec70eb00):calling compress_wait
04-04 04:40:10.366 D/MSF.C.NetConnTag.true( 3106): preDetectTimeoutMsg cmd:PjEgN3Q3dnQ4JiA7KCxrCC8zPyYudhYpJRE1JDUqMQ, ssoSeq:17354
04-04 04:40:10.491 I/auditd ( 0): type=1400 audit(0.0:563): avc: denied { kill } for comm="swapper/3" capability=5 scontext=u:r:kernel:s0 tcontext=u:r:kernel:s0 tclass=capability permissive=0
04-04 04:40:10.491 W/swapper/3( 0): type=1400 audit(0.0:563): avc: denied { kill } for capability=5 scontext=u:r:kernel:s0 tcontext=u:r:kernel:s0 tclass=capability permissive=0
04-04 04:40:10.746 I/mpu_uart( 645): [MSG-P:RECV]:No message received in 1000 ms
04-04 04:40:10.943 I/mpu_uart( 645): [MSG-P:R]:recv sync frame timeout
04-04 04:40:11.150 D/audio_hw_primary( 6681): copl(0xec70eb00):out of compress_wait
04-04 04:40:11.155 D/audio_hw_primary( 6681): No space available in compress driver, post msg to cb thread
04-04 04:40:11.155 D/audio_hw_primary( 6681): copl(0xec70eb00):calling compress_wait
04-04 04:40:11.214 I/OMX-VENC: venc_dev( 1213): stats: avg. fps 59.87, bitrate 3052761
04-04 04:40:11.302 D/WeakNetDetector( 3106): [MSF_StatReportThread] onPingRecved ssoSeq=17400 pingSend=1680554408261 pingRecv=1680554411302 cost=3041
04-04 04:40:11.476 D/MSF.C.NetConnTag.( 3106): netRecv ssoSeq:17328 uin:*3097 cmd:GTcxIAkuJnQ4Jjc9KSwgKA costTime:30000 SignalStrengths wifi:0 gsm:0 cdma:0 net:2 code:1002 failMsg:wait serverResp timeout
04-04 04:40:11.491 I/auditd ( 0): type=1400 audit(0.0:564): avc: denied { kill } for comm="swapper/3" capability=5 scontext=u:r:kernel:s0 tcontext=u:r:kernel:s0 tclass=capability permissive=0
04-04 04:40:11.491 W/swapper/3( 0): type=1400 audit(0.0:564): avc: denied { kill } for capability=5 scontext=u:r:kernel:s0 tcontext=u:r:kernel:s0 tclass=capability permissive=0
04-04 04:40:11.746 I/mpu_uart( 645): [MSG-P:RECV]:No message received in 1000 ms
04-04 04:40:11.749 D/MSF.C.NetConnTag.true( 3106): preDetectTimeoutMsg cmd:GTcxIAkuJnQ4Jjc9KSwgKA, ssoSeq:17358
04-04 04:40:11.749 D/MSF.C.NetConnTag.true( 3106): preDetectTimeoutMsg cmd:GCY3BCggPAk8IH49ND4qCTMtMw, ssoSeq:17361
04-04 04:40:11.970 D/audio_hw_primary( 6681): copl(0xec70eb00):out of compress_wait
04-04 04:40:11.974 D/audio_hw_primary( 6681): No space available in compress driver, post msg to cb thread
04-04 04:40:11.974 D/audio_hw_primary( 6681): copl(0xec70eb00):calling compress_wait
04-04 04:40:12.234 I/OMX-VENC: venc_dev( 1213): stats: avg. fps 22.56, bitrate 924799
04-04 04:40:12.491 I/auditd ( 0): type=1400 audit(0.0:565): avc: denied { kill } for comm="swapper/3" capability=5 scontext=u:r:kernel:s0 tcontext=u:r:kernel:s0 tclass=capability permissive=0
04-04 04:40:12.491 W/swapper/3( 0): type=1400 audit(0.0:565): avc: denied { kill } for capability=5 scontext=u:r:kernel:s0 tcontext=u:r:kernel:s0 tclass=capability permissive=0
04-04 04:40:12.744 D/MSF.C.NetConnTag.true( 3106): preDetectTimeoutMsg cmd:ByYjJzs/IAk8IH4EOB8gLgcwNw, ssoSeq:17363
04-04 04:40:12.747 I/mpu_uart( 645): [MSG-P:RECV]:No message received in 1000 ms
04-04 04:40:12.780 D/audio_hw_primary( 6681): copl(0xec70eb00):out of compress_wait
04-04 04:40:12.784 D/audio_hw_primary( 6681): No space available in compress driver, post msg to cb thread
04-04 04:40:12.784 D/audio_hw_primary( 6681): copl(0xec70eb00):calling compress_wait
04-04 04:40:12.997 D/MSF.C.NetConnTag.true( 3106): preDetectTimeoutMsg cmd:ByYjJzs/IAk8IH4EOB8gLgcwNw, ssoSeq:17364
04-04 04:40:13.237 I/OMX-VENC: venc_dev( 1213): stats: avg. fps 10.97, bitrate 442658
04-04 04:40:13.279 W/Settings( 3106): Setting airplane_mode_on has moved from android.provider.Settings.System to android.provider.Settings.Global, returning read-only value.
04-04 04:40:13.281 W/Settings( 3106): Setting airplane_mode_on has moved from android.provider.Settings.System to android.provider.Settings.Global, returning read-only value.
04-04 04:40:13.283 W/Settings( 3106): Setting airplane_mode_on has moved from android.provider.Settings.System to android.provider.Settings.Global, returning read-only value.
04-04 04:40:13.284 W/Settings( 3106): Setting airplane_mode_on has moved from android.provider.Settings.System to android.provider.Settings.Global, returning read-only value.
04-04 04:40:13.285 W/Settings( 3106): Setting airplane_mode_on has moved from android.provider.Settings.System to android.provider.Settings.Global, returning read-only value.
04-04 04:40:13.287 W/Settings( 3106): Setting airplane_mode_on has moved from android.provider.Settings.System to android.provider.Settings.Global, returning read-only value.
04-04 04:40:13.288 W/Settings( 3106): Setting airplane_mode_on has moved from android.provider.Settings.System to android.provider.Settings.Global, returning read-only value.
04-04 04:40:13.290 W/Settings( 3106): Setting airplane_mode_on has moved from android.provider.Settings.System to android.provider.Settings.Global, returning read-only value.
04-04 04:40:13.297 D/MSF.C.NetConnTag.DualConnContext.true( 3106): tryDualConn
04-04 04:40:13.298 D/PandoraEx.MonitorReporter( 3106): module[network], systemApi[NI#G_TY_NAME], scene[back], strategy[normal], isSystemCall[true
04-04 04:40:13.298 D/PandoraEx.MonitorReporter( 3106): module[network], systemApi[NI#G_TY_NAME], scene[back], strategy[normal], isSystemCall[true
04-04 04:40:13.298 I/MSF.D.NetworkProvider( 3106): refresh currentAPN:. received networkInfo: CONNECTED :NetworkInfo: type: WIFI[], state: CONNECTED/CONNECTED, reason: (unspecified), extra: , roaming: false, failover: false, isAvailable: true, isConnectedToProvisioningNetwork: true. ExtraNetInfo: null
04-04 04:40:13.300 D/MSF.C.NetConnTag.true( 3106): mainSocketEngineOpenConn start...activeIpFamily=1
04-04 04:40:13.300 D/MSF.C.SsoListManager( 3106): getAvailableSsoList ssoTypeKey = SocketWifiIpv4, curr size null
04-04 04:40:13.300 D/MSF.C.SsoListManager( 3106): getAvailableSsoList ssoTypeKey = SocketMobileIpv4, curr size null
04-04 04:40:13.300 D/MSF.C.NetConnTag.true( 3106): mainSocketEngineOpenConn try single conn wifiSsoList=10, mobileSsoList=6
04-04 04:40:13.300 D/MSF.C.NetConnTag.true( 3106): [setMainSocketEngineId] mainConnID: 0
04-04 04:40:13.301 D/PandoraEx.MonitorReporter( 3106): module[network], systemApi[NI#G_TY_NAME], scene[back], strategy[normal], isSystemCall[true
04-04 04:40:13.301 D/PandoraEx.MonitorReporter( 3106): module[network], systemApi[NI#G_TY_NAME], scene[back], strategy[normal], isSystemCall[true
04-04 04:40:13.301 I/MSF.D.NetworkProvider( 3106): refresh currentAPN:. received networkInfo: CONNECTED :NetworkInfo: type: WIFI[], state: CONNECTED/CONNECTED, reason: (unspecified), extra: , roaming: false, failover: false, isAvailable: true, isConnectedToProvisioningNetwork: true. ExtraNetInfo: null
04-04 04:40:13.302 W/Settings( 3106): Setting airplane_mode_on has moved from android.provider.Settings.System to android.provider.Settings.Global, returning read-only value.
04-04 04:40:13.303 D/PandoraEx.MonitorReporter( 3106): module[network], systemApi[NI#G_TY_NAME], scene[back], strategy[normal], isSystemCall[true
04-04 04:40:13.303 D/PandoraEx.MonitorReporter( 3106): module[network], systemApi[NI#G_TY_NAME], scene[back], strategy[normal], isSystemCall[true
04-04 04:40:13.303 I/MSF.D.NetworkProvider( 3106): refresh currentAPN:. received networkInfo: CONNECTED :NetworkInfo: type: WIFI[], state: CONNECTED/CONNECTED, reason: (unspecified), extra: , roaming: false, failover: false, isAvailable: true, isConnectedToProvisioningNetwork: true. ExtraNetInfo: null
04-04 04:40:13.307 D/MSF.C.NetConnTag.true( 3106): try open Conn OSwzPz8sf3VlLiMyLTEjM2RwN3orKWs5JS5qbGpgdXl6c2BkamJ1YHt5YmRgPiQ2OSZqOi80KWAkNjw4YGl/Ljg2NW5q noneProxy net:2 cross:0 protocalsocket
04-04 04:40:13.308 E/MSF.C.NetConnTag.true( 3106): [openConn] socket has built, socketEngineID: 0socket: 149544376java.lang.Throwable
04-04 04:40:13.308 E/MSF.C.NetConnTag.true( 3106): at com.tencent.mobileqq.msf.core.net.m.a(P:44)
04-04 04:40:13.308 E/MSF.C.NetConnTag.true( 3106): at com.tencent.mobileqq.msf.core.net.n.a(P:218)
04-04 04:40:13.308 E/MSF.C.NetConnTag.true( 3106): at com.tencent.mobileqq.msf.core.net.n.a(P:214)
04-04 04:40:13.308 E/MSF.C.NetConnTag.true( 3106): at com.tencent.mobileqq.msf.core.net.n.a(P:190)
04-04 04:40:13.308 E/MSF.C.NetConnTag.true( 3106): at com.tencent.mobileqq.msf.core.net.n.b(P:49)
04-04 04:40:13.308 E/MSF.C.NetConnTag.true( 3106): at com.tencent.mobileqq.msf.core.net.n.a(P:110)
04-04 04:40:13.308 E/MSF.C.NetConnTag.true( 3106): at com.tencent.mobileqq.msf.core.net.n.t(P:1)
04-04 04:40:13.308 E/MSF.C.NetConnTag.true( 3106): at com.tencent.mobileqq.msf.core.net.n.a(P:228)
04-04 04:40:13.308 E/MSF.C.NetConnTag.true( 3106): at com.tencent.mobileqq.msf.core.q$d.run(P:120)
04-04 04:40:13.359 D/ReportWeakNetConnTime( 3106): reconnected, use 5094 ms. LastConnectedNetType: 2, reason: readError
04-04 04:40:13.359 I/SocketReaderNewtrue( 3106): SocketReader(119) onConnOpened
04-04 04:40:13.359 I/SocketReaderNewtrue( 3106): SocketReader(119) continue
04-04 04:40:13.359 D/MSF.C.NetConnTag.true( 3106): open conn at JzA2IzM+LHR5JH4lK3YmNSdsYWZqdndpeG1hbHRqdGlwe2Bsag costTime:52 configTimeout: 20000 localSocket:e3piemtufXR7cWR6bm0:53048 noneProxy cross:0 8e9ddb8
04-04 04:40:13.359 D/ReportWeakNetConnTime( 3106): OpenConn: msfwifi.3g.qq.com/120.232.18.213:8080
04-04 04:40:13.361 D/PandoraEx.MonitorReporter( 3106): module[network], systemApi[NI#G_TY_NAME], scene[back], strategy[normal], isSystemCall[true
04-04 04:40:13.361 D/PandoraEx.MonitorReporter( 3106): module[network], systemApi[NI#G_TY_NAME], scene[back], strategy[normal], isSystemCall[true
04-04 04:40:13.361 I/MSF.D.NetworkProvider( 3106): refresh currentAPN:. received networkInfo: CONNECTED :NetworkInfo: type: WIFI[], state: CONNECTED/CONNECTED, reason: (unspecified), extra: , roaming: false, failover: false, isAvailable: true, isConnectedToProvisioningNetwork: true. ExtraNetInfo: null
04-04 04:40:13.376 D/WTReporter( 3106): checkAndReporterUinError uin = 290983097
04-04 04:40:13.387 D/WTReporter( 3106): checkAndReporterUinError uin = 290983097
04-04 04:40:13.393 I/MSF.C.AccountCenter( 3106): loadAccountInfoFromWt,uin=*3097,isAlive=true,mLoginBitmap=0,uin=*3097,isAlive=true,mLoginBitmap=0
04-04 04:40:13.394 D/MSF.C.AccountCenter( 3106): MsfCoreMsgSender handleLoadedAccounts setKey *3097
04-04 04:40:13.394 D/MSF.C.CodecWarpper( 3106): nativeSetAccountKey ,uin=*3097,A1=null,A2=72|9a,A3=null,D1=null,D2=64|5b,S2=null,key=16|76,cookie=null
04-04 04:40:13.394 D/MSF.C.NetConnTag.true( 3106): use full head for uin:*3097
04-04 04:40:13.394 D/MSF.C.NetConnTag.false( 3106): use full head for uin:*3097
04-04 04:40:13.394 D/MSF.C.AccountCenter( 3106): MsfCoreMsgSender handleLoadedAccounts setKey *3097
04-04 04:40:13.394 D/MSF.C.CodecWarpper( 3106): nativeSetAccountKey ,uin=*3097,A1=null,A2=72|9a,A3=null,D1=null,D2=64|5b,S2=null,key=16|76,cookie=null
04-04 04:40:13.394 D/MSF.C.NetConnTag.true( 3106): use full head for uin:*3097
04-04 04:40:13.394 D/MSF.C.NetConnTag.false( 3106): use full head for uin:*3097
04-04 04:40:13.395 D/MSF.C.NetConnTag.true( 3106): ssoping cmd:MSF seq: 17411 timeout: 20000
04-04 04:40:13.395 D/MSF.C.NetConnTag.true( 3106): netSend ssoSeq:17411 uin:0 cmd:BxAW 17432 8e9ddb8 socketEngineID: 0 socket: 149544376
04-04 04:40:13.395 D/WeakNetDetector( 3106): onPingSent ssoSeq=17411 pingSend=1680554413395
04-04 04:40:13.396 D/MSF.C.PushManager:PushCoder( 3106): also send pushRegister, return. true true true
04-04 04:40:13.397 I/MSF.S.AppProcessManager( 3106): SendToApp PUSH process:com.tencent.mobileqq fromServiceMsg: FromServiceMsg msName:onConnOpened ssoSeq:17413 serviceCmd:cmd_connOpened appSeq:17412 failCode:1000 cost = 1 needBoot=true from.len = 0
04-04 04:40:13.397 D/PandoraEx.MonitorReporter( 3106): module[network], systemApi[NI#G_TY_NAME], scene[back], strategy[normal], isSystemCall[true
04-04 04:40:13.398 D/PandoraEx.MonitorReporter( 3106): module[network], systemApi[NI#G_TY_NAME], scene[back], strategy[normal], isSystemCall[true
04-04 04:40:13.398 D/MSF.D.Proxy( 3311): onRecvServicePushResp, fromServiceMsg cmd = cmd_connOpened, ssoSeq = 17413, length = 0
04-04 04:40:13.398 I/MSF.D.NetworkProvider( 3106): refresh currentAPN:. received networkInfo: CONNECTED :NetworkInfo: type: WIFI[], state: CONNECTED/CONNECTED, reason: (unspecified), extra: , roaming: false, failover: false, isAvailable: true, isConnectedToProvisioningNetwork: true. ExtraNetInfo: null
04-04 04:40:13.398 D/MSF.C.NetConnTag.true( 3106): [checkSSOVersionChange], set old sso version, msfV20Toggle: true, isSupportNewSSO: false
04-04 04:40:13.398 D/MSF.C.CodecWarpper( 3106): [nativeSetIsSupportNewSSOVersion], isSupportNewSSOVersion: false
04-04 04:40:13.399 D/MSF.C.NetConnTag.true( 3106): MsfCoreSocketReaderNew closeConn socketEngineID: 0 socket hashcode: 149544376 for reason: readError
04-04 04:40:13.399 D/PandoraEx.MonitorReporter( 3311): module[network], systemApi[NI#G_TY_NAME], scene[back], strategy[normal], isSystemCall[true
04-04 04:40:13.399 D/PandoraEx.MonitorReporter( 3311): module[network], systemApi[NI#G_TY_NAME], scene[back], strategy[normal], isSystemCall[true
04-04 04:40:13.399 D/ReportWeakNetConnTime( 3106): CloseSocket: readError, socket: Socket[address=msfwifi.3g.qq.com/120.232.18.213,port=8080,localPort=53048]
04-04 04:40:13.399 I/MSF.D.NetworkProvider( 3311): refresh currentAPN:. received networkInfo: CONNECTED :NetworkInfo: type: WIFI[], state: CONNECTED/CONNECTED, reason: (unspecified), extra: , roaming: false, failover: false, isAvailable: true, isConnectedToProvisioningNetwork: true. ExtraNetInfo: null
04-04 04:40:13.400 D/MSF.C.NetConnTag.true( 3106): msf can not get ssid
04-04 04:40:13.400 D/MSF.C.NetConnTag.true( 3106): current network state: weakNet
04-04 04:40:13.401 D/MSF.C.NetConnTag.true( 3106): msf can not get ssid
04-04 04:40:13.401 D/MSF.C.NetConnTag.true( 3106): current network state: weakNet
04-04 04:40:13.401 D/MSF.C.NetConnTag.true( 3106): p ok re1: [can not reuse old point]17195
04-04 04:40:13.403 D/MessageHandler( 3311): sendNewRegisterProxy , isGetPassword = false ,randomSeq1401869940, isWakeFromDeepSleep = false
04-04 04:40:13.403 D/MessageHandler( 3311): [ReSendProxy] currentRegisterProxyRandom = 7217926245063484263
04-04 04:40:13.403 D/RegisterProxySvcPackService( 3311): requestNewRegister , type = 1 ,ulRequestOptional = 90562 ,cDisgroupMsgFilter = 1 ,NoticeEndSeq = 1401869940 ,ulSyncTime = 0
04-04 04:40:13.404 D/MSF.S.ReqHandler( 3106): get infoLogin, but not register push, register now
04-04 04:40:13.404 D/msfCore ( 3106): stopPCActivePolling by regPush
04-04 04:40:13.404 E/MSF.C.NetConnTag.true( 3106): close socket has done, socketEngineID: 0socket: 149544376java.lang.Throwable
04-04 04:40:13.404 E/MSF.C.NetConnTag.true( 3106): at com.tencent.mobileqq.msf.core.net.m.a(P:330)
04-04 04:40:13.404 E/MSF.C.NetConnTag.true( 3106): at com.tencent.mobileqq.msf.core.net.m$d.run(P:23)
04-04 04:40:13.405 D/MSF.C.NetConnTag.true( 3106): close Socket GSwzPz8sHjsuJyIxKSt4NzklJz08MWtpLW0hJXQ7KjdlcmJkdGp2aGRyaHpoaXZ2OiwiIGdgdWJ6bzw7OTkpCiUxJGlva3Vuch4 by readError
04-04 04:40:13.405 D/MSF.C.SsoListManager( 3106): not found socket://msfwifi.3g.qq.com:8080#00000:0:1:20:false:null:null:1:true:0 at ssoList.
04-04 04:40:13.405 D/MSF.C.SsoListManager( 3106): not found socket://msfwifi.3g.qq.com:8080#00000:0:1:20:false:null:null:1:true:0 at ssoList.
04-04 04:40:13.405 E/SocketReaderNewtrue( 3106): socketEngine: 0socket hashCode: 0SocketReader(119) errorjava.net.SocketException: Connection reset
04-04 04:40:13.405 I/SocketReaderNewtrue( 3106): SocketReader(119) wait
04-04 04:40:13.405 D/PCActiveEchoManager( 3106): stopEcho succ
04-04 04:40:13.406 D/MSF.C.NetConnTag.true( 3106): send msg error, ssoSeq: 17195current thread pid: 82socketEngineID: 0socket hashCode: 0java.net.SocketException: Socket closed
04-04 04:40:13.406 I/AutoMonitor( 3311): STEP_SEND_REGISTER_PACKAGE, cost=6
04-04 04:40:13.406 D/MSF.C.NetConnTag.( 3106): MsfCoreMsgSender worker run closeConn writeError
04-04 04:40:13.406 D/MSF.C.NetConnTag.true( 3106): MsfCoreMsgSender closeConn socketEngineID: 0 socket hashcode: 0 for reason: writeError
04-04 04:40:13.406 I/MSF.S.AppProcessManager( 3106): SendToApp process:com.tencent.mobileqq fromServiceMsg: FromServiceMsg msName:registerPush ssoSeq:-1 serviceCmd:push.register appSeq:-1 failCode:1000 cos t =0 needBoot=false to.len = 0 from.len = 0
04-04 04:40:13.406 E/MSF.C.NetConnTag.true( 3106): conn is already closed on writeError closeConn socketEngineID: 0 socket hashcode: 0java.lang.Throwable
04-04 04:40:13.406 E/MSF.C.NetConnTag.true( 3106): at com.tencent.mobileqq.msf.core.net.m.a(P:284)
04-04 04:40:13.406 E/MSF.C.NetConnTag.true( 3106): at com.tencent.mobileqq.msf.core.net.n.a(P:250)
04-04 04:40:13.406 E/MSF.C.NetConnTag.true( 3106): at com.tencent.mobileqq.msf.core.q.a(P:344)
04-04 04:40:13.406 E/MSF.C.NetConnTag.true( 3106): at com.tencent.mobileqq.msf.core.q$d.run(P:134)
04-04 04:40:13.406 D/MSF.C.NetConnTag.true( 3106): MsfCoreMsgSender closeConn socketEngineID: 1 socket hashcode: 0 for reason: writeError
04-04 04:40:13.406 E/MSF.C.NetConnTag.true( 3106): conn is already closed on writeError closeConn socketEngineID: 1 socket hashcode: 0java.lang.Throwable
04-04 04:40:13.406 E/MSF.C.NetConnTag.true( 3106): at com.tencent.mobileqq.msf.core.net.m.a(P:284)
04-04 04:40:13.406 E/MSF.C.NetConnTag.true( 3106): at com.tencent.mobileqq.msf.core.net.n.a(P:250)
04-04 04:40:13.406 E/MSF.C.NetConnTag.true( 3106): at com.tencent.mobileqq.msf.core.q.a(P:344)
04-04 04:40:13.406 E/MSF.C.NetConnTag.true( 3106): at com.tencent.mobileqq.msf.core.q$d.run(P:134)
04-04 04:40:13.406 D/MSF.C.NetConnTag.DualConnContext.true( 3106): reset
04-04 04:40:13.406 D/MSF.C.NetConnTag.DualConnContext.true( 3106): removeConnectionChecker: remove connId = 0
04-04 04:40:13.406 D/MSF.C.NetConnTag.DualConnContext.true( 3106): removeConnectionChecker: remove connId = 1
04-04 04:40:13.406 D/MSF.C.NetConnTag.true( 3106): start monitor foreground change before thread sleep
04-04 04:40:13.406 D/MSF.D.Proxy( 3311): onReceiveResp, fromServiceMsg = push.register, ssoSeq = -1, length = 0
04-04 04:40:13.409 I/MSF.S.AppProcessManager( 3106): SendToApp PUSH process:com.tencent.mobileqq fromServiceMsg: FromServiceMsg msName:onConnClosed ssoSeq:-1 serviceCmd:cmd_connClosed appSeq:17415 failCode:1000 cost = 0 needBoot=false from.len = 0
04-04 04:40:13.409 D/MSF.D.Proxy( 3311): onRecvServicePushResp, fromServiceMsg cmd = cmd_connClosed, ssoSeq = -1, length = 0
04-04 04:40:13.410 I/NTKernel( 3311): [NTSDK]seq(1329)---- [INFO] session_base.cpp(304)::SetOnMsfStatusChanged [NT Session]->SetOnMsfStatusChanged call: new_status=1, old_status=1, reason=3
04-04 04:40:13.410 I/NTKernel( 3311): [NTSDK]seq(1330)---- [INFO] session_base.cpp(323)::operator() [NT Session]->SetOnMsfStatusChanged ignore unchanged msf status: 1
04-04 04:40:13.582 D/MSF.C.NetConnTag.( 3106): netRecv ssoSeq:17332 uin:*3097 cmd:LDE5MTQ8KTM5N34TPywRKCUsIBgzKzEILzIGZg costTime:30000 SignalStrengths wifi:0 gsm:0 cdma:0 net:2 code:1002 failMsg:wait serverResp timeout
04-04 04:40:13.582 I/MSF.C.PushManager( 3106): not need to update lastRecvTimeForSG, isConned:false
04-04 04:40:13.583 D/MSF.C.NetConnTag.( 3106): netRecv ssoSeq:17333 uin:*3097 cmd:ByYjJzs/IAk8IH4EOB8gLgcwNw costTime:30000 SignalStrengths wifi:0 gsm:0 cdma:0 net:2 code:1002 failMsg:wait serverResp timeout
04-04 04:40:13.583 I/MSF.S.AppProcessManager( 3106): SendToApp process:com.tencent.mobileqq fromServiceMsg: FromServiceMsg msName:unknown ssoSeq:17332 serviceCmd:friendlist.GetTroopListReqV2 appSeq:336 failCode:1002 cos t =0 needBoot=false to.len = 294 from.len = 0
04-04 04:40:13.583 I/MSF.C.PushManager( 3106): not need to update lastRecvTimeForSG, isConned:false
04-04 04:40:13.583 D/MSF.C.NetConnTag.( 3106): netRecv ssoSeq:17334 uin:*3097 cmd:ByYjJzs/IAk8IH4EOB8gLgcwNw costTime:30000 SignalStrengths wifi:0 gsm:0 cdma:0 net:2 code:1002 failMsg:wait serverResp timeout
04-04 04:40:13.584 I/MSF.C.PushManager( 3106): not need to update lastRecvTimeForSG, isConned:false
04-04 04:40:13.584 D/MSF.C.NetConnTag.( 3106): netRecv ssoSeq:17335 uin:*3097 cmd:HSI8OD8sBjUkJTkzCS43dC0mJBc1NiMzLQ costTime:30000 SignalStrengths wifi:0 gsm:0 cdma:0 net:2 code:1002 failMsg:wait serverResp timeout
04-04 04:40:13.584 I/MSF.C.PushManager( 3106): not need to update lastRecvTimeForSG, isConned:false
04-04 04:40:13.584 D/MSF.D.Proxy( 3311): onReceiveResp, fromServiceMsg = friendlist.GetTroopListReqV2, ssoSeq = 17332, length = 0
04-04 04:40:13.584 D/MSF.C.NetConnTag.( 3106): netRecv ssoSeq:17336 uin:*3097 cmd:BSo0NgkuJnR6O2UxOAcmNScuPzo costTime:30000 SignalStrengths wifi:0 gsm:0 cdma:0 net:2 code:1002 failMsg:wait serverResp timeout
04-04 04:40:13.585 I/MSF.C.PushManager( 3106): not need to update lastRecvTimeForSG, isConned:false
04-04 04:40:13.586 I/MSF.S.AppProcessManager( 3106): SendToApp process:com.tencent.mobileqq fromServiceMsg: FromServiceMsg msName:unknown ssoSeq:17333 serviceCmd:MessageSvc.PbGetMsg appSeq:337 failCode:1002 cos t =0 needBoot=false to.len = 58 from.len = 0
04-04 04:40:13.586 D/MSF.C.NetConnTag.( 3106): netRecv ssoSeq:17337 uin:*3097 cmd:BSo0NgkuJnR6O2UxOAd3aA costTime:30000 SignalStrengths wifi:0 gsm:0 cdma:0 net:2 code:1002 failMsg:wait serverResp timeout
04-04 04:40:13.587 I/MSF.C.PushManager( 3106): not need to update lastRecvTimeForSG, isConned:false
04-04 04:40:13.587 D/MSF.C.NetConnTag.( 3106): netRecv ssoSeq:17338 uin:*3097 cmd:BSo0NgkuJnR6O2UxOAd0bw costTime:30000 SignalStrengths wifi:0 gsm:0 cdma:0 net:2 code:1002 failMsg:wait serverResp timeout
04-04 04:40:13.587 D/MSF.D.Proxy( 3311): onReceiveResp, fromServiceMsg = MessageSvc.PbGetMsg, ssoSeq = 17333, length = 0
04-04 04:40:13.587 I/MSF.S.AppProcessManager( 3106): SendToApp process:com.tencent.mobileqq fromServiceMsg: FromServiceMsg msName:unknown ssoSeq:17334 serviceCmd:MessageSvc.PbGetMsg appSeq:338 failCode:1002 cos t =0 needBoot=false to.len = 58 from.len = 0
04-04 04:40:13.587 I/MSF.C.PushManager( 3106): not need to update lastRecvTimeForSG, isConned:false
04-04 04:40:13.588 D/MSF.C.NetConnTag.( 3106): netRecv ssoSeq:17339 uin:*3097 cmd:BSo0NgkuJnR6O2UxOAd0bw costTime:30000 SignalStrengths wifi:0 gsm:0 cdma:0 net:2 code:1002 failMsg:wait serverResp timeout
04-04 04:40:13.588 I/MSF.C.PushManager( 3106): not need to update lastRecvTimeForSG, isConned:false
04-04 04:40:13.588 D/MSF.D.Proxy( 3311): onReceiveResp, fromServiceMsg = MessageSvc.PbGetMsg, ssoSeq = 17334, length = 0
04-04 04:40:13.588 D/MSF.C.NetConnTag.( 3106): netRecv ssoSeq:17340 uin:*3097 cmd:GjE/MjM0IAkvMSY9OT1rGSImMz8PKCE7PiYCMSs costTime:30000 SignalStrengths wifi:0 gsm:0 cdma:0 net:2 code:1002 failMsg:wait serverResp timeout
04-04 04:40:13.588 I/MSF.C.PushManager( 3106): not need to update lastRecvTimeForSG, isConned:false
04-04 04:40:13.589 I/MSF.S.AppProcessManager( 3106): SendToApp process:com.tencent.mobileqq fromServiceMsg: FromServiceMsg msName:unknown ssoSeq:17335 serviceCmd:WalletConfigSvr.getConfig appSeq:339 failCode:1002 cos t =0 needBoot=false to.len = 160 from.len = 0
04-04 04:40:13.590 D/MSF.D.Proxy( 3311): onReceiveResp, fromServiceMsg = WalletConfigSvr.getConfig, ssoSeq = 17335, length = 0
04-04 04:40:13.590 I/MSF.S.AppProcessManager( 3106): SendToApp process:com.tencent.mobileqq fromServiceMsg: FromServiceMsg msName:unknown ssoSeq:17336 serviceCmd:OidbSvc.0x5eb_common appSeq:340 failCode:1002 cos t =0 needBoot=false to.len = 39 from.len = 0
04-04 04:40:13.590 I/Q.qwallet.QWalletCommonServlet( 3311): onReceive WalletConfigSvr.getConfig: false
04-04 04:40:13.591 D/MSF.D.Proxy( 3311): onReceiveResp, fromServiceMsg = OidbSvc.0x5eb_common, ssoSeq = 17336, length = 0
04-04 04:40:13.591 I/MSF.S.AppProcessManager( 3106): SendToApp process:com.tencent.mobileqq fromServiceMsg: FromServiceMsg msName:unknown ssoSeq:17337 serviceCmd:OidbSvc.0x5eb_22 appSeq:341 failCode:1002 cos t =0 needBoot=false to.len = 39 from.len = 0
04-04 04:40:13.592 D/MSF.D.Proxy( 3311): onReceiveResp, fromServiceMsg = OidbSvc.0x5eb_22, ssoSeq = 17337, length = 0
04-04 04:40:13.592 I/MSF.S.AppProcessManager( 3106): SendToApp process:com.tencent.mobileqq fromServiceMsg: FromServiceMsg msName:unknown ssoSeq:17338 serviceCmd:OidbSvc.0x5eb_15 appSeq:342 failCode:1002 cos t =0 needBoot=false to.len = 43 from.len = 0
04-04 04:40:13.593 D/MSF.D.Proxy( 3311): onReceiveResp, fromServiceMsg = OidbSvc.0x5eb_15, ssoSeq = 17338, length = 0
04-04 04:40:13.593 I/MSF.S.AppProcessManager( 3106): SendToApp process:com.tencent.mobileqq fromServiceMsg: FromServiceMsg msName:unknown ssoSeq:17339 serviceCmd:OidbSvc.0x5eb_15 appSeq:343 failCode:1002 cos t =0 needBoot=false to.len = 39 from.len = 0
04-04 04:40:13.593 D/MSF.D.Proxy( 3311): onReceiveResp, fromServiceMsg = OidbSvc.0x5eb_15, ssoSeq = 17339, length = 0
04-04 04:40:13.593 I/MSF.S.AppProcessManager( 3106): SendToApp process:com.tencent.mobileqq fromServiceMsg: FromServiceMsg msName:unknown ssoSeq:17340 serviceCmd:ProfileService.CheckUpdateReq appSeq:344 failCode:1002 cos t =0 needBoot=false to.len = 563 from.len = 0
04-04 04:40:13.595 D/MSF.D.Proxy( 3311): onReceiveResp, fromServiceMsg = ProfileService.CheckUpdateReq, ssoSeq = 17340, length = 0
04-04 04:40:13.595 I/ProfileService.CheckUpdateReq( 3311): getCheckUpdate timeout resultcode = 1002
04-04 04:40:13.595 I/ProfileService.CheckUpdateReq( 3311): FriendListHandler, handleCheckUpdate, -1
04-04 04:40:13.600 D/audio_hw_primary( 6681): copl(0xec70eb00):out of compress_wait
04-04 04:40:13.602 D/audio_hw_primary( 6681): No space available in compress driver, post msg to cb thread
04-04 04:40:13.602 D/audio_hw_primary( 6681): copl(0xec70eb00):calling compress_wait
04-04 04:40:13.747 I/mpu_uart( 645): [MSG-P:RECV]:No message received in 1000 ms
04-04 04:40:13.946 I/mpu_uart( 645): [MSG-P:R]:recv sync frame timeout
04-04 04:40:14.064 D/MSF.C.NetConnTag.( 3106): netRecv ssoSeq:17341 uin:*3097 cmd:ByYjJzs/IAk8IH4EOB8gLgcwNw costTime:30000 SignalStrengths wifi:0 gsm:0 cdma:0 net:2 code:1002 failMsg:wait serverResp timeout
04-04 04:40:14.064 I/MSF.C.PushManager( 3106): not need to update lastRecvTimeForSG, isConned:false
04-04 04:40:14.065 I/MSF.S.AppProcessManager( 3106): SendToApp process:com.tencent.mobileqq fromServiceMsg: FromServiceMsg msName:unknown ssoSeq:17341 serviceCmd:MessageSvc.PbGetMsg appSeq:345 failCode:1002 cos t =0 needBoot=false to.len = 58 from.len = 0
04-04 04:40:14.066 D/MSF.D.Proxy( 3311): onReceiveResp, fromServiceMsg = MessageSvc.PbGetMsg, ssoSeq = 17341, length = 0
04-04 04:40:14.258 I/OMX-VENC: venc_dev( 1213): stats: avg. fps 10.77, bitrate 1027190
04-04 04:40:14.314 D/MSF.C.NetConnTag.true( 3106): preDetectTimeoutMsg cmd:ByYjJzs/IAk8IH4EOB8gLgcwNw, ssoSeq:17365
04-04 04:40:14.395 E/tlogd ( 1298): [TzLogger](isPathReadable) file /sys/kernel/debug/tzdbg/qsee_log isn't exist or no permission, err: No such file or directory
04-04 04:40:14.395 E/tlogd ( 1298): [TzLogger](saveTzlogAsync) /sys/kernel/debug/tzdbg/qsee_log can not read.
04-04 04:40:14.395 E/tlogd ( 1298): [TzLogger](isPathReadable) file /sys/kernel/debug/tzdbg/log isn't exist or no permission, err: No such file or directory
04-04 04:40:14.395 E/tlogd ( 1298): [TzLogger](saveTzlogAsync) /sys/kernel/debug/tzdbg/log can not read.
04-04 04:40:14.440 D/audio_hw_primary( 6681): copl(0xec70eb00):out of compress_wait
04-04 04:40:14.446 D/audio_hw_primary( 6681): No space available in compress driver, post msg to cb thread
04-04 04:40:14.447 D/audio_hw_primary( 6681): copl(0xec70eb00):calling compress_wait
04-04 04:40:14.491 I/auditd ( 0): type=1400 audit(0.0:566): avc: denied { kill } for comm="swapper/1" capability=5 scontext=u:r:kernel:s0 tcontext=u:r:kernel:s0 tclass=capability permissive=0
04-04 04:40:14.491 W/swapper/1( 0): type=1400 audit(0.0:566): avc: denied { kill } for capability=5 scontext=u:r:kernel:s0 tcontext=u:r:kernel:s0 tclass=capability permissive=0
04-04 04:40:14.586 I/hpplay-java( 2759): [AsyncTask #16]:IM_AbstractBlockingClient:restart
04-04 04:40:14.587 I/hpplay-java( 2759): [AsyncTask #16]:IM_AbstractBlockingClient:stopHeartBeat com.hpplay.common.asyncmanager.AsyncManager$2@a6d1d21
04-04 04:40:14.588 W/hpplay-java( 2759): [AsyncTask #27]:IM_AbstractBlockingClient:HeartbeatTask Exception java.lang.InterruptedException
04-04 04:40:14.588 W/hpplay-java( 2759): [AsyncTask #27]:IM_AbstractBlockingClient:heartBeatWrite end
04-04 04:40:14.589 I/hpplay-java( 2759): [main]:IM_IMEntrance:disconnect
04-04 04:40:14.590 I/hpplay-java( 2759): [main]:IM_PublicCastClient:onRestart
04-04 04:40:14.590 I/hpplay-java( 2759): [main]:IM_PublicCastClient:reconnect
04-04 04:40:14.590 I/hpplay-java( 2759): [main]:IM_PublicCastClient:cs 1
04-04 04:40:14.590 I/hpplay-java( 2759): [main]:IM_PublicCastClient:connect http://120.78.156.249 com.hpplay.sdk.sink.cloud.PublicCastClient@7c4518b
04-04 04:40:14.595 W/hpplay-java( 2759): [main]:IM_PublicCastClient:connect BSSID:02%3A00%3A00%3A00%3A00%3A00 / 02:00:00:00:00:00
04-04 04:40:14.596 I/hpplay-java( 2759): [main]:IPManager:getActiveNets type: WIFI
04-04 04:40:14.597 I/hpplay-java( 2759): [main]:IPManager:getActiveNets eth0:false wifi:true mobile:false ap:false
04-04 04:40:14.597 I/hpplay-java( 2759): [main]:IPManager:getIPAddress IP_WLAN0
04-04 04:40:14.597 I/hpplay-java( 2759): [main]:Preference:checkFeature none
04-04 04:40:14.597 I/hpplay-java( 2759): [main]:Feature:isPlayListEnable :true
04-04 04:40:14.597 I/hpplay-java( 2759): [main]:IM_PublicCastClient:connect capbilityBean.fe锛?1011100
04-04 04:40:14.598 I/hpplay-java( 2759): [main]:IM_PublicCastClient:connect support youme
04-04 04:40:14.598 I/hpplay-java( 2759): [main]:IM_IMEntrance:connect imUrl: http://120.78.156.249 uid: 10000055057858
04-04 04:40:14.616 D/MSF.C.NetConnTag.( 3106): netRecv ssoSeq:17342 uin:*3097 cmd:ByYjJzs/IAk8IH4EOB8gLgcwNw costTime:30000 SignalStrengths wifi:0 gsm:0 cdma:0 net:2 code:1002 failMsg:wait serverResp timeout
04-04 04:40:14.616 I/MSF.C.PushManager( 3106): not need to update lastRecvTimeForSG, isConned:false
04-04 04:40:14.617 I/MSF.S.AppProcessManager( 3106): SendToApp process:com.tencent.mobileqq fromServiceMsg: FromServiceMsg msName:unknown ssoSeq:17342 serviceCmd:MessageSvc.PbGetMsg appSeq:346 failCode:1002 cos t =0 needBoot=false to.len = 58 from.len = 0
04-04 04:40:14.619 D/MSF.D.Proxy( 3311): onReceiveResp, fromServiceMsg = MessageSvc.PbGetMsg, ssoSeq = 17342, length = 0
04-04 04:40:14.652 I/hpplay-java( 2759): [AsyncTask #33]:IM_AbstractBlockingClient:run socket:Socket[address=/120.78.156.249,port=8080,localPort=35090]
04-04 04:40:14.653 I/hpplay-java( 2759): [AsyncTask #33]:IM_PublicCastClient:onConnectSuccess
04-04 04:40:14.702 I/hpplay-java( 2759): [AsyncTask #33]:IM_PublicCastClient:onAuthCallback
04-04 04:40:14.702 I/hpplay-java( 2759): [AsyncTask #33]:IM_PublicCastClient:authResult,code: 0
04-04 04:40:14.702 I/hpplay-java( 2759): [AsyncTask #33]:IM_AbstractBlockingClient:stopHeartBeat null
04-04 04:40:14.702 I/hpplay-java( 2759): [AsyncTask #33]:IM_AbstractBlockingClient:heartBeat after 50000
04-04 04:40:14.747 I/mpu_uart( 645): [MSG-P:RECV]:No message received in 1000 ms
04-04 04:40:15.250 D/audio_hw_primary( 6681): copl(0xec70eb00):out of compress_wait
04-04 04:40:15.253 D/audio_hw_primary( 6681): No space available in compress driver, post msg to cb thread
04-04 04:40:15.254 D/audio_hw_primary( 6681): copl(0xec70eb00):calling compress_wait
04-04 04:40:15.254 D/NuPlayerDecoderPassThrough( 1201): return aggregated buffer and save err(=-1011) for later
04-04 04:40:15.259 I/OMX-VENC: venc_dev( 1213): stats: avg. fps 8.99, bitrate 364653
04-04 04:40:15.440 W/WindowManager( 1549): removeWindowToken: Attempted to remove non-existing token: android.os.Binder@daff085
04-04 04:40:15.495 I/auditd ( 0): type=1400 audit(0.0:567): avc: denied { kill } for comm="swapper/1" capability=5 scontext=u:r:kernel:s0 tcontext=u:r:kernel:s0 tclass=capability permissive=0
04-04 04:40:15.495 W/swapper/1( 0): type=1400 audit(0.0:567): avc: denied { kill } for capability=5 scontext=u:r:kernel:s0 tcontext=u:r:kernel:s0 tclass=capability permissive=0
04-04 04:40:15.583 I/auditd ( 6793): type=1400 audit(0.0:568): avc: denied { read } for comm="top" name="pid_max" dev="proc" ino=77224 scontext=u:r:untrusted_app_27:s0:c512,c768 tcontext=u:object_r:proc_pid_max:s0 tclass=file permissive=0 app=com.tencent.mobileqq
04-04 04:40:15.583 W/top ( 6793): type=1400 audit(0.0:568): avc: denied { read } for name="pid_max" dev="proc" ino=77224 scontext=u:r:untrusted_app_27:s0:c512,c768 tcontext=u:object_r:proc_pid_max:s0 tclass=file permissive=0 app=com.tencent.mobileqq
04-04 04:40:15.748 I/mpu_uart( 645): [MSG-P:RECV]:No message received in 1000 ms
04-04 04:40:15.890 D/MSF.C.NetConnTag.true( 3106): preDetectTimeoutMsg cmd:ByYjJzs/IAk8IH4EOB8gLgcwNw, ssoSeq:17366
04-04 04:40:15.890 D/MSF.C.NetConnTag.true( 3106): preDetectTimeoutMsg cmd:ByYjJzs/IAk8IH4EOB8gLgcwNw, ssoSeq:17367
04-04 04:40:15.895 E/CpuUtil ( 3106): get cpu data errorjava.io.IOException: data not found
04-04 04:40:15.895 E/CpuUtil ( 3106): at com.tencent.mobileqq.perf.tool.CpuUtil.f(P:15)
04-04 04:40:15.895 E/CpuUtil ( 3106): at com.tencent.mobileqq.perf.tool.CpuUtil.d(P:3)
04-04 04:40:15.895 E/CpuUtil ( 3106): at com.tencent.mobileqq.perf.tool.CpuUtil.g(P:6)
04-04 04:40:15.895 E/CpuUtil ( 3106): at com.tencent.mobileqq.perf.tool.CpuUtil.h(P:1)
04-04 04:40:15.895 E/CpuUtil ( 3106): at com.tencent.mobileqq.unusedcodecheck.api.impl.UnusedCodeCheckImpl.run(P:1)
04-04 04:40:15.895 E/CpuUtil ( 3106): at com.tencent.mobileqq.unusedcodecheck.api.impl.UnusedCodeCheckImpl.access$run(P:1)
04-04 04:40:15.895 E/CpuUtil ( 3106): at com.tencent.mobileqq.unusedcodecheck.api.impl.UnusedCodeCheckImpl$trigger$1.run(P:1)
04-04 04:40:15.895 E/CpuUtil ( 3106): at com.tencent.mobileqq.app.Job.run(P:3)
04-04 04:40:15.895 E/CpuUtil ( 3106): at java.util.concurrent.ThreadPoolExecutor.runWorker(ThreadPoolExecutor.java:1167)
04-04 04:40:15.895 E/CpuUtil ( 3106): at java.util.concurrent.ThreadPoolExecutor$Worker.run(ThreadPoolExecutor.java:641)
04-04 04:40:15.895 E/CpuUtil ( 3106): at java.lang.Thread.run(Thread.java:920)
04-04 04:40:15.916 I/UnusedCodeCheck( 3106): init end result:0
04-04 04:40:15.984 D/MSF.C.NetConnTag.true( 3106): preDetectTimeoutMsg cmd:GCY3BCggPAk8IH49ND4qCTMtMw, ssoSeq:17368
04-04 04:40:16.070 D/audio_hw_primary( 6681): copl(0xec70eb00):out of compress_wait
04-04 04:40:16.072 D/audio_hw_primary( 6681): No space available in compress driver, post msg to cb thread
04-04 04:40:16.073 D/audio_hw_primary( 6681): copl(0xec70eb00):calling compress_wait
04-04 04:40:16.075 D/WorkerThreadMonitor( 3106): Kill MSF check result[ senderSize:127,sendInterval:19264,receiveInterval=300199,addCmdCount=480
04-04 04:40:16.371 I/OMX-VENC: venc_dev( 1213): stats: avg. fps 9.89, bitrate 401629
04-04 04:40:16.435 D/WeakNetDetector( 3106): [MSF_StatReportThread] onPingRecved ssoSeq=17411 pingSend=1680554413395 pingRecv=1680554416435 cost=3040
04-04 04:40:16.491 I/auditd ( 0): type=1400 audit(0.0:569): avc: denied { kill } for comm="swapper/1" capability=5 scontext=u:r:kernel:s0 tcontext=u:r:kernel:s0 tclass=capability permissive=0
04-04 04:40:16.491 W/swapper/1( 0): type=1400 audit(0.0:569): avc: denied { kill } for capability=5 scontext=u:r:kernel:s0 tcontext=u:r:kernel:s0 tclass=capability permissive=0
04-04 04:40:16.605 D/MSF.C.NetConnTag.( 3106): netRecv ssoSeq:17349 uin:*3097 cmd:BSo0NgkuJnQpLjRkIm4mPg costTime:30000 SignalStrengths wifi:0 gsm:0 cdma:0 net:2 code:1002 failMsg:wait serverResp timeout
04-04 04:40:16.606 I/MSF.C.PushManager( 3106): not need to update lastRecvTimeForSG, isConned:false
04-04 04:40:16.606 D/MSF.C.NetConnTag.( 3106): netRecv ssoSeq:17352 uin:*3097 cmd:GCY3BCggPAk8IH49ND4qCTMtMw costTime:30000 SignalStrengths wifi:0 gsm:0 cdma:0 net:2 code:1002 failMsg:wait serverResp timeout
04-04 04:40:16.606 I/MSF.S.AppProcessManager( 3106): SendToApp process:com.tencent.mobileqq fromServiceMsg: FromServiceMsg msName:unknown ssoSeq:17349 serviceCmd:OidbSvc.cmd0x6cd appSeq:348 failCode:1002 cos t =0 needBoot=false to.len = 221 from.len = 0
04-04 04:40:16.606 D/MSF.C.NetConnTag.true( 3106): not tag regprxysvc resp seq:17352 by disconn, sockethashcode = 0
04-04 04:40:16.606 I/MSF.C.PushManager( 3106): not need to update lastRecvTimeForSG, isConned:false
04-04 04:40:16.607 D/MSF.D.Proxy( 3311): onReceiveResp, fromServiceMsg = OidbSvc.cmd0x6cd, ssoSeq = 17349, length = 0
04-04 04:40:16.607 I/MSF.S.AppProcessManager( 3106): SendToApp process:com.tencent.mobileqq fromServiceMsg: FromServiceMsg msName:unknown ssoSeq:17352 serviceCmd:RegPrxySvc.infoSync appSeq:351 failCode:1002 cos t =0 needBoot=false to.len = 418 from.len = 0
04-04 04:40:16.607 I/LocalRedTouchManager( 3311): onGetRedPointInfo, list size=null, hasMore=false
04-04 04:40:16.608 D/MSF.D.Proxy( 3311): onReceiveResp, fromServiceMsg = RegPrxySvc.infoSync, ssoSeq = 17352, length = 0
04-04 04:40:16.608 D/MessageHandler( 3311): sendNewRegisterProxy , isGetPassword = false ,randomSeq889709833, isWakeFromDeepSleep = false
04-04 04:40:16.608 D/MessageHandler( 3311): [ReSendProxy] currentRegisterProxyRandom = 7217926257627909929
04-04 04:40:16.608 D/RegisterProxySvcPackService( 3311): requestNewRegister , type = 1 ,ulRequestOptional = 90562 ,cDisgroupMsgFilter = 1 ,NoticeEndSeq = 889709833 ,ulSyncTime = 0
04-04 04:40:16.609 D/MSF.S.ReqHandler( 3106): get infoLogin, but not register push, register now
04-04 04:40:16.610 D/msfCore ( 3106): stopPCActivePolling by regPush
04-04 04:40:16.610 I/MSF.S.AppProcessManager( 3106): SendToApp process:com.tencent.mobileqq fromServiceMsg: FromServiceMsg msName:registerPush ssoSeq:-1 serviceCmd:push.register appSeq:-1 failCode:1000 cos t =0 needBoot=false to.len = 0 from.len = 0
04-04 04:40:16.610 D/MSF.D.Proxy( 3311): onReceiveResp, fromServiceMsg = push.register, ssoSeq = -1, length = 0
04-04 04:40:16.611 D/PCActiveEchoManager( 3106): stopEcho succ
04-04 04:40:16.611 I/AutoMonitor( 3311): STEP_SEND_REGISTER_PACKAGE, cost=3
04-04 04:40:16.748 I/mpu_uart( 645): [MSG-P:RECV]:No message received in 1000 ms
04-04 04:40:16.854 D/MSF.C.NetConnTag.true( 3106): preDetectTimeoutMsg cmd:GCY3BCggPAk8IH49ND4qCTMtMw, ssoSeq:17374
04-04 04:40:16.883 D/MemoryCeilingMonitor( 3106): [handleMemoryCalculate]
04-04 04:40:16.883 D/MemoryCeilingMonitor( 3106): [calculate] tot: 7579184, max: 268435456, free: 0, heap: 7579184, per: 0.028234660625457764
04-04 04:40:16.890 D/audio_hw_primary( 6681): copl(0xec70eb00):out of compress_wait
04-04 04:40:16.893 D/audio_hw_primary( 6681): No space available in compress driver, post msg to cb thread
04-04 04:40:16.893 D/audio_hw_primary( 6681): copl(0xec70eb00):calling compress_wait
04-04 04:40:16.949 I/mpu_uart( 645): [MSG-P:R]:recv sync frame timeout
04-04 04:40:17.155 I/UnusedCodeCheck( 3106): storeInfo end statusCode:0
04-04 04:40:17.381 I/OMX-VENC: venc_dev( 1213): stats: avg. fps 9.91, bitrate 402203
04-04 04:40:17.491 I/auditd ( 0): type=1400 audit(0.0:570): avc: denied { kill } for comm="swapper/1" capability=5 scontext=u:r:kernel:s0 tcontext=u:r:kernel:s0 tclass=capability permissive=0
04-04 04:40:17.491 W/swapper/1( 0): type=1400 audit(0.0:570): avc: denied { kill } for capability=5 scontext=u:r:kernel:s0 tcontext=u:r:kernel:s0 tclass=capability permissive=0
04-04 04:40:17.700 D/audio_hw_primary( 6681): copl(0xec70eb00):out of compress_wait
04-04 04:40:17.704 D/audio_hw_primary( 6681): No space available in compress driver, post msg to cb thread
04-04 04:40:17.705 D/audio_hw_primary( 6681): copl(0xec70eb00):calling compress_wait
04-04 04:40:17.723 D/MSF.C.NetConnTag.( 3106): netRecv ssoSeq:17353 uin:*3097 cmd:ByYjJzs/IAk8IH4EOB8gLgcwNw costTime:30000 SignalStrengths wifi:0 gsm:0 cdma:0 net:2 code:1002 failMsg:wait serverResp timeout
04-04 04:40:17.724 I/MSF.C.PushManager( 3106): not need to update lastRecvTimeForSG, isConned:false
04-04 04:40:17.724 I/MSF.S.AppProcessManager( 3106): SendToApp process:com.tencent.mobileqq fromServiceMsg: FromServiceMsg msName:unknown ssoSeq:17353 serviceCmd:MessageSvc.PbGetMsg appSeq:352 failCode:1002 cos t =0 needBoot=false to.len = 58 from.len = 0
04-04 04:40:17.726 D/MSF.D.Proxy( 3311): onReceiveResp, fromServiceMsg = MessageSvc.PbGetMsg, ssoSeq = 17353, length = 0
04-04 04:40:17.748 I/mpu_uart( 645): [MSG-P:RECV]:No message received in 1000 ms
04-04 04:40:17.997 D/MSF.C.NetConnTag.true( 3106): preDetectTimeoutMsg cmd:GTcxIAkuJnQ4Jjc9KSwgKA, ssoSeq:17378
04-04 04:40:17.998 D/MSF.C.NetConnTag.( 3106): netRecv ssoSeq:17391 uin:*3097 cmd:PjEgN3Q/NzU/Mw8kKDdrKTMtMzg1Pyw5ZBApOjkUKj0jIH4HIzYmHCMxIyAMMSAt costTime:10000 SignalStrengths wifi:0 gsm:0 cdma:0 net:2 code:1002 failMsg:wait serverResp timeout
04-04 04:40:17.998 I/MSF.C.PushManager( 3106): not need to update lastRecvTimeForSG, isConned:false
04-04 04:40:17.999 I/MSF.S.AppProcessManager( 3106): SendToApp process:com.tencent.mobileqq fromServiceMsg: FromServiceMsg msName:unknown ssoSeq:17391 serviceCmd:trpc.group_pro.synclogic.SyncLogic.SyncFirstView appSeq:366 failCode:1002 cos t =0 needBoot=false to.len = 18 from.len = 0
04-04 04:40:18.001 D/MSF.D.Proxy( 3311): onReceiveResp, fromServiceMsg = trpc.group_pro.synclogic.SyncLogic.SyncFirstView, ssoSeq = 17391, length = 0
04-04 04:40:18.004 I/NTKernel( 3311): [KernelServlet-MSF]seq(40)---- onReceive cmd= , trpc.group_pro.synclogic.SyncLogic.SyncFirstView
04-04 04:40:18.004 I/NTKernel( 3311): [KernelServlet-MSF]seq(41)---- onReceive error: cmd=trpc.group_pro.synclogic.SyncLogic.SyncFirstView response result=1002 errMsg=wait serverResp timeout but be replaced to result=-102 by KernelServlet-MSF
04-04 04:40:18.006 I/NTKernel( 3311): [NTSDK]seq(1331)---- [INFO] mqq_guild_wrapper_session.cc(428)::onSendSSOReply no |tip| sso Fail errormsg:鍑洪敊浜嗭紝璇风◢鍚庡啀璇曘€?code:-102 cmd:trpc.group_pro.synclogic.SyncLogic.SyncFirstView
04-04 04:40:18.007 I/NTKernel( 3311): [NTSDK]seq(1332)---- [INFO] guild_msg_sync_worker.cc(257)::operator() [guild_msg_sync]->msg sync(first view) ack result:-102; err_msg:鍑洪敊浜嗭紝璇风◢鍚庡啀璇曘€? resp_buf.size():0
04-04 04:40:18.008 I/NTKernel( 3311): [NTSDK]seq(1333)---- [INFO] guild_msg_sync_mgr.cc(543)::OnSetLastConnSvrTime [guild_msg_sync]->OnSetLastConnSvrTime, time:1680554418008
04-04 04:40:18.008 I/NTKernel( 3311): [NTSDK]seq(1334)---- [INFO] guild_msg_sync_mgr.cc(389)::OnSetSyncState [guild_msg_sync]->OnSetSyncState, state:4
04-04 04:40:18.008 I/NTKernel( 3311): [NTSDK]seq(1335)---- [INFO] guild_msg_sync_mgr.cc(521)::NotifyFirstViewSyncMsgEnd first view msg sync end. all:0, channel:0 guild:0 direct:0
04-04 04:40:18.008 I/NTKernel( 3311): [NTSDK]seq(1336)---- [INFO] base_msg_mgr.cc(232)::OnFirstViewMsgSyncEnd [BaseMsgMgr]->OnFirstViewMsgSyncEnd, handle hold msg, hold count is:0
04-04 04:40:18.008 D/PandoraEx.MonitorReporter( 3311): module[network], systemApi[NI#G_TY_NAME], scene[back], strategy[normal], isSystemCall[true
04-04 04:40:18.008 I/NTKernel( 3311): [NTSDK]seq(1337)---- [INFO] base_msg_mgr.cc(215)::HandleMsgAfterHold [BaseMsgMgr]->HandleMsgAfterHold, hold count is:0, is_guild:1
04-04 04:40:18.009 I/NTKernel( 3311): [NTSDK]seq(1338)---- [INFO] guild_msg_util.cc(174)::IsGuildUser guildUDCFlag 2 guildTabUser 2
04-04 04:40:18.009 E/NTKernel( 3311): [NTSDK]seq(1339)---- [ERROR] guild_msg_event_flow_mgr.cc(1229)::OnFirstViewMsgSyncEnd stop fetch event flow!
04-04 04:40:18.009 I/NTKernel( 3311): [NTSDK]seq(1340)---- [INFO] guild_msg_util.cc(174)::IsGuildUser guildUDCFlag 2 guildTabUser 2
04-04 04:40:18.009 E/NTKernel( 3311): [NTSDK]seq(1341)---- [ERROR] guild_msg_box_mgr.cc(219)::OnFirstViewMsgSyncEnd stop fetch msg box!
04-04 04:40:18.010 W/NTKernel( 3311): [NTSDK]seq(1342)---- [WARN] key_value_storage.h(328)::BatchSet KeyValueStorage BatchSet data is emptyL!
04-04 04:40:18.011 I/NTKernel( 3311): [NTSDK]seq(1343)---- [INFO] guild_msg_sync_mgr.cc(436)::OnSetSyncState [guild_msg_sync]->OnSetSyncState end, state:4 time:2.49
04-04 04:40:18.314 W/Settings( 3106): Setting airplane_mode_on has moved from android.provider.Settings.System to android.provider.Settings.Global, returning read-only value.
04-04 04:40:18.316 W/Settings( 3106): Setting airplane_mode_on has moved from android.provider.Settings.System to android.provider.Settings.Global, returning read-only value.
04-04 04:40:18.318 W/Settings( 3106): Setting airplane_mode_on has moved from android.provider.Settings.System to android.provider.Settings.Global, returning read-only value.
04-04 04:40:18.319 W/Settings( 3106): Setting airplane_mode_on has moved from android.provider.Settings.System to android.provider.Settings.Global, returning read-only value.
04-04 04:40:18.321 W/Settings( 3106): Setting airplane_mode_on has moved from android.provider.Settings.System to android.provider.Settings.Global, returning read-only value.
04-04 04:40:18.322 W/Settings( 3106): Setting airplane_mode_on has moved from android.provider.Settings.System to android.provider.Settings.Global, returning read-only value.
04-04 04:40:18.323 W/Settings( 3106): Setting airplane_mode_on has moved from android.provider.Settings.System to android.provider.Settings.Global, returning read-only value.
