04-04 04:37:51.123 I/am_wtf ( 1549): [0,1549,system_server,-1,DisplayDeviceConfig,requesting nits when no mapping exists.]
04-04 04:37:51.123 I/am_wtf ( 1549): [0,1549,system_server,-1,DisplayDeviceConfig,requesting nits when no mapping exists.]
04-04 04:37:51.125 I/wm_on_stop_called( 2518): [176059698,com.android.launcher3.uioverrides.QuickstepLauncher,STOP_ACTIVITY_ITEM]
04-04 04:37:51.139 I/am_wtf ( 1549): [0,1549,system_server,-1,DisplayDeviceConfig,requesting nits when no mapping exists.]
04-04 04:37:51.140 I/am_wtf ( 1549): [0,1549,system_server,-1,DisplayDeviceConfig,requesting nits when no mapping exists.]
04-04 04:37:51.156 I/am_wtf ( 1549): [0,1549,system_server,-1,DisplayDeviceConfig,requesting nits when no mapping exists.]
04-04 04:37:51.156 I/am_wtf ( 1549): [0,1549,system_server,-1,DisplayDeviceConfig,requesting nits when no mapping exists.]
04-04 04:37:51.172 I/am_wtf ( 1549): [0,1549,system_server,-1,DisplayDeviceConfig,requesting nits when no mapping exists.]
04-04 04:37:51.173 I/am_wtf ( 1549): [0,1549,system_server,-1,DisplayDeviceConfig,requesting nits when no mapping exists.]
04-04 04:37:51.190 I/am_wtf ( 1549): [0,1549,system_server,-1,DisplayDeviceConfig,requesting nits when no mapping exists.]
04-04 04:37:51.190 I/am_wtf ( 1549): [0,1549,system_server,-1,DisplayDeviceConfig,requesting nits when no mapping exists.]
04-04 04:37:51.206 I/am_wtf ( 1549): [0,1549,system_server,-1,DisplayDeviceConfig,requesting nits when no mapping exists.]
04-04 04:37:51.207 I/am_wtf ( 1549): [0,1549,system_server,-1,DisplayDeviceConfig,requesting nits when no mapping exists.]
04-04 04:37:51.223 I/am_wtf ( 1549): [0,1549,system_server,-1,DisplayDeviceConfig,requesting nits when no mapping exists.]
04-04 04:37:51.223 I/am_wtf ( 1549): [0,1549,system_server,-1,DisplayDeviceConfig,requesting nits when no mapping exists.]
04-04 04:37:51.240 I/am_wtf ( 1549): [0,1549,system_server,-1,DisplayDeviceConfig,requesting nits when no mapping exists.]
04-04 04:37:51.240 I/am_wtf ( 1549): [0,1549,system_server,-1,DisplayDeviceConfig,requesting nits when no mapping exists.]
04-04 04:37:51.256 I/am_wtf ( 1549): [0,1549,system_server,-1,DisplayDeviceConfig,requesting nits when no mapping exists.]
04-04 04:37:51.256 I/am_wtf ( 1549): [0,1549,system_server,-1,DisplayDeviceConfig,requesting nits when no mapping exists.]
04-04 04:37:51.273 I/am_wtf ( 1549): [0,1549,system_server,-1,DisplayDeviceConfig,requesting nits when no mapping exists.]
04-04 04:37:51.273 I/am_wtf ( 1549): [0,1549,system_server,-1,DisplayDeviceConfig,requesting nits when no mapping exists.]
04-04 04:37:51.290 I/am_wtf ( 1549): [0,1549,system_server,-1,DisplayDeviceConfig,requesting nits when no mapping exists.]
04-04 04:37:51.290 I/am_wtf ( 1549): [0,1549,system_server,-1,DisplayDeviceConfig,requesting nits when no mapping exists.]
04-04 04:37:51.306 I/am_wtf ( 1549): [0,1549,system_server,-1,DisplayDeviceConfig,requesting nits when no mapping exists.]
04-04 04:37:51.307 I/am_wtf ( 1549): [0,1549,system_server,-1,DisplayDeviceConfig,requesting nits when no mapping exists.]
04-04 04:37:51.323 I/am_wtf ( 1549): [0,1549,system_server,-1,DisplayDeviceConfig,requesting nits when no mapping exists.]
04-04 04:37:51.323 I/am_wtf ( 1549): [0,1549,system_server,-1,DisplayDeviceConfig,requesting nits when no mapping exists.]
04-04 04:37:51.340 I/am_wtf ( 1549): [0,1549,system_server,-1,DisplayDeviceConfig,requesting nits when no mapping exists.]
04-04 04:37:51.340 I/am_wtf ( 1549): [0,1549,system_server,-1,DisplayDeviceConfig,requesting nits when no mapping exists.]
04-04 04:37:51.357 I/am_wtf ( 1549): [0,1549,system_server,-1,DisplayDeviceConfig,requesting nits when no mapping exists.]
04-04 04:37:51.357 I/am_wtf ( 1549): [0,1549,system_server,-1,DisplayDeviceConfig,requesting nits when no mapping exists.]
04-04 04:37:51.373 I/am_wtf ( 1549): [0,1549,system_server,-1,DisplayDeviceConfig,requesting nits when no mapping exists.]
04-04 04:37:51.373 I/am_wtf ( 1549): [0,1549,system_server,-1,DisplayDeviceConfig,requesting nits when no mapping exists.]
04-04 04:37:51.390 I/am_wtf ( 1549): [0,1549,system_server,-1,DisplayDeviceConfig,requesting nits when no mapping exists.]
04-04 04:37:51.390 I/am_wtf ( 1549): [0,1549,system_server,-1,DisplayDeviceConfig,requesting nits when no mapping exists.]
04-04 04:37:51.407 I/am_wtf ( 1549): [0,1549,system_server,-1,DisplayDeviceConfig,requesting nits when no mapping exists.]
04-04 04:37:51.407 I/am_wtf ( 1549): [0,1549,system_server,-1,DisplayDeviceConfig,requesting nits when no mapping exists.]
04-04 04:37:51.423 I/am_wtf ( 1549): [0,1549,system_server,-1,DisplayDeviceConfig,requesting nits when no mapping exists.]
04-04 04:37:51.424 I/am_wtf ( 1549): [0,1549,system_server,-1,DisplayDeviceConfig,requesting nits when no mapping exists.]
04-04 04:37:51.440 I/am_wtf ( 1549): [0,1549,system_server,-1,DisplayDeviceConfig,requesting nits when no mapping exists.]
04-04 04:37:51.440 I/am_wtf ( 1549): [0,1549,system_server,-1,DisplayDeviceConfig,requesting nits when no mapping exists.]
04-04 04:37:51.457 I/am_wtf ( 1549): [0,1549,system_server,-1,DisplayDeviceConfig,requesting nits when no mapping exists.]
04-04 04:37:51.457 I/am_wtf ( 1549): [0,1549,system_server,-1,DisplayDeviceConfig,requesting nits when no mapping exists.]
04-04 04:37:51.473 I/am_wtf ( 1549): [0,1549,system_server,-1,DisplayDeviceConfig,requesting nits when no mapping exists.]
04-04 04:37:51.474 I/am_wtf ( 1549): [0,1549,system_server,-1,DisplayDeviceConfig,requesting nits when no mapping exists.]
04-04 04:37:51.490 I/am_wtf ( 1549): [0,1549,system_server,-1,DisplayDeviceConfig,requesting nits when no mapping exists.]
04-04 04:37:51.490 I/am_wtf ( 1549): [0,1549,system_server,-1,DisplayDeviceConfig,requesting nits when no mapping exists.]
04-04 04:37:51.491 I/auditd ( 0): type=1400 audit(0.0:432): avc: denied { kill } for comm="swapper/3" capability=5 scontext=u:r:kernel:s0 tcontext=u:r:kernel:s0 tclass=capability permissive=0
04-04 04:37:51.507 I/am_wtf ( 1549): [0,1549,system_server,-1,DisplayDeviceConfig,requesting nits when no mapping exists.]
04-04 04:37:51.507 I/am_wtf ( 1549): [0,1549,system_server,-1,DisplayDeviceConfig,requesting nits when no mapping exists.]
04-04 04:37:51.524 I/am_wtf ( 1549): [0,1549,system_server,-1,DisplayDeviceConfig,requesting nits when no mapping exists.]
04-04 04:37:51.524 I/am_wtf ( 1549): [0,1549,system_server,-1,DisplayDeviceConfig,requesting nits when no mapping exists.]
04-04 04:37:51.540 I/am_wtf ( 1549): [0,1549,system_server,-1,DisplayDeviceConfig,requesting nits when no mapping exists.]
04-04 04:37:51.540 I/am_wtf ( 1549): [0,1549,system_server,-1,DisplayDeviceConfig,requesting nits when no mapping exists.]
04-04 04:37:51.557 I/am_wtf ( 1549): [0,1549,system_server,-1,DisplayDeviceConfig,requesting nits when no mapping exists.]
04-04 04:37:51.557 I/am_wtf ( 1549): [0,1549,system_server,-1,DisplayDeviceConfig,requesting nits when no mapping exists.]
04-04 04:37:51.574 I/am_wtf ( 1549): [0,1549,system_server,-1,DisplayDeviceConfig,requesting nits when no mapping exists.]
04-04 04:37:51.574 I/am_wtf ( 1549): [0,1549,system_server,-1,DisplayDeviceConfig,requesting nits when no mapping exists.]
04-04 04:37:51.590 I/am_wtf ( 1549): [0,1549,system_server,-1,DisplayDeviceConfig,requesting nits when no mapping exists.]
04-04 04:37:51.591 I/am_wtf ( 1549): [0,1549,system_server,-1,DisplayDeviceConfig,requesting nits when no mapping exists.]
04-04 04:37:51.607 I/am_wtf ( 1549): [0,1549,system_server,-1,DisplayDeviceConfig,requesting nits when no mapping exists.]
04-04 04:37:51.607 I/am_wtf ( 1549): [0,1549,system_server,-1,DisplayDeviceConfig,requesting nits when no mapping exists.]
04-04 04:37:51.624 I/am_wtf ( 1549): [0,1549,system_server,-1,DisplayDeviceConfig,requesting nits when no mapping exists.]
04-04 04:37:51.624 I/am_wtf ( 1549): [0,1549,system_server,-1,DisplayDeviceConfig,requesting nits when no mapping exists.]
04-04 04:37:51.641 I/am_wtf ( 1549): [0,1549,system_server,-1,DisplayDeviceConfig,requesting nits when no mapping exists.]
04-04 04:37:51.641 I/am_wtf ( 1549): [0,1549,system_server,-1,DisplayDeviceConfig,requesting nits when no mapping exists.]
04-04 04:37:51.657 I/am_wtf ( 1549): [0,1549,system_server,-1,DisplayDeviceConfig,requesting nits when no mapping exists.]
04-04 04:37:51.657 I/am_wtf ( 1549): [0,1549,system_server,-1,DisplayDeviceConfig,requesting nits when no mapping exists.]
04-04 04:37:51.674 I/am_wtf ( 1549): [0,1549,system_server,-1,DisplayDeviceConfig,requesting nits when no mapping exists.]
04-04 04:37:51.674 I/am_wtf ( 1549): [0,1549,system_server,-1,DisplayDeviceConfig,requesting nits when no mapping exists.]
04-04 04:37:51.691 I/am_wtf ( 1549): [0,1549,system_server,-1,DisplayDeviceConfig,requesting nits when no mapping exists.]
04-04 04:37:51.691 I/am_wtf ( 1549): [0,1549,system_server,-1,DisplayDeviceConfig,requesting nits when no mapping exists.]
04-04 04:37:51.707 I/am_wtf ( 1549): [0,1549,system_server,-1,DisplayDeviceConfig,requesting nits when no mapping exists.]
04-04 04:37:51.708 I/am_wtf ( 1549): [0,1549,system_server,-1,DisplayDeviceConfig,requesting nits when no mapping exists.]
04-04 04:37:51.724 I/am_wtf ( 1549): [0,1549,system_server,-1,DisplayDeviceConfig,requesting nits when no mapping exists.]
04-04 04:37:51.724 I/am_wtf ( 1549): [0,1549,system_server,-1,DisplayDeviceConfig,requesting nits when no mapping exists.]
04-04 04:37:51.741 I/am_wtf ( 1549): [0,1549,system_server,-1,DisplayDeviceConfig,requesting nits when no mapping exists.]
04-04 04:37:51.741 I/am_wtf ( 1549): [0,1549,system_server,-1,DisplayDeviceConfig,requesting nits when no mapping exists.]
04-04 04:37:51.757 I/am_wtf ( 1549): [0,1549,system_server,-1,DisplayDeviceConfig,requesting nits when no mapping exists.]
04-04 04:37:51.758 I/am_wtf ( 1549): [0,1549,system_server,-1,DisplayDeviceConfig,requesting nits when no mapping exists.]
04-04 04:37:51.774 I/am_wtf ( 1549): [0,1549,system_server,-1,DisplayDeviceConfig,requesting nits when no mapping exists.]
04-04 04:37:51.774 I/am_wtf ( 1549): [0,1549,system_server,-1,DisplayDeviceConfig,requesting nits when no mapping exists.]
04-04 04:37:52.495 I/auditd ( 0): type=1400 audit(0.0:433): avc: denied { kill } for comm="swapper/3" capability=5 scontext=u:r:kernel:s0 tcontext=u:r:kernel:s0 tclass=capability permissive=0
04-04 04:37:53.491 I/auditd ( 0): type=1400 audit(0.0:434): avc: denied { kill } for comm="swapper/3" capability=5 scontext=u:r:kernel:s0 tcontext=u:r:kernel:s0 tclass=capability permissive=0
04-04 04:37:54.495 I/auditd ( 0): type=1400 audit(0.0:435): avc: denied { kill } for comm="swapper/3" capability=5 scontext=u:r:kernel:s0 tcontext=u:r:kernel:s0 tclass=capability permissive=0
04-04 04:37:55.495 I/auditd ( 0): type=1400 audit(0.0:436): avc: denied { kill } for comm="swapper/3" capability=5 scontext=u:r:kernel:s0 tcontext=u:r:kernel:s0 tclass=capability permissive=0
04-04 04:37:56.495 I/auditd ( 0): type=1400 audit(0.0:437): avc: denied { kill } for comm="swapper/3" capability=5 scontext=u:r:kernel:s0 tcontext=u:r:kernel:s0 tclass=capability permissive=0
04-04 04:37:57.491 I/auditd ( 0): type=1400 audit(0.0:438): avc: denied { kill } for comm="swapper/3" capability=5 scontext=u:r:kernel:s0 tcontext=u:r:kernel:s0 tclass=capability permissive=0
04-04 04:37:58.495 I/auditd ( 0): type=1400 audit(0.0:439): avc: denied { kill } for comm="swapper/3" capability=5 scontext=u:r:kernel:s0 tcontext=u:r:kernel:s0 tclass=capability permissive=0
04-04 04:37:59.495 I/auditd ( 0): type=1400 audit(0.0:440): avc: denied { kill } for comm="swapper/3" capability=5 scontext=u:r:kernel:s0 tcontext=u:r:kernel:s0 tclass=capability permissive=0
04-04 04:38:00.491 I/auditd ( 0): type=1400 audit(0.0:441): avc: denied { kill } for comm="swapper/3" capability=5 scontext=u:r:kernel:s0 tcontext=u:r:kernel:s0 tclass=capability permissive=0
04-04 04:38:01.491 I/auditd ( 0): type=1400 audit(0.0:442): avc: denied { kill } for comm="swapper/3" capability=5 scontext=u:r:kernel:s0 tcontext=u:r:kernel:s0 tclass=capability permissive=0
04-04 04:38:02.491 I/auditd ( 0): type=1400 audit(0.0:443): avc: denied { kill } for comm="swapper/3" capability=5 scontext=u:r:kernel:s0 tcontext=u:r:kernel:s0 tclass=capability permissive=0
04-04 04:38:04.491 I/auditd ( 0): type=1400 audit(0.0:444): avc: denied { kill } for comm="swapper/3" capability=5 scontext=u:r:kernel:s0 tcontext=u:r:kernel:s0 tclass=capability permissive=0
04-04 04:38:05.491 I/auditd ( 0): type=1400 audit(0.0:445): avc: denied { kill } for comm="swapper/3" capability=5 scontext=u:r:kernel:s0 tcontext=u:r:kernel:s0 tclass=capability permissive=0
04-04 04:38:06.491 I/auditd ( 0): type=1400 audit(0.0:446): avc: denied { kill } for comm="swapper/3" capability=5 scontext=u:r:kernel:s0 tcontext=u:r:kernel:s0 tclass=capability permissive=0
04-04 04:38:07.491 I/auditd ( 0): type=1400 audit(0.0:447): avc: denied { kill } for comm="swapper/3" capability=5 scontext=u:r:kernel:s0 tcontext=u:r:kernel:s0 tclass=capability permissive=0
04-04 04:38:08.491 I/auditd ( 0): type=1400 audit(0.0:448): avc: denied { kill } for comm="swapper/3" capability=5 scontext=u:r:kernel:s0 tcontext=u:r:kernel:s0 tclass=capability permissive=0
04-04 04:38:09.495 I/auditd ( 0): type=1400 audit(0.0:449): avc: denied { kill } for comm="swapper/3" capability=5 scontext=u:r:kernel:s0 tcontext=u:r:kernel:s0 tclass=capability permissive=0
04-04 04:38:10.491 I/auditd ( 0): type=1400 audit(0.0:450): avc: denied { kill } for comm="swapper/3" capability=5 scontext=u:r:kernel:s0 tcontext=u:r:kernel:s0 tclass=capability permissive=0
04-04 04:38:11.491 I/auditd ( 0): type=1400 audit(0.0:451): avc: denied { kill } for comm="swapper/3" capability=5 scontext=u:r:kernel:s0 tcontext=u:r:kernel:s0 tclass=capability permissive=0
04-04 04:38:12.491 I/auditd ( 0): type=1400 audit(0.0:452): avc: denied { kill } for comm="swapper/3" capability=5 scontext=u:r:kernel:s0 tcontext=u:r:kernel:s0 tclass=capability permissive=0
04-04 04:38:13.491 I/auditd ( 0): type=1400 audit(0.0:453): avc: denied { kill } for comm="swapper/3" capability=5 scontext=u:r:kernel:s0 tcontext=u:r:kernel:s0 tclass=capability permissive=0
04-04 04:38:14.495 I/auditd ( 0): type=1400 audit(0.0:454): avc: denied { kill } for comm="swapper/3" capability=5 scontext=u:r:kernel:s0 tcontext=u:r:kernel:s0 tclass=capability permissive=0
04-04 04:38:14.787 I/am_pss ( 1549): [2518,10070,com.android.launcher3,55319552,46936064,0,178282496,0,6,8]
04-04 04:38:15.491 I/auditd ( 0): type=1400 audit(0.0:455): avc: denied { kill } for comm="swapper/3" capability=5 scontext=u:r:kernel:s0 tcontext=u:r:kernel:s0 tclass=capability permissive=0
04-04 04:38:16.495 I/auditd ( 0): type=1400 audit(0.0:456): avc: denied { kill } for comm="swapper/3" capability=5 scontext=u:r:kernel:s0 tcontext=u:r:kernel:s0 tclass=capability permissive=0
04-04 04:38:17.495 I/auditd ( 0): type=1400 audit(0.0:457): avc: denied { kill } for comm="swapper/3" capability=5 scontext=u:r:kernel:s0 tcontext=u:r:kernel:s0 tclass=capability permissive=0
04-04 04:38:17.780 I/input_interaction( 1549): Interaction with: 3f7462a com.thundercomm.screensaver/android.service.dreams.DreamActivity (server), edge-swipe (server), swipe-up (server), PointerEventDispatcher0 (server),
04-04 04:38:17.782 I/service_manager_stats( 1549): [104,13,26860]
04-04 04:38:17.782 I/wm_finish_activity( 1549): [0,92360447,77,com.thundercomm.screensaver/android.service.dreams.DreamActivity,finish-activity]
04-04 04:38:17.782 I/wm_task_moved( 1549): [1,1,5]
04-04 04:38:17.784 I/wm_task_moved( 1549): [75,1,2147483647]
04-04 04:38:17.784 I/wm_task_to_front( 1549): [0,75]
04-04 04:38:17.784 I/wm_focused_root_task( 1549): [0,0,1,77,finish-top adjustFocusToNextFocusableTask]
04-04 04:38:17.784 I/wm_set_resumed_activity( 1549): [0,com.android.launcher3/.uioverrides.QuickstepLauncher,finish-top adjustFocusToNextFocusableTask]
04-04 04:38:17.785 I/wm_pause_activity( 1549): [0,92360447,com.thundercomm.screensaver/android.service.dreams.DreamActivity,userLeaving=false,finish]
04-04 04:38:17.792 I/sysui_multi_action( 1549): [757,803,799,window_time_0,802,27]
04-04 04:38:17.792 I/wm_on_top_resumed_lost_called( 5167): [92360447,android.service.dreams.DreamActivity,topStateChangedWhenResumed]
04-04 04:38:17.793 I/wm_on_paused_called( 5167): [92360447,android.service.dreams.DreamActivity,performPause]
04-04 04:38:17.793 I/wm_add_to_stopping( 1549): [0,92360447,com.thundercomm.screensaver/android.service.dreams.DreamActivity,completeFinishing]
04-04 04:38:17.795 I/wm_set_resumed_activity( 1549): [0,com.android.launcher3/.uioverrides.QuickstepLauncher,resumeTopActivityInnerLocked]
04-04 04:38:17.797 I/wm_resume_activity( 1549): [0,176059698,75,com.android.launcher3/.uioverrides.QuickstepLauncher]
04-04 04:38:17.800 I/wm_on_restart_called( 2518): [176059698,com.android.launcher3.uioverrides.QuickstepLauncher,performRestartActivity]
04-04 04:38:17.800 I/wm_on_start_called( 2518): [176059698,com.android.launcher3.uioverrides.QuickstepLauncher,handleStartActivity]
04-04 04:38:17.800 I/wm_on_resume_called( 2518): [176059698,com.android.launcher3.uioverrides.QuickstepLauncher,RESUME_ACTIVITY]
04-04 04:38:17.800 I/wm_on_top_resumed_gained_called( 2518): [176059698,com.android.launcher3.uioverrides.QuickstepLauncher,topWhenResuming]
04-04 04:38:17.809 I/sysui_multi_action( 1549): [757,803,799,window_time_0,802,0]
04-04 04:38:17.812 I/view_enqueue_input_event( 5167): [Motion - Cancel,com.thundercomm.screensaver/android.service.dreams.DreamActivity]
04-04 04:38:17.813 I/input_focus( 1549): [Focus leaving 3f7462a com.thundercomm.screensaver/android.service.dreams.DreamActivity (server),reason=NO_WINDOW]
04-04 04:38:17.816 I/input_focus( 1549): [Focus request b49246d com.android.launcher3/com.android.launcher3.uioverrides.QuickstepLauncher,reason=UpdateInputWindows]
04-04 04:38:17.816 I/input_interaction( 1549): Interaction with: edge-swipe (server), swipe-up (server), PointerEventDispatcher0 (server),
04-04 04:38:17.842 I/input_focus( 1549): [Focus entering b49246d com.android.launcher3/com.android.launcher3.uioverrides.QuickstepLauncher (server),reason=setFocusedWindow]
04-04 04:38:18.077 I/wm_destroy_activity( 1549): [0,92360447,77,com.thundercomm.screensaver/android.service.dreams.DreamActivity,finish-imm:idle]
04-04 04:38:18.093 I/wm_on_stop_called( 5167): [92360447,android.service.dreams.DreamActivity,LIFECYCLER_STOP_ACTIVITY]
04-04 04:38:18.094 I/wm_on_destroy_called( 5167): [92360447,android.service.dreams.DreamActivity,performDestroy]
04-04 04:38:18.096 I/sysui_multi_action( 1549): [757,222,758,2]
04-04 04:38:18.096 I/sysui_multi_action( 1549): [757,804,799,dreaming_minutes,801,0,802,1]
04-04 04:38:18.102 I/wm_task_removed( 1549): [77,removeChild:removeChild last r=ActivityRecord{5814eff u0 com.thundercomm.screensaver/android.service.dreams.DreamActivity t-1 f}} in t=Task{92a164 #77 type=dream A=10051:android:com.thundercomm.screensaver/dream U=0 visible=false mode=fullscreen translucent=true sz=0}]
04-04 04:38:18.102 I/wm_task_removed( 1549): [77,removeChild]
04-04 04:38:18.491 I/auditd ( 0): type=1400 audit(0.0:458): avc: denied { kill } for comm="swapper/3" capability=5 scontext=u:r:kernel:s0 tcontext=u:r:kernel:s0 tclass=capability permissive=0
04-04 04:38:19.495 I/auditd ( 0): type=1400 audit(0.0:459): avc: denied { kill } for comm="swapper/3" capability=5 scontext=u:r:kernel:s0 tcontext=u:r:kernel:s0 tclass=capability permissive=0
04-04 04:38:20.495 I/auditd ( 0): type=1400 audit(0.0:460): avc: denied { kill } for comm="swapper/3" capability=5 scontext=u:r:kernel:s0 tcontext=u:r:kernel:s0 tclass=capability permissive=0
04-04 04:38:21.491 I/auditd ( 0): type=1400 audit(0.0:461): avc: denied { kill } for comm="swapper/3" capability=5 scontext=u:r:kernel:s0 tcontext=u:r:kernel:s0 tclass=capability permissive=0
04-04 04:38:22.495 I/auditd ( 0): type=1400 audit(0.0:462): avc: denied { kill } for comm="swapper/3" capability=5 scontext=u:r:kernel:s0 tcontext=u:r:kernel:s0 tclass=capability permissive=0
04-04 04:38:23.491 I/auditd ( 0): type=1400 audit(0.0:463): avc: denied { kill } for comm="swapper/3" capability=5 scontext=u:r:kernel:s0 tcontext=u:r:kernel:s0 tclass=capability permissive=0
04-04 04:38:24.491 I/auditd ( 0): type=1400 audit(0.0:464): avc: denied { kill } for comm="swapper/3" capability=5 scontext=u:r:kernel:s0 tcontext=u:r:kernel:s0 tclass=capability permissive=0
04-04 04:38:25.491 I/auditd ( 0): type=1400 audit(0.0:465): avc: denied { kill } for comm="swapper/3" capability=5 scontext=u:r:kernel:s0 tcontext=u:r:kernel:s0 tclass=capability permissive=0
04-04 04:38:26.491 I/auditd ( 0): type=1400 audit(0.0:466): avc: denied { kill } for comm="swapper/3" capability=5 scontext=u:r:kernel:s0 tcontext=u:r:kernel:s0 tclass=capability permissive=0
04-04 04:38:27.495 I/auditd ( 0): type=1400 audit(0.0:467): avc: denied { kill } for comm="swapper/3" capability=5 scontext=u:r:kernel:s0 tcontext=u:r:kernel:s0 tclass=capability permissive=0
04-04 04:38:28.495 I/auditd ( 0): type=1400 audit(0.0:468): avc: denied { kill } for comm="swapper/3" capability=5 scontext=u:r:kernel:s0 tcontext=u:r:kernel:s0 tclass=capability permissive=0
04-04 04:38:29.495 I/auditd ( 0): type=1400 audit(0.0:469): avc: denied { kill } for comm="swapper/3" capability=5 scontext=u:r:kernel:s0 tcontext=u:r:kernel:s0 tclass=capability permissive=0
04-04 04:38:30.495 I/auditd ( 0): type=1400 audit(0.0:470): avc: denied { kill } for comm="swapper/3" capability=5 scontext=u:r:kernel:s0 tcontext=u:r:kernel:s0 tclass=capability permissive=0
04-04 04:38:31.491 I/auditd ( 0): type=1400 audit(0.0:471): avc: denied { kill } for comm="swapper/3" capability=5 scontext=u:r:kernel:s0 tcontext=u:r:kernel:s0 tclass=capability permissive=0
04-04 04:38:32.491 I/auditd ( 0): type=1400 audit(0.0:472): avc: denied { kill } for comm="swapper/3" capability=5 scontext=u:r:kernel:s0 tcontext=u:r:kernel:s0 tclass=capability permissive=0
04-04 04:38:33.495 I/auditd ( 0): type=1400 audit(0.0:473): avc: denied { kill } for comm="swapper/3" capability=5 scontext=u:r:kernel:s0 tcontext=u:r:kernel:s0 tclass=capability permissive=0
04-04 04:38:33.594 I/input_interaction( 1549): Interaction with: fa1437c StatusBar (server), edge-swipe (server), swipe-up (server), PointerEventDispatcher0 (server),
04-04 04:38:33.598 I/sysui_multi_action( 1978): [757,803,799,panel_open,802,1]
04-04 04:38:33.599 I/sysui_multi_action( 1978): [757,1328,758,4,1326,30,1327,1,1329,0]
04-04 04:38:33.663 I/sysui_multi_action( 1549): [757,127,758,1]
04-04 04:38:33.663 I/sysui_multi_action( 1549): [757,804,799,note_load,801,2,802,1]
04-04 04:38:33.663 I/notification_panel_revealed( 1549): 2
04-04 04:38:33.674 I/input_focus( 1549): [Focus request 78c9013 NotificationShade,reason=UpdateInputWindows]
04-04 04:38:33.684 I/sysui_multi_action( 1549): [757,128,758,1,793,200638,794,0,795,200638,796,26,798,0,806,android,857,DEVELOPER_IMPORTANT,858,4,947,0,1395,2,1500,200391,1688,1]
04-04 04:38:33.684 I/sysui_multi_action( 1549): [757,804,799,note_freshness,801,200638,802,1]
04-04 04:38:33.684 I/notification_visibility( 1549): [-1|android|26|null|1000,1,200638,200638,0,0]
04-04 04:38:33.684 I/sysui_multi_action( 1549): [757,128,758,1,793,201152,794,0,795,201152,796,32,798,1,806,android,857,USB,858,1,947,0,1395,2,1500,200835,1688,1]
04-04 04:38:33.684 I/sysui_multi_action( 1549): [757,804,799,note_freshness,801,201152,802,1]
04-04 04:38:33.684 I/notification_visibility( 1549): [-1|android|32|null|1000,1,201152,201152,0,1]
04-04 04:38:33.694 I/input_focus( 1549): [Focus leaving b49246d com.android.launcher3/com.android.launcher3.uioverrides.QuickstepLauncher (server),reason=setFocusedWindow]
04-04 04:38:33.694 I/input_focus( 1549): [Focus entering 78c9013 NotificationShade (server),reason=setFocusedWindow]
04-04 04:38:33.726 I/sysui_multi_action( 1978): [757,111,758,1]
04-04 04:38:33.726 I/sysui_multi_action( 1978): [757,126,758,1,759,126,927,0,928,1,1593,0]
04-04 04:38:33.726 I/sysui_multi_action( 1978): [757,113,758,1,759,113,927,1,928,0,1593,0]
04-04 04:38:33.726 I/sysui_multi_action( 1978): [757,0,758,1,759,0,927,2,928,0,1593,0]
04-04 04:38:33.726 I/sysui_multi_action( 1978): [757,0,758,1,759,0,927,3,928,0,1593,0]
04-04 04:38:33.726 I/sysui_multi_action( 1978): [757,491,758,1,759,491,927,4,928,0,1311,-1,1593,0]
04-04 04:38:33.727 I/sysui_multi_action( 1978): [757,0,758,1,759,0,927,5,928,0,1593,0]
04-04 04:38:33.727 I/sysui_multi_action( 1978): [757,111,758,1]
04-04 04:38:33.727 I/sysui_multi_action( 1978): [757,126,758,1,759,126,927,0,928,1,1593,0]
04-04 04:38:33.727 I/sysui_multi_action( 1978): [757,113,758,1,759,113,927,1,928,0,1593,0]
04-04 04:38:33.727 I/sysui_multi_action( 1978): [757,0,758,1,759,0,927,2,928,0,1593,0]
04-04 04:38:33.727 I/sysui_multi_action( 1978): [757,0,758,1,759,0,927,3,928,0,1593,0]
04-04 04:38:35.102 I/input_interaction( 1549): Interaction with: 78c9013 NotificationShade (server), edge-swipe (server), swipe-up (server), PointerEventDispatcher0 (server),
04-04 04:38:35.491 I/auditd ( 0): type=1400 audit(0.0:474): avc: denied { kill } for comm="swapper/1" capability=5 scontext=u:r:kernel:s0 tcontext=u:r:kernel:s0 tclass=capability permissive=0
04-04 04:38:35.649 I/sysui_multi_action( 1978): [757,111,758,2]
04-04 04:38:35.649 I/sysui_multi_action( 1978): [757,111,758,2]
04-04 04:38:35.735 I/input_interaction( 1549): Interaction with: 78c9013 NotificationShade (server), e8d3383 com.android.systemui.ImageWallpaper (server), edge-swipe (server), swipe-up (server), PointerEventDispatcher0 (server),
04-04 04:38:35.908 I/input_focus( 1549): [Focus request b49246d com.android.launcher3/com.android.launcher3.uioverrides.QuickstepLauncher,reason=UpdateInputWindows]
04-04 04:38:35.912 I/sysui_multi_action( 1549): [757,128,758,2,793,202867,794,2229,795,202867,796,26,798,0,806,android,857,DEVELOPER_IMPORTANT,858,4,947,0,1395,2,1500,202620,1688,1]
04-04 04:38:35.913 I/notification_visibility( 1549): [-1|android|26|null|1000,0,202867,202867,0,0]
04-04 04:38:35.913 I/sysui_multi_action( 1549): [757,128,758,2,793,203381,794,2229,795,203381,796,32,798,1,806,android,857,USB,858,1,947,0,1395,2,1500,203064,1688,1]
04-04 04:38:35.914 I/notification_visibility( 1549): [-1|android|32|null|1000,0,203381,203381,0,1]
04-04 04:38:35.915 I/sysui_multi_action( 1549): [757,127,758,2]
04-04 04:38:35.916 I/notification_panel_hidden( 1549):
04-04 04:38:35.932 I/input_focus( 1549): [Focus leaving 78c9013 NotificationShade (server),reason=NO_WINDOW]
04-04 04:38:35.933 I/input_focus( 1549): [Focus entering b49246d com.android.launcher3/com.android.launcher3.uioverrides.QuickstepLauncher (server),reason=setFocusedWindow]
04-04 04:38:36.460 I/input_interaction( 1549): Interaction with: b49246d com.android.launcher3/com.android.launcher3.uioverrides.QuickstepLauncher (server), e8d3383 com.android.systemui.ImageWallpaper (server), edge-swipe (server), swipe-up (server), PointerEventDispatcher0 (server),
04-04 04:38:36.491 I/auditd ( 0): type=1400 audit(0.0:475): avc: denied { kill } for comm="swapper/1" capability=5 scontext=u:r:kernel:s0 tcontext=u:r:kernel:s0 tclass=capability permissive=0
04-04 04:38:36.552 I/input_interaction( 1549): Interaction with: edge-swipe (server), swipe-up (server), PointerEventDispatcher0 (server),
04-04 04:38:36.553 I/view_enqueue_input_event( 2518): [Motion - Cancel,com.android.launcher3/com.android.launcher3.uioverrides.QuickstepLauncher]
04-04 04:38:36.705 I/commit_sys_config_file( 1549): [settings-1-0,2]
04-04 04:38:37.120 I/commit_sys_config_file( 1549): [settings-1-0,6]
04-04 04:38:37.491 I/auditd ( 0): type=1400 audit(0.0:476): avc: denied { kill } for comm="swapper/1" capability=5 scontext=u:r:kernel:s0 tcontext=u:r:kernel:s0 tclass=capability permissive=0
04-04 04:38:37.879 I/input_interaction( 1549): Interaction with: b49246d com.android.launcher3/com.android.launcher3.uioverrides.QuickstepLauncher (server), e8d3383 com.android.systemui.ImageWallpaper (server), edge-swipe (server), swipe-up (server), PointerEventDispatcher0 (server),
04-04 04:38:38.491 I/auditd ( 0): type=1400 audit(0.0:477): avc: denied { kill } for comm="swapper/1" capability=5 scontext=u:r:kernel:s0 tcontext=u:r:kernel:s0 tclass=capability permissive=0
04-04 04:38:39.491 I/auditd ( 0): type=1400 audit(0.0:478): avc: denied { kill } for comm="swapper/1" capability=5 scontext=u:r:kernel:s0 tcontext=u:r:kernel:s0 tclass=capability permissive=0
04-04 04:38:40.491 I/auditd ( 0): type=1400 audit(0.0:479): avc: denied { kill } for comm="swapper/1" capability=5 scontext=u:r:kernel:s0 tcontext=u:r:kernel:s0 tclass=capability permissive=0
04-04 04:38:41.491 I/auditd ( 0): type=1400 audit(0.0:480): avc: denied { kill } for comm="swapper/1" capability=5 scontext=u:r:kernel:s0 tcontext=u:r:kernel:s0 tclass=capability permissive=0
04-04 04:38:42.491 I/auditd ( 0): type=1400 audit(0.0:481): avc: denied { kill } for comm="swapper/1" capability=5 scontext=u:r:kernel:s0 tcontext=u:r:kernel:s0 tclass=capability permissive=0
04-04 04:38:43.495 I/auditd ( 0): type=1400 audit(0.0:482): avc: denied { kill } for comm="swapper/1" capability=5 scontext=u:r:kernel:s0 tcontext=u:r:kernel:s0 tclass=capability permissive=0
04-04 04:38:45.495 I/auditd ( 0): type=1400 audit(0.0:483): avc: denied { kill } for comm="swapper/1" capability=5 scontext=u:r:kernel:s0 tcontext=u:r:kernel:s0 tclass=capability permissive=0
04-04 04:38:46.495 I/auditd ( 0): type=1400 audit(0.0:484): avc: denied { kill } for comm="swapper/1" capability=5 scontext=u:r:kernel:s0 tcontext=u:r:kernel:s0 tclass=capability permissive=0
04-04 04:38:47.491 I/auditd ( 0): type=1400 audit(0.0:485): avc: denied { kill } for comm="swapper/1" capability=5 scontext=u:r:kernel:s0 tcontext=u:r:kernel:s0 tclass=capability permissive=0
04-04 04:38:49.495 I/auditd ( 0): type=1400 audit(0.0:486): avc: denied { kill } for comm="swapper/1" capability=5 scontext=u:r:kernel:s0 tcontext=u:r:kernel:s0 tclass=capability permissive=0
04-04 04:38:50.220 I/ntp_failure( 1549): [time.android.com/216.239.35.4,java.net.SocketTimeoutException: Poll timed out]
04-04 04:38:50.495 I/auditd ( 0): type=1400 audit(0.0:487): avc: denied { kill } for comm="swapper/1" capability=5 scontext=u:r:kernel:s0 tcontext=u:r:kernel:s0 tclass=capability permissive=0
04-04 04:38:51.491 I/auditd ( 0): type=1400 audit(0.0:488): avc: denied { kill } for comm="swapper/1" capability=5 scontext=u:r:kernel:s0 tcontext=u:r:kernel:s0 tclass=capability permissive=0
04-04 04:38:52.491 I/auditd ( 0): type=1400 audit(0.0:489): avc: denied { kill } for comm="swapper/1" capability=5 scontext=u:r:kernel:s0 tcontext=u:r:kernel:s0 tclass=capability permissive=0
04-04 04:38:54.491 I/auditd ( 0): type=1400 audit(0.0:490): avc: denied { kill } for comm="swapper/1" capability=5 scontext=u:r:kernel:s0 tcontext=u:r:kernel:s0 tclass=capability permissive=0
04-04 04:38:55.229 I/ntp_failure( 1549): [time.android.com/216.239.35.8,java.net.SocketTimeoutException: Poll timed out]
04-04 04:38:55.491 I/auditd ( 0): type=1400 audit(0.0:491): avc: denied { kill } for comm="swapper/1" capability=5 scontext=u:r:kernel:s0 tcontext=u:r:kernel:s0 tclass=capability permissive=0
04-04 04:38:56.495 I/auditd ( 0): type=1400 audit(0.0:492): avc: denied { kill } for comm="swapper/1" capability=5 scontext=u:r:kernel:s0 tcontext=u:r:kernel:s0 tclass=capability permissive=0
04-04 04:38:57.495 I/auditd ( 0): type=1400 audit(0.0:493): avc: denied { kill } for comm="swapper/1" capability=5 scontext=u:r:kernel:s0 tcontext=u:r:kernel:s0 tclass=capability permissive=0
04-04 04:38:58.491 I/auditd ( 0): type=1400 audit(0.0:494): avc: denied { kill } for comm="swapper/1" capability=5 scontext=u:r:kernel:s0 tcontext=u:r:kernel:s0 tclass=capability permissive=0
04-04 04:38:59.491 I/auditd ( 0): type=1400 audit(0.0:495): avc: denied { kill } for comm="swapper/1" capability=5 scontext=u:r:kernel:s0 tcontext=u:r:kernel:s0 tclass=capability permissive=0
04-04 04:39:00.236 I/ntp_failure( 1549): [time.android.com/216.239.35.12,java.net.SocketTimeoutException: Poll timed out]
04-04 04:39:00.491 I/auditd ( 0): type=1400 audit(0.0:496): avc: denied { kill } for comm="swapper/1" capability=5 scontext=u:r:kernel:s0 tcontext=u:r:kernel:s0 tclass=capability permissive=0
04-04 04:39:01.495 I/auditd ( 0): type=1400 audit(0.0:497): avc: denied { kill } for comm="swapper/1" capability=5 scontext=u:r:kernel:s0 tcontext=u:r:kernel:s0 tclass=capability permissive=0
04-04 04:39:02.491 I/auditd ( 0): type=1400 audit(0.0:498): avc: denied { kill } for comm="swapper/1" capability=5 scontext=u:r:kernel:s0 tcontext=u:r:kernel:s0 tclass=capability permissive=0
04-04 04:39:04.495 I/auditd ( 0): type=1400 audit(0.0:499): avc: denied { kill } for comm="swapper/0" capability=5 scontext=u:r:kernel:s0 tcontext=u:r:kernel:s0 tclass=capability permissive=0
04-04 04:39:04.711 I/wm_task_created( 1549): [78,-1]
04-04 04:39:04.714 I/wm_task_moved( 1549): [78,1,6]
04-04 04:39:04.714 I/wm_task_to_front( 1549): [0,78]
04-04 04:39:04.714 I/wm_create_task( 1549): [0,78]
04-04 04:39:04.714 I/wm_create_activity( 1549): [0,142108620,78,com.android.music/.MusicBrowserActivity,android.intent.action.MAIN,NULL,NULL,270532608]
04-04 04:39:04.714 I/wm_task_moved( 1549): [78,1,6]
04-04 04:39:04.715 I/wm_pause_activity( 1549): [0,176059698,com.android.launcher3/.uioverrides.QuickstepLauncher,userLeaving=true,pauseBackTasks]
04-04 04:39:04.718 I/wm_on_top_resumed_lost_called( 2518): [176059698,com.android.launcher3.uioverrides.QuickstepLauncher,topStateChangedWhenResumed]
04-04 04:39:04.718 I/wm_on_paused_called( 2518): [176059698,com.android.launcher3.uioverrides.QuickstepLauncher,performPause]
04-04 04:39:04.719 I/wm_add_to_stopping( 1549): [0,176059698,com.android.launcher3/.uioverrides.QuickstepLauncher,makeInvisible]
04-04 04:39:04.720 I/wm_restart_activity( 1549): [0,142108620,78,com.android.music/.MusicBrowserActivity]
04-04 04:39:04.720 I/wm_set_resumed_activity( 1549): [0,com.android.music/.MusicBrowserActivity,minimalResumeActivityLocked]
04-04 04:39:04.722 I/am_uid_active( 1549): 10086
04-04 04:39:04.723 I/sysui_multi_action( 1549): [757,803,799,window_time_0,802,47]
04-04 04:39:04.736 I/am_pss ( 1549): [5167,10051,com.thundercomm.screensaver,36720640,31006720,0,149925888,0,19,6]
04-04 04:39:04.750 I/wm_on_create_called( 2940): [142108620,com.android.music.MusicBrowserActivity,performCreate]
04-04 04:39:04.751 I/input_focus( 1549): [Focus leaving b49246d com.android.launcher3/com.android.launcher3.uioverrides.QuickstepLauncher (server),reason=NO_WINDOW]
04-04 04:39:04.760 I/wm_on_start_called( 2940): [142108620,com.android.music.MusicBrowserActivity,handleStartActivity]
04-04 04:39:04.761 I/wm_on_resume_called( 2940): [142108620,com.android.music.MusicBrowserActivity,RESUME_ACTIVITY]
04-04 04:39:04.766 I/wm_on_top_resumed_gained_called( 2940): [142108620,com.android.music.MusicBrowserActivity,topStateChangedWhenResumed]
04-04 04:39:04.794 I/am_uid_running( 1549): 10032
04-04 04:39:04.800 I/am_proc_start( 1549): [0,6359,10032,com.android.musicfx,broadcast,{com.android.musicfx/com.android.musicfx.ControlPanelReceiver}]
04-04 04:39:04.809 I/am_proc_bound( 1549): [0,6359,com.android.musicfx]
04-04 04:39:04.824 I/notification_enqueue( 1549): [10086,2940,com.android.music,1,NULL,0,Notification(channel=Channel-music shortcut=null contentView=null vibrate=null sound=null defaults=0x0 flags=0x0 color=0x00000000 category=transport actions=5 vis=PRIVATE),0]
04-04 04:39:04.825 I/notification_enqueue( 1549): [10086,2940,com.android.music,1,NULL,0,Notification(channel=Channel-music shortcut=null contentView=null vibrate=null sound=null defaults=0x0 flags=0x40 color=0x00000000 category=transport actions=5 vis=PRIVATE),0]
04-04 04:39:04.837 I/notification_enqueue( 1549): [10086,2940,com.android.music,1,NULL,0,Notification(channel=Channel-music shortcut=null contentView=null vibrate=null sound=null defaults=0x0 flags=0x40 color=0x00000000 category=transport actions=5 vis=PRIVATE),0]
04-04 04:39:04.838 I/notification_enqueue( 1549): [10086,2940,com.android.music,1,NULL,0,Notification(channel=Channel-music shortcut=null contentView=null vibrate=null sound=null defaults=0x0 flags=0x40 color=0x00000000 category=transport actions=5 vis=PRIVATE),0]
04-04 04:39:04.852 I/notification_enqueue( 1549): [10086,2940,com.android.music,1,NULL,0,Notification(channel=Channel-music shortcut=null contentView=null vibrate=null sound=null defaults=0x0 flags=0x40 color=0x00000000 category=transport actions=5 vis=PRIVATE),0]
04-04 04:39:04.852 I/notification_enqueue( 1549): [10086,2940,com.android.music,1,NULL,0,Notification(channel=Channel-music shortcut=null contentView=null vibrate=null sound=null defaults=0x0 flags=0x40 color=0x00000000 category=transport actions=5 vis=PRIVATE),0]
04-04 04:39:04.856 I/input_focus( 1549): [Focus request a84d3d5 com.android.music/com.android.music.MusicBrowserActivity,reason=UpdateInputWindows]
04-04 04:39:04.882 I/sysui_multi_action( 1549): [319,37,321,35,322,177,325,242,757,761,758,8,759,1,806,com.android.music,871,com.android.music.MusicBrowserActivity,904,com.android.launcher3,905,0,1320,4,1321,1]
04-04 04:39:04.882 I/wm_activity_launch_time( 1549): [0,142108620,com.android.music/.MusicBrowserActivity,177]
04-04 04:39:04.885 I/input_focus( 1549): [Focus entering a84d3d5 com.android.music/com.android.music.MusicBrowserActivity (server),reason=setFocusedWindow]
04-04 04:39:05.025 I/sysui_multi_action( 1549): [757,1501,758,1,793,201,794,0,795,201,796,1,806,com.android.music,857,Channel-music,858,2,947,0,1500,0,1641,transport,1688,1,1745,1043716538]
04-04 04:39:05.025 I/sysui_multi_action( 1549): [757,804,799,note_interruptive,801,0,802,1]
04-04 04:39:05.032 I/sysui_multi_action( 1549): [757,128,758,5,759,8,793,232611,794,0,795,232611,796,1,797,empty_media,806,com.android.systemui,857,empty_media_style_id,858,4,946,empty_media,947,0,1500,232381,1641,transport,1688,1,1745,1043716538]
04-04 04:39:05.032 I/notification_canceled( 1549): [0|com.android.systemui|1|empty_media|10078,8,232611,232611,0,-1,-1,NULL]
04-04 04:39:05.269 I/wm_stop_activity( 1549): [0,176059698,com.android.launcher3/.uioverrides.QuickstepLauncher]
04-04 04:39:05.287 I/wm_on_stop_called( 2518): [176059698,com.android.launcher3.uioverrides.QuickstepLauncher,STOP_ACTIVITY_ITEM]
04-04 04:39:05.491 I/auditd ( 0): type=1400 audit(0.0:500): avc: denied { kill } for comm="swapper/0" capability=5 scontext=u:r:kernel:s0 tcontext=u:r:kernel:s0 tclass=capability permissive=0
04-04 04:39:06.196 I/input_interaction( 1549): Interaction with: a84d3d5 com.android.music/com.android.music.MusicBrowserActivity (server), edge-swipe (server), swipe-up (server), PointerEventDispatcher0 (server),
04-04 04:39:06.491 I/auditd ( 0): type=1400 audit(0.0:501): avc: denied { kill } for comm="swapper/0" capability=5 scontext=u:r:kernel:s0 tcontext=u:r:kernel:s0 tclass=capability permissive=0
04-04 04:39:07.408 I/notification_enqueue( 1549): [10086,2940,com.android.music,1,NULL,0,Notification(channel=Channel-music shortcut=null contentView=null vibrate=null sound=null defaults=0x0 flags=0x42 color=0x00000000 category=transport actions=5 vis=PRIVATE),1]
04-04 04:39:07.491 I/auditd ( 0): type=1400 audit(0.0:502): avc: denied { kill } for comm="swapper/0" capability=5 scontext=u:r:kernel:s0 tcontext=u:r:kernel:s0 tclass=capability permissive=0
04-04 04:39:08.284 I/input_interaction( 1549): Interaction with: fa1437c StatusBar (server), edge-swipe (server), swipe-up (server), PointerEventDispatcher0 (server),
04-04 04:39:08.288 I/sysui_multi_action( 1978): [757,803,799,panel_open,802,1]
04-04 04:39:08.290 I/sysui_multi_action( 1978): [757,1328,758,4,1326,52,1327,1,1329,0]
04-04 04:39:08.330 I/sysui_multi_action( 1549): [757,127,758,1]
04-04 04:39:08.331 I/sysui_multi_action( 1549): [757,804,799,note_load,801,2,802,1]
04-04 04:39:08.331 I/notification_panel_revealed( 1549): 2
04-04 04:39:08.346 I/input_focus( 1549): [Focus request 78c9013 NotificationShade,reason=UpdateInputWindows]
04-04 04:39:08.352 I/sysui_multi_action( 1549): [757,128,758,1,793,235307,794,0,795,235307,796,26,798,0,806,android,857,DEVELOPER_IMPORTANT,858,4,947,0,1395,2,1500,235060,1688,1]
04-04 04:39:08.352 I/sysui_multi_action( 1549): [757,804,799,note_freshness,801,235307,802,1]
04-04 04:39:08.352 I/notification_visibility( 1549): [-1|android|26|null|1000,1,235307,235307,0,0]
04-04 04:39:08.353 I/sysui_multi_action( 1549): [757,128,758,1,793,235821,794,0,795,235821,796,32,798,1,806,android,857,USB,858,1,947,0,1395,2,1500,235504,1688,1]
04-04 04:39:08.353 I/sysui_multi_action( 1549): [757,804,799,note_freshness,801,235821,802,1]
04-04 04:39:08.353 I/notification_visibility( 1549): [-1|android|32|null|1000,1,235821,235821,0,1]
04-04 04:39:08.361 I/input_focus( 1549): [Focus leaving a84d3d5 com.android.music/com.android.music.MusicBrowserActivity (server),reason=setFocusedWindow]
04-04 04:39:08.362 I/input_focus( 1549): [Focus entering 78c9013 NotificationShade (server),reason=setFocusedWindow]
04-04 04:39:08.409 I/sysui_multi_action( 1978): [757,111,758,1]
04-04 04:39:08.409 I/sysui_multi_action( 1978): [757,126,758,1,759,126,927,0,928,1,1593,0]
04-04 04:39:08.409 I/sysui_multi_action( 1978): [757,113,758,1,759,113,927,1,928,0,1593,0]
04-04 04:39:08.409 I/sysui_multi_action( 1978): [757,0,758,1,759,0,927,2,928,0,1593,0]
04-04 04:39:08.409 I/sysui_multi_action( 1978): [757,0,758,1,759,0,927,3,928,0,1593,0]
04-04 04:39:08.410 I/sysui_multi_action( 1978): [757,491,758,1,759,491,927,4,928,0,1311,-1,1593,0]
04-04 04:39:08.410 I/sysui_multi_action( 1978): [757,0,758,1,759,0,927,5,928,0,1593,0]
04-04 04:39:08.410 I/sysui_multi_action( 1978): [757,111,758,1]
04-04 04:39:08.410 I/sysui_multi_action( 1978): [757,126,758,1,759,126,927,0,928,1,1593,0]
04-04 04:39:08.410 I/sysui_multi_action( 1978): [757,113,758,1,759,113,927,1,928,0,1593,0]
04-04 04:39:08.410 I/sysui_multi_action( 1978): [757,0,758,1,759,0,927,2,928,0,1593,0]
04-04 04:39:08.410 I/sysui_multi_action( 1978): [757,0,758,1,759,0,927,3,928,0,1593,0]
04-04 04:39:08.491 I/auditd ( 0): type=1400 audit(0.0:503): avc: denied { kill } for comm="swapper/0" capability=5 scontext=u:r:kernel:s0 tcontext=u:r:kernel:s0 tclass=capability permissive=0
04-04 04:39:09.491 I/auditd ( 0): type=1400 audit(0.0:504): avc: denied { kill } for comm="swapper/0" capability=5 scontext=u:r:kernel:s0 tcontext=u:r:kernel:s0 tclass=capability permissive=0
04-04 04:39:10.491 I/auditd ( 0): type=1400 audit(0.0:505): avc: denied { kill } for comm="swapper/0" capability=5 scontext=u:r:kernel:s0 tcontext=u:r:kernel:s0 tclass=capability permissive=0
04-04 04:39:11.012 I/input_interaction( 1549): Interaction with: 78c9013 NotificationShade (server), edge-swipe (server), swipe-up (server), PointerEventDispatcher0 (server),
04-04 04:39:11.453 I/sysui_multi_action( 1978): [757,111,758,2]
04-04 04:39:11.453 I/sysui_multi_action( 1978): [757,111,758,2]
04-04 04:39:11.491 I/auditd ( 0): type=1400 audit(0.0:506): avc: denied { kill } for comm="swapper/1" capability=5 scontext=u:r:kernel:s0 tcontext=u:r:kernel:s0 tclass=capability permissive=0
04-04 04:39:11.542 I/input_focus( 1549): [Focus request a84d3d5 com.android.music/com.android.music.MusicBrowserActivity,reason=UpdateInputWindows]
04-04 04:39:11.544 I/sysui_multi_action( 1549): [757,128,758,2,793,238499,794,3192,795,238499,796,26,798,0,806,android,857,DEVELOPER_IMPORTANT,858,4,947,0,1395,2,1500,238252,1688,1]
04-04 04:39:11.544 I/notification_visibility( 1549): [-1|android|26|null|1000,0,238499,238499,0,0]
04-04 04:39:11.545 I/sysui_multi_action( 1549): [757,128,758,2,793,239013,794,3192,795,239013,796,32,798,1,806,android,857,USB,858,1,947,0,1395,2,1500,238696,1688,1]
04-04 04:39:11.545 I/notification_visibility( 1549): [-1|android|32|null|1000,0,239013,239013,0,1]
04-04 04:39:11.545 I/sysui_multi_action( 1549): [757,127,758,2]
04-04 04:39:11.545 I/notification_panel_hidden( 1549):
04-04 04:39:11.568 I/input_focus( 1549): [Focus leaving 78c9013 NotificationShade (server),reason=NO_WINDOW]
04-04 04:39:11.568 I/input_focus( 1549): [Focus entering a84d3d5 com.android.music/com.android.music.MusicBrowserActivity (server),reason=setFocusedWindow]
04-04 04:39:12.491 I/auditd ( 0): type=1400 audit(0.0:507): avc: denied { kill } for comm="swapper/1" capability=5 scontext=u:r:kernel:s0 tcontext=u:r:kernel:s0 tclass=capability permissive=0
04-04 04:39:13.491 I/auditd ( 0): type=1400 audit(0.0:508): avc: denied { kill } for comm="swapper/1" capability=5 scontext=u:r:kernel:s0 tcontext=u:r:kernel:s0 tclass=capability permissive=0
04-04 04:39:14.491 I/auditd ( 0): type=1400 audit(0.0:509): avc: denied { kill } for comm="swapper/1" capability=5 scontext=u:r:kernel:s0 tcontext=u:r:kernel:s0 tclass=capability permissive=0
04-04 04:39:15.495 I/auditd ( 0): type=1400 audit(0.0:510): avc: denied { kill } for comm="swapper/1" capability=5 scontext=u:r:kernel:s0 tcontext=u:r:kernel:s0 tclass=capability permissive=0
04-04 04:39:16.491 I/auditd ( 0): type=1400 audit(0.0:511): avc: denied { kill } for comm="swapper/1" capability=5 scontext=u:r:kernel:s0 tcontext=u:r:kernel:s0 tclass=capability permissive=0
04-04 04:39:17.495 I/auditd ( 0): type=1400 audit(0.0:512): avc: denied { kill } for comm="swapper/1" capability=5 scontext=u:r:kernel:s0 tcontext=u:r:kernel:s0 tclass=capability permissive=0
04-04 04:39:18.104 I/am_uid_idle( 1549): 10051
04-04 04:39:18.495 I/auditd ( 0): type=1400 audit(0.0:513): avc: denied { kill } for comm="swapper/1" capability=5 scontext=u:r:kernel:s0 tcontext=u:r:kernel:s0 tclass=capability permissive=0
04-04 04:39:19.495 I/auditd ( 0): type=1400 audit(0.0:514): avc: denied { kill } for comm="swapper/1" capability=5 scontext=u:r:kernel:s0 tcontext=u:r:kernel:s0 tclass=capability permissive=0
04-04 04:39:20.491 I/auditd ( 0): type=1400 audit(0.0:515): avc: denied { kill } for comm="swapper/1" capability=5 scontext=u:r:kernel:s0 tcontext=u:r:kernel:s0 tclass=capability permissive=0
04-04 04:39:21.491 I/auditd ( 0): type=1400 audit(0.0:516): avc: denied { kill } for comm="swapper/1" capability=5 scontext=u:r:kernel:s0 tcontext=u:r:kernel:s0 tclass=capability permissive=0
04-04 04:39:22.495 I/auditd ( 0): type=1400 audit(0.0:517): avc: denied { kill } for comm="swapper/1" capability=5 scontext=u:r:kernel:s0 tcontext=u:r:kernel:s0 tclass=capability permissive=0 --------- beginning of main
04-04 04:39:23.132 D/MSF.C.NetConnTag.( 3106): netRecv ssoSeq:17204 uin:*3097 cmd:GCY3BCggPAk8IH49ND4qCTMtMw costTime:30000 SignalStrengths wifi:0 gsm:0 cdma:0 net:2 code:1002 failMsg:wait serverResp timeout
04-04 04:39:23.132 D/MSF.C.NetConnTag.true( 3106): not tag regprxysvc resp seq:17204 by disconn, sockethashcode = 0
04-04 04:39:23.132 I/MSF.C.PushManager( 3106): not need to update lastRecvTimeForSG, isConned:false
04-04 04:39:23.133 I/MSF.S.AppProcessManager( 3106): SendToApp process:com.tencent.mobileqq fromServiceMsg: FromServiceMsg msName:unknown ssoSeq:17204 serviceCmd:RegPrxySvc.infoSync appSeq:282 failCode:1002 cos t =0 needBoot=false to.len = 418 from.len = 0
04-04 04:39:23.134 D/MSF.D.Proxy( 3311): onReceiveResp, fromServiceMsg = RegPrxySvc.infoSync, ssoSeq = 17204, length = 0
04-04 04:39:23.152 D/MSF.C.NetConnTag.true( 3106): preDetectTimeoutMsg cmd:LDE5MTQ8KTM5N34TPywRKCUsIBgzKzEILzIGZg, ssoSeq:17213
04-04 04:39:23.152 D/MSF.C.NetConnTag.true( 3106): preDetectTimeoutMsg cmd:ByYjJzs/IAk8IH4EOB8gLgcwNw, ssoSeq:17215
04-04 04:39:23.152 D/MSF.C.NetConnTag.true( 3106): preDetectTimeoutMsg cmd:ByYjJzs/IAk8IH4EOB8gLgcwNw, ssoSeq:17216
04-04 04:39:23.152 D/MSF.C.NetConnTag.true( 3106): preDetectTimeoutMsg cmd:HSI8OD8sBjUkJTkzCS43dC0mJBc1NiMzLQ, ssoSeq:17217
04-04 04:39:23.152 D/MSF.C.NetConnTag.true( 3106): preDetectTimeoutMsg cmd:BSo0NgkuJnR6O2UxOAcmNScuPzo, ssoSeq:17218
04-04 04:39:23.152 D/MSF.C.NetConnTag.true( 3106): preDetectTimeoutMsg cmd:BSo0NgkuJnR6O2UxOAd3aA, ssoSeq:17219
04-04 04:39:23.152 D/MSF.C.NetConnTag.true( 3106): preDetectTimeoutMsg cmd:BSo0NgkuJnR6O2UxOAd0bw, ssoSeq:17220
04-04 04:39:23.152 D/MSF.C.NetConnTag.true( 3106): preDetectTimeoutMsg cmd:BSo0NgkuJnR6O2UxOAd0bw, ssoSeq:17221
04-04 04:39:23.162 D/MSF.C.NetConnTag.true( 3106): preDetectTimeoutMsg cmd:GjE/MjM0IAkvMSY9OT1rGSImMz8PKCE7PiYCMSs, ssoSeq:17222
04-04 04:39:23.304 I/OpenGLRenderer( 2940): Davey! duration=9223371775731ms; Flags=0, FrameTimelineVsyncId=5095, IntendedVsync=261122440583, Vsync=261122440583, InputEventId=0, HandleInputStart=261123117502, AnimationStart=261123121304, PerformTraversalsStart=261123124013, DrawStart=261124547346, FrameDeadline=261155773915, FrameInterval=261123105575, FrameStartTime=16666666, SyncQueued=261125453075, SyncStart=261125788856, IssueDrawCommandsStart=261126750315, SwapBuffers=261133368440, FrameCompleted=9223372036854775807, DequeueBufferDuration=47083, QueueBufferDuration=1131771, GpuCompleted=9223372036854775807, SwapBuffersCompleted=261135173908, DisplayPresentTime=0,
04-04 04:39:23.408 D/MSF.C.NetConnTag.true( 3106): preDetectTimeoutMsg cmd:BSo0NgkuJnQpLjRkIm4mPg, ssoSeq:17227
04-04 04:39:23.409 D/MSF.C.NetConnTag.true( 3106): preDetectTimeoutMsg cmd:GCY3BCggPAk8IH49ND4qCTMtMw, ssoSeq:17232
04-04 04:39:23.455 I/OpenGLRenderer( 2940): Davey! duration=9223371775581ms; Flags=0, FrameTimelineVsyncId=5098, IntendedVsync=261272805125, Vsync=261272805125, InputEventId=0, HandleInputStart=261273363075, AnimationStart=261273367085, PerformTraversalsStart=261273370419, DrawStart=261274738231, FrameDeadline=261306138457, FrameInterval=261273351304, FrameStartTime=16666666, SyncQueued=261275634012, SyncStart=261275803023, IssueDrawCommandsStart=261277018648, SwapBuffers=261283926304, FrameCompleted=9223372036854775807, DequeueBufferDuration=49792, QueueBufferDuration=1253437, GpuCompleted=9223372036854775807, SwapBuffersCompleted=261286040158, DisplayPresentTime=0,
