04-04 04:39:52.843 D/PlatformConfig( 1213): getInt32 Config name: vidc_perf_control_enable value: 0
04-04 04:39:52.843 D/PlatformConfig( 1213): getInstance: Enter
04-04 04:39:52.843 D/PlatformConfig( 1213): getInt32 Config name: vidc_dec_thumbnail_yuv_output value: 0
04-04 04:39:52.843 D/PlatformConfig( 1213): getInstance: Enter
04-04 04:39:52.843 D/PlatformConfig( 1213): getInt32: Returning default
04-04 04:39:52.843 D/PlatformConfig( 1213): getInstance: Enter
04-04 04:39:52.843 D/PlatformConfig( 1213): getInt32 Config name: vidc_dec_output_rate value: 120
04-04 04:39:52.844 I/OMX-VDEC-1080P( 1213): component_init: OMX.qcom.video.decoder.avc : fd=7
04-04 04:39:52.844 E/OMX-VDEC-1080P( 1213): Unsupported output color format for c2d (2141391876)
04-04 04:39:52.844 E/OMX-VDEC-1080P( 1213): Setting color format failed
11-11 00:11:23.808 I/msm_vidc( 0): high: 00000001: ....d: Opening video instance: 0000000000000000, 1
11-11 00:11:23.808 I/msm_vidc( 0): err : 00000001: ....d: Failed to create debugfs for msm_vidc
04-04 04:39:52.848 D/PlatformConfig( 1213): getInstance: Enter
04-04 04:39:52.848 D/PlatformConfig( 1213): getInt32: Returning default
04-04 04:39:52.848 D/PlatformConfig( 1213): getInstance: Enter
04-04 04:39:52.848 D/PlatformConfig( 1213): getInt32: Returning default
04-04 04:39:52.849 I/OMX-VDEC-1080P( 1213): omx_vdec::component_init() success : fd=7
04-04 04:39:52.862 I/OMX-VDEC-1080P( 1213): omx_vdec::component_deinit() complete
04-04 04:39:52.862 D/ScreenMediaRecorder( 1978): Screen size supported at rate 60
04-04 04:39:52.862 I/OMX-VDEC-1080P( 1213): Exit OMX vdec Destructor: fd=7
11-11 00:11:23.826 I/msm_vidc( 0): high: 00000001: h264d: Closed video instance: 0000000000000000
04-04 04:39:52.864 D/MPEG4Writer( 1201): PreAllocation enabled
04-04 04:39:52.865 D/MediaCodecList( 1201): codecHandlesFormat: no format, so no extra checks
04-04 04:39:52.865 D/MediaCodecList( 1201): codecHandlesFormat: no format, so no extra checks
04-04 04:39:52.865 D/MediaCodecList( 1201): codecHandlesFormat: no format, so no extra checks
04-04 04:39:52.865 D/MediaCodecList( 1201): codecHandlesFormat: no format, so no extra checks
04-04 04:39:52.867 I/OMXClient( 1201): IOmx service obtained
04-04 04:39:52.867 I/OMXMaster( 1213): makeComponentInstance(OMX.qcom.video.encoder.avc) in android.hardwar process
04-04 04:39:52.874 I/android.hardware.media.omx@1.0-service( 1213): vendor/qcom/proprietary/adsprpc/src/rpcmem_android.c:159: rpcmem_init_internal: opened ION device fd 7, configured heap IDs: system (0x2000000), contig (0x400000), secure (0x200), secure flags (0x80080000)
04-04 04:39:52.874 I/android.hardware.media.omx@1.0-service( 1213): vendor/qcom/proprietary/adsprpc/src/fastrpc_apps_user.c:3087: fastrpc_apps_user_init done with default domain:3 and &fastrpc_trace:0xe7eb5c1c
04-04 04:39:52.877 D/PlatformConfig( 1213): getInstance: Enter
04-04 04:39:52.877 D/PlatformConfig( 1213): getInt32 Config name: vidc_perf_control_enable value: 0
04-04 04:39:52.877 D/PlatformConfig( 1213): getInstance: Enter
04-04 04:39:52.877 D/PlatformConfig( 1213): getInt32: Returning default
04-04 04:39:52.877 D/PlatformConfig( 1213): getInstance: Enter
04-04 04:39:52.877 D/PlatformConfig( 1213): getInt32 Config name: vidc_enc_log_in value: 0
04-04 04:39:52.877 D/PlatformConfig( 1213): getInstance: Enter
04-04 04:39:52.877 D/PlatformConfig( 1213): getInt32 Config name: vidc_enc_log_out value: 0
04-04 04:39:52.877 D/PlatformConfig( 1213): getInstance: Enter
04-04 04:39:52.877 D/PlatformConfig( 1213): getInt32 Config name: vidc_enc_csc_custom_matrix value: 0
04-04 04:39:52.877 D/PlatformConfig( 1213): getInstance: Enter
04-04 04:39:52.877 D/PlatformConfig( 1213): getInt32 Config name: vidc_enc_auto_blur_disable value: 0
04-04 04:39:52.877 D/PlatformConfig( 1213): getInstance: Enter
04-04 04:39:52.877 D/PlatformConfig( 1213): getInt32: Returning default
04-04 04:39:52.877 D/PlatformConfig( 1213): getInstance: Enter
04-04 04:39:52.877 D/PlatformConfig( 1213): getInt32 Config name: vidc_enc_linear_color_format value: 0
04-04 04:39:52.877 D/PlatformConfig( 1213): getInstance: Enter
04-04 04:39:52.877 D/PlatformConfig( 1213): getInt32 Config name: vidc_enc_bitrate_savings_enable value: 3
04-04 04:39:52.877 D/PlatformConfig( 1213): getInstance: Enter
04-04 04:39:52.877 D/PlatformConfig( 1213): getInt32 Config name: vidc_enc_quality_boost_enable value: 1
04-04 04:39:52.878 I/OMX-VENC( 1213): Component_init : OMX.qcom.video.encoder.avc : return = 0x0
04-04 04:39:52.879 I/MediaCodec( 1201): MediaCodec will operate in async mode
11-11 00:11:23.841 I/msm_vidc( 0): high: 00000001: ....e: Opening video instance: 0000000000000000, 0
11-11 00:11:23.841 I/msm_vidc( 0): err : 00000001: ....e: Failed to create debugfs for msm_vidc
04-04 04:39:52.886 E/SELinux ( 503): avc: denied { find } for pid=1201 uid=1013 name=package_native scontext=u:r:mediaserver:s0 tcontext=u:object_r:package_native_service:s0 tclass=service_manager permissive=0
04-04 04:39:52.886 I/auditd ( 503): avc: denied { find } for pid=1201 uid=1013 name=package_native scontext=u:r:mediaserver:s0 tcontext=u:object_r:package_native_service:s0 tclass=service_manager permissive=0
04-04 04:39:52.886 E/SELinux ( 503): avc: denied { find } for pid=1201 uid=1013 name=package_native scontext=u:r:mediaserver:s0 tcontext=u:object_r:package_native_service:s0 tclass=service_manager permissive=0
04-04 04:39:52.886 I/auditd ( 503): avc: denied { find } for pid=1201 uid=1013 name=package_native scontext=u:r:mediaserver:s0 tcontext=u:object_r:package_native_service:s0 tclass=service_manager permissive=0
04-04 04:39:52.886 D/CodecSeeding( 1201): Seed: codec OMX.qcom.video.encoder.avc, mediatype video/avc, overrideable 1
04-04 04:39:52.886 D/CodecProperties( 1201): setTuningValue(vq-target-bpp,0)
04-04 04:39:52.886 D/CodecProperties( 1201): setTuningValue(vq-target-bpp-1080p,1.90)
04-04 04:39:52.886 D/CodecProperties( 1201): setTuningValue(vq-target-bpp-720p,2.25)
04-04 04:39:52.886 D/CodecProperties( 1201): setTuningValue(vq-target-bpp-540p,2.65)
04-04 04:39:52.886 D/CodecProperties( 1201): setTuningValue(vq-target-bpp-480p,3.00)
04-04 04:39:52.886 D/CodecProperties( 1201): setTuningValue(vq-target-bpp-320x240,0)
04-04 04:39:52.886 D/CodecProperties( 1201): setTuningValue(vq-target-qpmax,-1)
04-04 04:39:52.887 D/CodecProperties( 1201): setTuningValue(vq-target-qpmax-1080p,45)
04-04 04:39:52.887 D/CodecProperties( 1201): setTuningValue(vq-target-qpmax-720p,43)
04-04 04:39:52.887 D/CodecProperties( 1201): setTuningValue(vq-target-qpmax-540p,42)
04-04 04:39:52.887 D/CodecProperties( 1201): setTuningValue(vq-target-qpmax-480p,38)
04-04 04:39:52.887 D/CodecProperties( 1201): setTuningValue(vq-bitrate-phaseout,1.75)
04-04 04:39:52.887 D/CodecProperties( 1201): setTuningValue(vq-boost-missing-qp,0.20)
04-04 04:39:52.887 D/CodecProperties( 1201): setFeatureValue(_vq_eligible.device,1)
04-04 04:39:52.887 D/CodecProperties( 1201): setFeatureValue(_quality.target,1)
04-04 04:39:52.887 D/CodecSeeding( 1201): Seed: codec OMX.qcom.video.encoder.avc, mediatype video/avc, overrideable 0
04-04 04:39:52.887 D/VQApply ( 1201): minquality: 2380x1020 outside of shaping range
04-04 04:39:52.887 D/MediaCodec( 1201): shapeMediaFormat: deltas(1): AMessage(what = 0x00000000) = {
04-04 04:39:52.887 D/MediaCodec( 1201): int32_t android._encoding-quality-level = 0
04-04 04:39:52.887 D/MediaCodec( 1201): }
04-04 04:39:52.888 I/OMX-VENC: venc_dev( 1213): Native recorder encode session 1
04-04 04:39:52.888 I/OMX-VENC( 1213): WARN: Enable/Disable allocate-native-handle allowed only in secure session
04-04 04:39:52.888 E/OMXNodeInstance( 1213): setParameter(0xe8200014:qcom.encoder.avc, OMX.google.android.index.allocateNativeHandle(0x7f00005d): Input:0 en=0) ERROR: UnsupportedSetting(0x80001019)
04-04 04:39:52.888 I/OMX-VENC( 1213): WARN: Enable/Disable allocate-native-handle allowed only in secure session
04-04 04:39:52.888 E/OMXNodeInstance( 1213): setParameter(0xe8200014:qcom.encoder.avc, OMX.google.android.index.allocateNativeHandle(0x7f00005d): Output:1 en=0) ERROR: UnsupportedSetting(0x80001019)
04-04 04:39:52.888 I/OMX-VENC( 1213): WARN: set_parameter: metamode is valid for input port only
04-04 04:39:52.888 W/OMXNodeInstance( 1213): [0xe8200014:qcom.encoder.avc] component does not support metadata mode; using fallback
04-04 04:39:52.888 I/ExtendedACodec( 1201): setupVideoEncoder()
04-04 04:39:52.889 W/OMXUtils( 1201): do not know color format 0x7fa30c06 = 2141391878
04-04 04:39:52.889 W/OMXUtils( 1201): do not know color format 0x7fa30c04 = 2141391876
04-04 04:39:52.890 W/OMXUtils( 1201): do not know color format 0x7fa30c00 = 2141391872
04-04 04:39:52.890 W/OMXUtils( 1201): do not know color format 0x7fa30c09 = 2141391881
04-04 04:39:52.890 W/OMXUtils( 1201): do not know color format 0x7fa30c0a = 2141391882
04-04 04:39:52.891 W/OMXUtils( 1201): do not know color format 0x7fa30c08 = 2141391880
04-04 04:39:52.891 W/OMXUtils( 1201): do not know color format 0x7fa30c07 = 2141391879
04-04 04:39:52.891 W/OMXUtils( 1201): do not know color format 0x7f000789 = 2130708361
04-04 04:39:52.892 I/OMX-VENC: venc_dev( 1213): WARN: Unsupported eColorFormat 0x7f000789
04-04 04:39:52.892 I/OMX-VENC: venc_dev( 1213): v4l2 profile : 1 flags : 131095
04-04 04:39:52.893 I/OMX-VENC: venc_dev( 1213): v4l2 profile : 0 flags : 131095
04-04 04:39:52.893 I/OMX-VENC: venc_dev( 1213): v4l2 profile : 2 flags : 131095
04-04 04:39:52.893 I/OMX-VENC: venc_dev( 1213): v4l2 profile : 17 flags : 131095
04-04 04:39:52.893 I/OMX-VENC: venc_dev( 1213): v4l2 profile : 4 flags : 131095
04-04 04:39:52.893 I/ACodec ( 1201): setupAVCEncoderParameters with [profile: High] [level: Level3]
04-04 04:39:52.894 I/ACodec ( 1201): [OMX.qcom.video.encoder.avc] cannot encode HDR static metadata. Ignoring.
04-04 04:39:52.894 I/ACodec ( 1201): setupVideoEncoder succeeded
04-04 04:39:52.894 I/ExtendedACodec( 1201): [OMX.qcom.video.encoder.avc] configure, AMessage : AMessage(what = 'conf', target = 14) = {
04-04 04:39:52.894 I/ExtendedACodec( 1201): string mime = "video/avc"
04-04 04:39:52.894 I/ExtendedACodec( 1201): int32_t width = 2380
04-04 04:39:52.894 I/ExtendedACodec( 1201): int32_t height = 1020
04-04 04:39:52.894 I/ExtendedACodec( 1201): int32_t stride = 2380
04-04 04:39:52.894 I/ExtendedACodec( 1201): int32_t slice-height = 1020
04-04 04:39:52.894 I/ExtendedACodec( 1201): int32_t color-format = 2130708361
04-04 04:39:52.894 I/ExtendedACodec( 1201): int32_t bitrate = 29131200
04-04 04:39:52.894 I/ExtendedACodec( 1201): int32_t bitrate-mode = 1
04-04 04:39:52.894 I/ExtendedACodec( 1201): int32_t frame-rate = 60
04-04 04:39:52.894 I/ExtendedACodec( 1201): int32_t i-frame-interval = 1
04-04 04:39:52.894 I/ExtendedACodec( 1201): int32_t vendor.qti-ext-enc-info-native_recording.value = 1
04-04 04:39:52.894 I/ExtendedACodec( 1201): int32_t profile = 8
04-04 04:39:52.894 I/ExtendedACodec( 1201): int32_t level = 256
04-04 04:39:52.894 I/ExtendedACodec( 1201): int32_t priority = 0
04-04 04:39:52.894 I/ExtendedACodec( 1201): int32_t feature-nal-length-bitstream = 1
04-04 04:39:52.894 I/ExtendedACodec( 1201): int32_t nal-length-in-bytes = 4
04-04 04:39:52.894 I/ExtendedACodec( 1201): int32_t vendor.qti-ext-enc-nal-length-bs.num-bytes = 4
04-04 04:39:52.894 I/ExtendedACodec( 1201): int32_t isNativeRecorder = 1
04-04 04:39:52.894 I/ExtendedACodec( 1201): int32_t create-input-buffers-suspended = 1
04-04 04:39:52.894 I/ExtendedACodec( 1201): int32_t android._encoding-quality-level = 0
04-04 04:39:52.894 I/ExtendedACodec( 1201): int32_t flags = 3
04-04 04:39:52.894 I/ExtendedACodec( 1201): int32_t encoder = 1
04-04 04:39:52.894 I/ExtendedACodec( 1201): }
04-04 04:39:52.900 W/OMXUtils( 1201): do not know color format 0x7f000789 = 2130708361
04-04 04:39:52.900 E/OMX-VENC( 1213): ERROR: unsupported index 1870659589
04-04 04:39:52.900 E/OMXNodeInstance( 1213): getConfig(0xe8200014:qcom.encoder.avc, ConfigLatency(0x6f800005)) ERROR: UnsupportedIndex(0x8000101a)
04-04 04:39:52.910 E/OMXNodeInstance( 1213): getConfig(0xe8200014:qcom.encoder.avc, ??(0x7f000062)) ERROR: UnsupportedSetting(0x80001019)
04-04 04:39:52.910 I/OMX-VENC: venc_dev( 1213): venc_get_consumer_usage 0x10000000
04-04 04:39:52.910 D/GraphicBufferSource( 1213): setting dataspace: 0x104, acquired=0
04-04 04:39:52.910 I/OMX-VENC: venc_dev( 1213): venc_get_consumer_usage 0x10000000
04-04 04:39:52.910 D/GraphicBufferSource( 1213): requesting color aspects (R:2(Limited), P:1(BT709_5), M:1(BT709_5), T:3(SMPTE170M))
04-04 04:39:52.911 D/MediaCodec( 1201): keep callback message for reclaim
04-04 04:39:52.918 W/ResourceManagerService( 1201): Ignoring request to add new resource entry with value <= 0
04-04 04:39:52.925 I/DisplayDeviceRepository( 1549): Display device added: DisplayDeviceInfo{"Recording Display": uniqueId="virtual:com.android.systemui,10078,Recording Display,0", 2380 x 1020, modeId 4, defaultModeId 4, supportedModes [{id=4, width=2380, height=1020, fps=60.0, alternativeRefreshRates=[]}], colorMode 0, supportedColorModes [0], hdrCapabilities null, allmSupported false, gameContentTypeSupported false, density 240, 240.0 x 240.0 dpi, appVsyncOff 0, presDeadline 16666666, touch NONE, rotation 0, type VIRTUAL, deviceProductInfo null, state ON, owner com.android.systemui (uid 10078), frameRateOverride , brightnessMinimum 0.0, brightnessMaximum 0.0, brightnessDefault 0.0, FLAG_PRIVATE, FLAG_PRESENTATION}
04-04 04:39:52.926 I/mpu_uart( 645): [MSG-P:R]:recv sync frame timeout
04-04 04:39:52.927 I/LogicalDisplayMapper( 1549): Applying layout: [{addr: {port=129, model=0x40446d3026322d}, dispId: 0(ON)}], Previous layout: [{addr: {port=129, model=0x40446d3026322d}, dispId: 0(ON)}]
04-04 04:39:52.927 I/LogicalDisplayMapper( 1549): Adding new display: 2: DisplayInfo{"Recording Display", displayId 2", displayGroupId -1, FLAG_PRIVATE, FLAG_PRESENTATION, real 2380 x 1020, largest app 2380 x 1020, smallest app 2380 x 1020, appVsyncOff 0, presDeadline 16666666, mode 4, defaultMode 4, modes [{id=4, width=2380, height=1020, fps=60.0, alternativeRefreshRates=[]}], hdrCapabilities null, userDisabledHdrTypes [], minimalPostProcessingSupported false, rotation 0, state ON, type VIRTUAL, uniqueId "virtual:com.android.systemui,10078,Recording Display,0", app 2380 x 1020, density 240 (240.0 x 240.0) dpi, layerStack 2, colorMode 0, supportedColorModes [0], deviceProductInfo null, owner com.android.systemui (uid 10078), removeMode 1, refreshRateOverride 0.0, brightnessMinimum 0.0, brightnessMaximum 0.0, brightnessDefault 0.0}
04-04 04:39:52.927 I/LogicalDisplayMapper( 1549): Setting new display group 0 for display 2, from previous group: null
04-04 04:39:52.928 W/DisplayPowerController[2]( 1549): Screen brightness nits configuration is unavailable; falling back
04-04 04:39:52.931 I/InputDispatcher( 1549): Created monitor PointerEventDispatcher2 for display 2, gesture=false, pid=1549
04-04 04:39:52.936 D/MPEG4Writer( 1978): PreAllocation enabled
04-04 04:39:52.937 D/ScreenAudioRecorder( 1978): creating audio file /data/user_de/0/com.android.systemui/cache/temp6607251465290025606.aac
04-04 04:39:52.938 D/ScreenAudioRecorder( 1978): audio buffer size: 7168
04-04 04:39:52.938 D/audio_hw_utils( 804): audio_extn_utils_compress_get_dsp_latency:: Using Fix DSP delay
04-04 04:39:52.938 D/audio_hw_utils( 804): audio_extn_utils_compress_get_dsp_latency:: delay in ms is 50
04-04 04:39:52.941 V/DisplayPowerController[2]( 1549): Brightness [0.0] reason changing to: 'manual', previous reason: '0'.
04-04 04:39:52.942 I/AudioMixingRule( 1549): Builder setTargetMixType 0
04-04 04:39:52.942 W/DisplayManagerService( 1549): Display DisplayDeviceInfo{"Recording Display": uniqueId="virtual:com.android.systemui,10078,Recording Display,0", 2380 x 1020, modeId 4, defaultModeId 4, supportedModes [{id=4, width=2380, height=1020, fps=60.0, alternativeRefreshRates=[]}], colorMode 0, supportedColorModes [0], hdrCapabilities null, allmSupported false, gameContentTypeSupported false, density 240, 240.0 x 240.0 dpi, appVsyncOff 0, presDeadline 16666666, touch NONE, rotation 0, type VIRTUAL, deviceProductInfo null, state ON, owner com.android.systemui (uid 10078), frameRateOverride , brightnessMinimum 0.0, brightnessMaximum 0.0, brightnessDefault 0.0, FLAG_PRIVATE, FLAG_PRESENTATION} does not support input device matching.
04-04 04:39:52.942 W/DisplayManagerService( 1549): Display DisplayDeviceInfo{"Recording Display": uniqueId="virtual:com.android.systemui,10078,Recording Display,0", 2380 x 1020, modeId 4, defaultModeId 4, supportedModes [{id=4, width=2380, height=1020, fps=60.0, alternativeRefreshRates=[]}], colorMode 0, supportedColorModes [0], hdrCapabilities null, allmSupported false, gameContentTypeSupported false, density 240, 240.0 x 240.0 dpi, appVsyncOff 0, presDeadline 16666666, touch NONE, rotation 0, type VIRTUAL, deviceProductInfo null, state ON, owner com.android.systemui (uid 10078), frameRateOverride , brightnessMinimum 0.0, brightnessMaximum 0.0, brightnessDefault 0.0, FLAG_PRIVATE, FLAG_PRESENTATION} does not support input device matching.
04-04 04:39:52.942 W/PowerManagerService( 1549): Screen on took 95110 ms
04-04 04:39:52.943 D/APM_AudioPolicyMix( 984): registerMix(): adding mix for dev=0x8000 addr=-1416755123:ap:0mixp:0
04-04 04:39:52.945 D/audio_hw_primary( 804): adev_set_parameters: enter: -1416755123:ap:0mixp:0=;connect=-2147483392
04-04 04:39:52.945 D/audio_hw_hfp( 804): hfp_set_parameters: enter
04-04 04:39:52.945 D/audio_hw_extn( 804): audio_extn_fm_set_parameters: Enter
04-04 04:39:52.945 D/sound_trigger_platform( 804): platform_stdev_get_capture_device: Device = 0x80000004
04-04 04:39:52.945 D/sound_trigger_platform( 804): platform_stdev_get_capture_device: Available device = 0x80000004
04-04 04:39:52.945 D/sound_trigger_hw( 804): handle_device_switch: device 0x80000100 Connected
04-04 04:39:52.947 D/r_submix( 804): adev_open_input_stream(addr=-1416755123:ap:0mixp:0)
04-04 04:39:52.947 D/r_submix( 804): submix_audio_device_create_pipe_l(addr=-1416755123:ap:0mixp:0, idx=9)
04-04 04:39:52.947 D/r_submix( 804): now using address -1416755123:ap:0mixp:0 for route 9
04-04 04:39:52.947 I/AudioFlinger( 984): AudioFlinger's thread 0xb4000071bda670a0 tid=6551 ready to run
04-04 04:39:52.948 I/r_submix( 804): in_standby()
04-04 04:39:52.948 I/r_submix( 804): in_standby()
04-04 04:39:52.950 D/r_submix( 804): adev_close_input_stream()
04-04 04:39:52.950 D/r_submix( 804): submix_audio_device_release_pipe_l(idx=9) addr=-1416755123:ap:0mixp:0
04-04 04:39:52.950 D/r_submix( 804): submix_audio_device_destroy_pipe_l(): pipe destroyed
04-04 04:39:52.950 I/AS.AudioService( 1549): registerAudioPolicy for android.os.BinderProxy@a087868 u/pid:10078/1978 with config:reg:-1416755123:ap:0 Mix:0-Typ:p-Rul:3
04-04 04:39:52.951 V/AudioPolicy( 1978): Null context, checking permission via ActivityManager
04-04 04:39:52.951 V/android.media.AudioRecord( 1978): Will record from REMOTE_SUBMIX at full fixed volume
04-04 04:39:52.952 I/Telecom ( 1549): WiredHeadsetManager: ACTION_HEADSET_PLUG event, plugged in: false, : WHC.oADA@ABU
04-04 04:39:52.953 D/PermissionCache( 984): checking android.permission.CAPTURE_AUDIO_OUTPUT for uid=10078 => granted (72 us)
04-04 04:39:52.954 D/APM_AudioPolicyMix( 984): getInputMixForAttr found addr=-1416755123:ap:0mixp:0 dev=0x8000
04-04 04:39:52.954 D/r_submix( 804): adev_open_input_stream(addr=-1416755123:ap:0mixp:0)
04-04 04:39:52.954 D/r_submix( 804): submix_audio_device_create_pipe_l(addr=-1416755123:ap:0mixp:0, idx=9)
04-04 04:39:52.954 D/r_submix( 804): now using address -1416755123:ap:0mixp:0 for route 9
04-04 04:39:52.954 W/ImageReader_JNI( 1549): Unable to acquire a buffer item, very likely client tried to acquire more than maxImages buffers
04-04 04:39:52.954 D/MSF.C.NetConnTag.( 3106): netRecv ssoSeq:17279 uin:*3097 cmd:ByYjJzs/IAk8IH4EOB8gLgcwNw costTime:30000 SignalStrengths wifi:0 gsm:0 cdma:0 net:2 code:1002 failMsg:wait serverResp timeout
04-04 04:39:52.954 I/AudioFlinger( 984): AudioFlinger's thread 0xb4000071bda670a0 tid=6554 ready to run
04-04 04:39:52.954 I/r_submix( 804): in_standby()
04-04 04:39:52.954 I/MSF.C.PushManager( 3106): not need to update lastRecvTimeForSG, isConned:false
04-04 04:39:52.955 I/MSF.S.AppProcessManager( 3106): SendToApp process:com.tencent.mobileqq fromServiceMsg: FromServiceMsg msName:unknown ssoSeq:17279 serviceCmd:MessageSvc.PbGetMsg appSeq:311 failCode:1002 cos t =0 needBoot=false to.len = 58 from.len = 0
04-04 04:39:52.955 I/r_submix( 804): in_standby()
04-04 04:39:52.956 D/MSF.D.Proxy( 3311): onReceiveResp, fromServiceMsg = MessageSvc.PbGetMsg, ssoSeq = 17279, length = 0
04-04 04:39:52.958 D/audio_hw_primary( 804): adev_open_input_stream: enter: sample_rate(48000) channel_mask(0x10) devices(0x80000004) stream_handle(0xf3fc6910) io_handle(94) source(7) format 1
04-04 04:39:52.958 D/audio_hw_primary( 804): io_streams_map_insert: Added stream in io_streams_map with handle 94
04-04 04:39:52.958 E/device_utils( 804): update_device_list: Invalid device: 0
04-04 04:39:52.958 I/AudioFlinger( 984): AudioFlinger's thread 0xb4000071bdbe70e0 tid=6556 ready to run
04-04 04:39:52.958 D/audio_hw_primary( 804): in_standby: enter: stream (0xf3fc6910) usecase(34: audio-record-voip)
04-04 04:39:52.959 D/audio_hw_primary( 804): in_standby: enter: stream (0xf3fc6910) usecase(34: audio-record-voip)
04-04 04:39:52.959 I/EffectsFactory( 804): EffectCreate() create_effect
04-04 04:39:52.960 W/EffectHAL( 804): Effect 0xf3328fd0 command SET_CONFIG returned status: Invalid argument
04-04 04:39:52.960 I/EffectsFactory( 804): EffectCreate() create_effect
04-04 04:39:52.960 W/EffectHAL( 804): Effect 0xf3328fd0 command SET_CONFIG returned status: Invalid argument
04-04 04:39:52.960 W/EffectHAL( 804): Effect 0xf33295b0 command SET_CONFIG returned status: Invalid argument
04-04 04:39:52.961 D/MediaCodecList( 1978): codecHandlesFormat: no format, so no extra checks
04-04 04:39:52.961 D/MediaCodecList( 1978): codecHandlesFormat: no format, so no extra checks
04-04 04:39:52.962 D/CCodec ( 1978): allocate(c2.android.aac.encoder)
04-04 04:39:52.963 I/CCodec ( 1978): setting up 'default' as default (vendor) store
04-04 04:39:52.963 V/C2Store ( 1261): in init
04-04 04:39:52.963 I/WindowManager( 1549): Override config changes=20005df8 {0.0 ?mcc?mnc ?localeList ?layoutDir sw680dp w1586dp h680dp 240dpi lrg long land ?uimode ?night -touch -keyb/v/h -nav/h winConfig={ mBounds=Rect(0, 0 - 2380, 1020) mAppBounds=Rect(0, 0 - 2380, 1020) mMaxBounds=Rect(0, 0 - 2380, 1020) mWindowingMode=fullscreen mDisplayWindowingMode=fullscreen mActivityType=undefined mAlwaysOnTop=undefined mRotation=ROTATION_0} ?fontWeightAdjustment} for displayId=2
04-04 04:39:52.963 V/C2Store ( 1261): loading dll
04-04 04:39:52.963 I/sysui_multi_action( 1549): [757,1659,758,4,759,2,1660,2]
04-04 04:39:52.964 W/DisplayManagerService( 1549): Display DisplayDeviceInfo{"Recording Display": uniqueId="virtual:com.android.systemui,10078,Recording Display,0", 2380 x 1020, modeId 4, defaultModeId 4, supportedModes [{id=4, width=2380, height=1020, fps=60.0, alternativeRefreshRates=[]}], colorMode 0, supportedColorModes [0], hdrCapabilities null, allmSupported false, gameContentTypeSupported false, density 240, 240.0 x 240.0 dpi, appVsyncOff 0, presDeadline 16666666, touch NONE, rotation 0, type VIRTUAL, deviceProductInfo null, state ON, owner com.android.systemui (uid 10078), frameRateOverride , brightnessMinimum 0.0, brightnessMaximum 0.0, brightnessDefault 0.0, FLAG_PRIVATE, FLAG_PRESENTATION} does not support input device matching.
04-04 04:39:52.964 I/CCodec ( 1978): Created component [c2.android.aac.encoder]
04-04 04:39:52.964 D/CCodecConfig( 1978): read media type: audio/mp4a-latm
04-04 04:39:52.965 D/ReflectedParamUpdater( 1978): extent() != 1 for single value type: algo.buffers.max-count.values
04-04 04:39:52.965 D/ReflectedParamUpdater( 1978): extent() != 1 for single value type: output.subscribed-indices.values
04-04 04:39:52.965 D/ReflectedParamUpdater( 1978): extent() != 1 for single value type: input.buffers.allocator-ids.values
04-04 04:39:52.966 D/ReflectedParamUpdater( 1978): extent() != 1 for single value type: output.buffers.allocator-ids.values
04-04 04:39:52.966 I/WindowManager( 1549): Screen frozen for +22ms due to new-config
04-04 04:39:52.966 D/ReflectedParamUpdater( 1978): extent() != 1 for single value type: algo.buffers.allocator-ids.values
04-04 04:39:52.966 D/ReflectedParamUpdater( 1978): extent() != 1 for single value type: output.buffers.pool-ids.values
04-04 04:39:52.966 D/ReflectedParamUpdater( 1978): extent() != 1 for single value type: algo.buffers.pool-ids.values
04-04 04:39:52.966 W/H2BGraphicBufferProducer( 990): getConsumerUsage is not fully supported
04-04 04:39:52.967 I/CCodecConfig( 1978): query failed after returning 9 values (BAD_INDEX)
04-04 04:39:52.967 D/CCodecConfig( 1978): c2 config diff is Dict {
04-04 04:39:52.967 D/CCodecConfig( 1978): c2::u32 coded.bitrate.value = 64000
04-04 04:39:52.967 D/CCodecConfig( 1978): c2::u32 coded.pl.level = 0
04-04 04:39:52.967 D/CCodecConfig( 1978): c2::u32 coded.pl.profile = 8192
04-04 04:39:52.967 D/CCodecConfig( 1978): c2::u32 coding.aac-sbr-mode.value = 3
04-04 04:39:52.967 D/CCodecConfig( 1978): c2::u32 input.buffers.max-size.value = 2048
04-04 04:39:52.967 D/CCodecConfig( 1978): c2::u32 input.delay.value = 0
04-04 04:39:52.967 D/CCodecConfig( 1978): string input.media-type.value = "audio/raw"
04-04 04:39:52.967 D/CCodecConfig( 1978): string output.media-type.value = "audio/mp4a-latm"
04-04 04:39:52.967 D/CCodecConfig( 1978): c2::u32 raw.channel-count.value = 1
04-04 04:39:52.967 D/CCodecConfig( 1978): c2::u32 raw.sample-rate.value = 44100
04-04 04:39:52.967 D/CCodecConfig( 1978): }
04-04 04:39:52.967 I/libdisplayconfigqti( 862): Register client name: Recording Display990 device client: 0xb4000071cfe3f8d0
04-04 04:39:52.967 I/CompositionEngine( 990): Display::setConfiguration: mDisplayExtnIntf: 0xb4000076edc392d0
04-04 04:39:52.972 D/CodecSeeding( 1978): Seed: codec c2.android.aac.encoder, mediatype audio/mp4a-latm, overrideable 1
04-04 04:39:52.972 D/CodecProperties( 1978): setFeatureValue(_vq_eligible.device,1)
04-04 04:39:52.972 D/CodecProperties( 1978): setFeatureValue(_quality.target,1)
04-04 04:39:52.972 D/CodecSeeding( 1978): Seed: codec c2.android.aac.encoder, mediatype audio/mp4a-latm, overrideable 0
04-04 04:39:52.972 D/MediaCodec( 1978): shapeMediaFormat: deltas(0): AMessage(what = 0x00000000) = {
04-04 04:39:52.972 D/MediaCodec( 1978): }
04-04 04:39:52.972 D/CCodec ( 1978): [c2.android.aac.encoder] buffers are bound to CCodec for this session
04-04 04:39:52.972 D/CCodecConfig( 1978): no c2 equivalents for flags
04-04 04:39:52.972 D/CCodecConfig( 1978): no c2 equivalents for encoder
04-04 04:39:52.972 D/CCodecConfig( 1978): c2 config diff is c2::u32 coded.bitrate.value = 196000
04-04 04:39:52.973 W/Codec2Client( 1978): query -- param skipped: index = 1107298332.
04-04 04:39:52.973 D/CCodec ( 1978): setup formats input: AMessage(what = 0x00000000) = {
04-04 04:39:52.973 D/CCodec ( 1978): int32_t sample-rate = 44100
04-04 04:39:52.973 D/CCodec ( 1978): int32_t channel-count = 1
04-04 04:39:52.973 D/CCodec ( 1978): int32_t max-input-size = 2048
04-04 04:39:52.973 D/CCodec ( 1978): string mime = "audio/raw"
04-04 04:39:52.973 D/CCodec ( 1978): int32_t android._config-pcm-encoding = 2
04-04 04:39:52.973 D/CCodec ( 1978): }
04-04 04:39:52.973 D/CCodec ( 1978): setup formats output: AMessage(what = 0x00000000) = {
04-04 04:39:52.973 D/CCodec ( 1978): int32_t sample-rate = 44100
04-04 04:39:52.973 D/CCodec ( 1978): int32_t bitrate = 196000
04-04 04:39:52.973 D/CCodec ( 1978): int32_t channel-count = 1
04-04 04:39:52.973 D/CCodec ( 1978): int32_t level = 0
04-04 04:39:52.973 D/CCodec ( 1978): int32_t max-bitrate = 196000
04-04 04:39:52.973 D/CCodec ( 1978): string mime = "audio/mp4a-latm"
04-04 04:39:52.973 D/CCodec ( 1978): int32_t profile = 2
04-04 04:39:52.973 D/CCodec ( 1978): }
04-04 04:39:52.973 I/CCodecConfig( 1978): query failed after returning 9 values (BAD_INDEX)
04-04 04:39:52.973 W/DisplayManagerService( 1549): Display DisplayDeviceInfo{"Recording Display": uniqueId="virtual:com.android.systemui,10078,Recording Display,0", 2380 x 1020, modeId 4, defaultModeId 4, supportedModes [{id=4, width=2380, height=1020, fps=60.0, alternativeRefreshRates=[]}], colorMode 0, supportedColorModes [0], hdrCapabilities null, allmSupported false, gameContentTypeSupported false, density 240, 240.0 x 240.0 dpi, appVsyncOff 0, presDeadline 16666666, touch NONE, rotation 0, type VIRTUAL, deviceProductInfo null, state ON, owner com.android.systemui (uid 10078), frameRateOverride , brightnessMinimum 0.0, brightnessMaximum 0.0, brightnessDefault 0.0, FLAG_PRIVATE, FLAG_PRESENTATION} does not support input device matching.
04-04 04:39:52.973 I/hwservicemanager( 504): getTransport: Cannot find entry android.hardware.graphics.allocator@4.0::IAllocator/default in either framework or device VINTF manifest.
04-04 04:39:52.974 W/Gralloc4( 1213): allocator 3.x is not supported
04-04 04:39:52.975 D/MPEG4Writer( 1201): fpathconf _PC_FILESIZEBITS:64
04-04 04:39:52.975 D/MPEG4Writer( 1201): MP4WtrCtrlHlpLooper Started
04-04 04:39:52.975 I/MPEG4Writer( 1201): limits: 5000000000/3600000000 bytes/us, bit rate: 29131200 bps and the estimated moov size 405120 bytes
04-04 04:39:52.976 I/MediaCodecSource( 1201): MediaCodecSource (video) starting
04-04 04:39:52.976 W/MediaCodec( 1201): mapFormat: no mediaType information
04-04 04:39:52.977 I/MediaCodecSource( 1201): MediaCodecSource (video) started
04-04 04:39:52.978 D/GraphicBufferSource( 1213): got buffer with new dataSpace #104
04-04 04:39:52.978 I/OMX-VENC( 1213): get_config (dataspace changed): ColorSpace: Recommend 601 for RGBA8888
04-04 04:39:52.978 D/OMXNodeInstance( 1213): Codec resolved it to (R:2(??), P:3(??), M:3(??), T:3(??)) err=0(NO_ERROR)
04-04 04:39:52.978 E/OMXNodeInstance( 1213): setConfig(0xe8200014:qcom.encoder.avc, ??(0x7f000062)) ERROR: UnsupportedSetting(0x80001019)
04-04 04:39:52.978 D/ACodec ( 1201): dataspace changed to 0x10c10000 (R:2(Limited), P:3(BT601_6_625), M:3(BT601_6), T:3(SMPTE170M)) (R:2(Limited), S:2(BT601_625), T:3(SMPTE_170M))
04-04 04:39:52.980 W/C2DColorConvert( 1213): calcYSize: Format not supported , 6
04-04 04:39:52.985 D/audio_hw_primary( 804): adev_set_parameters: enter: -1416755123:ap:0mixp:0=;connect=32768
04-04 04:39:52.985 D/audio_hw_hfp( 804): hfp_set_parameters: enter
04-04 04:39:52.985 D/audio_hw_extn( 804): audio_extn_fm_set_parameters: Enter
04-04 04:39:52.989 I/AudioFlinger( 984): openOutput() this 0xb40000705d709040, module 34 Device type:0x8000,@:-1416755123:ap:0mixp:0, SamplingRate 44100, Format 0x000001, Channels 0x3, flags 0
04-04 04:39:52.989 D/r_submix( 804): adev_open_output_stream(address=-1416755123:ap:0mixp:0)
04-04 04:39:52.989 D/r_submix( 804): submix_audio_device_create_pipe_l(addr=-1416755123:ap:0mixp:0, idx=9)
04-04 04:39:52.989 D/r_submix( 804): now using address -1416755123:ap:0mixp:0 for route 9
04-04 04:39:52.990 I/AudioFlinger( 984): HAL output buffer size 1024 frames, normal sink buffer size 1024 frames
04-04 04:39:52.991 D/AudioFlinger( 984): Failed to add event callback
04-04 04:39:52.992 I/AudioFlinger( 984): AudioFlinger's thread 0xb4000071bdc470f0 tid=6564 ready to run
04-04 04:39:52.993 D/AudioFlinger( 984): ro.audio.silent is ignored since no output device is set
04-04 04:39:52.993 I/r_submix( 804): out_standby()
04-04 04:39:52.994 D/AudioFlinger( 984): ro.audio.silent is ignored since no output device is set
04-04 04:39:53.001 I/MPEG4Writer( 1201): setStartTimestampUs: 2521
04-04 04:39:53.001 I/MPEG4Writer( 1201): Earliest track starting time: 2521
04-04 04:39:53.046 D/AudioFlinger( 984): ro.audio.silent will be ignored for threads on AUDIO_DEVICE_OUT_REMOTE_SUBMIX
04-04 04:39:53.059 D/audio_hw_primary( 804): adev_get_parameters:-1416755123:ap:0mixp:0;routing=32768;supEncapsulationMetadataTypes;supEncapsulationModes
04-04 04:39:53.059 D/audio_hw_spkr_prot( 804): fbsp_get_parameters: Speaker protection disabled
04-04 04:39:53.059 D/soundtrigger( 804): audio_extn_sound_trigger_get_parameters input string
04-04 04:39:53.059 D/soundtrigger( 804): extract_sm_handle input string param string
04-04 04:39:53.059 D/audio_hw_extn( 804): audio_extn_fm_get_parameters: Enter
04-04 04:39:53.059 D/audio_hw_extn( 804): audio_extn_get_parameters: returns
04-04 04:39:53.060 D/audio_hw_primary( 804): adev_get_parameters: exit: returns -
04-04 04:39:53.060 I/hash_map_utils( 984): system/bt/osi/src/hash_map_utils.cc:81 hash_map_utils_dump_string_keys_string_values: key: 'supEncapsulationModes' value: ''
04-04 04:39:53.060 I/hash_map_utils( 984): system/bt/osi/src/hash_map_utils.cc:81 hash_map_utils_dump_string_keys_string_values: key: 'supEncapsulationMetadataTypes' value: ''
04-04 04:39:53.060 I/hash_map_utils( 984): system/bt/osi/src/hash_map_utils.cc:81 hash_map_utils_dump_string_keys_string_values: key: 'routing' value: '32768'
04-04 04:39:53.060 I/hash_map_utils( 984): system/bt/osi/src/hash_map_utils.cc:81 hash_map_utils_dump_string_keys_string_values: key: '-1416755123:ap:0mixp:0' value: ''
04-04 04:39:53.067 D/AudioFlinger( 984): updateSecondaryOutputs trackId: 32
04-04 04:39:53.068 D/AF::TrackHandle( 984): OpPlayAudio: not muting track:59 usage:0 for service UID 1041
04-04 04:39:53.068 W/AudioFlinger( 984): isTrackAllowed_l: invalid format: 0x1000000
04-04 04:39:53.068 E/AF::Track( 984): Track(59): no more tracks available --------- beginning of crash
04-04 04:39:53.069 F/libc ( 984): Fatal signal 11 (SIGSEGV), code 1 (SEGV_MAPERR), fault addr 0x38 in tid 2143 (Binder:984_7), pid 984 (audioserver)
04-04 04:39:53.085 W/Settings( 3106): Setting airplane_mode_on has moved from android.provider.Settings.System to android.provider.Settings.Global, returning read-only value.
04-04 04:39:53.086 W/Settings( 3106): Setting airplane_mode_on has moved from android.provider.Settings.System to android.provider.Settings.Global, returning read-only value.
04-04 04:39:53.087 W/Settings( 3106): Setting airplane_mode_on has moved from android.provider.Settings.System to android.provider.Settings.Global, returning read-only value.
04-04 04:39:53.088 W/Settings( 3106): Setting airplane_mode_on has moved from android.provider.Settings.System to android.provider.Settings.Global, returning read-only value.
04-04 04:39:53.088 W/Settings( 3106): Setting airplane_mode_on has moved from android.provider.Settings.System to android.provider.Settings.Global, returning read-only value.
04-04 04:39:53.089 W/Settings( 3106): Setting airplane_mode_on has moved from android.provider.Settings.System to android.provider.Settings.Global, returning read-only value.
04-04 04:39:53.089 W/Settings( 3106): Setting airplane_mode_on has moved from android.provider.Settings.System to android.provider.Settings.Global, returning read-only value.
04-04 04:39:53.090 W/Settings( 3106): Setting airplane_mode_on has moved from android.provider.Settings.System to android.provider.Settings.Global, returning read-only value.
04-04 04:39:53.113 I/crash_dump64( 6567): obtaining output fd from tombstoned, type: kDebuggerdTombstoneProto
04-04 04:39:53.113 I/tombstoned( 626): received crash request for pid 2143
04-04 04:39:53.114 I/crash_dump64( 6567): performing dump of process 984 (target tid = 2143)
04-04 04:39:53.125 E/DEBUG ( 6567): failed to read /proc/uptime: Permission denied
04-04 04:39:53.199 D/MSF.C.NetConnTag.true( 3106): preDetectTimeoutMsg cmd:ByYjJzs/IAk8IH4EOB8gLgcwNw, ssoSeq:17315
04-04 04:39:53.200 D/MSF.C.NetConnTag.true( 3106): preDetectTimeoutMsg cmd:ByYjJzs/IAk8IH4EOB8gLgcwNw, ssoSeq:17316
04-04 04:39:53.211 F/DEBUG ( 6567): *** *** *** *** *** *** *** *** *** *** *** *** *** *** *** ***
04-04 04:39:53.211 F/DEBUG ( 6567): Build fingerprint: 'TC/figure_CN/figure:12/SKQ1.220201.001/2726:user/test-keys'
04-04 04:39:53.211 F/DEBUG ( 6567): Revision: '0'
04-04 04:39:53.211 F/DEBUG ( 6567): ABI: 'arm64'
04-04 04:39:53.211 F/DEBUG ( 6567): Timestamp: 2023-04-04 04:39:53.124565517+0800
04-04 04:39:53.211 F/DEBUG ( 6567): Process uptime: 0s
04-04 04:39:53.211 F/DEBUG ( 6567): Cmdline: /system/bin/audioserver
04-04 04:39:53.211 F/DEBUG ( 6567): pid: 984, tid: 2143, name: Binder:984_7 >>> /system/bin/audioserver <<<
04-04 04:39:53.211 F/DEBUG ( 6567): uid: 1041
04-04 04:39:53.211 F/DEBUG ( 6567): signal 11 (SIGSEGV), code 1 (SEGV_MAPERR), fault addr 0x38
04-04 04:39:53.211 F/DEBUG ( 6567): Cause: null pointer dereference
04-04 04:39:53.211 F/DEBUG ( 6567): x0 0000000000020000 x1 0200006f6d73c200 x2 0000000000000030 x3 0000000000000010
04-04 04:39:53.211 F/DEBUG ( 6567): x4 0200006f6d73c220 x5 0000000000000001 x6 0000000000000001 x7 7f7f7f7f7f7f7f7f
04-04 04:39:53.211 F/DEBUG ( 6567): x8 0000000000000001 x9 00000072639b1c68 x10 00000072639b1c58 x11 0000000000000038
04-04 04:39:53.211 F/DEBUG ( 6567): x12 0000ffff00000eff x13 00000000bf8676e6 x14 0000006f186040d8 x15 0000000034155555
04-04 04:39:53.211 F/DEBUG ( 6567): x16 00000072639b4268 x17 000000725f761b78 x18 0000006f18454000 x19 b400006fed706a10
04-04 04:39:53.211 F/DEBUG ( 6567): x20 0000000000019168 x21 0000000000000001 x22 b40000716d70f010 x23 0000000000000000
04-04 04:39:53.211 F/DEBUG ( 6567): x24 0000000000000001 x25 0000000000000001 x26 000000726ab45950 x27 000000726ab3e408
04-04 04:39:53.211 F/DEBUG ( 6567): x28 000000726ab3e470 x29 0000006f18604680
04-04 04:39:53.211 F/DEBUG ( 6567): lr 0000007263989adc sp 0000006f18604680 pc 0000007263989b18 pst 0000000020001000
04-04 04:39:53.211 F/DEBUG ( 6567): backtrace:
04-04 04:39:53.211 F/DEBUG ( 6567): #00 pc 0000000000097b18 /system/lib64/libaudioclient.so (android::ClientProxy::ClientProxy(android::audio_track_cblk_t*, void*, unsigned long, unsigned long, bool, bool)+148) (BuildId: 7e2fd052f094400631569a2bbd95426f)
04-04 04:39:53.211 F/DEBUG ( 6567): #01 pc 00000000000fc99c /system/lib64/libaudioflinger.so (android::AudioFlinger::PlaybackThread::PatchTrack::PatchTrack(android::AudioFlinger::PlaybackThread*, audio_stream_type_t, unsigned int, audio_channel_mask_t, audio_format_t, unsigned long, void*, unsigned long, audio_output_flags_t, std::__1::optional > > const&, unsigned long)+348) (BuildId: b6821e1ab8fad11dae507769971d7435)
04-04 04:39:53.211 F/DEBUG ( 6567): #02 pc 0000000000048e68 /system/lib64/libaudioflinger.so (android::AudioFlinger::updateSecondaryOutputsForTrack_l(android::AudioFlinger::PlaybackThread::Track*, android::AudioFlinger::PlaybackThread*, std::__1::vector > const&) const+2068) (BuildId: b6821e1ab8fad11dae507769971d7435)
04-04 04:39:53.211 F/DEBUG ( 6567): #03 pc 000000000004535c /system/lib64/libaudioflinger.so (android::AudioFlinger::updateSecondaryOutputs(std::__1::map >, std::__1::less, std::__1::allocator > > > > const&)+768) (BuildId: b6821e1ab8fad11dae507769971d7435)
04-04 04:39:53.211 F/DEBUG ( 6567): #04 pc 00000000000a9b14 /system/lib64/libaudioclient.so (android::AudioFlingerServerAdapter::updateSecondaryOutputs(std::__1::vector > const&)+280) (BuildId: 7e2fd052f094400631569a2bbd95426f)
04-04 04:39:53.211 F/DEBUG ( 6567): #05 pc 00000000000a4100 /system/lib64/libaudioclient.so (android::AudioFlingerClientAdapter::updateSecondaryOutputs(std::__1::map >, std::__1::less, std::__1::allocator > > > > const&)+268) (BuildId: 7e2fd052f094400631569a2bbd95426f)
04-04 04:39:53.211 F/DEBUG ( 6567): #06 pc 0000000000019a10 /system/lib64/libaudiopolicyservice.so (android::AudioPolicyService::AudioPolicyClient::updateSecondaryOutputs(std::__1::map >, std::__1::less, std::__1::allocator > > > > const&)+100) (BuildId: 632dde50a5016338c25866ba06dd6350)
04-04 04:39:53.211 F/DEBUG ( 6567): #07 pc 00000000000619f8 /system/lib64/libaudiopolicymanagerdefault.so (android::AudioPolicyManager::checkSecondaryOutputs()+3072) (BuildId: 6384bfe53c4b0b0417e0ea9120ea1187)
04-04 04:39:53.211 F/DEBUG ( 6567): #08 pc 000000000003c4c4 /system/lib64/libaudiopolicymanagerdefault.so (android::AudioPolicyManager::checkForDeviceAndOutputChanges(std::__1::function)+108) (BuildId: 6384bfe53c4b0b0417e0ea9120ea1187)
04-04 04:39:53.211 F/DEBUG ( 6567): #09 pc 00000000000372ec /system/lib64/libaudiopolicymanagerdefault.so (android::AudioPolicyManager::setDeviceConnectionStateInt(android::sp const&, audio_policy_dev_state_t)+2816) (BuildId: 6384bfe53c4b0b0417e0ea9120ea1187)
04-04 04:39:53.211 F/DEBUG ( 6567): #10 pc 00000000000365dc /system/lib64/libaudiopolicymanagerdefault.so (android::AudioPolicyManager::setDeviceConnectionStateInt(audio_devices_t, audio_policy_dev_state_t, char const*, char const*, audio_format_t)+288) (BuildId: 6384bfe53c4b0b0417e0ea9120ea1187)
04-04 04:39:53.211 F/DEBUG ( 6567): #11 pc 000000000007275c /system/lib64/libaudiopolicymanagerdefault.so (android::AudioPolicyManager::startInput(int)+1408) (BuildId: 6384bfe53c4b0b0417e0ea9120ea1187)
04-04 04:39:53.211 F/DEBUG ( 6567): #12 pc 000000000002a5bc /system/lib64/libaudiopolicyservice.so (android::AudioPolicyService::startInput(int)+1036) (BuildId: 632dde50a5016338c25866ba06dd6350)
04-04 04:39:53.211 F/DEBUG ( 6567): #13 pc 000000000006a678 /system/lib64/libaudioclient.so (android::AudioSystem::startInput(int) (.cfi)+152) (BuildId: 7e2fd052f094400631569a2bbd95426f)
04-04 04:39:53.211 F/DEBUG ( 6567): #14 pc 00000000000dc074 /system/lib64/libaudioflinger.so (android::AudioFlinger::RecordThread::start(android::AudioFlinger::RecordThread::RecordTrack*, android::AudioSystem::sync_event_t, audio_session_t)+2352) (BuildId: b6821e1ab8fad11dae507769971d7435)
04-04 04:39:53.211 F/DEBUG ( 6567): #15 pc 0000000000100098 /system/lib64/libaudioflinger.so (android::AudioFlinger::RecordThread::RecordTrack::start(android::AudioSystem::sync_event_t, audio_session_t)+128) (BuildId: b6821e1ab8fad11dae507769971d7435)
04-04 04:39:53.211 F/DEBUG ( 6567): #16 pc 00000000000fdcc4 /system/lib64/libaudioflinger.so (android::AudioFlinger::RecordHandle::start(int, int)+84) (BuildId: b6821e1ab8fad11dae507769971d7435)
04-04 04:39:53.211 F/DEBUG ( 6567): #17 pc 000000000002de60 /system/lib64/audioflinger-aidl-cpp.so (android::media::BnAudioRecord::onTransact(unsigned int, android::Parcel const&, android::Parcel*, unsigned int)+260) (BuildId: bce0998ec57d0f985a1760a1875903ef)
04-04 04:39:53.211 F/DEBUG ( 6567): #18 pc 0000000000049880 /system/lib64/libbinder.so (android::BBinder::transact(unsigned int, android::Parcel const&, android::Parcel*, unsigned int)+252) (BuildId: 07bc4d4147790b1e0ac44f7625168f4a)
04-04 04:39:53.211 F/DEBUG ( 6567): #19 pc 00000000000538cc /system/lib64/libbinder.so (android::IPCThreadState::executeCommand(int)+1048) (BuildId: 07bc4d4147790b1e0ac44f7625168f4a)
04-04 04:39:53.211 F/DEBUG ( 6567): #20 pc 00000000000533e8 /system/lib64/libbinder.so (android::IPCThreadState::getAndExecuteCommand()+164) (BuildId: 07bc4d4147790b1e0ac44f7625168f4a)
04-04 04:39:53.211 F/DEBUG ( 6567): #21 pc 0000000000053c98 /system/lib64/libbinder.so (android::IPCThreadState::joinThreadPool(bool)+72) (BuildId: 07bc4d4147790b1e0ac44f7625168f4a)
04-04 04:39:53.211 F/DEBUG ( 6567): #22 pc 0000000000080484 /system/lib64/libbinder.so (android::PoolThread::threadLoop()+28) (BuildId: 07bc4d4147790b1e0ac44f7625168f4a)
04-04 04:39:53.211 F/DEBUG ( 6567): #23 pc 000000000001358c /system/lib64/libutils.so (android::Thread::_threadLoop(void*)+264) (BuildId: b940f836006eead456c936e97e64d2d4)
04-04 04:39:53.211 F/DEBUG ( 6567): #24 pc 0000000000012de8 /system/lib64/libutils.so (thread_data_t::trampoline(thread_data_t const*)+408) (BuildId: b940f836006eead456c936e97e64d2d4)
04-04 04:39:53.211 F/DEBUG ( 6567): #25 pc 00000000000b6a24 /apex/com.android.runtime/lib64/bionic/libc.so (__pthread_start(void*)+264) (BuildId: 369edc656806aeaf384cbeb8f7a347af)
04-04 04:39:53.211 F/DEBUG ( 6567): #26 pc 00000000000532bc /apex/com.android.runtime/lib64/bionic/libc.so (__start_thread+68) (BuildId: 369edc656806aeaf384cbeb8f7a347af)
04-04 04:39:53.216 W/NativeCrashListener( 1549): Couldn't find ProcessRecord for pid 984
04-04 04:39:53.216 E/crash_dump64( 6567): AM data write failed: Broken pipe
04-04 04:39:53.217 D/audio_hw_primary( 804): copl(0xf1b0a7e0):out of compress_wait
04-04 04:39:53.218 E/tombstoned( 626): Tombstone written to: tombstone_04
04-04 04:39:53.222 I/BootReceiver( 1549): Copying /data/tombstones/tombstone_04 to DropBox (SYSTEM_TOMBSTONE)
04-04 04:39:53.222 I/DropBoxManagerService( 1549): add tag=SYSTEM_TOMBSTONE isTagEnabled=true flags=0x6
11-11 00:11:24.183 I/init ( 0): Untracked pid 6567 exited with status 0
04-04 04:39:53.228 I/dropbox_file_copy( 1549): [/data/tombstones/tombstone_04,65536,SYSTEM_TOMBSTONE]
04-04 04:39:53.231 I/commit_sys_config_file( 1549): [log-files,281471]
04-04 04:39:53.232 E/NativeTombstoneManager( 1549): Tombstone's UID (1041) not an app, ignoring
04-04 04:39:53.233 I/DropBoxManagerService( 1549): add tag=SYSTEM_TOMBSTONE_PROTO isTagEnabled=true flags=0x4
11-11 00:11:24.199 I/init ( 0): Service 'audioserver' (pid 984) received signal 11
11-11 00:11:24.199 I/init ( 0): Sending signal 9 to service 'audioserver' (pid 984) process group...
04-04 04:39:53.235 D/audio_hw_primary( 804): adev_close_output_stream: enter:stream_handle(incall_music_uplink)
04-04 04:39:53.235 D/audio_hw_primary( 804): io_streams_map_remove: Removed stream with handle 77
04-04 04:39:53.235 D/audio_hw_primary( 804): out_standby: enter: stream (0xf1b0eb00) usecase(50: incall_music_uplink)
04-04 04:39:53.235 D/audio_hw_primary( 804): out_standby: exit
04-04 04:39:53.235 D/audio_hw_primary( 804): adev_close_input_stream: enter:stream_handle(0xf3fc6910)
04-04 04:39:53.235 D/audio_hw_primary( 804): adev_close_output_stream: enter:stream_handle(compress-offload-playback)
04-04 04:39:53.235 D/audio_hw_primary( 804): io_streams_map_remove: Removed stream with handle 94
04-04 04:39:53.236 D/audio_hw_primary( 804): io_streams_map_remove: Removed stream with handle 85
04-04 04:39:53.236 D/audio_hw_primary( 804): out_standby: enter: stream (0xf1b0a7e0) usecase(3: compress-offload-playback)
04-04 04:39:53.236 D/soundtrigger( 804): audio_extn_sound_trigger_check_ec_ref_enable: EC Reference is disabled
11-11 00:11:24.200 I/binder ( 0): release 984:1791 transaction 119912 in, still active
04-04 04:39:53.236 D/sound_trigger_hw( 804): handle_audio_ec_ref_enabled: Enter
04-04 04:39:53.236 D/sound_trigger_hw( 804): handle_audio_ec_ref_enabled: Exit audio ec ref=0
04-04 04:39:53.236 D/soundtrigger( 804): audio_extn_sound_trigger_update_ec_ref_status: update audio echo ref status false
04-04 04:39:53.236 D/audio_hw_primary( 804): in_standby: enter: stream (0xf3fc6910) usecase(34: audio-record-voip)
04-04 04:39:53.236 D/audio_hw_primary( 804): adev_close_output_stream: enter:stream_handle(low-latency-playback)
04-04 04:39:53.236 D/msm8974_platform( 804): platform_split_snd_device: snd_device(2) num devices(1) new_snd_devices(0)
04-04 04:39:53.236 D/ACDB-LOADER( 804): ACDB -> send_audvoltable
04-04 04:39:53.236 D/ACDB-LOADER( 804): ACDB -> ACDB_CMD_GET_AUDPROC_INSTANCE_GAIN_DEP_STEP_TABLE_SIZE
04-04 04:39:53.236 W/AudioRecord( 1978): restoreRecord_l(39): dead IAudioRecord, creating a new one from start()
04-04 04:39:53.236 D/ACDB-LOADER( 804): ACDB -> ACDB_CMD_GET_AUDPROC_INSTANCE_GAIN_DEP_STEP_TABLE, vol index 0
04-04 04:39:53.236 D/ACDB-LOADER( 804): ACDB -> AUDIO_SET_VOL_CAL cal type = 40
04-04 04:39:53.236 W/AudioSystem( 1201): AudioFlinger server died!
04-04 04:39:53.236 W/AudioSystem( 1201): AudioPolicyService server died!
04-04 04:39:53.236 E/AudioSystem-JNI( 1549): AudioSystem::listAudioPorts error -32
04-04 04:39:53.236 E/AudioSystem-JNI( 2940): Command failed for android_media_AudioSystem_error_callback: -32
04-04 04:39:53.236 W/AudioManager( 1549): updateAudioPortCache: listAudioPorts failed
04-04 04:39:53.236 W/AudioSystem( 2940): AudioFlinger server died!
04-04 04:39:53.236 E/AudioRecord( 1978): createRecord_l(39): AudioFlinger could not create record track, status: -32
04-04 04:39:53.236 W/AudioRecord( 1978): restoreRecord_l(39): failed status -32, retries 3
04-04 04:39:53.236 E/AudioRecordingConfiguration( 1549): Error retrieving list of audio patches
11-11 00:11:24.200 I/binder ( 0): send failed reply for transaction 119912 to 1549:2131
11-11 00:11:24.200 I/binder ( 0): release 984:2143 transaction 119851 in, still active
11-11 00:11:24.200 I/binder ( 0): send failed reply for transaction 119851 to 1978:1978
11-11 00:11:24.200 E/q6asm_callback( 0): cmd = 0x10bce returned error = 0xa
11-11 00:11:24.200 E/__q6asm_cmd( 0): DSP returned error[ADSP_ENOTREADY] opcode 68558
11-11 00:11:24.200 I/binder ( 0): 1978:1978 transaction failed 29189/-22, size 352-8 line 3071
11-11 00:11:24.202 I/afe_close( 0): port_id = 0x9000
04-04 04:39:53.236 E/AudioSystem-JNI( 1549): Command failed for android_media_AudioSystem_error_callback: -32
04-04 04:39:53.236 W/AudioTrack( 1201): restoreTrack_l(32): dead IAudioTrack, Offloaded or Direct, creating a new one from obtainBuffer()
04-04 04:39:53.236 W/AudioSystem( 1549): AudioFlinger server died!
04-04 04:39:53.237 W/AudioSystem( 2940): AudioPolicyService server died!
04-04 04:39:53.237 I/AudioService.RecordingActivityMonitor( 1549): rec update riid:87 uid:10078 session:65 src:REMOTE_SUBMIX not silenced pack:com.android.systemui
04-04 04:39:53.237 E/AudioSystem-JNI( 1978): Command failed for android_media_AudioSystem_error_callback: -32
04-04 04:39:53.237 W/AudioSystem( 1978): AudioFlinger server died!
04-04 04:39:53.237 E/AppOps ( 1549): Operation not started: uid=10078 pkg=com.android.systemui(null) op=RECORD_AUDIO
04-04 04:39:53.238 D/audio_hw_primary( 804): io_streams_map_remove: Removed stream with handle 13
04-04 04:39:53.238 D/r_submix( 804): adev_close_output_stream() addr = -1416755123:ap:0mixp:0
04-04 04:39:53.238 D/r_submix( 804): adev_close_input_stream()
04-04 04:39:53.238 D/r_submix( 804): submix_audio_device_release_pipe_l(idx=9) addr=-1416755123:ap:0mixp:0
04-04 04:39:53.238 D/audio_hw_primary( 804): copl(0xf1b0a7e0):standby
