04-04 04:40:03.008 D/MSF.C.SsoListManager( 3106): getAvailableSsoList ssoTypeKey = SocketWifiIpv4, curr size null
04-04 04:40:03.008 D/MSF.C.SsoListManager( 3106): getAvailableSsoList ssoTypeKey = SocketMobileIpv4, curr size null
04-04 04:40:03.008 D/MSF.C.NetConnTag.true( 3106): mainSocketEngineOpenConn try single conn wifiSsoList=10, mobileSsoList=6
04-04 04:40:03.008 D/MSF.C.NetConnTag.true( 3106): [setMainSocketEngineId] mainConnID: 0
04-04 04:40:03.009 D/PandoraEx.MonitorReporter( 3106): module[network], systemApi[NI#G_TY_NAME], scene[back], strategy[normal], isSystemCall[true
04-04 04:40:03.009 D/PandoraEx.MonitorReporter( 3106): module[network], systemApi[NI#G_TY_NAME], scene[back], strategy[normal], isSystemCall[true
04-04 04:40:03.009 I/MSF.D.NetworkProvider( 3106): refresh currentAPN:. received networkInfo: CONNECTED :NetworkInfo: type: WIFI[], state: CONNECTED/CONNECTED, reason: (unspecified), extra: , roaming: false, failover: false, isAvailable: true, isConnectedToProvisioningNetwork: true. ExtraNetInfo: null
04-04 04:40:03.011 W/Settings( 3106): Setting airplane_mode_on has moved from android.provider.Settings.System to android.provider.Settings.Global, returning read-only value.
04-04 04:40:03.012 D/PandoraEx.MonitorReporter( 3106): module[network], systemApi[NI#G_TY_NAME], scene[back], strategy[normal], isSystemCall[true
04-04 04:40:03.013 D/PandoraEx.MonitorReporter( 3106): module[network], systemApi[NI#G_TY_NAME], scene[back], strategy[normal], isSystemCall[true
04-04 04:40:03.013 I/MSF.D.NetworkProvider( 3106): refresh currentAPN:. received networkInfo: CONNECTED :NetworkInfo: type: WIFI[], state: CONNECTED/CONNECTED, reason: (unspecified), extra: , roaming: false, failover: false, isAvailable: true, isConnectedToProvisioningNetwork: true. ExtraNetInfo: null
04-04 04:40:03.021 D/MSF.C.NetConnTag.true( 3106): try open Conn OSwzPz8sf3VlLiMyLTEjM2RwN3orKWs5JS5qbGpgdXl6c2BkamJ1YHt5YmRgPiQ2OSZqOi80KWAkNjw4YGl/Ljg2NW5q noneProxy net:2 cross:0 protocalsocket
04-04 04:40:03.022 E/MSF.C.NetConnTag.true( 3106): [openConn] socket has built, socketEngineID: 0socket: 177844239java.lang.Throwable
04-04 04:40:03.022 E/MSF.C.NetConnTag.true( 3106): at com.tencent.mobileqq.msf.core.net.m.a(P:44)
04-04 04:40:03.022 E/MSF.C.NetConnTag.true( 3106): at com.tencent.mobileqq.msf.core.net.n.a(P:218)
04-04 04:40:03.022 E/MSF.C.NetConnTag.true( 3106): at com.tencent.mobileqq.msf.core.net.n.a(P:214)
04-04 04:40:03.022 E/MSF.C.NetConnTag.true( 3106): at com.tencent.mobileqq.msf.core.net.n.a(P:190)
04-04 04:40:03.022 E/MSF.C.NetConnTag.true( 3106): at com.tencent.mobileqq.msf.core.net.n.b(P:49)
04-04 04:40:03.022 E/MSF.C.NetConnTag.true( 3106): at com.tencent.mobileqq.msf.core.net.n.a(P:110)
04-04 04:40:03.022 E/MSF.C.NetConnTag.true( 3106): at com.tencent.mobileqq.msf.core.net.n.t(P:1)
04-04 04:40:03.022 E/MSF.C.NetConnTag.true( 3106): at com.tencent.mobileqq.msf.core.net.n.a(P:228)
04-04 04:40:03.022 E/MSF.C.NetConnTag.true( 3106): at com.tencent.mobileqq.msf.core.q$d.run(P:120)
04-04 04:40:03.095 D/ReportWeakNetConnTime( 3106): reconnected, use 5141 ms. LastConnectedNetType: 2, reason: readError
04-04 04:40:03.096 I/SocketReaderNewtrue( 3106): SocketReader(119) onConnOpened
04-04 04:40:03.096 I/SocketReaderNewtrue( 3106): SocketReader(119) continue
04-04 04:40:03.096 D/MSF.C.NetConnTag.true( 3106): open conn at JzA2IzM+LHR5JH4lK3YmNSdsYWZqdndpeG1hbHRqdGlwe2Bsag costTime:74 configTimeout: 20000 localSocket:e3piemtufXR7cWR6bm0:53044 noneProxy cross:0 a99b00f
04-04 04:40:03.096 D/ReportWeakNetConnTime( 3106): OpenConn: msfwifi.3g.qq.com/120.232.18.213:8080
04-04 04:40:03.098 D/PandoraEx.MonitorReporter( 3106): module[network], systemApi[NI#G_TY_NAME], scene[back], strategy[normal], isSystemCall[true
04-04 04:40:03.098 D/PandoraEx.MonitorReporter( 3106): module[network], systemApi[NI#G_TY_NAME], scene[back], strategy[normal], isSystemCall[true
04-04 04:40:03.098 I/MSF.D.NetworkProvider( 3106): refresh currentAPN:. received networkInfo: CONNECTED :NetworkInfo: type: WIFI[], state: CONNECTED/CONNECTED, reason: (unspecified), extra: , roaming: false, failover: false, isAvailable: true, isConnectedToProvisioningNetwork: true. ExtraNetInfo: null
04-04 04:40:03.113 D/WTReporter( 3106): checkAndReporterUinError uin = 290983097
04-04 04:40:03.120 D/WTReporter( 3106): checkAndReporterUinError uin = 290983097
04-04 04:40:03.125 I/MSF.C.AccountCenter( 3106): loadAccountInfoFromWt,uin=*3097,isAlive=true,mLoginBitmap=0,uin=*3097,isAlive=true,mLoginBitmap=0
04-04 04:40:03.126 D/MSF.C.AccountCenter( 3106): MsfCoreMsgSender handleLoadedAccounts setKey *3097
04-04 04:40:03.126 D/MSF.C.CodecWarpper( 3106): nativeSetAccountKey ,uin=*3097,A1=null,A2=72|9a,A3=null,D1=null,D2=64|5b,S2=null,key=16|76,cookie=null
04-04 04:40:03.126 D/MSF.C.NetConnTag.true( 3106): use full head for uin:*3097
04-04 04:40:03.126 D/MSF.C.NetConnTag.false( 3106): use full head for uin:*3097
04-04 04:40:03.126 D/MSF.C.AccountCenter( 3106): MsfCoreMsgSender handleLoadedAccounts setKey *3097
04-04 04:40:03.126 D/MSF.C.CodecWarpper( 3106): nativeSetAccountKey ,uin=*3097,A1=null,A2=72|9a,A3=null,D1=null,D2=64|5b,S2=null,key=16|76,cookie=null
04-04 04:40:03.126 D/MSF.C.NetConnTag.true( 3106): use full head for uin:*3097
04-04 04:40:03.126 D/MSF.C.NetConnTag.false( 3106): use full head for uin:*3097
04-04 04:40:03.126 D/MSF.C.NetConnTag.true( 3106): ssoping cmd:MSF seq: 17382 timeout: 20000
04-04 04:40:03.127 D/MSF.C.NetConnTag.true( 3106): netSend ssoSeq:17382 uin:0 cmd:BxAW 17403 a99b00f socketEngineID: 0 socket: 177844239
04-04 04:40:03.127 D/WeakNetDetector( 3106): onPingSent ssoSeq=17382 pingSend=1680554403127
04-04 04:40:03.127 D/MSF.C.PushManager:PushCoder( 3106): also send pushRegister, return. true true true
04-04 04:40:03.128 I/MSF.S.AppProcessManager( 3106): SendToApp PUSH process:com.tencent.mobileqq fromServiceMsg: FromServiceMsg msName:onConnOpened ssoSeq:17384 serviceCmd:cmd_connOpened appSeq:17383 failCode:1000 cost = 0 needBoot=true from.len = 0
04-04 04:40:03.128 D/PandoraEx.MonitorReporter( 3106): module[network], systemApi[NI#G_TY_NAME], scene[back], strategy[normal], isSystemCall[true
04-04 04:40:03.128 D/PandoraEx.MonitorReporter( 3106): module[network], systemApi[NI#G_TY_NAME], scene[back], strategy[normal], isSystemCall[true
04-04 04:40:03.128 D/MSF.D.Proxy( 3311): onRecvServicePushResp, fromServiceMsg cmd = cmd_connOpened, ssoSeq = 17384, length = 0
04-04 04:40:03.128 I/MSF.D.NetworkProvider( 3106): refresh currentAPN:. received networkInfo: CONNECTED :NetworkInfo: type: WIFI[], state: CONNECTED/CONNECTED, reason: (unspecified), extra: , roaming: false, failover: false, isAvailable: true, isConnectedToProvisioningNetwork: true. ExtraNetInfo: null
04-04 04:40:03.129 D/MSF.C.NetConnTag.true( 3106): [checkSSOVersionChange], set old sso version, msfV20Toggle: true, isSupportNewSSO: false
04-04 04:40:03.129 D/MSF.C.CodecWarpper( 3106): [nativeSetIsSupportNewSSOVersion], isSupportNewSSOVersion: false
04-04 04:40:03.129 D/MSF.C.NetConnTag.true( 3106): msf can not get ssid
04-04 04:40:03.129 D/MSF.C.NetConnTag.true( 3106): current network state: weakNet
04-04 04:40:03.129 D/MSF.C.NetConnTag.true( 3106): msf can not get ssid
04-04 04:40:03.129 D/MSF.C.NetConnTag.true( 3106): current network state: weakNet
04-04 04:40:03.129 D/PandoraEx.MonitorReporter( 3311): module[network], systemApi[NI#G_TY_NAME], scene[back], strategy[normal], isSystemCall[true
04-04 04:40:03.129 D/PandoraEx.MonitorReporter( 3311): module[network], systemApi[NI#G_TY_NAME], scene[back], strategy[normal], isSystemCall[true
04-04 04:40:03.129 I/MSF.D.NetworkProvider( 3311): refresh currentAPN:. received networkInfo: CONNECTED :NetworkInfo: type: WIFI[], state: CONNECTED/CONNECTED, reason: (unspecified), extra: , roaming: false, failover: false, isAvailable: true, isConnectedToProvisioningNetwork: true. ExtraNetInfo: null
04-04 04:40:03.130 D/MSF.C.NetConnTag.true( 3106): MsfCoreSocketReaderNew closeConn socketEngineID: 0 socket hashcode: 177844239 for reason: readError
04-04 04:40:03.130 D/MSF.C.NetConnTag.true( 3106): p ok re1: [can not reuse old point]17195
04-04 04:40:03.130 D/ReportWeakNetConnTime( 3106): CloseSocket: readError, socket: Socket[address=msfwifi.3g.qq.com/120.232.18.213,port=8080,localPort=53044]
04-04 04:40:03.130 D/MSF.C.NetConnTag.true( 3106): send msg error, ssoSeq: 17195current thread pid: 82socketEngineID: 0socket hashCode: 177844239java.net.SocketException: Broken pipe
04-04 04:40:03.130 D/MSF.C.NetConnTag.( 3106): MsfCoreMsgSender worker run closeConn writeError
04-04 04:40:03.130 D/MSF.C.NetConnTag.true( 3106): MsfCoreMsgSender closeConn socketEngineID: 0 socket hashcode: 177844239 for reason: writeError
04-04 04:40:03.130 E/MSF.C.NetConnTag.true( 3106): close socket has done, socketEngineID: 0socket: 177844239java.lang.Throwable
04-04 04:40:03.130 E/MSF.C.NetConnTag.true( 3106): at com.tencent.mobileqq.msf.core.net.m.a(P:330)
04-04 04:40:03.130 E/MSF.C.NetConnTag.true( 3106): at com.tencent.mobileqq.msf.core.net.m$d.run(P:23)
04-04 04:40:03.131 D/MSF.C.NetConnTag.true( 3106): close Socket GSwzPz8sHjsuJyIxKSt4NzklJz08MWtpLW0hJXQ7KjdlcmJkdGp2aGRyaHpoaXZ2OiwiIGdgdWJ6bzw7OTkpCiUxJGlva3Vufh4 by readError
04-04 04:40:03.131 D/MSF.C.SsoListManager( 3106): not found socket://msfwifi.3g.qq.com:8080#00000:0:1:20:false:null:null:1:true:0 at ssoList.
04-04 04:40:03.131 D/MSF.C.SsoListManager( 3106): not found socket://msfwifi.3g.qq.com:8080#00000:0:1:20:false:null:null:1:true:0 at ssoList.
04-04 04:40:03.131 E/MSF.C.NetConnTag.true( 3106): close socket has done, socketEngineID: 0socket: 0java.lang.Throwable
04-04 04:40:03.131 E/MSF.C.NetConnTag.true( 3106): at com.tencent.mobileqq.msf.core.net.m.a(P:330)
04-04 04:40:03.131 E/MSF.C.NetConnTag.true( 3106): at com.tencent.mobileqq.msf.core.net.n.a(P:250)
04-04 04:40:03.131 E/MSF.C.NetConnTag.true( 3106): at com.tencent.mobileqq.msf.core.q.a(P:344)
04-04 04:40:03.131 E/MSF.C.NetConnTag.true( 3106): at com.tencent.mobileqq.msf.core.q$d.run(P:134)
04-04 04:40:03.131 D/MSF.C.NetConnTag.true( 3106): MsfCoreMsgSender closeConn socketEngineID: 1 socket hashcode: 0 for reason: writeError
04-04 04:40:03.131 E/MSF.C.NetConnTag.true( 3106): conn is already closed on writeError closeConn socketEngineID: 1 socket hashcode: 0java.lang.Throwable
04-04 04:40:03.131 E/MSF.C.NetConnTag.true( 3106): at com.tencent.mobileqq.msf.core.net.m.a(P:284)
04-04 04:40:03.131 E/MSF.C.NetConnTag.true( 3106): at com.tencent.mobileqq.msf.core.net.n.a(P:250)
04-04 04:40:03.131 E/MSF.C.NetConnTag.true( 3106): at com.tencent.mobileqq.msf.core.q.a(P:344)
04-04 04:40:03.131 E/MSF.C.NetConnTag.true( 3106): at com.tencent.mobileqq.msf.core.q$d.run(P:134)
04-04 04:40:03.131 D/MSF.C.NetConnTag.DualConnContext.true( 3106): reset
04-04 04:40:03.131 D/MSF.C.NetConnTag.DualConnContext.true( 3106): removeConnectionChecker: remove connId = 0
04-04 04:40:03.131 D/MSF.C.NetConnTag.DualConnContext.true( 3106): removeConnectionChecker: remove connId = 1
04-04 04:40:03.131 D/MSF.C.NetConnTag.true( 3106): start monitor foreground change before thread sleep
04-04 04:40:03.131 E/SocketReaderNewtrue( 3106): socketEngine: 0socket hashCode: 0SocketReader(119) errorjava.net.SocketException: Connection reset
04-04 04:40:03.131 I/SocketReaderNewtrue( 3106): SocketReader(119) wait
04-04 04:40:03.132 I/MSF.S.AppProcessManager( 3106): SendToApp PUSH process:com.tencent.mobileqq fromServiceMsg: FromServiceMsg msName:onConnClosed ssoSeq:-1 serviceCmd:cmd_connClosed appSeq:17385 failCode:1000 cost = 0 needBoot=false from.len = 0
04-04 04:40:03.132 D/MSF.D.Proxy( 3311): onRecvServicePushResp, fromServiceMsg cmd = cmd_connClosed, ssoSeq = -1, length = 0
04-04 04:40:03.133 I/NTKernel( 3311): [NTSDK]seq(1301)---- [INFO] session_base.cpp(304)::SetOnMsfStatusChanged [NT Session]->SetOnMsfStatusChanged call: new_status=1, old_status=1, reason=3
04-04 04:40:03.133 I/NTKernel( 3311): [NTSDK]seq(1302)---- [INFO] session_base.cpp(323)::operator() [NT Session]->SetOnMsfStatusChanged ignore unchanged msf status: 1
04-04 04:40:03.179 W/Settings( 3106): Setting airplane_mode_on has moved from android.provider.Settings.System to android.provider.Settings.Global, returning read-only value.
04-04 04:40:03.180 W/Settings( 3106): Setting airplane_mode_on has moved from android.provider.Settings.System to android.provider.Settings.Global, returning read-only value.
04-04 04:40:03.181 W/Settings( 3106): Setting airplane_mode_on has moved from android.provider.Settings.System to android.provider.Settings.Global, returning read-only value.
04-04 04:40:03.181 W/Settings( 3106): Setting airplane_mode_on has moved from android.provider.Settings.System to android.provider.Settings.Global, returning read-only value.
04-04 04:40:03.182 W/Settings( 3106): Setting airplane_mode_on has moved from android.provider.Settings.System to android.provider.Settings.Global, returning read-only value.
04-04 04:40:03.183 W/Settings( 3106): Setting airplane_mode_on has moved from android.provider.Settings.System to android.provider.Settings.Global, returning read-only value.
04-04 04:40:03.184 W/Settings( 3106): Setting airplane_mode_on has moved from android.provider.Settings.System to android.provider.Settings.Global, returning read-only value.
04-04 04:40:03.185 W/Settings( 3106): Setting airplane_mode_on has moved from android.provider.Settings.System to android.provider.Settings.Global, returning read-only value.
04-04 04:40:03.197 D/MSF.C.NetConnTag.( 3106): netRecv ssoSeq:17315 uin:*3097 cmd:ByYjJzs/IAk8IH4EOB8gLgcwNw costTime:30000 SignalStrengths wifi:0 gsm:0 cdma:0 net:2 code:1002 failMsg:wait serverResp timeout
04-04 04:40:03.198 I/MSF.C.PushManager( 3106): not need to update lastRecvTimeForSG, isConned:false
04-04 04:40:03.198 D/MSF.C.NetConnTag.( 3106): netRecv ssoSeq:17316 uin:*3097 cmd:ByYjJzs/IAk8IH4EOB8gLgcwNw costTime:30000 SignalStrengths wifi:0 gsm:0 cdma:0 net:2 code:1002 failMsg:wait serverResp timeout
04-04 04:40:03.198 I/MSF.S.AppProcessManager( 3106): SendToApp process:com.tencent.mobileqq fromServiceMsg: FromServiceMsg msName:unknown ssoSeq:17315 serviceCmd:MessageSvc.PbGetMsg appSeq:330 failCode:1002 cos t =0 needBoot=false to.len = 58 from.len = 0
04-04 04:40:03.198 I/MSF.C.PushManager( 3106): not need to update lastRecvTimeForSG, isConned:false
04-04 04:40:03.199 D/MSF.D.Proxy( 3311): onReceiveResp, fromServiceMsg = MessageSvc.PbGetMsg, ssoSeq = 17315, length = 0
04-04 04:40:03.200 I/MSF.S.AppProcessManager( 3106): SendToApp process:com.tencent.mobileqq fromServiceMsg: FromServiceMsg msName:unknown ssoSeq:17316 serviceCmd:MessageSvc.PbGetMsg appSeq:331 failCode:1002 cos t =0 needBoot=false to.len = 58 from.len = 0
04-04 04:40:03.201 D/MSF.D.Proxy( 3311): onReceiveResp, fromServiceMsg = MessageSvc.PbGetMsg, ssoSeq = 17316, length = 0
04-04 04:40:03.442 D/MSF.C.NetConnTag.( 3106): netRecv ssoSeq:17317 uin:*3097 cmd:GCY3BCggPAk8IH49ND4qCTMtMw costTime:30000 SignalStrengths wifi:0 gsm:0 cdma:0 net:2 code:1002 failMsg:wait serverResp timeout
04-04 04:40:03.443 D/MSF.C.NetConnTag.true( 3106): not tag regprxysvc resp seq:17317 by disconn, sockethashcode = 0
04-04 04:40:03.443 I/MSF.C.PushManager( 3106): not need to update lastRecvTimeForSG, isConned:false
04-04 04:40:03.444 I/MSF.S.AppProcessManager( 3106): SendToApp process:com.tencent.mobileqq fromServiceMsg: FromServiceMsg msName:unknown ssoSeq:17317 serviceCmd:RegPrxySvc.infoSync appSeq:332 failCode:1002 cos t =0 needBoot=false to.len = 418 from.len = 0
04-04 04:40:03.446 D/MSF.D.Proxy( 3311): onReceiveResp, fromServiceMsg = RegPrxySvc.infoSync, ssoSeq = 17317, length = 0
04-04 04:40:03.491 I/auditd ( 0): type=1400 audit(0.0:557): avc: denied { kill } for comm="swapper/3" capability=5 scontext=u:r:kernel:s0 tcontext=u:r:kernel:s0 tclass=capability permissive=0
04-04 04:40:03.491 W/swapper/3( 0): type=1400 audit(0.0:557): avc: denied { kill } for capability=5 scontext=u:r:kernel:s0 tcontext=u:r:kernel:s0 tclass=capability permissive=0
04-04 04:40:03.586 D/MSF.C.NetConnTag.true( 3106): preDetectTimeoutMsg cmd:LDE5MTQ8KTM5N34TPywRKCUsIBgzKzEILzIGZg, ssoSeq:17332
04-04 04:40:03.586 D/MSF.C.NetConnTag.true( 3106): preDetectTimeoutMsg cmd:ByYjJzs/IAk8IH4EOB8gLgcwNw, ssoSeq:17333
04-04 04:40:03.586 D/MSF.C.NetConnTag.true( 3106): preDetectTimeoutMsg cmd:ByYjJzs/IAk8IH4EOB8gLgcwNw, ssoSeq:17334
04-04 04:40:03.586 D/MSF.C.NetConnTag.true( 3106): preDetectTimeoutMsg cmd:HSI8OD8sBjUkJTkzCS43dC0mJBc1NiMzLQ, ssoSeq:17335
04-04 04:40:03.587 D/MSF.C.NetConnTag.true( 3106): preDetectTimeoutMsg cmd:BSo0NgkuJnR6O2UxOAcmNScuPzo, ssoSeq:17336
04-04 04:40:03.587 D/MSF.C.NetConnTag.true( 3106): preDetectTimeoutMsg cmd:BSo0NgkuJnR6O2UxOAd3aA, ssoSeq:17337
04-04 04:40:03.588 D/MSF.C.NetConnTag.true( 3106): preDetectTimeoutMsg cmd:BSo0NgkuJnR6O2UxOAd0bw, ssoSeq:17338
04-04 04:40:03.589 D/MSF.C.NetConnTag.true( 3106): preDetectTimeoutMsg cmd:BSo0NgkuJnR6O2UxOAd0bw, ssoSeq:17339
04-04 04:40:03.590 D/MSF.C.NetConnTag.true( 3106): preDetectTimeoutMsg cmd:GjE/MjM0IAkvMSY9OT1rGSImMz8PKCE7PiYCMSs, ssoSeq:17340
04-04 04:40:03.649 D/MSF.C.NetConnTag.( 3106): netRecv ssoSeq:17318 uin:*3097 cmd:ByYjJzs/IAk8IH4EOB8gLgcwNw costTime:30000 SignalStrengths wifi:0 gsm:0 cdma:0 net:2 code:1002 failMsg:wait serverResp timeout
04-04 04:40:03.650 I/MSF.C.PushManager( 3106): not need to update lastRecvTimeForSG, isConned:false
04-04 04:40:03.650 I/MSF.S.AppProcessManager( 3106): SendToApp process:com.tencent.mobileqq fromServiceMsg: FromServiceMsg msName:unknown ssoSeq:17318 serviceCmd:MessageSvc.PbGetMsg appSeq:333 failCode:1002 cos t =0 needBoot=false to.len = 58 from.len = 0
04-04 04:40:03.652 D/MSF.D.Proxy( 3311): onReceiveResp, fromServiceMsg = MessageSvc.PbGetMsg, ssoSeq = 17318, length = 0
04-04 04:40:03.744 I/mpu_uart( 645): [MSG-P:RECV]:No message received in 1000 ms
04-04 04:40:03.780 D/audio_hw_primary( 6681): copl(0xec70eb00):out of compress_wait
04-04 04:40:03.784 D/audio_hw_primary( 6681): No space available in compress driver, post msg to cb thread
04-04 04:40:03.784 D/audio_hw_primary( 6681): copl(0xec70eb00):calling compress_wait
04-04 04:40:03.883 D/CCodecBufferChannel( 1978): [c2.android.aac.encoder#22] DEBUG: elapsed: n=4 [in=0 pipeline=0 out=0]
04-04 04:40:03.883 D/PipelineWatcher( 1978): DEBUG: elapsed 0 / 4
04-04 04:40:04.064 D/MSF.C.NetConnTag.true( 3106): preDetectTimeoutMsg cmd:ByYjJzs/IAk8IH4EOB8gLgcwNw, ssoSeq:17341
04-04 04:40:04.210 I/NTKernel( 3311): [NTSDK]seq(1303)---- [INFO] guild_clip_msg_db_mgr.cc(296)::GetConfigurationServiceData manage task [838] is not set
04-04 04:40:04.211 E/NTKernel( 3311): [NTSDK]seq(1304)---- [ERROR] guild_clip_msg_db_mgr.cc(89)::CheckConfig CheckDbFileSize error! json decode failed
11-11 00:11:35.297 I/msm_vidc( 0): err : ffffffff: .....: DBLP Set: status 0
04-04 04:40:04.393 E/tlogd ( 1298): [TzLogger](isPathReadable) file /sys/kernel/debug/tzdbg/qsee_log isn't exist or no permission, err: No such file or directory
04-04 04:40:04.394 E/tlogd ( 1298): [TzLogger](saveTzlogAsync) /sys/kernel/debug/tzdbg/qsee_log can not read.
04-04 04:40:04.394 E/tlogd ( 1298): [TzLogger](isPathReadable) file /sys/kernel/debug/tzdbg/log isn't exist or no permission, err: No such file or directory
04-04 04:40:04.394 E/tlogd ( 1298): [TzLogger](saveTzlogAsync) /sys/kernel/debug/tzdbg/log can not read.
04-04 04:40:04.506 I/OMX-VENC: venc_dev( 1213): stats: avg. fps 7.73, bitrate 562091
04-04 04:40:04.604 D/audio_hw_primary( 6681): copl(0xec70eb00):out of compress_wait
04-04 04:40:04.609 D/audio_hw_primary( 6681): No space available in compress driver, post msg to cb thread
04-04 04:40:04.609 D/audio_hw_primary( 6681): copl(0xec70eb00):calling compress_wait
04-04 04:40:04.621 D/MSF.C.NetConnTag.true( 3106): preDetectTimeoutMsg cmd:ByYjJzs/IAk8IH4EOB8gLgcwNw, ssoSeq:17342
04-04 04:40:04.696 W/InputManager-JNI( 1549): Input channel object '2e248e2 Toast (client)' was disposed without first being removed with the input manager!
04-04 04:40:04.706 W/NotificationService( 1549): Toast already killed. pkg=com.android.systemui token=android.os.BinderProxy@9ad1806
04-04 04:40:04.745 I/mpu_uart( 645): [MSG-P:RECV]:No message received in 1000 ms
04-04 04:40:04.936 I/mpu_uart( 645): [MSG-P:R]:recv sync frame timeout
04-04 04:40:05.234 D/MSF.C.NetConnTag.( 3106): netRecv ssoSeq:17319 uin:*3097 cmd:ByYjJzs/IAk8IH4EOB8gLgcwNw costTime:30000 SignalStrengths wifi:0 gsm:0 cdma:0 net:2 code:1002 failMsg:wait serverResp timeout
04-04 04:40:05.234 I/MSF.C.PushManager( 3106): not need to update lastRecvTimeForSG, isConned:false
04-04 04:40:05.235 I/MSF.S.AppProcessManager( 3106): SendToApp process:com.tencent.mobileqq fromServiceMsg: FromServiceMsg msName:unknown ssoSeq:17319 serviceCmd:MessageSvc.PbGetMsg appSeq:334 failCode:1002 cos t =0 needBoot=false to.len = 58 from.len = 0
04-04 04:40:05.237 D/MSF.D.Proxy( 3311): onReceiveResp, fromServiceMsg = MessageSvc.PbGetMsg, ssoSeq = 17319, length = 0
04-04 04:40:05.410 D/audio_hw_primary( 6681): copl(0xec70eb00):out of compress_wait
04-04 04:40:05.413 D/audio_hw_primary( 6681): No space available in compress driver, post msg to cb thread
04-04 04:40:05.413 D/audio_hw_primary( 6681): copl(0xec70eb00):calling compress_wait
04-04 04:40:05.491 I/auditd ( 0): type=1400 audit(0.0:558): avc: denied { kill } for comm="swapper/3" capability=5 scontext=u:r:kernel:s0 tcontext=u:r:kernel:s0 tclass=capability permissive=0
04-04 04:40:05.491 W/swapper/3( 0): type=1400 audit(0.0:558): avc: denied { kill } for capability=5 scontext=u:r:kernel:s0 tcontext=u:r:kernel:s0 tclass=capability permissive=0
04-04 04:40:05.586 D/BufferPoolAccessor2.0( 1978): bufferpool2 0xb4000075f83544f8 : 4(8192 size) total buffers - 4(8192 size) used buffers - 1/5 (recycle/alloc) - 0/0 (fetch/transfer)
04-04 04:40:05.586 D/BufferPoolAccessor2.0( 1978): evictor expired: 1, evicted: 1
04-04 04:40:05.587 D/BufferPoolAccessor2.0( 1261): bufferpool2 0xb40000700d0e9c28 : 0(0 size) total buffers - 0(0 size) used buffers - 0/0 (recycle/alloc) - 0/0 (fetch/transfer)
04-04 04:40:05.587 D/BufferPoolAccessor2.0( 1261): evictor expired: 4, evicted: 1
04-04 04:40:05.589 D/BufferPoolAccessor2.0( 2053): evictor expired: 1, evicted: 0
04-04 04:40:05.745 I/mpu_uart( 645): [MSG-P:RECV]:No message received in 1000 ms
04-04 04:40:06.041 I/input_interaction( 1549): Interaction with: fa1437c StatusBar (server), edge-swipe (server), swipe-up (server), PointerEventDispatcher0 (server),
04-04 04:40:06.045 I/sysui_multi_action( 1978): [757,803,799,panel_open,802,1]
04-04 04:40:06.048 I/sysui_multi_action( 1978): [757,1328,758,4,1326,45,1327,1,1329,0]
04-04 04:40:06.133 D/StatusBar( 1978): disable disable2
04-04 04:40:06.133 I/sysui_multi_action( 1549): [757,127,758,1]
04-04 04:40:06.133 I/sysui_multi_action( 1549): [757,804,799,note_load,801,2,802,1]
04-04 04:40:06.134 I/notification_panel_revealed( 1549): 2
04-04 04:40:06.144 I/input_focus( 1549): [Focus request 78c9013 NotificationShade,reason=UpdateInputWindows]
04-04 04:40:06.151 I/sysui_multi_action( 1549): [757,128,758,1,793,293105,794,0,795,293105,796,26,798,0,806,android,857,DEVELOPER_IMPORTANT,858,4,947,0,1395,2,1500,292858,1688,1]
04-04 04:40:06.151 I/sysui_multi_action( 1549): [757,804,799,note_freshness,801,293105,802,1]
04-04 04:40:06.151 I/notification_visibility( 1549): [-1|android|26|null|1000,1,293105,293105,0,0]
04-04 04:40:06.151 I/sysui_multi_action( 1549): [757,128,758,1,793,293619,794,0,795,293619,796,32,798,1,806,android,857,USB,858,1,947,0,1395,2,1500,293302,1688,1]
04-04 04:40:06.151 I/sysui_multi_action( 1549): [757,804,799,note_freshness,801,293619,802,1]
04-04 04:40:06.151 I/notification_visibility( 1549): [-1|android|32|null|1000,1,293619,293619,0,1]
04-04 04:40:06.165 I/OMX-VENC: venc_dev( 1213): stats: avg. fps 9.64, bitrate 469257
04-04 04:40:06.167 D/WeakNetDetector( 3106): [MSF_StatReportThread] onPingRecved ssoSeq=17382 pingSend=1680554403127 pingRecv=1680554406167 cost=3040
04-04 04:40:06.169 I/input_focus( 1549): [Focus leaving b49246d com.android.launcher3/com.android.launcher3.uioverrides.QuickstepLauncher (server),reason=setFocusedWindow]
04-04 04:40:06.169 I/input_focus( 1549): [Focus entering 78c9013 NotificationShade (server),reason=setFocusedWindow]
04-04 04:40:06.230 D/audio_hw_primary( 6681): copl(0xec70eb00):out of compress_wait
04-04 04:40:06.234 D/audio_hw_primary( 6681): No space available in compress driver, post msg to cb thread
04-04 04:40:06.235 D/audio_hw_primary( 6681): copl(0xec70eb00):calling compress_wait
04-04 04:40:06.265 I/sysui_multi_action( 1978): [757,111,758,1]
04-04 04:40:06.265 I/sysui_multi_action( 1978): [757,126,758,1,759,126,927,0,928,1,1593,0]
04-04 04:40:06.266 I/sysui_multi_action( 1978): [757,113,758,1,759,113,927,1,928,0,1593,0]
04-04 04:40:06.266 I/sysui_multi_action( 1978): [757,0,758,1,759,0,927,2,928,0,1593,0]
04-04 04:40:06.266 I/sysui_multi_action( 1978): [757,0,758,1,759,0,927,3,928,0,1593,0]
04-04 04:40:06.266 I/sysui_multi_action( 1978): [757,491,758,1,759,491,927,4,928,0,1311,-1,1593,0]
04-04 04:40:06.266 I/sysui_multi_action( 1978): [757,0,758,1,759,0,927,5,928,0,1593,0]
04-04 04:40:06.267 I/sysui_multi_action( 1978): [757,111,758,1]
04-04 04:40:06.267 I/sysui_multi_action( 1978): [757,126,758,1,759,126,927,0,928,1,1593,0]
04-04 04:40:06.267 I/sysui_multi_action( 1978): [757,113,758,1,759,113,927,1,928,0,1593,0]
04-04 04:40:06.267 I/sysui_multi_action( 1978): [757,0,758,1,759,0,927,2,928,0,1593,0]
04-04 04:40:06.267 I/sysui_multi_action( 1978): [757,0,758,1,759,0,927,3,928,0,1593,0]
04-04 04:40:06.491 I/auditd ( 0): type=1400 audit(0.0:559): avc: denied { kill } for comm="swapper/3" capability=5 scontext=u:r:kernel:s0 tcontext=u:r:kernel:s0 tclass=capability permissive=0
04-04 04:40:06.491 W/swapper/3( 0): type=1400 audit(0.0:559): avc: denied { kill } for capability=5 scontext=u:r:kernel:s0 tcontext=u:r:kernel:s0 tclass=capability permissive=0
04-04 04:40:06.595 D/MSF.C.NetConnTag.true( 3106): preDetectTimeoutMsg cmd:BSo0NgkuJnQpLjRkIm4mPg, ssoSeq:17349
04-04 04:40:06.595 D/MSF.C.NetConnTag.true( 3106): preDetectTimeoutMsg cmd:GCY3BCggPAk8IH49ND4qCTMtMw, ssoSeq:17352
04-04 04:40:06.745 I/mpu_uart( 645): [MSG-P:RECV]:No message received in 1000 ms
04-04 04:40:06.844 D/MemoryCeilingMonitor( 3106): [handleMemoryCalculate]
04-04 04:40:06.844 D/MemoryCeilingMonitor( 3106): [calculate] tot: 4894623, max: 268435456, free: 553543, heap: 4341080, per: 0.016171783208847046
04-04 04:40:07.050 D/audio_hw_primary( 6681): copl(0xec70eb00):out of compress_wait
04-04 04:40:07.053 D/audio_hw_primary( 6681): No space available in compress driver, post msg to cb thread
04-04 04:40:07.053 D/audio_hw_primary( 6681): copl(0xec70eb00):calling compress_wait
04-04 04:40:07.167 I/OMX-VENC: venc_dev( 1213): stats: avg. fps 59.86, bitrate 5091494
04-04 04:40:07.491 I/auditd ( 0): type=1400 audit(0.0:560): avc: denied { kill } for comm="swapper/3" capability=5 scontext=u:r:kernel:s0 tcontext=u:r:kernel:s0 tclass=capability permissive=0
04-04 04:40:07.491 W/swapper/3( 0): type=1400 audit(0.0:560): avc: denied { kill } for capability=5 scontext=u:r:kernel:s0 tcontext=u:r:kernel:s0 tclass=capability permissive=0
04-04 04:40:07.732 D/MSF.C.NetConnTag.true( 3106): preDetectTimeoutMsg cmd:ByYjJzs/IAk8IH4EOB8gLgcwNw, ssoSeq:17353
04-04 04:40:07.745 I/mpu_uart( 645): [MSG-P:RECV]:No message received in 1000 ms
04-04 04:40:07.890 D/audio_hw_primary( 6681): copl(0xec70eb00):out of compress_wait
04-04 04:40:07.894 D/audio_hw_primary( 6681): No space available in compress driver, post msg to cb thread
04-04 04:40:07.897 D/audio_hw_primary( 6681): copl(0xec70eb00):calling compress_wait
04-04 04:40:07.940 I/mpu_uart( 645): [MSG-P:R]:recv sync frame timeout
04-04 04:40:07.971 D/MsfServiceSdk( 3311): registerProxyDone
04-04 04:40:07.972 I/GuildRegisterProxy( 3311): onInitState: 290983097 mStepId:105 guildUdcFlag:0 troopGuildUdcFlag:1
04-04 04:40:07.972 I/NTKernel( 3311): [NTSDK]seq(1306)---- [INFO] session_base.cpp(304)::SetOnMsfStatusChanged [NT Session]->SetOnMsfStatusChanged call: new_status=2, old_status=1, reason=3
04-04 04:40:07.973 D/MessageHandler( 3311): sendRegisterProxy , type = 3 , needEndPkg = true , registerProxyRandom = 0 , isGetPassword = false
04-04 04:40:07.973 D/SvcRequestRegisterNew( 3311): Type = 3, req.cOptGroupMsgFlag = 1
04-04 04:40:07.978 D/RegisterProxySvcPackService( 3311): requestMsgRegister , type = 3 isGetPassword = false
04-04 04:40:07.978 D/SvcRequestRegisterNew( 3311): cDisgroupMsgFilter:1,NoticeEndSeq:2137109764 , ulRequestOptional : 0
04-04 04:40:07.979 D/RedPointLog.RedpointHandler( 3311): getNewFlagOp:sendredInfo :systemTimestamp = 1680554407;lastUpdateTimestamp = 1680554167;updateInterval = 600;updateLbsInterval = 3600;lastCheckLbsInfo = 0;isDebugVersion = false
04-04 04:40:07.979 I/NTKernel( 3311): [NTSDK]seq(1307)---- [INFO] guild_group_msg_mgr.cc(47)::SetGroupGuildFlag SetGroupGuildFlag flag is 1
04-04 04:40:07.980 E/NTKernel( 3311): [NTSDK]seq(1308)---- [ERROR] api_caller.h(613)::ExcuteAPIHandler !!! InternalCallAPI Error Crash: APICaller[APICaller-1 ] api_fun Not Found, Must implement and register !!!
04-04 04:40:07.980 I/NTKernel( 3311): [NTSDK]seq(1309)---- [INFO] guild_msg_sync_mgr.cc(37)::SetGuildUDCFlag SetGuildUDCFlag 2
04-04 04:40:07.980 I/NTKernel( 3311): [NTSDK]seq(1310)---- [INFO] session_base.cpp(330)::operator() [NT Session]->SetOnMsfStatusChanged notify: new_status=2, old_status=1, reason=3
04-04 04:40:07.980 I/NTKernel( 3311): [NTSDK]seq(1311)---- [INFO] guild_msg_sync_mgr.cc(96)::OnMsfStatusChange [guild_msg_sync]->Guild OnMsfStatusChange new_status:2, reason:3, old_status:1
04-04 04:40:07.980 I/NTKernel( 3311): [NTSDK]seq(1312)---- [INFO] guild_msg_sync_mgr.cc(107)::StartMsgSync [guild_msg_sync]->StartMsgSync...
04-04 04:40:07.981 I/NTKernel( 3311): [NTSDK]seq(1313)---- [INFO] guild_msg_sync_mgr.cc(114)::StartMsgSync [guild_msg_sync]->key value storage has been loaded, start sync directly
04-04 04:40:07.981 I/NTKernel( 3311): [NTSDK]seq(1314)---- [INFO] guild_msg_sync_mgr.cc(389)::OnSetSyncState [guild_msg_sync]->OnSetSyncState, state:1
04-04 04:40:07.981 I/NTKernel( 3311): [NTSDK]seq(1315)---- [INFO] guild_msg_sync_mgr.cc(436)::OnSetSyncState [guild_msg_sync]->OnSetSyncState end, state:1 time:0.00
04-04 04:40:07.981 I/NTKernel( 3311): [NTSDK]seq(1316)---- [INFO] guild_msg_sync_mgr.cc(534)::OnSetLastSyncSourceType [guild_msg_sync]->OnSetLastSyncSourceType, state:1
04-04 04:40:07.981 I/NTKernel( 3311): [NTSDK]seq(1317)---- [INFO] guild_msg_sync_mgr.cc(543)::OnSetLastConnSvrTime [guild_msg_sync]->OnSetLastConnSvrTime, time:1680554407981
04-04 04:40:07.981 I/NTKernel( 3311): [NTSDK]seq(1318)---- [INFO] guild_msg_sync_worker.cc(237)::InternalStartMsgSync [guild_msg_sync]->InternalStartMsgSync, last_msg_time:0, req_random:468507475, flag:1
04-04 04:40:07.982 I/NTKernel( 3311): [NTSDK]seq(1319)---- [INFO] mobile_msf_depend_proxy.cc(75)::SendMsfRequest cmd:trpc.group_pro.synclogic.SyncLogic.SyncFirstView sourceType: trace=00-21c3bbea9d48e3c71dac90f1d166de87-df7d847d94bebf85-00
04-04 04:40:07.982 I/NTKernel( 3311): [NTSDK]seq(1320)---- [INFO] socket_pool.cc(366)::operator() [httpx-ng-SocketPoolManager]->Destroy socket pool
04-04 04:40:07.985 I/GuildMessagePushHandler( 3311): handleOnlinePushAfterSyncMsg
04-04 04:40:07.985 I/TroopGuildInfoServiceImpl( 3311): [onReconnect] mCurrentTroopGuildAio:
04-04 04:40:07.985 I/[gpro_sdk]KernelSendObserver( 3311): [network] [onSendSSORequest] (desc:) requestId : 11, ssoCmd: trpc.group_pro.synclogic.SyncLogic.SyncFirstView, traceInfo : 00-21c3bbea9d48e3c71dac90f1d166de87-e8e9b4246d288e50-01
04-04 04:40:07.985 I/KernelSendObserver( 3311): ssoCmd: trpc.group_pro.synclogic.SyncLogic.SyncFirstView sendTimeout: 10000
04-04 04:40:07.986 I/NTKernel( 3311): [KernelServlet-MSF]seq(39)---- onSend cmd= , Intent { cmp=com.tencent.mobileqq/com.tencent.qqnt.kernel.msf.c (has extras) }
04-04 04:40:07.988 I/QzoneConfig( 3311): key = qzonesetting secondaryKey= hidefeedsinconverstation value= 1
04-04 04:40:07.988 D/IMCore.PhoneContact.PhoneContactServiceImpl( 3311): onStepAction fromLogin=false
04-04 04:40:07.988 I/ArConfig_ArResourceManager( 3311): config null
04-04 04:40:07.989 D/PandoraEx.MonitorReporter( 3311): module[device], systemApi[BU#MODEL], scene[back], strategy[cache_only], isSystemCall[false
04-04 04:40:07.989 D/ShortVideoResourceManager( 3311): [network]not need get config...
04-04 04:40:07.990 I/Q.qwallet.QWalletCommonServlet( 3311): send WalletConfigRequest| ReqWalletConfig{reqType=0, platform='Android|12|figure', version='8.9.30', iNetType=1, seriesNo=120730000, commonMsg='', mParameter={req_when=512}, adcode=''}
04-04 04:40:07.993 D/ElderModeManager( 3311): isAppRuntimeValid : true
04-04 04:40:07.994 D/ElderModeManager( 3311): init sElderModeSwitch=false
04-04 04:40:08.164 D/MSF.C.NetConnTag.DualConnContext.true( 3106): tryDualConn
04-04 04:40:08.166 D/PandoraEx.MonitorReporter( 3106): module[network], systemApi[NI#G_TY_NAME], scene[back], strategy[normal], isSystemCall[true
04-04 04:40:08.166 D/PandoraEx.MonitorReporter( 3106): module[network], systemApi[NI#G_TY_NAME], scene[back], strategy[normal], isSystemCall[true
04-04 04:40:08.166 I/MSF.D.NetworkProvider( 3106): refresh currentAPN:. received networkInfo: CONNECTED :NetworkInfo: type: WIFI[], state: CONNECTED/CONNECTED, reason: (unspecified), extra: , roaming: false, failover: false, isAvailable: true, isConnectedToProvisioningNetwork: true. ExtraNetInfo: null
04-04 04:40:08.168 D/MSF.C.NetConnTag.true( 3106): mainSocketEngineOpenConn start...activeIpFamily=1
04-04 04:40:08.169 D/MSF.C.SsoListManager( 3106): getAvailableSsoList ssoTypeKey = SocketWifiIpv4, curr size null
04-04 04:40:08.169 D/MSF.C.SsoListManager( 3106): getAvailableSsoList ssoTypeKey = SocketMobileIpv4, curr size null
04-04 04:40:08.169 D/MSF.C.NetConnTag.true( 3106): mainSocketEngineOpenConn try single conn wifiSsoList=10, mobileSsoList=6
04-04 04:40:08.169 D/MSF.C.NetConnTag.true( 3106): [setMainSocketEngineId] mainConnID: 0
04-04 04:40:08.170 D/PandoraEx.MonitorReporter( 3106): module[network], systemApi[NI#G_TY_NAME], scene[back], strategy[normal], isSystemCall[true
04-04 04:40:08.171 D/PandoraEx.MonitorReporter( 3106): module[network], systemApi[NI#G_TY_NAME], scene[back], strategy[normal], isSystemCall[true
04-04 04:40:08.171 I/MSF.D.NetworkProvider( 3106): refresh currentAPN:. received networkInfo: CONNECTED :NetworkInfo: type: WIFI[], state: CONNECTED/CONNECTED, reason: (unspecified), extra: , roaming: false, failover: false, isAvailable: true, isConnectedToProvisioningNetwork: true. ExtraNetInfo: null
04-04 04:40:08.173 W/Settings( 3106): Setting airplane_mode_on has moved from android.provider.Settings.System to android.provider.Settings.Global, returning read-only value.
04-04 04:40:08.174 D/PandoraEx.MonitorReporter( 3106): module[network], systemApi[NI#G_TY_NAME], scene[back], strategy[normal], isSystemCall[true
04-04 04:40:08.174 D/PandoraEx.MonitorReporter( 3106): module[network], systemApi[NI#G_TY_NAME], scene[back], strategy[normal], isSystemCall[true
04-04 04:40:08.174 I/MSF.D.NetworkProvider( 3106): refresh currentAPN:. received networkInfo: CONNECTED :NetworkInfo: type: WIFI[], state: CONNECTED/CONNECTED, reason: (unspecified), extra: , roaming: false, failover: false, isAvailable: true, isConnectedToProvisioningNetwork: true. ExtraNetInfo: null
04-04 04:40:08.181 I/OMX-VENC: venc_dev( 1213): stats: avg. fps 59.17, bitrate 3347477
04-04 04:40:08.184 D/MSF.C.NetConnTag.true( 3106): try open Conn OSwzPz8sf3VlLiMyLTEjM2RwN3orKWs5JS5qbGpgdXl6c2BkamJ1YHt5YmRgPiQ2OSZqOi80KWAkNjw4YGl/Ljg2NW5q noneProxy net:2 cross:0 protocalsocket
04-04 04:40:08.185 E/MSF.C.NetConnTag.true( 3106): [openConn] socket has built, socketEngineID: 0socket: 241381725java.lang.Throwable
04-04 04:40:08.185 E/MSF.C.NetConnTag.true( 3106): at com.tencent.mobileqq.msf.core.net.m.a(P:44)
04-04 04:40:08.185 E/MSF.C.NetConnTag.true( 3106): at com.tencent.mobileqq.msf.core.net.n.a(P:218)
04-04 04:40:08.185 E/MSF.C.NetConnTag.true( 3106): at com.tencent.mobileqq.msf.core.net.n.a(P:214)
04-04 04:40:08.185 E/MSF.C.NetConnTag.true( 3106): at com.tencent.mobileqq.msf.core.net.n.a(P:190)
04-04 04:40:08.185 E/MSF.C.NetConnTag.true( 3106): at com.tencent.mobileqq.msf.core.net.n.b(P:49)
04-04 04:40:08.185 E/MSF.C.NetConnTag.true( 3106): at com.tencent.mobileqq.msf.core.net.n.a(P:110)
04-04 04:40:08.185 E/MSF.C.NetConnTag.true( 3106): at com.tencent.mobileqq.msf.core.net.n.t(P:1)
04-04 04:40:08.185 E/MSF.C.NetConnTag.true( 3106): at com.tencent.mobileqq.msf.core.net.n.a(P:228)
04-04 04:40:08.185 E/MSF.C.NetConnTag.true( 3106): at com.tencent.mobileqq.msf.core.q$d.run(P:120)
04-04 04:40:08.225 W/Settings( 3106): Setting airplane_mode_on has moved from android.provider.Settings.System to android.provider.Settings.Global, returning read-only value.
04-04 04:40:08.226 W/Settings( 3106): Setting airplane_mode_on has moved from android.provider.Settings.System to android.provider.Settings.Global, returning read-only value.
04-04 04:40:08.227 W/Settings( 3106): Setting airplane_mode_on has moved from android.provider.Settings.System to android.provider.Settings.Global, returning read-only value.
04-04 04:40:08.227 W/Settings( 3106): Setting airplane_mode_on has moved from android.provider.Settings.System to android.provider.Settings.Global, returning read-only value.
04-04 04:40:08.228 W/Settings( 3106): Setting airplane_mode_on has moved from android.provider.Settings.System to android.provider.Settings.Global, returning read-only value.
04-04 04:40:08.229 W/Settings( 3106): Setting airplane_mode_on has moved from android.provider.Settings.System to android.provider.Settings.Global, returning read-only value.
04-04 04:40:08.230 W/Settings( 3106): Setting airplane_mode_on has moved from android.provider.Settings.System to android.provider.Settings.Global, returning read-only value.
04-04 04:40:08.230 W/Settings( 3106): Setting airplane_mode_on has moved from android.provider.Settings.System to android.provider.Settings.Global, returning read-only value.
04-04 04:40:08.231 W/Settings( 3106): Setting airplane_mode_on has moved from android.provider.Settings.System to android.provider.Settings.Global, returning read-only value.
04-04 04:40:08.232 W/Settings( 3106): Setting airplane_mode_on has moved from android.provider.Settings.System to android.provider.Settings.Global, returning read-only value.
04-04 04:40:08.233 W/Settings( 3106): Setting airplane_mode_on has moved from android.provider.Settings.System to android.provider.Settings.Global, returning read-only value.
04-04 04:40:08.234 D/ReportWeakNetConnTime( 3106): reconnected, use 5104 ms. LastConnectedNetType: 2, reason: readError
04-04 04:40:08.234 W/Settings( 3106): Setting airplane_mode_on has moved from android.provider.Settings.System to android.provider.Settings.Global, returning read-only value.
04-04 04:40:08.234 I/SocketReaderNewtrue( 3106): SocketReader(119) onConnOpened
04-04 04:40:08.234 D/MSF.C.NetConnTag.true( 3106): open conn at JzA2IzM+LHR5JH4lK3YmNSdsYWZqdndpeG1hbHRqdGlwe2Bsag costTime:50 configTimeout: 20000 localSocket:e3piemtufXR7cWR6bm0:53046 noneProxy cross:0 e63315d
04-04 04:40:08.234 I/SocketReaderNewtrue( 3106): SocketReader(119) continue
04-04 04:40:08.234 D/ReportWeakNetConnTime( 3106): OpenConn: msfwifi.3g.qq.com/120.232.18.213:8080
04-04 04:40:08.235 W/Settings( 3106): Setting airplane_mode_on has moved from android.provider.Settings.System to android.provider.Settings.Global, returning read-only value.
04-04 04:40:08.235 W/Settings( 3106): Setting airplane_mode_on has moved from android.provider.Settings.System to android.provider.Settings.Global, returning read-only value.
04-04 04:40:08.236 D/PandoraEx.MonitorReporter( 3106): module[network], systemApi[NI#G_TY_NAME], scene[back], strategy[normal], isSystemCall[true
04-04 04:40:08.236 D/PandoraEx.MonitorReporter( 3106): module[network], systemApi[NI#G_TY_NAME], scene[back], strategy[normal], isSystemCall[true
04-04 04:40:08.236 I/MSF.D.NetworkProvider( 3106): refresh currentAPN:. received networkInfo: CONNECTED :NetworkInfo: type: WIFI[], state: CONNECTED/CONNECTED, reason: (unspecified), extra: , roaming: false, failover: false, isAvailable: true, isConnectedToProvisioningNetwork: true. ExtraNetInfo: null
04-04 04:40:08.236 W/Settings( 3106): Setting airplane_mode_on has moved from android.provider.Settings.System to android.provider.Settings.Global, returning read-only value.
04-04 04:40:08.237 W/Settings( 3106): Setting airplane_mode_on has moved from android.provider.Settings.System to android.provider.Settings.Global, returning read-only value.
04-04 04:40:08.246 D/WTReporter( 3106): checkAndReporterUinError uin = 290983097
04-04 04:40:08.256 D/WTReporter( 3106): checkAndReporterUinError uin = 290983097
04-04 04:40:08.259 I/MSF.C.AccountCenter( 3106): loadAccountInfoFromWt,uin=*3097,isAlive=true,mLoginBitmap=0,uin=*3097,isAlive=true,mLoginBitmap=0
04-04 04:40:08.259 D/MSF.C.AccountCenter( 3106): MsfCoreMsgSender handleLoadedAccounts setKey *3097
04-04 04:40:08.259 D/MSF.C.CodecWarpper( 3106): nativeSetAccountKey ,uin=*3097,A1=null,A2=72|9a,A3=null,D1=null,D2=64|5b,S2=null,key=16|76,cookie=null
04-04 04:40:08.260 D/MSF.C.NetConnTag.true( 3106): use full head for uin:*3097
04-04 04:40:08.260 D/MSF.C.NetConnTag.false( 3106): use full head for uin:*3097
04-04 04:40:08.260 D/MSF.C.AccountCenter( 3106): MsfCoreMsgSender handleLoadedAccounts setKey *3097
04-04 04:40:08.260 D/MSF.C.CodecWarpper( 3106): nativeSetAccountKey ,uin=*3097,A1=null,A2=72|9a,A3=null,D1=null,D2=64|5b,S2=null,key=16|76,cookie=null
04-04 04:40:08.260 D/MSF.C.NetConnTag.true( 3106): use full head for uin:*3097
04-04 04:40:08.260 D/MSF.C.NetConnTag.false( 3106): use full head for uin:*3097
04-04 04:40:08.260 D/MSF.C.NetConnTag.true( 3106): ssoping cmd:MSF seq: 17400 timeout: 20000
04-04 04:40:08.261 D/MSF.C.NetConnTag.true( 3106): netSend ssoSeq:17400 uin:0 cmd:BxAW 17421 e63315d socketEngineID: 0 socket: 241381725
04-04 04:40:08.261 D/WeakNetDetector( 3106): onPingSent ssoSeq=17400 pingSend=1680554408261
04-04 04:40:08.264 D/MSF.C.NetConnTag.true( 3106): MsfCoreSocketReaderNew closeConn socketEngineID: 0 socket hashcode: 241381725 for reason: readError
04-04 04:40:08.264 D/ReportWeakNetConnTime( 3106): CloseSocket: readError, socket: Socket[address=msfwifi.3g.qq.com/120.232.18.213,port=8080,localPort=53046]
04-04 04:40:08.265 E/MSF.C.NetConnTag.true( 3106): close socket has done, socketEngineID: 0socket: 241381725java.lang.Throwable
04-04 04:40:08.265 E/MSF.C.NetConnTag.true( 3106): at com.tencent.mobileqq.msf.core.net.m.a(P:330)
04-04 04:40:08.265 E/MSF.C.NetConnTag.true( 3106): at com.tencent.mobileqq.msf.core.net.m$d.run(P:23)
04-04 04:40:08.265 D/MSF.C.NetConnTag.true( 3106): close Socket GSwzPz8sHjsuJyIxKSt4NzklJz08MWtpLW0hJXQ7KjdlcmJkdGp2aGRyaHpoaXZ2OiwiIGdgdWJ6bzw7OTkpCiUxJGlva3VufB4 by readError
04-04 04:40:08.266 E/SocketReaderNewtrue( 3106): socketEngine: 0socket hashCode: 0SocketReader(119) errorjava.net.SocketException: Connection reset
04-04 04:40:08.266 I/SocketReaderNewtrue( 3106): SocketReader(119) wait
04-04 04:40:08.266 I/MSF.S.AppProcessManager( 3106): SendToApp PUSH process:com.tencent.mobileqq fromServiceMsg: FromServiceMsg msName:onConnClosed ssoSeq:-1 serviceCmd:cmd_connClosed appSeq:17401 failCode:1000 cost = 0 needBoot=false from.len = 0
04-04 04:40:08.267 D/MSF.D.Proxy( 3311): onRecvServicePushResp, fromServiceMsg cmd = cmd_connClosed, ssoSeq = -1, length = 0
04-04 04:40:08.269 I/NTKernel( 3311): [NTSDK]seq(1321)---- [INFO] session_base.cpp(304)::SetOnMsfStatusChanged [NT Session]->SetOnMsfStatusChanged call: new_status=1, old_status=2, reason=3
04-04 04:40:08.269 I/SharedPreferencesProxyManager( 3106): getProxyInner from mRemoteSPs
04-04 04:40:08.269 I/NTKernel( 3311): [NTSDK]seq(1322)---- [INFO] session_base.cpp(330)::operator() [NT Session]->SetOnMsfStatusChanged notify: new_status=1, old_status=2, reason=3
04-04 04:40:08.269 I/NTKernel( 3311): [NTSDK]seq(1323)---- [INFO] guild_msg_sync_mgr.cc(96)::OnMsfStatusChange [guild_msg_sync]->Guild OnMsfStatusChange new_status:1, reason:3, old_status:2
04-04 04:40:08.269 I/SharedPreferencesProxyManager( 3311): getProxyInner from mLocalSPs
04-04 04:40:08.270 D/MSF.C.PushManager:PushCoder( 3106): HPush_msf-pushCoder.vendor_push_type:1
04-04 04:40:08.271 D/MSF.C.PushManager:PushCoder( 3106): handlerPush send D6A8E0E019B289A6B2F05168D13A6E31 register push id 7 pushStatus:11 bRegType:1 timeStamp:349 newIP:3574786168 oldIP:0,regPushReason:msfByNetChange extStatus:0 battery:0
04-04 04:40:08.272 I/MSF.S.AppProcessManager( 3106): SendToApp PUSH process:com.tencent.mobileqq fromServiceMsg: FromServiceMsg msName:onConnOpened ssoSeq:17405 serviceCmd:cmd_connOpened appSeq:17404 failCode:1000 cost = 0 needBoot=true from.len = 0
04-04 04:40:08.273 D/PandoraEx.MonitorReporter( 3106): module[network], systemApi[NI#G_TY_NAME], scene[back], strategy[normal], isSystemCall[true
04-04 04:40:08.273 D/MSF.D.Proxy( 3311): onRecvServicePushResp, fromServiceMsg cmd = cmd_connOpened, ssoSeq = 17405, length = 0
04-04 04:40:08.273 D/PandoraEx.MonitorReporter( 3106): module[network], systemApi[NI#G_TY_NAME], scene[back], strategy[normal], isSystemCall[true
04-04 04:40:08.273 I/MSF.D.NetworkProvider( 3106): refresh currentAPN:. received networkInfo: CONNECTED :NetworkInfo: type: WIFI[], state: CONNECTED/CONNECTED, reason: (unspecified), extra: , roaming: false, failover: false, isAvailable: true, isConnectedToProvisioningNetwork: true. ExtraNetInfo: null
04-04 04:40:08.273 D/MSF.C.NetConnTag.true( 3106): send msg error, ssoSeq: 17195current thread pid: 82socketEngineID: 0socket hashCode: 0java.lang.NullPointerException: Attempt to invoke virtual method 'boolean com.tencent.mobileqq.msf.core.c.l()' on a null object reference
04-04 04:40:08.273 D/MSF.C.NetConnTag.( 3106): MsfCoreMsgSender worker run closeConn writeError
04-04 04:40:08.273 D/MSF.C.NetConnTag.true( 3106): MsfCoreMsgSender closeConn socketEngineID: 0 socket hashcode: 0 for reason: writeError
04-04 04:40:08.274 E/MSF.C.NetConnTag.true( 3106): conn is already closed on writeError closeConn socketEngineID: 0 socket hashcode: 0java.lang.Throwable
04-04 04:40:08.274 E/MSF.C.NetConnTag.true( 3106): at com.tencent.mobileqq.msf.core.net.m.a(P:284)
04-04 04:40:08.274 E/MSF.C.NetConnTag.true( 3106): at com.tencent.mobileqq.msf.core.net.n.a(P:250)
04-04 04:40:08.274 E/MSF.C.NetConnTag.true( 3106): at com.tencent.mobileqq.msf.core.q.a(P:344)
04-04 04:40:08.274 E/MSF.C.NetConnTag.true( 3106): at com.tencent.mobileqq.msf.core.q$d.run(P:134)
04-04 04:40:08.274 D/MSF.C.NetConnTag.true( 3106): MsfCoreMsgSender closeConn socketEngineID: 1 socket hashcode: 0 for reason: writeError
04-04 04:40:08.274 E/MSF.C.NetConnTag.true( 3106): conn is already closed on writeError closeConn socketEngineID: 1 socket hashcode: 0java.lang.Throwable
04-04 04:40:08.274 E/MSF.C.NetConnTag.true( 3106): at com.tencent.mobileqq.msf.core.net.m.a(P:284)
04-04 04:40:08.274 E/MSF.C.NetConnTag.true( 3106): at com.tencent.mobileqq.msf.core.net.n.a(P:250)
04-04 04:40:08.274 E/MSF.C.NetConnTag.true( 3106): at com.tencent.mobileqq.msf.core.q.a(P:344)
04-04 04:40:08.274 E/MSF.C.NetConnTag.true( 3106): at com.tencent.mobileqq.msf.core.q$d.run(P:134)
04-04 04:40:08.274 D/MSF.C.NetConnTag.DualConnContext.true( 3106): reset
04-04 04:40:08.274 D/MSF.C.NetConnTag.DualConnContext.true( 3106): removeConnectionChecker: remove connId = 0
04-04 04:40:08.274 D/MSF.C.NetConnTag.DualConnContext.true( 3106): removeConnectionChecker: remove connId = 1
04-04 04:40:08.274 D/MSF.C.NetConnTag.true( 3106): start monitor foreground change before thread sleep
04-04 04:40:08.276 D/PandoraEx.MonitorReporter( 3311): module[network], systemApi[NI#G_TY_NAME], scene[back], strategy[normal], isSystemCall[true
04-04 04:40:08.276 D/PandoraEx.MonitorReporter( 3311): module[network], systemApi[NI#G_TY_NAME], scene[back], strategy[normal], isSystemCall[true
04-04 04:40:08.276 I/MSF.D.NetworkProvider( 3311): refresh currentAPN:. received networkInfo: CONNECTED :NetworkInfo: type: WIFI[], state: CONNECTED/CONNECTED, reason: (unspecified), extra: , roaming: false, failover: false, isAvailable: true, isConnectedToProvisioningNetwork: true. ExtraNetInfo: null
04-04 04:40:08.278 E/YesApiImpl( 3311): doWhenQQLogin START - false
04-04 04:40:08.278 I/YesApiImpl( 3311): doWhenQQLogin END
04-04 04:40:08.278 D/[QcirclePublish]QCirclePreLoadManager( 3311): requestWhiteList... app.getLongAccountUin():290983097
04-04 04:40:08.278 D/QAR-[QcirclePublish]QCirclePreLoadManager( 3311): requestWhiteList... lastRequestTime:1680578303517 currentTime:1680554408278
04-04 04:40:08.278 I/QzoneConfig( 3311): key = qzonesetting secondaryKey= clientonlinecoldtime value= null
04-04 04:40:08.279 D/LocalRedTouchManager( 3311): pullRedPointInfo using config
04-04 04:40:08.282 I/AutoMonitor( 3311): STEP_DOSOMETHING, cost=2
04-04 04:40:08.287 D/MSF.S.ReqHandler( 3106): handleMsfRequest proxyRegisterPush
04-04 04:40:08.288 I/MSF.S.AppProcessManager( 3106): onRegisterApp process=com.tencent.mobileqq:video processBootName=com.tencent.av.ui.VChatActivity appid=537150662 callback=null
04-04 04:40:08.289 D/MSF.C.PushManager( 3106): recv proxyRegister sendProcess=com.tencent.mobileqq registerProcesscom.tencent.mobileqq:video callbacker= appid=537150662 ProxyRegisterInfo=
04-04 04:40:08.289 I/MSF.S.AppProcessManager( 3106): SendToApp process:com.tencent.mobileqq fromServiceMsg: FromServiceMsg msName:proxyRegisterPush ssoSeq:17407 serviceCmd:push.proxyRegister appSeq:376 failCode:1000 cos t =0 needBoot=false to.len = 0 from.len = 0
04-04 04:40:08.290 D/MSF.D.Proxy( 3311): onReceiveResp, fromServiceMsg = push.proxyRegister, ssoSeq = 17407, length = 0
04-04 04:40:08.291 D/MSF.S.ReqHandler( 3106): handleMsfRequest proxyRegisterPush
04-04 04:40:08.291 I/MSF.S.AppProcessManager( 3106): onRegisterApp process=com.tencent.mobileqq:nearby_video processBootName= appid=537150662 callback=null
