04-04 04:39:28.065 I/OpenGLRenderer( 2940): Davey! duration=9223371770970ms; Flags=0, FrameTimelineVsyncId=5194, IntendedVsync=265883940575, Vsync=265883940575, InputEventId=0, HandleInputStart=265884668438, AnimationStart=265884672396, PerformTraversalsStart=265884675469, DrawStart=265885869844, FrameDeadline=265917273907, FrameInterval=265884658125, FrameStartTime=16666666, SyncQueued=265886763490, SyncStart=265886924375, IssueDrawCommandsStart=265887713594, SwapBuffers=265894314636, FrameCompleted=9223372036854775807, DequeueBufferDuration=44479, QueueBufferDuration=1257500, GpuCompleted=9223372036854775807, SwapBuffersCompleted=265896337500, DisplayPresentTime=0,
04-04 04:39:28.165 I/OpenGLRenderer( 2940): Davey! duration=9223371770870ms; Flags=0, FrameTimelineVsyncId=5197, IntendedVsync=265984204564, Vsync=265984204564, InputEventId=0, HandleInputStart=265984994219, AnimationStart=265984998073, PerformTraversalsStart=265985000938, DrawStart=265986404323, FrameDeadline=266017537896, FrameInterval=265984983750, FrameStartTime=16666666, SyncQueued=265987191771, SyncStart=265987337448, IssueDrawCommandsStart=265988234844, SwapBuffers=265994925521, FrameCompleted=9223372036854775807, DequeueBufferDuration=43698, QueueBufferDuration=1206979, GpuCompleted=9223372036854775807, SwapBuffersCompleted=265996735052, DisplayPresentTime=0,
04-04 04:39:28.240 D/MSF.C.NetConnTag.( 3106): netRecv ssoSeq:17210 uin:*3097 cmd:GTcxIAkuJnQ4Jjc9KSwgKA costTime:30000 SignalStrengths wifi:0 gsm:0 cdma:0 net:2 code:1002 failMsg:wait serverResp timeout
04-04 04:39:28.316 I/OpenGLRenderer( 2940): Davey! duration=9223371770720ms; Flags=0, FrameTimelineVsyncId=5200, IntendedVsync=266134564490, Vsync=266134564490, InputEventId=0, HandleInputStart=266135315365, AnimationStart=266135318542, PerformTraversalsStart=266135321927, DrawStart=266136649479, FrameDeadline=266167897822, FrameInterval=266135305052, FrameStartTime=16666666, SyncQueued=266137334948, SyncStart=266137494271, IssueDrawCommandsStart=266138348125, SwapBuffers=266144984792, FrameCompleted=9223372036854775807, DequeueBufferDuration=44322, QueueBufferDuration=1052969, GpuCompleted=9223372036854775807, SwapBuffersCompleted=266146638281, DisplayPresentTime=0,
04-04 04:39:28.465 I/OpenGLRenderer( 2940): Davey! duration=9223371770569ms; Flags=0, FrameTimelineVsyncId=5203, IntendedVsync=266284928273, Vsync=266284928273, InputEventId=0, HandleInputStart=266285902136, AnimationStart=266285905573, PerformTraversalsStart=266285908333, DrawStart=266287096302, FrameDeadline=266318261605, FrameInterval=266285891615, FrameStartTime=16666666, SyncQueued=266287949011, SyncStart=266288096563, IssueDrawCommandsStart=266288866563, SwapBuffers=266295074844, FrameCompleted=9223372036854775807, DequeueBufferDuration=42031, QueueBufferDuration=1113334, GpuCompleted=9223372036854775807, SwapBuffersCompleted=266296794011, DisplayPresentTime=0,
04-04 04:39:28.495 I/auditd ( 0): type=1400 audit(0.0:523): avc: denied { kill } for comm="swapper/3" capability=5 scontext=u:r:kernel:s0 tcontext=u:r:kernel:s0 tclass=capability permissive=0
04-04 04:39:28.495 W/swapper/3( 0): type=1400 audit(0.0:523): avc: denied { kill } for capability=5 scontext=u:r:kernel:s0 tcontext=u:r:kernel:s0 tclass=capability permissive=0
04-04 04:39:28.617 I/OpenGLRenderer( 2940): Davey! duration=9223371770419ms; Flags=0, FrameTimelineVsyncId=5206, IntendedVsync=266435311271, Vsync=266435311271, InputEventId=0, HandleInputStart=266436360781, AnimationStart=266436364271, PerformTraversalsStart=266436367135, DrawStart=266437535625, FrameDeadline=266468644603, FrameInterval=266436348490, FrameStartTime=16666666, SyncQueued=266438358958, SyncStart=266438501302, IssueDrawCommandsStart=266439254635, SwapBuffers=266445703177, FrameCompleted=9223372036854775807, DequeueBufferDuration=40781, QueueBufferDuration=1214375, GpuCompleted=9223372036854775807, SwapBuffersCompleted=266447597344, DisplayPresentTime=0,
04-04 04:39:28.646 D/audio_hw_primary( 804): copl(0xf1b0a7e0):out of compress_wait
04-04 04:39:28.646 D/MSF.C.NetConnTag.true( 3106): preDetectTimeoutMsg cmd:GCY3BCggPAk8IH49ND4qCTMtMw, ssoSeq:17246
04-04 04:39:28.649 D/audio_hw_primary( 804): No space available in compress driver, post msg to cb thread
04-04 04:39:28.650 D/audio_hw_primary( 804): copl(0xf1b0a7e0):calling compress_wait
04-04 04:39:28.728 I/mpu_uart( 645): [MSG-P:RECV]:No message received in 1000 ms
04-04 04:39:28.767 I/OpenGLRenderer( 2940): Davey! duration=9223371770268ms; Flags=0, FrameTimelineVsyncId=5209, IntendedVsync=266585661637, Vsync=266585661637, InputEventId=0, HandleInputStart=266586423281, AnimationStart=266586426927, PerformTraversalsStart=266586430052, DrawStart=266587676250, FrameDeadline=266618994969, FrameInterval=266586411771, FrameStartTime=16666666, SyncQueued=266588722552, SyncStart=266588869219, IssueDrawCommandsStart=266589728802, SwapBuffers=266596173385, FrameCompleted=9223372036854775807, DequeueBufferDuration=43907, QueueBufferDuration=1245886, GpuCompleted=9223372036854775807, SwapBuffersCompleted=266598085260, DisplayPresentTime=0,
04-04 04:39:28.901 I/mpu_uart( 645): [MSG-P:R]:recv sync frame timeout
04-04 04:39:28.917 I/OpenGLRenderer( 2940): Davey! duration=9223371770118ms; Flags=0, FrameTimelineVsyncId=5212, IntendedVsync=266736006633, Vsync=266736006633, InputEventId=0, HandleInputStart=266736650104, AnimationStart=266736654115, PerformTraversalsStart=266736656823, DrawStart=266737777708, FrameDeadline=266769339965, FrameInterval=266736639687, FrameStartTime=16666666, SyncQueued=266738514062, SyncStart=266738631719, IssueDrawCommandsStart=266739310729, SwapBuffers=266745239844, FrameCompleted=9223372036854775807, DequeueBufferDuration=35781, QueueBufferDuration=1071667, GpuCompleted=9223372036854775807, SwapBuffersCompleted=266746902083, DisplayPresentTime=0,
04-04 04:39:28.942 D/WeakNetDetector( 3106): [MSF_StatReportThread] onPingRecved ssoSeq=17291 pingSend=1680554365906 pingRecv=1680554368942 cost=3036
04-04 04:39:29.067 I/OpenGLRenderer( 2940): Davey! duration=9223371769968ms; Flags=0, FrameTimelineVsyncId=5215, IntendedVsync=266886353737, Vsync=266886353737, InputEventId=0, HandleInputStart=266887517135, AnimationStart=266887521406, PerformTraversalsStart=266887524323, DrawStart=266888867969, FrameDeadline=266919687069, FrameInterval=266887507239, FrameStartTime=16666666, SyncQueued=266889550417, SyncStart=266889701510, IssueDrawCommandsStart=266890462656, SwapBuffers=266896923021, FrameCompleted=9223372036854775807, DequeueBufferDuration=42240, QueueBufferDuration=1043073, GpuCompleted=9223372036854775807, SwapBuffersCompleted=266898671979, DisplayPresentTime=0,
04-04 04:39:29.298 I/OpenGLRenderer( 2940): Davey! duration=9223371769734ms; Flags=0, FrameTimelineVsyncId=5221, IntendedVsync=267120205081, Vsync=267120205081, InputEventId=0, HandleInputStart=267120936250, AnimationStart=267120939948, PerformTraversalsStart=267120942760, DrawStart=267122075260, FrameDeadline=267153538413, FrameInterval=267120925625, FrameStartTime=16666666, SyncQueued=267122892656, SyncStart=267123236719, IssueDrawCommandsStart=267124130989, SwapBuffers=267130631146, FrameCompleted=9223372036854775807, DequeueBufferDuration=44063, QueueBufferDuration=1170781, GpuCompleted=9223372036854775807, SwapBuffersCompleted=267132369896, DisplayPresentTime=0,
04-04 04:39:29.390 E/tlogd ( 1298): [TzLogger](isPathReadable) file /sys/kernel/debug/tzdbg/qsee_log isn't exist or no permission, err: No such file or directory
04-04 04:39:29.390 E/tlogd ( 1298): [TzLogger](saveTzlogAsync) /sys/kernel/debug/tzdbg/qsee_log can not read.
04-04 04:39:29.390 E/tlogd ( 1298): [TzLogger](isPathReadable) file /sys/kernel/debug/tzdbg/log isn't exist or no permission, err: No such file or directory
04-04 04:39:29.390 E/tlogd ( 1298): [TzLogger](saveTzlogAsync) /sys/kernel/debug/tzdbg/log can not read.
04-04 04:39:29.452 I/OpenGLRenderer( 2940): Davey! duration=9223371769583ms; Flags=0, FrameTimelineVsyncId=5224, IntendedVsync=267270552368, Vsync=267270552368, InputEventId=0, HandleInputStart=267271481198, AnimationStart=267271485521, PerformTraversalsStart=267271488333, DrawStart=267272886406, FrameDeadline=267303885700, FrameInterval=267271469479, FrameStartTime=16666666, SyncQueued=267273601146, SyncStart=267274005416, IssueDrawCommandsStart=267274873489, SwapBuffers=267281364843, FrameCompleted=9223372036854775807, DequeueBufferDuration=45782, QueueBufferDuration=1369896, GpuCompleted=9223372036854775807, SwapBuffersCompleted=267283387187, DisplayPresentTime=0,
04-04 04:39:29.456 D/audio_hw_primary( 804): copl(0xf1b0a7e0):out of compress_wait
04-04 04:39:29.459 D/audio_hw_primary( 804): No space available in compress driver, post msg to cb thread
04-04 04:39:29.459 D/audio_hw_primary( 804): copl(0xf1b0a7e0):calling compress_wait
04-04 04:39:29.491 I/auditd ( 0): type=1400 audit(0.0:524): avc: denied { kill } for comm="swapper/3" capability=5 scontext=u:r:kernel:s0 tcontext=u:r:kernel:s0 tclass=capability permissive=0
04-04 04:39:29.491 W/swapper/3( 0): type=1400 audit(0.0:524): avc: denied { kill } for capability=5 scontext=u:r:kernel:s0 tcontext=u:r:kernel:s0 tclass=capability permissive=0
04-04 04:39:29.616 I/OpenGLRenderer( 2940): Davey! duration=9223371769416ms; Flags=0, FrameTimelineVsyncId=5227, IntendedVsync=267437611012, Vsync=267437611012, InputEventId=0, HandleInputStart=267438580885, AnimationStart=267438585416, PerformTraversalsStart=267438588593, DrawStart=267439834531, FrameDeadline=267470944344, FrameInterval=267438569271, FrameStartTime=16666666, SyncQueued=267440876718, SyncStart=267441223750, IssueDrawCommandsStart=267442111406, SwapBuffers=267448965104, FrameCompleted=9223372036854775807, DequeueBufferDuration=45937, QueueBufferDuration=1332187, GpuCompleted=9223372036854775807, SwapBuffersCompleted=267450947604, DisplayPresentTime=0,
04-04 04:39:29.728 I/mpu_uart( 645): [MSG-P:RECV]:No message received in 1000 ms
04-04 04:39:29.769 I/OpenGLRenderer( 2940): Davey! duration=9223371769266ms; Flags=0, FrameTimelineVsyncId=5230, IntendedVsync=267587961633, Vsync=267587961633, InputEventId=0, HandleInputStart=267588527031, AnimationStart=267588530573, PerformTraversalsStart=267588533541, DrawStart=267589679948, FrameDeadline=267621294965, FrameInterval=267588517552, FrameStartTime=16666666, SyncQueued=267590455208, SyncStart=267590600468, IssueDrawCommandsStart=267591435729, SwapBuffers=267597829895, FrameCompleted=9223372036854775807, DequeueBufferDuration=45782, QueueBufferDuration=1240260, GpuCompleted=9223372036854775807, SwapBuffersCompleted=267599698958, DisplayPresentTime=0,
04-04 04:39:29.918 I/OpenGLRenderer( 2940): Davey! duration=9223371769116ms; Flags=0, FrameTimelineVsyncId=5233, IntendedVsync=267738310070, Vsync=267738310070, InputEventId=0, HandleInputStart=267739543802, AnimationStart=267739547239, PerformTraversalsStart=267739549791, DrawStart=267740812500, FrameDeadline=267771643402, FrameInterval=267739534583, FrameStartTime=16666666, SyncQueued=267741581770, SyncStart=267741721718, IssueDrawCommandsStart=267742475312, SwapBuffers=267748593958, FrameCompleted=9223372036854775807, DequeueBufferDuration=41406, QueueBufferDuration=1130312, GpuCompleted=9223372036854775807, SwapBuffersCompleted=267750335156, DisplayPresentTime=0,
04-04 04:39:30.070 I/OpenGLRenderer( 2940): Davey! duration=9223371768965ms; Flags=0, FrameTimelineVsyncId=5236, IntendedVsync=267888658209, Vsync=267888658209, InputEventId=0, HandleInputStart=267889526875, AnimationStart=267889530989, PerformTraversalsStart=267889533645, DrawStart=267890618802, FrameDeadline=267921991541, FrameInterval=267889517760, FrameStartTime=16666666, SyncQueued=267891243020, SyncStart=267891391770, IssueDrawCommandsStart=267892202656, SwapBuffers=267898652239, FrameCompleted=9223372036854775807, DequeueBufferDuration=40469, QueueBufferDuration=1225364, GpuCompleted=9223372036854775807, SwapBuffersCompleted=267900481458, DisplayPresentTime=0,
04-04 04:39:30.276 D/audio_hw_primary( 804): copl(0xf1b0a7e0):out of compress_wait
04-04 04:39:30.280 D/audio_hw_primary( 804): No space available in compress driver, post msg to cb thread
04-04 04:39:30.280 D/audio_hw_primary( 804): copl(0xf1b0a7e0):calling compress_wait
04-04 04:39:30.300 I/OpenGLRenderer( 2940): Davey! duration=9223371768731ms; Flags=0, FrameTimelineVsyncId=5242, IntendedVsync=268122534377, Vsync=268122534377, InputEventId=0, HandleInputStart=268123094166, AnimationStart=268123097968, PerformTraversalsStart=268123101249, DrawStart=268124361458, FrameDeadline=268155867709, FrameInterval=268123083593, FrameStartTime=16666666, SyncQueued=268125147656, SyncStart=268125435416, IssueDrawCommandsStart=268126159791, SwapBuffers=268133866614, FrameCompleted=9223372036854775807, DequeueBufferDuration=38906, QueueBufferDuration=1280052, GpuCompleted=9223372036854775807, SwapBuffersCompleted=268135865520, DisplayPresentTime=0,
04-04 04:39:30.454 I/OpenGLRenderer( 2940): Davey! duration=9223371768581ms; Flags=0, FrameTimelineVsyncId=5245, IntendedVsync=268272879593, Vsync=268272879593, InputEventId=0, HandleInputStart=268273477968, AnimationStart=268273481614, PerformTraversalsStart=268273484999, DrawStart=268274717447, FrameDeadline=268306212925, FrameInterval=268273467343, FrameStartTime=16666666, SyncQueued=268275461614, SyncStart=268275821197, IssueDrawCommandsStart=268276803437, SwapBuffers=268283189270, FrameCompleted=9223372036854775807, DequeueBufferDuration=43541, QueueBufferDuration=1227708, GpuCompleted=9223372036854775807, SwapBuffersCompleted=268285118072, DisplayPresentTime=0,
04-04 04:39:30.495 I/auditd ( 0): type=1400 audit(0.0:525): avc: denied { kill } for comm="swapper/3" capability=5 scontext=u:r:kernel:s0 tcontext=u:r:kernel:s0 tclass=capability permissive=0
04-04 04:39:30.495 W/swapper/3( 0): type=1400 audit(0.0:525): avc: denied { kill } for capability=5 scontext=u:r:kernel:s0 tcontext=u:r:kernel:s0 tclass=capability permissive=0
04-04 04:39:30.604 I/OpenGLRenderer( 2940): Davey! duration=9223371768431ms; Flags=0, FrameTimelineVsyncId=5248, IntendedVsync=268423274577, Vsync=268423274577, InputEventId=0, HandleInputStart=268423782031, AnimationStart=268423785156, PerformTraversalsStart=268423787968, DrawStart=268424960260, FrameDeadline=268456607909, FrameInterval=268423773228, FrameStartTime=16666666, SyncQueued=268425729739, SyncStart=268425895312, IssueDrawCommandsStart=268426635468, SwapBuffers=268433075989, FrameCompleted=9223372036854775807, DequeueBufferDuration=42240, QueueBufferDuration=1192083, GpuCompleted=9223372036854775807, SwapBuffersCompleted=268434865728, DisplayPresentTime=0,
04-04 04:39:30.728 I/mpu_uart( 645): [MSG-P:RECV]:No message received in 1000 ms
04-04 04:39:30.755 I/OpenGLRenderer( 2940): Davey! duration=9223371768280ms; Flags=0, FrameTimelineVsyncId=5251, IntendedVsync=268573641501, Vsync=268573641501, InputEventId=0, HandleInputStart=268574278281, AnimationStart=268574281614, PerformTraversalsStart=268574284739, DrawStart=268575420364, FrameDeadline=268606974833, FrameInterval=268574267812, FrameStartTime=16666666, SyncQueued=268576440364, SyncStart=268576643228, IssueDrawCommandsStart=268577450937, SwapBuffers=268583988333, FrameCompleted=9223372036854775807, DequeueBufferDuration=43282, QueueBufferDuration=1086771, GpuCompleted=9223372036854775807, SwapBuffersCompleted=268586058853, DisplayPresentTime=0,
04-04 04:39:30.905 I/OpenGLRenderer( 2940): Davey! duration=9223371768130ms; Flags=0, FrameTimelineVsyncId=5254, IntendedVsync=268724039609, Vsync=268724039609, InputEventId=0, HandleInputStart=268724649530, AnimationStart=268724653333, PerformTraversalsStart=268724656405, DrawStart=268725773541, FrameDeadline=268757372941, FrameInterval=268724639374, FrameStartTime=16666666, SyncQueued=268726543593, SyncStart=268726880520, IssueDrawCommandsStart=268727601562, SwapBuffers=268733880833, FrameCompleted=9223372036854775807, DequeueBufferDuration=38646, QueueBufferDuration=1062761, GpuCompleted=9223372036854775807, SwapBuffersCompleted=268735519635, DisplayPresentTime=0,
04-04 04:39:30.955 D/MSF.C.NetConnTag.DualConnContext.true( 3106): tryDualConn
04-04 04:39:30.957 D/PandoraEx.MonitorReporter( 3106): module[network], systemApi[NI#G_TY_NAME], scene[back], strategy[normal], isSystemCall[true
04-04 04:39:30.957 D/PandoraEx.MonitorReporter( 3106): module[network], systemApi[NI#G_TY_NAME], scene[back], strategy[normal], isSystemCall[true
04-04 04:39:30.958 I/MSF.D.NetworkProvider( 3106): refresh currentAPN:. received networkInfo: CONNECTED :NetworkInfo: type: WIFI[], state: CONNECTED/CONNECTED, reason: (unspecified), extra: , roaming: false, failover: false, isAvailable: true, isConnectedToProvisioningNetwork: true. ExtraNetInfo: null
04-04 04:39:30.960 D/MSF.C.NetConnTag.true( 3106): mainSocketEngineOpenConn start...activeIpFamily=1
04-04 04:39:30.960 D/MSF.C.SsoListManager( 3106): getAvailableSsoList ssoTypeKey = SocketWifiIpv4, curr size null
04-04 04:39:30.960 D/MSF.C.SsoListManager( 3106): getAvailableSsoList ssoTypeKey = SocketMobileIpv4, curr size null
04-04 04:39:30.960 D/MSF.C.NetConnTag.true( 3106): mainSocketEngineOpenConn try single conn wifiSsoList=10, mobileSsoList=6
04-04 04:39:30.961 D/MSF.C.NetConnTag.true( 3106): [setMainSocketEngineId] mainConnID: 0
04-04 04:39:30.961 D/PandoraEx.MonitorReporter( 3106): module[network], systemApi[NI#G_TY_NAME], scene[back], strategy[normal], isSystemCall[true
04-04 04:39:30.962 D/PandoraEx.MonitorReporter( 3106): module[network], systemApi[NI#G_TY_NAME], scene[back], strategy[normal], isSystemCall[true
04-04 04:39:30.962 I/MSF.D.NetworkProvider( 3106): refresh currentAPN:. received networkInfo: CONNECTED :NetworkInfo: type: WIFI[], state: CONNECTED/CONNECTED, reason: (unspecified), extra: , roaming: false, failover: false, isAvailable: true, isConnectedToProvisioningNetwork: true. ExtraNetInfo: null
04-04 04:39:30.964 W/Settings( 3106): Setting airplane_mode_on has moved from android.provider.Settings.System to android.provider.Settings.Global, returning read-only value.
04-04 04:39:30.965 D/PandoraEx.MonitorReporter( 3106): module[network], systemApi[NI#G_TY_NAME], scene[back], strategy[normal], isSystemCall[true
04-04 04:39:30.965 D/PandoraEx.MonitorReporter( 3106): module[network], systemApi[NI#G_TY_NAME], scene[back], strategy[normal], isSystemCall[true
04-04 04:39:30.965 I/MSF.D.NetworkProvider( 3106): refresh currentAPN:. received networkInfo: CONNECTED :NetworkInfo: type: WIFI[], state: CONNECTED/CONNECTED, reason: (unspecified), extra: , roaming: false, failover: false, isAvailable: true, isConnectedToProvisioningNetwork: true. ExtraNetInfo: null
04-04 04:39:30.973 D/MSF.C.NetConnTag.true( 3106): try open Conn OSwzPz8sf3VlLiMyLTEjM2RwN3orKWs5JS5qbGpgdXl6c2BkamJ1YHt5YmRgPiQ2OSZqOi80KWAkNjw4YGl/Ljg2NW5q noneProxy net:2 cross:0 protocalsocket
04-04 04:39:30.974 E/MSF.C.NetConnTag.true( 3106): [openConn] socket has built, socketEngineID: 0socket: 158740490java.lang.Throwable
04-04 04:39:30.974 E/MSF.C.NetConnTag.true( 3106): at com.tencent.mobileqq.msf.core.net.m.a(P:44)
04-04 04:39:30.974 E/MSF.C.NetConnTag.true( 3106): at com.tencent.mobileqq.msf.core.net.n.a(P:218)
04-04 04:39:30.974 E/MSF.C.NetConnTag.true( 3106): at com.tencent.mobileqq.msf.core.net.n.a(P:214)
04-04 04:39:30.974 E/MSF.C.NetConnTag.true( 3106): at com.tencent.mobileqq.msf.core.net.n.a(P:190)
04-04 04:39:30.974 E/MSF.C.NetConnTag.true( 3106): at com.tencent.mobileqq.msf.core.net.n.b(P:49)
04-04 04:39:30.974 E/MSF.C.NetConnTag.true( 3106): at com.tencent.mobileqq.msf.core.net.n.a(P:110)
04-04 04:39:30.974 E/MSF.C.NetConnTag.true( 3106): at com.tencent.mobileqq.msf.core.net.n.t(P:1)
04-04 04:39:30.974 E/MSF.C.NetConnTag.true( 3106): at com.tencent.mobileqq.msf.core.net.n.a(P:228)
04-04 04:39:30.974 E/MSF.C.NetConnTag.true( 3106): at com.tencent.mobileqq.msf.core.q$d.run(P:120)
04-04 04:39:31.020 D/ReportWeakNetConnTime( 3106): reconnected, use 5110 ms. LastConnectedNetType: 2, reason: readError
04-04 04:39:31.020 I/SocketReaderNewtrue( 3106): SocketReader(119) onConnOpened
04-04 04:39:31.020 I/SocketReaderNewtrue( 3106): SocketReader(119) continue
04-04 04:39:31.020 D/MSF.C.NetConnTag.true( 3106): open conn at JzA2IzM+LHR5JH4lK3YmNSdsYWZqdndpeG1hbHRqdGlwe2Bsag costTime:46 configTimeout: 20000 localSocket:e3piemtufXR7cWR6bm0:53022 noneProxy cross:0 976300a
04-04 04:39:31.020 D/ReportWeakNetConnTime( 3106): OpenConn: msfwifi.3g.qq.com/120.232.18.213:8080
04-04 04:39:31.022 D/PandoraEx.MonitorReporter( 3106): module[network], systemApi[NI#G_TY_NAME], scene[back], strategy[normal], isSystemCall[true
04-04 04:39:31.022 D/PandoraEx.MonitorReporter( 3106): module[network], systemApi[NI#G_TY_NAME], scene[back], strategy[normal], isSystemCall[true
04-04 04:39:31.022 I/MSF.D.NetworkProvider( 3106): refresh currentAPN:. received networkInfo: CONNECTED :NetworkInfo: type: WIFI[], state: CONNECTED/CONNECTED, reason: (unspecified), extra: , roaming: false, failover: false, isAvailable: true, isConnectedToProvisioningNetwork: true. ExtraNetInfo: null
04-04 04:39:31.037 D/WTReporter( 3106): checkAndReporterUinError uin = 290983097
04-04 04:39:31.048 D/WTReporter( 3106): checkAndReporterUinError uin = 290983097
04-04 04:39:31.053 I/OpenGLRenderer( 2940): Davey! duration=9223371767980ms; Flags=0, FrameTimelineVsyncId=5257, IntendedVsync=268874407269, Vsync=268874407269, InputEventId=0, HandleInputStart=268874895051, AnimationStart=268874898489, PerformTraversalsStart=268874901301, DrawStart=268876217291, FrameDeadline=268907740601, FrameInterval=268874884582, FrameStartTime=16666666, SyncQueued=268876893801, SyncStart=268877046041, IssueDrawCommandsStart=268877999582, SwapBuffers=268884582499, FrameCompleted=9223372036854775807, DequeueBufferDuration=49480, QueueBufferDuration=1406354, GpuCompleted=9223372036854775807, SwapBuffersCompleted=268886709843, DisplayPresentTime=0,
04-04 04:39:31.055 I/MSF.C.AccountCenter( 3106): loadAccountInfoFromWt,uin=*3097,isAlive=true,mLoginBitmap=0,uin=*3097,isAlive=true,mLoginBitmap=0
04-04 04:39:31.055 D/MSF.C.AccountCenter( 3106): MsfCoreMsgSender handleLoadedAccounts setKey *3097
04-04 04:39:31.055 D/MSF.C.CodecWarpper( 3106): nativeSetAccountKey ,uin=*3097,A1=null,A2=72|9a,A3=null,D1=null,D2=64|5b,S2=null,key=16|76,cookie=null
04-04 04:39:31.055 D/MSF.C.NetConnTag.true( 3106): use full head for uin:*3097
04-04 04:39:31.055 D/MSF.C.NetConnTag.false( 3106): use full head for uin:*3097
04-04 04:39:31.055 D/MSF.C.AccountCenter( 3106): MsfCoreMsgSender handleLoadedAccounts setKey *3097
04-04 04:39:31.056 D/MSF.C.CodecWarpper( 3106): nativeSetAccountKey ,uin=*3097,A1=null,A2=72|9a,A3=null,D1=null,D2=64|5b,S2=null,key=16|76,cookie=null
04-04 04:39:31.056 D/MSF.C.NetConnTag.true( 3106): use full head for uin:*3097
04-04 04:39:31.056 D/MSF.C.NetConnTag.false( 3106): use full head for uin:*3097
04-04 04:39:31.057 D/MSF.C.NetConnTag.true( 3106): ssoping cmd:MSF seq: 17302 timeout: 20000
04-04 04:39:31.057 D/MSF.C.NetConnTag.true( 3106): netSend ssoSeq:17302 uin:0 cmd:BxAW 17323 976300a socketEngineID: 0 socket: 158740490
04-04 04:39:31.057 D/WeakNetDetector( 3106): onPingSent ssoSeq=17302 pingSend=1680554371057
04-04 04:39:31.058 D/MSF.C.PushManager:PushCoder( 3106): also send pushRegister, return. true true true
04-04 04:39:31.058 I/MSF.S.AppProcessManager( 3106): SendToApp PUSH process:com.tencent.mobileqq fromServiceMsg: FromServiceMsg msName:onConnOpened ssoSeq:17304 serviceCmd:cmd_connOpened appSeq:17303 failCode:1000 cost = 0 needBoot=true from.len = 0
04-04 04:39:31.060 D/PandoraEx.MonitorReporter( 3106): module[network], systemApi[NI#G_TY_NAME], scene[back], strategy[normal], isSystemCall[true
04-04 04:39:31.060 D/PandoraEx.MonitorReporter( 3106): module[network], systemApi[NI#G_TY_NAME], scene[back], strategy[normal], isSystemCall[true
04-04 04:39:31.060 I/MSF.D.NetworkProvider( 3106): refresh currentAPN:. received networkInfo: CONNECTED :NetworkInfo: type: WIFI[], state: CONNECTED/CONNECTED, reason: (unspecified), extra: , roaming: false, failover: false, isAvailable: true, isConnectedToProvisioningNetwork: true. ExtraNetInfo: null
04-04 04:39:31.060 D/MSF.C.NetConnTag.true( 3106): [checkSSOVersionChange], set old sso version, msfV20Toggle: true, isSupportNewSSO: false
04-04 04:39:31.060 D/MSF.C.CodecWarpper( 3106): [nativeSetIsSupportNewSSOVersion], isSupportNewSSOVersion: false
04-04 04:39:31.060 D/MSF.C.NetConnTag.true( 3106): MsfCoreSocketReaderNew closeConn socketEngineID: 0 socket hashcode: 158740490 for reason: readError
04-04 04:39:31.060 D/MSF.C.NetConnTag.true( 3106): msf can not get ssid
04-04 04:39:31.060 D/MSF.D.Proxy( 3311): onRecvServicePushResp, fromServiceMsg cmd = cmd_connOpened, ssoSeq = 17304, length = 0
04-04 04:39:31.060 D/MSF.C.NetConnTag.true( 3106): current network state: weakNet
04-04 04:39:31.061 D/MSF.C.NetConnTag.true( 3106): msf can not get ssid
04-04 04:39:31.061 D/MSF.C.NetConnTag.true( 3106): current network state: weakNet
04-04 04:39:31.061 D/ReportWeakNetConnTime( 3106): CloseSocket: readError, socket: Socket[address=msfwifi.3g.qq.com/120.232.18.213,port=8080,localPort=53022]
04-04 04:39:31.061 E/MSF.C.NetConnTag.true( 3106): close socket has done, socketEngineID: 0socket: 158740490java.lang.Throwable
04-04 04:39:31.061 E/MSF.C.NetConnTag.true( 3106): at com.tencent.mobileqq.msf.core.net.m.a(P:330)
04-04 04:39:31.061 E/MSF.C.NetConnTag.true( 3106): at com.tencent.mobileqq.msf.core.net.m$d.run(P:23)
04-04 04:39:31.061 D/MSF.C.NetConnTag.true( 3106): close Socket GSwzPz8sHjsuJyIxKSt4NzklJz08MWtpLW0hJXQ7KjdlcmJkdGp2aGRyaHpoaXZ2OiwiIGdgdWJ6bzw7OTkpCiUxJGlva3VoeB4 by readError
04-04 04:39:31.061 D/MSF.C.NetConnTag.true( 3106): p ok re1: [can not reuse old point]17145
04-04 04:39:31.061 D/MSF.C.SsoListManager( 3106): not found socket://msfwifi.3g.qq.com:8080#00000:0:1:20:false:null:null:1:true:0 at ssoList.
04-04 04:39:31.061 D/MSF.C.SsoListManager( 3106): not found socket://msfwifi.3g.qq.com:8080#00000:0:1:20:false:null:null:1:true:0 at ssoList.
04-04 04:39:31.062 D/PandoraEx.MonitorReporter( 3106): module[network], systemApi[NI#G_TY_NAME], scene[back], strategy[normal], isSystemCall[true
04-04 04:39:31.062 D/PandoraEx.MonitorReporter( 3106): module[network], systemApi[NI#G_TY_NAME], scene[back], strategy[normal], isSystemCall[true
04-04 04:39:31.062 I/MSF.D.NetworkProvider( 3106): refresh currentAPN:. received networkInfo: CONNECTED :NetworkInfo: type: WIFI[], state: CONNECTED/CONNECTED, reason: (unspecified), extra: , roaming: false, failover: false, isAvailable: true, isConnectedToProvisioningNetwork: true. ExtraNetInfo: null
04-04 04:39:31.063 E/SocketReaderNewtrue( 3106): socketEngine: 0socket hashCode: 0SocketReader(119) errorjava.net.SocketException: Connection reset
04-04 04:39:31.063 I/SocketReaderNewtrue( 3106): SocketReader(119) wait
04-04 04:39:31.063 I/MSF.S.AppProcessManager( 3106): SendToApp PUSH process:com.tencent.mobileqq fromServiceMsg: FromServiceMsg msName:onConnClosed ssoSeq:-1 serviceCmd:cmd_connClosed appSeq:17305 failCode:1000 cost = 0 needBoot=false from.len = 0
04-04 04:39:31.063 D/PandoraEx.MonitorReporter( 3311): module[network], systemApi[NI#G_TY_NAME], scene[back], strategy[normal], isSystemCall[true
04-04 04:39:31.063 D/MSF.D.Proxy( 3311): onRecvServicePushResp, fromServiceMsg cmd = cmd_connClosed, ssoSeq = -1, length = 0
04-04 04:39:31.063 D/MSF.C.NetConnTag.true( 3106): mainSocketEngineOpenConn start...activeIpFamily=1
04-04 04:39:31.063 D/MSF.C.SsoListManager( 3106): getAvailableSsoList ssoTypeKey = SocketWifiIpv4, curr size null
04-04 04:39:31.063 D/MSF.C.SsoListManager( 3106): getAvailableSsoList ssoTypeKey = SocketMobileIpv4, curr size null
04-04 04:39:31.063 D/MSF.C.NetConnTag.true( 3106): mainSocketEngineOpenConn try single conn wifiSsoList=10, mobileSsoList=6
04-04 04:39:31.063 D/PandoraEx.MonitorReporter( 3311): module[network], systemApi[NI#G_TY_NAME], scene[back], strategy[normal], isSystemCall[true
04-04 04:39:31.063 D/MSF.C.NetConnTag.true( 3106): [setMainSocketEngineId] mainConnID: 0
04-04 04:39:31.063 I/MSF.D.NetworkProvider( 3311): refresh currentAPN:. received networkInfo: CONNECTED :NetworkInfo: type: WIFI[], state: CONNECTED/CONNECTED, reason: (unspecified), extra: , roaming: false, failover: false, isAvailable: true, isConnectedToProvisioningNetwork: true. ExtraNetInfo: null
04-04 04:39:31.064 D/PandoraEx.MonitorReporter( 3106): module[network], systemApi[NI#G_TY_NAME], scene[back], strategy[normal], isSystemCall[true
04-04 04:39:31.064 D/PandoraEx.MonitorReporter( 3106): module[network], systemApi[NI#G_TY_NAME], scene[back], strategy[normal], isSystemCall[true
04-04 04:39:31.064 I/MSF.D.NetworkProvider( 3106): refresh currentAPN:. received networkInfo: CONNECTED :NetworkInfo: type: WIFI[], state: CONNECTED/CONNECTED, reason: (unspecified), extra: , roaming: false, failover: false, isAvailable: true, isConnectedToProvisioningNetwork: true. ExtraNetInfo: null
04-04 04:39:31.065 I/NTKernel( 3311): [NTSDK]seq(1163)---- [INFO] session_base.cpp(304)::SetOnMsfStatusChanged [NT Session]->SetOnMsfStatusChanged call: new_status=1, old_status=1, reason=3
04-04 04:39:31.065 I/NTKernel( 3311): [NTSDK]seq(1164)---- [INFO] session_base.cpp(323)::operator() [NT Session]->SetOnMsfStatusChanged ignore unchanged msf status: 1
04-04 04:39:31.066 W/Settings( 3106): Setting airplane_mode_on has moved from android.provider.Settings.System to android.provider.Settings.Global, returning read-only value.
04-04 04:39:31.066 D/PandoraEx.MonitorReporter( 3106): module[network], systemApi[NI#G_TY_NAME], scene[back], strategy[normal], isSystemCall[true
04-04 04:39:31.066 D/PandoraEx.MonitorReporter( 3106): module[network], systemApi[NI#G_TY_NAME], scene[back], strategy[normal], isSystemCall[true
04-04 04:39:31.066 I/MSF.D.NetworkProvider( 3106): refresh currentAPN:. received networkInfo: CONNECTED :NetworkInfo: type: WIFI[], state: CONNECTED/CONNECTED, reason: (unspecified), extra: , roaming: false, failover: false, isAvailable: true, isConnectedToProvisioningNetwork: true. ExtraNetInfo: null
04-04 04:39:31.067 D/MSF.C.NetConnTag.true( 3106): try open Conn OSwzPz8sf3VlLiMyLTEjM2RwN3orKWs5JS5qbGpgdXl6c2BkamJ1YHt5YmRgPiQ2OSZqOi80KWAkNjw4YGl/Ljg2NW5q noneProxy net:2 cross:0 protocalsocket
04-04 04:39:31.067 D/MessageHandler( 3311): sendNewRegisterProxy , isGetPassword = false ,randomSeq143094132, isWakeFromDeepSleep = false
04-04 04:39:31.067 D/MessageHandler( 3311): [ReSendProxy] currentRegisterProxyRandom = 7217926064673203065
04-04 04:39:31.067 D/RegisterProxySvcPackService( 3311): requestNewRegister , type = 1 ,ulRequestOptional = 90562 ,cDisgroupMsgFilter = 1 ,NoticeEndSeq = 143094132 ,ulSyncTime = 0
04-04 04:39:31.067 E/MSF.C.NetConnTag.true( 3106): [openConn] socket has built, socketEngineID: 0socket: 262246701java.lang.Throwable
04-04 04:39:31.067 E/MSF.C.NetConnTag.true( 3106): at com.tencent.mobileqq.msf.core.net.m.a(P:44)
04-04 04:39:31.067 E/MSF.C.NetConnTag.true( 3106): at com.tencent.mobileqq.msf.core.net.n.a(P:218)
04-04 04:39:31.067 E/MSF.C.NetConnTag.true( 3106): at com.tencent.mobileqq.msf.core.net.n.a(P:214)
04-04 04:39:31.067 E/MSF.C.NetConnTag.true( 3106): at com.tencent.mobileqq.msf.core.net.n.a(P:190)
04-04 04:39:31.067 E/MSF.C.NetConnTag.true( 3106): at com.tencent.mobileqq.msf.core.net.n.b(P:49)
04-04 04:39:31.067 E/MSF.C.NetConnTag.true( 3106): at com.tencent.mobileqq.msf.core.net.n.a(P:110)
04-04 04:39:31.067 E/MSF.C.NetConnTag.true( 3106): at com.tencent.mobileqq.msf.core.net.n.t(P:1)
04-04 04:39:31.067 E/MSF.C.NetConnTag.true( 3106): at com.tencent.mobileqq.msf.core.net.n.a(P:239)
04-04 04:39:31.067 E/MSF.C.NetConnTag.true( 3106): at com.tencent.mobileqq.msf.core.q$d.run(P:120)
04-04 04:39:31.068 D/MSF.S.ReqHandler( 3106): get infoLogin, but not register push, register now
04-04 04:39:31.069 D/msfCore ( 3106): stopPCActivePolling by regPush
04-04 04:39:31.069 I/MSF.S.AppProcessManager( 3106): SendToApp process:com.tencent.mobileqq fromServiceMsg: FromServiceMsg msName:registerPush ssoSeq:-1 serviceCmd:push.register appSeq:-1 failCode:1000 cos t =0 needBoot=false to.len = 0 from.len = 0
04-04 04:39:31.069 D/MSF.D.Proxy( 3311): onReceiveResp, fromServiceMsg = push.register, ssoSeq = -1, length = 0
04-04 04:39:31.070 D/PCActiveEchoManager( 3106): stopEcho succ
04-04 04:39:31.070 I/AutoMonitor( 3311): STEP_SEND_REGISTER_PACKAGE, cost=7
04-04 04:39:31.086 D/audio_hw_primary( 804): copl(0xf1b0a7e0):out of compress_wait
04-04 04:39:31.088 D/audio_hw_primary( 804): No space available in compress driver, post msg to cb thread
04-04 04:39:31.088 D/audio_hw_primary( 804): copl(0xf1b0a7e0):calling compress_wait
04-04 04:39:31.135 D/ReportWeakNetConnTime( 3106): reconnected, use 74 ms. LastConnectedNetType: 2, reason: readError
04-04 04:39:31.135 I/SocketReaderNewtrue( 3106): SocketReader(119) onConnOpened
04-04 04:39:31.135 I/SocketReaderNewtrue( 3106): SocketReader(119) continue
04-04 04:39:31.136 D/MSF.C.NetConnTag.true( 3106): open conn at JzA2IzM+LHR5JH4lK3YmNSdsYWZqdndpeG1hbHRqdGlwe2Bsag costTime:68 configTimeout: 20000 localSocket:e3piemtufXR7cWR6bm0:53024 noneProxy cross:0 fa1912d
04-04 04:39:31.136 D/ReportWeakNetConnTime( 3106): OpenConn: msfwifi.3g.qq.com/120.232.18.213:8080
04-04 04:39:31.137 D/PandoraEx.MonitorReporter( 3106): module[network], systemApi[NI#G_TY_NAME], scene[back], strategy[normal], isSystemCall[true
04-04 04:39:31.138 D/PandoraEx.MonitorReporter( 3106): module[network], systemApi[NI#G_TY_NAME], scene[back], strategy[normal], isSystemCall[true
04-04 04:39:31.138 I/MSF.D.NetworkProvider( 3106): refresh currentAPN:. received networkInfo: CONNECTED :NetworkInfo: type: WIFI[], state: CONNECTED/CONNECTED, reason: (unspecified), extra: , roaming: false, failover: false, isAvailable: true, isConnectedToProvisioningNetwork: true. ExtraNetInfo: null
04-04 04:39:31.146 D/WTReporter( 3106): checkAndReporterUinError uin = 290983097
04-04 04:39:31.152 D/WTReporter( 3106): checkAndReporterUinError uin = 290983097
04-04 04:39:31.157 I/MSF.C.AccountCenter( 3106): loadAccountInfoFromWt,uin=*3097,isAlive=true,mLoginBitmap=0,uin=*3097,isAlive=true,mLoginBitmap=0
04-04 04:39:31.157 D/MSF.C.AccountCenter( 3106): MsfCoreMsgSender handleLoadedAccounts setKey *3097
04-04 04:39:31.158 D/MSF.C.CodecWarpper( 3106): nativeSetAccountKey ,uin=*3097,A1=null,A2=72|9a,A3=null,D1=null,D2=64|5b,S2=null,key=16|76,cookie=null
04-04 04:39:31.158 D/MSF.C.NetConnTag.true( 3106): use full head for uin:*3097
04-04 04:39:31.158 D/MSF.C.NetConnTag.false( 3106): use full head for uin:*3097
04-04 04:39:31.158 D/MSF.C.AccountCenter( 3106): MsfCoreMsgSender handleLoadedAccounts setKey *3097
04-04 04:39:31.158 D/MSF.C.CodecWarpper( 3106): nativeSetAccountKey ,uin=*3097,A1=null,A2=72|9a,A3=null,D1=null,D2=64|5b,S2=null,key=16|76,cookie=null
04-04 04:39:31.158 D/MSF.C.NetConnTag.true( 3106): use full head for uin:*3097
04-04 04:39:31.158 D/MSF.C.NetConnTag.false( 3106): use full head for uin:*3097
04-04 04:39:31.158 D/MSF.C.NetConnTag.true( 3106): ssoping cmd:MSF seq: 17308 timeout: 20000
04-04 04:39:31.159 D/MSF.C.NetConnTag.true( 3106): netSend ssoSeq:17308 uin:0 cmd:BxAW 17329 fa1912d socketEngineID: 0 socket: 262246701
04-04 04:39:31.159 D/WeakNetDetector( 3106): onPingSent ssoSeq=17308 pingSend=1680554371159
04-04 04:39:31.162 D/MSF.C.NetConnTag.true( 3106): MsfCoreSocketReaderNew closeConn socketEngineID: 0 socket hashcode: 262246701 for reason: readError
04-04 04:39:31.162 D/ReportWeakNetConnTime( 3106): CloseSocket: readError, socket: Socket[address=msfwifi.3g.qq.com/120.232.18.213,port=8080,localPort=53024]
04-04 04:39:31.163 E/MSF.C.NetConnTag.true( 3106): close socket has done, socketEngineID: 0socket: 262246701java.lang.Throwable
04-04 04:39:31.163 E/MSF.C.NetConnTag.true( 3106): at com.tencent.mobileqq.msf.core.net.m.a(P:330)
04-04 04:39:31.163 E/MSF.C.NetConnTag.true( 3106): at com.tencent.mobileqq.msf.core.net.m$d.run(P:23)
04-04 04:39:31.163 D/MSF.C.NetConnTag.true( 3106): close Socket GSwzPz8sHjsuJyIxKSt4NzklJz08MWtpLW0hJXQ7KjdlcmJkdGp2aGRyaHpoaXZ2OiwiIGdgdWJ6bzw7OTkpCiUxJGlva3Vofh4 by readError
04-04 04:39:31.163 E/SocketReaderNewtrue( 3106): socketEngine: 0socket hashCode: 0SocketReader(119) errorjava.net.SocketException: Connection reset
04-04 04:39:31.164 I/SocketReaderNewtrue( 3106): SocketReader(119) wait
04-04 04:39:31.164 I/SharedPreferencesProxyManager( 3106): getProxyInner from mRemoteSPs
04-04 04:39:31.164 I/MSF.S.AppProcessManager( 3106): SendToApp PUSH process:com.tencent.mobileqq fromServiceMsg: FromServiceMsg msName:onConnClosed ssoSeq:-1 serviceCmd:cmd_connClosed appSeq:17309 failCode:1000 cost = 0 needBoot=false from.len = 0
04-04 04:39:31.164 I/SharedPreferencesProxyManager( 3311): getProxyInner from mLocalSPs
04-04 04:39:31.164 D/MSF.D.Proxy( 3311): onRecvServicePushResp, fromServiceMsg cmd = cmd_connClosed, ssoSeq = -1, length = 0
04-04 04:39:31.165 D/MSF.C.PushManager:PushCoder( 3106): HPush_msf-pushCoder.vendor_push_type:1
04-04 04:39:31.165 I/NTKernel( 3311): [NTSDK]seq(1165)---- [INFO] session_base.cpp(304)::SetOnMsfStatusChanged [NT Session]->SetOnMsfStatusChanged call: new_status=1, old_status=1, reason=3
04-04 04:39:31.165 I/NTKernel( 3311): [NTSDK]seq(1166)---- [INFO] session_base.cpp(323)::operator() [NT Session]->SetOnMsfStatusChanged ignore unchanged msf status: 1
04-04 04:39:31.165 D/MSF.C.PushManager:PushCoder( 3106): handlerPush send D6A8E0E019B289A6B2F05168D13A6E31 register push id 7 pushStatus:11 bRegType:1 timeStamp:349 newIP:3574786168 oldIP:0,regPushReason:msfByNetChange extStatus:0 battery:0
04-04 04:39:31.166 I/MSF.S.AppProcessManager( 3106): SendToApp PUSH process:com.tencent.mobileqq fromServiceMsg: FromServiceMsg msName:onConnOpened ssoSeq:17313 serviceCmd:cmd_connOpened appSeq:17312 failCode:1000 cost = 0 needBoot=true from.len = 0
04-04 04:39:31.166 D/MSF.D.Proxy( 3311): onRecvServicePushResp, fromServiceMsg cmd = cmd_connOpened, ssoSeq = 17313, length = 0
04-04 04:39:31.166 D/PandoraEx.MonitorReporter( 3106): module[network], systemApi[NI#G_TY_NAME], scene[back], strategy[normal], isSystemCall[true
04-04 04:39:31.166 D/PandoraEx.MonitorReporter( 3106): module[network], systemApi[NI#G_TY_NAME], scene[back], strategy[normal], isSystemCall[true
04-04 04:39:31.166 I/MSF.D.NetworkProvider( 3106): refresh currentAPN:. received networkInfo: CONNECTED :NetworkInfo: type: WIFI[], state: CONNECTED/CONNECTED, reason: (unspecified), extra: , roaming: false, failover: false, isAvailable: true, isConnectedToProvisioningNetwork: true. ExtraNetInfo: null
04-04 04:39:31.167 D/PandoraEx.MonitorReporter( 3311): module[network], systemApi[NI#G_TY_NAME], scene[back], strategy[normal], isSystemCall[true
04-04 04:39:31.167 D/PandoraEx.MonitorReporter( 3311): module[network], systemApi[NI#G_TY_NAME], scene[back], strategy[normal], isSystemCall[true
04-04 04:39:31.167 I/MSF.D.NetworkProvider( 3311): refresh currentAPN:. received networkInfo: CONNECTED :NetworkInfo: type: WIFI[], state: CONNECTED/CONNECTED, reason: (unspecified), extra: , roaming: false, failover: false, isAvailable: true, isConnectedToProvisioningNetwork: true. ExtraNetInfo: null
04-04 04:39:31.167 D/MSF.C.NetConnTag.true( 3106): send msg error, ssoSeq: 17145current thread pid: 82socketEngineID: 0socket hashCode: 0java.lang.NullPointerException: Attempt to invoke virtual method 'boolean com.tencent.mobileqq.msf.core.c.l()' on a null object reference
04-04 04:39:31.167 D/MSF.C.NetConnTag.( 3106): MsfCoreMsgSender worker run closeConn writeError
04-04 04:39:31.167 D/MSF.C.NetConnTag.true( 3106): MsfCoreMsgSender closeConn socketEngineID: 0 socket hashcode: 0 for reason: writeError
04-04 04:39:31.167 E/MSF.C.NetConnTag.true( 3106): conn is already closed on writeError closeConn socketEngineID: 0 socket hashcode: 0java.lang.Throwable
04-04 04:39:31.167 E/MSF.C.NetConnTag.true( 3106): at com.tencent.mobileqq.msf.core.net.m.a(P:284)
04-04 04:39:31.167 E/MSF.C.NetConnTag.true( 3106): at com.tencent.mobileqq.msf.core.net.n.a(P:250)
04-04 04:39:31.167 E/MSF.C.NetConnTag.true( 3106): at com.tencent.mobileqq.msf.core.q.a(P:344)
04-04 04:39:31.167 E/MSF.C.NetConnTag.true( 3106): at com.tencent.mobileqq.msf.core.q$d.run(P:134)
04-04 04:39:31.167 D/MSF.C.NetConnTag.true( 3106): MsfCoreMsgSender closeConn socketEngineID: 1 socket hashcode: 0 for reason: writeError
04-04 04:39:31.167 E/MSF.C.NetConnTag.true( 3106): conn is already closed on writeError closeConn socketEngineID: 1 socket hashcode: 0java.lang.Throwable
04-04 04:39:31.167 E/MSF.C.NetConnTag.true( 3106): at com.tencent.mobileqq.msf.core.net.m.a(P:284)
04-04 04:39:31.167 E/MSF.C.NetConnTag.true( 3106): at com.tencent.mobileqq.msf.core.net.n.a(P:250)
04-04 04:39:31.167 E/MSF.C.NetConnTag.true( 3106): at com.tencent.mobileqq.msf.core.q.a(P:344)
04-04 04:39:31.167 E/MSF.C.NetConnTag.true( 3106): at com.tencent.mobileqq.msf.core.q$d.run(P:134)
04-04 04:39:31.167 D/MSF.C.NetConnTag.DualConnContext.true( 3106): reset
04-04 04:39:31.167 D/MSF.C.NetConnTag.DualConnContext.true( 3106): removeConnectionChecker: remove connId = 0
04-04 04:39:31.167 D/MSF.C.NetConnTag.DualConnContext.true( 3106): removeConnectionChecker: remove connId = 1
04-04 04:39:31.167 D/MSF.C.NetConnTag.true( 3106): start monitor foreground change before thread sleep
04-04 04:39:31.170 D/MessageHandler( 3311): sendNewRegisterProxy , isGetPassword = false ,randomSeq1371597370, isWakeFromDeepSleep = false
04-04 04:39:31.170 D/MessageHandler( 3311): [ReSendProxy] currentRegisterProxyRandom = 7217926063420611786
04-04 04:39:31.170 D/RegisterProxySvcPackService( 3311): requestNewRegister , type = 1 ,ulRequestOptional = 90562 ,cDisgroupMsgFilter = 1 ,NoticeEndSeq = 1371597370 ,ulSyncTime = 0
04-04 04:39:31.171 I/AutoMonitor( 3311): STEP_SEND_REGISTER_PACKAGE, cost=3
04-04 04:39:31.307 I/OpenGLRenderer( 2940): Davey! duration=9223371767729ms; Flags=0, FrameTimelineVsyncId=5263, IntendedVsync=269125002672, Vsync=269125002672, InputEventId=0, HandleInputStart=269125574322, AnimationStart=269125578332, PerformTraversalsStart=269125580884, DrawStart=269126809426, FrameDeadline=269158336004, FrameInterval=269125563020, FrameStartTime=16666666, SyncQueued=269127685103, SyncStart=269127853593, IssueDrawCommandsStart=269128984322, SwapBuffers=269135632812, FrameCompleted=9223372036854775807, DequeueBufferDuration=57761, QueueBufferDuration=1341407, GpuCompleted=9223372036854775807, SwapBuffersCompleted=269138695207, DisplayPresentTime=0,
04-04 04:39:31.491 I/auditd ( 0): type=1400 audit(0.0:526): avc: denied { kill } for comm="swapper/3" capability=5 scontext=u:r:kernel:s0 tcontext=u:r:kernel:s0 tclass=capability permissive=0
04-04 04:39:31.491 W/swapper/3( 0): type=1400 audit(0.0:526): avc: denied { kill } for capability=5 scontext=u:r:kernel:s0 tcontext=u:r:kernel:s0 tclass=capability permissive=0
04-04 04:39:31.728 I/mpu_uart( 645): [MSG-P:RECV]:No message received in 1000 ms
04-04 04:39:31.757 I/OpenGLRenderer( 2940): Davey! duration=9223371767278ms; Flags=0, FrameTimelineVsyncId=5272, IntendedVsync=269576075229, Vsync=269576075229, InputEventId=0, HandleInputStart=269577164218, AnimationStart=269577168749, PerformTraversalsStart=269577171666, DrawStart=269578438488, FrameDeadline=269609408561, FrameInterval=269577151353, FrameStartTime=16666666, SyncQueued=269579291353, SyncStart=269579435572, IssueDrawCommandsStart=269580577291, SwapBuffers=269586824791, FrameCompleted=9223372036854775807, DequeueBufferDuration=40886, QueueBufferDuration=1465677, GpuCompleted=9223372036854775807, SwapBuffersCompleted=269589039530, DisplayPresentTime=0,
04-04 04:39:31.905 I/mpu_uart( 645): [MSG-P:R]:recv sync frame timeout
04-04 04:39:31.906 D/audio_hw_primary( 804): copl(0xf1b0a7e0):out of compress_wait
04-04 04:39:31.907 I/OpenGLRenderer( 2940): Davey! duration=9223371767128ms; Flags=0, FrameTimelineVsyncId=5275, IntendedVsync=269726465131, Vsync=269726465131, InputEventId=0, HandleInputStart=269726977447, AnimationStart=269726981145, PerformTraversalsStart=269726984165, DrawStart=269728195676, FrameDeadline=269759798463, FrameInterval=269726968020, FrameStartTime=16666666, SyncQueued=269728973593, SyncStart=269729118853, IssueDrawCommandsStart=269729950832, SwapBuffers=269736128645, FrameCompleted=9223372036854775807, DequeueBufferDuration=41146, QueueBufferDuration=1100313, GpuCompleted=9223372036854775807, SwapBuffersCompleted=269737827551, DisplayPresentTime=0,
04-04 04:39:31.911 D/audio_hw_primary( 804): No space available in compress driver, post msg to cb thread
04-04 04:39:31.911 D/audio_hw_primary( 804): copl(0xf1b0a7e0):calling compress_wait
04-04 04:39:32.059 I/OpenGLRenderer( 2940): Davey! duration=9223371766977ms; Flags=0, FrameTimelineVsyncId=5278, IntendedVsync=269876814687, Vsync=269876814687, InputEventId=0, HandleInputStart=269877460780, AnimationStart=269877464738, PerformTraversalsStart=269877468176, DrawStart=269878684843, FrameDeadline=269910148019, FrameInterval=269877449790, FrameStartTime=16666666, SyncQueued=269879576197, SyncStart=269879719947, IssueDrawCommandsStart=269880773072, SwapBuffers=269887729947, FrameCompleted=9223372036854775807, DequeueBufferDuration=48438, QueueBufferDuration=1325937, GpuCompleted=9223372036854775807, SwapBuffersCompleted=269889866093, DisplayPresentTime=0,
04-04 04:39:32.158 I/OpenGLRenderer( 2940): Davey! duration=9223371766877ms; Flags=0, FrameTimelineVsyncId=5281, IntendedVsync=269977046064, Vsync=269977046064, InputEventId=0, HandleInputStart=269977609530, AnimationStart=269977613332, PerformTraversalsStart=269977616353, DrawStart=269979006353, FrameDeadline=270010379396, FrameInterval=269977599009, FrameStartTime=16666666, SyncQueued=269979718436, SyncStart=269979864426, IssueDrawCommandsStart=269980904426, SwapBuffers=269987349947, FrameCompleted=9223372036854775807, DequeueBufferDuration=45209, QueueBufferDuration=1214010, GpuCompleted=9223372036854775807, SwapBuffersCompleted=269989191717, DisplayPresentTime=0,
04-04 04:39:32.191 I/ZPlanGuardManager( 3311): onLiteTimeTick, tick=21
04-04 04:39:32.309 I/OpenGLRenderer( 2940): Davey! duration=9223371766727ms; Flags=0, FrameTimelineVsyncId=5284, IntendedVsync=270127405754, Vsync=270127405754, InputEventId=0, HandleInputStart=270127954634, AnimationStart=270127958488, PerformTraversalsStart=270127961301, DrawStart=270129280519, FrameDeadline=270160739086, FrameInterval=270127944738, FrameStartTime=16666666, SyncQueued=270130116040, SyncStart=270130265936, IssueDrawCommandsStart=270131160103, SwapBuffers=270137861822, FrameCompleted=9223372036854775807, DequeueBufferDuration=48594, QueueBufferDuration=1181511, GpuCompleted=9223372036854775807, SwapBuffersCompleted=270139707394, DisplayPresentTime=0,
04-04 04:39:32.460 I/OpenGLRenderer( 2940): Davey! duration=9223371766576ms; Flags=0, FrameTimelineVsyncId=5287, IntendedVsync=270277766788, Vsync=270277766788, InputEventId=0, HandleInputStart=270278478905, AnimationStart=270278482134, PerformTraversalsStart=270278484842, DrawStart=270279679894, FrameDeadline=270311100120, FrameInterval=270278468853, FrameStartTime=16666666, SyncQueued=270280700051, SyncStart=270280849113, IssueDrawCommandsStart=270282005363, SwapBuffers=270288352030, FrameCompleted=9223372036854775807, DequeueBufferDuration=44792, QueueBufferDuration=1246250, GpuCompleted=9223372036854775807, SwapBuffersCompleted=270290275519, DisplayPresentTime=0,
04-04 04:39:32.491 I/auditd ( 0): type=1400 audit(0.0:527): avc: denied { kill } for comm="swapper/3" capability=5 scontext=u:r:kernel:s0 tcontext=u:r:kernel:s0 tclass=capability permissive=0
04-04 04:39:32.491 W/swapper/3( 0): type=1400 audit(0.0:527): avc: denied { kill } for capability=5 scontext=u:r:kernel:s0 tcontext=u:r:kernel:s0 tclass=capability permissive=0
04-04 04:39:32.609 I/OpenGLRenderer( 2940): Davey! duration=9223371766426ms; Flags=0, FrameTimelineVsyncId=5290, IntendedVsync=270428127490, Vsync=270428127490, InputEventId=0, HandleInputStart=270428678801, AnimationStart=270428682499, PerformTraversalsStart=270428685363, DrawStart=270429908957, FrameDeadline=270461460822, FrameInterval=270428666301, FrameStartTime=16666666, SyncQueued=270430570051, SyncStart=270430713749, IssueDrawCommandsStart=270431538384, SwapBuffers=270437936092, FrameCompleted=9223372036854775807, DequeueBufferDuration=46198, QueueBufferDuration=1422708, GpuCompleted=9223372036854775807, SwapBuffersCompleted=270439965311, DisplayPresentTime=0,
04-04 04:39:32.726 D/audio_hw_primary( 804): copl(0xf1b0a7e0):out of compress_wait
04-04 04:39:32.729 I/mpu_uart( 645): [MSG-P:RECV]:No message received in 1000 ms
04-04 04:39:32.731 D/audio_hw_primary( 804): No space available in compress driver, post msg to cb thread
04-04 04:39:32.731 D/audio_hw_primary( 804): copl(0xf1b0a7e0):calling compress_wait
04-04 04:39:32.760 I/OpenGLRenderer( 2940): Davey! duration=9223371766276ms; Flags=0, FrameTimelineVsyncId=5293, IntendedVsync=270578485676, Vsync=270578485676, InputEventId=0, HandleInputStart=270579172186, AnimationStart=270579175519, PerformTraversalsStart=270579178436, DrawStart=270580322134, FrameDeadline=270611819008, FrameInterval=270579162394, FrameStartTime=16666666, SyncQueued=270581091561, SyncStart=270581232811, IssueDrawCommandsStart=270582034113, SwapBuffers=270588321561, FrameCompleted=9223372036854775807, DequeueBufferDuration=44270, QueueBufferDuration=1148594, GpuCompleted=9223372036854775807, SwapBuffersCompleted=270590210103, DisplayPresentTime=0,
04-04 04:39:32.894 W/Settings( 3106): Setting airplane_mode_on has moved from android.provider.Settings.System to android.provider.Settings.Global, returning read-only value.
04-04 04:39:32.895 W/Settings( 3106): Setting airplane_mode_on has moved from android.provider.Settings.System to android.provider.Settings.Global, returning read-only value.
04-04 04:39:32.896 W/Settings( 3106): Setting airplane_mode_on has moved from android.provider.Settings.System to android.provider.Settings.Global, returning read-only value.
