04-04 04:39:59.515 E/LegacySupport( 6681): Could not register service vendor.qti.hardware.bluetooth_audio@2.1::IBluetoothAudioProvidersFactory/default (-2147483648).
04-04 04:39:59.515 E/btaudio_offload_qti_2_1( 6681): bt_audio_pre_init_qti: HIDL IBluetoothAudioProvidersFactory 2.1 registration failed
04-04 04:39:59.515 D/a2dp_offload( 6681): a2dp_set_bit_format: set AFE input bit format = 16
04-04 04:39:59.517 E/a2dp_offload( 6681): ERROR a2dp decoder format mixer control not identified
04-04 04:39:59.517 E/a2dp_offload( 6681): ERROR bit format CONFIG data mixer control not identified
04-04 04:39:59.517 D/a2dp_offload( 6681): Open A2DP input start
04-04 04:39:59.517 D/a2dp_offload( 6681): Requesting for BT lib handle
04-04 04:39:59.518 E/a2dp_offload( 6681): open_a2dp_sink: DLOPEN failed for libbthost_if_sink.so
04-04 04:39:59.518 D/a2dp_offload( 6681): update_offload_codec_capabilities: A2DP offload supported = 1
04-04 04:39:59.518 D/audio_hw_ssr( 6681): ssr_update_enabled: surround sound recording is not supported
04-04 04:39:59.518 D/audio_hw_spkr_prot( 6681): spkr_prot_init: Initialize speaker protection module
04-04 04:39:59.518 D/audio_hw_spkr_prot( 6681): spkr_prot_init: Speaker protection disabled
04-04 04:39:59.518 D/msm8974_platform( 6681): platform_get_snd_device_backend_interface: hw_interface set for device HDMI
04-04 04:39:59.521 D/msm8974_platform( 6681): platform_get_mixer_control: mixer ctl not obtained
04-04 04:39:59.521 D/msm8974_platform( 6681): platform_get_mixer_control: mixer ctl not obtained
04-04 04:39:59.521 D/msm8974_platform( 6681): platform_get_mixer_control: mixer ctl not obtained
04-04 04:39:59.521 D/msm8974_platform( 6681): platform_get_mixer_control: mixer ctl not obtained
04-04 04:39:59.521 D/msm8974_platform( 6681): platform_get_mixer_control: mixer ctl not obtained
04-04 04:39:59.521 D/msm8974_platform( 6681): platform_get_mixer_control: mixer ctl not obtained
04-04 04:39:59.521 D/msm8974_platform( 6681): platform_get_mixer_control: mixer ctl not obtained
04-04 04:39:59.521 D/msm8974_platform( 6681): platform_get_mixer_control: mixer ctl not obtained
04-04 04:39:59.521 D/msm8974_platform( 6681): platform_get_mixer_control: mixer ctl not obtained
04-04 04:39:59.533 D/msm8974_platform( 6681): platform_get_mixer_control: mixer ctl not obtained
04-04 04:39:59.533 D/msm8974_platform( 6681): platform_get_mixer_control: mixer ctl not obtained
04-04 04:39:59.533 D/msm8974_platform( 6681): platform_get_mixer_control: mixer ctl not obtained
04-04 04:39:59.535 D/msm8974_platform( 6681): platform_get_mixer_control: mixer ctl not obtained
04-04 04:39:59.535 D/msm8974_platform( 6681): platform_get_mixer_control: mixer ctl not obtained
04-04 04:39:59.535 D/msm8974_platform( 6681): platform_get_mixer_control: mixer ctl not obtained
04-04 04:39:59.537 E/audio_hw_utils( 6681): audio_extn_utils_get_codec_variant: ERROR. cannot open /proc/asound/card0/codecs/wcd937x/variant
04-04 04:39:59.537 E/keep_alive( 6681): keep alive disabled
04-04 04:39:59.539 E/audio_hw_utils( 6681): string_to_enum cound not find AUDIO_FORMAT_PCM_16_BIT_OFFLOAD
04-04 04:39:59.539 E/audio_hw_utils( 6681): string_to_enum cound not find AUDIO_FORMAT_PCM_24_BIT_OFFLOAD
04-04 04:39:59.539 E/audio_hw_utils( 6681): string_to_enum cound not find AUDIO_FORMAT_PCM_24_BIT_OFFLOAD
04-04 04:39:59.539 E/audio_hw_utils( 6681): string_to_enum cound not find AUDIO_FORMAT_PCM_24_BIT
04-04 04:39:59.539 E/audio_hw_utils( 6681): string_to_enum cound not find AUDIO_FORMAT_PCM_FLOAT
04-04 04:39:59.539 E/audio_hw_utils( 6681): string_to_enum cound not find AUDIO_FORMAT_PCM_24_BIT
04-04 04:39:59.539 E/audio_hw_utils( 6681): string_to_enum cound not find AUDIO_FORMAT_PCM_FLOAT
04-04 04:39:59.539 W/audio_hw_sndmonitor( 6681): access /proc/asound/card0/cpe0_state failed w/ err No such file or directory
04-04 04:39:59.540 I/audio_hw::BatteryListener( 6681): Get health service in 0 tries
04-04 04:39:59.540 W/audio_hw::BatteryListener( 6681): batterylistener: init: invalid battery status
04-04 04:39:59.540 I/soundtrigger( 6681): audio_extn_sound_trigger_init: Enter
04-04 04:39:59.541 I/soundtrigger( 6681): audio_extn_sound_trigger_init: DLOPEN successful for /vendor/lib/hw/sound_trigger.primary.kona.so
04-04 04:39:59.541 D/soundtrigger( 6681): audio_extn_sound_trigger_init: sthal is using proprietary API version 0x0200
04-04 04:39:59.541 D/sound_trigger_hw( 6681): handle_battery_status_change: battery status changed to 0
04-04 04:39:59.541 I/AudioFlinger( 6682): loadHwModule() Loaded primary audio interface, handle 10
04-04 04:39:59.541 I/AudioFlinger( 6682): openOutput() this 0xb400007a7d0e39d0, module 10 Device type:0x2,@:, SamplingRate 48000, Format 0x000001, Channels 0x3, flags 0x6
04-04 04:39:59.541 D/audio_hw_primary( 6681): adev_open_output_stream: enter: format(0x1) sample_rate(48000) channel_mask(0x3) devices(0x2) flags(0x6) stream_handle(0xec700010) address()
04-04 04:39:59.541 I/audio_hw_primary( 6681): adev_open_output_stream: dynamic qos voting not enabled for platform
04-04 04:39:59.541 I/audio_hw_utils( 6681): audio_extn_utils_update_stream_output_app_type_cfg Allowing 24 and above bits playback on speaker ONLY at default sampling rate
04-04 04:39:59.541 D/audio_hw_primary( 6681): adev_open_output_stream: Stream (0xec700010) picks up usecase (low-latency-playback)
04-04 04:39:59.541 D/audio_hw_primary( 6681): io_streams_map_insert: Added stream in io_streams_map with handle 13
04-04 04:39:59.542 I/AudioFlinger( 6682): HAL output buffer size 192 frames, normal sink buffer size 960 frames
04-04 04:39:59.542 I/hwservicemanager( 504): getTransport: Cannot find entry android.hardware.audio.effect@7.0::IEffectsFactory/default in either framework or device VINTF manifest.
04-04 04:39:59.548 E/EffectsFactoryConfigLoader( 6681): Error querying effect 7d1580bd-297f-4683-9239-e475b6d1d69f on lib offload_bundle
04-04 04:39:59.548 D/volume_listener( 6681): init_once Called
04-04 04:39:59.549 D/volume_listener( 6681): init_once: using custome volume table
04-04 04:39:59.549 E/EffectsFactoryConfigLoader( 6681): 1 errors during loading of configuration: /vendor/etc/audio_effects.xml
04-04 04:39:59.549 E/EffectsFactory( 6681): Effect config is partially invalid, skipped 1 elements
04-04 04:39:59.549 I/BufferProvider( 6682): found effect "Multichannel Downmix To Stereo" from The Android Open Source Project
04-04 04:39:59.549 D/AudioFlinger( 6682): Failed to add event callback
04-04 04:39:59.549 I/AudioFlinger( 6682): AudioFlinger's thread 0xb400007bdd0e3010 tid=6707 ready to run
04-04 04:39:59.549 W/AudioFlinger( 6682): no wake lock to update, system not ready yet
04-04 04:39:59.549 D/AudioFlinger( 6682): ro.audio.silent is ignored since no output device is set
04-04 04:39:59.549 D/audio_hw_primary( 6681): out_standby: enter: stream (0xec700010) usecase(1: low-latency-playback)
04-04 04:39:59.549 D/audio_hw_primary( 6681): out_standby: exit
04-04 04:39:59.549 D/audio_hw_primary( 6681): adev_get_parameters:routing=1;supEncapsulationMetadataTypes;supEncapsulationModes
04-04 04:39:59.549 D/audio_hw_spkr_prot( 6681): fbsp_get_parameters: Speaker protection disabled
04-04 04:39:59.549 D/soundtrigger( 6681): audio_extn_sound_trigger_get_parameters input string
04-04 04:39:59.549 D/soundtrigger( 6681): extract_sm_handle input string param string
04-04 04:39:59.549 D/audio_hw_extn( 6681): audio_extn_fm_get_parameters: Enter
04-04 04:39:59.549 D/audio_hw_extn( 6681): audio_extn_get_parameters: returns
04-04 04:39:59.550 D/audio_hw_primary( 6681): adev_get_parameters: exit: returns -
04-04 04:39:59.550 D/audio_hw_primary( 6681): adev_get_parameters:routing=2;supEncapsulationMetadataTypes;supEncapsulationModes
04-04 04:39:59.550 D/audio_hw_spkr_prot( 6681): fbsp_get_parameters: Speaker protection disabled
04-04 04:39:59.550 D/soundtrigger( 6681): audio_extn_sound_trigger_get_parameters input string
04-04 04:39:59.550 D/soundtrigger( 6681): extract_sm_handle input string param string
04-04 04:39:59.550 D/audio_hw_extn( 6681): audio_extn_fm_get_parameters: Enter
04-04 04:39:59.550 D/audio_hw_extn( 6681): audio_extn_get_parameters: returns
04-04 04:39:59.550 D/audio_hw_primary( 6681): adev_get_parameters: exit: returns -
04-04 04:39:59.551 W/AudioFlinger( 6682): no wake lock to update, system not ready yet
04-04 04:39:59.551 D/AudioFlinger( 6682): ro.audio.silent is ignored since no output device is set
04-04 04:39:59.556 W/AudioFlinger( 6682): moveEffects() bad srcOutput 0
04-04 04:39:59.582 D/audio_hw_primary( 6681): adev_create_audio_patch: enter: num sources 1, num_sinks 1, handle 0
04-04 04:39:59.582 D/audio_hw_primary( 6681): adev_create_audio_patch: Playback patch from mix handle 13 to device 2
04-04 04:39:59.582 D/audio_hw_primary( 6681): update_patch: enter
04-04 04:39:59.582 D/audio_hw_primary( 6681): route_output_stream: enter: usecase(1: low-latency-playback) devices 2
04-04 04:39:59.582 D/audio_hw_primary( 6681): adev_create_audio_patch: Added a new patch with handle 1
04-04 04:39:59.582 W/hpplay-java( 2759): [AsyncTask #16]:IM_AbstractBlockingClient:Client failure java.net.SocketTimeoutException: Read timed out
04-04 04:39:59.585 W/hpplay-java( 2759): [AsyncTask #16]:IM_AbstractBlockingClient:restart sRetryCount 0
04-04 04:39:59.591 I/AudioFlinger( 6682): openOutput() this 0xb400007a7d0e39d0, module 10 Device type:0x2,@:, SamplingRate 48000, Format 0x000001, Channels 0x3, flags 0x104
04-04 04:39:59.592 D/audio_hw_primary( 6681): adev_open_output_stream: enter: format(0x1) sample_rate(48000) channel_mask(0x3) devices(0x2) flags(0x104) stream_handle(0xec7064c0) address()
04-04 04:39:59.592 I/audio_hw_utils( 6681): audio_extn_utils_update_stream_output_app_type_cfg Allowing 24 and above bits playback on speaker ONLY at default sampling rate
04-04 04:39:59.592 D/audio_hw_primary( 6681): adev_open_output_stream: Stream (0xec7064c0) picks up usecase (audio-ull-playback)
04-04 04:39:59.592 D/audio_hw_primary( 6681): io_streams_map_insert: Added stream in io_streams_map with handle 21
04-04 04:39:59.595 I/AudioFlinger( 6682): HAL output buffer size 144 frames, normal sink buffer size 864 frames
04-04 04:39:59.598 D/AudioFlinger( 6682): Failed to add event callback
04-04 04:39:59.598 I/AudioFlinger( 6682): AudioFlinger's thread 0xb400007bdd1a3030 tid=6709 ready to run
04-04 04:39:59.598 W/AudioFlinger( 6682): no wake lock to update, system not ready yet
04-04 04:39:59.598 D/AudioFlinger( 6682): ro.audio.silent is ignored since no output device is set
04-04 04:39:59.598 D/audio_hw_primary( 6681): out_standby: enter: stream (0xec7064c0) usecase(12: audio-ull-playback)
04-04 04:39:59.598 D/audio_hw_primary( 6681): out_standby: exit
04-04 04:39:59.599 W/AudioFlinger( 6682): no wake lock to update, system not ready yet
04-04 04:39:59.599 D/AudioFlinger( 6682): ro.audio.silent is ignored since no output device is set
04-04 04:39:59.635 D/audio_hw_primary( 6681): adev_create_audio_patch: enter: num sources 1, num_sinks 1, handle 0
04-04 04:39:59.635 D/audio_hw_primary( 6681): adev_create_audio_patch: Playback patch from mix handle 21 to device 2
04-04 04:39:59.635 D/audio_hw_primary( 6681): update_patch: enter
04-04 04:39:59.635 D/audio_hw_primary( 6681): route_output_stream: enter: usecase(12: audio-ull-playback) devices 2
04-04 04:39:59.635 D/audio_hw_primary( 6681): adev_create_audio_patch: Added a new patch with handle 2
04-04 04:39:59.645 I/AudioFlinger( 6682): openOutput() this 0xb400007a7d0e39d0, module 10 Device type:0x2,@:, SamplingRate 48000, Format 0x000001, Channels 0x3, flags 0x8
04-04 04:39:59.645 D/audio_hw_primary( 6681): adev_open_output_stream: enter: format(0x1) sample_rate(48000) channel_mask(0x3) devices(0x2) flags(0x8) stream_handle(0xec704330) address()
04-04 04:39:59.645 I/audio_hw_utils( 6681): audio_extn_utils_update_stream_output_app_type_cfg Allowing 24 and above bits playback on speaker ONLY at default sampling rate
04-04 04:39:59.645 D/audio_hw_primary( 6681): adev_open_output_stream: Stream (0xec704330) picks up usecase (deep-buffer-playback)
04-04 04:39:59.645 D/audio_hw_primary( 6681): io_streams_map_insert: Added stream in io_streams_map with handle 29
04-04 04:39:59.648 I/AudioFlinger( 6682): HAL output buffer size 1920 frames, normal sink buffer size 1920 frames
04-04 04:39:59.650 D/AudioFlinger( 6682): Failed to add event callback
04-04 04:39:59.650 I/AudioFlinger( 6682): AudioFlinger's thread 0xb400007bdd263050 tid=6710 ready to run
04-04 04:39:59.651 W/AudioFlinger( 6682): no wake lock to update, system not ready yet
04-04 04:39:59.651 D/AudioFlinger( 6682): ro.audio.silent is ignored since no output device is set
04-04 04:39:59.651 D/audio_hw_primary( 6681): out_standby: enter: stream (0xec704330) usecase(0: deep-buffer-playback)
04-04 04:39:59.651 D/audio_hw_primary( 6681): out_standby: exit
04-04 04:39:59.652 W/AudioFlinger( 6682): no wake lock to update, system not ready yet
04-04 04:39:59.652 D/AudioFlinger( 6682): ro.audio.silent is ignored since no output device is set
04-04 04:39:59.702 D/audio_hw_primary( 6681): adev_create_audio_patch: enter: num sources 1, num_sinks 1, handle 0
04-04 04:39:59.702 D/audio_hw_primary( 6681): adev_create_audio_patch: Playback patch from mix handle 29 to device 2
04-04 04:39:59.702 D/audio_hw_primary( 6681): update_patch: enter
04-04 04:39:59.702 D/audio_hw_primary( 6681): route_output_stream: enter: usecase(0: deep-buffer-playback) devices 2
04-04 04:39:59.702 D/audio_hw_primary( 6681): adev_create_audio_patch: Added a new patch with handle 3
04-04 04:39:59.712 I/AudioFlinger( 6682): openOutput() this 0xb400007a7d0e39d0, module 10 Device type:0x2,@:, SamplingRate 48000, Format 0x000001, Channels 0x3, flags 0x4001
04-04 04:39:59.713 D/audio_hw_primary( 6681): adev_open_output_stream: enter: format(0x1) sample_rate(48000) channel_mask(0x3) devices(0x2) flags(0x4001) stream_handle(0xec7021a0) address()
04-04 04:39:59.713 I/audio_hw_utils( 6681): audio_extn_utils_update_stream_output_app_type_cfg Allowing 24 and above bits playback on speaker ONLY at default sampling rate
04-04 04:39:59.713 D/audio_hw_primary( 6681): adev_open_output_stream: Stream (0xec7021a0) picks up usecase (mmap-playback)
04-04 04:39:59.713 D/audio_hw_primary( 6681): io_streams_map_insert: Added stream in io_streams_map with handle 37
04-04 04:39:59.715 I/AudioFlinger( 6682): AudioFlinger's thread 0xb400007afd0ec8c0 tid=6711 ready to run
04-04 04:39:59.716 D/audio_hw_primary( 6681): out_set_parameters: enter: usecase(13: mmap-playback) kvpairs: closing=true
04-04 04:39:59.716 D/audio_hw_primary( 6681): out_set_volume: called with left_vol=1.000000, right_vol=1.000000
04-04 04:39:59.718 D/AudioFlinger( 6682): closing mmapThread 0xb400007afd0ec8c0
04-04 04:39:59.718 D/AudioFlinger( 6682): mmapThread exit()
04-04 04:39:59.718 D/audio_hw_primary( 6681): adev_close_output_stream: enter:stream_handle(mmap-playback)
04-04 04:39:59.719 D/audio_hw_primary( 6681): io_streams_map_remove: Removed stream with handle 37
04-04 04:39:59.719 D/audio_hw_primary( 6681): out_standby: enter: stream (0xec7021a0) usecase(13: mmap-playback)
04-04 04:39:59.719 D/audio_hw_primary( 6681): out_standby: exit
04-04 04:39:59.720 I/AudioFlinger( 6682): openOutput() this 0xb400007a7d0e39d0, module 10 Device type:0x2,@:, SamplingRate 8000, Format 0x000003, Channels 0x1, flags 0x1
04-04 04:39:59.720 D/audio_hw_primary( 6681): adev_open_output_stream: enter: format(0x3) sample_rate(8000) channel_mask(0x1) devices(0x2) flags(0x1) stream_handle(0xec7021a0) address()
04-04 04:39:59.720 I/audio_hw_utils( 6681): PCM offload Fragment size to 2560 bytes
04-04 04:39:59.720 I/audio_hw_utils( 6681): audio_extn_utils_update_stream_output_app_type_cfg Allowing 24 and above bits playback on speaker ONLY at default sampling rate
04-04 04:39:59.720 D/audio_hw_primary( 6681): adev_open_output_stream: Stream (0xec7021a0) picks up usecase (compress-offload-playback2)
04-04 04:39:59.720 D/audio_hw_primary( 6681): io_streams_map_insert: Added stream in io_streams_map with handle 45
04-04 04:39:59.722 I/AudioFlinger( 6682): HAL output buffer size 640 frames, normal sink buffer size 640 frames
04-04 04:39:59.722 D/audio_hw_utils( 6681): audio_extn_utils_compress_get_dsp_latency:: Using Fix DSP delay
04-04 04:39:59.722 D/audio_hw_utils( 6681): audio_extn_utils_compress_get_dsp_latency:: delay in ms is 62
04-04 04:39:59.723 D/AudioFlinger( 6682): Failed to add event callback
04-04 04:39:59.723 D/audio_hw_utils( 6681): audio_extn_utils_compress_get_dsp_latency:: Using Fix DSP delay
04-04 04:39:59.723 D/audio_hw_utils( 6681): audio_extn_utils_compress_get_dsp_latency:: delay in ms is 62
04-04 04:39:59.724 D/audio_hw_utils( 6681): audio_extn_utils_compress_get_dsp_latency:: Using Fix DSP delay
04-04 04:39:59.724 D/audio_hw_utils( 6681): audio_extn_utils_compress_get_dsp_latency:: delay in ms is 62
04-04 04:39:59.724 I/AudioFlinger( 6682): AudioFlinger's thread 0xb400007b2d0eb820 tid=6714 ready to run
04-04 04:39:59.724 W/AudioFlinger( 6682): no wake lock to update, system not ready yet
04-04 04:39:59.724 D/AudioFlinger( 6682): ro.audio.silent is ignored since no output device is set
04-04 04:39:59.725 D/audio_hw_primary( 6681): out_set_parameters: enter: usecase(4: compress-offload-playback2) kvpairs: closing=true
04-04 04:39:59.725 D/audio_hw_primary( 6681): out_standby: enter: stream (0xec7021a0) usecase(4: compress-offload-playback2)
04-04 04:39:59.725 D/audio_hw_primary( 6681): out_standby: exit
04-04 04:39:59.728 D/audio_hw_primary( 6681): out_set_parameters: enter: usecase(4: compress-offload-playback2) kvpairs: exiting=1
04-04 04:39:59.729 W/AudioFlinger( 6682): no wake lock to update, system not ready yet
04-04 04:39:59.729 D/AudioFlinger( 6682): ro.audio.silent is ignored since no output device is set
04-04 04:39:59.729 D/audio_hw_primary( 6681): adev_close_output_stream: enter:stream_handle(compress-offload-playback2)
04-04 04:39:59.729 D/audio_hw_primary( 6681): io_streams_map_remove: Removed stream with handle 45
04-04 04:39:59.729 D/audio_hw_primary( 6681): out_standby: enter: stream (0xec7021a0) usecase(4: compress-offload-playback2)
04-04 04:39:59.729 D/audio_hw_primary( 6681): out_standby: exit
04-04 04:39:59.731 I/AudioFlinger( 6682): openOutput() this 0xb400007a7d0e39d0, module 10 Device type:0x2,@:, SamplingRate 8000, Format 0x1000000, Channels 0x1, flags 0x31
04-04 04:39:59.731 D/audio_hw_primary( 6681): adev_open_output_stream: enter: format(0x1000000) sample_rate(8000) channel_mask(0x1) devices(0x2) flags(0x31) stream_handle(0xec70eb00) address()
04-04 04:39:59.731 I/audio_hw_utils( 6681): audio_extn_utils_update_stream_output_app_type_cfg Allowing 24 and above bits playback on speaker ONLY at default sampling rate
04-04 04:39:59.731 D/audio_hw_primary( 6681): adev_open_output_stream: Stream (0xec70eb00) picks up usecase (compress-offload-playback)
04-04 04:39:59.731 D/audio_hw_primary( 6681): io_streams_map_insert: Added stream in io_streams_map with handle 53
04-04 04:39:59.734 I/AudioFlinger( 6682): HAL output buffer size 2048 frames, normal sink buffer size 2048 frames
04-04 04:39:59.734 D/audio_hw_utils( 6681): audio_extn_utils_compress_get_dsp_latency:: Using Fix DSP delay
04-04 04:39:59.734 D/audio_hw_utils( 6681): audio_extn_utils_compress_get_dsp_latency:: delay in ms is 50
04-04 04:39:59.735 D/AudioFlinger( 6682): Failed to add event callback
04-04 04:39:59.735 I/AudioFlinger( 6682): AudioFlinger's thread 0xb400007b2d0eb820 tid=6718 ready to run
04-04 04:39:59.735 D/audio_hw_utils( 6681): audio_extn_utils_compress_get_dsp_latency:: Using Fix DSP delay
04-04 04:39:59.735 D/audio_hw_utils( 6681): audio_extn_utils_compress_get_dsp_latency:: delay in ms is 50
04-04 04:39:59.736 W/AudioFlinger( 6682): no wake lock to update, system not ready yet
04-04 04:39:59.736 D/AudioFlinger( 6682): ro.audio.silent is ignored since no output device is set
04-04 04:39:59.736 D/audio_hw_utils( 6681): audio_extn_utils_compress_get_dsp_latency:: Using Fix DSP delay
04-04 04:39:59.736 D/audio_hw_utils( 6681): audio_extn_utils_compress_get_dsp_latency:: delay in ms is 50
04-04 04:39:59.736 W/AudioFlinger( 6682): no wake lock to update, system not ready yet
04-04 04:39:59.736 D/AudioFlinger( 6682): ro.audio.silent is ignored since no output device is set
04-04 04:39:59.736 D/audio_hw_primary( 6681): out_set_parameters: enter: usecase(3: compress-offload-playback) kvpairs: closing=true
04-04 04:39:59.738 D/audio_hw_primary( 6681): out_set_parameters: enter: usecase(3: compress-offload-playback) kvpairs: exiting=1
04-04 04:39:59.738 E/audio_hw_primary( 6681): offload_thread_loop: Compress handle is NULL
04-04 04:39:59.738 D/audio_hw_primary( 6681): adev_close_output_stream: enter:stream_handle(compress-offload-playback)
04-04 04:39:59.738 D/audio_hw_primary( 6681): io_streams_map_remove: Removed stream with handle 53
04-04 04:39:59.738 D/audio_hw_primary( 6681): out_standby: enter: stream (0xec70eb00) usecase(3: compress-offload-playback)
04-04 04:39:59.738 D/audio_hw_primary( 6681): out_standby: exit
04-04 04:39:59.739 I/AudioFlinger( 6682): openOutput() this 0xb400007a7d0e39d0, module 10 Device type:0x10000,@:, SamplingRate 48000, Format 0x000001, Channels 0x3, flags 0
04-04 04:39:59.739 D/audio_hw_primary( 6681): adev_open_output_stream: enter: format(0x1) sample_rate(48000) channel_mask(0x3) devices(0x10000) flags(0) stream_handle(0xec7021a0) address()
04-04 04:39:59.739 D/audio_hw_primary( 6681): adev_open_output_stream: Stream (0xec7021a0) picks up usecase (afe-proxy-playback)
04-04 04:39:59.739 D/audio_hw_primary( 6681): io_streams_map_insert: Added stream in io_streams_map with handle 61
04-04 04:39:59.741 I/AudioFlinger( 6682): HAL output buffer size 768 frames, normal sink buffer size 1152 frames
04-04 04:39:59.742 D/AudioFlinger( 6682): Failed to add event callback
04-04 04:39:59.742 I/AudioFlinger( 6682): AudioFlinger's thread 0xb400007bdd2c3060 tid=6721 ready to run
04-04 04:39:59.742 W/AudioFlinger( 6682): no wake lock to update, system not ready yet
04-04 04:39:59.743 D/AudioFlinger( 6682): ro.audio.silent is ignored since no output device is set
04-04 04:39:59.743 D/audio_hw_primary( 6681): out_standby: enter: stream (0xec7021a0) usecase(54: afe-proxy-playback)
04-04 04:39:59.743 D/audio_hw_primary( 6681): out_standby: exit
04-04 04:39:59.743 D/audio_hw_primary( 6681): adev_get_parameters:routing=65536;supEncapsulationMetadataTypes;supEncapsulationModes
04-04 04:39:59.743 D/audio_hw_spkr_prot( 6681): fbsp_get_parameters: Speaker protection disabled
04-04 04:39:59.743 D/soundtrigger( 6681): audio_extn_sound_trigger_get_parameters input string
04-04 04:39:59.743 D/soundtrigger( 6681): extract_sm_handle input string param string
04-04 04:39:59.743 I/mpu_uart( 645): [MSG-P:RECV]:No message received in 1000 ms
04-04 04:39:59.743 D/audio_hw_extn( 6681): audio_extn_fm_get_parameters: Enter
04-04 04:39:59.743 D/audio_hw_extn( 6681): audio_extn_get_parameters: returns
04-04 04:39:59.743 D/audio_hw_primary( 6681): adev_get_parameters: exit: returns -
04-04 04:39:59.743 W/AudioFlinger( 6682): no wake lock to update, system not ready yet
04-04 04:39:59.744 D/AudioFlinger( 6682): ro.audio.silent is ignored since no output device is set
04-04 04:39:59.806 D/audio_hw_primary( 6681): adev_create_audio_patch: enter: num sources 1, num_sinks 1, handle 0
04-04 04:39:59.806 D/audio_hw_primary( 6681): adev_create_audio_patch: Playback patch from mix handle 61 to device 10000
04-04 04:39:59.806 D/audio_hw_primary( 6681): update_patch: enter
04-04 04:39:59.806 D/audio_hw_primary( 6681): route_output_stream: enter: usecase(54: afe-proxy-playback) devices 10000
04-04 04:39:59.806 D/audio_hw_primary( 6681): adev_create_audio_patch: Added a new patch with handle 4
04-04 04:39:59.809 I/AudioFlinger( 6682): openOutput() this 0xb400007a7d0e39d0, module 10 Device type:0x2,@:, SamplingRate 8000, Format 0x000001, Channels 0x1, flags 0x8001
04-04 04:39:59.809 D/audio_hw_primary( 6681): adev_open_output_stream: enter: format(0x1) sample_rate(8000) channel_mask(0x1) devices(0x2) flags(0x8001) stream_handle(0xec70eb00) address()
04-04 04:39:59.809 W/audio_hw_utils( 6681): audio_extn_utils_is_vendor_enhanced_fwk: is_vendor_enhanced_fwk 1
04-04 04:39:59.809 I/audio_hw_utils( 6681): audio_extn_utils_update_stream_output_app_type_cfg Allowing 24 and above bits playback on speaker ONLY at default sampling rate
04-04 04:39:59.809 D/audio_hw_primary( 6681): adev_open_output_stream: Stream (0xec70eb00) picks up usecase (audio-playback-voip)
04-04 04:39:59.809 D/audio_hw_primary( 6681): io_streams_map_insert: Added stream in io_streams_map with handle 69
04-04 04:39:59.810 I/AudioFlinger( 6682): HAL output buffer size 160 frames, normal sink buffer size 160 frames
04-04 04:39:59.811 D/AudioFlinger( 6682): Failed to add event callback
04-04 04:39:59.812 I/AudioFlinger( 6682): AudioFlinger's thread 0xb400007b2d0eb820 tid=6722 ready to run
04-04 04:39:59.812 W/AudioFlinger( 6682): no wake lock to update, system not ready yet
04-04 04:39:59.812 D/AudioFlinger( 6682): ro.audio.silent is ignored since no output device is set
04-04 04:39:59.812 D/audio_hw_primary( 6681): out_set_parameters: enter: usecase(33: audio-playback-voip) kvpairs: closing=true
04-04 04:39:59.813 D/audio_hw_primary( 6681): out_standby: enter: stream (0xec70eb00) usecase(33: audio-playback-voip)
04-04 04:39:59.813 D/audio_hw_primary( 6681): out_standby: exit
04-04 04:39:59.815 D/audio_hw_primary( 6681): out_set_parameters: enter: usecase(33: audio-playback-voip) kvpairs: exiting=1
04-04 04:39:59.815 W/AudioFlinger( 6682): no wake lock to update, system not ready yet
04-04 04:39:59.815 D/AudioFlinger( 6682): ro.audio.silent is ignored since no output device is set
04-04 04:39:59.816 D/audio_hw_primary( 6681): adev_close_output_stream: enter:stream_handle(audio-playback-voip)
04-04 04:39:59.816 D/audio_hw_primary( 6681): io_streams_map_remove: Removed stream with handle 69
04-04 04:39:59.816 D/audio_hw_primary( 6681): out_standby: enter: stream (0xec70eb00) usecase(33: audio-playback-voip)
04-04 04:39:59.816 D/audio_hw_primary( 6681): out_standby: exit
04-04 04:39:59.816 I/AudioFlinger( 6682): openOutput() this 0xb400007a7d0e39d0, module 10 Device type:0x10000,@:, SamplingRate 48000, Format 0x000001, Channels 0x3, flags 0x10000
04-04 04:39:59.816 D/audio_hw_primary( 6681): adev_open_output_stream: enter: format(0x1) sample_rate(48000) channel_mask(0x3) devices(0x10000) flags(0x10000) stream_handle(0xec70a7e0) address()
04-04 04:39:59.816 E/voice_extn( 6681): voice_extn_check_and_set_incall_music_usecase: Invalid session id 0
04-04 04:39:59.816 D/audio_hw_primary( 6681): adev_open_output_stream: Stream (0xec70a7e0) picks up usecase (incall_music_uplink)
04-04 04:39:59.816 D/audio_hw_primary( 6681): io_streams_map_insert: Added stream in io_streams_map with handle 77
04-04 04:39:59.817 I/AudioFlinger( 6682): HAL output buffer size 240 frames, normal sink buffer size 960 frames
04-04 04:39:59.818 D/AudioFlinger( 6682): Failed to add event callback
04-04 04:39:59.819 I/AudioFlinger( 6682): AudioFlinger's thread 0xb400007bdd383080 tid=6725 ready to run
04-04 04:39:59.819 W/AudioFlinger( 6682): no wake lock to update, system not ready yet
04-04 04:39:59.819 D/AudioFlinger( 6682): ro.audio.silent is ignored since no output device is set
04-04 04:39:59.819 D/audio_hw_primary( 6681): out_standby: enter: stream (0xec70a7e0) usecase(50: incall_music_uplink)
04-04 04:39:59.819 D/audio_hw_primary( 6681): out_standby: exit
04-04 04:39:59.819 W/AudioFlinger( 6682): no wake lock to update, system not ready yet
04-04 04:39:59.819 D/AudioFlinger( 6682): ro.audio.silent is ignored since no output device is set
04-04 04:39:59.849 D/audio_hw_primary( 6681): adev_create_audio_patch: enter: num sources 1, num_sinks 1, handle 0
04-04 04:39:59.850 D/audio_hw_primary( 6681): adev_create_audio_patch: Playback patch from mix handle 77 to device 10000
04-04 04:39:59.850 D/audio_hw_primary( 6681): update_patch: enter
04-04 04:39:59.850 D/audio_hw_primary( 6681): route_output_stream: enter: usecase(50: incall_music_uplink) devices 10000
04-04 04:39:59.850 D/audio_hw_primary( 6681): adev_create_audio_patch: Added a new patch with handle 5
04-04 04:39:59.853 D/audio_hw_primary( 6681): adev_open_input_stream: enter: sample_rate(48000) channel_mask(0xc) devices(0x80000004) stream_handle(0xeed424d0) io_handle(14) source(1) format 1
04-04 04:39:59.853 D/audio_hw_primary( 6681): io_streams_map_insert: Added stream in io_streams_map with handle 14
04-04 04:39:59.853 E/device_utils( 6681): update_device_list: Invalid device: 0
04-04 04:39:59.856 I/AudioFlinger( 6682): AudioFlinger's thread 0xb400007bdd4430a0 tid=6726 ready to run
04-04 04:39:59.856 D/audio_hw_primary( 6681): in_standby: enter: stream (0xeed424d0) usecase(23: audio-record)
04-04 04:39:59.856 W/AudioFlinger( 6682): no wake lock to update, system not ready yet
04-04 04:39:59.856 D/audio_hw_primary( 6681): in_standby: enter: stream (0xeed424d0) usecase(23: audio-record)
04-04 04:39:59.858 W/AudioFlinger( 6682): no wake lock to update, system not ready yet
04-04 04:39:59.858 D/audio_hw_primary( 6681): adev_close_input_stream: enter:stream_handle(0xeed424d0)
04-04 04:39:59.858 D/audio_hw_primary( 6681): io_streams_map_remove: Removed stream with handle 14
04-04 04:39:59.858 D/soundtrigger( 6681): audio_extn_sound_trigger_check_ec_ref_enable: EC Reference is disabled
04-04 04:39:59.858 D/sound_trigger_hw( 6681): handle_audio_ec_ref_enabled: Enter
04-04 04:39:59.858 D/sound_trigger_hw( 6681): handle_audio_ec_ref_enabled: Exit audio ec ref=0
04-04 04:39:59.858 D/soundtrigger( 6681): audio_extn_sound_trigger_update_ec_ref_status: update audio echo ref status false
04-04 04:39:59.858 D/audio_hw_primary( 6681): in_standby: enter: stream (0xeed424d0) usecase(23: audio-record)
04-04 04:39:59.859 D/audio_hw_primary( 6681): adev_open_input_stream: enter: sample_rate(48000) channel_mask(0x10) devices(0x80000004) stream_handle(0xeed431f0) io_handle(22) source(1) format 1
04-04 04:39:59.859 D/audio_hw_primary( 6681): io_streams_map_insert: Added stream in io_streams_map with handle 22
04-04 04:39:59.859 E/device_utils( 6681): update_device_list: Invalid device: 0
04-04 04:39:59.861 I/AudioFlinger( 6682): AudioFlinger's thread 0xb400007bdd4430a0 tid=6728 ready to run
04-04 04:39:59.861 D/audio_hw_primary( 6681): in_standby: enter: stream (0xeed431f0) usecase(23: audio-record)
04-04 04:39:59.861 W/AudioFlinger( 6682): no wake lock to update, system not ready yet
04-04 04:39:59.861 D/audio_hw_primary( 6681): in_standby: enter: stream (0xeed431f0) usecase(23: audio-record)
04-04 04:39:59.862 W/AudioFlinger( 6682): no wake lock to update, system not ready yet
04-04 04:39:59.862 D/audio_hw_primary( 6681): adev_close_input_stream: enter:stream_handle(0xeed431f0)
04-04 04:39:59.862 D/audio_hw_primary( 6681): io_streams_map_remove: Removed stream with handle 22
04-04 04:39:59.862 D/soundtrigger( 6681): audio_extn_sound_trigger_check_ec_ref_enable: EC Reference is disabled
04-04 04:39:59.862 D/sound_trigger_hw( 6681): handle_audio_ec_ref_enabled: Enter
04-04 04:39:59.862 D/sound_trigger_hw( 6681): handle_audio_ec_ref_enabled: Exit audio ec ref=0
04-04 04:39:59.862 D/soundtrigger( 6681): audio_extn_sound_trigger_update_ec_ref_status: update audio echo ref status false
04-04 04:39:59.862 D/audio_hw_primary( 6681): in_standby: enter: stream (0xeed431f0) usecase(23: audio-record)
04-04 04:39:59.863 D/audio_hw_primary( 6681): adev_open_input_stream: enter: sample_rate(192000) channel_mask(0x8000000f) devices(0x80000004) stream_handle(0xeed424d0) io_handle(30) source(1) format 5
04-04 04:39:59.863 D/audio_hw_primary( 6681): adev_open_input_stream: enter: sample_rate(48000) channel_mask(0x8000000f) devices(0x80000004) stream_handle(0xeed424d0) io_handle(30) source(1) format 1
04-04 04:39:59.863 D/audio_hw_primary( 6681): io_streams_map_insert: Added stream in io_streams_map with handle 30
04-04 04:39:59.863 E/device_utils( 6681): update_device_list: Invalid device: 0
04-04 04:39:59.866 I/AudioFlinger( 6682): AudioFlinger's thread 0xb400007bdd4430a0 tid=6730 ready to run
04-04 04:39:59.866 D/audio_hw_primary( 6681): adev_close_input_stream: enter:stream_handle(0xeed424d0)
04-04 04:39:59.866 D/audio_hw_primary( 6681): io_streams_map_remove: Removed stream with handle 30
04-04 04:39:59.866 D/soundtrigger( 6681): audio_extn_sound_trigger_check_ec_ref_enable: EC Reference is disabled
04-04 04:39:59.866 D/sound_trigger_hw( 6681): handle_audio_ec_ref_enabled: Enter
04-04 04:39:59.866 D/sound_trigger_hw( 6681): handle_audio_ec_ref_enabled: Exit audio ec ref=0
04-04 04:39:59.866 D/soundtrigger( 6681): audio_extn_sound_trigger_update_ec_ref_status: update audio echo ref status false
04-04 04:39:59.866 D/audio_hw_primary( 6681): in_standby: enter: stream (0xeed424d0) usecase(23: audio-record)
04-04 04:39:59.866 D/audio_hw_primary( 6681): adev_open_input_stream: enter: sample_rate(48000) channel_mask(0xc) devices(0x80000040) stream_handle(0xeed431f0) io_handle(38) source(1) format 1
04-04 04:39:59.866 D/audio_hw_primary( 6681): io_streams_map_insert: Added stream in io_streams_map with handle 38
04-04 04:39:59.866 E/device_utils( 6681): update_device_list: Invalid device: 0
04-04 04:39:59.867 I/AudioFlinger( 6682): AudioFlinger's thread 0xb400007bdd4430a0 tid=6732 ready to run
04-04 04:39:59.867 D/audio_hw_primary( 6681): in_standby: enter: stream (0xeed431f0) usecase(55: afe-proxy-record)
04-04 04:39:59.868 W/AudioFlinger( 6682): no wake lock to update, system not ready yet
04-04 04:39:59.868 D/audio_hw_primary( 6681): in_standby: enter: stream (0xeed431f0) usecase(55: afe-proxy-record)
04-04 04:39:59.868 W/AudioFlinger( 6682): no wake lock to update, system not ready yet
04-04 04:39:59.868 D/audio_hw_primary( 6681): adev_close_input_stream: enter:stream_handle(0xeed431f0)
04-04 04:39:59.868 D/audio_hw_primary( 6681): io_streams_map_remove: Removed stream with handle 38
04-04 04:39:59.868 D/soundtrigger( 6681): audio_extn_sound_trigger_check_ec_ref_enable: EC Reference is disabled
04-04 04:39:59.868 D/sound_trigger_hw( 6681): handle_audio_ec_ref_enabled: Enter
04-04 04:39:59.868 D/sound_trigger_hw( 6681): handle_audio_ec_ref_enabled: Exit audio ec ref=0
04-04 04:39:59.868 D/soundtrigger( 6681): audio_extn_sound_trigger_update_ec_ref_status: update audio echo ref status false
04-04 04:39:59.868 D/audio_hw_primary( 6681): in_standby: enter: stream (0xeed431f0) usecase(55: afe-proxy-record)
04-04 04:39:59.869 D/audio_hw_primary( 6681): adev_open_input_stream: enter: sample_rate(48000) channel_mask(0x80000007) devices(0x80000004) stream_handle(0xeed431f0) io_handle(46) source(1) format 1
04-04 04:39:59.869 D/audio_hw_primary( 6681): io_streams_map_insert: Added stream in io_streams_map with handle 46
04-04 04:39:59.869 E/device_utils( 6681): update_device_list: Invalid device: 0
04-04 04:39:59.869 I/AudioFlinger( 6682): AudioFlinger's thread 0xb400007bdd4430a0 tid=6734 ready to run
04-04 04:39:59.870 D/audio_hw_primary( 6681): in_standby: enter: stream (0xeed431f0) usecase(23: audio-record)
04-04 04:39:59.870 W/AudioFlinger( 6682): no wake lock to update, system not ready yet
04-04 04:39:59.870 D/audio_hw_primary( 6681): in_standby: enter: stream (0xeed431f0) usecase(23: audio-record)
04-04 04:39:59.870 W/AudioFlinger( 6682): no wake lock to update, system not ready yet
04-04 04:39:59.871 D/audio_hw_primary( 6681): adev_close_input_stream: enter:stream_handle(0xeed431f0)
04-04 04:39:59.871 D/audio_hw_primary( 6681): io_streams_map_remove: Removed stream with handle 46
04-04 04:39:59.871 D/soundtrigger( 6681): audio_extn_sound_trigger_check_ec_ref_enable: EC Reference is disabled
04-04 04:39:59.871 D/sound_trigger_hw( 6681): handle_audio_ec_ref_enabled: Enter
04-04 04:39:59.871 D/sound_trigger_hw( 6681): handle_audio_ec_ref_enabled: Exit audio ec ref=0
04-04 04:39:59.871 D/soundtrigger( 6681): audio_extn_sound_trigger_update_ec_ref_status: update audio echo ref status false
04-04 04:39:59.871 D/audio_hw_primary( 6681): in_standby: enter: stream (0xeed431f0) usecase(23: audio-record)
04-04 04:39:59.871 D/audio_hw_primary( 6681): adev_open_input_stream: enter: sample_rate(48000) channel_mask(0xc) devices(0x80000004) stream_handle(0xeed431f0) io_handle(54) source(1) format 1
04-04 04:39:59.871 D/audio_hw_primary( 6681): io_streams_map_insert: Added stream in io_streams_map with handle 54
04-04 04:39:59.871 E/device_utils( 6681): update_device_list: Invalid device: 0
04-04 04:39:59.872 I/AudioFlinger( 6682): AudioFlinger's thread 0xb400007bdd4430a0 tid=6736 ready to run
04-04 04:39:59.872 D/audio_hw_primary( 6681): in_standby: enter: stream (0xeed431f0) usecase(23: audio-record)
04-04 04:39:59.872 W/AudioFlinger( 6682): no wake lock to update, system not ready yet
04-04 04:39:59.873 D/audio_hw_primary( 6681): in_standby: enter: stream (0xeed431f0) usecase(23: audio-record)
04-04 04:39:59.873 W/AudioFlinger( 6682): no wake lock to update, system not ready yet
04-04 04:39:59.873 D/audio_hw_primary( 6681): adev_close_input_stream: enter:stream_handle(0xeed431f0)
04-04 04:39:59.873 D/audio_hw_primary( 6681): io_streams_map_remove: Removed stream with handle 54
04-04 04:39:59.873 D/soundtrigger( 6681): audio_extn_sound_trigger_check_ec_ref_enable: EC Reference is disabled
04-04 04:39:59.873 D/sound_trigger_hw( 6681): handle_audio_ec_ref_enabled: Enter
04-04 04:39:59.873 D/sound_trigger_hw( 6681): handle_audio_ec_ref_enabled: Exit audio ec ref=0
04-04 04:39:59.873 D/soundtrigger( 6681): audio_extn_sound_trigger_update_ec_ref_status: update audio echo ref status false
04-04 04:39:59.873 D/audio_hw_primary( 6681): in_standby: enter: stream (0xeed431f0) usecase(23: audio-record)
04-04 04:39:59.873 D/audio_hw_primary( 6681): adev_open_input_stream: enter: sample_rate(48000) channel_mask(0x8000000f) devices(0x80000004) stream_handle(0xeed431f0) io_handle(62) source(1) format 1
04-04 04:39:59.873 D/audio_hw_primary( 6681): io_streams_map_insert: Added stream in io_streams_map with handle 62
04-04 04:39:59.873 E/device_utils( 6681): update_device_list: Invalid device: 0
04-04 04:39:59.874 I/AudioFlinger( 6682): AudioFlinger's thread 0xb400007bdd4430a0 tid=6738 ready to run
04-04 04:39:59.874 D/audio_hw_primary( 6681): in_standby: enter: stream (0xeed431f0) usecase(23: audio-record)
04-04 04:39:59.874 W/AudioFlinger( 6682): no wake lock to update, system not ready yet
04-04 04:39:59.875 D/audio_hw_primary( 6681): in_standby: enter: stream (0xeed431f0) usecase(23: audio-record)
04-04 04:39:59.875 W/AudioFlinger( 6682): no wake lock to update, system not ready yet
04-04 04:39:59.875 D/audio_hw_primary( 6681): adev_close_input_stream: enter:stream_handle(0xeed431f0)
04-04 04:39:59.875 D/audio_hw_primary( 6681): io_streams_map_remove: Removed stream with handle 62
04-04 04:39:59.875 D/soundtrigger( 6681): audio_extn_sound_trigger_check_ec_ref_enable: EC Reference is disabled
04-04 04:39:59.875 D/sound_trigger_hw( 6681): handle_audio_ec_ref_enabled: Enter
04-04 04:39:59.875 D/sound_trigger_hw( 6681): handle_audio_ec_ref_enabled: Exit audio ec ref=0
04-04 04:39:59.875 D/soundtrigger( 6681): audio_extn_sound_trigger_update_ec_ref_status: update audio echo ref status false
04-04 04:39:59.875 D/audio_hw_primary( 6681): in_standby: enter: stream (0xeed431f0) usecase(23: audio-record)
04-04 04:39:59.886 I/bt_a2dp_hw( 6682): system/bt/audio_a2dp_hw/src/audio_a2dp_hw.cc:1998 adev_open: adev_open: adev_open in A2dp_hw module
04-04 04:39:59.887 I/AudioFlinger( 6682): loadHwModule() Loaded a2dp audio interface, handle 18
04-04 04:39:59.888 I/AudioFlinger( 6682): loadHwModule() Loaded usb audio interface, handle 26
04-04 04:39:59.890 I/r_submix( 6681): adev_open(name=audio_hw_if)
04-04 04:39:59.890 I/r_submix( 6681): adev_init_check()
04-04 04:39:59.890 I/AudioFlinger( 6682): loadHwModule() Loaded r_submix audio interface, handle 34
04-04 04:39:59.890 D/r_submix( 6681): adev_open_input_stream(addr=0)
04-04 04:39:59.890 D/r_submix( 6681): submix_audio_device_create_pipe_l(addr=0, idx=9)
04-04 04:39:59.890 D/r_submix( 6681): now using address 0 for route 9
04-04 04:39:59.892 I/AudioFlinger( 6682): AudioFlinger's thread 0xb400007bdd4430a0 tid=6740 ready to run
04-04 04:39:59.892 D/r_submix( 6681): adev_close_input_stream()
04-04 04:39:59.892 D/r_submix( 6681): submix_audio_device_release_pipe_l(idx=9) addr=0
04-04 04:39:59.892 D/r_submix( 6681): submix_audio_device_destroy_pipe_l(): pipe destroyed
04-04 04:39:59.893 D/btaudio_offload_qti( 6681): is_value_adds_supported: vendor_info = 3
04-04 04:39:59.893 D/btaudio_offload_qti( 6681): is_value_adds_supported: Build is running with QC Value-adds for odm
04-04 04:39:59.893 E/btaudio_offload_qti( 6681): bt_audio_pre_init_qti: HIDL IBluetoothAudioProvidersFactory already registered
04-04 04:39:59.893 D/btaudio_offload_qti_2_1( 6681): is_value_adds_supported: vendor_info = 3
04-04 04:39:59.893 D/btaudio_offload_qti_2_1( 6681): is_value_adds_supported: Build is running with QC Value-adds for odm
04-04 04:39:59.894 I/hwservicemanager( 504): getTransport: Cannot find entry vendor.qti.hardware.bluetooth_audio@2.1::IBluetoothAudioProvidersFactory/default in either framework or device VINTF manifest.
04-04 04:39:59.895 I/hwservicemanager( 504): getTransport: Cannot find entry vendor.qti.hardware.bluetooth_audio@2.1::IBluetoothAudioProvidersFactory/default in either framework or device VINTF manifest.
04-04 04:39:59.895 E/HidlServiceManagement( 6681): Service vendor.qti.hardware.bluetooth_audio@2.1::IBluetoothAudioProvidersFactory/default must be in VINTF manifest in order to register/get.
04-04 04:39:59.895 E/LegacySupport( 6681): Could not register service vendor.qti.hardware.bluetooth_audio@2.1::IBluetoothAudioProvidersFactory/default (-2147483648).
04-04 04:39:59.895 E/btaudio_offload_qti_2_1( 6681): bt_audio_pre_init_qti: HIDL IBluetoothAudioProvidersFactory 2.1 registration failed
04-04 04:39:59.895 I/AudioFlinger( 6682): loadHwModule() Loaded bluetooth_qti audio interface, handle 42
04-04 04:39:59.935 I/VRAudio:VRAudioService( 6682): instantiate VRAudioService
04-04 04:40:00.004 W/QCC:PeriodicCI( 2367): [ERROR] Current time is wrong, status=3
04-04 04:40:00.008 W/BestClock( 1549): java.time.DateTimeException: Missing NTP fix
04-04 04:40:00.030 W/BestClock( 1549): java.time.DateTimeException: Missing NTP fix
04-04 04:40:00.030 I/netstats_mobile_sample( 1549): [0,0,0,0,0,0,0,0,0,0,0,0,1680554400030]
04-04 04:40:00.031 I/netstats_wifi_sample( 1549): [2553697,6965,3111108,8010,2553697,6965,3111108,8010,4055514,12785,1837207,4848,1680554400030]
04-04 04:40:00.034 W/BestClock( 1549): java.time.DateTimeException: Missing NTP fix
04-04 04:40:00.034 W/BestClock( 1549): java.time.DateTimeException: Missing NTP fix
04-04 04:40:00.491 I/auditd ( 0): type=1400 audit(0.0:554): avc: denied { kill } for comm="swapper/3" capability=5 scontext=u:r:kernel:s0 tcontext=u:r:kernel:s0 tclass=capability permissive=0
04-04 04:40:00.491 W/swapper/3( 0): type=1400 audit(0.0:554): avc: denied { kill } for capability=5 scontext=u:r:kernel:s0 tcontext=u:r:kernel:s0 tclass=capability permissive=0
04-04 04:40:00.511 I/ServiceManager( 1549): Waiting for service 'media.audio_policy' on '/dev/binder' successful after waiting 4003ms
04-04 04:40:00.512 I/CaptureStateNotifier( 6682): Registering a listener
04-04 04:40:00.512 I/ServiceManager( 1201): Waiting for service 'media.audio_policy' on '/dev/binder' successful after waiting 4002ms
04-04 04:40:00.513 I/SoundTriggerMiddlewareLogging( 1549): setCaptureState[this=com.android.server.soundtrigger_middleware.SoundTriggerMiddlewareImpl@db33bd1, client=null](false)
04-04 04:40:00.513 I/ServiceManager( 6682): Waiting for service 'media.audio_policy' on '/dev/binder' successful after waiting 2002ms
04-04 04:40:00.520 W/AudioFlinger( 6682): session id 57 not found for pid 2940
04-04 04:40:00.520 W/AMessage( 1201): failed to post message as target looper for handler 17 is gone.
04-04 04:40:00.520 W/AMessage( 1201): failed to post message as target looper for handler 17 is gone.
04-04 04:40:00.520 D/PermissionCache( 6682): checking android.permission.MODIFY_AUDIO_SETTINGS for uid=1000 => granted (2230 us)
04-04 04:40:00.520 W/AMessage( 1201): failed to post message as target looper for handler 17 is gone.
04-04 04:40:00.521 W/AMessage( 1201): failed to post message as target looper for handler 17 is gone.
04-04 04:40:00.521 W/AMessage( 1201): failed to post message as target looper for handler 17 is gone.
04-04 04:40:00.521 W/AMessage( 1201): failed to post message as target looper for handler 17 is gone.
04-04 04:40:00.521 W/AMessage( 1201): failed to post message as target looper for handler 17 is gone.
04-04 04:40:00.521 W/AMessage( 1201): failed to post message as target looper for handler 17 is gone.
04-04 04:40:00.521 W/AMessage( 1201): failed to post message as target looper for handler 17 is gone.
04-04 04:40:00.521 W/AMessage( 1201): failed to post message as target looper for handler 17 is gone.
04-04 04:40:00.521 D/audio_hw_primary( 6681): adev_set_parameters: enter: restarting=true
04-04 04:40:00.521 D/audio_hw_hfp( 6681): hfp_set_parameters: enter
04-04 04:40:00.521 D/audio_hw_extn( 6681): audio_extn_fm_set_parameters: Enter
04-04 04:40:00.522 I/AS.AudioService( 1549): Cached params {ans_on=false, orientation=landscape, hdr_record_on=false, hdr_audio_sampling_rate=0, wnr_on=false, facing=none, hdr_audio_channel_count=0, inverted=false}
04-04 04:40:00.522 I/AS.AudioService( 1549): Key ans_on Value false
04-04 04:40:00.522 I/AS.AudioService( 1549): Params ans_on=false
04-04 04:40:00.522 I/AS.AudioService( 1549): Key orientation Value landscape
04-04 04:40:00.522 I/AS.AudioService( 1549): Params ans_on=false;orientation=landscape
04-04 04:40:00.522 I/AS.AudioService( 1549): Key hdr_record_on Value false
04-04 04:40:00.522 I/AS.AudioService( 1549): Params ans_on=false;orientation=landscape;hdr_record_on=false
04-04 04:40:00.522 I/AS.AudioService( 1549): Key hdr_audio_sampling_rate Value 0
04-04 04:40:00.522 I/AS.AudioService( 1549): Params ans_on=false;orientation=landscape;hdr_record_on=false;hdr_audio_sampling_rate=0
04-04 04:40:00.522 I/AS.AudioService( 1549): Key wnr_on Value false
04-04 04:40:00.522 I/AS.AudioService( 1549): Params ans_on=false;orientation=landscape;hdr_record_on=false;hdr_audio_sampling_rate=0;wnr_on=false
04-04 04:40:00.522 I/AS.AudioService( 1549): Key facing Value none
04-04 04:40:00.522 I/AS.AudioService( 1549): Params ans_on=false;orientation=landscape;hdr_record_on=false;hdr_audio_sampling_rate=0;wnr_on=false;facing=none
04-04 04:40:00.522 I/AS.AudioService( 1549): Key hdr_audio_channel_count Value 0
04-04 04:40:00.522 I/AS.AudioService( 1549): Params ans_on=false;orientation=landscape;hdr_record_on=false;hdr_audio_sampling_rate=0;wnr_on=false;facing=none;hdr_audio_channel_count=0
04-04 04:40:00.522 I/AS.AudioService( 1549): Key inverted Value false
04-04 04:40:00.522 I/AS.AudioService( 1549): Params ans_on=false;orientation=landscape;hdr_record_on=false;hdr_audio_sampling_rate=0;wnr_on=false;facing=none;hdr_audio_channel_count=0;inverted=false
04-04 04:40:00.522 I/AS.AudioService( 1549): Restore params ans_on=false;orientation=landscape;hdr_record_on=false;hdr_audio_sampling_rate=0;wnr_on=false;facing=none;hdr_audio_channel_count=0;inverted=false
04-04 04:40:00.523 D/PermissionCache( 6682): checking android.permission.CAPTURE_AUDIO_OUTPUT for uid=10078 => granted (199 us)
04-04 04:40:00.523 D/audio_hw_primary( 6681): adev_set_parameters: enter: ans_on=false;facing=none;hdr_audio_channel_count=0;hdr_audio_sampling_rate=0;hdr_record_on=false;inverted=false;orientation=landscape;wnr_on=false
04-04 04:40:00.523 D/audio_hw_hfp( 6681): hfp_set_parameters: enter
04-04 04:40:00.524 D/audio_hw_extn( 6681): audio_extn_fm_set_parameters: Enter
04-04 04:40:00.525 E/AudioRecordingConfiguration( 1549): Couldn't find device for recording, did recording end already?
04-04 04:40:00.525 I/AudioService.RecordingActivityMonitor( 1549): rec update riid:87 uid:10078 session:65 src:REMOTE_SUBMIX not silenced pack:com.android.systemui
04-04 04:40:00.525 D/AudioFlinger( 6682): isLowRamDevice:false totalMemory:8085733376 mClientSharedHeapSize:33554432
04-04 04:40:00.526 W/APM::AudioPolicyEngine/Base( 6682): setPhoneState() setting same state 0
04-04 04:40:00.526 W/APM_AudioPolicyManager( 6682): setPhoneState() invalid or same state 0
04-04 04:40:00.527 I/Telecom ( 1549): WiredHeadsetManager: ACTION_HEADSET_PLUG event, plugged in: false, : WHC.oADR@ABg
04-04 04:40:00.528 W/Utils ( 1201): track of type 'audio/mpeg' does not publish channel mask, channel count 2
04-04 04:40:00.531 D/audio_hw_primary( 6681): adev_open_input_stream: enter: sample_rate(48000) channel_mask(0x10) devices(0x80000004) stream_handle(0xeed431f0) io_handle(78) source(7) format 1
04-04 04:40:00.531 D/audio_hw_primary( 6681): io_streams_map_insert: Added stream in io_streams_map with handle 78
04-04 04:40:00.531 E/device_utils( 6681): update_device_list: Invalid device: 0
04-04 04:40:00.532 I/AudioFlinger( 6682): AudioFlinger's thread 0xb400007bdd4430a0 tid=6746 ready to run
04-04 04:40:00.533 D/audio_hw_primary( 6681): in_standby: enter: stream (0xeed431f0) usecase(34: audio-record-voip)
04-04 04:40:00.533 W/AudioFlinger( 6682): no wake lock to update, system not ready yet
04-04 04:40:00.533 D/audio_hw_primary( 6681): in_standby: enter: stream (0xeed431f0) usecase(34: audio-record-voip)
04-04 04:40:00.535 I/EffectsFactory( 6681): EffectCreate() create_effect
04-04 04:40:00.535 W/EffectHAL( 6681): Effect 0xee0a9510 command SET_CONFIG returned status: Invalid argument
04-04 04:40:00.536 D/audio_hw_primary( 6681): adev_get_parameters:vr_audio_mode_on
04-04 04:40:00.536 I/audio_hw_primary( 6681): getting vr mode to 0
04-04 04:40:00.536 D/audio_hw_primary( 6681): adev_get_parameters: exit: returns - vr_audio_mode_on=false
