04-04 04:35:16.657 I/notification_visibility( 1549): [-1|android|32|null|1000,1,4125,4125,0,1]
04-04 04:35:16.659 I/am_uid_active( 1549): 10019
04-04 04:35:16.766 I/am_uid_active( 1549): 10086
04-04 04:35:16.787 I/am_uid_running( 1549): 10059
04-04 04:35:16.797 I/am_proc_start( 1549): [0,3748,10059,com.android.onetimeinitializer,broadcast,{com.android.onetimeinitializer/com.android.onetimeinitializer.OneTimeInitializerReceiver}]
04-04 04:35:16.825 I/am_proc_bound( 1549): [0,3748,com.android.onetimeinitializer]
04-04 04:35:16.829 I/am_uid_active( 1549): 10059
04-04 04:35:16.891 I/am_uid_running( 1549): 10029
04-04 04:35:16.901 I/am_proc_start( 1549): [0,3766,10029,com.android.packageinstaller,broadcast,{com.android.packageinstaller/com.android.packageinstaller.TemporaryFileManager}]
04-04 04:35:16.924 I/am_proc_bound( 1549): [0,3766,com.android.packageinstaller]
04-04 04:35:16.928 I/am_uid_active( 1549): 10029
04-04 04:35:17.008 I/am_uid_running( 1549): 10090
04-04 04:35:17.019 I/am_proc_start( 1549): [0,3781,10090,com.android.permissioncontroller,broadcast,{com.android.permissioncontroller/com.android.permissioncontroller.permission.service.LocationAccessCheck$SetupPeriodicBackgroundLocationAccessCheck}]
04-04 04:35:17.049 I/am_proc_bound( 1549): [0,3781,com.android.permissioncontroller]
04-04 04:35:17.058 I/am_uid_active( 1549): 10090
04-04 04:35:17.156 I/sysui_multi_action( 1549): [757,128,758,1,793,4111,794,0,795,4111,796,26,798,0,806,android,857,DEVELOPER_IMPORTANT,858,4,947,0,1395,2,1500,3864,1688,1]
04-04 04:35:17.156 I/sysui_multi_action( 1549): [757,804,799,note_freshness,801,4111,802,1]
04-04 04:35:17.156 I/notification_visibility( 1549): [-1|android|26|null|1000,1,4111,4111,0,0]
04-04 04:35:17.157 I/sysui_multi_action( 1549): [757,128,758,2,793,4625,794,500,795,4625,796,32,798,1,806,android,857,USB,858,1,947,0,1395,2,1500,4308,1688,1]
04-04 04:35:17.157 I/notification_visibility( 1549): [-1|android|32|null|1000,0,4625,4625,0,1]
04-04 04:35:17.227 I/am_uid_running( 1549): 10030
04-04 04:35:17.241 I/am_proc_start( 1549): [0,3799,10030,com.android.providers.calendar,broadcast,{com.android.providers.calendar/com.android.providers.calendar.CalendarReceiver}]
04-04 04:35:17.270 I/am_proc_bound( 1549): [0,3799,com.android.providers.calendar]
04-04 04:35:17.277 I/am_uid_active( 1549): 10030
04-04 04:35:17.409 I/am_uid_running( 1549): 2000
04-04 04:35:17.423 I/am_proc_start( 1549): [0,3820,2000,com.android.shell,broadcast,{com.android.shell/com.android.shell.HeapDumpReceiver}]
04-04 04:35:17.445 I/am_proc_bound( 1549): [0,3820,com.android.shell]
04-04 04:35:17.452 I/am_uid_active( 1549): 2000
04-04 04:35:17.527 I/am_uid_running( 1549): 10073
04-04 04:35:17.551 I/am_proc_start( 1549): [0,3838,10073,com.qti.ltebc,broadcast,{com.qti.ltebc/com.qualcomm.ltebc.LTEBroadcastBootReceiver}]
04-04 04:35:17.566 I/am_proc_bound( 1549): [0,3838,com.qti.ltebc]
04-04 04:35:17.570 I/am_uid_active( 1549): 10073
04-04 04:35:17.691 I/liblog ( 1398): 278
04-04 04:35:17.855 I/auditd ( 3878): type=1400 audit(0.0:286): avc: denied { read } for comm="cat" name="address" dev="sysfs" ino=61794 scontext=u:r:platform_app:s0:c512,c768 tcontext=u:object_r:sysfs:s0 tclass=file permissive=0 app=com.hht.lebocast
04-04 04:35:18.071 I/am_uid_running( 1549): 10054
04-04 04:35:18.076 I/am_proc_died( 1549): [0,3838,com.qti.ltebc,905,19]
04-04 04:35:18.076 I/am_uid_stopped( 1549): 10073
04-04 04:35:18.077 I/am_uid_active( 1549): 10054
04-04 04:35:18.085 I/am_proc_start( 1549): [0,3885,10054,com.qualcomm.qti.qms.service.connectionsecurity,broadcast,{com.qualcomm.qti.qms.service.connectionsecurity/com.qualcomm.qti.qms.service.connectionsecurity.ConnSecBroadcastReceiver}]
04-04 04:35:18.116 I/am_proc_bound( 1549): [0,3885,com.qualcomm.qti.qms.service.connectionsecurity]
04-04 04:35:18.258 I/am_uid_running( 1549): 10027
04-04 04:35:18.265 I/am_proc_start( 1549): [0,3917,10027,com.android.externalstorage,broadcast,{com.android.externalstorage/com.android.externalstorage.MountReceiver}]
04-04 04:35:18.283 I/netstats_mobile_sample( 1549): [0,0,0,0,0,0,0,0,0,0,0,0,1680554118283]
04-04 04:35:18.283 I/netstats_wifi_sample( 1549): [0,0,0,0,0,0,0,0,0,0,0,0,1680554118283]
04-04 04:35:18.285 I/am_proc_bound( 1549): [0,3917,com.android.externalstorage]
04-04 04:35:18.344 I/am_uid_running( 1549): 10073
04-04 04:35:18.352 I/am_proc_start( 1549): [0,3936,10073,com.qti.ltebc,broadcast,{com.qti.ltebc/com.qualcomm.ltebc.LTEBroadcastReceiver}]
04-04 04:35:18.355 I/netstats_mobile_sample( 1549): [0,0,0,0,0,0,0,0,0,0,0,0,1680554118355]
04-04 04:35:18.355 I/netstats_wifi_sample( 1549): [0,0,0,0,0,0,0,0,0,0,0,0,1680554118355]
04-04 04:35:18.364 I/am_proc_bound( 1549): [0,3936,com.qti.ltebc]
04-04 04:35:18.366 I/netstats_mobile_sample( 1549): [0,0,0,0,0,0,0,0,0,0,0,0,1680554118366]
04-04 04:35:18.366 I/netstats_wifi_sample( 1549): [0,0,0,0,0,0,0,0,0,0,0,0,1680554118366]
04-04 04:35:18.366 I/am_uid_active( 1549): 10073
04-04 04:35:18.379 I/netstats_mobile_sample( 1549): [0,0,0,0,0,0,0,0,0,0,0,0,1680554118379]
04-04 04:35:18.379 I/netstats_wifi_sample( 1549): [0,0,0,0,0,0,0,0,0,0,0,0,1680554118379]
04-04 04:35:18.388 I/netstats_mobile_sample( 1549): [0,0,0,0,0,0,0,0,0,0,0,0,1680554118388]
04-04 04:35:18.388 I/netstats_wifi_sample( 1549): [322,1,0,0,322,1,0,0,0,0,0,0,1680554118388]
04-04 04:35:18.718 I/am_proc_died( 1549): [0,3936,com.qti.ltebc,0,11]
04-04 04:35:18.718 I/am_broadcast_discard_app( 1549): [0,104142105,android.intent.action.MEDIA_MOUNTED,2,ResolveInfo{ae9476d com.qti.ltebc/com.qualcomm.ltebc.LTEBroadcastReceiver m=0x208000}]
04-04 04:35:18.719 I/am_uid_stopped( 1549): 10073
04-04 04:35:18.739 I/am_uid_running( 1549): 10073
04-04 04:35:18.749 I/am_proc_start( 1549): [0,3976,10073,com.qti.ltebc,broadcast,{com.qti.ltebc/com.qualcomm.ltebc.LTEBroadcastReceiver}]
04-04 04:35:18.773 I/am_proc_bound( 1549): [0,3976,com.qti.ltebc]
04-04 04:35:18.777 I/am_uid_active( 1549): 10073
04-04 04:35:19.111 I/am_proc_died( 1549): [0,3976,com.qti.ltebc,0,11]
04-04 04:35:19.112 I/am_broadcast_discard_app( 1549): [0,259781683,android.intent.action.MEDIA_MOUNTED,2,ResolveInfo{b1202d9 com.qti.ltebc/com.qualcomm.ltebc.LTEBroadcastReceiver m=0x208000}]
04-04 04:35:19.112 I/am_uid_stopped( 1549): 10073
04-04 04:35:19.612 I/commit_sys_config_file( 1549): [notification-policy,8041]
04-04 04:35:20.429 I/commit_sys_config_file( 1549): [package-user-0,2]
04-04 04:35:20.429 I/commit_sys_config_file( 1549): [package,43]
04-04 04:35:20.436 I/service_manager_stats( 1549): [116,121,5093]
04-04 04:35:20.491 I/auditd ( 0): type=1400 audit(0.0:287): avc: denied { kill } for comm="swapper/2" capability=5 scontext=u:r:kernel:s0 tcontext=u:r:kernel:s0 tclass=capability permissive=0
04-04 04:35:21.491 I/auditd ( 0): type=1400 audit(0.0:288): avc: denied { kill } for comm="swapper/2" capability=5 scontext=u:r:kernel:s0 tcontext=u:r:kernel:s0 tclass=capability permissive=0
04-04 04:35:21.737 I/commit_sys_config_file( 1549): [appops,9]
04-04 04:35:21.895 I/auditd ( 0): type=1400 audit(0.0:289): avc: denied { kill } for comm="swapper/1" capability=5 scontext=u:r:kernel:s0 tcontext=u:r:kernel:s0 tclass=capability permissive=0
04-04 04:35:22.357 I/sysui_heads_up_status( 1978): [-1|android|26|null|1000,0]
04-04 04:35:22.804 I/sysui_multi_action( 1549): [757,128,758,1,793,10272,794,0,795,10272,796,32,798,1,806,android,857,USB,858,1,947,0,1395,2,1500,9955,1688,1]
04-04 04:35:22.805 I/sysui_multi_action( 1549): [757,804,799,note_freshness,801,10272,802,1]
04-04 04:35:22.805 I/notification_visibility( 1549): [-1|android|32|null|1000,1,10272,10272,0,1]
04-04 04:35:22.807 I/sysui_multi_action( 1549): [757,128,758,2,793,9762,794,5651,795,9762,796,26,798,0,806,android,857,DEVELOPER_IMPORTANT,858,4,947,0,1395,2,1500,9515,1688,1]
04-04 04:35:22.807 I/notification_visibility( 1549): [-1|android|26|null|1000,0,9762,9762,0,0]
04-04 04:35:22.808 I/sysui_multi_action( 1549): [757,128,758,2,793,10276,794,4,795,10276,796,32,798,1,806,android,857,USB,858,1,947,0,1395,2,1500,9959,1688,1]
04-04 04:35:22.808 I/notification_visibility( 1549): [-1|android|32|null|1000,0,10276,10276,0,1]
04-04 04:35:22.809 I/sysui_multi_action( 1549): [757,127,758,2]
04-04 04:35:22.809 I/notification_panel_hidden( 1549):
04-04 04:35:22.999 I/auditd ( 9): type=1400 audit(0.0:290): avc: denied { kill } for comm="ksoftirqd/0" capability=5 scontext=u:r:kernel:s0 tcontext=u:r:kernel:s0 tclass=capability permissive=0
04-04 04:35:23.050 I/am_uid_running( 1549): 10073
04-04 04:35:23.078 I/am_proc_start( 1549): [0,4278,10073,com.qti.ltebc,broadcast,{com.qti.ltebc/com.qualcomm.ltebc.LTEBroadcastAlarmReceiver}]
04-04 04:35:23.115 I/am_proc_bound( 1549): [0,4278,com.qti.ltebc]
04-04 04:35:23.120 I/am_uid_active( 1549): 10073
04-04 04:35:23.421 I/ntp_failure( 1549): [time.android.com/216.239.35.4,java.net.SocketTimeoutException: Poll timed out]
04-04 04:35:23.474 I/am_uid_running( 1549): 10056
04-04 04:35:23.495 I/am_proc_start( 1549): [0,4319,10056,com.qualcomm.qti.qms.service.trustzoneaccess,service,{com.qualcomm.qti.qms.service.trustzoneaccess/com.qualcomm.qti.qms.service.trustzoneaccess.TZAccessService}]
04-04 04:35:23.491 I/auditd ( 0): type=1400 audit(0.0:291): avc: denied { kill } for comm="swapper/2" capability=5 scontext=u:r:kernel:s0 tcontext=u:r:kernel:s0 tclass=capability permissive=0
04-04 04:35:23.518 I/am_proc_bound( 1549): [0,4319,com.qualcomm.qti.qms.service.trustzoneaccess]
04-04 04:35:23.618 I/am_proc_died( 1549): [0,4278,com.qti.ltebc,905,19]
04-04 04:35:23.619 I/am_uid_stopped( 1549): 10073
04-04 04:35:23.633 I/am_pss ( 1549): [2518,10070,com.android.launcher3,83730432,74657792,0,205606912,0,2,8]
04-04 04:35:24.091 I/auditd ( 0): type=1400 audit(0.0:292): avc: denied { kill } for comm="swapper/3" capability=5 scontext=u:r:kernel:s0 tcontext=u:r:kernel:s0 tclass=capability permissive=0
04-04 04:35:24.491 I/auditd ( 0): type=1400 audit(0.0:293): avc: denied { kill } for comm="swapper/2" capability=5 scontext=u:r:kernel:s0 tcontext=u:r:kernel:s0 tclass=capability permissive=0
04-04 04:35:25.135 I/auditd ( 0): type=1400 audit(0.0:294): avc: denied { kill } for comm="swapper/1" capability=5 scontext=u:r:kernel:s0 tcontext=u:r:kernel:s0 tclass=capability permissive=0
04-04 04:35:25.491 I/auditd ( 0): type=1400 audit(0.0:295): avc: denied { kill } for comm="swapper/2" capability=5 scontext=u:r:kernel:s0 tcontext=u:r:kernel:s0 tclass=capability permissive=0
04-04 04:35:25.611 I/notification_enqueue( 1549): [10094,3433,com.tencent.qqmusicpad,1,NULL,0,Notification(channel=10000 shortcut=null contentView=null vibrate=null sound=null defaults=0x0 flags=0x40 color=0x00000000 vis=PRIVATE),0]
04-04 04:35:25.813 I/sysui_multi_action( 1549): [757,1501,758,1,793,204,794,0,795,204,796,1,806,com.tencent.qqmusicpad,857,10000,858,2,947,0,1500,0,1688,1]
04-04 04:35:25.813 I/sysui_multi_action( 1549): [757,804,799,note_interruptive,801,0,802,1]
04-04 04:35:26.491 I/auditd ( 0): type=1400 audit(0.0:296): avc: denied { kill } for comm="swapper/2" capability=5 scontext=u:r:kernel:s0 tcontext=u:r:kernel:s0 tclass=capability permissive=0
04-04 04:35:26.603 I/auditd ( 0): type=1400 audit(0.0:297): avc: denied { kill } for comm="swapper/0" capability=5 scontext=u:r:kernel:s0 tcontext=u:r:kernel:s0 tclass=capability permissive=0
04-04 04:35:27.743 I/auditd ( 0): type=1400 audit(0.0:298): avc: denied { kill } for comm="swapper/2" capability=5 scontext=u:r:kernel:s0 tcontext=u:r:kernel:s0 tclass=capability permissive=0
04-04 04:35:27.988 I/commit_sys_config_file( 1549): [jobs,8]
04-04 04:35:28.431 I/ntp_failure( 1549): [time.android.com/216.239.35.8,java.net.SocketTimeoutException: Poll timed out]
04-04 04:35:28.491 I/auditd ( 0): type=1400 audit(0.0:299): avc: denied { kill } for comm="swapper/0" capability=5 scontext=u:r:kernel:s0 tcontext=u:r:kernel:s0 tclass=capability permissive=0
04-04 04:35:29.491 I/auditd ( 0): type=1400 audit(0.0:300): avc: denied { kill } for comm="swapper/0" capability=5 scontext=u:r:kernel:s0 tcontext=u:r:kernel:s0 tclass=capability permissive=0
04-04 04:35:30.491 I/auditd ( 0): type=1400 audit(0.0:301): avc: denied { kill } for comm="swapper/0" capability=5 scontext=u:r:kernel:s0 tcontext=u:r:kernel:s0 tclass=capability permissive=0
04-04 04:35:31.491 I/auditd ( 0): type=1400 audit(0.0:302): avc: denied { kill } for comm="swapper/0" capability=5 scontext=u:r:kernel:s0 tcontext=u:r:kernel:s0 tclass=capability permissive=0
04-04 04:35:32.491 I/auditd ( 0): type=1400 audit(0.0:303): avc: denied { kill } for comm="swapper/0" capability=5 scontext=u:r:kernel:s0 tcontext=u:r:kernel:s0 tclass=capability permissive=0
04-04 04:35:33.441 I/ntp_failure( 1549): [time.android.com/216.239.35.12,java.net.SocketTimeoutException: Poll timed out]
04-04 04:35:33.491 I/auditd ( 0): type=1400 audit(0.0:304): avc: denied { kill } for comm="swapper/0" capability=5 scontext=u:r:kernel:s0 tcontext=u:r:kernel:s0 tclass=capability permissive=0
04-04 04:35:33.665 I/am_pss ( 1549): [2518,10070,com.android.launcher3,83721216,74657792,0,205606912,0,2,16]
04-04 04:35:33.678 I/am_pss ( 1549): [2944,10094,com.tencent.qqmusicpad,55183360,31330304,0,145174528,0,4,11]
04-04 04:35:33.687 I/am_pss ( 1549): [3433,10094,com.tencent.qqmusicpad:QQPlayerService,41462784,18927616,0,127557632,0,4,8]
04-04 04:35:33.694 I/am_pss ( 1549): [2732,10079,com.qualcomm.qtil.aptxui,7311360,5808128,0,92008448,0,19,6]
04-04 04:35:33.703 I/am_pss ( 1549): [2388,1000,com.android.settings,30885888,18014208,0,144515072,0,19,7]
04-04 04:35:33.709 I/am_pss ( 1549): [2398,10092,android.ext.services,7263232,5120000,0,97288192,0,5,6]
04-04 04:35:33.891 I/am_pss ( 1549): [2970,10074,com.qualcomm.location.XT,6301696,4620288,0,94056448,0,6,9]
04-04 04:35:33.900 I/am_pss ( 1549): [2940,10086,com.android.music,7294976,5341184,0,94965760,0,19,7]
04-04 04:35:33.907 I/am_pss ( 1549): [2998,10026,com.android.traceur,10184704,8523776,0,97820672,0,19,6]
04-04 04:35:33.915 I/am_pss ( 1549): [2951,10065,com.android.gallery3d,7234560,5091328,0,94269440,0,19,6]
04-04 04:35:34.491 I/auditd ( 0): type=1400 audit(0.0:305): avc: denied { kill } for comm="swapper/0" capability=5 scontext=u:r:kernel:s0 tcontext=u:r:kernel:s0 tclass=capability permissive=0
04-04 04:35:35.491 I/auditd ( 0): type=1400 audit(0.0:306): avc: denied { kill } for comm="swapper/0" capability=5 scontext=u:r:kernel:s0 tcontext=u:r:kernel:s0 tclass=capability permissive=0
04-04 04:35:35.520 I/am_pss ( 1549): [3142,10067,com.android.inputmethod.latin,13720576,10829824,0,112918528,0,7,11]
04-04 04:35:36.491 I/auditd ( 0): type=1400 audit(0.0:307): avc: denied { kill } for comm="swapper/0" capability=5 scontext=u:r:kernel:s0 tcontext=u:r:kernel:s0 tclass=capability permissive=0
04-04 04:35:36.635 I/am_pss ( 1549): [3037,1000,com.android.keychain,7952384,6344704,0,94330880,0,19,10]
04-04 04:35:36.646 I/am_pss ( 1549): [3682,1000,com.android.dynsystem,5374976,3760128,0,91021312,0,19,9]
04-04 04:35:36.654 I/am_pss ( 1549): [3526,1000,com.qti.diagservices,5833728,3854336,0,95662080,0,10,7]
04-04 04:35:36.662 I/am_pss ( 1549): [3675,1000,com.android.localtransport,5349376,3776512,0,91443200,0,19,7]
04-04 04:35:36.781 I/am_pss ( 1549): [3711,1000,com.android.dynsystem:dynsystem,5621760,3911680,0,91844608,0,19,10]
04-04 04:35:36.792 I/am_pss ( 1549): [3724,10019,com.android.managedprovisioning,8823808,7237632,0,94908416,0,19,9]
04-04 04:35:36.905 I/am_pss ( 1549): [3748,10059,com.android.onetimeinitializer,5099520,3543040,0,90894336,0,19,10]
04-04 04:35:37.239 I/am_pss ( 1549): [3781,10090,com.android.permissioncontroller,11644928,9973760,0,99139584,0,19,11]
04-04 04:35:37.248 I/am_pss ( 1549): [3766,10029,com.android.packageinstaller,7042048,5533696,0,91639808,0,19,7]
04-04 04:35:37.491 I/auditd ( 0): type=1400 audit(0.0:308): avc: denied { kill } for comm="swapper/0" capability=5 scontext=u:r:kernel:s0 tcontext=u:r:kernel:s0 tclass=capability permissive=0
04-04 04:35:37.514 I/am_pss ( 1549): [3820,2000,com.android.shell,5914624,4313088,0,92528640,0,19,11]
04-04 04:35:38.218 I/am_pss ( 1549): [3885,10054,com.qualcomm.qti.qms.service.connectionsecurity,14017536,4382720,0,77291520,0,19,10]
04-04 04:35:38.491 I/auditd ( 0): type=1400 audit(0.0:309): avc: denied { kill } for comm="swapper/0" capability=5 scontext=u:r:kernel:s0 tcontext=u:r:kernel:s0 tclass=capability permissive=0
04-04 04:35:39.491 I/auditd ( 0): type=1400 audit(0.0:310): avc: denied { kill } for comm="swapper/0" capability=5 scontext=u:r:kernel:s0 tcontext=u:r:kernel:s0 tclass=capability permissive=0
04-04 04:35:41.491 I/auditd ( 0): type=1400 audit(0.0:311): avc: denied { kill } for comm="swapper/3" capability=5 scontext=u:r:kernel:s0 tcontext=u:r:kernel:s0 tclass=capability permissive=0
04-04 04:35:42.491 I/auditd ( 0): type=1400 audit(0.0:312): avc: denied { kill } for comm="swapper/3" capability=5 scontext=u:r:kernel:s0 tcontext=u:r:kernel:s0 tclass=capability permissive=0
04-04 04:35:43.491 I/auditd ( 0): type=1400 audit(0.0:313): avc: denied { kill } for comm="swapper/3" capability=5 scontext=u:r:kernel:s0 tcontext=u:r:kernel:s0 tclass=capability permissive=0
04-04 04:35:44.491 I/auditd ( 0): type=1400 audit(0.0:314): avc: denied { kill } for comm="swapper/3" capability=5 scontext=u:r:kernel:s0 tcontext=u:r:kernel:s0 tclass=capability permissive=0
04-04 04:35:45.491 I/auditd ( 0): type=1400 audit(0.0:315): avc: denied { kill } for comm="swapper/3" capability=5 scontext=u:r:kernel:s0 tcontext=u:r:kernel:s0 tclass=capability permissive=0
04-04 04:35:45.703 I/am_pss ( 1549): [2906,10091,com.android.providers.media.module,21157888,17825792,0,123551744,0,0,7]
04-04 04:35:45.709 I/am_pss ( 1549): [2673,10076,com.qualcomm.location,10063872,7770112,0,102756352,0,0,6]
04-04 04:35:45.715 I/am_pss ( 1549): [2207,1073,com.android.networkstack.process,14485504,12201984,0,108761088,0,0,6]
04-04 04:35:45.722 I/am_pss ( 1549): [2149,1001,.dataservices,8366080,6647808,0,95903744,0,0,6]
04-04 04:35:45.735 I/am_pss ( 1549): [1978,10078,com.android.systemui,172653568,150319104,0,326057984,0,0,12]
04-04 04:35:45.754 I/am_pss ( 1549): [1549,1000,system,205754368,107610112,0,519524352,0,0,18]
04-04 04:35:46.495 I/auditd ( 0): type=1400 audit(0.0:316): avc: denied { kill } for comm="swapper/3" capability=5 scontext=u:r:kernel:s0 tcontext=u:r:kernel:s0 tclass=capability permissive=0
04-04 04:35:47.495 I/auditd ( 0): type=1400 audit(0.0:317): avc: denied { kill } for comm="swapper/3" capability=5 scontext=u:r:kernel:s0 tcontext=u:r:kernel:s0 tclass=capability permissive=0
04-04 04:35:48.491 I/auditd ( 0): type=1400 audit(0.0:318): avc: denied { kill } for comm="swapper/3" capability=5 scontext=u:r:kernel:s0 tcontext=u:r:kernel:s0 tclass=capability permissive=0
04-04 04:35:49.495 I/auditd ( 0): type=1400 audit(0.0:319): avc: denied { kill } for comm="swapper/3" capability=5 scontext=u:r:kernel:s0 tcontext=u:r:kernel:s0 tclass=capability permissive=0
04-04 04:35:50.200 I/netstats_mobile_sample( 1549): [0,0,0,0,0,0,0,0,0,0,0,0,1680554150200]
04-04 04:35:50.201 I/netstats_wifi_sample( 1549): [342546,1075,422079,1235,342546,1075,422079,1235,653805,2363,292559,862,1680554150200]
04-04 04:35:50.491 I/auditd ( 0): type=1400 audit(0.0:320): avc: denied { kill } for comm="swapper/3" capability=5 scontext=u:r:kernel:s0 tcontext=u:r:kernel:s0 tclass=capability permissive=0
04-04 04:35:50.603 I/auditd ( 3311): type=1400 audit(0.0:321): avc: granted { execute } for comm="Automator_1" path="/data/user/0/com.tencent.mobileqq/txlib/libkernel.so" dev="dm-10" ino=10518 scontext=u:r:untrusted_app_27:s0:c512,c768 tcontext=u:object_r:app_data_file:s0:c512,c768 tclass=file app=com.tencent.mobileqq
04-04 04:35:51.643 I/am_pss ( 1549): [3106,10095,com.tencent.mobileqq:MSF,100874240,49942528,0,249257984,0,10,11]
04-04 04:35:51.658 I/am_pss ( 1549): [3311,10095,com.tencent.mobileqq,218081280,165490688,0,372551680,0,10,13]
04-04 04:35:51.995 I/auditd ( 3311): type=1400 audit(0.0:322): avc: granted { execute } for comm="Automator_1" path="/data/user/0/com.tencent.mobileqq/txlib/libpng-arm64-v8a.so" dev="dm-10" ino=9629 scontext=u:r:untrusted_app_27:s0:c512,c768 tcontext=u:object_r:app_data_file:s0:c512,c768 tclass=file app=com.tencent.mobileqq
04-04 04:35:52.023 I/auditd ( 3311): type=1400 audit(0.0:323): avc: granted { execute } for comm="Automator_1" path="/data/user/0/com.tencent.mobileqq/txlib/libark-1fcd76.so" dev="dm-10" ino=9630 scontext=u:r:untrusted_app_27:s0:c512,c768 tcontext=u:object_r:app_data_file:s0:c512,c768 tclass=file app=com.tencent.mobileqq
04-04 04:35:52.627 I/auditd ( 3311): type=1400 audit(0.0:324): avc: granted { execute } for comm="QQ_SUB" path="/data/user/0/com.tencent.mobileqq/files/qqso/.download/449F12E97C2A2AEBDD8E41E14F41F40E/libTcHevcDec.so" dev="dm-10" ino=13083 scontext=u:r:untrusted_app_27:s0:c512,c768 tcontext=u:object_r:app_data_file:s0:c512,c768 tclass=file app=com.tencent.mobileqq
04-04 04:35:52.651 I/auditd ( 3311): type=1400 audit(0.0:325): avc: granted { nlmsg_readpriv } for comm="ServletForward" scontext=u:r:untrusted_app_27:s0:c512,c768 tcontext=u:r:untrusted_app_27:s0:c512,c768 tclass=netlink_route_socket app=com.tencent.mobileqq
04-04 04:35:53.495 I/auditd ( 0): type=1400 audit(0.0:326): avc: denied { kill } for comm="swapper/3" capability=5 scontext=u:r:kernel:s0 tcontext=u:r:kernel:s0 tclass=capability permissive=0
04-04 04:35:54.495 I/auditd ( 0): type=1400 audit(0.0:327): avc: denied { kill } for comm="swapper/3" capability=5 scontext=u:r:kernel:s0 tcontext=u:r:kernel:s0 tclass=capability permissive=0
04-04 04:35:55.491 I/auditd ( 0): type=1400 audit(0.0:328): avc: denied { kill } for comm="swapper/3" capability=5 scontext=u:r:kernel:s0 tcontext=u:r:kernel:s0 tclass=capability permissive=0
04-04 04:35:56.495 I/auditd ( 0): type=1400 audit(0.0:329): avc: denied { kill } for comm="swapper/3" capability=5 scontext=u:r:kernel:s0 tcontext=u:r:kernel:s0 tclass=capability permissive=0
04-04 04:35:56.830 I/am_pss ( 1549): [2970,10074,com.qualcomm.location.XT,6302720,4620288,0,94056448,0,6,6]
04-04 04:35:56.837 I/am_pss ( 1549): [3142,10067,com.android.inputmethod.latin,13690880,10829824,0,112918528,0,7,6]
04-04 04:35:56.851 I/auditd ( 3311): type=1400 audit(0.0:330): avc: denied { read } for comm="Automator_1" name="version" dev="proc" ino=4026532247 scontext=u:r:untrusted_app_27:s0:c512,c768 tcontext=u:object_r:proc_version:s0 tclass=file permissive=0 app=com.tencent.mobileqq
04-04 04:35:57.491 I/auditd ( 0): type=1400 audit(0.0:331): avc: denied { kill } for comm="swapper/3" capability=5 scontext=u:r:kernel:s0 tcontext=u:r:kernel:s0 tclass=capability permissive=0
04-04 04:35:58.491 I/auditd ( 0): type=1400 audit(0.0:332): avc: denied { kill } for comm="swapper/3" capability=5 scontext=u:r:kernel:s0 tcontext=u:r:kernel:s0 tclass=capability permissive=0
04-04 04:35:59.491 I/auditd ( 0): type=1400 audit(0.0:333): avc: denied { kill } for comm="swapper/3" capability=5 scontext=u:r:kernel:s0 tcontext=u:r:kernel:s0 tclass=capability permissive=0
04-04 04:36:01.495 I/auditd ( 0): type=1400 audit(0.0:334): avc: denied { kill } for comm="swapper/3" capability=5 scontext=u:r:kernel:s0 tcontext=u:r:kernel:s0 tclass=capability permissive=0
04-04 04:36:02.303 I/auditd ( 3311): type=1400 audit(0.0:335): avc: granted { execute } for comm="Automator_5" path="/data/user/0/com.tencent.mobileqq/app_lib/qq_bundle_new/BASIC_64/94800021ad847b983dfbf12dfa7d3258/liblight_device_query.so" dev="dm-10" ino=20772 scontext=u:r:untrusted_app_27:s0:c512,c768 tcontext=u:object_r:app_data_file:s0:c512,c768 tclass=file app=com.tencent.mobileqq
04-04 04:36:02.491 I/auditd ( 0): type=1400 audit(0.0:336): avc: denied { kill } for comm="swapper/3" capability=5 scontext=u:r:kernel:s0 tcontext=u:r:kernel:s0 tclass=capability permissive=0
04-04 04:36:03.495 I/auditd ( 0): type=1400 audit(0.0:337): avc: denied { kill } for comm="swapper/3" capability=5 scontext=u:r:kernel:s0 tcontext=u:r:kernel:s0 tclass=capability permissive=0
04-04 04:36:04.491 I/auditd ( 0): type=1400 audit(0.0:338): avc: denied { kill } for comm="swapper/3" capability=5 scontext=u:r:kernel:s0 tcontext=u:r:kernel:s0 tclass=capability permissive=0
04-04 04:36:05.495 I/auditd ( 0): type=1400 audit(0.0:339): avc: denied { kill } for comm="swapper/3" capability=5 scontext=u:r:kernel:s0 tcontext=u:r:kernel:s0 tclass=capability permissive=0
04-04 04:36:06.491 I/sysui_multi_action( 1549): [757,1696,758,6,759,2]
04-04 04:36:06.494 I/am_wtf ( 1549): [0,1549,system_server,-1,DisplayDeviceConfig,requesting nits when no mapping exists.]
04-04 04:36:06.499 I/am_wtf ( 1549): [0,1549,system_server,-1,DisplayDeviceConfig,requesting nits when no mapping exists.]
04-04 04:36:07.631 I/auditd ( 3311): type=1400 audit(0.0:340): avc: denied { read } for comm="Automator_4" name="version" dev="proc" ino=4026532247 scontext=u:r:untrusted_app_27:s0:c512,c768 tcontext=u:object_r:proc_version:s0 tclass=file permissive=0 app=com.tencent.mobileqq
04-04 04:36:08.491 I/auditd ( 0): type=1400 audit(0.0:341): avc: denied { kill } for comm="swapper/3" capability=5 scontext=u:r:kernel:s0 tcontext=u:r:kernel:s0 tclass=capability permissive=0
04-04 04:36:09.495 I/auditd ( 0): type=1400 audit(0.0:342): avc: denied { kill } for comm="swapper/3" capability=5 scontext=u:r:kernel:s0 tcontext=u:r:kernel:s0 tclass=capability permissive=0
04-04 04:36:10.491 I/auditd ( 0): type=1400 audit(0.0:343): avc: denied { kill } for comm="swapper/3" capability=5 scontext=u:r:kernel:s0 tcontext=u:r:kernel:s0 tclass=capability permissive=0
04-04 04:36:11.491 I/auditd ( 0): type=1400 audit(0.0:344): avc: denied { kill } for comm="swapper/3" capability=5 scontext=u:r:kernel:s0 tcontext=u:r:kernel:s0 tclass=capability permissive=0
04-04 04:36:12.495 I/auditd ( 0): type=1400 audit(0.0:345): avc: denied { kill } for comm="swapper/1" capability=5 scontext=u:r:kernel:s0 tcontext=u:r:kernel:s0 tclass=capability permissive=0
04-04 04:36:12.689 I/am_pss ( 1549): [3106,10095,com.tencent.mobileqq:MSF,98315264,45293568,0,248815616,0,10,11]
04-04 04:36:12.707 I/am_pss ( 1549): [3311,10095,com.tencent.mobileqq,262381568,205684736,0,430043136,0,10,16]
04-04 04:36:13.504 I/sysui_multi_action( 1549): [757,222,758,1]
04-04 04:36:13.504 I/am_pss ( 1549): [4319,10056,com.qualcomm.qti.qms.service.trustzoneaccess,5534720,3846144,0,92196864,0,19,8]
04-04 04:36:13.510 I/am_uid_running( 1549): 10051
04-04 04:36:13.513 I/am_pss ( 1549): [3799,10030,com.android.providers.calendar,7119872,5214208,0,98189312,0,19,8]
04-04 04:36:13.521 I/am_pss ( 1549): [2944,10094,com.tencent.qqmusicpad,54975488,31154176,0,144998400,0,4,8]
04-04 04:36:13.528 I/am_pss ( 1549): [3433,10094,com.tencent.qqmusicpad:QQPlayerService,41462784,18944000,0,127574016,0,4,6]
04-04 04:36:13.528 I/am_proc_start( 1549): [0,5167,10051,com.thundercomm.screensaver,service,{com.thundercomm.screensaver/com.thundercomm.screensaver.service.SystemDream}]
04-04 04:36:13.534 I/am_pss ( 1549): [3043,10018,android.process.media,11416576,9498624,0,102686720,0,19,6]
04-04 04:36:13.541 I/am_pss ( 1549): [3917,10027,com.android.externalstorage,5474304,3866624,0,92311552,0,19,5]
04-04 04:36:13.546 I/am_pss ( 1549): [2732,10079,com.qualcomm.qtil.aptxui,7296000,5808128,0,92008448,0,19,5]
04-04 04:36:13.553 I/am_pss ( 1549): [3885,10054,com.qualcomm.qti.qms.service.connectionsecurity,14016512,4382720,0,77291520,0,19,5]
04-04 04:36:13.559 I/am_proc_bound( 1549): [0,5167,com.thundercomm.screensaver]
04-04 04:36:13.559 I/am_pss ( 1549): [2556,10080,com.qualcomm.qti.qccauthmgr,6123520,4317184,0,95817728,0,19,5]
04-04 04:36:13.562 I/am_uid_active( 1549): 10051
04-04 04:36:13.565 I/am_pss ( 1549): [3820,2000,com.android.shell,5892096,4313088,0,92528640,0,19,5]
04-04 04:36:13.573 I/am_pss ( 1549): [2388,1000,com.android.settings,30807040,18014208,0,144515072,0,19,7]
04-04 04:36:13.578 I/am_pss ( 1549): [3766,10029,com.android.packageinstaller,7018496,5533696,0,91639808,0,19,5]
04-04 04:36:13.585 I/am_pss ( 1549): [3748,10059,com.android.onetimeinitializer,5075968,3543040,0,90894336,0,19,5]
04-04 04:36:13.591 I/am_pss ( 1549): [2940,10086,com.android.music,7272448,5341184,0,94965760,0,19,4]
04-04 04:36:13.597 I/am_pss ( 1549): [3711,1000,com.android.dynsystem:dynsystem,5585920,3911680,0,91844608,0,19,5]
04-04 04:36:13.603 I/am_pss ( 1549): [3724,10019,com.android.managedprovisioning,8801280,7237632,0,94908416,0,19,5]
04-04 04:36:13.609 I/am_pss ( 1549): [3675,1000,com.android.localtransport,5325824,3776512,0,91443200,0,19,5]
04-04 04:36:13.614 I/am_pss ( 1549): [3037,1000,com.android.keychain,7928832,6344704,0,94330880,0,19,5]
04-04 04:36:13.621 I/am_pss ( 1549): [3177,10021,android.process.acore,14359552,10518528,0,119488512,0,19,7]
04-04 04:36:13.627 I/am_pss ( 1549): [3682,1000,com.android.dynsystem,5350400,3760128,0,91021312,0,19,4]
04-04 04:36:13.632 I/am_pss ( 1549): [3526,1000,com.qti.diagservices,5830656,3854336,0,95662080,0,10,4]
04-04 04:36:13.638 I/am_pss ( 1549): [2998,10026,com.android.traceur,10157056,8523776,0,97820672,0,19,4]
04-04 04:36:13.643 I/am_pss ( 1549): [2427,10064,com.thundercomm.gamemode.provider,7525376,5795840,0,96227328,0,19,4]
04-04 04:36:13.648 I/am_pss ( 1549): [2951,10065,com.android.gallery3d,7206912,5091328,0,94269440,0,19,5]
04-04 04:36:13.654 I/am_pss ( 1549): [2877,10081,com.qualcomm.qti.workloadclassifier,8274944,6705152,0,94224384,0,0,5]
04-04 04:36:13.660 I/am_pss ( 1549): [2853,10085,com.qualcomm.qti.qccnetstat,5959680,4362240,0,92430336,0,0,5]
04-04 04:36:13.664 I/wm_task_created( 1549): [76,-1]
04-04 04:36:13.665 I/am_pss ( 1549): [2833,10068,com.qualcomm.qti.services.systemhelper:systemhelper_service,6140928,4464640,0,94420992,0,0,5]
04-04 04:36:13.668 I/wm_task_moved( 1549): [76,1,6]
04-04 04:36:13.668 I/wm_task_to_front( 1549): [0,76]
04-04 04:36:13.668 I/wm_create_task( 1549): [0,76]
04-04 04:36:13.668 I/wm_create_activity( 1549): [0,99911383,76,com.thundercomm.screensaver/android.service.dreams.DreamActivity,NULL,NULL,NULL,276824064]
04-04 04:36:13.668 I/wm_task_moved( 1549): [76,1,6]
04-04 04:36:13.668 I/wm_on_top_resumed_lost_called( 2518): [176059698,com.android.launcher3.uioverrides.QuickstepLauncher,topStateChangedWhenResumed]
04-04 04:36:13.669 I/wm_pause_activity( 1549): [0,176059698,com.android.launcher3/.uioverrides.QuickstepLauncher,userLeaving=true,pauseBackTasks]
04-04 04:36:13.671 I/am_pss ( 1549): [2827,10058,.pasr,5152768,3649536,0,89952256,0,0,5]
04-04 04:36:13.671 I/wm_on_paused_called( 2518): [176059698,com.android.launcher3.uioverrides.QuickstepLauncher,performPause]
04-04 04:36:13.672 I/wm_add_to_stopping( 1549): [0,176059698,com.android.launcher3/.uioverrides.QuickstepLauncher,makeInvisible]
04-04 04:36:13.673 I/wm_restart_activity( 1549): [0,99911383,76,com.thundercomm.screensaver/android.service.dreams.DreamActivity]
04-04 04:36:13.673 I/wm_set_resumed_activity( 1549): [0,com.thundercomm.screensaver/android.service.dreams.DreamActivity,minimalResumeActivityLocked]
04-04 04:36:13.676 I/sysui_multi_action( 1549): [757,803,799,window_time_0,802,60]
04-04 04:36:13.677 I/am_pss ( 1549): [2807,1000,com.hryt.hiphishowfsecontrol,14013440,12021760,0,106237952,0,0,5]
04-04 04:36:13.682 I/wm_on_create_called( 5167): [99911383,android.service.dreams.DreamActivity,performCreate]
04-04 04:36:13.682 I/wm_on_start_called( 5167): [99911383,android.service.dreams.DreamActivity,handleStartActivity]
04-04 04:36:13.682 I/am_pss ( 1549): [2779,10055,ts.car.uart,5981184,4472832,0,91025408,0,0,4]
04-04 04:36:13.682 I/wm_on_resume_called( 5167): [99911383,android.service.dreams.DreamActivity,RESUME_ACTIVITY]
04-04 04:36:13.687 I/wm_on_top_resumed_gained_called( 5167): [99911383,android.service.dreams.DreamActivity,topStateChangedWhenResumed]
04-04 04:36:13.688 I/am_pss ( 1549): [2759,10084,com.hht.lebocast,45811712,31920128,0,128421888,0,0,5]
04-04 04:36:13.689 I/input_focus( 1549): [Focus leaving b49246d com.android.launcher3/com.android.launcher3.uioverrides.QuickstepLauncher (server),reason=NO_WINDOW]
04-04 04:36:13.694 I/am_pss ( 1549): [2367,1000,com.qualcomm.qti.qdma,9373696,6438912,0,105934848,0,0,5]
04-04 04:36:13.704 I/input_focus( 1549): [Focus request 7a21f5c com.thundercomm.screensaver/android.service.dreams.DreamActivity,reason=UpdateInputWindows]
04-04 04:36:13.706 I/am_wtf ( 1549): [0,1978,com.android.systemui,818462221,KeyguardBouncer,onFullyShown when view was null]
04-04 04:36:13.709 I/sysui_multi_action( 1978): [757,196,758,2,759,0]
04-04 04:36:13.709 I/sysui_status_bar_state( 1978): [0,0,1,0,0,1]
04-04 04:36:13.710 I/am_pss ( 1549): [2318,1000,com.thundercomm.tcservice,8199168,6533120,0,96530432,0,0,5]
04-04 04:36:13.716 I/am_pss ( 1549): [2305,1000,com.thundercomm.remotecontrolservice,8345600,6098944,0,100708352,0,0,5]
04-04 04:36:13.722 I/am_pss ( 1549): [2291,1068,com.android.se,5582848,4018176,0,92127232,0,0,5]
04-04 04:36:13.728 I/am_pss ( 1549): [2265,10083,com.qti.qualcomm.mstatssystemservice,5266432,3756032,0,90607616,0,0,5]
04-04 04:36:13.729 I/sysui_multi_action( 1549): [319,69,322,69,325,71,757,761,758,8,759,2,806,com.thundercomm.screensaver,871,android.service.dreams.DreamActivity,904,com.thundercomm.screensaver,905,0,1320,4,1321,2]
04-04 04:36:13.729 I/wm_activity_launch_time( 1549): [0,99911383,com.thundercomm.screensaver/android.service.dreams.DreamActivity,69]
04-04 04:36:13.731 I/sysui_multi_action( 1549): [757,1696,758,6,759,3]
04-04 04:36:13.733 I/am_pss ( 1549): [2249,1000,vendor.qti.qesdk.sysservice,5329920,3772416,0,91828224,0,0,5]
04-04 04:36:13.737 I/am_pss ( 1549): [2221,1000,com.thundercomm.tcsetupwizard,6555648,5050368,0,91860992,0,0,4]
04-04 04:36:13.739 I/am_wtf ( 1549): [0,1549,system_server,-1,DisplayDeviceConfig,requesting nits when no mapping exists.]
04-04 04:36:13.739 I/am_wtf ( 1549): [0,1549,system_server,-1,DisplayDeviceConfig,requesting nits when no mapping exists.]
04-04 04:36:13.739 I/input_focus( 1549): [Focus entering 7a21f5c com.thundercomm.screensaver/android.service.dreams.DreamActivity (server),reason=Window became focusable. Previous reason: NOT_VISIBLE]
04-04 04:36:13.742 I/am_pss ( 1549): [2174,1000,com.thundercomm.tchttpserver,7564288,5963776,0,94576640,0,0,5]
04-04 04:36:13.747 I/am_pss ( 1549): [2185,1000,com.tc.logclient,7432192,5513216,0,99233792,0,0,5]
04-04 04:36:13.752 I/am_pss ( 1549): [2163,10053,.qtidataservices,5708800,4169728,0,92004352,0,0,4]
04-04 04:36:13.755 I/am_wtf ( 1549): [0,1549,system_server,-1,DisplayDeviceConfig,requesting nits when no mapping exists.]
04-04 04:36:13.756 I/am_wtf ( 1549): [0,1549,system_server,-1,DisplayDeviceConfig,requesting nits when no mapping exists.]
04-04 04:36:13.757 I/am_pss ( 1549): [2148,1000,com.thundercomm.microsettings,28229632,25632768,0,117936128,0,0,4]
04-04 04:36:13.761 I/am_pss ( 1549): [2140,1000,com.thundercomm.microservice,8597504,6946816,0,96366592,0,0,4]
04-04 04:36:13.766 I/am_pss ( 1549): [2053,1000,com.thundercomm.gamemode,26301440,19451904,0,133926912,0,0,5]
04-04 04:36:13.772 I/am_wtf ( 1549): [0,1549,system_server,-1,DisplayDeviceConfig,requesting nits when no mapping exists.]
04-04 04:36:13.772 I/am_wtf ( 1549): [0,1549,system_server,-1,DisplayDeviceConfig,requesting nits when no mapping exists.]
04-04 04:36:13.789 I/am_wtf ( 1549): [0,1549,system_server,-1,DisplayDeviceConfig,requesting nits when no mapping exists.]
04-04 04:36:13.789 I/am_wtf ( 1549): [0,1549,system_server,-1,DisplayDeviceConfig,requesting nits when no mapping exists.]
04-04 04:36:13.805 I/am_wtf ( 1549): [0,1549,system_server,-1,DisplayDeviceConfig,requesting nits when no mapping exists.]
04-04 04:36:13.806 I/am_wtf ( 1549): [0,1549,system_server,-1,DisplayDeviceConfig,requesting nits when no mapping exists.]
04-04 04:36:13.822 I/am_wtf ( 1549): [0,1549,system_server,-1,DisplayDeviceConfig,requesting nits when no mapping exists.]
04-04 04:36:13.822 I/am_wtf ( 1549): [0,1549,system_server,-1,DisplayDeviceConfig,requesting nits when no mapping exists.]
04-04 04:36:13.839 I/am_wtf ( 1549): [0,1549,system_server,-1,DisplayDeviceConfig,requesting nits when no mapping exists.]
04-04 04:36:13.839 I/am_wtf ( 1549): [0,1549,system_server,-1,DisplayDeviceConfig,requesting nits when no mapping exists.]
04-04 04:36:13.855 I/am_wtf ( 1549): [0,1549,system_server,-1,DisplayDeviceConfig,requesting nits when no mapping exists.]
04-04 04:36:13.856 I/am_wtf ( 1549): [0,1549,system_server,-1,DisplayDeviceConfig,requesting nits when no mapping exists.]
04-04 04:36:13.872 I/am_wtf ( 1549): [0,1549,system_server,-1,DisplayDeviceConfig,requesting nits when no mapping exists.]
04-04 04:36:13.872 I/am_wtf ( 1549): [0,1549,system_server,-1,DisplayDeviceConfig,requesting nits when no mapping exists.]
04-04 04:36:13.889 I/am_wtf ( 1549): [0,1549,system_server,-1,DisplayDeviceConfig,requesting nits when no mapping exists.]
04-04 04:36:13.889 I/am_wtf ( 1549): [0,1549,system_server,-1,DisplayDeviceConfig,requesting nits when no mapping exists.]
04-04 04:36:13.906 I/am_wtf ( 1549): [0,1549,system_server,-1,DisplayDeviceConfig,requesting nits when no mapping exists.]
04-04 04:36:13.906 I/am_wtf ( 1549): [0,1549,system_server,-1,DisplayDeviceConfig,requesting nits when no mapping exists.]
04-04 04:36:13.923 I/am_wtf ( 1549): [0,1549,system_server,-1,DisplayDeviceConfig,requesting nits when no mapping exists.]
04-04 04:36:13.923 I/am_wtf ( 1549): [0,1549,system_server,-1,DisplayDeviceConfig,requesting nits when no mapping exists.]
04-04 04:36:13.939 I/am_wtf ( 1549): [0,1549,system_server,-1,DisplayDeviceConfig,requesting nits when no mapping exists.]
04-04 04:36:13.939 I/am_wtf ( 1549): [0,1549,system_server,-1,DisplayDeviceConfig,requesting nits when no mapping exists.]
04-04 04:36:13.955 I/am_wtf ( 1549): [0,1549,system_server,-1,DisplayDeviceConfig,requesting nits when no mapping exists.]
04-04 04:36:13.956 I/am_wtf ( 1549): [0,1549,system_server,-1,DisplayDeviceConfig,requesting nits when no mapping exists.]
04-04 04:36:13.972 I/am_wtf ( 1549): [0,1549,system_server,-1,DisplayDeviceConfig,requesting nits when no mapping exists.]
04-04 04:36:13.972 I/am_wtf ( 1549): [0,1549,system_server,-1,DisplayDeviceConfig,requesting nits when no mapping exists.]
04-04 04:36:13.989 I/am_wtf ( 1549): [0,1549,system_server,-1,DisplayDeviceConfig,requesting nits when no mapping exists.]
04-04 04:36:13.989 I/am_wtf ( 1549): [0,1549,system_server,-1,DisplayDeviceConfig,requesting nits when no mapping exists.]
04-04 04:36:14.006 I/am_wtf ( 1549): [0,1549,system_server,-1,DisplayDeviceConfig,requesting nits when no mapping exists.]
04-04 04:36:14.006 I/am_wtf ( 1549): [0,1549,system_server,-1,DisplayDeviceConfig,requesting nits when no mapping exists.]
04-04 04:36:14.022 I/am_wtf ( 1549): [0,1549,system_server,-1,DisplayDeviceConfig,requesting nits when no mapping exists.]
04-04 04:36:14.023 I/am_wtf ( 1549): [0,1549,system_server,-1,DisplayDeviceConfig,requesting nits when no mapping exists.]
04-04 04:36:14.024 I/wm_stop_activity( 1549): [0,176059698,com.android.launcher3/.uioverrides.QuickstepLauncher]
04-04 04:36:14.039 I/am_wtf ( 1549): [0,1549,system_server,-1,DisplayDeviceConfig,requesting nits when no mapping exists.]
04-04 04:36:14.040 I/am_wtf ( 1549): [0,1549,system_server,-1,DisplayDeviceConfig,requesting nits when no mapping exists.]
04-04 04:36:14.042 I/wm_on_stop_called( 2518): [176059698,com.android.launcher3.uioverrides.QuickstepLauncher,STOP_ACTIVITY_ITEM]
04-04 04:36:14.056 I/am_wtf ( 1549): [0,1549,system_server,-1,DisplayDeviceConfig,requesting nits when no mapping exists.]
04-04 04:36:14.057 I/am_wtf ( 1549): [0,1549,system_server,-1,DisplayDeviceConfig,requesting nits when no mapping exists.]
04-04 04:36:14.072 I/am_wtf ( 1549): [0,1549,system_server,-1,DisplayDeviceConfig,requesting nits when no mapping exists.]
04-04 04:36:14.073 I/am_wtf ( 1549): [0,1549,system_server,-1,DisplayDeviceConfig,requesting nits when no mapping exists.]
04-04 04:36:14.089 I/am_wtf ( 1549): [0,1549,system_server,-1,DisplayDeviceConfig,requesting nits when no mapping exists.]
04-04 04:36:14.089 I/am_wtf ( 1549): [0,1549,system_server,-1,DisplayDeviceConfig,requesting nits when no mapping exists.]
04-04 04:36:14.106 I/am_wtf ( 1549): [0,1549,system_server,-1,DisplayDeviceConfig,requesting nits when no mapping exists.]
04-04 04:36:14.106 I/am_wtf ( 1549): [0,1549,system_server,-1,DisplayDeviceConfig,requesting nits when no mapping exists.]
04-04 04:36:14.123 I/am_wtf ( 1549): [0,1549,system_server,-1,DisplayDeviceConfig,requesting nits when no mapping exists.]
04-04 04:36:14.123 I/am_wtf ( 1549): [0,1549,system_server,-1,DisplayDeviceConfig,requesting nits when no mapping exists.]
04-04 04:36:14.140 I/am_wtf ( 1549): [0,1549,system_server,-1,DisplayDeviceConfig,requesting nits when no mapping exists.]
04-04 04:36:14.140 I/am_wtf ( 1549): [0,1549,system_server,-1,DisplayDeviceConfig,requesting nits when no mapping exists.]
04-04 04:36:14.156 I/am_wtf ( 1549): [0,1549,system_server,-1,DisplayDeviceConfig,requesting nits when no mapping exists.]
04-04 04:36:14.156 I/am_wtf ( 1549): [0,1549,system_server,-1,DisplayDeviceConfig,requesting nits when no mapping exists.]
04-04 04:36:14.173 I/am_wtf ( 1549): [0,1549,system_server,-1,DisplayDeviceConfig,requesting nits when no mapping exists.]
04-04 04:36:14.173 I/am_wtf ( 1549): [0,1549,system_server,-1,DisplayDeviceConfig,requesting nits when no mapping exists.]
04-04 04:36:14.190 I/am_wtf ( 1549): [0,1549,system_server,-1,DisplayDeviceConfig,requesting nits when no mapping exists.]
04-04 04:36:14.190 I/am_wtf ( 1549): [0,1549,system_server,-1,DisplayDeviceConfig,requesting nits when no mapping exists.]
04-04 04:36:14.206 I/am_wtf ( 1549): [0,1549,system_server,-1,DisplayDeviceConfig,requesting nits when no mapping exists.]
04-04 04:36:14.207 I/am_wtf ( 1549): [0,1549,system_server,-1,DisplayDeviceConfig,requesting nits when no mapping exists.]
04-04 04:36:14.223 I/am_wtf ( 1549): [0,1549,system_server,-1,DisplayDeviceConfig,requesting nits when no mapping exists.]
04-04 04:36:14.223 I/am_wtf ( 1549): [0,1549,system_server,-1,DisplayDeviceConfig,requesting nits when no mapping exists.]
04-04 04:36:14.240 I/am_wtf ( 1549): [0,1549,system_server,-1,DisplayDeviceConfig,requesting nits when no mapping exists.]
04-04 04:36:14.240 I/am_wtf ( 1549): [0,1549,system_server,-1,DisplayDeviceConfig,requesting nits when no mapping exists.]
04-04 04:36:14.256 I/am_wtf ( 1549): [0,1549,system_server,-1,DisplayDeviceConfig,requesting nits when no mapping exists.]
04-04 04:36:14.257 I/am_wtf ( 1549): [0,1549,system_server,-1,DisplayDeviceConfig,requesting nits when no mapping exists.]
04-04 04:36:14.273 I/am_wtf ( 1549): [0,1549,system_server,-1,DisplayDeviceConfig,requesting nits when no mapping exists.]
04-04 04:36:14.273 I/am_wtf ( 1549): [0,1549,system_server,-1,DisplayDeviceConfig,requesting nits when no mapping exists.]
04-04 04:36:14.290 I/am_wtf ( 1549): [0,1549,system_server,-1,DisplayDeviceConfig,requesting nits when no mapping exists.]
04-04 04:36:14.290 I/am_wtf ( 1549): [0,1549,system_server,-1,DisplayDeviceConfig,requesting nits when no mapping exists.]
04-04 04:36:14.307 I/am_wtf ( 1549): [0,1549,system_server,-1,DisplayDeviceConfig,requesting nits when no mapping exists.]
04-04 04:36:14.307 I/am_wtf ( 1549): [0,1549,system_server,-1,DisplayDeviceConfig,requesting nits when no mapping exists.]
04-04 04:36:14.323 I/am_wtf ( 1549): [0,1549,system_server,-1,DisplayDeviceConfig,requesting nits when no mapping exists.]
04-04 04:36:14.323 I/am_wtf ( 1549): [0,1549,system_server,-1,DisplayDeviceConfig,requesting nits when no mapping exists.]
04-04 04:36:14.340 I/am_wtf ( 1549): [0,1549,system_server,-1,DisplayDeviceConfig,requesting nits when no mapping exists.]
04-04 04:36:14.340 I/am_wtf ( 1549): [0,1549,system_server,-1,DisplayDeviceConfig,requesting nits when no mapping exists.]
04-04 04:36:14.357 I/am_wtf ( 1549): [0,1549,system_server,-1,DisplayDeviceConfig,requesting nits when no mapping exists.]
04-04 04:36:14.357 I/service_manager_stats( 1549): [100,30,53920]
04-04 04:36:14.357 I/am_wtf ( 1549): [0,1549,system_server,-1,DisplayDeviceConfig,requesting nits when no mapping exists.]
04-04 04:36:14.373 I/am_wtf ( 1549): [0,1549,system_server,-1,DisplayDeviceConfig,requesting nits when no mapping exists.]
04-04 04:36:14.374 I/am_wtf ( 1549): [0,1549,system_server,-1,DisplayDeviceConfig,requesting nits when no mapping exists.]
04-04 04:36:14.390 I/am_wtf ( 1549): [0,1549,system_server,-1,DisplayDeviceConfig,requesting nits when no mapping exists.]
04-04 04:36:14.390 I/am_wtf ( 1549): [0,1549,system_server,-1,DisplayDeviceConfig,requesting nits when no mapping exists.]
04-04 04:36:14.407 I/am_wtf ( 1549): [0,1549,system_server,-1,DisplayDeviceConfig,requesting nits when no mapping exists.]
04-04 04:36:14.407 I/am_wtf ( 1549): [0,1549,system_server,-1,DisplayDeviceConfig,requesting nits when no mapping exists.]
04-04 04:36:14.424 I/am_wtf ( 1549): [0,1549,system_server,-1,DisplayDeviceConfig,requesting nits when no mapping exists.]
04-04 04:36:14.424 I/am_wtf ( 1549): [0,1549,system_server,-1,DisplayDeviceConfig,requesting nits when no mapping exists.]
04-04 04:36:14.440 I/am_wtf ( 1549): [0,1549,system_server,-1,DisplayDeviceConfig,requesting nits when no mapping exists.]
04-04 04:36:14.440 I/am_wtf ( 1549): [0,1549,system_server,-1,DisplayDeviceConfig,requesting nits when no mapping exists.]
04-04 04:36:14.457 I/am_wtf ( 1549): [0,1549,system_server,-1,DisplayDeviceConfig,requesting nits when no mapping exists.]
04-04 04:36:14.457 I/am_wtf ( 1549): [0,1549,system_server,-1,DisplayDeviceConfig,requesting nits when no mapping exists.]
04-04 04:36:14.474 I/am_wtf ( 1549): [0,1549,system_server,-1,DisplayDeviceConfig,requesting nits when no mapping exists.]
04-04 04:36:14.474 I/am_wtf ( 1549): [0,1549,system_server,-1,DisplayDeviceConfig,requesting nits when no mapping exists.]
04-04 04:36:14.490 I/am_wtf ( 1549): [0,1549,system_server,-1,DisplayDeviceConfig,requesting nits when no mapping exists.]
04-04 04:36:14.490 I/am_wtf ( 1549): [0,1549,system_server,-1,DisplayDeviceConfig,requesting nits when no mapping exists.]
04-04 04:36:14.491 I/auditd ( 0): type=1400 audit(0.0:346): avc: denied { kill } for comm="swapper/1" capability=5 scontext=u:r:kernel:s0 tcontext=u:r:kernel:s0 tclass=capability permissive=0
04-04 04:36:14.507 I/am_wtf ( 1549): [0,1549,system_server,-1,DisplayDeviceConfig,requesting nits when no mapping exists.]
04-04 04:36:14.507 I/am_wtf ( 1549): [0,1549,system_server,-1,DisplayDeviceConfig,requesting nits when no mapping exists.]
04-04 04:36:14.524 I/am_wtf ( 1549): [0,1549,system_server,-1,DisplayDeviceConfig,requesting nits when no mapping exists.]
04-04 04:36:14.524 I/am_wtf ( 1549): [0,1549,system_server,-1,DisplayDeviceConfig,requesting nits when no mapping exists.]
04-04 04:36:14.540 I/am_wtf ( 1549): [0,1549,system_server,-1,DisplayDeviceConfig,requesting nits when no mapping exists.]
04-04 04:36:14.541 I/am_wtf ( 1549): [0,1549,system_server,-1,DisplayDeviceConfig,requesting nits when no mapping exists.]
04-04 04:36:14.557 I/am_wtf ( 1549): [0,1549,system_server,-1,DisplayDeviceConfig,requesting nits when no mapping exists.]
04-04 04:36:14.557 I/am_wtf ( 1549): [0,1549,system_server,-1,DisplayDeviceConfig,requesting nits when no mapping exists.]
04-04 04:36:14.574 I/am_wtf ( 1549): [0,1549,system_server,-1,DisplayDeviceConfig,requesting nits when no mapping exists.]
04-04 04:36:14.574 I/am_wtf ( 1549): [0,1549,system_server,-1,DisplayDeviceConfig,requesting nits when no mapping exists.]
04-04 04:36:14.591 I/am_wtf ( 1549): [0,1549,system_server,-1,DisplayDeviceConfig,requesting nits when no mapping exists.]
04-04 04:36:14.591 I/am_wtf ( 1549): [0,1549,system_server,-1,DisplayDeviceConfig,requesting nits when no mapping exists.]
04-04 04:36:14.607 I/am_wtf ( 1549): [0,1549,system_server,-1,DisplayDeviceConfig,requesting nits when no mapping exists.]
04-04 04:36:14.607 I/am_wtf ( 1549): [0,1549,system_server,-1,DisplayDeviceConfig,requesting nits when no mapping exists.]
04-04 04:36:14.624 I/am_wtf ( 1549): [0,1549,system_server,-1,DisplayDeviceConfig,requesting nits when no mapping exists.]
04-04 04:36:14.624 I/am_wtf ( 1549): [0,1549,system_server,-1,DisplayDeviceConfig,requesting nits when no mapping exists.]
04-04 04:36:14.641 I/am_wtf ( 1549): [0,1549,system_server,-1,DisplayDeviceConfig,requesting nits when no mapping exists.]
04-04 04:36:14.641 I/am_wtf ( 1549): [0,1549,system_server,-1,DisplayDeviceConfig,requesting nits when no mapping exists.]
04-04 04:36:14.657 I/am_wtf ( 1549): [0,1549,system_server,-1,DisplayDeviceConfig,requesting nits when no mapping exists.]
04-04 04:36:14.658 I/am_wtf ( 1549): [0,1549,system_server,-1,DisplayDeviceConfig,requesting nits when no mapping exists.]
04-04 04:36:14.674 I/am_wtf ( 1549): [0,1549,system_server,-1,DisplayDeviceConfig,requesting nits when no mapping exists.]
04-04 04:36:14.674 I/am_wtf ( 1549): [0,1549,system_server,-1,DisplayDeviceConfig,requesting nits when no mapping exists.]
04-04 04:36:14.691 I/am_wtf ( 1549): [0,1549,system_server,-1,DisplayDeviceConfig,requesting nits when no mapping exists.]
04-04 04:36:14.691 I/am_wtf ( 1549): [0,1549,system_server,-1,DisplayDeviceConfig,requesting nits when no mapping exists.]
04-04 04:36:15.495 I/auditd ( 0): type=1400 audit(0.0:347): avc: denied { kill } for comm="swapper/1" capability=5 scontext=u:r:kernel:s0 tcontext=u:r:kernel:s0 tclass=capability permissive=0
04-04 04:36:18.121 I/am_pss ( 1549): [2906,10091,com.android.providers.media.module,21104640,17842176,0,123568128,0,0,7]
04-04 04:36:18.128 I/am_pss ( 1549): [2673,10076,com.qualcomm.location,10022912,7774208,0,102760448,0,0,6]
04-04 04:36:18.495 I/auditd ( 0): type=1400 audit(0.0:348): avc: denied { kill } for comm="swapper/0" capability=5 scontext=u:r:kernel:s0 tcontext=u:r:kernel:s0 tclass=capability permissive=0
04-04 04:36:19.491 I/auditd ( 0): type=1400 audit(0.0:349): avc: denied { kill } for comm="swapper/0" capability=5 scontext=u:r:kernel:s0 tcontext=u:r:kernel:s0 tclass=capability permissive=0
