04-04 04:39:55.750 D/audio_hw_primary( 6576): adev_set_parameters: enter: ans_on=false;facing=none;hdr_audio_channel_count=0;hdr_audio_sampling_rate=0;hdr_record_on=false;inverted=false;orientation=landscape;wnr_on=false
04-04 04:39:55.750 D/audio_hw_hfp( 6576): hfp_set_parameters: enter
04-04 04:39:55.750 D/audio_hw_extn( 6576): audio_extn_fm_set_parameters: Enter
04-04 04:39:55.753 D/AudioFlinger( 6577): isLowRamDevice:false totalMemory:8085733376 mClientSharedHeapSize:33554432
04-04 04:39:55.753 W/APM::AudioPolicyEngine/Base( 6577): setPhoneState() setting same state 0
04-04 04:39:55.753 W/APM_AudioPolicyManager( 6577): setPhoneState() invalid or same state 0
04-04 04:39:55.755 W/Utils ( 1201): track of type 'audio/mpeg' does not publish channel mask, channel count 2
04-04 04:39:55.759 D/audio_hw_primary( 6576): adev_get_parameters:vr_audio_mode_on
04-04 04:39:55.760 I/audio_hw_primary( 6576): getting vr mode to 0
04-04 04:39:55.760 D/audio_hw_primary( 6576): adev_get_parameters: exit: returns - vr_audio_mode_on=false
04-04 04:39:55.760 I/hash_map_utils( 6577): system/bt/osi/src/hash_map_utils.cc:81 hash_map_utils_dump_string_keys_string_values: key: 'vr_audio_mode_on' value: ''
04-04 04:39:55.761 I/AudioFlinger( 6577): openOutput() this 0xb40000791626a010, module 10 Device type:0x2,@:, SamplingRate 48000, Format 0x1000000, Channels 0x3, flags 0x31
04-04 04:39:55.761 D/audio_hw_primary( 6576): adev_open_output_stream: enter: format(0x1000000) sample_rate(48000) channel_mask(0x3) devices(0x2) flags(0x31) stream_handle(0xe59cc970) address()
04-04 04:39:55.761 I/audio_hw_utils( 6576): audio_extn_utils_update_stream_output_app_type_cfg Allowing 24 and above bits playback on speaker ONLY at default sampling rate
04-04 04:39:55.761 D/audio_hw_primary( 6576): adev_open_output_stream: Stream (0xe59cc970) picks up usecase (compress-offload-playback)
04-04 04:39:55.761 D/audio_hw_primary( 6576): io_streams_map_insert: Added stream in io_streams_map with handle 85
04-04 04:39:55.762 I/AudioFlinger( 6577): HAL output buffer size 32768 frames, normal sink buffer size 32768 frames
04-04 04:39:55.763 D/audio_hw_utils( 6576): audio_extn_utils_compress_get_dsp_latency:: Using Fix DSP delay
04-04 04:39:55.763 D/audio_hw_utils( 6576): audio_extn_utils_compress_get_dsp_latency:: delay in ms is 50
04-04 04:39:55.763 D/AudioFlinger( 6577): Failed to add event callback
04-04 04:39:55.763 I/AudioFlinger( 6577): AudioFlinger's thread 0xb4000079c626c820 tid=6648 ready to run
04-04 04:39:55.763 D/audio_hw_utils( 6576): audio_extn_utils_compress_get_dsp_latency:: Using Fix DSP delay
04-04 04:39:55.763 D/audio_hw_utils( 6576): audio_extn_utils_compress_get_dsp_latency:: delay in ms is 50
04-04 04:39:55.763 D/audio_hw_utils( 6576): audio_extn_utils_compress_get_dsp_latency:: Using Fix DSP delay
04-04 04:39:55.763 D/audio_hw_utils( 6576): audio_extn_utils_compress_get_dsp_latency:: delay in ms is 50
04-04 04:39:55.764 W/AudioFlinger( 6577): no wake lock to update, system not ready yet
04-04 04:39:55.764 D/AudioFlinger( 6577): ro.audio.silent is ignored since no output device is set
04-04 04:39:55.764 W/AudioFlinger( 6577): no wake lock to update, system not ready yet
04-04 04:39:55.764 D/AudioFlinger( 6577): ro.audio.silent is ignored since no output device is set
04-04 04:39:55.772 D/AF::TrackHandle( 6577): OpPlayAudio: track:55 usage:1 not muted
04-04 04:39:55.773 D/audio_hw_utils( 6576): audio_extn_utils_compress_get_dsp_latency:: Using Fix DSP delay
04-04 04:39:55.773 D/audio_hw_utils( 6576): audio_extn_utils_compress_get_dsp_latency:: delay in ms is 50
04-04 04:39:55.775 W/AudioFlinger( 6577): acquireAudioSessionId() unknown client 2940 for session 57
04-04 04:39:55.776 D/audio_hw_utils( 6576): audio_extn_utils_compress_get_dsp_latency:: Using Fix DSP delay
04-04 04:39:55.776 D/audio_hw_utils( 6576): audio_extn_utils_compress_get_dsp_latency:: delay in ms is 50
04-04 04:39:55.777 D/audio_hw_primary( 6576): adev_set_parameters: enter: BT_SCO=off
04-04 04:39:55.777 D/audio_hw_hfp( 6576): hfp_set_parameters: enter
04-04 04:39:55.777 D/audio_hw_extn( 6576): audio_extn_fm_set_parameters: Enter
04-04 04:39:55.778 D/audio_hw_primary( 6576): adev_set_parameters: enter: BT_SCO=off
04-04 04:39:55.778 D/audio_hw_hfp( 6576): hfp_set_parameters: enter
04-04 04:39:55.778 D/audio_hw_extn( 6576): audio_extn_fm_set_parameters: Enter
04-04 04:39:55.779 D/PermissionCache( 6577): checking android.permission.MODIFY_AUDIO_ROUTING for uid=1000 => granted (729 us)
04-04 04:39:55.790 I/AS.AudioDeviceInventory( 1549): removePreferredDevicesForStrategySync, strategy: 15
04-04 04:39:55.802 I/EffectsFactory( 6576): EffectCreate() create_effect
04-04 04:39:55.804 W/AudioFlinger( 6577): moveEffectChain_l() effect chain for session 0 not on source thread 0xb400007a76265010
04-04 04:39:55.830 D/audio_hw_primary( 6576): adev_create_audio_patch: enter: num sources 1, num_sinks 1, handle 0
04-04 04:39:55.830 D/audio_hw_primary( 6576): adev_create_audio_patch: Playback patch from mix handle 85 to device 2
04-04 04:39:55.830 D/audio_hw_primary( 6576): update_patch: enter
04-04 04:39:55.831 D/audio_hw_primary( 6576): route_output_stream: enter: usecase(3: compress-offload-playback) devices 2
04-04 04:39:55.831 D/audio_hw_primary( 6576): adev_create_audio_patch: Added a new patch with handle 6
04-04 04:39:55.831 D/audio_hw_utils( 6576): audio_extn_utils_compress_get_dsp_latency:: Using Fix DSP delay
04-04 04:39:55.831 D/audio_hw_utils( 6576): audio_extn_utils_compress_get_dsp_latency:: delay in ms is 50
04-04 04:39:55.842 D/audio_hw_primary( 6576): copl(0xe59cc970):calling compress flush
04-04 04:39:55.842 W/audio_hw_primary( 6576): out_flush called in invalid state 0
04-04 04:39:55.842 D/audio_hw_primary( 6576): copl(0xe59cc970):out of compress flush
04-04 04:39:55.843 W/AudioFlinger( 6577): no wake lock to update, system not ready yet
04-04 04:39:55.844 D/audio_hw_primary( 6576): out_set_parameters: enter: usecase(3: compress-offload-playback) kvpairs: delay_samples=576;music_offload_avg_bit_rate=320000;music_offload_sample_rate=48000;padding_samples=1724
04-04 04:39:55.852 D/MSF.C.NetConnTag.( 3106): netRecv ssoSeq:17281 uin:*3097 cmd:LDE5MTQ8KTM5N34TPywRKCUsIBgzKzEILzIGZg costTime:30000 SignalStrengths wifi:0 gsm:0 cdma:0 net:2 code:1002 failMsg:wait serverResp timeout
04-04 04:39:55.852 I/MSF.C.PushManager( 3106): not need to update lastRecvTimeForSG, isConned:false
04-04 04:39:55.852 I/MSF.S.AppProcessManager( 3106): SendToApp process:com.tencent.mobileqq fromServiceMsg: FromServiceMsg msName:unknown ssoSeq:17281 serviceCmd:friendlist.GetTroopListReqV2 appSeq:313 failCode:1002 cos t =0 needBoot=false to.len = 294 from.len = 0
04-04 04:39:55.852 D/MSF.C.NetConnTag.( 3106): netRecv ssoSeq:17283 uin:*3097 cmd:ByYjJzs/IAk8IH4EOB8gLgcwNw costTime:30000 SignalStrengths wifi:0 gsm:0 cdma:0 net:2 code:1002 failMsg:wait serverResp timeout
04-04 04:39:55.853 I/MSF.C.PushManager( 3106): not need to update lastRecvTimeForSG, isConned:false
04-04 04:39:55.853 D/MSF.C.NetConnTag.( 3106): netRecv ssoSeq:17284 uin:*3097 cmd:ByYjJzs/IAk8IH4EOB8gLgcwNw costTime:30000 SignalStrengths wifi:0 gsm:0 cdma:0 net:2 code:1002 failMsg:wait serverResp timeout
04-04 04:39:55.853 I/MSF.C.PushManager( 3106): not need to update lastRecvTimeForSG, isConned:false
04-04 04:39:55.853 D/MSF.C.NetConnTag.( 3106): netRecv ssoSeq:17285 uin:*3097 cmd:HSI8OD8sBjUkJTkzCS43dC0mJBc1NiMzLQ costTime:30000 SignalStrengths wifi:0 gsm:0 cdma:0 net:2 code:1002 failMsg:wait serverResp timeout
04-04 04:39:55.854 I/MSF.C.PushManager( 3106): not need to update lastRecvTimeForSG, isConned:false
04-04 04:39:55.854 D/MSF.D.Proxy( 3311): onReceiveResp, fromServiceMsg = friendlist.GetTroopListReqV2, ssoSeq = 17281, length = 0
04-04 04:39:55.854 D/MSF.C.NetConnTag.( 3106): netRecv ssoSeq:17286 uin:*3097 cmd:BSo0NgkuJnR6O2UxOAcmNScuPzo costTime:30000 SignalStrengths wifi:0 gsm:0 cdma:0 net:2 code:1002 failMsg:wait serverResp timeout
04-04 04:39:55.854 I/MSF.C.PushManager( 3106): not need to update lastRecvTimeForSG, isConned:false
04-04 04:39:55.854 I/MSF.S.AppProcessManager( 3106): SendToApp process:com.tencent.mobileqq fromServiceMsg: FromServiceMsg msName:unknown ssoSeq:17283 serviceCmd:MessageSvc.PbGetMsg appSeq:315 failCode:1002 cos t =0 needBoot=false to.len = 58 from.len = 0
04-04 04:39:55.854 D/MSF.C.NetConnTag.( 3106): netRecv ssoSeq:17287 uin:*3097 cmd:BSo0NgkuJnR6O2UxOAd3aA costTime:30000 SignalStrengths wifi:0 gsm:0 cdma:0 net:2 code:1002 failMsg:wait serverResp timeout
04-04 04:39:55.855 I/MSF.C.PushManager( 3106): not need to update lastRecvTimeForSG, isConned:false
04-04 04:39:55.855 D/MSF.D.Proxy( 3311): onReceiveResp, fromServiceMsg = MessageSvc.PbGetMsg, ssoSeq = 17283, length = 0
04-04 04:39:55.855 D/MSF.C.NetConnTag.( 3106): netRecv ssoSeq:17288 uin:*3097 cmd:BSo0NgkuJnR6O2UxOAd0bw costTime:30000 SignalStrengths wifi:0 gsm:0 cdma:0 net:2 code:1002 failMsg:wait serverResp timeout
04-04 04:39:55.855 I/MSF.C.PushManager( 3106): not need to update lastRecvTimeForSG, isConned:false
04-04 04:39:55.855 I/MSF.S.AppProcessManager( 3106): SendToApp process:com.tencent.mobileqq fromServiceMsg: FromServiceMsg msName:unknown ssoSeq:17284 serviceCmd:MessageSvc.PbGetMsg appSeq:316 failCode:1002 cos t =0 needBoot=false to.len = 58 from.len = 0
04-04 04:39:55.856 D/MSF.C.NetConnTag.( 3106): netRecv ssoSeq:17289 uin:*3097 cmd:BSo0NgkuJnR6O2UxOAd0bw costTime:30000 SignalStrengths wifi:0 gsm:0 cdma:0 net:2 code:1002 failMsg:wait serverResp timeout
04-04 04:39:55.856 I/MSF.C.PushManager( 3106): not need to update lastRecvTimeForSG, isConned:false
04-04 04:39:55.856 D/MSF.C.NetConnTag.( 3106): netRecv ssoSeq:17290 uin:*3097 cmd:GjE/MjM0IAkvMSY9OT1rGSImMz8PKCE7PiYCMSs costTime:30000 SignalStrengths wifi:0 gsm:0 cdma:0 net:2 code:1002 failMsg:wait serverResp timeout
04-04 04:39:55.856 D/MSF.D.Proxy( 3311): onReceiveResp, fromServiceMsg = MessageSvc.PbGetMsg, ssoSeq = 17284, length = 0
04-04 04:39:55.856 I/MSF.C.PushManager( 3106): not need to update lastRecvTimeForSG, isConned:false
04-04 04:39:55.856 I/MSF.S.AppProcessManager( 3106): SendToApp process:com.tencent.mobileqq fromServiceMsg: FromServiceMsg msName:unknown ssoSeq:17285 serviceCmd:WalletConfigSvr.getConfig appSeq:317 failCode:1002 cos t =0 needBoot=false to.len = 160 from.len = 0
04-04 04:39:55.857 D/MSF.D.Proxy( 3311): onReceiveResp, fromServiceMsg = WalletConfigSvr.getConfig, ssoSeq = 17285, length = 0
04-04 04:39:55.857 I/Q.qwallet.QWalletCommonServlet( 3311): onReceive WalletConfigSvr.getConfig: false
04-04 04:39:55.857 I/MSF.S.AppProcessManager( 3106): SendToApp process:com.tencent.mobileqq fromServiceMsg: FromServiceMsg msName:unknown ssoSeq:17286 serviceCmd:OidbSvc.0x5eb_common appSeq:318 failCode:1002 cos t =0 needBoot=false to.len = 39 from.len = 0
04-04 04:39:55.858 D/MSF.D.Proxy( 3311): onReceiveResp, fromServiceMsg = OidbSvc.0x5eb_common, ssoSeq = 17286, length = 0
04-04 04:39:55.858 I/MSF.S.AppProcessManager( 3106): SendToApp process:com.tencent.mobileqq fromServiceMsg: FromServiceMsg msName:unknown ssoSeq:17287 serviceCmd:OidbSvc.0x5eb_22 appSeq:319 failCode:1002 cos t =0 needBoot=false to.len = 39 from.len = 0
04-04 04:39:55.861 D/MSF.D.Proxy( 3311): onReceiveResp, fromServiceMsg = OidbSvc.0x5eb_22, ssoSeq = 17287, length = 0
04-04 04:39:55.861 E/volume_listener( 6576): check_and_set_gain_dep_cal: Failed to set gain dep cal level
04-04 04:39:55.861 D/audio_hw_primary( 6576): out_set_volume: called with left_vol=0.040156, right_vol=0.040156
04-04 04:39:55.862 I/MSF.S.AppProcessManager( 3106): SendToApp process:com.tencent.mobileqq fromServiceMsg: FromServiceMsg msName:unknown ssoSeq:17288 serviceCmd:OidbSvc.0x5eb_15 appSeq:320 failCode:1002 cos t =0 needBoot=false to.len = 43 from.len = 0
04-04 04:39:55.863 E/audio_hw_primary( 6576): out_set_compr_volume:ctl for mixer cmd - Compress Playback 7 Volume, left 0.040156, right 0.040156
04-04 04:39:55.864 E/FMQ ( 6576): grantorIdx must be less than 3
04-04 04:39:55.865 E/FMQ ( 6576): grantorIdx must be less than 3
04-04 04:39:55.865 D/MSF.D.Proxy( 3311): onReceiveResp, fromServiceMsg = OidbSvc.0x5eb_15, ssoSeq = 17288, length = 0
04-04 04:39:55.866 I/MSF.S.AppProcessManager( 3106): SendToApp process:com.tencent.mobileqq fromServiceMsg: FromServiceMsg msName:unknown ssoSeq:17289 serviceCmd:OidbSvc.0x5eb_15 appSeq:321 failCode:1002 cos t =0 needBoot=false to.len = 39 from.len = 0
04-04 04:39:55.866 D/audio_hw_primary( 6576): start_output_stream: enter: stream(0xe59cc970)usecase(3: compress-offload-playback) devices(0x2) is_haptic_usecase(0)
04-04 04:39:55.866 I/hwservicemanager( 504): getTransport: Cannot find entry android.hardware.power@1.2::IPower/default in either framework or device VINTF manifest.
04-04 04:39:55.867 D/MSF.D.Proxy( 3311): onReceiveResp, fromServiceMsg = OidbSvc.0x5eb_15, ssoSeq = 17289, length = 0
04-04 04:39:55.867 I/MSF.S.AppProcessManager( 3106): SendToApp process:com.tencent.mobileqq fromServiceMsg: FromServiceMsg msName:unknown ssoSeq:17290 serviceCmd:ProfileService.CheckUpdateReq appSeq:322 failCode:1002 cos t =0 needBoot=false to.len = 563 from.len = 0
04-04 04:39:55.867 E/audio_hw_primary( 6576): Unable to get Power service
04-04 04:39:55.867 D/audio_hw_primary( 6576): select_devices for use case (compress-offload-playback)
04-04 04:39:55.867 D/audio_hw_primary( 6576): select_devices: changing use case compress-offload-playback output device from(0: , acdb -1) to (2: speaker, acdb 15)
04-04 04:39:55.868 I/msm8974_platform( 6576): platform_check_and_set_codec_backend_cfg:becf: afe: bitwidth 16, samplerate 48000 channels 2, backend_idx 0 usecase = 3 device (speaker)
04-04 04:39:55.868 D/msm8974_platform( 6576): platform_split_snd_device: snd_device(2) num devices(1) new_snd_devices(0)
04-04 04:39:55.868 I/msm8974_platform( 6576): platform_check_and_set_codec_backend_cfg: new_snd_devices[0] is 2
04-04 04:39:55.868 I/msm8974_platform( 6576): platform_check_codec_backend_cfg:becf: afe: bitwidth 16, samplerate 48000 channels 2, backend_idx 0 usecase = 3 device (speaker)
04-04 04:39:55.869 D/audio_hw_extn( 6576): audio_extn_enable_hifi_filter: mixer_value set 0
04-04 04:39:55.869 D/msm8974_platform( 6576): platform_check_codec_backend_cfg:becf: updated afe: bitwidth 16, samplerate 48000 channels 2,backend_idx 0 usecase = 3 device (speaker)
04-04 04:39:55.869 D/msm8974_platform( 6576): platform_check_codec_backend_cfg:becf: afe: playback on codec device not supporting native playback set default Sample Rate(48k)
04-04 04:39:55.869 I/msm8974_platform( 6576): platform_check_codec_backend_cfg:becf: afe: Codec selected backend: 0 updated bit width: 16 and sample rate: 48000
04-04 04:39:55.869 D/audio_hw_primary( 6576): check_usecases_codec_backend:becf: force routing 0
04-04 04:39:55.869 E/msm8974_platform( 6576): platform_check_backends_match: Invalid snd_device =
04-04 04:39:55.869 D/audio_hw_primary( 6576): check_usecases_codec_backend:becf: (78) check_usecases curr device: speaker, usecase device: backends match 0
04-04 04:39:55.869 D/audio_hw_primary( 6576): check_usecases_codec_backend:becf: check_usecases num.of Usecases to switch 0
04-04 04:39:55.869 D/hardware_info( 6576): hw_info_append_hw_type : device_name = speaker
04-04 04:39:55.869 D/msm8974_platform( 6576): platform_split_snd_device: snd_device(2) num devices(0) new_snd_devices(0)
04-04 04:39:55.869 D/audio_hw_primary( 6576): enable_snd_device: snd_device(2: speaker)
04-04 04:39:55.869 D/msm8974_platform( 6576): platform_get_island_cfg_on_device:island cfg status on snd_device = (speaker 0)
04-04 04:39:55.869 I/soundtrigger( 6576): audio_extn_sound_trigger_update_device_status: device 0x2 of type 0 for Event 1, with Raise=0
04-04 04:39:55.869 D/audio_route( 6576): Apply path: speaker
04-04 04:39:55.869 I/audio_hw_utils( 6576): audio_extn_utils_update_stream_output_app_type_cfg Allowing 24 and above bits playback on speaker ONLY at default sampling rate
04-04 04:39:55.869 E/soundtrigger( 6576): audio_extn_sound_trigger_update_stream_status: invalid input device 0x0, for event 3
04-04 04:39:55.869 D/soundtrigger( 6576): audio_extn_sound_trigger_update_stream_status: uc_info->id 3 of type 0 for Event 3, with Raise=1
04-04 04:39:55.869 I/sound_trigger_platform( 6576): platform_stdev_check_and_update_concurrency: Received STREAM event, event type 3, usecase type 0
04-04 04:39:55.869 D/sound_trigger_platform( 6576): platform_stdev_get_capture_device: Device = 0x80000004
04-04 04:39:55.869 D/sound_trigger_platform( 6576): platform_stdev_get_capture_device: Available device = 0x80000004
04-04 04:39:55.869 D/sound_trigger_platform( 6576): platform_stdev_check_and_update_concurrency: dedicated path 1, reset backend 1, tx 0, rx 1, concurrency session allowed
04-04 04:39:55.869 D/audio_hw_utils( 6576): audio_extn_utils_send_app_type_cfg: usecase->out_snd_device speaker
04-04 04:39:55.869 D/msm8974_platform( 6576): platform_split_snd_device: snd_device(2) num devices(0) new_snd_devices(0)
04-04 04:39:55.870 D/audio_hw_utils( 6576): audio_extn_btsco_get_sample_rate:Not a BT SCO device, need not update sampling rate
04-04 04:39:55.870 I/audio_hw_utils( 6576): send_app_type_cfg_for_device PLAYBACK app_type 69936, acdb_dev_id 15, sample_rate 48000, snd_device_be_idx 179
04-04 04:39:55.870 D/msm8974_platform( 6576): platform_split_snd_device: snd_device(2) num devices(1) new_snd_devices(0)
04-04 04:39:55.870 D/audio_hw_utils( 6576): audio_extn_btsco_get_sample_rate:Not a BT SCO device, need not update sampling rate
04-04 04:39:55.870 D/ACDB-LOADER( 6576): ACDB -> send_audio_cal, acdb_id = 15, path = 0, app id = 0x11130, sample rate = 48000, afe_sample_rate = 48000
04-04 04:39:55.870 D/ACDB-LOADER( 6576): ACDB -> send_asm_topology
04-04 04:39:55.870 D/ACDB-LOADER( 6576): ACDB -> ACDB_CMD_GET_AUDPROC_STREAM_TOPOLOGY_ID
04-04 04:39:55.870 D/ACDB-LOADER( 6576): ACDB -> send_adm_topology
04-04 04:39:55.870 D/ACDB-LOADER( 6576): ACDB -> ACDB_CMD_GET_AUDPROC_COMMON_TOPOLOGY_ID
04-04 04:39:55.870 D/ACDB-LOADER( 6576): ACDB -> send_audtable
04-04 04:39:55.870 D/ACDB-LOADER( 6576): ACDB -> ACDB_CMD_GET_AUDPROC_INSTANCE_COMMON_TABLE_SIZE
04-04 04:39:55.870 D/ACDB-LOADER( 6576): ACDB -> ACDB_CMD_GET_AUDPROC_INSTANCE_COMMON_TABLE
04-04 04:39:55.870 D/ACDB-LOADER( 6576): ACDB -> AUDIO_SET_AUDPROC_CAL cal_type[11] acdb_id[15] app_type[69936]
04-04 04:39:55.870 D/ACDB-LOADER( 6576): ACDB -> send_audvoltable
04-04 04:39:55.870 D/ACDB-LOADER( 6576): ACDB -> ACDB_CMD_GET_AUDPROC_INSTANCE_GAIN_DEP_STEP_TABLE_SIZE
04-04 04:39:55.870 D/ACDB-LOADER( 6576): ACDB -> ACDB_CMD_GET_AUDPROC_INSTANCE_GAIN_DEP_STEP_TABLE, vol index 0
04-04 04:39:55.870 D/ACDB-LOADER( 6576): ACDB -> AUDIO_SET_VOL_CAL cal type = 12
04-04 04:39:55.870 D/ACDB-LOADER( 6576): ACDB -> ACDB_CMD_GET_AUDPROC_INSTANCE_STREAM_TABLE_SIZE
04-04 04:39:55.870 D/ACDB-LOADER( 6576): ACDB -> send_audstrmtable
04-04 04:39:55.870 D/ACDB-LOADER( 6576): ACDB -> ACDB_CMD_GET_AUDPROC_INSTANCE_STREAM_TABLE
04-04 04:39:55.870 D/ACDB-LOADER( 6576): ACDB -> audstrm_cal->cal_type.cal_data.cal_size = 536
04-04 04:39:55.870 D/ACDB-LOADER( 6576): ACDB -> send_afe_topology
04-04 04:39:55.870 D/ACDB-LOADER( 6576): ACDB -> ACDB_CMD_GET_AFE_TOPOLOGY_ID
04-04 04:39:55.870 D/ACDB-LOADER( 6576): ACDB -> GET_AFE_TOPOLOGY_ID for adcd_id 15, Topology Id 112fc
04-04 04:39:55.870 D/ACDB-LOADER( 6576): ACDB -> send_afe_cal
04-04 04:39:55.870 D/ACDB-LOADER( 6576): ACDB -> ACDB_CMD_GET_AFE_INSTANCE_COMMON_TABLE_SIZE
04-04 04:39:55.870 D/android.hardware.audio.service( 6576): Failed to fetch the lookup information of the device 0000000F
04-04 04:39:55.871 D/ACDB-LOADER( 6576): Error: ACDB_CMD_GET_AFE_INSTANCE_COMMON_TABLE_SIZE Returned = -19
04-04 04:39:55.871 D/ACDB-LOADER( 6576): ACDB -> ACDB_CMD_GET_AFE_INSTANCE_COMMON_TABLE
04-04 04:39:55.871 D/android.hardware.audio.service( 6576): Failed to fetch the lookup information of the device 0000000F
04-04 04:39:55.871 D/ACDB-LOADER( 6576): Error: ACDB AFE returned = -19
04-04 04:39:55.871 D/ACDB-LOADER( 6576): ACDB -> AUDIO_SET_AFE_CAL cal_type[16] acdb_id[15]
04-04 04:39:55.871 D/ACDB-LOADER( 6576): ACDB -> send_hw_delay : acdb_id = 15 path = 0
04-04 04:39:55.871 D/ACDB-LOADER( 6576): ACDB -> ACDB_AVSYNC_INFO: ACDB_CMD_GET_DEVICE_PROPERTY
04-04 04:39:55.871 D/msm8974_platform( 6576): platform_split_snd_device: snd_device(2) num devices(0) new_snd_devices(0)
04-04 04:39:55.871 I/msm8974_platform( 6576): platform_get_custom_mtmx_params: no matching param with id 0 ip_ch 2 op_ch 2 uc_id 3 snd_dev 2
04-04 04:39:55.871 D/audio_hw_primary( 6576): enable_audio_route: apply mixer and update path: compress-offload-playback
04-04 04:39:55.871 D/audio_route( 6576): Apply path: compress-offload-playback
04-04 04:39:55.871 D/audio_hw_primary( 6576): select_devices: done
04-04 04:39:55.871 D/audio_hw_primary( 6576): audio_enable_asm_bit_width_enforce_mode: DSP bitwidth feature is disabled.
04-04 04:39:55.872 D/MSF.D.Proxy( 3311): onReceiveResp, fromServiceMsg = ProfileService.CheckUpdateReq, ssoSeq = 17290, length = 0
04-04 04:39:55.873 I/ProfileService.CheckUpdateReq( 3311): getCheckUpdate timeout resultcode = 1002
04-04 04:39:55.873 I/ProfileService.CheckUpdateReq( 3311): FriendListHandler, handleCheckUpdate, -1
11-11 00:11:26.838 I/afe_find_cal_topo_id_by_port( 0): port id: 0x9000, dev_acdb_id: 0
11-11 00:11:26.838 I/afe_find_cal_topo_id_by_port( 0): top_id:112fc acdb_id:15 afe_port:0x9000
11-11 00:11:26.838 I/afe_get_cal_topology_id( 0): port_id = 0x9000 acdb_id = 15 topology_id = 0x112fc cal_type_index=8 ret=0
11-11 00:11:26.838 I/afe_send_port_topology_id( 0): AFE set topology id 0x112fc enable for port 0x9000 ret 0
11-11 00:11:26.838 I/send_afe_cal_type( 0): cal_index is 0
11-11 00:11:26.838 I/send_afe_cal_type( 0): dev_acdb_id[55] is 0
11-11 00:11:26.838 I/send_afe_cal_type( 0): Sending cal_index cal 0
11-11 00:11:26.838 E/send_afe_cal_type( 0): No cal sent for cal_index 0, port_id = 0x9000! ret -22
11-11 00:11:26.838 I/afe_send_hw_delay( 0): port_id 0x9000 rate 48000 delay_usec 474 status 0
04-04 04:39:55.879 I/AS.AudioService( 1549): after audioserver restart: initStreamVolume succeeded
04-04 04:39:55.899 D/audio_hw_utils( 6576): audio_extn_utils_compress_set_render_mode:: render mode 0
04-04 04:39:55.899 D/audio_hw_utils( 6576): audio_extn_utils_compress_set_clk_rec_mode:: clk recovery is only supported in STC render mode
04-04 04:39:55.900 D/offload_visualizer( 6576): thread enter
04-04 04:39:55.901 D/audio_hw_primary( 6576): start_output_stream: exit
04-04 04:39:55.901 D/audio_hw_primary( 6576): out_write: retry previous failed cal level set
04-04 04:39:55.901 D/msm8974_platform( 6576): platform_split_snd_device: snd_device(2) num devices(1) new_snd_devices(0)
04-04 04:39:55.901 D/ACDB-LOADER( 6576): ACDB -> send_audvoltable
04-04 04:39:55.901 D/ACDB-LOADER( 6576): ACDB -> ACDB_CMD_GET_AUDPROC_INSTANCE_GAIN_DEP_STEP_TABLE_SIZE
04-04 04:39:55.901 D/ACDB-LOADER( 6576): ACDB -> ACDB_CMD_GET_AUDPROC_INSTANCE_GAIN_DEP_STEP_TABLE, vol index 5
04-04 04:39:55.901 D/ACDB-LOADER( 6576): ACDB -> AUDIO_SET_VOL_CAL cal type = 40
04-04 04:39:55.902 D/audio_hw_primary( 6576): copl(0xe59cc970):send new gapless metadata
04-04 04:39:55.917 D/audio_hw_primary( 6576): No space available in compress driver, post msg to cb thread
04-04 04:39:55.917 D/audio_hw_primary( 6576): copl(0xe59cc970):calling compress_wait
04-04 04:39:55.921 D/msm8974_platform( 6576): platform_split_snd_device: snd_device(2) num devices(1) new_snd_devices(0)
04-04 04:39:55.921 D/audio_hw_primary( 6576): adev_create_audio_patch: enter: num sources 1, num_sinks 1, handle 6
04-04 04:39:55.921 D/audio_hw_primary( 6576): adev_create_audio_patch: Playback patch from mix handle 85 to device 2
04-04 04:39:55.921 D/audio_hw_primary( 6576): update_patch: enter
04-04 04:39:55.921 D/audio_hw_primary( 6576): route_output_stream: enter: usecase(3: compress-offload-playback) devices 2
04-04 04:39:55.921 D/audio_hw_primary( 6576): select_devices for use case (compress-offload-playback)
04-04 04:39:55.928 I/mpu_uart( 645): [MSG-P:R]:recv sync frame timeout
04-04 04:39:55.942 D/APM_AudioPolicyMix( 6577): registerMix(): adding mix for dev=0x8000 addr=-1416755123:ap:0mixp:0
04-04 04:39:55.944 D/audio_hw_primary( 6576): adev_set_parameters: enter: -1416755123:ap:0mixp:0=;connect=-2147483392
04-04 04:39:55.944 D/audio_hw_hfp( 6576): hfp_set_parameters: enter
04-04 04:39:55.944 D/audio_hw_extn( 6576): audio_extn_fm_set_parameters: Enter
04-04 04:39:55.944 D/sound_trigger_platform( 6576): platform_stdev_get_capture_device: Device = 0x80000004
04-04 04:39:55.944 D/sound_trigger_platform( 6576): platform_stdev_get_capture_device: Available device = 0x80000004
04-04 04:39:55.944 D/sound_trigger_hw( 6576): handle_device_switch: device 0x80000100 Connected
04-04 04:39:55.946 D/r_submix( 6576): adev_open_input_stream(addr=-1416755123:ap:0mixp:0)
04-04 04:39:55.946 D/r_submix( 6576): submix_audio_device_create_pipe_l(addr=-1416755123:ap:0mixp:0, idx=9)
04-04 04:39:55.946 D/r_submix( 6576): now using address -1416755123:ap:0mixp:0 for route 9
04-04 04:39:55.950 I/AudioFlinger( 6577): AudioFlinger's thread 0xb400007a766e50d0 tid=6652 ready to run
04-04 04:39:55.950 I/r_submix( 6576): in_standby()
04-04 04:39:55.950 W/AudioFlinger( 6577): no wake lock to update, system not ready yet
04-04 04:39:55.950 I/r_submix( 6576): in_standby()
04-04 04:39:55.951 W/AudioFlinger( 6577): no wake lock to update, system not ready yet
04-04 04:39:55.953 D/MSF.C.NetConnTag.( 3106): netRecv ssoSeq:17294 uin:*3097 cmd:GTcxIAkuJnQ4Jjc9KSwgKA costTime:30000 SignalStrengths wifi:0 gsm:0 cdma:0 net:2 code:1002 failMsg:wait serverResp timeout
04-04 04:39:55.955 W/AudioFlinger( 6577): no wake lock to update, system not ready yet
04-04 04:39:55.956 D/r_submix( 6576): adev_close_input_stream()
04-04 04:39:55.956 D/r_submix( 6576): submix_audio_device_release_pipe_l(idx=9) addr=-1416755123:ap:0mixp:0
04-04 04:39:55.956 D/r_submix( 6576): submix_audio_device_destroy_pipe_l(): pipe destroyed
04-04 04:39:55.956 D/MSF.C.NetConnTag.( 3106): netRecv ssoSeq:17298 uin:*3097 cmd:BSo0NgkuJnQpLjRkIm4mPg costTime:30000 SignalStrengths wifi:0 gsm:0 cdma:0 net:2 code:1002 failMsg:wait serverResp timeout
04-04 04:39:55.956 I/MSF.C.PushManager( 3106): not need to update lastRecvTimeForSG, isConned:false
04-04 04:39:55.956 I/MSF.S.AppProcessManager( 3106): SendToApp process:com.tencent.mobileqq fromServiceMsg: FromServiceMsg msName:unknown ssoSeq:17298 serviceCmd:OidbSvc.cmd0x6cd appSeq:324 failCode:1002 cos t =0 needBoot=false to.len = 221 from.len = 0
04-04 04:39:55.957 D/MSF.C.NetConnTag.( 3106): netRecv ssoSeq:17301 uin:*3097 cmd:GCY3BCggPAk8IH49ND4qCTMtMw costTime:30000 SignalStrengths wifi:0 gsm:0 cdma:0 net:2 code:1002 failMsg:wait serverResp timeout
04-04 04:39:55.957 D/MSF.C.NetConnTag.true( 3106): not tag regprxysvc resp seq:17301 by disconn, sockethashcode = 0
04-04 04:39:55.957 I/MSF.C.PushManager( 3106): not need to update lastRecvTimeForSG, isConned:false
04-04 04:39:55.958 D/MSF.D.Proxy( 3311): onReceiveResp, fromServiceMsg = OidbSvc.cmd0x6cd, ssoSeq = 17298, length = 0
04-04 04:39:55.958 I/MSF.S.AppProcessManager( 3106): SendToApp process:com.tencent.mobileqq fromServiceMsg: FromServiceMsg msName:unknown ssoSeq:17301 serviceCmd:RegPrxySvc.infoSync appSeq:327 failCode:1002 cos t =0 needBoot=false to.len = 418 from.len = 0
04-04 04:39:55.958 I/LocalRedTouchManager( 3311): onGetRedPointInfo, list size=null, hasMore=false
04-04 04:39:55.959 D/MSF.D.Proxy( 3311): onReceiveResp, fromServiceMsg = RegPrxySvc.infoSync, ssoSeq = 17301, length = 0
04-04 04:39:55.960 D/MessageHandler( 3311): sendNewRegisterProxy , isGetPassword = false ,randomSeq478428583, isWakeFromDeepSleep = false
04-04 04:39:55.960 D/MessageHandler( 3311): [ReSendProxy] currentRegisterProxyRandom = 7217926166695389624
04-04 04:39:55.960 D/RegisterProxySvcPackService( 3311): requestNewRegister , type = 1 ,ulRequestOptional = 90562 ,cDisgroupMsgFilter = 1 ,NoticeEndSeq = 478428583 ,ulSyncTime = 0
04-04 04:39:55.962 I/AutoMonitor( 3311): STEP_SEND_REGISTER_PACKAGE, cost=3
04-04 04:39:55.962 D/audio_hw_primary( 6576): adev_set_parameters: enter: restarting=false
04-04 04:39:55.963 D/audio_hw_hfp( 6576): hfp_set_parameters: enter
04-04 04:39:55.963 D/audio_hw_extn( 6576): audio_extn_fm_set_parameters: Enter
04-04 04:39:55.963 I/AudioFlinger( 6577): systemReady
04-04 04:39:55.964 D/audio_hw_primary( 6576): adev_set_mic_mute state 0
04-04 04:39:55.972 I/Telecom ( 1549): WiredHeadsetManager: ACTION_HEADSET_PLUG event, plugged in: false, : WHC.oADA@ABc
04-04 04:39:56.249 I/BpBinder( 1978): onLastStrongRef automatically unlinking death recipients:
04-04 04:39:56.253 D/audio_hw_utils( 6576): audio_extn_utils_compress_get_dsp_latency:: Using Fix DSP delay
04-04 04:39:56.253 D/audio_hw_utils( 6576): audio_extn_utils_compress_get_dsp_latency:: delay in ms is 50
04-04 04:39:56.257 D/APM_AudioPolicyMix( 6577): getInputMixForAttr found addr=-1416755123:ap:0mixp:0 dev=0x8000
04-04 04:39:56.257 D/r_submix( 6576): adev_open_input_stream(addr=-1416755123:ap:0mixp:0)
04-04 04:39:56.257 D/r_submix( 6576): submix_audio_device_create_pipe_l(addr=-1416755123:ap:0mixp:0, idx=9)
04-04 04:39:56.257 D/r_submix( 6576): now using address -1416755123:ap:0mixp:0 for route 9
04-04 04:39:56.259 I/AudioFlinger( 6577): AudioFlinger's thread 0xb400007a766e50d0 tid=6654 ready to run
04-04 04:39:56.259 I/r_submix( 6576): in_standby()
04-04 04:39:56.260 I/r_submix( 6576): in_standby()
04-04 04:39:56.263 D/CCodecBufferChannel( 1978): [c2.android.aac.encoder#22] DEBUG: elapsed: n=4 [in=0 pipeline=0 out=0]
04-04 04:39:56.263 D/PipelineWatcher( 1978): DEBUG: elapsed 0 / 4
04-04 04:39:56.267 I/ZPlanGuardManager( 3311): onLiteTimeTick, tick=23
04-04 04:39:56.269 D/audio_hw_primary( 6576): adev_set_parameters: enter: -1416755123:ap:0mixp:0=;connect=32768
04-04 04:39:56.269 D/audio_hw_hfp( 6576): hfp_set_parameters: enter
04-04 04:39:56.269 D/audio_hw_extn( 6576): audio_extn_fm_set_parameters: Enter
04-04 04:39:56.270 I/AudioFlinger( 6577): openOutput() this 0xb40000791626a010, module 34 Device type:0x8000,@:-1416755123:ap:0mixp:0, SamplingRate 44100, Format 0x000001, Channels 0x3, flags 0
04-04 04:39:56.270 D/r_submix( 6576): adev_open_output_stream(address=-1416755123:ap:0mixp:0)
04-04 04:39:56.270 D/r_submix( 6576): submix_audio_device_create_pipe_l(addr=-1416755123:ap:0mixp:0, idx=9)
04-04 04:39:56.270 D/r_submix( 6576): now using address -1416755123:ap:0mixp:0 for route 9
04-04 04:39:56.271 I/AudioFlinger( 6577): HAL output buffer size 1024 frames, normal sink buffer size 1024 frames
04-04 04:39:56.272 D/AudioFlinger( 6577): Failed to add event callback
04-04 04:39:56.272 I/AudioFlinger( 6577): AudioFlinger's thread 0xb400007a767450e0 tid=6658 ready to run
04-04 04:39:56.273 D/AudioFlinger( 6577): ro.audio.silent is ignored since no output device is set
04-04 04:39:56.273 I/r_submix( 6576): out_standby()
04-04 04:39:56.273 D/AudioFlinger( 6577): ro.audio.silent is ignored since no output device is set
04-04 04:39:56.326 D/AudioFlinger( 6577): ro.audio.silent will be ignored for threads on AUDIO_DEVICE_OUT_REMOTE_SUBMIX
04-04 04:39:56.336 D/audio_hw_primary( 6576): adev_get_parameters:-1416755123:ap:0mixp:0;routing=32768;supEncapsulationMetadataTypes;supEncapsulationModes
04-04 04:39:56.337 D/audio_hw_spkr_prot( 6576): fbsp_get_parameters: Speaker protection disabled
04-04 04:39:56.337 D/soundtrigger( 6576): audio_extn_sound_trigger_get_parameters input string
04-04 04:39:56.337 D/soundtrigger( 6576): extract_sm_handle input string param string
04-04 04:39:56.337 D/audio_hw_extn( 6576): audio_extn_fm_get_parameters: Enter
04-04 04:39:56.337 D/audio_hw_extn( 6576): audio_extn_get_parameters: returns
04-04 04:39:56.337 D/audio_hw_primary( 6576): adev_get_parameters: exit: returns -
04-04 04:39:56.337 I/hash_map_utils( 6577): system/bt/osi/src/hash_map_utils.cc:81 hash_map_utils_dump_string_keys_string_values: key: 'supEncapsulationModes' value: ''
04-04 04:39:56.337 I/hash_map_utils( 6577): system/bt/osi/src/hash_map_utils.cc:81 hash_map_utils_dump_string_keys_string_values: key: 'supEncapsulationMetadataTypes' value: ''
04-04 04:39:56.337 I/hash_map_utils( 6577): system/bt/osi/src/hash_map_utils.cc:81 hash_map_utils_dump_string_keys_string_values: key: 'routing' value: '32768'
04-04 04:39:56.337 I/hash_map_utils( 6577): system/bt/osi/src/hash_map_utils.cc:81 hash_map_utils_dump_string_keys_string_values: key: '-1416755123:ap:0mixp:0' value: ''
04-04 04:39:56.346 D/AudioFlinger( 6577): updateSecondaryOutputs trackId: 32
04-04 04:39:56.347 D/AF::TrackHandle( 6577): OpPlayAudio: not muting track:58 usage:0 for service UID 1041
04-04 04:39:56.348 W/AudioFlinger( 6577): isTrackAllowed_l: invalid format: 0x1000000
04-04 04:39:56.348 E/AF::Track( 6577): Track(58): no more tracks available
04-04 04:39:56.349 F/libc ( 6577): Fatal signal 11 (SIGSEGV), code 1 (SEGV_MAPERR), fault addr 0x38 in tid 6642 (Binder:6577_6), pid 6577 (audioserver)
04-04 04:39:56.398 I/crash_dump64( 6662): obtaining output fd from tombstoned, type: kDebuggerdTombstoneProto
04-04 04:39:56.399 I/tombstoned( 626): received crash request for pid 6642
04-04 04:39:56.399 I/crash_dump64( 6662): performing dump of process 6577 (target tid = 6642)
04-04 04:39:56.406 E/DEBUG ( 6662): failed to read /proc/uptime: Permission denied
04-04 04:39:56.476 F/DEBUG ( 6662): *** *** *** *** *** *** *** *** *** *** *** *** *** *** *** ***
04-04 04:39:56.476 F/DEBUG ( 6662): Build fingerprint: 'TC/figure_CN/figure:12/SKQ1.220201.001/2726:user/test-keys'
04-04 04:39:56.476 F/DEBUG ( 6662): Revision: '0'
04-04 04:39:56.476 F/DEBUG ( 6662): ABI: 'arm64'
04-04 04:39:56.476 F/DEBUG ( 6662): Timestamp: 2023-04-04 04:39:56.406092391+0800
04-04 04:39:56.476 F/DEBUG ( 6662): Process uptime: 0s
04-04 04:39:56.476 F/DEBUG ( 6662): Cmdline: /system/bin/audioserver
04-04 04:39:56.476 F/DEBUG ( 6662): pid: 6577, tid: 6642, name: Binder:6577_6 >>> /system/bin/audioserver <<<
04-04 04:39:56.476 F/DEBUG ( 6662): uid: 1041
04-04 04:39:56.476 F/DEBUG ( 6662): signal 11 (SIGSEGV), code 1 (SEGV_MAPERR), fault addr 0x38
04-04 04:39:56.476 F/DEBUG ( 6662): Cause: null pointer dereference
04-04 04:39:56.476 F/DEBUG ( 6662): x0 0000000000020000 x1 02000078262881f0 x2 0000000000000030 x3 0000000000000010
04-04 04:39:56.476 F/DEBUG ( 6662): x4 0200007826288210 x5 0000000000000001 x6 0000000000000001 x7 7f7f7f7f7f7f7f7f
04-04 04:39:56.476 F/DEBUG ( 6662): x8 0000000000000001 x9 0000007b233c8c68 x10 0000007b233c8c58 x11 0000000000000038
04-04 04:39:56.476 F/DEBUG ( 6662): x12 0000ffff00000eff x13 00000000bcd57748 x14 00000077e0b400d8 x15 0000000034155555
04-04 04:39:56.476 F/DEBUG ( 6662): x16 0000007b233cb268 x17 0000007b1c771b78 x18 00000077dfe54000 x19 b4000078a626caf0
04-04 04:39:56.476 F/DEBUG ( 6662): x20 0000000000019168 x21 0000000000000001 x22 b400007a2625c010 x23 0000000000000000
04-04 04:39:56.476 F/DEBUG ( 6662): x24 0000000000000001 x25 0000000000000001 x26 0000007b1dd74950 x27 0000007b1dd6d408
04-04 04:39:56.476 F/DEBUG ( 6662): x28 0000007b1dd6d470 x29 00000077e0b40680
04-04 04:39:56.476 F/DEBUG ( 6662): lr 0000007b233a0adc sp 00000077e0b40680 pc 0000007b233a0b18 pst 0000000020001000
04-04 04:39:56.476 F/DEBUG ( 6662): backtrace:
04-04 04:39:56.476 F/DEBUG ( 6662): #00 pc 0000000000097b18 /system/lib64/libaudioclient.so (android::ClientProxy::ClientProxy(android::audio_track_cblk_t*, void*, unsigned long, unsigned long, bool, bool)+148) (BuildId: 7e2fd052f094400631569a2bbd95426f)
04-04 04:39:56.476 F/DEBUG ( 6662): #01 pc 00000000000fc99c /system/lib64/libaudioflinger.so (android::AudioFlinger::PlaybackThread::PatchTrack::PatchTrack(android::AudioFlinger::PlaybackThread*, audio_stream_type_t, unsigned int, audio_channel_mask_t, audio_format_t, unsigned long, void*, unsigned long, audio_output_flags_t, std::__1::optional > > const&, unsigned long)+348) (BuildId: b6821e1ab8fad11dae507769971d7435)
04-04 04:39:56.476 F/DEBUG ( 6662): #02 pc 0000000000048e68 /system/lib64/libaudioflinger.so (android::AudioFlinger::updateSecondaryOutputsForTrack_l(android::AudioFlinger::PlaybackThread::Track*, android::AudioFlinger::PlaybackThread*, std::__1::vector > const&) const+2068) (BuildId: b6821e1ab8fad11dae507769971d7435)
04-04 04:39:56.476 F/DEBUG ( 6662): #03 pc 000000000004535c /system/lib64/libaudioflinger.so (android::AudioFlinger::updateSecondaryOutputs(std::__1::map >, std::__1::less, std::__1::allocator > > > > const&)+768) (BuildId: b6821e1ab8fad11dae507769971d7435)
04-04 04:39:56.476 F/DEBUG ( 6662): #04 pc 00000000000a9b14 /system/lib64/libaudioclient.so (android::AudioFlingerServerAdapter::updateSecondaryOutputs(std::__1::vector > const&)+280) (BuildId: 7e2fd052f094400631569a2bbd95426f)
04-04 04:39:56.476 F/DEBUG ( 6662): #05 pc 00000000000a4100 /system/lib64/libaudioclient.so (android::AudioFlingerClientAdapter::updateSecondaryOutputs(std::__1::map >, std::__1::less, std::__1::allocator > > > > const&)+268) (BuildId: 7e2fd052f094400631569a2bbd95426f)
04-04 04:39:56.476 F/DEBUG ( 6662): #06 pc 0000000000019a10 /system/lib64/libaudiopolicyservice.so (android::AudioPolicyService::AudioPolicyClient::updateSecondaryOutputs(std::__1::map >, std::__1::less, std::__1::allocator > > > > const&)+100) (BuildId: 632dde50a5016338c25866ba06dd6350)
04-04 04:39:56.476 F/DEBUG ( 6662): #07 pc 00000000000619f8 /system/lib64/libaudiopolicymanagerdefault.so (android::AudioPolicyManager::checkSecondaryOutputs()+3072) (BuildId: 6384bfe53c4b0b0417e0ea9120ea1187)
04-04 04:39:56.476 F/DEBUG ( 6662): #08 pc 000000000003c4c4 /system/lib64/libaudiopolicymanagerdefault.so (android::AudioPolicyManager::checkForDeviceAndOutputChanges(std::__1::function)+108) (BuildId: 6384bfe53c4b0b0417e0ea9120ea1187)
04-04 04:39:56.476 F/DEBUG ( 6662): #09 pc 00000000000372ec /system/lib64/libaudiopolicymanagerdefault.so (android::AudioPolicyManager::setDeviceConnectionStateInt(android::sp const&, audio_policy_dev_state_t)+2816) (BuildId: 6384bfe53c4b0b0417e0ea9120ea1187)
04-04 04:39:56.476 F/DEBUG ( 6662): #10 pc 00000000000365dc /system/lib64/libaudiopolicymanagerdefault.so (android::AudioPolicyManager::setDeviceConnectionStateInt(audio_devices_t, audio_policy_dev_state_t, char const*, char const*, audio_format_t)+288) (BuildId: 6384bfe53c4b0b0417e0ea9120ea1187)
04-04 04:39:56.476 F/DEBUG ( 6662): #11 pc 000000000007275c /system/lib64/libaudiopolicymanagerdefault.so (android::AudioPolicyManager::startInput(int)+1408) (BuildId: 6384bfe53c4b0b0417e0ea9120ea1187)
04-04 04:39:56.476 F/DEBUG ( 6662): #12 pc 000000000002a5bc /system/lib64/libaudiopolicyservice.so (android::AudioPolicyService::startInput(int)+1036) (BuildId: 632dde50a5016338c25866ba06dd6350)
04-04 04:39:56.476 F/DEBUG ( 6662): #13 pc 000000000006a678 /system/lib64/libaudioclient.so (android::AudioSystem::startInput(int) (.cfi)+152) (BuildId: 7e2fd052f094400631569a2bbd95426f)
04-04 04:39:56.476 F/DEBUG ( 6662): #14 pc 00000000000dc074 /system/lib64/libaudioflinger.so (android::AudioFlinger::RecordThread::start(android::AudioFlinger::RecordThread::RecordTrack*, android::AudioSystem::sync_event_t, audio_session_t)+2352) (BuildId: b6821e1ab8fad11dae507769971d7435)
04-04 04:39:56.476 F/DEBUG ( 6662): #15 pc 0000000000100098 /system/lib64/libaudioflinger.so (android::AudioFlinger::RecordThread::RecordTrack::start(android::AudioSystem::sync_event_t, audio_session_t)+128) (BuildId: b6821e1ab8fad11dae507769971d7435)
04-04 04:39:56.476 F/DEBUG ( 6662): #16 pc 00000000000fdcc4 /system/lib64/libaudioflinger.so (android::AudioFlinger::RecordHandle::start(int, int)+84) (BuildId: b6821e1ab8fad11dae507769971d7435)
04-04 04:39:56.476 F/DEBUG ( 6662): #17 pc 000000000002de60 /system/lib64/audioflinger-aidl-cpp.so (android::media::BnAudioRecord::onTransact(unsigned int, android::Parcel const&, android::Parcel*, unsigned int)+260) (BuildId: bce0998ec57d0f985a1760a1875903ef)
04-04 04:39:56.476 F/DEBUG ( 6662): #18 pc 0000000000049880 /system/lib64/libbinder.so (android::BBinder::transact(unsigned int, android::Parcel const&, android::Parcel*, unsigned int)+252) (BuildId: 07bc4d4147790b1e0ac44f7625168f4a)
04-04 04:39:56.476 F/DEBUG ( 6662): #19 pc 00000000000538cc /system/lib64/libbinder.so (android::IPCThreadState::executeCommand(int)+1048) (BuildId: 07bc4d4147790b1e0ac44f7625168f4a)
04-04 04:39:56.476 F/DEBUG ( 6662): #20 pc 00000000000533e8 /system/lib64/libbinder.so (android::IPCThreadState::getAndExecuteCommand()+164) (BuildId: 07bc4d4147790b1e0ac44f7625168f4a)
04-04 04:39:56.476 F/DEBUG ( 6662): #21 pc 0000000000053c98 /system/lib64/libbinder.so (android::IPCThreadState::joinThreadPool(bool)+72) (BuildId: 07bc4d4147790b1e0ac44f7625168f4a)
04-04 04:39:56.476 F/DEBUG ( 6662): #22 pc 0000000000080484 /system/lib64/libbinder.so (android::PoolThread::threadLoop()+28) (BuildId: 07bc4d4147790b1e0ac44f7625168f4a)
04-04 04:39:56.476 F/DEBUG ( 6662): #23 pc 000000000001358c /system/lib64/libutils.so (android::Thread::_threadLoop(void*)+264) (BuildId: b940f836006eead456c936e97e64d2d4)
04-04 04:39:56.476 F/DEBUG ( 6662): #24 pc 0000000000012de8 /system/lib64/libutils.so (thread_data_t::trampoline(thread_data_t const*)+408) (BuildId: b940f836006eead456c936e97e64d2d4)
04-04 04:39:56.476 F/DEBUG ( 6662): #25 pc 00000000000b6a24 /apex/com.android.runtime/lib64/bionic/libc.so (__pthread_start(void*)+264) (BuildId: 369edc656806aeaf384cbeb8f7a347af)
04-04 04:39:56.476 F/DEBUG ( 6662): #26 pc 00000000000532bc /apex/com.android.runtime/lib64/bionic/libc.so (__start_thread+68) (BuildId: 369edc656806aeaf384cbeb8f7a347af)
04-04 04:39:56.481 W/NativeCrashListener( 1549): Couldn't find ProcessRecord for pid 6577
04-04 04:39:56.481 E/crash_dump64( 6662): AM data write failed: Broken pipe
04-04 04:39:56.483 E/tombstoned( 626): Tombstone written to: tombstone_05
04-04 04:39:56.488 I/BootReceiver( 1549): Copying /data/tombstones/tombstone_05 to DropBox (SYSTEM_TOMBSTONE)
04-04 04:39:56.488 I/DropBoxManagerService( 1549): add tag=SYSTEM_TOMBSTONE isTagEnabled=true flags=0x6
04-04 04:39:56.494 I/dropbox_file_copy( 1549): [/data/tombstones/tombstone_05,65536,SYSTEM_TOMBSTONE]
04-04 04:39:56.498 I/commit_sys_config_file( 1549): [log-files,284738]
04-04 04:39:56.500 E/NativeTombstoneManager( 1549): Tombstone's UID (1041) not an app, ignoring
04-04 04:39:56.502 I/DropBoxManagerService( 1549): add tag=SYSTEM_TOMBSTONE_PROTO isTagEnabled=true flags=0x4
04-04 04:39:56.505 E/AudioSystem-JNI( 1549): listAudioPatches AudioSystem::listAudioPatches error -32
04-04 04:39:56.505 W/AudioManager( 1549): updateAudioPortCache: listAudioPatches failed
04-04 04:39:56.505 W/AudioRecord( 1978): restoreRecord_l(39): failed status -32, retries 1
04-04 04:39:56.505 W/AudioSystem( 1201): AudioFlinger server died!
04-04 04:39:56.505 E/AudioSystem-JNI( 1549): AudioSystem::listAudioPorts error -32
04-04 04:39:56.505 W/AudioManager( 1549): updateAudioPortCache: listAudioPorts failed
04-04 04:39:56.505 E/AudioRecord( 1978): start(39): status -32
04-04 04:39:56.505 W/AudioSystem( 1201): AudioPolicyService server died!
04-04 04:39:56.506 W/AudioTrack( 1201): restoreTrack_l(32): dead IAudioTrack, Offloaded or Direct, creating a new one from obtainBuffer()
04-04 04:39:56.506 E/AudioSystem-JNI( 1978): Command failed for android_media_AudioSystem_error_callback: -32
04-04 04:39:56.506 W/AudioSystem( 1978): AudioFlinger server died!
04-04 04:39:56.506 E/AudioSystem-JNI( 1549): Command failed for android_media_AudioSystem_error_callback: -32
04-04 04:39:56.506 W/AudioRecord( 1978): restoreRecord_l(41): dead IAudioRecord, creating a new one from start()
04-04 04:39:56.506 W/AudioSystem( 1549): AudioFlinger server died!
04-04 04:39:56.506 W/AudioSystem( 1549): AudioPolicyService server died!
04-04 04:39:56.506 W/CaptureStateTracker( 1549): Audio policy service died
11-11 00:11:27.469 I/binder ( 0): release 6577:6588 transaction 124347 in, still active
11-11 00:11:27.469 I/binder ( 0): send failed reply for transaction 124347 to 1549:1799
11-11 00:11:27.469 I/binder ( 0): release 6577:6642 transaction 124337 in, still active
11-11 00:11:27.469 I/binder ( 0): send failed reply for transaction 124337 to 1978:1978
11-11 00:11:27.471 E/q6asm_callback( 0): cmd = 0x10bce returned error = 0xa
11-11 00:11:27.471 E/__q6asm_cmd( 0): DSP returned error[ADSP_ENOTREADY] opcode 68558
11-11 00:11:27.472 I/binder ( 0): 6576:6646 transaction failed 29189/-22, size 48-0 line 3071
04-04 04:39:56.506 D/audio_hw_primary( 6576): adev_close_output_stream: enter:stream_handle(incall_music_uplink)
04-04 04:39:56.506 D/audio_hw_primary( 6576): io_streams_map_remove: Removed stream with handle 77
04-04 04:39:56.506 D/audio_hw_primary( 6576): out_standby: enter: stream (0xe59c21a0) usecase(50: incall_music_uplink)
04-04 04:39:56.506 D/audio_hw_primary( 6576): out_standby: exit
04-04 04:39:56.506 D/audio_hw_primary( 6576): adev_close_output_stream: enter:stream_handle(low-latency-playback)
04-04 04:39:56.507 D/audio_hw_primary( 6576): io_streams_map_remove: Removed stream with handle 13
04-04 04:39:56.507 D/audio_hw_primary( 6576): out_standby: enter: stream (0xe59c4330) usecase(1: low-latency-playback)
04-04 04:39:56.507 D/audio_hw_primary( 6576): out_standby: exit
04-04 04:39:56.507 D/audio_hw_primary( 6576): adev_close_output_stream: enter:stream_handle(compress-offload-playback)
04-04 04:39:56.507 D/audio_hw_primary( 6576): adev_close_output_stream: enter:stream_handle(deep-buffer-playback)
04-04 04:39:56.507 D/audio_hw_primary( 6576): io_streams_map_remove: Removed stream with handle 85
04-04 04:39:56.507 D/audio_hw_primary( 6576): out_standby: enter: stream (0xe59cc970) usecase(3: compress-offload-playback)
04-04 04:39:56.507 D/r_submix( 6576): adev_close_input_stream()
04-04 04:39:56.507 D/audio_hw_primary( 6576): io_streams_map_remove: Removed stream with handle 29
04-04 04:39:56.507 D/audio_hw_primary( 6576): out_standby: enter: stream (0xe59c64c0) usecase(0: deep-buffer-playback)
04-04 04:39:56.507 D/audio_hw_primary( 6576): out_standby: exit
04-04 04:39:56.507 D/msm8974_platform( 6576): platform_split_snd_device: snd_device(2) num devices(1) new_snd_devices(0)
04-04 04:39:56.507 D/ACDB-LOADER( 6576): ACDB -> send_audvoltable
04-04 04:39:56.507 D/ACDB-LOADER( 6576): ACDB -> ACDB_CMD_GET_AUDPROC_INSTANCE_GAIN_DEP_STEP_TABLE_SIZE
04-04 04:39:56.507 W/AudioSystem( 2940): AudioPolicyService server died!
04-04 04:39:56.507 D/ACDB-LOADER( 6576): ACDB -> ACDB_CMD_GET_AUDPROC_INSTANCE_GAIN_DEP_STEP_TABLE, vol index 0
04-04 04:39:56.507 D/ACDB-LOADER( 6576): ACDB -> AUDIO_SET_VOL_CAL cal type = 40
04-04 04:39:56.507 E/AppOps ( 1549): Operation not started: uid=10078 pkg=com.android.systemui(null) op=RECORD_AUDIO
04-04 04:39:56.507 D/NuPlayer( 1201): restartAudio timeUs(172720120), dontOffload(0), createDecoder(1)
04-04 04:39:56.508 I/ServiceManager( 1549): Waiting for service 'media.audio_policy' on '/dev/binder'...
04-04 04:39:56.508 D/r_submix( 6576): adev_close_output_stream() addr = -1416755123:ap:0mixp:0
04-04 04:39:56.508 D/r_submix( 6576): submix_audio_device_release_pipe_l(idx=9) addr=-1416755123:ap:0mixp:0
04-04 04:39:56.508 D/r_submix( 6576): submix_audio_device_destroy_pipe_l(): pipe destroyed
04-04 04:39:56.508 I/r_submix( 6576): adev_close()
04-04 04:39:56.508 D/audio_hw_primary( 6576): adev_close_output_stream: enter:stream_handle(audio-ull-playback)
04-04 04:39:56.508 D/audio_hw_primary( 6576): copl(0xe59cc970):out of compress_wait
04-04 04:39:56.508 D/audio_hw_primary( 6576): io_streams_map_remove: Removed stream with handle 21
04-04 04:39:56.508 D/audio_hw_primary( 6576): out_standby: enter: stream (0xe59c0010) usecase(12: audio-ull-playback)
04-04 04:39:56.508 D/audio_hw_primary( 6576): out_standby: exit
04-04 04:39:56.508 D/audio_hw_primary( 6576): adev_close_output_stream: enter:stream_handle(afe-proxy-playback)
04-04 04:39:56.508 D/audio_hw_primary( 6576): io_streams_map_remove: Removed stream with handle 61
04-04 04:39:56.508 D/audio_hw_primary( 6576): out_standby: enter: stream (0xe59ca7e0) usecase(54: afe-proxy-playback)
04-04 04:39:56.508 W/StreamOutHAL( 6576): Client callback failed: Status(EX_TRANSACTION_FAILED): 'DEAD_OBJECT: '
04-04 04:39:56.508 D/audio_hw_primary( 6576): out_standby: exit
04-04 04:39:56.509 I/ServiceManager( 1978): Waiting for service 'media.audio_flinger' on '/dev/binder'...
04-04 04:39:56.509 E/AudioSystem-JNI( 1549): Command failed for android_media_AudioSystem_checkAudioFlinger: -32
04-04 04:39:56.509 E/AS.AudioService( 1549): Audioserver died.
04-04 04:39:56.509 I/ServiceManager( 1201): Waiting for service 'media.audio_policy' on '/dev/binder'...
04-04 04:39:56.522 I/commit_sys_config_file( 1549): [log-files,284763]
11-11 00:11:27.488 I/afe_close( 0): port_id = 0x9000
04-04 04:39:56.551 W/SoundTriggerModule( 1549): Underlying HAL driver died.
04-04 04:39:56.551 D/SoundTriggerMiddlewareService( 1549): Connecting to default ISoundTriggerHw
04-04 04:39:56.553 I/hwservicemanager( 504): Since android.hardware.soundtrigger@2.0::ISoundTriggerHw/default is not registered, trying to start it as a lazy HAL.
04-04 04:39:56.555 I/hwservicemanager( 504): Since android.hardware.soundtrigger@2.0::ISoundTriggerHw/default is not registered, trying to start it as a lazy HAL.
04-04 04:39:56.556 I/HidlServiceManagement( 1549): getService: Trying again for android.hardware.soundtrigger@2.0::ISoundTriggerHw/default...
04-04 04:39:56.561 W/libc ( 504): Unable to set property "ctl.interface_start" to "android.hardware.soundtrigger@2.0::ISoundTriggerHw/default": error code: 0x20
04-04 04:39:56.561 I/hwservicemanager( 504): Tried to start android.hardware.soundtrigger@2.0::ISoundTriggerHw/default as a lazy service, but was unable to. Usually this happens when a service is not installed, but if the service is intended to be used as a lazy service, then it may be configured incorrectly.
04-04 04:39:56.562 W/libc ( 504): Unable to set property "ctl.interface_start" to "android.hardware.soundtrigger@2.0::ISoundTriggerHw/default": error code: 0x20
