04-04 04:39:53.393 D/msm8974_platform( 6576): platform_set_snd_device_backend: hw_interface_table[232] = TX_CDC_DMA_TX_3
04-04 04:39:53.393 D/msm8974_platform( 6576): platform_set_snd_device_backend: backend_tag_table[hearing-aid-mic]: old = null new = (null)
04-04 04:39:53.393 D/msm8974_platform( 6576): platform_set_snd_device_backend: hw_interface_table[261] = TX_CDC_DMA_TX_3
04-04 04:39:53.393 D/msm8974_platform( 6576): platform_set_snd_device_backend: backend_tag_table[three-mic]: old = null new = (null)
04-04 04:39:53.393 D/msm8974_platform( 6576): platform_set_snd_device_backend: hw_interface_table[233] = TX_CDC_DMA_TX_3
04-04 04:39:53.394 D/msm8974_platform( 6576): platform_set_snd_device_backend: backend_tag_table[three-mic]: old = null new = (null)
04-04 04:39:53.394 D/msm8974_platform( 6576): platform_set_snd_device_backend: hw_interface_table[234] = TX_CDC_DMA_TX_3
04-04 04:39:53.394 D/msm8974_platform( 6576): platform_set_snd_device_backend: backend_tag_table[three-mic]: old = null new = (null)
04-04 04:39:53.394 D/msm8974_platform( 6576): platform_set_snd_device_backend: hw_interface_table[235] = TX_CDC_DMA_TX_3
04-04 04:39:53.394 D/msm8974_platform( 6576): platform_set_snd_device_backend: backend_tag_table[three-mic]: old = null new = (null)
04-04 04:39:53.394 D/msm8974_platform( 6576): platform_set_snd_device_backend: hw_interface_table[236] = TX_CDC_DMA_TX_3
04-04 04:39:53.394 D/msm8974_platform( 6576): platform_set_snd_device_backend: backend_tag_table[three-mic]: old = null new = (null)
04-04 04:39:53.394 D/msm8974_platform( 6576): platform_set_snd_device_backend: hw_interface_table[237] = TX_CDC_DMA_TX_3
04-04 04:39:53.394 D/msm8974_platform( 6576): platform_set_snd_device_backend: backend_tag_table[three-mic]: old = null new = (null)
04-04 04:39:53.394 D/msm8974_platform( 6576): platform_set_snd_device_backend: hw_interface_table[241] = TX_CDC_DMA_TX_3
04-04 04:39:53.394 D/msm8974_platform( 6576): platform_set_snd_device_backend: backend_tag_table[unprocessed-mic]: old = null new = (null)
04-04 04:39:53.394 D/msm8974_platform( 6576): platform_set_snd_device_backend: hw_interface_table[242] = TX_CDC_DMA_TX_3
04-04 04:39:53.394 D/msm8974_platform( 6576): platform_set_snd_device_backend: backend_tag_table[unprocessed-stereo-mic]: old = null new = (null)
04-04 04:39:53.394 D/msm8974_platform( 6576): platform_set_snd_device_backend: hw_interface_table[243] = TX_CDC_DMA_TX_3
04-04 04:39:53.394 D/msm8974_platform( 6576): platform_set_snd_device_backend: backend_tag_table[unprocessed-three-mic]: old = null new = (null)
04-04 04:39:53.394 D/msm8974_platform( 6576): platform_set_snd_device_backend: hw_interface_table[244] = TX_CDC_DMA_TX_3
04-04 04:39:53.394 D/msm8974_platform( 6576): platform_set_snd_device_backend: backend_tag_table[unprocessed-quad-mic]: old = null new = (null)
04-04 04:39:53.394 D/msm8974_platform( 6576): platform_set_snd_device_backend: hw_interface_table[245] = TX_CDC_DMA_TX_3
04-04 04:39:53.394 D/msm8974_platform( 6576): platform_set_snd_device_backend: backend_tag_table[unprocessed-headset-mic]: old = headset-mic new = (null)
04-04 04:39:53.394 D/msm8974_platform( 6576): platform_set_snd_device_backend: hw_interface_table[246] = TX_CDC_DMA_TX_3
04-04 04:39:53.394 E/msm8974_platform( 6576): find_index: Could not find index for name = SND_DEVICE_OUT_VOICE_SPEAKER_AND_VOICE_HEADPHONES
04-04 04:39:53.394 E/platform_info( 6576): process_backend_name: Device SND_DEVICE_OUT_VOICE_SPEAKER_AND_VOICE_HEADPHONES not found, no ACDB ID set!
04-04 04:39:53.394 E/msm8974_platform( 6576): find_index: Could not find index for name = SND_DEVICE_OUT_VOICE_SPEAKER_AND_VOICE_ANC_HEADSET
04-04 04:39:53.394 E/platform_info( 6576): process_backend_name: Device SND_DEVICE_OUT_VOICE_SPEAKER_AND_VOICE_ANC_HEADSET not found, no ACDB ID set!
04-04 04:39:53.394 D/msm8974_platform( 6576): platform_set_snd_device_backend: backend_tag_table[speaker-and-bt-sco]: old = null new = speaker-and-bt-sco
04-04 04:39:53.394 D/msm8974_platform( 6576): platform_set_snd_device_backend: hw_interface_table[51] = WSA_CDC_DMA_RX_0-and-SLIMBUS_7_RX
04-04 04:39:53.394 D/msm8974_platform( 6576): platform_set_snd_device_backend: backend_tag_table[speaker-and-bt-sco-wb]: old = null new = speaker-and-bt-sco-wb
04-04 04:39:53.394 D/msm8974_platform( 6576): platform_set_snd_device_backend: hw_interface_table[53] = WSA_CDC_DMA_RX_0-and-SLIMBUS_7_RX
04-04 04:39:53.394 D/msm8974_platform( 6576): platform_set_snd_device_backend: backend_tag_table[speaker-and-bt-sco-swb]: old = null new = speaker-and-bt-sco-swb
04-04 04:39:53.394 D/msm8974_platform( 6576): platform_set_snd_device_backend: hw_interface_table[55] = WSA_CDC_DMA_RX_0-and-SLIMBUS_7_RX
04-04 04:39:53.397 D/msm8974_platform( 6576): platform_init: Loading mixer file: /vendor/etc/mixer_paths.xml
04-04 04:39:53.422 D/MSF.C.NetConnTag.true( 3106): preDetectTimeoutMsg cmd:GCY3BCggPAk8IH49ND4qCTMtMw, ssoSeq:17317
04-04 04:39:53.491 I/auditd ( 0): type=1400 audit(0.0:547): avc: denied { kill } for comm="swapper/3" capability=5 scontext=u:r:kernel:s0 tcontext=u:r:kernel:s0 tclass=capability permissive=0
04-04 04:39:53.491 W/swapper/3( 0): type=1400 audit(0.0:547): avc: denied { kill } for capability=5 scontext=u:r:kernel:s0 tcontext=u:r:kernel:s0 tclass=capability permissive=0
04-04 04:39:53.563 D/MSF.C.NetConnTag.( 3106): netRecv ssoSeq:17331 uin:*3097 cmd:PjEgN3Q/NzU/Mw8kKDdrKTMtMzg1Pyw5ZBApOjkUKj0jIH4HIzYmHCMxIyAMMSAt costTime:10000 SignalStrengths wifi:0 gsm:0 cdma:0 net:2 code:1002 failMsg:wait serverResp timeout
04-04 04:39:53.563 I/MSF.C.PushManager( 3106): not need to update lastRecvTimeForSG, isConned:false
04-04 04:39:53.564 I/MSF.S.AppProcessManager( 3106): SendToApp process:com.tencent.mobileqq fromServiceMsg: FromServiceMsg msName:unknown ssoSeq:17331 serviceCmd:trpc.group_pro.synclogic.SyncLogic.SyncFirstView appSeq:335 failCode:1002 cos t =0 needBoot=false to.len = 18 from.len = 0
04-04 04:39:53.565 D/MSF.D.Proxy( 3311): onReceiveResp, fromServiceMsg = trpc.group_pro.synclogic.SyncLogic.SyncFirstView, ssoSeq = 17331, length = 0
04-04 04:39:53.565 I/NTKernel( 3311): [KernelServlet-MSF]seq(37)---- onReceive cmd= , trpc.group_pro.synclogic.SyncLogic.SyncFirstView
04-04 04:39:53.565 I/NTKernel( 3311): [KernelServlet-MSF]seq(38)---- onReceive error: cmd=trpc.group_pro.synclogic.SyncLogic.SyncFirstView response result=1002 errMsg=wait serverResp timeout but be replaced to result=-102 by KernelServlet-MSF
04-04 04:39:53.567 I/NTKernel( 3311): [NTSDK]seq(1247)---- [INFO] mqq_guild_wrapper_session.cc(428)::onSendSSOReply no |tip| sso Fail errormsg:鍑洪敊浜嗭紝璇风◢鍚庡啀璇曘€?code:-102 cmd:trpc.group_pro.synclogic.SyncLogic.SyncFirstView
04-04 04:39:53.568 I/NTKernel( 3311): [NTSDK]seq(1248)---- [INFO] guild_msg_sync_worker.cc(257)::operator() [guild_msg_sync]->msg sync(first view) ack result:-102; err_msg:鍑洪敊浜嗭紝璇风◢鍚庡啀璇曘€? resp_buf.size():0
04-04 04:39:53.568 I/NTKernel( 3311): [NTSDK]seq(1249)---- [INFO] guild_msg_sync_mgr.cc(543)::OnSetLastConnSvrTime [guild_msg_sync]->OnSetLastConnSvrTime, time:1680554393568
04-04 04:39:53.568 I/NTKernel( 3311): [NTSDK]seq(1250)---- [INFO] guild_msg_sync_mgr.cc(389)::OnSetSyncState [guild_msg_sync]->OnSetSyncState, state:4
04-04 04:39:53.568 I/NTKernel( 3311): [NTSDK]seq(1251)---- [INFO] guild_msg_sync_mgr.cc(521)::NotifyFirstViewSyncMsgEnd first view msg sync end. all:0, channel:0 guild:0 direct:0
04-04 04:39:53.568 I/NTKernel( 3311): [NTSDK]seq(1252)---- [INFO] base_msg_mgr.cc(232)::OnFirstViewMsgSyncEnd [BaseMsgMgr]->OnFirstViewMsgSyncEnd, handle hold msg, hold count is:0
04-04 04:39:53.568 I/NTKernel( 3311): [NTSDK]seq(1253)---- [INFO] base_msg_mgr.cc(215)::HandleMsgAfterHold [BaseMsgMgr]->HandleMsgAfterHold, hold count is:0, is_guild:1
04-04 04:39:53.568 I/NTKernel( 3311): [NTSDK]seq(1254)---- [INFO] guild_msg_util.cc(174)::IsGuildUser guildUDCFlag 2 guildTabUser 2
04-04 04:39:53.569 E/NTKernel( 3311): [NTSDK]seq(1255)---- [ERROR] guild_msg_event_flow_mgr.cc(1229)::OnFirstViewMsgSyncEnd stop fetch event flow!
04-04 04:39:53.569 I/NTKernel( 3311): [NTSDK]seq(1256)---- [INFO] guild_msg_util.cc(174)::IsGuildUser guildUDCFlag 2 guildTabUser 2
04-04 04:39:53.569 E/NTKernel( 3311): [NTSDK]seq(1257)---- [ERROR] guild_msg_box_mgr.cc(219)::OnFirstViewMsgSyncEnd stop fetch msg box!
04-04 04:39:53.569 W/NTKernel( 3311): [NTSDK]seq(1258)---- [WARN] key_value_storage.h(328)::BatchSet KeyValueStorage BatchSet data is emptyL!
04-04 04:39:53.569 I/NTKernel( 3311): [NTSDK]seq(1259)---- [INFO] guild_msg_sync_mgr.cc(436)::OnSetSyncState [guild_msg_sync]->OnSetSyncState end, state:4 time:1.47
04-04 04:39:53.570 D/PandoraEx.MonitorReporter( 3311): module[network], systemApi[NI#G_TY_NAME], scene[back], strategy[normal], isSystemCall[true
04-04 04:39:53.643 D/MSF.C.NetConnTag.true( 3106): preDetectTimeoutMsg cmd:ByYjJzs/IAk8IH4EOB8gLgcwNw, ssoSeq:17318
04-04 04:39:53.738 I/ServiceManager( 6577): Waiting for service 'media.audio_policy' on '/dev/binder'...
04-04 04:39:53.741 I/AS.AudioService( 1549): Audioserver started.
04-04 04:39:53.742 I/mpu_uart( 645): [MSG-P:RECV]:No message received in 1000 ms
04-04 04:39:53.742 W/AudioIDCMicroNegotiator( 1549): idcm_warn: resetResorce
04-04 04:39:53.742 I/MicroServiceManager( 1549): addCommonCallbackListener add listener
04-04 04:39:53.742 I/MicroServiceManager( 1549): addConnectChangedListener add listener
04-04 04:39:53.743 I/android_os_HwBinder( 1549): HwBinder: Starting thread pool for getting: android.hidl.manager@1.0::IServiceManager/default
11-11 00:11:24.962 E/ ( 0): msm_qti_pp_get_rms_value_control, back not active to query rms be_idx:3
11-11 00:11:24.971 I/core_get_license_status( 0): cmdrsp_license_result.result = 0x15 for module 0x131ff
11-11 00:11:24.971 E/msm_ext_disp_update_audio_ops( 0): Display not found (EXT_DISPLAY_TYPE_DP) ctld (0) stream (0)
11-11 00:11:24.971 E/msm_ext_disp_update_audio_ops( 0): Display not found (EXT_DISPLAY_TYPE_HDMI) ctld (0) stream (0)
11-11 00:11:24.971 E/msm_ext_disp_update_audio_ops( 0): Display not found (EXT_DISPLAY_TYPE_DP) ctld (0) stream (0)
11-11 00:11:24.971 E/msm_ext_disp_update_audio_ops( 0): Display not found (EXT_DISPLAY_TYPE_DP) ctld (0) stream (0)
11-11 00:11:24.972 E/msm_ext_disp_update_audio_ops( 0): Display not found (EXT_DISPLAY_TYPE_DP) ctld (0) stream (0)
11-11 00:11:24.972 E/msm-ext-disp-audio-codec-rx soc( 0): qcom,msm-ext-disp:qcom,msm-ext-disp-audio-codec-rx: msm_ext_disp_audio_type_get: get_audio_edid_blk() or get_intf_id is NULL
11-11 00:11:24.972 E/msm_ext_disp_update_audio_ops( 0): Display not found (EXT_DISPLAY_TYPE_DP) ctld (0) stream (0)
11-11 00:11:24.972 E/msm-ext-disp-audio-codec-rx soc( 0): qcom,msm-ext-disp:qcom,msm-ext-disp-audio-codec-rx: msm_ext_disp_audio_type_get: get_audio_edid_blk() or get_intf_id is NULL
11-11 00:11:24.972 E/msm_ext_disp_update_audio_ops( 0): Display not found (EXT_DISPLAY_TYPE_DP) ctld (0) stream (0)
11-11 00:11:24.972 E/msm-ext-disp-audio-codec-rx soc( 0): qcom,msm-ext-disp:qcom,msm-ext-disp-audio-codec-rx: msm_ext_disp_audio_type_get: get_audio_edid_blk() or get_intf_id is NULL
11-11 00:11:24.973 E/msm-ext-disp-audio-codec-rx soc( 0): qcom,msm-ext-disp:qcom,msm-ext-disp-audio-codec-rx: msm_ext_disp_audio_device_get: invalid dai id: 4
11-11 00:11:25.011 E/ ( 0): msm_pcm_volume_ctl_get substream not found
11-11 00:11:25.108 E/ ( 0): msm_qti_pp_get_rms_value_control, back not active to query rms be_idx:3
11-11 00:11:25.117 I/core_get_license_status( 0): cmdrsp_license_result.result = 0x15 for module 0x131ff
11-11 00:11:25.118 E/msm_ext_disp_update_audio_ops( 0): Display not found (EXT_DISPLAY_TYPE_DP) ctld (0) stream (0)
11-11 00:11:25.118 E/msm_ext_disp_update_audio_ops( 0): Display not found (EXT_DISPLAY_TYPE_HDMI) ctld (0) stream (0)
11-11 00:11:25.118 E/msm_ext_disp_update_audio_ops( 0): Display not found (EXT_DISPLAY_TYPE_DP) ctld (0) stream (0)
11-11 00:11:25.118 E/msm_ext_disp_update_audio_ops( 0): Display not found (EXT_DISPLAY_TYPE_DP) ctld (0) stream (0)
11-11 00:11:25.118 E/msm_ext_disp_update_audio_ops( 0): Display not found (EXT_DISPLAY_TYPE_DP) ctld (0) stream (0)
11-11 00:11:25.118 E/msm-ext-disp-audio-codec-rx soc( 0): qcom,msm-ext-disp:qcom,msm-ext-disp-audio-codec-rx: msm_ext_disp_audio_type_get: get_audio_edid_blk() or get_intf_id is NULL
11-11 00:11:25.118 E/msm_ext_disp_update_audio_ops( 0): Display not found (EXT_DISPLAY_TYPE_DP) ctld (0) stream (0)
11-11 00:11:25.118 E/msm-ext-disp-audio-codec-rx soc( 0): qcom,msm-ext-disp:qcom,msm-ext-disp-audio-codec-rx: msm_ext_disp_audio_type_get: get_audio_edid_blk() or get_intf_id is NULL
11-11 00:11:25.118 E/msm_ext_disp_update_audio_ops( 0): Display not found (EXT_DISPLAY_TYPE_DP) ctld (0) stream (0)
11-11 00:11:25.118 E/msm-ext-disp-audio-codec-rx soc( 0): qcom,msm-ext-disp:qcom,msm-ext-disp-audio-codec-rx: msm_ext_disp_audio_type_get: get_audio_edid_blk() or get_intf_id is NULL
11-11 00:11:25.120 E/msm-ext-disp-audio-codec-rx soc( 0): qcom,msm-ext-disp:qcom,msm-ext-disp-audio-codec-rx: msm_ext_disp_audio_device_get: invalid dai id: 4
04-04 04:39:54.195 E/audio_route( 6576): Control 'ADC2_MIXER Switch' doesn't exist - skipping
04-04 04:39:54.195 E/audio_route( 6576): Control 'ADC2 Volume' doesn't exist - skipping
04-04 04:39:54.195 E/audio_route( 6576): Control 'ADC2_BCS Disable' doesn't exist - skipping
04-04 04:39:54.195 E/audio_route( 6576): Control 'ADC2_BCS Disable' doesn't exist - skipping
04-04 04:39:54.195 E/audio_route( 6576): Control 'ADC2_BCS Disable' doesn't exist - skipping
04-04 04:39:54.196 E/audio_route( 6576): Control 'ADC2_BCS Disable' doesn't exist - skipping
04-04 04:39:54.196 E/audio_route( 6576): Control 'ADC2_BCS Disable' doesn't exist - skipping
04-04 04:39:54.196 E/audio_route( 6576): Control 'ADC2_BCS Disable' doesn't exist - skipping
04-04 04:39:54.196 E/audio_route( 6576): Control 'ADC2_BCS Disable' doesn't exist - skipping
04-04 04:39:54.196 E/audio_route( 6576): Control 'ADC2_BCS Disable' doesn't exist - skipping
04-04 04:39:54.196 E/audio_route( 6576): Control 'ADC2_BCS Disable' doesn't exist - skipping
04-04 04:39:54.196 E/audio_route( 6576): Control 'ADC2_BCS Disable' doesn't exist - skipping
04-04 04:39:54.196 E/audio_route( 6576): Control 'ADC2_BCS Disable' doesn't exist - skipping
04-04 04:39:54.196 E/audio_route( 6576): Control 'ADC2_BCS Disable' doesn't exist - skipping
04-04 04:39:54.196 E/audio_route( 6576): Control 'ADC2_BCS Disable' doesn't exist - skipping
04-04 04:39:54.196 E/audio_route( 6576): Control 'ADC2_BCS Disable' doesn't exist - skipping
04-04 04:39:54.196 E/audio_route( 6576): Control 'ADC2_BCS Disable' doesn't exist - skipping
04-04 04:39:54.196 E/audio_route( 6576): Control 'ADC2_BCS Disable' doesn't exist - skipping
04-04 04:39:54.196 E/audio_route( 6576): Control 'ADC2_BCS Disable' doesn't exist - skipping
04-04 04:39:54.196 E/audio_route( 6576): Control 'ADC2_MIXER Switch' doesn't exist - skipping
04-04 04:39:54.196 E/audio_route( 6576): Control 'ADC2 MUX' doesn't exist - skipping
04-04 04:39:54.198 I/audio_hw_extn( 6576): audio_extn_set_snd_card_split: snd_card_name(kona-mtp-snd-card) device(kona) snd_card(mtp) form_factor(snd)
04-04 04:39:54.198 E/platform_info( 6576): param tag only supported with CONFIG_PARAMS section
04-04 04:39:54.198 E/platform_info( 6576): param tag only supported with CONFIG_PARAMS section
04-04 04:39:54.198 E/platform_info( 6576): param tag only supported with CONFIG_PARAMS section
04-04 04:39:54.198 E/platform_info( 6576): param tag only supported with CONFIG_PARAMS section
04-04 04:39:54.198 E/platform_info( 6576): param tag only supported with CONFIG_PARAMS section
04-04 04:39:54.198 E/platform_info( 6576): param tag only supported with CONFIG_PARAMS section
04-04 04:39:54.198 E/platform_info( 6576): param tag only supported with CONFIG_PARAMS section
04-04 04:39:54.198 E/platform_info( 6576): param tag only supported with CONFIG_PARAMS section
11-11 00:11:25.159 E/ ( 0): msm_pcm_volume_ctl_get substream not found
04-04 04:39:54.199 D/ACDB-LOADER( 6576): ACDB: board_type = MTP
04-04 04:39:54.199 D/ACDB-LOADER( 6576): ACDB -> No .acdb files found in /vendor/etc/acdbdata!
04-04 04:39:54.199 D/ACDB-LOADER( 6576): ACDB -> found 0 form factor & soundcard independant files
04-04 04:39:54.199 D/ACDB-LOADER( 6576): ACDB -> Load file: /vendor/etc/acdbdata/MTP/MTP_Hdmi_cal.acdb
04-04 04:39:54.199 D/ACDB-LOADER( 6576): ACDB -> Load file: /vendor/etc/acdbdata/MTP/MTP_workspaceFile.qwsp
04-04 04:39:54.199 D/ACDB-LOADER( 6576): ACDB -> Load file: /vendor/etc/acdbdata/MTP/MTP_Bluetooth_cal.acdb
04-04 04:39:54.199 D/ACDB-LOADER( 6576): ACDB -> Load file: /vendor/etc/acdbdata/MTP/MTP_Global_cal.acdb
04-04 04:39:54.199 D/ACDB-LOADER( 6576): ACDB -> Load file: /vendor/etc/acdbdata/MTP/MTP_Handset_cal.acdb
04-04 04:39:54.199 D/ACDB-LOADER( 6576): ACDB -> Load file: /vendor/etc/acdbdata/MTP/MTP_Speaker_cal.acdb
04-04 04:39:54.199 D/ACDB-LOADER( 6576): ACDB -> Load file: /vendor/etc/acdbdata/MTP/MTP_Headset_cal.acdb
04-04 04:39:54.199 D/ACDB-LOADER( 6576): ACDB -> Load file: /vendor/etc/acdbdata/MTP/MTP_General_cal.acdb
04-04 04:39:54.199 D/ACDB-LOADER( 6576): ACDB -> ACDB_CMD_INITIALIZE_V2
04-04 04:39:54.199 D/android.hardware.audio.service( 6576): [ACDB Command]->SW Minor/Major/Revision version info for /vendor/etc/acdbdata/MTP/MTP_Hdmi_cal.acdb
04-04 04:39:54.199 D/android.hardware.audio.service( 6576): [ACDB Command]->ACDB Sw Major = 10, ACDB Sw Minor = 0, ACDB Sw Revision = 17, ACDB Sw Cpl Number = 0
04-04 04:39:54.199 D/android.hardware.audio.service( 6576): [ACDB Command]->ACDB File Major = 12, ACDB File Minor = 0, ACDB File Revision = 4, ACDB File Cpl Number = 0
04-04 04:39:54.199 D/android.hardware.audio.service( 6576): [ACDB Command]->SW Minor/Major/Revision version info for /vendor/etc/acdbdata/MTP/MTP_workspaceFile.qwsp
04-04 04:39:54.199 D/android.hardware.audio.service( 6576): [ACDB Command]->ACDB Sw Major = 10, ACDB Sw Minor = 0, ACDB Sw Revision = 17, ACDB Sw Cpl Number = 0
04-04 04:39:54.199 D/android.hardware.audio.service( 6576): [ACDB Command]->ACDB File Major = 0, ACDB File Minor = 0, ACDB File Revision = 0
04-04 04:39:54.199 D/android.hardware.audio.service( 6576): [ACDB Command]->SW Minor/Major/Revision version info for /vendor/etc/acdbdata/MTP/MTP_Bluetooth_cal.acdb
04-04 04:39:54.199 D/android.hardware.audio.service( 6576): [ACDB Command]->ACDB Sw Major = 10, ACDB Sw Minor = 0, ACDB Sw Revision = 17, ACDB Sw Cpl Number = 0
04-04 04:39:54.199 D/android.hardware.audio.service( 6576): [ACDB Command]->ACDB File Major = 12, ACDB File Minor = 0, ACDB File Revision = 4, ACDB File Cpl Number = 0
04-04 04:39:54.199 D/android.hardware.audio.service( 6576): [ACDB Command]->SW Minor/Major/Revision version info for /vendor/etc/acdbdata/MTP/MTP_Global_cal.acdb
04-04 04:39:54.199 D/android.hardware.audio.service( 6576): [ACDB Command]->ACDB Sw Major = 10, ACDB Sw Minor = 0, ACDB Sw Revision = 17, ACDB Sw Cpl Number = 0
04-04 04:39:54.199 D/android.hardware.audio.service( 6576): [ACDB Command]->ACDB File Major = 12, ACDB File Minor = 0, ACDB File Revision = 4, ACDB File Cpl Number = 0
04-04 04:39:54.200 D/android.hardware.audio.service( 6576): [ACDB Command]->SW Minor/Major/Revision version info for /vendor/etc/acdbdata/MTP/MTP_Handset_cal.acdb
04-04 04:39:54.200 D/android.hardware.audio.service( 6576): [ACDB Command]->ACDB Sw Major = 10, ACDB Sw Minor = 0, ACDB Sw Revision = 17, ACDB Sw Cpl Number = 0
04-04 04:39:54.200 D/android.hardware.audio.service( 6576): [ACDB Command]->ACDB File Major = 12, ACDB File Minor = 0, ACDB File Revision = 4, ACDB File Cpl Number = 0
04-04 04:39:54.200 D/android.hardware.audio.service( 6576): [ACDB Command]->SW Minor/Major/Revision version info for /vendor/etc/acdbdata/MTP/MTP_Speaker_cal.acdb
04-04 04:39:54.200 D/android.hardware.audio.service( 6576): [ACDB Command]->ACDB Sw Major = 10, ACDB Sw Minor = 0, ACDB Sw Revision = 17, ACDB Sw Cpl Number = 0
04-04 04:39:54.200 D/android.hardware.audio.service( 6576): [ACDB Command]->ACDB File Major = 12, ACDB File Minor = 0, ACDB File Revision = 4, ACDB File Cpl Number = 0
04-04 04:39:54.200 D/android.hardware.audio.service( 6576): [ACDB Command]->SW Minor/Major/Revision version info for /vendor/etc/acdbdata/MTP/MTP_Headset_cal.acdb
04-04 04:39:54.200 D/android.hardware.audio.service( 6576): [ACDB Command]->ACDB Sw Major = 10, ACDB Sw Minor = 0, ACDB Sw Revision = 17, ACDB Sw Cpl Number = 0
04-04 04:39:54.200 D/android.hardware.audio.service( 6576): [ACDB Command]->ACDB File Major = 12, ACDB File Minor = 0, ACDB File Revision = 4, ACDB File Cpl Number = 0
04-04 04:39:54.200 D/android.hardware.audio.service( 6576): [ACDB Command]->SW Minor/Major/Revision version info for /vendor/etc/acdbdata/MTP/MTP_General_cal.acdb
04-04 04:39:54.201 D/android.hardware.audio.service( 6576): [ACDB Command]->ACDB Sw Major = 10, ACDB Sw Minor = 0, ACDB Sw Revision = 17, ACDB Sw Cpl Number = 0
04-04 04:39:54.201 D/android.hardware.audio.service( 6576): [ACDB Command]->ACDB File Major = 12, ACDB File Minor = 0, ACDB File Revision = 4, ACDB File Cpl Number = 0
04-04 04:39:54.201 D/ACDB-LOADER( 6576): get_acdb_sw_major_version: ACDB SW Major version: 10
04-04 04:39:54.201 D/ACDB-LOADER( 6576): get_instance_id_support: ACDB file instance ID support info:1
04-04 04:39:54.201 D/ACDB-LOADER( 6576): acdb_loader_init_v4: snd_card_name:kona-mtp-snd-card, cvd_version:2.4, instance_id_supported:1
04-04 04:39:54.201 D/ACDB-LOADER( 6576): ACDB -> ACPH INIT
04-04 04:39:54.201 D/android.hardware.audio.service( 6576): [ACPH]->Online service registered with ACPH
04-04 04:39:54.201 E/Diag_Lib( 6576): Diag_LSM_Init: Failed to open handle to diag driver, error = 13
04-04 04:39:54.195 I/auditd ( 6576): type=1400 audit(0.0:548): avc: denied { read write } for comm="audio.service" name="diag" dev="tmpfs" ino=11410 scontext=u:r:hal_audio_default:s0 tcontext=u:object_r:vendor_diag_device:s0 tclass=chr_file permissive=0
04-04 04:39:54.201 E/Diag_Lib( 6576): diag: In diagpkt_tbl_reg, service not initialized.
04-04 04:39:54.195 W/audio.service( 6576): type=1400 audit(0.0:548): avc: denied { read write } for name="diag" dev="tmpfs" ino=11410 scontext=u:r:hal_audio_default:s0 tcontext=u:object_r:vendor_diag_device:s0 tclass=chr_file permissive=0
04-04 04:39:54.201 D/android.hardware.audio.service( 6576): [ACPH]->ACPH init success
04-04 04:39:54.201 D/ACDB-LOADER( 6576): ACDB -> RTAC INIT
04-04 04:39:54.201 D/android.hardware.audio.service( 6576): [ACPH]->DSP RTC service registered with ACPH
04-04 04:39:54.201 D/ACDB-LOADER( 6576): ACDB -> MCS, FTS INIT
04-04 04:39:54.201 D/android.hardware.audio.service( 6576): [ACPH]->MCS RTC service registered with ACPH
04-04 04:39:54.201 D/android.hardware.audio.service( 6576): [ACPH]->FTS RTC service registered with ACPH
04-04 04:39:54.201 D/ACDB-LOADER( 6576): ACDB -> ADIE RTAC INIT
04-04 04:39:54.201 D/android.hardware.audio.service( 6576): [ACPH]->ADIE RTC service registered with ACPH
04-04 04:39:54.201 D/ACDB-LOADER( 6576): ACDB -> ACDB_CMD_GET_VOC_PROC_DYNAMIC_TABLE_SIZE
04-04 04:39:54.202 E/ion ( 6576): ioctl c0044901 failed with code -1: Inappropriate ioctl for device
04-04 04:39:54.211 D/ACDB-LOADER( 6576): ACDB -> send_common_custom_topology
04-04 04:39:54.211 D/ACDB-LOADER( 6576): ACDB -> ACDB_CMD_GET_AVCS_CUSTOM_TOPO_INFO_SIZE_V3
04-04 04:39:54.211 D/ACDB-LOADER( 6576): ACDB -> ACDB_CMD_GET_AVCS_CUSTOM_TOPO_INFO_V3
04-04 04:39:54.211 D/ACDB-LOADER( 6576): ACDB -> ACDB_CMD_GET_AVCS_CUSTOM_TOPO_INFO_V3: size:0xed4 ret=0
04-04 04:39:54.211 D/ACDB-LOADER( 6576): ACDB -> CORE_CUSTOM_TOPOLOGIES
04-04 04:39:54.217 D/ACDB-LOADER( 6576): ACDB -> acdb_loader_send_common_custom_topology: Common custom topology in use
04-04 04:39:54.217 D/ACDB-LOADER( 6576): ACDB -> init done!
04-04 04:39:54.217 D/audio_hw_acdb( 6576): acdb_init_v2: ACDB Instance ID support after ACDB init:1
04-04 04:39:54.217 D/audio_hw_acdb( 6576): check_and_set_instance_id_support: Final Instance ID support:1
04-04 04:39:54.217 D/sound_trigger_platform( 6576): platform_stdev_init Opening device /dev/snd/hwC0D1002 for vad hwdep config
04-04 04:39:54.217 D/sound_trigger_platform( 6576): platform_stdev_init: cannot open device '/dev/snd/hwC0D1002', error:No such file or directory
04-04 04:39:54.217 D/sound_trigger_platform( 6576): get_codec_version: codec version
04-04 04:39:54.218 D/sound_trigger_platform( 6576): platform_stdev_reset_backend_cfg: Setting VA_CDC_DMA_TX_0 TX island to false
04-04 04:39:54.218 I/sound_trigger_hw( 6576): get_base_properties: enter
04-04 04:39:54.218 I/SoundTriggerHw( 6576): onFirstRef() mModuleName primary mHwDevice 0xe8a02f30
04-04 04:39:54.219 I/HidlServiceManagement( 6576): Registered android.hardware.soundtrigger@2.3::ISoundTriggerHw/default (start delay of 944ms)
04-04 04:39:54.219 I/LegacySupport( 6576): Registration complete for android.hardware.soundtrigger@2.3::ISoundTriggerHw/default.
04-04 04:39:54.220 I/android_os_HwBinder( 1549): HwBinder: Starting thread pool for getting: android.hardware.soundtrigger@2.0::ISoundTriggerHw/default
04-04 04:39:54.221 I/hw-BpHwBinder( 504): onLastStrongRef automatically unlinking death recipients
04-04 04:39:54.221 I/BTAudioProviderA2dpSoftware( 6576): A2dpSoftwareAudioProvider - size of audio buffer 7168 byte(s)
04-04 04:39:54.221 I/BTAudioProviderHearingAid( 6576): HearingAidAudioProvider - size of audio buffer 3584 byte(s)
04-04 04:39:54.222 I/HidlServiceManagement( 6576): Registered android.hardware.bluetooth.audio@2.0::IBluetoothAudioProvidersFactory/default (start delay of 946ms)
04-04 04:39:54.222 I/LegacySupport( 6576): Registration complete for android.hardware.bluetooth.audio@2.0::IBluetoothAudioProvidersFactory/default.
04-04 04:39:54.222 I/hwservicemanager( 504): getTransport: Cannot find entry android.hardware.bluetooth.a2dp@1.0::IBluetoothAudioOffload/default in either framework or device VINTF manifest.
04-04 04:39:54.222 E/LegacySupport( 6576): Could not get passthrough implementation for android.hardware.bluetooth.a2dp@1.0::IBluetoothAudioOffload/default.
04-04 04:39:54.222 W/audiohalservice( 6576): Could not register Bluetooth Audio Offload API
04-04 04:39:54.274 D/MSF.C.NetConnTag.( 3106): netRecv ssoSeq:17280 uin:*3097 cmd:ByYjJzs/IAk8IH4EOB8gLgcwNw costTime:30000 SignalStrengths wifi:0 gsm:0 cdma:0 net:2 code:1002 failMsg:wait serverResp timeout
04-04 04:39:54.274 I/MSF.C.PushManager( 3106): not need to update lastRecvTimeForSG, isConned:false
04-04 04:39:54.274 I/MSF.S.AppProcessManager( 3106): SendToApp process:com.tencent.mobileqq fromServiceMsg: FromServiceMsg msName:unknown ssoSeq:17280 serviceCmd:MessageSvc.PbGetMsg appSeq:312 failCode:1002 cos t =0 needBoot=false to.len = 58 from.len = 0
04-04 04:39:54.275 D/MSF.D.Proxy( 3311): onReceiveResp, fromServiceMsg = MessageSvc.PbGetMsg, ssoSeq = 17280, length = 0
04-04 04:39:54.316 E/audio_route( 6576): unknown enum value string UNPACKED for ctl WSA_CDC_DMA_RX_0 Format
04-04 04:39:54.316 E/audio_route( 6576): Control 'WSA_CDC_DMA_TX_0 Format' doesn't exist - skipping
04-04 04:39:54.316 E/audio_route( 6576): Control 'RX_CDC_DMA_RX_0 Format' doesn't exist - skipping
04-04 04:39:54.316 E/audio_route( 6576): unknown enum value string UNPACKED for ctl TX_CDC_DMA_TX_3 Format
04-04 04:39:54.316 E/audio_route( 6576): Control 'WSA_CDC_DMA_RX_0 Port Mixer SLIM_7_TX' doesn't exist - skipping
04-04 04:39:54.316 E/audio_route( 6576): Control 'RX_CDC_DMA_RX_0 Port Mixer SLIM_7_TX' doesn't exist - skipping
04-04 04:39:54.317 E/audio_route( 6576): Control 'SpkrLeft COMP Switch' doesn't exist - skipping
04-04 04:39:54.317 E/audio_route( 6576): Control 'SpkrRight COMP Switch' doesn't exist - skipping
04-04 04:39:54.317 E/audio_route( 6576): Control 'SpkrLeft BOOST Switch' doesn't exist - skipping
04-04 04:39:54.317 E/audio_route( 6576): Control 'SpkrRight BOOST Switch' doesn't exist - skipping
04-04 04:39:54.317 E/audio_route( 6576): Control 'SpkrLeft VISENSE Switch' doesn't exist - skipping
04-04 04:39:54.317 E/audio_route( 6576): Control 'SpkrRight VISENSE Switch' doesn't exist - skipping
04-04 04:39:54.317 E/audio_route( 6576): Control 'SpkrLeft SWR DAC_Port Switch' doesn't exist - skipping
04-04 04:39:54.317 E/audio_route( 6576): Control 'SpkrRight SWR DAC_Port Switch' doesn't exist - skipping
04-04 04:39:54.317 E/audio_route( 6576): Control 'HPHL_COMP Switch' doesn't exist - skipping
04-04 04:39:54.317 E/audio_route( 6576): Control 'HPHR_COMP Switch' doesn't exist - skipping
04-04 04:39:54.317 E/audio_route( 6576): Control 'EAR_RDAC Switch' doesn't exist - skipping
04-04 04:39:54.317 E/audio_route( 6576): Control 'HPHL_RDAC Switch' doesn't exist - skipping
04-04 04:39:54.317 E/audio_route( 6576): Control 'HPHR_RDAC Switch' doesn't exist - skipping
04-04 04:39:54.317 E/audio_route( 6576): Control 'AUX_RDAC Switch' doesn't exist - skipping
04-04 04:39:54.317 E/audio_route( 6576): Control 'RDAC3_MUX' doesn't exist - skipping
04-04 04:39:54.317 E/audio_route( 6576): Control 'ADC2_MIXER Switch' doesn't exist - skipping
04-04 04:39:54.318 E/audio_route( 6576): Control 'HPHL Volume' doesn't exist - skipping
04-04 04:39:54.318 E/audio_route( 6576): Control 'HPHR Volume' doesn't exist - skipping
04-04 04:39:54.318 E/audio_route( 6576): Control 'ADC1 Volume' doesn't exist - skipping
04-04 04:39:54.318 E/audio_route( 6576): Control 'ADC2 Volume' doesn't exist - skipping
04-04 04:39:54.318 E/audio_route( 6576): Control 'ADC3 Volume' doesn't exist - skipping
04-04 04:39:54.318 E/audio_route( 6576): Control 'COMP7 Switch' doesn't exist - skipping
04-04 04:39:54.318 E/audio_route( 6576): Control 'COMP8 Switch' doesn't exist - skipping
04-04 04:39:54.318 E/audio_route( 6576): Control 'RX HPH Mode' doesn't exist - skipping
04-04 04:39:54.318 E/audio_route( 6576): Control 'MultiMedia16 Mixer SLIM_7_TX' doesn't exist - skipping
04-04 04:39:54.318 E/audio_route( 6576): Control 'MultiMedia16 Mixer TERT_MI2S_TX' doesn't exist - skipping
04-04 04:39:54.318 E/audio_route( 6576): unknown enum value string PRI_TDM_TX_1 for ctl AUDIO_REF_EC_UL8 MUX
04-04 04:39:54.318 E/audio_route( 6576): unknown enum value string PRI_TDM_TX_1 for ctl AUDIO_REF_EC_UL8 MUX
04-04 04:39:54.318 E/audio_route( 6576): unknown enum value string PRI_TDM_TX_1 for ctl AUDIO_REF_EC_UL8 MUX
04-04 04:39:54.318 E/audio_route( 6576): unknown enum value string PRI_TDM_TX_1 for ctl AUDIO_REF_EC_UL10 MUX
04-04 04:39:54.318 E/audio_route( 6576): unknown enum value string PRI_TDM_TX_1 for ctl AUDIO_REF_EC_UL10 MUX
04-04 04:39:54.319 E/audio_route( 6576): Control 'MultiMedia5_RX QOS Vote' doesn't exist - skipping
04-04 04:39:54.320 E/audio_route( 6576): Control 'MultiMedia8 Mixer TERT_MI2S_TX' doesn't exist - skipping
04-04 04:39:54.321 E/audio_route( 6576): Control 'DISPLAY_PORT1_RX_Voice Mixer VoiceMMode1' doesn't exist - skipping
04-04 04:39:54.321 E/audio_route( 6576): Control 'DISPLAY_PORT1_RX_Voice Mixer VoiceMMode1' doesn't exist - skipping
04-04 04:39:54.321 E/audio_route( 6576): Control 'DISPLAY_PORT1_RX_Voice Mixer VoiceMMode2' doesn't exist - skipping
04-04 04:39:54.321 E/audio_route( 6576): Control 'DISPLAY_PORT1_RX_Voice Mixer VoiceMMode2' doesn't exist - skipping
04-04 04:39:54.322 E/audio_route( 6576): Control 'ADC2_MIXER Switch' doesn't exist - skipping
04-04 04:39:54.322 E/audio_route( 6576): Control 'ADC2 MUX' doesn't exist - skipping
04-04 04:39:54.322 E/audio_route( 6576): Control 'SpkrLeft COMP Switch' doesn't exist - skipping
04-04 04:39:54.322 E/audio_route( 6576): Control 'SpkrLeft BOOST Switch' doesn't exist - skipping
04-04 04:39:54.322 E/audio_route( 6576): Control 'SpkrLeft VISENSE Switch' doesn't exist - skipping
04-04 04:39:54.322 E/audio_route( 6576): Control 'SpkrLeft SWR DAC_Port Switch' doesn't exist - skipping
04-04 04:39:54.322 E/audio_route( 6576): Control 'SpkrRight COMP Switch' doesn't exist - skipping
04-04 04:39:54.323 E/audio_route( 6576): Control 'SpkrRight BOOST Switch' doesn't exist - skipping
04-04 04:39:54.323 E/audio_route( 6576): Control 'SpkrRight VISENSE Switch' doesn't exist - skipping
04-04 04:39:54.323 E/audio_route( 6576): Control 'SpkrRight SWR DAC_Port Switch' doesn't exist - skipping
04-04 04:39:54.323 E/audio_route( 6576): Control 'SpkrLeft COMP Switch' doesn't exist - skipping
04-04 04:39:54.323 E/audio_route( 6576): Control 'SpkrLeft BOOST Switch' doesn't exist - skipping
04-04 04:39:54.323 E/audio_route( 6576): Control 'SpkrLeft VISENSE Switch' doesn't exist - skipping
04-04 04:39:54.323 E/audio_route( 6576): Control 'SpkrLeft SWR DAC_Port Switch' doesn't exist - skipping
04-04 04:39:54.323 E/audio_route( 6576): Control 'HPHL_COMP Switch' doesn't exist - skipping
04-04 04:39:54.323 E/audio_route( 6576): Control 'HPHR_COMP Switch' doesn't exist - skipping
04-04 04:39:54.323 E/audio_route( 6576): Control 'HPHL_RDAC Switch' doesn't exist - skipping
04-04 04:39:54.323 E/audio_route( 6576): Control 'HPHR_RDAC Switch' doesn't exist - skipping
04-04 04:39:54.324 E/audio_route( 6576): unknown enum value string DEC7 for ctl IIR0 INP0 MUX
04-04 04:39:54.324 E/audio_route( 6576): Control 'HPHL_COMP Switch' doesn't exist - skipping
04-04 04:39:54.324 E/audio_route( 6576): Control 'HPHL_RDAC Switch' doesn't exist - skipping
04-04 04:39:54.324 E/audio_route( 6576): Control 'ADC2 Volume' doesn't exist - skipping
04-04 04:39:54.324 E/audio_route( 6576): Control 'ADC2_MIXER Switch' doesn't exist - skipping
04-04 04:39:54.324 E/audio_route( 6576): Control 'ADC2 MUX' doesn't exist - skipping
04-04 04:39:54.325 E/audio_route( 6576): Control 'MultiMedia16 Mixer SLIM_7_TX' doesn't exist - skipping
04-04 04:39:54.325 E/audio_route( 6576): Control 'MultiMedia16 Mixer TERT_MI2S_TX' doesn't exist - skipping
04-04 04:39:54.325 E/audio_route( 6576): Path name 'incall_music_uplink afe-proxy' already exists
04-04 04:39:54.325 E/audio_route( 6576): path created failed, please check the path if existed
04-04 04:39:54.325 E/audio_route( 6576): Path name 'incall_music_uplink2 afe-proxy' already exists
04-04 04:39:54.325 E/audio_route( 6576): path created failed, please check the path if existed
04-04 04:39:54.392 E/tlogd ( 1298): [TzLogger](isPathReadable) file /sys/kernel/debug/tzdbg/qsee_log isn't exist or no permission, err: No such file or directory
04-04 04:39:54.393 E/tlogd ( 1298): [TzLogger](saveTzlogAsync) /sys/kernel/debug/tzdbg/qsee_log can not read.
04-04 04:39:54.393 E/tlogd ( 1298): [TzLogger](isPathReadable) file /sys/kernel/debug/tzdbg/log isn't exist or no permission, err: No such file or directory
04-04 04:39:54.393 E/tlogd ( 1298): [TzLogger](saveTzlogAsync) /sys/kernel/debug/tzdbg/log can not read.
04-04 04:39:54.446 E/msm8974_platform( 6576): platform_init: soundcard: kona-mtp-snd-card supports only default sample rate
04-04 04:39:54.447 I/audio_hw_extn( 6576): audio_extn_set_snd_card_split: snd_card_name(kona-mtp-snd-card) device(kona) snd_card(mtp) form_factor(snd)
04-04 04:39:54.449 E/platform_info( 6576): param tag only supported with CONFIG_PARAMS section
04-04 04:39:54.449 E/platform_info( 6576): param tag only supported with CONFIG_PARAMS section
04-04 04:39:54.449 E/platform_info( 6576): param tag only supported with CONFIG_PARAMS section
04-04 04:39:54.449 E/platform_info( 6576): param tag only supported with CONFIG_PARAMS section
04-04 04:39:54.449 E/platform_info( 6576): param tag only supported with CONFIG_PARAMS section
04-04 04:39:54.449 E/platform_info( 6576): param tag only supported with CONFIG_PARAMS section
04-04 04:39:54.449 E/platform_info( 6576): param tag only supported with CONFIG_PARAMS section
04-04 04:39:54.449 E/platform_info( 6576): param tag only supported with CONFIG_PARAMS section
04-04 04:39:54.455 D/ACDB-LOADER( 6576): ACDB -> already initialized, exit
04-04 04:39:54.455 D/audio_hw_acdb( 6576): acdb_init_v2: ACDB Instance ID support after ACDB init:1
04-04 04:39:54.456 D/audio_hw_acdb( 6576): check_and_set_instance_id_support: Final Instance ID support:1
04-04 04:39:54.458 D/msm8974_platform( 6576): ACDB initialized
04-04 04:39:54.458 D/msm8974_platform( 6576): hw_util_open Opening device /dev/snd/hwC0D1000
04-04 04:39:54.458 E/msm8974_platform( 6576): hw_util_open: cannot open device '/dev/snd/hwC0D1000'
04-04 04:39:54.458 E/msm8974_platform( 6576): audio_hwdep_send_cal error open
04-04 04:39:54.458 E/keep_alive( 6576): keep alive disabled
04-04 04:39:54.458 D/audio_log_utils( 6576): read_module
04-04 04:39:54.458 D/audio_log_utils( 6576): read_module: calling parse module xml file
04-04 04:39:54.458 D/audio_log_utils( 6576): parse_module_xml_file: parse hal log mask
04-04 04:39:54.458 D/log_xml_parser( 6576): parse_log_xml: Failed to open file /data/vendor/audio/audio_dynamic_log.xml
04-04 04:39:54.458 E/audio_log_utils( 6576): parse_module_xml_file: could not parse hal logmask
04-04 04:39:54.458 D/audio_log_utils( 6576): parse_module_xml_file: exit
04-04 04:39:54.458 D/audio_log_utils( 6576): monitor_mod_file_change
04-04 04:39:54.459 W/msm8974_platform( 6576): init_be_dai_name_table: sound device has no hw interface set
04-04 04:39:54.459 W/msm8974_platform( 6576): init_be_dai_name_table: sound device headphones-and-haptics has no hw interface set
04-04 04:39:54.459 W/msm8974_platform( 6576): init_be_dai_name_table: sound device speaker-and-haptics has no hw interface set
04-04 04:39:54.459 W/msm8974_platform( 6576): init_be_dai_name_table: sound device (null) has no hw interface set
04-04 04:39:54.459 D/msm8974_platform( 6576): init_be_dai_name_table: sound device speaker-and-headphones does not have a valid hw interface set (disregard for combo devices) WSA_CDC_DMA_RX_0-and-RX_CDC_DMA_RX_0
04-04 04:39:54.459 D/msm8974_platform( 6576): init_be_dai_name_table: sound device speaker-and-headphones-hifi-filter does not have a valid hw interface set (disregard for combo devices) WSA_CDC_DMA_RX_0-and-RX_CDC_DMA_RX_0
04-04 04:39:54.459 D/msm8974_platform( 6576): init_be_dai_name_table: sound device speaker-safe-and-headphones does not have a valid hw interface set (disregard for combo devices) SLIMBUS_0_RX-and-SLIMBUS_6_RX
04-04 04:39:54.459 W/msm8974_platform( 6576): init_be_dai_name_table: sound device speaker-headphones-and-haptics has no hw interface set
04-04 04:39:54.459 W/msm8974_platform( 6576): init_be_dai_name_table: sound device (null) has no hw interface set
04-04 04:39:54.459 D/msm8974_platform( 6576): init_be_dai_name_table: sound device speaker-and-line does not have a valid hw interface set (disregard for combo devices) WSA_CDC_DMA_RX_0-and-RX_CDC_DMA_RX_0
04-04 04:39:54.459 D/msm8974_platform( 6576): init_be_dai_name_table: sound device speaker-safe-and-line does not have a valid hw interface set (disregard for combo devices) SLIMBUS_0_RX-and-SLIMBUS_6_RX
04-04 04:39:54.459 D/msm8974_platform( 6576): init_be_dai_name_table: sound device speaker-and-headphones-ext-1 does not have a valid hw interface set (disregard for combo devices) WSA_CDC_DMA_RX_0-and-RX_CDC_DMA_RX_0
04-04 04:39:54.459 D/msm8974_platform( 6576): init_be_dai_name_table: sound device speaker-and-headphones-ext-2 does not have a valid hw interface set (disregard for combo devices) WSA_CDC_DMA_RX_0-and-RX_CDC_DMA_RX_0
04-04 04:39:54.459 D/msm8974_platform( 6576): init_be_dai_name_table: sound device speaker-and-hdmi does not have a valid hw interface set (disregard for combo devices) WSA_CDC_DMA_RX_0-and-HDMI
04-04 04:39:54.460 D/msm8974_platform( 6576): init_be_dai_name_table: sound device speaker-and-display-port does not have a valid hw interface set (disregard for combo devices) WSA_CDC_DMA_RX_0-and-DISPLAY_PORT
04-04 04:39:54.460 D/msm8974_platform( 6576): init_be_dai_name_table: sound device speaker-and-display-port1 does not have a valid hw interface set (disregard for combo devices) SLIMBUS_0_RX-and-DISPLAY_PORT1
04-04 04:39:54.460 W/msm8974_platform( 6576): init_be_dai_name_table: sound device (null) has no hw interface set
04-04 04:39:54.460 W/msm8974_platform( 6576): init_be_dai_name_table: sound device (null) has no hw interface set
04-04 04:39:54.460 D/msm8974_platform( 6576): init_be_dai_name_table: sound device speaker-and-bt-a2dp does not have a valid hw interface set (disregard for combo devices) WSA_CDC_DMA_RX_0-and-SLIMBUS_7_RX
04-04 04:39:54.460 D/msm8974_platform( 6576): init_be_dai_name_table: sound device speaker-safe-and-bt-a2dp does not have a valid hw interface set (disregard for combo devices) SLIMBUS_0_RX-and-SLIMBUS_7_RX
04-04 04:39:54.460 W/msm8974_platform( 6576): init_be_dai_name_table: sound device speaker-bt-a2dp-and-haptics has no hw interface set
04-04 04:39:54.460 W/msm8974_platform( 6576): init_be_dai_name_table: sound device speaker-safe-bt-a2dp-and-haptics has no hw interface set
04-04 04:39:54.460 D/msm8974_platform( 6576): init_be_dai_name_table: sound device speaker-and-bt-sco does not have a valid hw interface set (disregard for combo devices) WSA_CDC_DMA_RX_0-and-SLIMBUS_7_RX
04-04 04:39:54.460 D/msm8974_platform( 6576): init_be_dai_name_table: sound device speaker-safe-and-bt-sco does not have a valid hw interface set (disregard for combo devices) QUAT_TDM_RX_0-and-SLIMBUS_7_RX
04-04 04:39:54.460 D/msm8974_platform( 6576): init_be_dai_name_table: sound device speaker-and-bt-sco-wb does not have a valid hw interface set (disregard for combo devices) WSA_CDC_DMA_RX_0-and-SLIMBUS_7_RX
04-04 04:39:54.460 D/msm8974_platform( 6576): init_be_dai_name_table: sound device speaker-safe-and-bt-sco-wb does not have a valid hw interface set (disregard for combo devices) QUAT_TDM_RX_0-and-SLIMBUS_7_RX
04-04 04:39:54.460 D/msm8974_platform( 6576): init_be_dai_name_table: sound device speaker-and-bt-sco-swb does not have a valid hw interface set (disregard for combo devices) WSA_CDC_DMA_RX_0-and-SLIMBUS_7_RX
04-04 04:39:54.460 D/msm8974_platform( 6576): init_be_dai_name_table: sound device speaker-safe-and-bt-sco-swb does not have a valid hw interface set (disregard for combo devices) QUAT_TDM_RX_0-and-SLIMBUS_7_RX
04-04 04:39:54.460 W/msm8974_platform( 6576): init_be_dai_name_table: sound device speaker-bt-sco-and-haptics has no hw interface set
04-04 04:39:54.460 W/msm8974_platform( 6576): init_be_dai_name_table: sound device speaker-safe-bt-sco-and-haptics has no hw interface set
04-04 04:39:54.460 W/msm8974_platform( 6576): init_be_dai_name_table: sound device speaker-bt-sco-wb-and-haptics has no hw interface set
04-04 04:39:54.460 W/msm8974_platform( 6576): init_be_dai_name_table: sound device speaker-safe-bt-sco-wb-and-haptics has no hw interface set
04-04 04:39:54.460 W/msm8974_platform( 6576): init_be_dai_name_table: sound device speaker-bt-sco-swb-and-haptics has no hw interface set
04-04 04:39:54.460 W/msm8974_platform( 6576): init_be_dai_name_table: sound device speaker-safe-bt-sco-swb-and-haptics has no hw interface set
04-04 04:39:54.460 W/msm8974_platform( 6576): init_be_dai_name_table: sound device wsa-speaker-and-bt-sco has no hw interface set
04-04 04:39:54.460 W/msm8974_platform( 6576): init_be_dai_name_table: sound device wsa-speaker-and-bt-sco-wb has no hw interface set
04-04 04:39:54.460 W/msm8974_platform( 6576): init_be_dai_name_table: sound device wsa-speaker-and-bt-sco-wb has no hw interface set
04-04 04:39:54.460 W/msm8974_platform( 6576): init_be_dai_name_table: sound device (null) has no hw interface set
04-04 04:39:54.460 D/msm8974_platform( 6576): init_be_dai_name_table: sound device speaker-and-usb-headphones does not have a valid hw interface set (disregard for combo devices) SLIMBUS_0_RX-and-USB_AUDIO_RX
04-04 04:39:54.460 D/msm8974_platform( 6576): init_be_dai_name_table: sound device speaker-safe-and-usb-headphones does not have a valid hw interface set (disregard for combo devices) SLIMBUS_0_RX-and-USB_AUDIO_RX
04-04 04:39:54.460 W/msm8974_platform( 6576): init_be_dai_name_table: sound device speaker-usb-headphones-and-haptics has no hw interface set
04-04 04:39:54.460 W/msm8974_platform( 6576): init_be_dai_name_table: sound device speaker-safe-usb-headphones-and-haptics has no hw interface set
04-04 04:39:54.460 D/msm8974_platform( 6576): init_be_dai_name_table: sound device speaker-and-anc-headphones does not have a valid hw interface set (disregard for combo devices) WSA_CDC_DMA_RX_0-and-RX_CDC_DMA_RX_0
04-04 04:39:54.460 D/msm8974_platform( 6576): init_be_dai_name_table: sound device speaker-and-anc-fb-headphones does not have a valid hw interface set (disregard for combo devices) SLIMBUS_0_RX-and-SLIMBUS_6_RX
04-04 04:39:54.460 W/msm8974_platform( 6576): init_be_dai_name_table: sound device speaker-protected has no hw interface set
04-04 04:39:54.460 W/msm8974_platform( 6576): init_be_dai_name_table: sound device speaker-protected-vbat has no hw interface set
04-04 04:39:54.460 D/msm8974_platform( 6576): init_be_dai_name_table: sound device voice-speaker-and-voice-headphones does not have a valid hw interface set (disregard for combo devices) SLIMBUS_0_RX-and-SLIMBUS_6_RX
04-04 04:39:54.460 D/msm8974_platform( 6576): init_be_dai_name_table: sound device voice-speaker-and-voice-anc-headphones does not have a valid hw interface set (disregard for combo devices) SLIMBUS_0_RX-and-SLIMBUS_6_RX
04-04 04:39:54.460 D/msm8974_platform( 6576): init_be_dai_name_table: sound device voice-speaker-and-voice-anc-fb-headphones does not have a valid hw interface set (disregard for combo devices) SLIMBUS_0_RX-and-SLIMBUS_6_RX
04-04 04:39:54.460 D/msm8974_platform( 6576): init_be_dai_name_table: sound device voice-speaker-stereo-and-voice-headphones does not have a valid hw interface set (disregard for combo devices) SLIMBUS_0_RX-and-SLIMBUS_6_RX
04-04 04:39:54.460 D/msm8974_platform( 6576): init_be_dai_name_table: sound device voice-speaker-stereo-and-voice-anc-headphones does not have a valid hw interface set (disregard for combo devices) SLIMBUS_0_RX-and-SLIMBUS_6_RX
04-04 04:39:54.460 D/msm8974_platform( 6576): init_be_dai_name_table: sound device voice-speaker-stereo-and-voice-anc-fb-headphones does not have a valid hw interface set (disregard for combo devices) SLIMBUS_0_RX-and-SLIMBUS_6_RX
04-04 04:39:54.460 D/msm8974_platform( 6576): init_be_dai_name_table: sound device hearing-aid does not have a valid hw interface set (disregard for combo devices) BT_RX
04-04 04:39:54.460 D/msm8974_platform( 6576): init_be_dai_name_table: sound device call-proxy does not have a valid hw interface set (disregard for combo devices) CALL_PROXY_RX
04-04 04:39:54.460 W/msm8974_platform( 6576): init_be_dai_name_table: sound device usb-headset-mic has no hw interface set
04-04 04:39:54.461 W/msm8974_platform( 6576): init_be_dai_name_table: sound device usb-headset-mic has no hw interface set
04-04 04:39:54.461 W/msm8974_platform( 6576): init_be_dai_name_table: sound device usb-headset-mic has no hw interface set
04-04 04:39:54.462 W/msm8974_platform( 6576): init_be_dai_name_table: sound device handset-6mic has no hw interface set
04-04 04:39:54.462 W/msm8974_platform( 6576): init_be_dai_name_table: sound device handset-8mic has no hw interface set
04-04 04:39:54.462 W/msm8974_platform( 6576): init_be_dai_name_table: sound device (null) has no hw interface set
04-04 04:39:54.462 W/msm8974_platform( 6576): init_be_dai_name_table: sound device (null) has no hw interface set
04-04 04:39:54.462 W/msm8974_platform( 6576): init_be_dai_name_table: sound device incall-rec-rx-tx has no hw interface set
04-04 04:39:54.462 W/msm8974_platform( 6576): init_be_dai_name_table: sound device ec-ref-loopback has no hw interface set
04-04 04:39:54.462 W/msm8974_platform( 6576): init_be_dai_name_table: sound device handset-dmic-and-ec-ref-loopback has no hw interface set
04-04 04:39:54.462 W/msm8974_platform( 6576): init_be_dai_name_table: sound device handset-qmic-and-ec-ref-loopback has no hw interface set
04-04 04:39:54.462 W/msm8974_platform( 6576): init_be_dai_name_table: sound device handset-6mic-and-ec-ref-loopback has no hw interface set
04-04 04:39:54.462 W/msm8974_platform( 6576): init_be_dai_name_table: sound device handset-8mic-and-ec-ref-loopback has no hw interface set
04-04 04:39:54.462 D/msm8974_platform( 6576): init_be_dai_name_table: sound device call-proxy-in does not have a valid hw interface set (disregard for combo devices) CALL_PROXY_TX
04-04 04:39:54.462 D/audio_hw_extn( 6576): audio_extn_can_use_ras: ras.enabled property is set to 0
04-04 04:39:54.462 D/msm8974_platform( 6576): platform_init: Fluence_Type(0) max_mic_count(4) mic_type(0xf) fluence_in_voice_call(0) fluence_in_voice_rec(0) fluence_in_spkr_mode(0) fluence_in_hfp_call(0) fluence_sb_enabled(0)fluence_nn_enabled(0)
04-04 04:39:54.462 D/a2dp_offload( 6576): a2dp_source_init START
04-04 04:39:54.462 D/a2dp_offload( 6576): Requesting for BT lib handle
04-04 04:39:54.472 D/a2dp_offload( 6576): calling BT module preinit
04-04 04:39:54.472 D/btaudio_offload( 6576): bt_audio_pre_init: calling 2.0 preinit
04-04 04:39:54.472 E/btaudio_offload_qti( 6576): is_value_adds_supported: openning the lib libqti_vndfwk_detect.so
04-04 04:39:54.473 D/btaudio_offload_qti( 6576): is_value_adds_supported: vendor_info = 3
04-04 04:39:54.473 D/btaudio_offload_qti( 6576): is_value_adds_supported: Build is running with QC Value-adds for odm
04-04 04:39:54.474 I/BTAudioProviderA2dpSoftware( 6576): A2dpSoftwareAudioProvider - size of audio buffer 21504 byte(s)
04-04 04:39:54.474 I/BTAudioProviderHearingAid( 6576): HearingAidAudioProvider - size of audio buffer 3584 byte(s)
04-04 04:39:54.475 I/HidlServiceManagement( 6576): Registered vendor.qti.hardware.bluetooth_audio@2.0::IBluetoothAudioProvidersFactory/default (start delay of 1200ms)
04-04 04:39:54.475 I/LegacySupport( 6576): Registration complete for vendor.qti.hardware.bluetooth_audio@2.0::IBluetoothAudioProvidersFactory/default.
04-04 04:39:54.475 I/btaudio_offload_qti( 6576): bt_audio_pre_init_qti: IBluetoothAudioProvidersFactory registration succeded
04-04 04:39:54.475 D/btaudio_offload( 6576): bt_audio_pre_init: calling 2.1 preinit
04-04 04:39:54.475 E/btaudio_offload_qti_2_1( 6576): is_value_adds_supported: openning the lib libqti_vndfwk_detect.so
