04-04 04:39:58.414 D/msm8974_platform( 6681): platform_set_snd_device_backend: hw_interface_table[222] = TX_CDC_DMA_TX_3
04-04 04:39:58.414 D/msm8974_platform( 6681): platform_set_snd_device_backend: backend_tag_table[speaker-dmic-broadside]: old = null new = (null)
04-04 04:39:58.414 D/msm8974_platform( 6681): platform_set_snd_device_backend: hw_interface_table[223] = TX_CDC_DMA_TX_3
04-04 04:39:58.414 D/msm8974_platform( 6681): platform_set_snd_device_backend: backend_tag_table[speaker-dmic-broadside]: old = null new = (null)
04-04 04:39:58.414 D/msm8974_platform( 6681): platform_set_snd_device_backend: hw_interface_table[224] = TX_CDC_DMA_TX_3
04-04 04:39:58.414 D/msm8974_platform( 6681): platform_set_snd_device_backend: backend_tag_table[aanc-handset-mic]: old = null new = (null)
04-04 04:39:58.414 D/msm8974_platform( 6681): platform_set_snd_device_backend: hw_interface_table[225] = TX_CDC_DMA_TX_3
04-04 04:39:58.414 D/msm8974_platform( 6681): platform_set_snd_device_backend: backend_tag_table[quad-mic]: old = null new = (null)
04-04 04:39:58.414 D/msm8974_platform( 6681): platform_set_snd_device_backend: hw_interface_table[226] = TX_CDC_DMA_TX_3
04-04 04:39:58.415 D/msm8974_platform( 6681): platform_set_snd_device_backend: backend_tag_table[quad-mic]: old = null new = (null)
04-04 04:39:58.415 D/msm8974_platform( 6681): platform_set_snd_device_backend: hw_interface_table[228] = TX_CDC_DMA_TX_3
04-04 04:39:58.415 D/msm8974_platform( 6681): platform_set_snd_device_backend: backend_tag_table[quad-mic]: old = null new = (null)
04-04 04:39:58.415 D/msm8974_platform( 6681): platform_set_snd_device_backend: hw_interface_table[229] = TX_CDC_DMA_TX_3
04-04 04:39:58.415 D/msm8974_platform( 6681): platform_set_snd_device_backend: backend_tag_table[quad-mic]: old = null new = (null)
04-04 04:39:58.415 D/msm8974_platform( 6681): platform_set_snd_device_backend: hw_interface_table[230] = TX_CDC_DMA_TX_3
04-04 04:39:58.415 D/msm8974_platform( 6681): platform_set_snd_device_backend: backend_tag_table[three-mic]: old = null new = (null)
04-04 04:39:58.415 D/msm8974_platform( 6681): platform_set_snd_device_backend: hw_interface_table[232] = TX_CDC_DMA_TX_3
04-04 04:39:58.415 D/msm8974_platform( 6681): platform_set_snd_device_backend: backend_tag_table[hearing-aid-mic]: old = null new = (null)
04-04 04:39:58.415 D/msm8974_platform( 6681): platform_set_snd_device_backend: hw_interface_table[261] = TX_CDC_DMA_TX_3
04-04 04:39:58.415 D/msm8974_platform( 6681): platform_set_snd_device_backend: backend_tag_table[three-mic]: old = null new = (null)
04-04 04:39:58.415 D/msm8974_platform( 6681): platform_set_snd_device_backend: hw_interface_table[233] = TX_CDC_DMA_TX_3
04-04 04:39:58.415 D/msm8974_platform( 6681): platform_set_snd_device_backend: backend_tag_table[three-mic]: old = null new = (null)
04-04 04:39:58.415 D/msm8974_platform( 6681): platform_set_snd_device_backend: hw_interface_table[234] = TX_CDC_DMA_TX_3
04-04 04:39:58.415 D/msm8974_platform( 6681): platform_set_snd_device_backend: backend_tag_table[three-mic]: old = null new = (null)
04-04 04:39:58.415 D/msm8974_platform( 6681): platform_set_snd_device_backend: hw_interface_table[235] = TX_CDC_DMA_TX_3
04-04 04:39:58.415 D/msm8974_platform( 6681): platform_set_snd_device_backend: backend_tag_table[three-mic]: old = null new = (null)
04-04 04:39:58.415 D/msm8974_platform( 6681): platform_set_snd_device_backend: hw_interface_table[236] = TX_CDC_DMA_TX_3
04-04 04:39:58.415 D/msm8974_platform( 6681): platform_set_snd_device_backend: backend_tag_table[three-mic]: old = null new = (null)
04-04 04:39:58.415 D/msm8974_platform( 6681): platform_set_snd_device_backend: hw_interface_table[237] = TX_CDC_DMA_TX_3
04-04 04:39:58.415 D/msm8974_platform( 6681): platform_set_snd_device_backend: backend_tag_table[three-mic]: old = null new = (null)
04-04 04:39:58.415 D/msm8974_platform( 6681): platform_set_snd_device_backend: hw_interface_table[241] = TX_CDC_DMA_TX_3
04-04 04:39:58.415 D/msm8974_platform( 6681): platform_set_snd_device_backend: backend_tag_table[unprocessed-mic]: old = null new = (null)
04-04 04:39:58.415 D/msm8974_platform( 6681): platform_set_snd_device_backend: hw_interface_table[242] = TX_CDC_DMA_TX_3
04-04 04:39:58.415 D/msm8974_platform( 6681): platform_set_snd_device_backend: backend_tag_table[unprocessed-stereo-mic]: old = null new = (null)
04-04 04:39:58.415 D/msm8974_platform( 6681): platform_set_snd_device_backend: hw_interface_table[243] = TX_CDC_DMA_TX_3
04-04 04:39:58.415 D/msm8974_platform( 6681): platform_set_snd_device_backend: backend_tag_table[unprocessed-three-mic]: old = null new = (null)
04-04 04:39:58.415 D/msm8974_platform( 6681): platform_set_snd_device_backend: hw_interface_table[244] = TX_CDC_DMA_TX_3
04-04 04:39:58.415 D/msm8974_platform( 6681): platform_set_snd_device_backend: backend_tag_table[unprocessed-quad-mic]: old = null new = (null)
04-04 04:39:58.415 D/msm8974_platform( 6681): platform_set_snd_device_backend: hw_interface_table[245] = TX_CDC_DMA_TX_3
04-04 04:39:58.415 D/msm8974_platform( 6681): platform_set_snd_device_backend: backend_tag_table[unprocessed-headset-mic]: old = headset-mic new = (null)
04-04 04:39:58.415 D/msm8974_platform( 6681): platform_set_snd_device_backend: hw_interface_table[246] = TX_CDC_DMA_TX_3
04-04 04:39:58.415 E/msm8974_platform( 6681): find_index: Could not find index for name = SND_DEVICE_OUT_VOICE_SPEAKER_AND_VOICE_HEADPHONES
04-04 04:39:58.415 E/platform_info( 6681): process_backend_name: Device SND_DEVICE_OUT_VOICE_SPEAKER_AND_VOICE_HEADPHONES not found, no ACDB ID set!
04-04 04:39:58.416 E/msm8974_platform( 6681): find_index: Could not find index for name = SND_DEVICE_OUT_VOICE_SPEAKER_AND_VOICE_ANC_HEADSET
04-04 04:39:58.416 E/platform_info( 6681): process_backend_name: Device SND_DEVICE_OUT_VOICE_SPEAKER_AND_VOICE_ANC_HEADSET not found, no ACDB ID set!
04-04 04:39:58.416 D/msm8974_platform( 6681): platform_set_snd_device_backend: backend_tag_table[speaker-and-bt-sco]: old = null new = speaker-and-bt-sco
04-04 04:39:58.416 D/msm8974_platform( 6681): platform_set_snd_device_backend: hw_interface_table[51] = WSA_CDC_DMA_RX_0-and-SLIMBUS_7_RX
04-04 04:39:58.416 D/msm8974_platform( 6681): platform_set_snd_device_backend: backend_tag_table[speaker-and-bt-sco-wb]: old = null new = speaker-and-bt-sco-wb
04-04 04:39:58.416 D/msm8974_platform( 6681): platform_set_snd_device_backend: hw_interface_table[53] = WSA_CDC_DMA_RX_0-and-SLIMBUS_7_RX
04-04 04:39:58.416 D/msm8974_platform( 6681): platform_set_snd_device_backend: backend_tag_table[speaker-and-bt-sco-swb]: old = null new = speaker-and-bt-sco-swb
04-04 04:39:58.416 D/msm8974_platform( 6681): platform_set_snd_device_backend: hw_interface_table[55] = WSA_CDC_DMA_RX_0-and-SLIMBUS_7_RX
04-04 04:39:58.419 D/msm8974_platform( 6681): platform_init: Loading mixer file: /vendor/etc/mixer_paths.xml
04-04 04:39:58.491 I/auditd ( 0): type=1400 audit(0.0:552): avc: denied { kill } for comm="swapper/3" capability=5 scontext=u:r:kernel:s0 tcontext=u:r:kernel:s0 tclass=capability permissive=0
04-04 04:39:58.491 W/swapper/3( 0): type=1400 audit(0.0:552): avc: denied { kill } for capability=5 scontext=u:r:kernel:s0 tcontext=u:r:kernel:s0 tclass=capability permissive=0
04-04 04:39:58.510 I/ServiceManager( 1978): Waiting for service 'media.audio_flinger' on '/dev/binder' successful after waiting 2001ms
04-04 04:39:58.511 I/ServiceManager( 6682): Waiting for service 'media.audio_policy' on '/dev/binder'...
04-04 04:39:58.514 I/AS.AudioService( 1549): Audioserver started.
04-04 04:39:58.514 W/AudioIDCMicroNegotiator( 1549): idcm_warn: resetResorce
04-04 04:39:58.514 I/MicroServiceManager( 1549): addCommonCallbackListener add listener
04-04 04:39:58.514 I/MicroServiceManager( 1549): addConnectChangedListener add listener
04-04 04:39:58.516 I/android_os_HwBinder( 1549): HwBinder: Starting thread pool for getting: android.hidl.manager@1.0::IServiceManager/default
04-04 04:39:58.557 W/HidlServiceManagement( 1549): Waited one second for android.hardware.soundtrigger@2.0::ISoundTriggerHw/default
04-04 04:39:58.557 I/hwservicemanager( 504): Since android.hardware.soundtrigger@2.0::ISoundTriggerHw/default is not registered, trying to start it as a lazy HAL.
04-04 04:39:58.558 I/HidlServiceManagement( 1549): getService: Trying again for android.hardware.soundtrigger@2.0::ISoundTriggerHw/default...
04-04 04:39:58.559 W/libc ( 504): Unable to set property "ctl.interface_start" to "android.hardware.soundtrigger@2.0::ISoundTriggerHw/default": error code: 0x20
04-04 04:39:58.559 I/hwservicemanager( 504): Tried to start android.hardware.soundtrigger@2.0::ISoundTriggerHw/default as a lazy service, but was unable to. Usually this happens when a service is not installed, but if the service is intended to be used as a lazy service, then it may be configured incorrectly.
11-11 00:11:29.523 E/init ( 0): Control message: Could not find 'android.hardware.soundtrigger@2.0::ISoundTriggerHw/default' for ctl.interface_start from pid: 504 (/system/bin/hwservicemanager)
04-04 04:39:58.743 I/mpu_uart( 645): [MSG-P:RECV]:No message received in 1000 ms
04-04 04:39:58.931 I/mpu_uart( 645): [MSG-P:R]:recv sync frame timeout
11-11 00:11:30.067 E/ ( 0): msm_qti_pp_get_rms_value_control, back not active to query rms be_idx:3
11-11 00:11:30.076 I/core_get_license_status( 0): cmdrsp_license_result.result = 0x15 for module 0x131ff
11-11 00:11:30.077 E/msm_ext_disp_update_audio_ops( 0): Display not found (EXT_DISPLAY_TYPE_DP) ctld (0) stream (0)
11-11 00:11:30.077 E/msm_ext_disp_update_audio_ops( 0): Display not found (EXT_DISPLAY_TYPE_HDMI) ctld (0) stream (0)
11-11 00:11:30.077 E/msm_ext_disp_update_audio_ops( 0): Display not found (EXT_DISPLAY_TYPE_DP) ctld (0) stream (0)
11-11 00:11:30.077 E/msm_ext_disp_update_audio_ops( 0): Display not found (EXT_DISPLAY_TYPE_DP) ctld (0) stream (0)
11-11 00:11:30.077 E/msm_ext_disp_update_audio_ops( 0): Display not found (EXT_DISPLAY_TYPE_DP) ctld (0) stream (0)
11-11 00:11:30.077 E/msm-ext-disp-audio-codec-rx soc( 0): qcom,msm-ext-disp:qcom,msm-ext-disp-audio-codec-rx: msm_ext_disp_audio_type_get: get_audio_edid_blk() or get_intf_id is NULL
11-11 00:11:30.077 E/msm_ext_disp_update_audio_ops( 0): Display not found (EXT_DISPLAY_TYPE_DP) ctld (0) stream (0)
11-11 00:11:30.077 E/msm-ext-disp-audio-codec-rx soc( 0): qcom,msm-ext-disp:qcom,msm-ext-disp-audio-codec-rx: msm_ext_disp_audio_type_get: get_audio_edid_blk() or get_intf_id is NULL
11-11 00:11:30.078 E/msm_ext_disp_update_audio_ops( 0): Display not found (EXT_DISPLAY_TYPE_DP) ctld (0) stream (0)
11-11 00:11:30.078 E/msm-ext-disp-audio-codec-rx soc( 0): qcom,msm-ext-disp:qcom,msm-ext-disp-audio-codec-rx: msm_ext_disp_audio_type_get: get_audio_edid_blk() or get_intf_id is NULL
11-11 00:11:30.079 E/msm-ext-disp-audio-codec-rx soc( 0): qcom,msm-ext-disp:qcom,msm-ext-disp-audio-codec-rx: msm_ext_disp_audio_device_get: invalid dai id: 4
11-11 00:11:30.117 E/ ( 0): msm_pcm_volume_ctl_get substream not found
11-11 00:11:30.136 E/ ( 0): msm_qti_pp_get_rms_value_control, back not active to query rms be_idx:3
11-11 00:11:30.144 I/core_get_license_status( 0): cmdrsp_license_result.result = 0x15 for module 0x131ff
11-11 00:11:30.144 E/msm_ext_disp_update_audio_ops( 0): Display not found (EXT_DISPLAY_TYPE_DP) ctld (0) stream (0)
11-11 00:11:30.145 E/msm_ext_disp_update_audio_ops( 0): Display not found (EXT_DISPLAY_TYPE_HDMI) ctld (0) stream (0)
11-11 00:11:30.145 E/msm_ext_disp_update_audio_ops( 0): Display not found (EXT_DISPLAY_TYPE_DP) ctld (0) stream (0)
11-11 00:11:30.145 E/msm_ext_disp_update_audio_ops( 0): Display not found (EXT_DISPLAY_TYPE_DP) ctld (0) stream (0)
11-11 00:11:30.145 E/msm_ext_disp_update_audio_ops( 0): Display not found (EXT_DISPLAY_TYPE_DP) ctld (0) stream (0)
11-11 00:11:30.145 E/msm-ext-disp-audio-codec-rx soc( 0): qcom,msm-ext-disp:qcom,msm-ext-disp-audio-codec-rx: msm_ext_disp_audio_type_get: get_audio_edid_blk() or get_intf_id is NULL
11-11 00:11:30.145 E/msm_ext_disp_update_audio_ops( 0): Display not found (EXT_DISPLAY_TYPE_DP) ctld (0) stream (0)
11-11 00:11:30.145 E/msm-ext-disp-audio-codec-rx soc( 0): qcom,msm-ext-disp:qcom,msm-ext-disp-audio-codec-rx: msm_ext_disp_audio_type_get: get_audio_edid_blk() or get_intf_id is NULL
11-11 00:11:30.145 E/msm_ext_disp_update_audio_ops( 0): Display not found (EXT_DISPLAY_TYPE_DP) ctld (0) stream (0)
11-11 00:11:30.145 E/msm-ext-disp-audio-codec-rx soc( 0): qcom,msm-ext-disp:qcom,msm-ext-disp-audio-codec-rx: msm_ext_disp_audio_type_get: get_audio_edid_blk() or get_intf_id is NULL
11-11 00:11:30.146 E/msm-ext-disp-audio-codec-rx soc( 0): qcom,msm-ext-disp:qcom,msm-ext-disp-audio-codec-rx: msm_ext_disp_audio_device_get: invalid dai id: 4
11-11 00:11:30.184 E/ ( 0): msm_pcm_volume_ctl_get substream not found
04-04 04:39:59.291 E/audio_route( 6681): Control 'ADC2_MIXER Switch' doesn't exist - skipping
04-04 04:39:59.291 E/audio_route( 6681): Control 'ADC2 Volume' doesn't exist - skipping
04-04 04:39:59.291 E/audio_route( 6681): Control 'ADC2_BCS Disable' doesn't exist - skipping
04-04 04:39:59.292 E/audio_route( 6681): Control 'ADC2_BCS Disable' doesn't exist - skipping
04-04 04:39:59.292 E/audio_route( 6681): Control 'ADC2_BCS Disable' doesn't exist - skipping
04-04 04:39:59.292 E/audio_route( 6681): Control 'ADC2_BCS Disable' doesn't exist - skipping
04-04 04:39:59.292 E/audio_route( 6681): Control 'ADC2_BCS Disable' doesn't exist - skipping
04-04 04:39:59.292 E/audio_route( 6681): Control 'ADC2_BCS Disable' doesn't exist - skipping
04-04 04:39:59.292 E/audio_route( 6681): Control 'ADC2_BCS Disable' doesn't exist - skipping
04-04 04:39:59.292 E/audio_route( 6681): Control 'ADC2_BCS Disable' doesn't exist - skipping
04-04 04:39:59.292 E/audio_route( 6681): Control 'ADC2_BCS Disable' doesn't exist - skipping
04-04 04:39:59.292 E/audio_route( 6681): Control 'ADC2_BCS Disable' doesn't exist - skipping
04-04 04:39:59.292 E/audio_route( 6681): Control 'ADC2_BCS Disable' doesn't exist - skipping
04-04 04:39:59.292 E/audio_route( 6681): Control 'ADC2_BCS Disable' doesn't exist - skipping
04-04 04:39:59.292 E/audio_route( 6681): Control 'ADC2_BCS Disable' doesn't exist - skipping
04-04 04:39:59.292 E/audio_route( 6681): Control 'ADC2_BCS Disable' doesn't exist - skipping
04-04 04:39:59.292 E/audio_route( 6681): Control 'ADC2_BCS Disable' doesn't exist - skipping
04-04 04:39:59.292 E/audio_route( 6681): Control 'ADC2_BCS Disable' doesn't exist - skipping
04-04 04:39:59.292 E/audio_route( 6681): Control 'ADC2_BCS Disable' doesn't exist - skipping
04-04 04:39:59.293 E/audio_route( 6681): Control 'ADC2_MIXER Switch' doesn't exist - skipping
04-04 04:39:59.293 E/audio_route( 6681): Control 'ADC2 MUX' doesn't exist - skipping
04-04 04:39:59.294 I/audio_hw_extn( 6681): audio_extn_set_snd_card_split: snd_card_name(kona-mtp-snd-card) device(kona) snd_card(mtp) form_factor(snd)
04-04 04:39:59.294 E/platform_info( 6681): param tag only supported with CONFIG_PARAMS section
04-04 04:39:59.294 E/platform_info( 6681): param tag only supported with CONFIG_PARAMS section
04-04 04:39:59.294 E/platform_info( 6681): param tag only supported with CONFIG_PARAMS section
04-04 04:39:59.294 E/platform_info( 6681): param tag only supported with CONFIG_PARAMS section
04-04 04:39:59.294 E/platform_info( 6681): param tag only supported with CONFIG_PARAMS section
04-04 04:39:59.294 E/platform_info( 6681): param tag only supported with CONFIG_PARAMS section
04-04 04:39:59.294 E/platform_info( 6681): param tag only supported with CONFIG_PARAMS section
04-04 04:39:59.294 E/platform_info( 6681): param tag only supported with CONFIG_PARAMS section
04-04 04:39:59.295 D/ACDB-LOADER( 6681): ACDB: board_type = MTP
04-04 04:39:59.295 D/ACDB-LOADER( 6681): ACDB -> No .acdb files found in /vendor/etc/acdbdata!
04-04 04:39:59.295 D/ACDB-LOADER( 6681): ACDB -> found 0 form factor & soundcard independant files
04-04 04:39:59.295 D/ACDB-LOADER( 6681): ACDB -> Load file: /vendor/etc/acdbdata/MTP/MTP_Hdmi_cal.acdb
04-04 04:39:59.295 D/ACDB-LOADER( 6681): ACDB -> Load file: /vendor/etc/acdbdata/MTP/MTP_workspaceFile.qwsp
04-04 04:39:59.295 D/ACDB-LOADER( 6681): ACDB -> Load file: /vendor/etc/acdbdata/MTP/MTP_Bluetooth_cal.acdb
04-04 04:39:59.295 D/ACDB-LOADER( 6681): ACDB -> Load file: /vendor/etc/acdbdata/MTP/MTP_Global_cal.acdb
04-04 04:39:59.295 D/ACDB-LOADER( 6681): ACDB -> Load file: /vendor/etc/acdbdata/MTP/MTP_Handset_cal.acdb
04-04 04:39:59.295 D/ACDB-LOADER( 6681): ACDB -> Load file: /vendor/etc/acdbdata/MTP/MTP_Speaker_cal.acdb
04-04 04:39:59.295 D/ACDB-LOADER( 6681): ACDB -> Load file: /vendor/etc/acdbdata/MTP/MTP_Headset_cal.acdb
04-04 04:39:59.295 D/ACDB-LOADER( 6681): ACDB -> Load file: /vendor/etc/acdbdata/MTP/MTP_General_cal.acdb
04-04 04:39:59.295 D/ACDB-LOADER( 6681): ACDB -> ACDB_CMD_INITIALIZE_V2
04-04 04:39:59.295 D/android.hardware.audio.service( 6681): [ACDB Command]->SW Minor/Major/Revision version info for /vendor/etc/acdbdata/MTP/MTP_Hdmi_cal.acdb
04-04 04:39:59.295 D/android.hardware.audio.service( 6681): [ACDB Command]->ACDB Sw Major = 10, ACDB Sw Minor = 0, ACDB Sw Revision = 17, ACDB Sw Cpl Number = 0
04-04 04:39:59.295 D/android.hardware.audio.service( 6681): [ACDB Command]->ACDB File Major = 12, ACDB File Minor = 0, ACDB File Revision = 4, ACDB File Cpl Number = 0
04-04 04:39:59.295 D/android.hardware.audio.service( 6681): [ACDB Command]->SW Minor/Major/Revision version info for /vendor/etc/acdbdata/MTP/MTP_workspaceFile.qwsp
04-04 04:39:59.295 D/android.hardware.audio.service( 6681): [ACDB Command]->ACDB Sw Major = 10, ACDB Sw Minor = 0, ACDB Sw Revision = 17, ACDB Sw Cpl Number = 0
04-04 04:39:59.295 D/android.hardware.audio.service( 6681): [ACDB Command]->ACDB File Major = 0, ACDB File Minor = 0, ACDB File Revision = 0
04-04 04:39:59.295 D/android.hardware.audio.service( 6681): [ACDB Command]->SW Minor/Major/Revision version info for /vendor/etc/acdbdata/MTP/MTP_Bluetooth_cal.acdb
04-04 04:39:59.295 D/android.hardware.audio.service( 6681): [ACDB Command]->ACDB Sw Major = 10, ACDB Sw Minor = 0, ACDB Sw Revision = 17, ACDB Sw Cpl Number = 0
04-04 04:39:59.295 D/android.hardware.audio.service( 6681): [ACDB Command]->ACDB File Major = 12, ACDB File Minor = 0, ACDB File Revision = 4, ACDB File Cpl Number = 0
04-04 04:39:59.296 D/android.hardware.audio.service( 6681): [ACDB Command]->SW Minor/Major/Revision version info for /vendor/etc/acdbdata/MTP/MTP_Global_cal.acdb
04-04 04:39:59.296 D/android.hardware.audio.service( 6681): [ACDB Command]->ACDB Sw Major = 10, ACDB Sw Minor = 0, ACDB Sw Revision = 17, ACDB Sw Cpl Number = 0
04-04 04:39:59.296 D/android.hardware.audio.service( 6681): [ACDB Command]->ACDB File Major = 12, ACDB File Minor = 0, ACDB File Revision = 4, ACDB File Cpl Number = 0
04-04 04:39:59.296 D/android.hardware.audio.service( 6681): [ACDB Command]->SW Minor/Major/Revision version info for /vendor/etc/acdbdata/MTP/MTP_Handset_cal.acdb
04-04 04:39:59.296 D/android.hardware.audio.service( 6681): [ACDB Command]->ACDB Sw Major = 10, ACDB Sw Minor = 0, ACDB Sw Revision = 17, ACDB Sw Cpl Number = 0
04-04 04:39:59.296 D/android.hardware.audio.service( 6681): [ACDB Command]->ACDB File Major = 12, ACDB File Minor = 0, ACDB File Revision = 4, ACDB File Cpl Number = 0
04-04 04:39:59.296 D/android.hardware.audio.service( 6681): [ACDB Command]->SW Minor/Major/Revision version info for /vendor/etc/acdbdata/MTP/MTP_Speaker_cal.acdb
04-04 04:39:59.296 D/android.hardware.audio.service( 6681): [ACDB Command]->ACDB Sw Major = 10, ACDB Sw Minor = 0, ACDB Sw Revision = 17, ACDB Sw Cpl Number = 0
04-04 04:39:59.296 D/android.hardware.audio.service( 6681): [ACDB Command]->ACDB File Major = 12, ACDB File Minor = 0, ACDB File Revision = 4, ACDB File Cpl Number = 0
04-04 04:39:59.296 D/android.hardware.audio.service( 6681): [ACDB Command]->SW Minor/Major/Revision version info for /vendor/etc/acdbdata/MTP/MTP_Headset_cal.acdb
04-04 04:39:59.296 D/android.hardware.audio.service( 6681): [ACDB Command]->ACDB Sw Major = 10, ACDB Sw Minor = 0, ACDB Sw Revision = 17, ACDB Sw Cpl Number = 0
04-04 04:39:59.296 D/android.hardware.audio.service( 6681): [ACDB Command]->ACDB File Major = 12, ACDB File Minor = 0, ACDB File Revision = 4, ACDB File Cpl Number = 0
04-04 04:39:59.297 D/android.hardware.audio.service( 6681): [ACDB Command]->SW Minor/Major/Revision version info for /vendor/etc/acdbdata/MTP/MTP_General_cal.acdb
04-04 04:39:59.297 D/android.hardware.audio.service( 6681): [ACDB Command]->ACDB Sw Major = 10, ACDB Sw Minor = 0, ACDB Sw Revision = 17, ACDB Sw Cpl Number = 0
04-04 04:39:59.297 D/android.hardware.audio.service( 6681): [ACDB Command]->ACDB File Major = 12, ACDB File Minor = 0, ACDB File Revision = 4, ACDB File Cpl Number = 0
04-04 04:39:59.297 D/ACDB-LOADER( 6681): get_acdb_sw_major_version: ACDB SW Major version: 10
04-04 04:39:59.297 D/ACDB-LOADER( 6681): get_instance_id_support: ACDB file instance ID support info:1
04-04 04:39:59.297 D/ACDB-LOADER( 6681): acdb_loader_init_v4: snd_card_name:kona-mtp-snd-card, cvd_version:2.4, instance_id_supported:1
04-04 04:39:59.297 D/ACDB-LOADER( 6681): ACDB -> ACPH INIT
04-04 04:39:59.297 D/android.hardware.audio.service( 6681): [ACPH]->Online service registered with ACPH
04-04 04:39:59.297 E/Diag_Lib( 6681): Diag_LSM_Init: Failed to open handle to diag driver, error = 13
04-04 04:39:59.297 E/Diag_Lib( 6681): diag: In diagpkt_tbl_reg, service not initialized.
04-04 04:39:59.297 D/android.hardware.audio.service( 6681): [ACPH]->ACPH init success
04-04 04:39:59.297 D/ACDB-LOADER( 6681): ACDB -> RTAC INIT
04-04 04:39:59.297 D/android.hardware.audio.service( 6681): [ACPH]->DSP RTC service registered with ACPH
04-04 04:39:59.297 D/ACDB-LOADER( 6681): ACDB -> MCS, FTS INIT
04-04 04:39:59.297 D/android.hardware.audio.service( 6681): [ACPH]->MCS RTC service registered with ACPH
04-04 04:39:59.291 I/auditd ( 6681): type=1400 audit(0.0:553): avc: denied { read write } for comm="audio.service" name="diag" dev="tmpfs" ino=11410 scontext=u:r:hal_audio_default:s0 tcontext=u:object_r:vendor_diag_device:s0 tclass=chr_file permissive=0
04-04 04:39:59.291 W/audio.service( 6681): type=1400 audit(0.0:553): avc: denied { read write } for name="diag" dev="tmpfs" ino=11410 scontext=u:r:hal_audio_default:s0 tcontext=u:object_r:vendor_diag_device:s0 tclass=chr_file permissive=0
04-04 04:39:59.297 D/ACDB-LOADER( 6681): ACDB -> ADIE RTAC INIT
04-04 04:39:59.297 D/android.hardware.audio.service( 6681): [ACPH]->ADIE RTC service registered with ACPH
04-04 04:39:59.297 D/ACDB-LOADER( 6681): ACDB -> ACDB_CMD_GET_VOC_PROC_DYNAMIC_TABLE_SIZE
04-04 04:39:59.298 E/ion ( 6681): ioctl c0044901 failed with code -1: Inappropriate ioctl for device
04-04 04:39:59.307 D/ACDB-LOADER( 6681): ACDB -> send_common_custom_topology
04-04 04:39:59.307 D/ACDB-LOADER( 6681): ACDB -> ACDB_CMD_GET_AVCS_CUSTOM_TOPO_INFO_SIZE_V3
04-04 04:39:59.307 D/ACDB-LOADER( 6681): ACDB -> ACDB_CMD_GET_AVCS_CUSTOM_TOPO_INFO_V3
04-04 04:39:59.307 D/ACDB-LOADER( 6681): ACDB -> ACDB_CMD_GET_AVCS_CUSTOM_TOPO_INFO_V3: size:0xed4 ret=0
04-04 04:39:59.307 D/ACDB-LOADER( 6681): ACDB -> CORE_CUSTOM_TOPOLOGIES
04-04 04:39:59.313 D/ACDB-LOADER( 6681): ACDB -> acdb_loader_send_common_custom_topology: Common custom topology in use
04-04 04:39:59.313 D/ACDB-LOADER( 6681): ACDB -> init done!
04-04 04:39:59.313 D/audio_hw_acdb( 6681): acdb_init_v2: ACDB Instance ID support after ACDB init:1
04-04 04:39:59.313 D/audio_hw_acdb( 6681): check_and_set_instance_id_support: Final Instance ID support:1
04-04 04:39:59.313 D/sound_trigger_platform( 6681): platform_stdev_init Opening device /dev/snd/hwC0D1002 for vad hwdep config
04-04 04:39:59.313 D/sound_trigger_platform( 6681): platform_stdev_init: cannot open device '/dev/snd/hwC0D1002', error:No such file or directory
04-04 04:39:59.313 D/sound_trigger_platform( 6681): get_codec_version: codec version
04-04 04:39:59.314 D/sound_trigger_platform( 6681): platform_stdev_reset_backend_cfg: Setting VA_CDC_DMA_TX_0 TX island to false
04-04 04:39:59.314 I/sound_trigger_hw( 6681): get_base_properties: enter
04-04 04:39:59.314 I/SoundTriggerHw( 6681): onFirstRef() mModuleName primary mHwDevice 0xef7444f0
04-04 04:39:59.315 I/HidlServiceManagement( 6681): Registered android.hardware.soundtrigger@2.3::ISoundTriggerHw/default (start delay of 1030ms)
04-04 04:39:59.315 I/LegacySupport( 6681): Registration complete for android.hardware.soundtrigger@2.3::ISoundTriggerHw/default.
04-04 04:39:59.317 I/android_os_HwBinder( 1549): HwBinder: Starting thread pool for getting: android.hardware.soundtrigger@2.0::ISoundTriggerHw/default
04-04 04:39:59.317 I/hw-BpHwBinder( 504): onLastStrongRef automatically unlinking death recipients
04-04 04:39:59.317 I/BTAudioProviderA2dpSoftware( 6681): A2dpSoftwareAudioProvider - size of audio buffer 7168 byte(s)
04-04 04:39:59.317 I/BTAudioProviderHearingAid( 6681): HearingAidAudioProvider - size of audio buffer 3584 byte(s)
04-04 04:39:59.318 I/HidlServiceManagement( 6681): Registered android.hardware.bluetooth.audio@2.0::IBluetoothAudioProvidersFactory/default (start delay of 1033ms)
04-04 04:39:59.318 I/LegacySupport( 6681): Registration complete for android.hardware.bluetooth.audio@2.0::IBluetoothAudioProvidersFactory/default.
04-04 04:39:59.318 I/hwservicemanager( 504): getTransport: Cannot find entry android.hardware.bluetooth.a2dp@1.0::IBluetoothAudioOffload/default in either framework or device VINTF manifest.
04-04 04:39:59.318 E/LegacySupport( 6681): Could not get passthrough implementation for android.hardware.bluetooth.a2dp@1.0::IBluetoothAudioOffload/default.
04-04 04:39:59.318 W/audiohalservice( 6681): Could not register Bluetooth Audio Offload API
04-04 04:39:59.358 E/audio_route( 6681): unknown enum value string UNPACKED for ctl WSA_CDC_DMA_RX_0 Format
04-04 04:39:59.358 E/audio_route( 6681): Control 'WSA_CDC_DMA_TX_0 Format' doesn't exist - skipping
04-04 04:39:59.358 E/audio_route( 6681): Control 'RX_CDC_DMA_RX_0 Format' doesn't exist - skipping
04-04 04:39:59.358 E/audio_route( 6681): unknown enum value string UNPACKED for ctl TX_CDC_DMA_TX_3 Format
04-04 04:39:59.358 E/audio_route( 6681): Control 'WSA_CDC_DMA_RX_0 Port Mixer SLIM_7_TX' doesn't exist - skipping
04-04 04:39:59.358 E/audio_route( 6681): Control 'RX_CDC_DMA_RX_0 Port Mixer SLIM_7_TX' doesn't exist - skipping
04-04 04:39:59.358 E/audio_route( 6681): Control 'SpkrLeft COMP Switch' doesn't exist - skipping
04-04 04:39:59.358 E/audio_route( 6681): Control 'SpkrRight COMP Switch' doesn't exist - skipping
04-04 04:39:59.358 E/audio_route( 6681): Control 'SpkrLeft BOOST Switch' doesn't exist - skipping
04-04 04:39:59.358 E/audio_route( 6681): Control 'SpkrRight BOOST Switch' doesn't exist - skipping
04-04 04:39:59.358 E/audio_route( 6681): Control 'SpkrLeft VISENSE Switch' doesn't exist - skipping
04-04 04:39:59.359 E/audio_route( 6681): Control 'SpkrRight VISENSE Switch' doesn't exist - skipping
04-04 04:39:59.359 E/audio_route( 6681): Control 'SpkrLeft SWR DAC_Port Switch' doesn't exist - skipping
04-04 04:39:59.359 E/audio_route( 6681): Control 'SpkrRight SWR DAC_Port Switch' doesn't exist - skipping
04-04 04:39:59.359 E/audio_route( 6681): Control 'HPHL_COMP Switch' doesn't exist - skipping
04-04 04:39:59.359 E/audio_route( 6681): Control 'HPHR_COMP Switch' doesn't exist - skipping
04-04 04:39:59.359 E/audio_route( 6681): Control 'EAR_RDAC Switch' doesn't exist - skipping
04-04 04:39:59.359 E/audio_route( 6681): Control 'HPHL_RDAC Switch' doesn't exist - skipping
04-04 04:39:59.359 E/audio_route( 6681): Control 'HPHR_RDAC Switch' doesn't exist - skipping
04-04 04:39:59.359 E/audio_route( 6681): Control 'AUX_RDAC Switch' doesn't exist - skipping
04-04 04:39:59.359 E/audio_route( 6681): Control 'RDAC3_MUX' doesn't exist - skipping
04-04 04:39:59.359 E/audio_route( 6681): Control 'ADC2_MIXER Switch' doesn't exist - skipping
04-04 04:39:59.359 E/audio_route( 6681): Control 'HPHL Volume' doesn't exist - skipping
04-04 04:39:59.359 E/audio_route( 6681): Control 'HPHR Volume' doesn't exist - skipping
04-04 04:39:59.359 E/audio_route( 6681): Control 'ADC1 Volume' doesn't exist - skipping
04-04 04:39:59.359 E/audio_route( 6681): Control 'ADC2 Volume' doesn't exist - skipping
04-04 04:39:59.359 E/audio_route( 6681): Control 'ADC3 Volume' doesn't exist - skipping
04-04 04:39:59.359 E/audio_route( 6681): Control 'COMP7 Switch' doesn't exist - skipping
04-04 04:39:59.359 E/audio_route( 6681): Control 'COMP8 Switch' doesn't exist - skipping
04-04 04:39:59.359 E/audio_route( 6681): Control 'RX HPH Mode' doesn't exist - skipping
04-04 04:39:59.359 E/audio_route( 6681): Control 'MultiMedia16 Mixer SLIM_7_TX' doesn't exist - skipping
04-04 04:39:59.359 E/audio_route( 6681): Control 'MultiMedia16 Mixer TERT_MI2S_TX' doesn't exist - skipping
04-04 04:39:59.359 E/audio_route( 6681): unknown enum value string PRI_TDM_TX_1 for ctl AUDIO_REF_EC_UL8 MUX
04-04 04:39:59.359 E/audio_route( 6681): unknown enum value string PRI_TDM_TX_1 for ctl AUDIO_REF_EC_UL8 MUX
04-04 04:39:59.359 E/audio_route( 6681): unknown enum value string PRI_TDM_TX_1 for ctl AUDIO_REF_EC_UL8 MUX
04-04 04:39:59.359 E/audio_route( 6681): unknown enum value string PRI_TDM_TX_1 for ctl AUDIO_REF_EC_UL10 MUX
04-04 04:39:59.359 E/audio_route( 6681): unknown enum value string PRI_TDM_TX_1 for ctl AUDIO_REF_EC_UL10 MUX
04-04 04:39:59.360 E/audio_route( 6681): Control 'MultiMedia5_RX QOS Vote' doesn't exist - skipping
04-04 04:39:59.362 E/audio_route( 6681): Control 'MultiMedia8 Mixer TERT_MI2S_TX' doesn't exist - skipping
04-04 04:39:59.362 E/audio_route( 6681): Control 'DISPLAY_PORT1_RX_Voice Mixer VoiceMMode1' doesn't exist - skipping
04-04 04:39:59.362 E/audio_route( 6681): Control 'DISPLAY_PORT1_RX_Voice Mixer VoiceMMode1' doesn't exist - skipping
04-04 04:39:59.363 E/audio_route( 6681): Control 'DISPLAY_PORT1_RX_Voice Mixer VoiceMMode2' doesn't exist - skipping
04-04 04:39:59.363 E/audio_route( 6681): Control 'DISPLAY_PORT1_RX_Voice Mixer VoiceMMode2' doesn't exist - skipping
04-04 04:39:59.363 E/audio_route( 6681): Control 'ADC2_MIXER Switch' doesn't exist - skipping
04-04 04:39:59.363 E/audio_route( 6681): Control 'ADC2 MUX' doesn't exist - skipping
04-04 04:39:59.364 E/audio_route( 6681): Control 'SpkrLeft COMP Switch' doesn't exist - skipping
04-04 04:39:59.364 E/audio_route( 6681): Control 'SpkrLeft BOOST Switch' doesn't exist - skipping
04-04 04:39:59.364 E/audio_route( 6681): Control 'SpkrLeft VISENSE Switch' doesn't exist - skipping
04-04 04:39:59.364 E/audio_route( 6681): Control 'SpkrLeft SWR DAC_Port Switch' doesn't exist - skipping
04-04 04:39:59.364 E/audio_route( 6681): Control 'SpkrRight COMP Switch' doesn't exist - skipping
04-04 04:39:59.364 E/audio_route( 6681): Control 'SpkrRight BOOST Switch' doesn't exist - skipping
04-04 04:39:59.364 E/audio_route( 6681): Control 'SpkrRight VISENSE Switch' doesn't exist - skipping
04-04 04:39:59.364 E/audio_route( 6681): Control 'SpkrRight SWR DAC_Port Switch' doesn't exist - skipping
04-04 04:39:59.364 E/audio_route( 6681): Control 'SpkrLeft COMP Switch' doesn't exist - skipping
04-04 04:39:59.364 E/audio_route( 6681): Control 'SpkrLeft BOOST Switch' doesn't exist - skipping
04-04 04:39:59.364 E/audio_route( 6681): Control 'SpkrLeft VISENSE Switch' doesn't exist - skipping
04-04 04:39:59.365 E/audio_route( 6681): Control 'SpkrLeft SWR DAC_Port Switch' doesn't exist - skipping
04-04 04:39:59.365 E/audio_route( 6681): Control 'HPHL_COMP Switch' doesn't exist - skipping
04-04 04:39:59.365 E/audio_route( 6681): Control 'HPHR_COMP Switch' doesn't exist - skipping
04-04 04:39:59.365 E/audio_route( 6681): Control 'HPHL_RDAC Switch' doesn't exist - skipping
04-04 04:39:59.365 E/audio_route( 6681): Control 'HPHR_RDAC Switch' doesn't exist - skipping
04-04 04:39:59.365 E/audio_route( 6681): unknown enum value string DEC7 for ctl IIR0 INP0 MUX
04-04 04:39:59.365 E/audio_route( 6681): Control 'HPHL_COMP Switch' doesn't exist - skipping
04-04 04:39:59.366 E/audio_route( 6681): Control 'HPHL_RDAC Switch' doesn't exist - skipping
04-04 04:39:59.366 E/audio_route( 6681): Control 'ADC2 Volume' doesn't exist - skipping
04-04 04:39:59.366 E/audio_route( 6681): Control 'ADC2_MIXER Switch' doesn't exist - skipping
04-04 04:39:59.366 E/audio_route( 6681): Control 'ADC2 MUX' doesn't exist - skipping
04-04 04:39:59.366 E/audio_route( 6681): Control 'MultiMedia16 Mixer SLIM_7_TX' doesn't exist - skipping
04-04 04:39:59.366 E/audio_route( 6681): Control 'MultiMedia16 Mixer TERT_MI2S_TX' doesn't exist - skipping
04-04 04:39:59.367 E/audio_route( 6681): Path name 'incall_music_uplink afe-proxy' already exists
04-04 04:39:59.367 E/audio_route( 6681): path created failed, please check the path if existed
04-04 04:39:59.367 E/audio_route( 6681): Path name 'incall_music_uplink2 afe-proxy' already exists
04-04 04:39:59.367 E/audio_route( 6681): path created failed, please check the path if existed
04-04 04:39:59.393 E/tlogd ( 1298): [TzLogger](isPathReadable) file /sys/kernel/debug/tzdbg/qsee_log isn't exist or no permission, err: No such file or directory
04-04 04:39:59.393 E/tlogd ( 1298): [TzLogger](saveTzlogAsync) /sys/kernel/debug/tzdbg/qsee_log can not read.
04-04 04:39:59.393 E/tlogd ( 1298): [TzLogger](isPathReadable) file /sys/kernel/debug/tzdbg/log isn't exist or no permission, err: No such file or directory
04-04 04:39:59.393 E/tlogd ( 1298): [TzLogger](saveTzlogAsync) /sys/kernel/debug/tzdbg/log can not read.
04-04 04:39:59.490 E/msm8974_platform( 6681): platform_init: soundcard: kona-mtp-snd-card supports only default sample rate
04-04 04:39:59.491 I/audio_hw_extn( 6681): audio_extn_set_snd_card_split: snd_card_name(kona-mtp-snd-card) device(kona) snd_card(mtp) form_factor(snd)
04-04 04:39:59.492 E/platform_info( 6681): param tag only supported with CONFIG_PARAMS section
04-04 04:39:59.492 E/platform_info( 6681): param tag only supported with CONFIG_PARAMS section
04-04 04:39:59.492 E/platform_info( 6681): param tag only supported with CONFIG_PARAMS section
04-04 04:39:59.492 E/platform_info( 6681): param tag only supported with CONFIG_PARAMS section
04-04 04:39:59.492 E/platform_info( 6681): param tag only supported with CONFIG_PARAMS section
04-04 04:39:59.492 E/platform_info( 6681): param tag only supported with CONFIG_PARAMS section
04-04 04:39:59.492 E/platform_info( 6681): param tag only supported with CONFIG_PARAMS section
04-04 04:39:59.492 E/platform_info( 6681): param tag only supported with CONFIG_PARAMS section
04-04 04:39:59.496 D/ACDB-LOADER( 6681): ACDB -> already initialized, exit
04-04 04:39:59.496 D/audio_hw_acdb( 6681): acdb_init_v2: ACDB Instance ID support after ACDB init:1
04-04 04:39:59.498 D/audio_hw_acdb( 6681): check_and_set_instance_id_support: Final Instance ID support:1
04-04 04:39:59.499 D/msm8974_platform( 6681): ACDB initialized
04-04 04:39:59.499 D/msm8974_platform( 6681): hw_util_open Opening device /dev/snd/hwC0D1000
04-04 04:39:59.499 E/msm8974_platform( 6681): hw_util_open: cannot open device '/dev/snd/hwC0D1000'
04-04 04:39:59.499 E/msm8974_platform( 6681): audio_hwdep_send_cal error open
04-04 04:39:59.499 E/keep_alive( 6681): keep alive disabled
04-04 04:39:59.499 D/audio_log_utils( 6681): read_module
04-04 04:39:59.499 D/audio_log_utils( 6681): read_module: calling parse module xml file
04-04 04:39:59.499 D/audio_log_utils( 6681): parse_module_xml_file: parse hal log mask
04-04 04:39:59.499 D/log_xml_parser( 6681): parse_log_xml: Failed to open file /data/vendor/audio/audio_dynamic_log.xml
04-04 04:39:59.499 E/audio_log_utils( 6681): parse_module_xml_file: could not parse hal logmask
04-04 04:39:59.500 D/audio_log_utils( 6681): parse_module_xml_file: exit
04-04 04:39:59.500 D/audio_log_utils( 6681): monitor_mod_file_change
04-04 04:39:59.500 W/msm8974_platform( 6681): init_be_dai_name_table: sound device has no hw interface set
04-04 04:39:59.501 W/msm8974_platform( 6681): init_be_dai_name_table: sound device headphones-and-haptics has no hw interface set
04-04 04:39:59.501 W/msm8974_platform( 6681): init_be_dai_name_table: sound device speaker-and-haptics has no hw interface set
04-04 04:39:59.501 W/msm8974_platform( 6681): init_be_dai_name_table: sound device (null) has no hw interface set
04-04 04:39:59.501 D/msm8974_platform( 6681): init_be_dai_name_table: sound device speaker-and-headphones does not have a valid hw interface set (disregard for combo devices) WSA_CDC_DMA_RX_0-and-RX_CDC_DMA_RX_0
04-04 04:39:59.501 D/msm8974_platform( 6681): init_be_dai_name_table: sound device speaker-and-headphones-hifi-filter does not have a valid hw interface set (disregard for combo devices) WSA_CDC_DMA_RX_0-and-RX_CDC_DMA_RX_0
04-04 04:39:59.501 D/msm8974_platform( 6681): init_be_dai_name_table: sound device speaker-safe-and-headphones does not have a valid hw interface set (disregard for combo devices) SLIMBUS_0_RX-and-SLIMBUS_6_RX
04-04 04:39:59.501 W/msm8974_platform( 6681): init_be_dai_name_table: sound device speaker-headphones-and-haptics has no hw interface set
04-04 04:39:59.501 W/msm8974_platform( 6681): init_be_dai_name_table: sound device (null) has no hw interface set
04-04 04:39:59.501 D/msm8974_platform( 6681): init_be_dai_name_table: sound device speaker-and-line does not have a valid hw interface set (disregard for combo devices) WSA_CDC_DMA_RX_0-and-RX_CDC_DMA_RX_0
04-04 04:39:59.501 D/msm8974_platform( 6681): init_be_dai_name_table: sound device speaker-safe-and-line does not have a valid hw interface set (disregard for combo devices) SLIMBUS_0_RX-and-SLIMBUS_6_RX
04-04 04:39:59.501 D/msm8974_platform( 6681): init_be_dai_name_table: sound device speaker-and-headphones-ext-1 does not have a valid hw interface set (disregard for combo devices) WSA_CDC_DMA_RX_0-and-RX_CDC_DMA_RX_0
04-04 04:39:59.501 D/msm8974_platform( 6681): init_be_dai_name_table: sound device speaker-and-headphones-ext-2 does not have a valid hw interface set (disregard for combo devices) WSA_CDC_DMA_RX_0-and-RX_CDC_DMA_RX_0
04-04 04:39:59.501 D/msm8974_platform( 6681): init_be_dai_name_table: sound device speaker-and-hdmi does not have a valid hw interface set (disregard for combo devices) WSA_CDC_DMA_RX_0-and-HDMI
04-04 04:39:59.501 D/msm8974_platform( 6681): init_be_dai_name_table: sound device speaker-and-display-port does not have a valid hw interface set (disregard for combo devices) WSA_CDC_DMA_RX_0-and-DISPLAY_PORT
04-04 04:39:59.501 D/msm8974_platform( 6681): init_be_dai_name_table: sound device speaker-and-display-port1 does not have a valid hw interface set (disregard for combo devices) SLIMBUS_0_RX-and-DISPLAY_PORT1
04-04 04:39:59.501 W/msm8974_platform( 6681): init_be_dai_name_table: sound device (null) has no hw interface set
04-04 04:39:59.501 W/msm8974_platform( 6681): init_be_dai_name_table: sound device (null) has no hw interface set
04-04 04:39:59.501 D/msm8974_platform( 6681): init_be_dai_name_table: sound device speaker-and-bt-a2dp does not have a valid hw interface set (disregard for combo devices) WSA_CDC_DMA_RX_0-and-SLIMBUS_7_RX
04-04 04:39:59.501 D/msm8974_platform( 6681): init_be_dai_name_table: sound device speaker-safe-and-bt-a2dp does not have a valid hw interface set (disregard for combo devices) SLIMBUS_0_RX-and-SLIMBUS_7_RX
04-04 04:39:59.501 W/msm8974_platform( 6681): init_be_dai_name_table: sound device speaker-bt-a2dp-and-haptics has no hw interface set
04-04 04:39:59.501 W/msm8974_platform( 6681): init_be_dai_name_table: sound device speaker-safe-bt-a2dp-and-haptics has no hw interface set
04-04 04:39:59.501 D/msm8974_platform( 6681): init_be_dai_name_table: sound device speaker-and-bt-sco does not have a valid hw interface set (disregard for combo devices) WSA_CDC_DMA_RX_0-and-SLIMBUS_7_RX
04-04 04:39:59.501 D/msm8974_platform( 6681): init_be_dai_name_table: sound device speaker-safe-and-bt-sco does not have a valid hw interface set (disregard for combo devices) QUAT_TDM_RX_0-and-SLIMBUS_7_RX
04-04 04:39:59.501 D/msm8974_platform( 6681): init_be_dai_name_table: sound device speaker-and-bt-sco-wb does not have a valid hw interface set (disregard for combo devices) WSA_CDC_DMA_RX_0-and-SLIMBUS_7_RX
04-04 04:39:59.501 D/msm8974_platform( 6681): init_be_dai_name_table: sound device speaker-safe-and-bt-sco-wb does not have a valid hw interface set (disregard for combo devices) QUAT_TDM_RX_0-and-SLIMBUS_7_RX
04-04 04:39:59.501 D/msm8974_platform( 6681): init_be_dai_name_table: sound device speaker-and-bt-sco-swb does not have a valid hw interface set (disregard for combo devices) WSA_CDC_DMA_RX_0-and-SLIMBUS_7_RX
04-04 04:39:59.501 D/msm8974_platform( 6681): init_be_dai_name_table: sound device speaker-safe-and-bt-sco-swb does not have a valid hw interface set (disregard for combo devices) QUAT_TDM_RX_0-and-SLIMBUS_7_RX
04-04 04:39:59.501 W/msm8974_platform( 6681): init_be_dai_name_table: sound device speaker-bt-sco-and-haptics has no hw interface set
04-04 04:39:59.501 W/msm8974_platform( 6681): init_be_dai_name_table: sound device speaker-safe-bt-sco-and-haptics has no hw interface set
04-04 04:39:59.501 W/msm8974_platform( 6681): init_be_dai_name_table: sound device speaker-bt-sco-wb-and-haptics has no hw interface set
04-04 04:39:59.501 W/msm8974_platform( 6681): init_be_dai_name_table: sound device speaker-safe-bt-sco-wb-and-haptics has no hw interface set
04-04 04:39:59.501 W/msm8974_platform( 6681): init_be_dai_name_table: sound device speaker-bt-sco-swb-and-haptics has no hw interface set
04-04 04:39:59.501 W/msm8974_platform( 6681): init_be_dai_name_table: sound device speaker-safe-bt-sco-swb-and-haptics has no hw interface set
04-04 04:39:59.501 W/msm8974_platform( 6681): init_be_dai_name_table: sound device wsa-speaker-and-bt-sco has no hw interface set
04-04 04:39:59.501 W/msm8974_platform( 6681): init_be_dai_name_table: sound device wsa-speaker-and-bt-sco-wb has no hw interface set
04-04 04:39:59.501 W/msm8974_platform( 6681): init_be_dai_name_table: sound device wsa-speaker-and-bt-sco-wb has no hw interface set
04-04 04:39:59.501 W/msm8974_platform( 6681): init_be_dai_name_table: sound device (null) has no hw interface set
04-04 04:39:59.501 D/msm8974_platform( 6681): init_be_dai_name_table: sound device speaker-and-usb-headphones does not have a valid hw interface set (disregard for combo devices) SLIMBUS_0_RX-and-USB_AUDIO_RX
04-04 04:39:59.501 D/msm8974_platform( 6681): init_be_dai_name_table: sound device speaker-safe-and-usb-headphones does not have a valid hw interface set (disregard for combo devices) SLIMBUS_0_RX-and-USB_AUDIO_RX
04-04 04:39:59.501 W/msm8974_platform( 6681): init_be_dai_name_table: sound device speaker-usb-headphones-and-haptics has no hw interface set
04-04 04:39:59.501 W/msm8974_platform( 6681): init_be_dai_name_table: sound device speaker-safe-usb-headphones-and-haptics has no hw interface set
04-04 04:39:59.501 D/msm8974_platform( 6681): init_be_dai_name_table: sound device speaker-and-anc-headphones does not have a valid hw interface set (disregard for combo devices) WSA_CDC_DMA_RX_0-and-RX_CDC_DMA_RX_0
04-04 04:39:59.501 D/msm8974_platform( 6681): init_be_dai_name_table: sound device speaker-and-anc-fb-headphones does not have a valid hw interface set (disregard for combo devices) SLIMBUS_0_RX-and-SLIMBUS_6_RX
04-04 04:39:59.501 W/msm8974_platform( 6681): init_be_dai_name_table: sound device speaker-protected has no hw interface set
04-04 04:39:59.501 W/msm8974_platform( 6681): init_be_dai_name_table: sound device speaker-protected-vbat has no hw interface set
04-04 04:39:59.501 D/msm8974_platform( 6681): init_be_dai_name_table: sound device voice-speaker-and-voice-headphones does not have a valid hw interface set (disregard for combo devices) SLIMBUS_0_RX-and-SLIMBUS_6_RX
04-04 04:39:59.501 D/msm8974_platform( 6681): init_be_dai_name_table: sound device voice-speaker-and-voice-anc-headphones does not have a valid hw interface set (disregard for combo devices) SLIMBUS_0_RX-and-SLIMBUS_6_RX
04-04 04:39:59.501 D/msm8974_platform( 6681): init_be_dai_name_table: sound device voice-speaker-and-voice-anc-fb-headphones does not have a valid hw interface set (disregard for combo devices) SLIMBUS_0_RX-and-SLIMBUS_6_RX
04-04 04:39:59.501 D/msm8974_platform( 6681): init_be_dai_name_table: sound device voice-speaker-stereo-and-voice-headphones does not have a valid hw interface set (disregard for combo devices) SLIMBUS_0_RX-and-SLIMBUS_6_RX
04-04 04:39:59.501 D/msm8974_platform( 6681): init_be_dai_name_table: sound device voice-speaker-stereo-and-voice-anc-headphones does not have a valid hw interface set (disregard for combo devices) SLIMBUS_0_RX-and-SLIMBUS_6_RX
04-04 04:39:59.501 D/msm8974_platform( 6681): init_be_dai_name_table: sound device voice-speaker-stereo-and-voice-anc-fb-headphones does not have a valid hw interface set (disregard for combo devices) SLIMBUS_0_RX-and-SLIMBUS_6_RX
04-04 04:39:59.501 D/msm8974_platform( 6681): init_be_dai_name_table: sound device hearing-aid does not have a valid hw interface set (disregard for combo devices) BT_RX
04-04 04:39:59.501 D/msm8974_platform( 6681): init_be_dai_name_table: sound device call-proxy does not have a valid hw interface set (disregard for combo devices) CALL_PROXY_RX
04-04 04:39:59.502 W/msm8974_platform( 6681): init_be_dai_name_table: sound device usb-headset-mic has no hw interface set
04-04 04:39:59.502 W/msm8974_platform( 6681): init_be_dai_name_table: sound device usb-headset-mic has no hw interface set
04-04 04:39:59.502 W/msm8974_platform( 6681): init_be_dai_name_table: sound device usb-headset-mic has no hw interface set
04-04 04:39:59.502 W/msm8974_platform( 6681): init_be_dai_name_table: sound device handset-6mic has no hw interface set
04-04 04:39:59.502 W/msm8974_platform( 6681): init_be_dai_name_table: sound device handset-8mic has no hw interface set
04-04 04:39:59.502 W/msm8974_platform( 6681): init_be_dai_name_table: sound device (null) has no hw interface set
04-04 04:39:59.502 W/msm8974_platform( 6681): init_be_dai_name_table: sound device (null) has no hw interface set
04-04 04:39:59.502 W/msm8974_platform( 6681): init_be_dai_name_table: sound device incall-rec-rx-tx has no hw interface set
04-04 04:39:59.502 W/msm8974_platform( 6681): init_be_dai_name_table: sound device ec-ref-loopback has no hw interface set
04-04 04:39:59.502 W/msm8974_platform( 6681): init_be_dai_name_table: sound device handset-dmic-and-ec-ref-loopback has no hw interface set
04-04 04:39:59.502 W/msm8974_platform( 6681): init_be_dai_name_table: sound device handset-qmic-and-ec-ref-loopback has no hw interface set
04-04 04:39:59.502 W/msm8974_platform( 6681): init_be_dai_name_table: sound device handset-6mic-and-ec-ref-loopback has no hw interface set
04-04 04:39:59.502 W/msm8974_platform( 6681): init_be_dai_name_table: sound device handset-8mic-and-ec-ref-loopback has no hw interface set
04-04 04:39:59.502 D/msm8974_platform( 6681): init_be_dai_name_table: sound device call-proxy-in does not have a valid hw interface set (disregard for combo devices) CALL_PROXY_TX
04-04 04:39:59.502 D/audio_hw_extn( 6681): audio_extn_can_use_ras: ras.enabled property is set to 0
04-04 04:39:59.502 D/msm8974_platform( 6681): platform_init: Fluence_Type(0) max_mic_count(4) mic_type(0xf) fluence_in_voice_call(0) fluence_in_voice_rec(0) fluence_in_spkr_mode(0) fluence_in_hfp_call(0) fluence_sb_enabled(0)fluence_nn_enabled(0)
04-04 04:39:59.502 D/a2dp_offload( 6681): a2dp_source_init START
04-04 04:39:59.502 D/a2dp_offload( 6681): Requesting for BT lib handle
04-04 04:39:59.508 D/a2dp_offload( 6681): calling BT module preinit
04-04 04:39:59.508 D/btaudio_offload( 6681): bt_audio_pre_init: calling 2.0 preinit
04-04 04:39:59.508 E/btaudio_offload_qti( 6681): is_value_adds_supported: openning the lib libqti_vndfwk_detect.so
04-04 04:39:59.508 D/btaudio_offload_qti( 6681): is_value_adds_supported: vendor_info = 3
04-04 04:39:59.508 D/btaudio_offload_qti( 6681): is_value_adds_supported: Build is running with QC Value-adds for odm
04-04 04:39:59.510 I/BTAudioProviderA2dpSoftware( 6681): A2dpSoftwareAudioProvider - size of audio buffer 21504 byte(s)
04-04 04:39:59.510 I/BTAudioProviderHearingAid( 6681): HearingAidAudioProvider - size of audio buffer 3584 byte(s)
04-04 04:39:59.512 I/HidlServiceManagement( 6681): Registered vendor.qti.hardware.bluetooth_audio@2.0::IBluetoothAudioProvidersFactory/default (start delay of 1226ms)
04-04 04:39:59.512 I/LegacySupport( 6681): Registration complete for vendor.qti.hardware.bluetooth_audio@2.0::IBluetoothAudioProvidersFactory/default.
04-04 04:39:59.512 I/btaudio_offload_qti( 6681): bt_audio_pre_init_qti: IBluetoothAudioProvidersFactory registration succeded
04-04 04:39:59.512 D/btaudio_offload( 6681): bt_audio_pre_init: calling 2.1 preinit
04-04 04:39:59.512 E/btaudio_offload_qti_2_1( 6681): is_value_adds_supported: openning the lib libqti_vndfwk_detect.so
04-04 04:39:59.512 D/btaudio_offload_qti_2_1( 6681): is_value_adds_supported: vendor_info = 3
04-04 04:39:59.513 D/btaudio_offload_qti_2_1( 6681): is_value_adds_supported: Build is running with QC Value-adds for odm
04-04 04:39:59.513 I/hwservicemanager( 504): getTransport: Cannot find entry vendor.qti.hardware.bluetooth_audio@2.1::IBluetoothAudioProvidersFactory/default in either framework or device VINTF manifest.
04-04 04:39:59.514 I/BTAudioProviderA2dpSoftware_2_1( 6681): A2dpSoftwareAudioProvider - size of audio buffer 21504 byte(s)
04-04 04:39:59.514 I/BTAudioProviderHearingAid_2_1( 6681): HearingAidAudioProvider - size of audio buffer 3584 byte(s)
04-04 04:39:59.515 I/hwservicemanager( 504): getTransport: Cannot find entry vendor.qti.hardware.bluetooth_audio@2.1::IBluetoothAudioProvidersFactory/default in either framework or device VINTF manifest.
04-04 04:39:59.515 E/HidlServiceManagement( 6681): Service vendor.qti.hardware.bluetooth_audio@2.1::IBluetoothAudioProvidersFactory/default must be in VINTF manifest in order to register/get.
