04-04 04:40:18.324 W/Settings( 3106): Setting airplane_mode_on has moved from android.provider.Settings.System to android.provider.Settings.Global, returning read-only value.
04-04 04:40:18.326 W/Settings( 3106): Setting airplane_mode_on has moved from android.provider.Settings.System to android.provider.Settings.Global, returning read-only value.
04-04 04:40:18.327 W/Settings( 3106): Setting airplane_mode_on has moved from android.provider.Settings.System to android.provider.Settings.Global, returning read-only value.
04-04 04:40:18.328 W/Settings( 3106): Setting airplane_mode_on has moved from android.provider.Settings.System to android.provider.Settings.Global, returning read-only value.
04-04 04:40:18.400 E/NtpTimeHelper( 1549): requestTime failed
04-04 04:40:18.443 D/MSF.C.NetConnTag.DualConnContext.true( 3106): tryDualConn
04-04 04:40:18.445 D/PandoraEx.MonitorReporter( 3106): module[network], systemApi[NI#G_TY_NAME], scene[back], strategy[normal], isSystemCall[true
04-04 04:40:18.445 D/PandoraEx.MonitorReporter( 3106): module[network], systemApi[NI#G_TY_NAME], scene[back], strategy[normal], isSystemCall[true
04-04 04:40:18.446 I/MSF.D.NetworkProvider( 3106): refresh currentAPN:. received networkInfo: CONNECTED :NetworkInfo: type: WIFI[], state: CONNECTED/CONNECTED, reason: (unspecified), extra: , roaming: false, failover: false, isAvailable: true, isConnectedToProvisioningNetwork: true. ExtraNetInfo: null
04-04 04:40:18.448 D/MSF.C.NetConnTag.true( 3106): mainSocketEngineOpenConn start...activeIpFamily=1
04-04 04:40:18.448 D/MSF.C.SsoListManager( 3106): getAvailableSsoList ssoTypeKey = SocketWifiIpv4, curr size null
04-04 04:40:18.448 D/MSF.C.SsoListManager( 3106): getAvailableSsoList ssoTypeKey = SocketMobileIpv4, curr size null
04-04 04:40:18.448 D/MSF.C.NetConnTag.true( 3106): mainSocketEngineOpenConn try single conn wifiSsoList=10, mobileSsoList=6
04-04 04:40:18.449 D/MSF.C.NetConnTag.true( 3106): [setMainSocketEngineId] mainConnID: 0
04-04 04:40:18.450 D/PandoraEx.MonitorReporter( 3106): module[network], systemApi[NI#G_TY_NAME], scene[back], strategy[normal], isSystemCall[true
04-04 04:40:18.450 D/PandoraEx.MonitorReporter( 3106): module[network], systemApi[NI#G_TY_NAME], scene[back], strategy[normal], isSystemCall[true
04-04 04:40:18.450 I/MSF.D.NetworkProvider( 3106): refresh currentAPN:. received networkInfo: CONNECTED :NetworkInfo: type: WIFI[], state: CONNECTED/CONNECTED, reason: (unspecified), extra: , roaming: false, failover: false, isAvailable: true, isConnectedToProvisioningNetwork: true. ExtraNetInfo: null
04-04 04:40:18.452 W/Settings( 3106): Setting airplane_mode_on has moved from android.provider.Settings.System to android.provider.Settings.Global, returning read-only value.
04-04 04:40:18.453 D/PandoraEx.MonitorReporter( 3106): module[network], systemApi[NI#G_TY_NAME], scene[back], strategy[normal], isSystemCall[true
04-04 04:40:18.453 D/PandoraEx.MonitorReporter( 3106): module[network], systemApi[NI#G_TY_NAME], scene[back], strategy[normal], isSystemCall[true
04-04 04:40:18.453 I/MSF.D.NetworkProvider( 3106): refresh currentAPN:. received networkInfo: CONNECTED :NetworkInfo: type: WIFI[], state: CONNECTED/CONNECTED, reason: (unspecified), extra: , roaming: false, failover: false, isAvailable: true, isConnectedToProvisioningNetwork: true. ExtraNetInfo: null
04-04 04:40:18.461 D/MSF.C.NetConnTag.true( 3106): try open Conn OSwzPz8sf3VlLiMyLTEjM2RwN3orKWs5JS5qbGpgdXl6c2BkamJ1YHt5YmRgPiQ2OSZqOi80KWAkNjw4YGl/Ljg2NW5q noneProxy net:2 cross:0 protocalsocket
04-04 04:40:18.462 E/MSF.C.NetConnTag.true( 3106): [openConn] socket has built, socketEngineID: 0socket: 183940121java.lang.Throwable
04-04 04:40:18.462 E/MSF.C.NetConnTag.true( 3106): at com.tencent.mobileqq.msf.core.net.m.a(P:44)
04-04 04:40:18.462 E/MSF.C.NetConnTag.true( 3106): at com.tencent.mobileqq.msf.core.net.n.a(P:218)
04-04 04:40:18.462 E/MSF.C.NetConnTag.true( 3106): at com.tencent.mobileqq.msf.core.net.n.a(P:214)
04-04 04:40:18.462 E/MSF.C.NetConnTag.true( 3106): at com.tencent.mobileqq.msf.core.net.n.a(P:190)
04-04 04:40:18.462 E/MSF.C.NetConnTag.true( 3106): at com.tencent.mobileqq.msf.core.net.n.b(P:49)
04-04 04:40:18.462 E/MSF.C.NetConnTag.true( 3106): at com.tencent.mobileqq.msf.core.net.n.a(P:110)
04-04 04:40:18.462 E/MSF.C.NetConnTag.true( 3106): at com.tencent.mobileqq.msf.core.net.n.t(P:1)
04-04 04:40:18.462 E/MSF.C.NetConnTag.true( 3106): at com.tencent.mobileqq.msf.core.net.n.a(P:228)
04-04 04:40:18.462 E/MSF.C.NetConnTag.true( 3106): at com.tencent.mobileqq.msf.core.q$d.run(P:120)
04-04 04:40:18.491 I/auditd ( 0): type=1400 audit(0.0:571): avc: denied { kill } for comm="swapper/1" capability=5 scontext=u:r:kernel:s0 tcontext=u:r:kernel:s0 tclass=capability permissive=0
04-04 04:40:18.491 W/swapper/1( 0): type=1400 audit(0.0:571): avc: denied { kill } for capability=5 scontext=u:r:kernel:s0 tcontext=u:r:kernel:s0 tclass=capability permissive=0
04-04 04:40:18.520 D/audio_hw_primary( 6681): copl(0xec70eb00):out of compress_wait
04-04 04:40:18.524 D/audio_hw_primary( 6681): No space available in compress driver, post msg to cb thread
04-04 04:40:18.524 D/audio_hw_primary( 6681): copl(0xec70eb00):calling compress_wait
04-04 04:40:18.529 D/ReportWeakNetConnTime( 3106): reconnected, use 5131 ms. LastConnectedNetType: 2, reason: readError
04-04 04:40:18.530 I/SocketReaderNewtrue( 3106): SocketReader(119) onConnOpened
04-04 04:40:18.530 I/SocketReaderNewtrue( 3106): SocketReader(119) continue
04-04 04:40:18.530 D/MSF.C.NetConnTag.true( 3106): open conn at JzA2IzM+LHR5JH4lK3YmNSdsYWZqdndpeG1hbHRqdGlwe2Bsag costTime:68 configTimeout: 20000 localSocket:e3piemtufXR7cWR6bm0:53052 noneProxy cross:0 af6b419
04-04 04:40:18.530 D/ReportWeakNetConnTime( 3106): OpenConn: msfwifi.3g.qq.com/120.232.18.213:8080
04-04 04:40:18.531 D/PandoraEx.MonitorReporter( 3106): module[network], systemApi[NI#G_TY_NAME], scene[back], strategy[normal], isSystemCall[true
04-04 04:40:18.531 D/PandoraEx.MonitorReporter( 3106): module[network], systemApi[NI#G_TY_NAME], scene[back], strategy[normal], isSystemCall[true
04-04 04:40:18.531 I/MSF.D.NetworkProvider( 3106): refresh currentAPN:. received networkInfo: CONNECTED :NetworkInfo: type: WIFI[], state: CONNECTED/CONNECTED, reason: (unspecified), extra: , roaming: false, failover: false, isAvailable: true, isConnectedToProvisioningNetwork: true. ExtraNetInfo: null
04-04 04:40:18.540 E/spcomlib( 564): [spcom_wait_for_event] event [1] [nvm_ready] EVENT_STATUS_TIMEOUT
04-04 04:40:18.540 E/spdaemon( 564): spcom_wait_for_nvm_ready() failed. ret [-110] [Connection timed out].
04-04 04:40:18.540 E/spdaemon( 564): Initial SP initialization failed. ret [-110].
04-04 04:40:18.540 D/spdaemon( 564): going to sleep for a day.
11-11 00:11:49.504 E/spss_utils [spss_wait_for_event]( 0): wait for event [1] timeout [300] sec expired
04-04 04:40:18.548 D/WTReporter( 3106): checkAndReporterUinError uin = 290983097
04-04 04:40:18.554 D/WTReporter( 3106): checkAndReporterUinError uin = 290983097
04-04 04:40:18.558 I/MSF.C.AccountCenter( 3106): loadAccountInfoFromWt,uin=*3097,isAlive=true,mLoginBitmap=0,uin=*3097,isAlive=true,mLoginBitmap=0
04-04 04:40:18.558 D/MSF.C.AccountCenter( 3106): MsfCoreMsgSender handleLoadedAccounts setKey *3097
04-04 04:40:18.558 D/MSF.C.CodecWarpper( 3106): nativeSetAccountKey ,uin=*3097,A1=null,A2=72|9a,A3=null,D1=null,D2=64|5b,S2=null,key=16|76,cookie=null
04-04 04:40:18.558 D/MSF.C.NetConnTag.true( 3106): use full head for uin:*3097
04-04 04:40:18.558 D/MSF.C.NetConnTag.false( 3106): use full head for uin:*3097
04-04 04:40:18.558 D/MSF.C.AccountCenter( 3106): MsfCoreMsgSender handleLoadedAccounts setKey *3097
04-04 04:40:18.558 D/MSF.C.CodecWarpper( 3106): nativeSetAccountKey ,uin=*3097,A1=null,A2=72|9a,A3=null,D1=null,D2=64|5b,S2=null,key=16|76,cookie=null
04-04 04:40:18.558 D/MSF.C.NetConnTag.true( 3106): use full head for uin:*3097
04-04 04:40:18.558 D/MSF.C.NetConnTag.false( 3106): use full head for uin:*3097
04-04 04:40:18.558 D/MSF.C.NetConnTag.true( 3106): ssoping cmd:MSF seq: 17422 timeout: 20000
04-04 04:40:18.559 D/MSF.C.NetConnTag.true( 3106): netSend ssoSeq:17422 uin:0 cmd:BxAW 17443 af6b419 socketEngineID: 0 socket: 183940121
04-04 04:40:18.559 D/WeakNetDetector( 3106): onPingSent ssoSeq=17422 pingSend=1680554418559
04-04 04:40:18.563 I/SharedPreferencesProxyManager( 3106): getProxyInner from mRemoteSPs
04-04 04:40:18.564 I/SharedPreferencesProxyManager( 3311): getProxyInner from mLocalSPs
04-04 04:40:18.565 D/MSF.C.PushManager:PushCoder( 3106): HPush_msf-pushCoder.vendor_push_type:1
04-04 04:40:18.565 D/MSF.C.PushManager:PushCoder( 3106): handlerPush send D6A8E0E019B289A6B2F05168D13A6E31 register push id 7 pushStatus:11 bRegType:1 timeStamp:349 newIP:3574786168 oldIP:0,regPushReason:msfByNetChange extStatus:0 battery:0
04-04 04:40:18.566 I/MSF.S.AppProcessManager( 3106): SendToApp PUSH process:com.tencent.mobileqq fromServiceMsg: FromServiceMsg msName:onConnOpened ssoSeq:17425 serviceCmd:cmd_connOpened appSeq:17424 failCode:1000 cost = 0 needBoot=true from.len = 0
04-04 04:40:18.566 D/PandoraEx.MonitorReporter( 3106): module[network], systemApi[NI#G_TY_NAME], scene[back], strategy[normal], isSystemCall[true
04-04 04:40:18.566 D/PandoraEx.MonitorReporter( 3106): module[network], systemApi[NI#G_TY_NAME], scene[back], strategy[normal], isSystemCall[true
04-04 04:40:18.566 I/MSF.D.NetworkProvider( 3106): refresh currentAPN:. received networkInfo: CONNECTED :NetworkInfo: type: WIFI[], state: CONNECTED/CONNECTED, reason: (unspecified), extra: , roaming: false, failover: false, isAvailable: true, isConnectedToProvisioningNetwork: true. ExtraNetInfo: null
04-04 04:40:18.566 D/MSF.D.Proxy( 3311): onRecvServicePushResp, fromServiceMsg cmd = cmd_connOpened, ssoSeq = 17425, length = 0
04-04 04:40:18.566 D/MSF.C.NetConnTag.true( 3106): [checkSSOVersionChange], set old sso version, msfV20Toggle: true, isSupportNewSSO: false
04-04 04:40:18.566 D/MSF.C.CodecWarpper( 3106): [nativeSetIsSupportNewSSOVersion], isSupportNewSSOVersion: false
04-04 04:40:18.567 D/MSF.C.NetConnTag.true( 3106): msf can not get ssid
04-04 04:40:18.567 D/MSF.C.NetConnTag.true( 3106): current network state: weakNet
04-04 04:40:18.567 D/MSF.C.NetConnTag.true( 3106): msf can not get ssid
04-04 04:40:18.567 D/MSF.C.NetConnTag.true( 3106): current network state: weakNet
04-04 04:40:18.567 D/PandoraEx.MonitorReporter( 3311): module[network], systemApi[NI#G_TY_NAME], scene[back], strategy[normal], isSystemCall[true
04-04 04:40:18.567 D/PandoraEx.MonitorReporter( 3311): module[network], systemApi[NI#G_TY_NAME], scene[back], strategy[normal], isSystemCall[true
04-04 04:40:18.567 I/MSF.D.NetworkProvider( 3311): refresh currentAPN:. received networkInfo: CONNECTED :NetworkInfo: type: WIFI[], state: CONNECTED/CONNECTED, reason: (unspecified), extra: , roaming: false, failover: false, isAvailable: true, isConnectedToProvisioningNetwork: true. ExtraNetInfo: null
04-04 04:40:18.567 D/MSF.C.NetConnTag.true( 3106): p ok re1: [can not reuse old point]17195
04-04 04:40:18.568 D/MSF.C.NetConnTag.true( 3106): netSend ssoSeq:17195 uin:*3097 cmd:GSI2MRk9Ky4vMQMiKHYGFw4cFhUZHXccCwAVCxwUBB0VERUF 18033 af6b419 socketEngineID: 0 socket: 183940121
04-04 04:40:18.568 D/MSF.C.NetConnTag.true( 3106): send Packet addQueue, ssoSeq=17195, uin=*3097
04-04 04:40:18.570 D/MSF.C.NetConnTag.true( 3106): MsfCoreSocketReaderNew closeConn socketEngineID: 0 socket hashcode: 183940121 for reason: readError
04-04 04:40:18.570 D/ReportWeakNetConnTime( 3106): CloseSocket: readError, socket: Socket[address=msfwifi.3g.qq.com/120.232.18.213,port=8080,localPort=53052]
04-04 04:40:18.570 D/MessageHandler( 3311): sendNewRegisterProxy , isGetPassword = false ,randomSeq2075875368, isWakeFromDeepSleep = false
04-04 04:40:18.570 D/MessageHandler( 3311): [ReSendProxy] currentRegisterProxyRandom = 7217926265348093620
04-04 04:40:18.570 D/RegisterProxySvcPackService( 3311): requestNewRegister , type = 1 ,ulRequestOptional = 90562 ,cDisgroupMsgFilter = 1 ,NoticeEndSeq = 2075875368 ,ulSyncTime = 0
04-04 04:40:18.571 E/MSF.C.NetConnTag.true( 3106): close socket has done, socketEngineID: 0socket: 183940121java.lang.Throwable
04-04 04:40:18.571 E/MSF.C.NetConnTag.true( 3106): at com.tencent.mobileqq.msf.core.net.m.a(P:330)
04-04 04:40:18.571 E/MSF.C.NetConnTag.true( 3106): at com.tencent.mobileqq.msf.core.net.m$d.run(P:23)
04-04 04:40:18.571 D/MSF.C.NetConnTag.true( 3106): close Socket GSwzPz8sHjsuJyIxKSt4NzklJz08MWtpLW0hJXQ7KjdlcmJkdGp2aGRyaHpoaXZ2OiwiIGdgdWJ6bzw7OTkpCiUxJGlva3VveB4 by readError
04-04 04:40:18.571 D/MSF.S.ReqHandler( 3106): get infoLogin, but not register push, register now
04-04 04:40:18.571 D/msfCore ( 3106): stopPCActivePolling by regPush
04-04 04:40:18.571 E/SocketReaderNewtrue( 3106): socketEngine: 0socket hashCode: 0SocketReader(119) errorjava.net.SocketException: Connection reset
04-04 04:40:18.571 I/SocketReaderNewtrue( 3106): SocketReader(119) wait
04-04 04:40:18.571 I/MSF.S.AppProcessManager( 3106): SendToApp PUSH process:com.tencent.mobileqq fromServiceMsg: FromServiceMsg msName:onConnClosed ssoSeq:-1 serviceCmd:cmd_connClosed appSeq:17427 failCode:1000 cost = 0 needBoot=false from.len = 0
04-04 04:40:18.572 D/MSF.D.Proxy( 3311): onRecvServicePushResp, fromServiceMsg cmd = cmd_connClosed, ssoSeq = -1, length = 0
04-04 04:40:18.572 I/MSF.S.AppProcessManager( 3106): SendToApp process:com.tencent.mobileqq fromServiceMsg: FromServiceMsg msName:registerPush ssoSeq:-1 serviceCmd:push.register appSeq:-1 failCode:1000 cos t =0 needBoot=false to.len = 0 from.len = 0
04-04 04:40:18.572 D/MSF.D.Proxy( 3311): onReceiveResp, fromServiceMsg = push.register, ssoSeq = -1, length = 0
04-04 04:40:18.573 D/PCActiveEchoManager( 3106): stopEcho succ
04-04 04:40:18.573 I/AutoMonitor( 3311): STEP_SEND_REGISTER_PACKAGE, cost=6
04-04 04:40:18.574 I/NTKernel( 3311): [NTSDK]seq(1344)---- [INFO] session_base.cpp(304)::SetOnMsfStatusChanged [NT Session]->SetOnMsfStatusChanged call: new_status=1, old_status=1, reason=3
04-04 04:40:18.574 I/NTKernel( 3311): [NTSDK]seq(1345)---- [INFO] session_base.cpp(323)::operator() [NT Session]->SetOnMsfStatusChanged ignore unchanged msf status: 1
04-04 04:40:18.587 D/MSF.C.NetConnTag.true( 3106): resetUserSimpleHead not connect network
04-04 04:40:18.588 D/MSF.C.NetConnTag.true( 3106): use full head for uin:*3097
04-04 04:40:18.588 D/MSF.C.NetConnTag.( 3106): clear storeSendSsoSeq tag for uin:*3097
04-04 04:40:18.588 D/MSF.C.NetConnTag.true( 3106): msf can not get ssid
04-04 04:40:18.588 D/MSF.C.NetConnTag.true( 3106): current network state: weakNet
04-04 04:40:18.588 D/MSF.C.NetConnTag.true( 3106): msf can not get ssid
04-04 04:40:18.588 D/MSF.C.NetConnTag.true( 3106): current network state: weakNet
04-04 04:40:18.589 D/MSF.C.NetConnTag.true( 3106): encodeRequest cmd: RegPrxySvc.infoSync, with version = 10, AppId = 537150662, pa ok: 17196
04-04 04:40:18.624 D/MSF.C.NetConnTag.true( 3106): resetUserSimpleHead not connect network
04-04 04:40:18.624 D/MSF.C.NetConnTag.true( 3106): msf can not get ssid
04-04 04:40:18.624 D/MSF.C.NetConnTag.true( 3106): current network state: weakNet
04-04 04:40:18.624 D/MSF.C.NetConnTag.true( 3106): msf can not get ssid
04-04 04:40:18.624 D/MSF.C.NetConnTag.true( 3106): current network state: weakNet
04-04 04:40:18.625 D/MSF.C.NetConnTag.true( 3106): encodeRequest cmd: MessageSvc.PbGetMsg, with version = 10, AppId = 537150662, pa ok: 17197
04-04 04:40:18.636 D/MSF.C.NetConnTag.true( 3106): resetUserSimpleHead not connect network
04-04 04:40:18.636 D/MSF.C.NetConnTag.true( 3106): msf can not get ssid
04-04 04:40:18.636 D/MSF.C.NetConnTag.true( 3106): current network state: weakNet
04-04 04:40:18.636 D/MSF.C.NetConnTag.true( 3106): msf can not get ssid
04-04 04:40:18.636 D/MSF.C.NetConnTag.true( 3106): current network state: weakNet
04-04 04:40:18.637 D/MSF.C.NetConnTag.true( 3106): encodeRequest cmd: MessageSvc.PbGetMsg, with version = 10, AppId = 537150662, pa ok: 17198
04-04 04:40:18.657 D/MSF.C.NetConnTag.true( 3106): resetUserSimpleHead not connect network
04-04 04:40:18.657 D/MSF.C.NetConnTag.true( 3106): msf can not get ssid
04-04 04:40:18.657 D/MSF.C.NetConnTag.true( 3106): current network state: weakNet
04-04 04:40:18.657 D/MSF.C.NetConnTag.true( 3106): msf can not get ssid
04-04 04:40:18.657 D/MSF.C.NetConnTag.true( 3106): current network state: weakNet
04-04 04:40:18.658 D/MSF.C.NetConnTag.true( 3106): encodeRequest cmd: cmd_openConn, with version = 10, AppId = 537150662, pa ok: 17203
04-04 04:40:18.710 D/MSF.C.NetConnTag.true( 3106): resetUserSimpleHead not connect network
04-04 04:40:18.710 D/MSF.C.NetConnTag.true( 3106): use full head for uin:*3097
04-04 04:40:18.710 D/MSF.C.NetConnTag.true( 3106): msf can not get ssid
04-04 04:40:18.710 D/MSF.C.NetConnTag.true( 3106): current network state: weakNet
04-04 04:40:18.710 D/MSF.C.NetConnTag.true( 3106): msf can not get ssid
04-04 04:40:18.711 D/MSF.C.NetConnTag.true( 3106): current network state: weakNet
04-04 04:40:18.711 D/MSF.C.NetConnTag.true( 3106): encodeRequest cmd: RegPrxySvc.infoSync, with version = 10, AppId = 537150662, pa ok: 17204
04-04 04:40:18.749 I/mpu_uart( 645): [MSG-P:RECV]:No message received in 1000 ms
04-04 04:40:18.749 D/MSF.C.NetConnTag.true( 3106): resetUserSimpleHead not connect network
04-04 04:40:18.749 D/MSF.C.NetConnTag.true( 3106): msf can not get ssid
04-04 04:40:18.749 D/MSF.C.NetConnTag.true( 3106): current network state: weakNet
04-04 04:40:18.750 D/MSF.C.NetConnTag.true( 3106): msf can not get ssid
04-04 04:40:18.750 D/MSF.C.NetConnTag.true( 3106): current network state: weakNet
04-04 04:40:18.750 D/MSF.C.NetConnTag.true( 3106): encodeRequest cmd: MessageSvc.PbGetMsg, with version = 10, AppId = 537150662, pa ok: 17205
04-04 04:40:18.789 D/MSF.C.NetConnTag.true( 3106): resetUserSimpleHead not connect network
04-04 04:40:18.789 D/MSF.C.NetConnTag.true( 3106): msf can not get ssid
04-04 04:40:18.789 D/MSF.C.NetConnTag.true( 3106): current network state: weakNet
04-04 04:40:18.790 D/MSF.C.NetConnTag.true( 3106): msf can not get ssid
04-04 04:40:18.790 D/MSF.C.NetConnTag.true( 3106): current network state: weakNet
04-04 04:40:18.790 D/MSF.C.NetConnTag.true( 3106): encodeRequest cmd: MessageSvc.PbGetMsg, with version = 10, AppId = 537150662, pa ok: 17206
04-04 04:40:18.796 I/WnsLogger( 2944): [Q:main][WnsSessionMonitor.cpp:132][monitorSession]:monitorSession
04-04 04:40:18.826 D/MSF.C.NetConnTag.true( 3106): resetUserSimpleHead not connect network
04-04 04:40:18.826 D/MSF.C.NetConnTag.true( 3106): msf can not get ssid
04-04 04:40:18.826 D/MSF.C.NetConnTag.true( 3106): current network state: weakNet
04-04 04:40:18.826 D/MSF.C.NetConnTag.true( 3106): msf can not get ssid
04-04 04:40:18.826 D/MSF.C.NetConnTag.true( 3106): current network state: weakNet
04-04 04:40:18.827 D/MSF.C.NetConnTag.true( 3106): encodeRequest cmd: cmd_openConn, with version = 10, AppId = 537150662, pa ok: 17209
04-04 04:40:18.859 D/MSF.C.NetConnTag.true( 3106): resetUserSimpleHead not connect network
04-04 04:40:18.860 D/MSF.C.NetConnTag.true( 3106): use full head for uin:*3097
04-04 04:40:18.860 D/MSF.C.NetConnTag.true( 3106): msf can not get ssid
04-04 04:40:18.860 D/MSF.C.NetConnTag.true( 3106): current network state: weakNet
04-04 04:40:18.860 D/MSF.C.NetConnTag.true( 3106): msf can not get ssid
04-04 04:40:18.860 D/MSF.C.NetConnTag.true( 3106): current network state: weakNet
04-04 04:40:18.860 D/MSF.C.NetConnTag.true( 3106): encodeRequest cmd: StatSvc.register, with version = 10, AppId = 537150662, pa ok: 17210
04-04 04:40:18.898 D/MSF.C.NetConnTag.true( 3106): resetUserSimpleHead not connect network
04-04 04:40:18.898 D/MSF.C.NetConnTag.true( 3106): msf can not get ssid
04-04 04:40:18.898 D/MSF.C.NetConnTag.true( 3106): current network state: weakNet
04-04 04:40:18.898 D/MSF.C.NetConnTag.true( 3106): msf can not get ssid
04-04 04:40:18.898 D/MSF.C.NetConnTag.true( 3106): current network state: weakNet
04-04 04:40:18.899 D/MSF.C.NetConnTag.true( 3106): encodeRequest cmd: friendlist.GetTroopListReqV2, with version = 10, AppId = 537150662, pa ok: 17213
04-04 04:40:18.926 D/MSF.C.NetConnTag.true( 3106): resetUserSimpleHead not connect network
04-04 04:40:18.926 D/MSF.C.NetConnTag.true( 3106): msf get tps telemetry trace info:00-b56316feb55a70d942b53e73c930de04-9fbf141d179d052d-01
04-04 04:40:18.926 D/MSF.C.NetConnTag.true( 3106): msf can not get ssid
04-04 04:40:18.926 D/MSF.C.NetConnTag.true( 3106): current network state: weakNet
04-04 04:40:18.926 D/MSF.C.NetConnTag.true( 3106): msf get tps telemetry trace info:00-b56316feb55a70d942b53e73c930de04-9fbf141d179d052d-01
04-04 04:40:18.927 D/MSF.C.NetConnTag.true( 3106): msf can not get ssid
04-04 04:40:18.927 D/MSF.C.NetConnTag.true( 3106): current network state: weakNet
04-04 04:40:18.927 D/MSF.C.NetConnTag.true( 3106): encodeRequest cmd: trpc.group_pro.synclogic.SyncLogic.SyncFirstView, with version = 10, AppId = 537150662, pa ok: 17214
04-04 04:40:18.976 D/MSF.C.NetConnTag.true( 3106): resetUserSimpleHead not connect network
04-04 04:40:18.976 D/MSF.C.NetConnTag.true( 3106): msf can not get ssid
04-04 04:40:18.977 D/MSF.C.NetConnTag.true( 3106): current network state: weakNet
04-04 04:40:18.977 D/MSF.C.NetConnTag.true( 3106): msf can not get ssid
04-04 04:40:18.977 D/MSF.C.NetConnTag.true( 3106): current network state: weakNet
04-04 04:40:18.977 D/MSF.C.NetConnTag.true( 3106): encodeRequest cmd: MessageSvc.PbGetMsg, with version = 10, AppId = 537150662, pa ok: 17215
04-04 04:40:19.026 D/MSF.C.NetConnTag.true( 3106): resetUserSimpleHead not connect network
04-04 04:40:19.027 D/MSF.C.NetConnTag.true( 3106): msf can not get ssid
04-04 04:40:19.027 D/MSF.C.NetConnTag.true( 3106): current network state: weakNet
04-04 04:40:19.027 D/MSF.C.NetConnTag.true( 3106): msf can not get ssid
04-04 04:40:19.027 D/MSF.C.NetConnTag.true( 3106): current network state: weakNet
04-04 04:40:19.028 D/MSF.C.NetConnTag.true( 3106): encodeRequest cmd: MessageSvc.PbGetMsg, with version = 10, AppId = 537150662, pa ok: 17216
04-04 04:40:19.055 D/MSF.C.NetConnTag.true( 3106): resetUserSimpleHead not connect network
04-04 04:40:19.055 D/MSF.C.NetConnTag.true( 3106): msf can not get ssid
04-04 04:40:19.055 D/MSF.C.NetConnTag.true( 3106): current network state: weakNet
04-04 04:40:19.055 D/MSF.C.NetConnTag.true( 3106): msf can not get ssid
04-04 04:40:19.055 D/MSF.C.NetConnTag.true( 3106): current network state: weakNet
04-04 04:40:19.056 D/MSF.C.NetConnTag.true( 3106): encodeRequest cmd: WalletConfigSvr.getConfig, with version = 10, AppId = 537150662, pa ok: 17217
04-04 04:40:19.074 D/MSF.C.NetConnTag.true( 3106): resetUserSimpleHead not connect network
04-04 04:40:19.074 D/MSF.C.NetConnTag.true( 3106): msf can not get ssid
04-04 04:40:19.074 D/MSF.C.NetConnTag.true( 3106): current network state: weakNet
04-04 04:40:19.075 D/MSF.C.NetConnTag.true( 3106): msf can not get ssid
04-04 04:40:19.075 D/MSF.C.NetConnTag.true( 3106): current network state: weakNet
04-04 04:40:19.075 D/MSF.C.NetConnTag.true( 3106): encodeRequest cmd: OidbSvc.0x5eb_common, with version = 10, AppId = 537150662, pa ok: 17218
04-04 04:40:19.100 D/MSF.C.NetConnTag.true( 3106): resetUserSimpleHead not connect network
04-04 04:40:19.101 D/MSF.C.NetConnTag.true( 3106): msf can not get ssid
04-04 04:40:19.101 D/MSF.C.NetConnTag.true( 3106): current network state: weakNet
04-04 04:40:19.101 D/MSF.C.NetConnTag.true( 3106): msf can not get ssid
04-04 04:40:19.101 D/MSF.C.NetConnTag.true( 3106): current network state: weakNet
04-04 04:40:19.101 D/MSF.C.NetConnTag.true( 3106): encodeRequest cmd: OidbSvc.0x5eb_22, with version = 10, AppId = 537150662, pa ok: 17219
04-04 04:40:19.126 D/MSF.C.NetConnTag.true( 3106): resetUserSimpleHead not connect network
04-04 04:40:19.127 D/MSF.C.NetConnTag.true( 3106): msf can not get ssid
04-04 04:40:19.127 D/MSF.C.NetConnTag.true( 3106): current network state: weakNet
04-04 04:40:19.127 D/MSF.C.NetConnTag.true( 3106): msf can not get ssid
04-04 04:40:19.127 D/MSF.C.NetConnTag.true( 3106): current network state: weakNet
04-04 04:40:19.127 D/MSF.C.NetConnTag.true( 3106): encodeRequest cmd: OidbSvc.0x5eb_15, with version = 10, AppId = 537150662, pa ok: 17220
04-04 04:40:19.139 D/MSF.C.NetConnTag.true( 3106): resetUserSimpleHead not connect network
04-04 04:40:19.139 D/MSF.C.NetConnTag.true( 3106): msf can not get ssid
04-04 04:40:19.140 D/MSF.C.NetConnTag.true( 3106): current network state: weakNet
04-04 04:40:19.140 D/MSF.C.NetConnTag.true( 3106): msf can not get ssid
04-04 04:40:19.140 D/MSF.C.NetConnTag.true( 3106): current network state: weakNet
04-04 04:40:19.140 D/MSF.C.NetConnTag.true( 3106): encodeRequest cmd: OidbSvc.0x5eb_15, with version = 10, AppId = 537150662, pa ok: 17221