04-04 04:39:37.022 I/NTKernel( 3311): [NTSDK]seq(1192)---- [INFO] connect_job.cc(43)::CreateConnectJob [httpx-ng-0(Otlp_Trace)-9]->proxy_server scheme:2,host:,port:0,username len:0,pass len:0
04-04 04:39:37.022 I/NTKernel( 3311): [NTSDK]seq(1193)---- [INFO] transport_connect_job.cc(308)::ConnectInternal [httpx-ng-0(Otlp_Trace)-9]->host is tpstelemetry.tencent.com, need DNS
04-04 04:39:37.028 I/NTKernel( 3311): [NTSDK]seq(1194)---- [INFO] transport_connect_job.cc(179)::OnResolveHostComplete [httpx-ng-0(Otlp_Trace)-9]->after host resolve, endpoint:183.2.143.108:443
04-04 04:39:37.028 I/NTKernel( 3311): [NTSDK]seq(1195)---- [INFO] transport_connect_job.cc(200)::DoTransportConnect [httpx-ng-0(Otlp_Trace)-9]->is need try ipv6 connect with ipv4 fallback:0
04-04 04:39:37.103 I/NTKernel( 3311): [NTSDK]seq(1196)---- [INFO] transport_connect_job.cc(221)::DoTransportConnectComplete [httpx-ng-0(Otlp_Trace)-9]->transport connect complete, peer_addr:183.2.143.108:443, local_addr:192.168.124.45:47740
04-04 04:39:37.103 I/NTKernel( 3311): [NTSDK]seq(1197)---- [INFO] http_socket.cc(148)::OnConnectJobComplete [httpx-ng-0(Otlp_Trace)-9]->SSLSocket connect to tpstelemetry.tencent.com:443 result = OK(0)
04-04 04:39:37.104 I/NTKernel( 3311): [NTSDK]seq(1198)---- [INFO] http_socket.cc(161)::HandleConnectSuccess [httpx-ng-0(Otlp_Trace)-9]->success to connect tpstelemetry.tencent.com:443
04-04 04:39:37.104 I/NTKernel( 3311): [NTSDK]seq(1199)---- [INFO] ssl_socket.cc(231)::HandleConnectSuccessInternal [httpx-ng-0(Otlp_Trace)-9]->success to init SSL, will do SSL shake hand
04-04 04:39:37.152 I/OpenGLRenderer( 2940): Davey! duration=9223371761882ms; Flags=0, FrameTimelineVsyncId=5386, IntendedVsync=274972414094, Vsync=274972414094, InputEventId=0, HandleInputStart=274972989997, AnimationStart=274972993851, PerformTraversalsStart=274972996716, DrawStart=274974473018, FrameDeadline=275005747426, FrameInterval=274972979216, FrameStartTime=16666666, SyncQueued=274975102341, SyncStart=274975235622, IssueDrawCommandsStart=274976193278, SwapBuffers=274983125882, FrameCompleted=9223372036854775807, DequeueBufferDuration=51250, QueueBufferDuration=1340052, GpuCompleted=9223372036854775807, SwapBuffersCompleted=274985197028, DisplayPresentTime=0,
04-04 04:39:37.206 I/NTKernel( 3311): [NTSDK]seq(1200)---- [INFO] ssl_socket.cc(361)::CheckHost [httpx-ng-0(Otlp_Trace)-9]->SSL host check ok, pattern_host = tpstelemetry.tencent.com, domain = tpstelemetry.tencent.com.
04-04 04:39:37.207 I/NTKernel( 3311): [NTSDK]seq(1201)---- [INFO] ssl_socket.cc(258)::DoSSLShakeHand [httpx-ng-0(Otlp_Trace)-9]->success to SSL Shake Hand
04-04 04:39:37.207 I/NTKernel( 3311): [NTSDK]seq(1202)---- [INFO] http_stream.cc(323)::ConnectSuccessHandle [httpx-ng-0(Otlp_Trace)-9]->HttpSocket connect completed...
04-04 04:39:37.207 I/NTKernel( 3311): [NTSDK]seq(1203)---- [INFO] http_stream.cc(340)::ConnectSuccessHandle [httpx-ng-0(Otlp_Trace)-9]->peer address: 183.2.143.108:443, local address = 192.168.124.45:47740, wait to BuildRequestLineAndHeaders
04-04 04:39:37.207 I/NTKernel( 3311): [NTSDK]seq(1204)---- [INFO] http_stream.cc(578)::PostBuildRequestTask [httpx-ng-0(Otlp_Trace)-9]->will post build http request task to threadpool
04-04 04:39:37.208 I/NTKernel( 3311): [NTSDK]seq(1205)---- [INFO] http_stream.cc(566)::BuildRequestLineAndHeaders [httpx-ng-0(Otlp_Trace)-9]->http request header:POST /v1/trace HTTP/1.1;;Host: tpstelemetry.tencent.com:443;;Accept: */*;;Connection: Keep-Alive;;User-Agent: Mozilla/5.0 (compatible; MSIE 10.0; Windows NT 6.2);;Pragma: no-cache;;Content-Length: 890;;Content-Type: application/x-protobuf;;X-Tps-Tenantid: qq;;;;
04-04 04:39:37.208 I/NTKernel( 3311): [NTSDK]seq(1206)---- [INFO] http_stream.cc(376)::TransactionBegin [httpx-ng-0(Otlp_Trace)-9]->begin to write request and read response
04-04 04:39:37.209 I/NTKernel( 3311): [NTSDK]seq(1207)---- [INFO] http_stream.cc(1612)::NotifyOnTransactionStart [httpx-ng-0(Otlp_Trace)-9]->will start transaction...
04-04 04:39:37.209 I/NTKernel( 3311): [NTSDK]seq(1208)---- [INFO] http_stream.cc(755)::SendRequestComplete [httpx-ng-0(Otlp_Trace)-9]->will begin to HTTP Post...
04-04 04:39:37.210 I/NTKernel( 3311): [NTSDK]seq(1209)---- [INFO] http_stream.cc(782)::SendRequestComplete [httpx-ng-0(Otlp_Trace)-9]->finish to write http request
04-04 04:39:37.302 I/NTKernel( 3311): [NTSDK]seq(1210)---- [INFO] http_response_info.cc(153)::FindAndParseResponseHeaders [httpx-ng-0(Otlp_Trace)-9]->response header end find, 200/200
04-04 04:39:37.303 I/NTKernel( 3311): [NTSDK]seq(1211)---- [INFO] http_response_headers.cc(160)::TryToCreate [httpx-ng-0(Otlp_Trace)-9]->Get http response header: HTTP/1.1 200 OK;;Date: Tue, 04 Apr 2023 05:53:00 GMT;;Content-Type: application/x-protobuf;;Content-Length: 0;;Connection: keep-alive;;vary: Origin;;x-envoy-upstream-service-time: 1;;server: envoy;;;;
04-04 04:39:37.303 I/NTKernel( 3311): [NTSDK]seq(1212)---- [INFO] http_stream.cc(922)::ReadResponseBody [httpx-ng-0(Otlp_Trace)-9]->Http response body read complete
04-04 04:39:37.303 I/NTKernel( 3311): [NTSDK]seq(1213)---- [INFO] http_stream.cc(1214)::JoinHttpSocket [httpx-ng-0(Otlp_Trace)-9]->will try to join http_socket: tpstelemetry.tencent.com:443
04-04 04:39:37.304 I/NTKernel( 3311): [NTSDK]seq(1214)---- [INFO] socket_pool.cc(109)::JoinHttpSocket [httpx-ng-SocketPool]->socket timestamp:2023-04-04 04:39:37.022236981, socket pool timestamp:2023-04-04 04:39:37.021782294, ready to join
04-04 04:39:37.304 I/NTKernel( 3311): [NTSDK]seq(1215)---- [INFO] socket_pool.cc(297)::CalculateExpireTime [httpx-ng-SocketPool]->CalculateExpireTime tpstelemetry.tencent.com:443 expire_time = 2023-04-04 04:40:00.304154377
04-04 04:39:37.304 I/NTKernel( 3311): [NTSDK]seq(1216)---- [INFO] socket_pool.cc(133)::JoinHttpSocket [httpx-ng-SocketPool]->will join tpstelemetry.tencent.com:443
04-04 04:39:37.304 I/OpenGLRenderer( 2940): Davey! duration=9223371761731ms; Flags=0, FrameTimelineVsyncId=5389, IntendedVsync=275122770911, Vsync=275122770911, InputEventId=0, HandleInputStart=275123548486, AnimationStart=275123552809, PerformTraversalsStart=275123555986, DrawStart=275124789476, FrameDeadline=275156104243, FrameInterval=275123537184, FrameStartTime=16666666, SyncQueued=275125644736, SyncStart=275125799997, IssueDrawCommandsStart=275126782913, SwapBuffers=275133499059, FrameCompleted=9223372036854775807, DequeueBufferDuration=46823, QueueBufferDuration=1175313, GpuCompleted=9223372036854775807, SwapBuffersCompleted=275135329945, DisplayPresentTime=0,
04-04 04:39:37.304 I/NTKernel( 3311): [NTSDK]seq(1217)---- [INFO] http_stream.cc(1634)::NotifyOnTransactionComplete [httpx-ng-0(Otlp_Trace)-9]->http stream complete_code = 0
04-04 04:39:37.305 I/NTKernel( 3311): [NTSDK]seq(1218)---- [INFO] otlp_http_client.cc(170)::UploadNext [OtlpExpoter]->Export UploadNext is running=[0] need_reset_http=[0] report_info_waiting_queue=[0]
04-04 04:39:37.454 I/OpenGLRenderer( 2940): Davey! duration=9223371761581ms; Flags=0, FrameTimelineVsyncId=5392, IntendedVsync=275273134375, Vsync=275273134375, InputEventId=0, HandleInputStart=275273873278, AnimationStart=275273876976, PerformTraversalsStart=275273879788, DrawStart=275275020049, FrameDeadline=275306467707, FrameInterval=275273863590, FrameStartTime=16666666, SyncQueued=275275833955, SyncStart=275275976403, IssueDrawCommandsStart=275276929893, SwapBuffers=275283263382, FrameCompleted=9223372036854775807, DequeueBufferDuration=43594, QueueBufferDuration=1156354, GpuCompleted=9223372036854775807, SwapBuffersCompleted=275285013070, DisplayPresentTime=0,
04-04 04:39:37.491 I/auditd ( 0): type=1400 audit(0.0:531): avc: denied { kill } for comm="swapper/3" capability=5 scontext=u:r:kernel:s0 tcontext=u:r:kernel:s0 tclass=capability permissive=0
04-04 04:39:37.491 W/swapper/3( 0): type=1400 audit(0.0:531): avc: denied { kill } for capability=5 scontext=u:r:kernel:s0 tcontext=u:r:kernel:s0 tclass=capability permissive=0
04-04 04:39:37.605 I/OpenGLRenderer( 2940): Davey! duration=9223371761431ms; Flags=0, FrameTimelineVsyncId=5395, IntendedVsync=275423520895, Vsync=275423520895, InputEventId=0, HandleInputStart=275424226142, AnimationStart=275424229476, PerformTraversalsStart=275424232809, DrawStart=275425466090, FrameDeadline=275456854227, FrameInterval=275424216038, FrameStartTime=16666666, SyncQueued=275426308799, SyncStart=275426449007, IssueDrawCommandsStart=275427246142, SwapBuffers=275433905570, FrameCompleted=9223372036854775807, DequeueBufferDuration=43906, QueueBufferDuration=1162343, GpuCompleted=9223372036854775807, SwapBuffersCompleted=275435751299, DisplayPresentTime=0,
04-04 04:39:37.646 D/audio_hw_primary( 804): copl(0xf1b0a7e0):out of compress_wait
04-04 04:39:37.650 D/audio_hw_primary( 804): No space available in compress driver, post msg to cb thread
04-04 04:39:37.650 D/audio_hw_primary( 804): copl(0xf1b0a7e0):calling compress_wait
04-04 04:39:37.672 D/MSF.C.NetConnTag.true( 3106): preDetectTimeoutMsg cmd:ByYjJzs/IAk8IH4EOB8gLgcwNw, ssoSeq:17257
04-04 04:39:37.673 D/MSF.C.NetConnTag.true( 3106): preDetectTimeoutMsg cmd:ByYjJzs/IAk8IH4EOB8gLgcwNw, ssoSeq:17258
04-04 04:39:37.730 I/mpu_uart( 645): [MSG-P:RECV]:No message received in 1000 ms
04-04 04:39:37.755 I/OpenGLRenderer( 2940): Davey! duration=9223371761280ms; Flags=0, FrameTimelineVsyncId=5398, IntendedVsync=275573871379, Vsync=275573871379, InputEventId=0, HandleInputStart=275574629632, AnimationStart=275574633538, PerformTraversalsStart=275574636715, DrawStart=275575861872, FrameDeadline=275607204711, FrameInterval=275574619320, FrameStartTime=16666666, SyncQueued=275576686924, SyncStart=275576846455, IssueDrawCommandsStart=275577757653, SwapBuffers=275584832757, FrameCompleted=9223372036854775807, DequeueBufferDuration=50573, QueueBufferDuration=1186666, GpuCompleted=9223372036854775807, SwapBuffersCompleted=275586848747, DisplayPresentTime=0,
04-04 04:39:37.905 I/OpenGLRenderer( 2940): Davey! duration=9223371761130ms; Flags=0, FrameTimelineVsyncId=5401, IntendedVsync=275724221603, Vsync=275724221603, InputEventId=0, HandleInputStart=275725194528, AnimationStart=275725198122, PerformTraversalsStart=275725201403, DrawStart=275726373642, FrameDeadline=275757554935, FrameInterval=275725182965, FrameStartTime=16666666, SyncQueued=275727214059, SyncStart=275727360517, IssueDrawCommandsStart=275728251038, SwapBuffers=275734579372, FrameCompleted=9223372036854775807, DequeueBufferDuration=44635, QueueBufferDuration=1168698, GpuCompleted=9223372036854775807, SwapBuffersCompleted=275736403799, DisplayPresentTime=0,
04-04 04:39:37.913 I/mpu_uart( 645): [MSG-P:R]:recv sync frame timeout
04-04 04:39:37.945 W/Settings( 3106): Setting airplane_mode_on has moved from android.provider.Settings.System to android.provider.Settings.Global, returning read-only value.
04-04 04:39:37.947 W/Settings( 3106): Setting airplane_mode_on has moved from android.provider.Settings.System to android.provider.Settings.Global, returning read-only value.
04-04 04:39:37.948 W/Settings( 3106): Setting airplane_mode_on has moved from android.provider.Settings.System to android.provider.Settings.Global, returning read-only value.
04-04 04:39:37.950 W/Settings( 3106): Setting airplane_mode_on has moved from android.provider.Settings.System to android.provider.Settings.Global, returning read-only value.
04-04 04:39:37.951 W/Settings( 3106): Setting airplane_mode_on has moved from android.provider.Settings.System to android.provider.Settings.Global, returning read-only value.
04-04 04:39:37.952 W/Settings( 3106): Setting airplane_mode_on has moved from android.provider.Settings.System to android.provider.Settings.Global, returning read-only value.
04-04 04:39:37.953 W/Settings( 3106): Setting airplane_mode_on has moved from android.provider.Settings.System to android.provider.Settings.Global, returning read-only value.
04-04 04:39:37.954 W/Settings( 3106): Setting airplane_mode_on has moved from android.provider.Settings.System to android.provider.Settings.Global, returning read-only value.
04-04 04:39:37.956 W/Settings( 3106): Setting airplane_mode_on has moved from android.provider.Settings.System to android.provider.Settings.Global, returning read-only value.
04-04 04:39:37.957 W/Settings( 3106): Setting airplane_mode_on has moved from android.provider.Settings.System to android.provider.Settings.Global, returning read-only value.
04-04 04:39:37.958 W/Settings( 3106): Setting airplane_mode_on has moved from android.provider.Settings.System to android.provider.Settings.Global, returning read-only value.
04-04 04:39:37.959 W/Settings( 3106): Setting airplane_mode_on has moved from android.provider.Settings.System to android.provider.Settings.Global, returning read-only value.
04-04 04:39:37.960 W/Settings( 3106): Setting airplane_mode_on has moved from android.provider.Settings.System to android.provider.Settings.Global, returning read-only value.
04-04 04:39:38.056 I/OpenGLRenderer( 2940): Davey! duration=9223371760980ms; Flags=0, FrameTimelineVsyncId=5404, IntendedVsync=275874607974, Vsync=275874607974, InputEventId=0, HandleInputStart=275875208121, AnimationStart=275875212236, PerformTraversalsStart=275875215101, DrawStart=275876482861, FrameDeadline=275907941306, FrameInterval=275875195830, FrameStartTime=16666666, SyncQueued=275877337236, SyncStart=275877486038, IssueDrawCommandsStart=275878366611, SwapBuffers=275885048955, FrameCompleted=9223372036854775807, DequeueBufferDuration=46198, QueueBufferDuration=1193021, GpuCompleted=9223372036854775807, SwapBuffersCompleted=275886919528, DisplayPresentTime=0,
04-04 04:39:38.156 I/OpenGLRenderer( 2940): Davey! duration=9223371760879ms; Flags=0, FrameTimelineVsyncId=5407, IntendedVsync=275974856719, Vsync=275974856719, InputEventId=0, HandleInputStart=275975386142, AnimationStart=275975390309, PerformTraversalsStart=275975393382, DrawStart=275976995153, FrameDeadline=276008190051, FrameInterval=275975375049, FrameStartTime=16666666, SyncQueued=275977652080, SyncStart=275977800517, IssueDrawCommandsStart=275978599632, SwapBuffers=275985325621, FrameCompleted=9223372036854775807, DequeueBufferDuration=40156, QueueBufferDuration=1069479, GpuCompleted=9223372036854775807, SwapBuffersCompleted=275986954580, DisplayPresentTime=0,
04-04 04:39:38.306 I/OpenGLRenderer( 2940): Davey! duration=9223371760729ms; Flags=0, FrameTimelineVsyncId=5410, IntendedVsync=276125212194, Vsync=276125212194, InputEventId=0, HandleInputStart=276125813851, AnimationStart=276125817028, PerformTraversalsStart=276125820413, DrawStart=276126923642, FrameDeadline=276158545526, FrameInterval=276125804059, FrameStartTime=16666666, SyncQueued=276127724163, SyncStart=276128163434, IssueDrawCommandsStart=276128965882, SwapBuffers=276135926976, FrameCompleted=9223372036854775807, DequeueBufferDuration=43385, QueueBufferDuration=1058906, GpuCompleted=9223372036854775807, SwapBuffersCompleted=276137751246, DisplayPresentTime=0,
04-04 04:39:38.456 D/audio_hw_primary( 804): copl(0xf1b0a7e0):out of compress_wait
04-04 04:39:38.458 I/OpenGLRenderer( 2940): Davey! duration=9223371760578ms; Flags=0, FrameTimelineVsyncId=5413, IntendedVsync=276275563755, Vsync=276275563755, InputEventId=0, HandleInputStart=276276137705, AnimationStart=276276140569, PerformTraversalsStart=276276143278, DrawStart=276277132913, FrameDeadline=276308897087, FrameInterval=276276129528, FrameStartTime=16666666, SyncQueued=276277832132, SyncStart=276278174371, IssueDrawCommandsStart=276278977913, SwapBuffers=276285866923, FrameCompleted=9223372036854775807, DequeueBufferDuration=46406, QueueBufferDuration=1288073, GpuCompleted=9223372036854775807, SwapBuffersCompleted=276287860882, DisplayPresentTime=0,
04-04 04:39:38.459 D/audio_hw_primary( 804): No space available in compress driver, post msg to cb thread
04-04 04:39:38.460 D/audio_hw_primary( 804): copl(0xf1b0a7e0):calling compress_wait
04-04 04:39:38.495 I/auditd ( 0): type=1400 audit(0.0:532): avc: denied { kill } for comm="swapper/3" capability=5 scontext=u:r:kernel:s0 tcontext=u:r:kernel:s0 tclass=capability permissive=0
04-04 04:39:38.495 W/swapper/3( 0): type=1400 audit(0.0:532): avc: denied { kill } for capability=5 scontext=u:r:kernel:s0 tcontext=u:r:kernel:s0 tclass=capability permissive=0
04-04 04:39:38.607 I/OpenGLRenderer( 2940): Davey! duration=9223371760428ms; Flags=0, FrameTimelineVsyncId=5416, IntendedVsync=276425912380, Vsync=276425912380, InputEventId=0, HandleInputStart=276426517080, AnimationStart=276426522132, PerformTraversalsStart=276426525257, DrawStart=276427764996, FrameDeadline=276459245712, FrameInterval=276426505778, FrameStartTime=16666666, SyncQueued=276428815673, SyncStart=276428978069, IssueDrawCommandsStart=276430029528, SwapBuffers=276437029580, FrameCompleted=9223372036854775807, DequeueBufferDuration=51146, QueueBufferDuration=1384218, GpuCompleted=9223372036854775807, SwapBuffersCompleted=276439146819, DisplayPresentTime=0,
04-04 04:39:38.635 D/MSF.C.NetConnTag.( 3106): netRecv ssoSeq:17246 uin:*3097 cmd:GCY3BCggPAk8IH49ND4qCTMtMw costTime:30000 SignalStrengths wifi:0 gsm:0 cdma:0 net:2 code:1002 failMsg:wait serverResp timeout
04-04 04:39:38.635 D/MSF.C.NetConnTag.true( 3106): not tag regprxysvc resp seq:17246 by disconn, sockethashcode = 0
04-04 04:39:38.636 I/MSF.C.PushManager( 3106): not need to update lastRecvTimeForSG, isConned:false
04-04 04:39:38.636 I/MSF.S.AppProcessManager( 3106): SendToApp process:com.tencent.mobileqq fromServiceMsg: FromServiceMsg msName:unknown ssoSeq:17246 serviceCmd:RegPrxySvc.infoSync appSeq:303 failCode:1002 cos t =0 needBoot=false to.len = 418 from.len = 0
04-04 04:39:38.638 D/MSF.D.Proxy( 3311): onReceiveResp, fromServiceMsg = RegPrxySvc.infoSync, ssoSeq = 17246, length = 0
04-04 04:39:38.730 I/mpu_uart( 645): [MSG-P:RECV]:No message received in 1000 ms
04-04 04:39:38.757 I/OpenGLRenderer( 2940): Davey! duration=9223371760278ms; Flags=0, FrameTimelineVsyncId=5419, IntendedVsync=276576271716, Vsync=276576271716, InputEventId=0, HandleInputStart=276576941923, AnimationStart=276576946402, PerformTraversalsStart=276576949840, DrawStart=276578222027, FrameDeadline=276609605048, FrameInterval=276576930205, FrameStartTime=16666666, SyncQueued=276579093330, SyncStart=276579300465, IssueDrawCommandsStart=276580388850, SwapBuffers=276587324736, FrameCompleted=9223372036854775807, DequeueBufferDuration=53802, QueueBufferDuration=1277240, GpuCompleted=9223372036854775807, SwapBuffersCompleted=276589280986, DisplayPresentTime=0,
04-04 04:39:38.908 I/OpenGLRenderer( 2940): Davey! duration=9223371760128ms; Flags=0, FrameTimelineVsyncId=5422, IntendedVsync=276726622454, Vsync=276726622454, InputEventId=0, HandleInputStart=276727442704, AnimationStart=276727445882, PerformTraversalsStart=276727448590, DrawStart=276728585152, FrameDeadline=276759955786, FrameInterval=276727434892, FrameStartTime=16666666, SyncQueued=276729209527, SyncStart=276729354371, IssueDrawCommandsStart=276730210309, SwapBuffers=276736920152, FrameCompleted=9223372036854775807, DequeueBufferDuration=47657, QueueBufferDuration=1270313, GpuCompleted=9223372036854775807, SwapBuffersCompleted=276738912861, DisplayPresentTime=0,
04-04 04:39:39.015 D/MSF.C.NetConnTag.true( 3106): preDetectTimeoutMsg cmd:GTcxIAkuJnQ4Jjc9KSwgKA, ssoSeq:17265
04-04 04:39:39.059 I/OpenGLRenderer( 2940): Davey! duration=9223371759977ms; Flags=0, FrameTimelineVsyncId=5425, IntendedVsync=276876973556, Vsync=276876973556, InputEventId=0, HandleInputStart=276877806246, AnimationStart=276877809892, PerformTraversalsStart=276877812704, DrawStart=276878917809, FrameDeadline=276910306888, FrameInterval=276877797548, FrameStartTime=16666666, SyncQueued=276879643017, SyncStart=276879799319, IssueDrawCommandsStart=276880653902, SwapBuffers=276886881402, FrameCompleted=9223372036854775807, DequeueBufferDuration=39844, QueueBufferDuration=1443698, GpuCompleted=9223372036854775807, SwapBuffersCompleted=276889004840, DisplayPresentTime=0,
04-04 04:39:39.157 I/OpenGLRenderer( 2940): Davey! duration=9223371759877ms; Flags=0, FrameTimelineVsyncId=5428, IntendedVsync=276977235723, Vsync=276977235723, InputEventId=0, HandleInputStart=276977820673, AnimationStart=276977824944, PerformTraversalsStart=276977827756, DrawStart=276979441350, FrameDeadline=277010569055, FrameInterval=276977810673, FrameStartTime=16666666, SyncQueued=276980331506, SyncStart=276980678486, IssueDrawCommandsStart=276981684423, SwapBuffers=276989002548, FrameCompleted=9223372036854775807, DequeueBufferDuration=51667, QueueBufferDuration=1397656, GpuCompleted=9223372036854775807, SwapBuffersCompleted=276991045465, DisplayPresentTime=0,
04-04 04:39:39.296 D/audio_hw_primary( 804): copl(0xf1b0a7e0):out of compress_wait
04-04 04:39:39.300 D/audio_hw_primary( 804): No space available in compress driver, post msg to cb thread
04-04 04:39:39.301 D/audio_hw_primary( 804): copl(0xf1b0a7e0):calling compress_wait
04-04 04:39:39.309 I/OpenGLRenderer( 2940): Davey! duration=9223371759727ms; Flags=0, FrameTimelineVsyncId=5431, IntendedVsync=277127616612, Vsync=277127616612, InputEventId=0, HandleInputStart=277128202913, AnimationStart=277128206558, PerformTraversalsStart=277128209371, DrawStart=277129251715, FrameDeadline=277160949944, FrameInterval=277128194111, FrameStartTime=16666666, SyncQueued=277129859788, SyncStart=277129982704, IssueDrawCommandsStart=277130865413, SwapBuffers=277137028173, FrameCompleted=9223372036854775807, DequeueBufferDuration=41250, QueueBufferDuration=1078177, GpuCompleted=9223372036854775807, SwapBuffersCompleted=277138734579, DisplayPresentTime=0,
04-04 04:39:39.334 D/WeakNetDetector( 3106): [MSF_StatReportThread] onPingRecved ssoSeq=17320 pingSend=1680554376316 pingRecv=1680554379334 cost=3018
04-04 04:39:39.391 E/tlogd ( 1298): [TzLogger](isPathReadable) file /sys/kernel/debug/tzdbg/qsee_log isn't exist or no permission, err: No such file or directory
04-04 04:39:39.391 E/tlogd ( 1298): [TzLogger](saveTzlogAsync) /sys/kernel/debug/tzdbg/qsee_log can not read.
04-04 04:39:39.391 E/tlogd ( 1298): [TzLogger](isPathReadable) file /sys/kernel/debug/tzdbg/log isn't exist or no permission, err: No such file or directory
04-04 04:39:39.391 E/tlogd ( 1298): [TzLogger](saveTzlogAsync) /sys/kernel/debug/tzdbg/log can not read.
04-04 04:39:39.456 I/OpenGLRenderer( 2940): Davey! duration=9223371759576ms; Flags=0, FrameTimelineVsyncId=5434, IntendedVsync=277277961564, Vsync=277277961564, InputEventId=0, HandleInputStart=277278931767, AnimationStart=277278935986, PerformTraversalsStart=277278938798, DrawStart=277280299058, FrameDeadline=277311294896, FrameInterval=277278919736, FrameStartTime=16666666, SyncQueued=277281204163, SyncStart=277281417600, IssueDrawCommandsStart=277282345100, SwapBuffers=277288917548, FrameCompleted=9223372036854775807, DequeueBufferDuration=48854, QueueBufferDuration=1108854, GpuCompleted=9223372036854775807, SwapBuffersCompleted=277290698173, DisplayPresentTime=0,
04-04 04:39:39.491 I/auditd ( 0): type=1400 audit(0.0:533): avc: denied { kill } for comm="swapper/3" capability=5 scontext=u:r:kernel:s0 tcontext=u:r:kernel:s0 tclass=capability permissive=0
04-04 04:39:39.491 W/swapper/3( 0): type=1400 audit(0.0:533): avc: denied { kill } for capability=5 scontext=u:r:kernel:s0 tcontext=u:r:kernel:s0 tclass=capability permissive=0
04-04 04:39:39.609 I/OpenGLRenderer( 2940): Davey! duration=9223371759426ms; Flags=0, FrameTimelineVsyncId=5437, IntendedVsync=277428350166, Vsync=277428350166, InputEventId=0, HandleInputStart=277429282756, AnimationStart=277429285881, PerformTraversalsStart=277429288746, DrawStart=277430389527, FrameDeadline=277461683498, FrameInterval=277429273485, FrameStartTime=16666666, SyncQueued=277431267392, SyncStart=277431601767, IssueDrawCommandsStart=277432509371, SwapBuffers=277438924371, FrameCompleted=9223372036854775807, DequeueBufferDuration=43489, QueueBufferDuration=1318230, GpuCompleted=9223372036854775807, SwapBuffersCompleted=277440913642, DisplayPresentTime=0,
04-04 04:39:39.730 I/mpu_uart( 645): [MSG-P:RECV]:No message received in 1000 ms
04-04 04:39:39.760 I/OpenGLRenderer( 2940): Davey! duration=9223371759275ms; Flags=0, FrameTimelineVsyncId=5440, IntendedVsync=277578725923, Vsync=277578725923, InputEventId=0, HandleInputStart=277579273850, AnimationStart=277579276819, PerformTraversalsStart=277579279579, DrawStart=277580456402, FrameDeadline=277612059255, FrameInterval=277579263798, FrameStartTime=16666666, SyncQueued=277581199475, SyncStart=277581347548, IssueDrawCommandsStart=277582181975, SwapBuffers=277588660985, FrameCompleted=9223372036854775807, DequeueBufferDuration=47448, QueueBufferDuration=1137865, GpuCompleted=9223372036854775807, SwapBuffersCompleted=277590421090, DisplayPresentTime=0,
04-04 04:39:39.910 I/OpenGLRenderer( 2940): Davey! duration=9223371759125ms; Flags=0, FrameTimelineVsyncId=5443, IntendedVsync=277729082167, Vsync=277729082167, InputEventId=0, HandleInputStart=277729925569, AnimationStart=277729929371, PerformTraversalsStart=277729932444, DrawStart=277731036298, FrameDeadline=277762415499, FrameInterval=277729915621, FrameStartTime=16666666, SyncQueued=277731592444, SyncStart=277731750933, IssueDrawCommandsStart=277732538329, SwapBuffers=277738876610, FrameCompleted=9223372036854775807, DequeueBufferDuration=37136, QueueBufferDuration=1393906, GpuCompleted=9223372036854775807, SwapBuffersCompleted=277740958694, DisplayPresentTime=0,
04-04 04:39:40.060 I/OpenGLRenderer( 2940): Davey! duration=9223371758975ms; Flags=0, FrameTimelineVsyncId=5446, IntendedVsync=277879442443, Vsync=277879442443, InputEventId=0, HandleInputStart=277880106767, AnimationStart=277880110204, PerformTraversalsStart=277880113381, DrawStart=277881120673, FrameDeadline=277912775775, FrameInterval=277880098485, FrameStartTime=16666666, SyncQueued=277881906037, SyncStart=277882181662, IssueDrawCommandsStart=277882867496, SwapBuffers=277889447756, FrameCompleted=9223372036854775807, DequeueBufferDuration=36979, QueueBufferDuration=1307187, GpuCompleted=9223372036854775807, SwapBuffersCompleted=277891442652, DisplayPresentTime=0,
04-04 04:39:40.116 D/audio_hw_primary( 804): copl(0xf1b0a7e0):out of compress_wait
04-04 04:39:40.120 D/audio_hw_primary( 804): No space available in compress driver, post msg to cb thread
04-04 04:39:40.120 D/audio_hw_primary( 804): copl(0xf1b0a7e0):calling compress_wait
04-04 04:39:40.161 I/OpenGLRenderer( 2940): Davey! duration=9223371758874ms; Flags=0, FrameTimelineVsyncId=5449, IntendedVsync=277979665744, Vsync=277979665744, InputEventId=0, HandleInputStart=277980324110, AnimationStart=277980327756, PerformTraversalsStart=277980330621, DrawStart=277981801610, FrameDeadline=278012999076, FrameInterval=277980313954, FrameStartTime=16666666, SyncQueued=277982696975, SyncStart=277982867652, IssueDrawCommandsStart=277983817808, SwapBuffers=277990542183, FrameCompleted=9223372036854775807, DequeueBufferDuration=46198, QueueBufferDuration=1639063, GpuCompleted=9223372036854775807, SwapBuffersCompleted=277992860204, DisplayPresentTime=0,
04-04 04:39:40.311 I/OpenGLRenderer( 2940): Davey! duration=9223371758724ms; Flags=0, FrameTimelineVsyncId=5452, IntendedVsync=278130014942, Vsync=278130014942, InputEventId=0, HandleInputStart=278130566246, AnimationStart=278130569996, PerformTraversalsStart=278130573069, DrawStart=278131762860, FrameDeadline=278163348274, FrameInterval=278130555569, FrameStartTime=16666666, SyncQueued=278132530933, SyncStart=278132701506, IssueDrawCommandsStart=278133472964, SwapBuffers=278139955152, FrameCompleted=9223372036854775807, DequeueBufferDuration=39011, QueueBufferDuration=1198125, GpuCompleted=9223372036854775807, SwapBuffersCompleted=278141998589, DisplayPresentTime=0,
04-04 04:39:40.362 D/MSF.C.NetConnTag.true( 3106): preDetectTimeoutMsg cmd:PjEgN3Q3dnQvIDQ8BTkmOS8wI3ofOyEyCyAzMSkrawk5LBUnLjknNiMwOAcyOTc/ASYp, ssoSeq:17270
04-04 04:39:40.461 I/OpenGLRenderer( 2940): Davey! duration=9223371758574ms; Flags=0, FrameTimelineVsyncId=5455, IntendedVsync=278280388134, Vsync=278280388134, InputEventId=0, HandleInputStart=278280921089, AnimationStart=278280924318, PerformTraversalsStart=278280927131, DrawStart=278281987808, FrameDeadline=278313721466, FrameInterval=278280912183, FrameStartTime=16666666, SyncQueued=278282820673, SyncStart=278283160204, IssueDrawCommandsStart=278283916662, SwapBuffers=278290468277, FrameCompleted=9223372036854775807, DequeueBufferDuration=183438, QueueBufferDuration=1439219, GpuCompleted=9223372036854775807, SwapBuffersCompleted=278292547391, DisplayPresentTime=0,
04-04 04:39:40.491 I/auditd ( 0): type=1400 audit(0.0:534): avc: denied { kill } for comm="swapper/3" capability=5 scontext=u:r:kernel:s0 tcontext=u:r:kernel:s0 tclass=capability permissive=0
04-04 04:39:40.491 W/swapper/3( 0): type=1400 audit(0.0:534): avc: denied { kill } for capability=5 scontext=u:r:kernel:s0 tcontext=u:r:kernel:s0 tclass=capability permissive=0
04-04 04:39:40.611 I/OpenGLRenderer( 2940): Davey! duration=9223371758423ms; Flags=0, FrameTimelineVsyncId=5458, IntendedVsync=278430728902, Vsync=278430728902, InputEventId=0, HandleInputStart=278431440777, AnimationStart=278431444735, PerformTraversalsStart=278431447339, DrawStart=278432558225, FrameDeadline=278464062234, FrameInterval=278431431506, FrameStartTime=16666666, SyncQueued=278433282704, SyncStart=278433450725, IssueDrawCommandsStart=278434182183, SwapBuffers=278440246870, FrameCompleted=9223372036854775807, DequeueBufferDuration=41250, QueueBufferDuration=1054010, GpuCompleted=9223372036854775807, SwapBuffersCompleted=278441944787, DisplayPresentTime=0,
04-04 04:39:40.731 I/mpu_uart( 645): [MSG-P:RECV]:No message received in 1000 ms
04-04 04:39:40.762 I/OpenGLRenderer( 2940): Davey! duration=9223371758273ms; Flags=0, FrameTimelineVsyncId=5461, IntendedVsync=278581070130, Vsync=278581070130, InputEventId=0, HandleInputStart=278581672339, AnimationStart=278581675777, PerformTraversalsStart=278581678954, DrawStart=278582592287, FrameDeadline=278614403462, FrameInterval=278581664318, FrameStartTime=16666666, SyncQueued=278583232808, SyncStart=278583381506, IssueDrawCommandsStart=278584100829, SwapBuffers=278590154787, FrameCompleted=9223372036854775807, DequeueBufferDuration=34271, QueueBufferDuration=1073073, GpuCompleted=9223372036854775807, SwapBuffersCompleted=278591834995, DisplayPresentTime=0,
04-04 04:39:40.792 D/MSF.C.NetConnTag.true( 3106): preDetectTimeoutMsg cmd:GTcxIAkuJnQ4Jjc9KSwgKA, ssoSeq:17272
04-04 04:39:40.913 I/OpenGLRenderer( 2940): Davey! duration=9223371758122ms; Flags=0, FrameTimelineVsyncId=5464, IntendedVsync=278731433371, Vsync=278731433371, InputEventId=0, HandleInputStart=278732376037, AnimationStart=278732379943, PerformTraversalsStart=278732383068, DrawStart=278733476245, FrameDeadline=278764766703, FrameInterval=278732365100, FrameStartTime=16666666, SyncQueued=278734133172, SyncStart=278734487756, IssueDrawCommandsStart=278735236193, SwapBuffers=278741959735, FrameCompleted=9223372036854775807, DequeueBufferDuration=40364, QueueBufferDuration=1210781, GpuCompleted=9223372036854775807, SwapBuffersCompleted=278743790881, DisplayPresentTime=0,
04-04 04:39:40.916 I/mpu_uart( 645): [MSG-P:R]:recv sync frame timeout
04-04 04:39:40.926 D/audio_hw_primary( 804): copl(0xf1b0a7e0):out of compress_wait
04-04 04:39:40.929 D/audio_hw_primary( 804): No space available in compress driver, post msg to cb thread
04-04 04:39:40.930 D/audio_hw_primary( 804): copl(0xf1b0a7e0):calling compress_wait
04-04 04:39:41.063 I/OpenGLRenderer( 2940): Davey! duration=9223371757972ms; Flags=0, FrameTimelineVsyncId=5467, IntendedVsync=278881788289, Vsync=278881788289, InputEventId=0, HandleInputStart=278882549579, AnimationStart=278882553537, PerformTraversalsStart=278882556402, DrawStart=278883693433, FrameDeadline=278915121621, FrameInterval=278882539631, FrameStartTime=16666666, SyncQueued=278884686141, SyncStart=278884832704, IssueDrawCommandsStart=278885663172, SwapBuffers=278892772391, FrameCompleted=9223372036854775807, DequeueBufferDuration=46511, QueueBufferDuration=1151250, GpuCompleted=9223372036854775807, SwapBuffersCompleted=278894579631, DisplayPresentTime=0,
04-04 04:39:41.163 I/OpenGLRenderer( 2940): Davey! duration=9223371757872ms; Flags=0, FrameTimelineVsyncId=5470, IntendedVsync=278982016998, Vsync=278982016998, InputEventId=0, HandleInputStart=278982765204, AnimationStart=278982769422, PerformTraversalsStart=278982772652, DrawStart=278984271141, FrameDeadline=279015350330, FrameInterval=278982755152, FrameStartTime=16666666, SyncQueued=278985071454, SyncStart=278985219370, IssueDrawCommandsStart=278986133589, SwapBuffers=278992556506, FrameCompleted=9223372036854775807, DequeueBufferDuration=42344, QueueBufferDuration=1154584, GpuCompleted=9223372036854775807, SwapBuffersCompleted=278994351245, DisplayPresentTime=0, --------- beginning of kernel
11-11 00:11:12.167 I/logd ( 0): logdr: UID=2000 GID=2000 PID=6467 b tail=0 logMask=bf pid=0 start=0ns deadline=0ns
04-04 04:39:41.337 D/MSF.C.NetConnTag.DualConnContext.true( 3106): tryDualConn
04-04 04:39:41.339 D/PandoraEx.MonitorReporter( 3106): module[network], systemApi[NI#G_TY_NAME], scene[back], strategy[normal], isSystemCall[true
04-04 04:39:41.339 D/PandoraEx.MonitorReporter( 3106): module[network], systemApi[NI#G_TY_NAME], scene[back], strategy[normal], isSystemCall[true
04-04 04:39:41.339 I/MSF.D.NetworkProvider( 3106): refresh currentAPN:. received networkInfo: CONNECTED :NetworkInfo: type: WIFI[], state: CONNECTED/CONNECTED, reason: (unspecified), extra: , roaming: false, failover: false, isAvailable: true, isConnectedToProvisioningNetwork: true. ExtraNetInfo: null
04-04 04:39:41.341 D/MSF.C.NetConnTag.true( 3106): mainSocketEngineOpenConn start...activeIpFamily=1
04-04 04:39:41.341 D/MSF.C.SsoListManager( 3106): getAvailableSsoList ssoTypeKey = SocketWifiIpv4, curr size null
04-04 04:39:41.341 D/MSF.C.SsoListManager( 3106): getAvailableSsoList ssoTypeKey = SocketMobileIpv4, curr size null
04-04 04:39:41.341 D/MSF.C.NetConnTag.true( 3106): mainSocketEngineOpenConn try single conn wifiSsoList=10, mobileSsoList=6
04-04 04:39:41.341 D/MSF.C.NetConnTag.true( 3106): [setMainSocketEngineId] mainConnID: 0
04-04 04:39:41.342 D/PandoraEx.MonitorReporter( 3106): module[network], systemApi[NI#G_TY_NAME], scene[back], strategy[normal], isSystemCall[true
04-04 04:39:41.342 D/PandoraEx.MonitorReporter( 3106): module[network], systemApi[NI#G_TY_NAME], scene[back], strategy[normal], isSystemCall[true
04-04 04:39:41.343 I/MSF.D.NetworkProvider( 3106): refresh currentAPN:. received networkInfo: CONNECTED :NetworkInfo: type: WIFI[], state: CONNECTED/CONNECTED, reason: (unspecified), extra: , roaming: false, failover: false, isAvailable: true, isConnectedToProvisioningNetwork: true. ExtraNetInfo: null
04-04 04:39:41.344 W/Settings( 3106): Setting airplane_mode_on has moved from android.provider.Settings.System to android.provider.Settings.Global, returning read-only value.
04-04 04:39:41.345 D/PandoraEx.MonitorReporter( 3106): module[network], systemApi[NI#G_TY_NAME], scene[back], strategy[normal], isSystemCall[true
04-04 04:39:41.345 D/PandoraEx.MonitorReporter( 3106): module[network], systemApi[NI#G_TY_NAME], scene[back], strategy[normal], isSystemCall[true
04-04 04:39:41.345 I/MSF.D.NetworkProvider( 3106): refresh currentAPN:. received networkInfo: CONNECTED :NetworkInfo: type: WIFI[], state: CONNECTED/CONNECTED, reason: (unspecified), extra: , roaming: false, failover: false, isAvailable: true, isConnectedToProvisioningNetwork: true. ExtraNetInfo: null
04-04 04:39:41.349 D/MSF.C.NetConnTag.true( 3106): try open Conn OSwzPz8sf3VlLiMyLTEjM2RwN3orKWs5JS5qbGpgdXl6c2BkamJ1YHt5YmRgPiQ2OSZqOi80KWAkNjw4YGl/Ljg2NW5q noneProxy net:2 cross:0 protocalsocket
04-04 04:39:41.350 E/MSF.C.NetConnTag.true( 3106): [openConn] socket has built, socketEngineID: 0socket: 190453913java.lang.Throwable
04-04 04:39:41.350 E/MSF.C.NetConnTag.true( 3106): at com.tencent.mobileqq.msf.core.net.m.a(P:44)
04-04 04:39:41.350 E/MSF.C.NetConnTag.true( 3106): at com.tencent.mobileqq.msf.core.net.n.a(P:218)
04-04 04:39:41.350 E/MSF.C.NetConnTag.true( 3106): at com.tencent.mobileqq.msf.core.net.n.a(P:214)
04-04 04:39:41.350 E/MSF.C.NetConnTag.true( 3106): at com.tencent.mobileqq.msf.core.net.n.a(P:190)
04-04 04:39:41.350 E/MSF.C.NetConnTag.true( 3106): at com.tencent.mobileqq.msf.core.net.n.b(P:49)
04-04 04:39:41.350 E/MSF.C.NetConnTag.true( 3106): at com.tencent.mobileqq.msf.core.net.n.a(P:110)
04-04 04:39:41.350 E/MSF.C.NetConnTag.true( 3106): at com.tencent.mobileqq.msf.core.net.n.t(P:1)
04-04 04:39:41.350 E/MSF.C.NetConnTag.true( 3106): at com.tencent.mobileqq.msf.core.net.n.a(P:228)
04-04 04:39:41.350 E/MSF.C.NetConnTag.true( 3106): at com.tencent.mobileqq.msf.core.q$d.run(P:120)
04-04 04:39:41.399 D/ReportWeakNetConnTime( 3106): reconnected, use 5080 ms. LastConnectedNetType: 2, reason: readError
04-04 04:39:41.400 I/SocketReaderNewtrue( 3106): SocketReader(119) onConnOpened
04-04 04:39:41.400 I/SocketReaderNewtrue( 3106): SocketReader(119) continue
04-04 04:39:41.400 D/MSF.C.NetConnTag.true( 3106): open conn at JzA2IzM+LHR5JH4lK3YmNSdsYWZqdndpeG1hbHRqdGlwe2Bsag costTime:50 configTimeout: 20000 localSocket:e3piemtufXR7cWR6bm0:53030 noneProxy cross:0 b5a1899
04-04 04:39:41.400 D/ReportWeakNetConnTime( 3106): OpenConn: msfwifi.3g.qq.com/120.232.18.213:8080
04-04 04:39:41.402 D/PandoraEx.MonitorReporter( 3106): module[network], systemApi[NI#G_TY_NAME], scene[back], strategy[normal], isSystemCall[true
04-04 04:39:41.402 D/PandoraEx.MonitorReporter( 3106): module[network], systemApi[NI#G_TY_NAME], scene[back], strategy[normal], isSystemCall[true
04-04 04:39:41.402 I/MSF.D.NetworkProvider( 3106): refresh currentAPN:. received networkInfo: CONNECTED :NetworkInfo: type: WIFI[], state: CONNECTED/CONNECTED, reason: (unspecified), extra: , roaming: false, failover: false, isAvailable: true, isConnectedToProvisioningNetwork: true. ExtraNetInfo: null
04-04 04:39:41.415 D/WTReporter( 3106): checkAndReporterUinError uin = 290983097
04-04 04:39:41.422 D/WTReporter( 3106): checkAndReporterUinError uin = 290983097
04-04 04:39:41.427 I/MSF.C.AccountCenter( 3106): loadAccountInfoFromWt,uin=*3097,isAlive=true,mLoginBitmap=0,uin=*3097,isAlive=true,mLoginBitmap=0
04-04 04:39:41.427 D/MSF.C.AccountCenter( 3106): MsfCoreMsgSender handleLoadedAccounts setKey *3097
04-04 04:39:41.427 D/MSF.C.CodecWarpper( 3106): nativeSetAccountKey ,uin=*3097,A1=null,A2=72|9a,A3=null,D1=null,D2=64|5b,S2=null,key=16|76,cookie=null
04-04 04:39:41.427 D/MSF.C.NetConnTag.true( 3106): use full head for uin:*3097
04-04 04:39:41.427 D/MSF.C.NetConnTag.false( 3106): use full head for uin:*3097
04-04 04:39:41.427 D/MSF.C.AccountCenter( 3106): MsfCoreMsgSender handleLoadedAccounts setKey *3097
04-04 04:39:41.427 D/MSF.C.CodecWarpper( 3106): nativeSetAccountKey ,uin=*3097,A1=null,A2=72|9a,A3=null,D1=null,D2=64|5b,S2=null,key=16|76,cookie=null
04-04 04:39:41.428 D/MSF.C.NetConnTag.true( 3106): use full head for uin:*3097
04-04 04:39:41.428 D/MSF.C.NetConnTag.false( 3106): use full head for uin:*3097
04-04 04:39:41.428 D/MSF.C.NetConnTag.true( 3106): ssoping cmd:MSF seq: 17325 timeout: 20000
04-04 04:39:41.428 D/MSF.C.NetConnTag.true( 3106): netSend ssoSeq:17325 uin:0 cmd:BxAW 17346 b5a1899 socketEngineID: 0 socket: 190453913
04-04 04:39:41.428 D/WeakNetDetector( 3106): onPingSent ssoSeq=17325 pingSend=1680554381428
04-04 04:39:41.432 D/MSF.C.NetConnTag.true( 3106): MsfCoreSocketReaderNew closeConn socketEngineID: 0 socket hashcode: 190453913 for reason: readError
04-04 04:39:41.433 D/ReportWeakNetConnTime( 3106): CloseSocket: readError, socket: Socket[address=msfwifi.3g.qq.com/120.232.18.213,port=8080,localPort=53030]
04-04 04:39:41.433 E/MSF.C.NetConnTag.true( 3106): close socket has done, socketEngineID: 0socket: 190453913java.lang.Throwable
04-04 04:39:41.433 E/MSF.C.NetConnTag.true( 3106): at com.tencent.mobileqq.msf.core.net.m.a(P:330)
04-04 04:39:41.433 E/MSF.C.NetConnTag.true( 3106): at com.tencent.mobileqq.msf.core.net.m$d.run(P:23)
04-04 04:39:41.434 D/MSF.C.NetConnTag.true( 3106): close Socket GSwzPz8sHjsuJyIxKSt4NzklJz08MWtpLW0hJXQ7KjdlcmJkdGp2aGRyaHpoaXZ2OiwiIGdgdWJ6bzw7OTkpCiUxJGlva3Vpeh4 by readError
04-04 04:39:41.434 I/SharedPreferencesProxyManager( 3106): getProxyInner from mRemoteSPs
04-04 04:39:41.434 I/SharedPreferencesProxyManager( 3311): getProxyInner from mLocalSPs
04-04 04:39:41.434 I/MSF.S.AppProcessManager( 3106): SendToApp PUSH process:com.tencent.mobileqq fromServiceMsg: FromServiceMsg msName:onConnClosed ssoSeq:-1 serviceCmd:cmd_connClosed appSeq:17326 failCode:1000 cost = 0 needBoot=false from.len = 0
04-04 04:39:41.435 E/SocketReaderNewtrue( 3106): socketEngine: 0socket hashCode: 0SocketReader(119) errorjava.net.SocketException: Connection reset
04-04 04:39:41.435 I/SocketReaderNewtrue( 3106): SocketReader(119) wait
04-04 04:39:41.435 D/MSF.D.Proxy( 3311): onRecvServicePushResp, fromServiceMsg cmd = cmd_connClosed, ssoSeq = -1, length = 0
04-04 04:39:41.436 I/NTKernel( 3311): [NTSDK]seq(1219)---- [INFO] session_base.cpp(304)::SetOnMsfStatusChanged [NT Session]->SetOnMsfStatusChanged call: new_status=1, old_status=1, reason=3
04-04 04:39:41.436 I/NTKernel( 3311): [NTSDK]seq(1220)---- [INFO] session_base.cpp(323)::operator() [NT Session]->SetOnMsfStatusChanged ignore unchanged msf status: 1
04-04 04:39:41.437 D/MSF.C.PushManager:PushCoder( 3106): HPush_msf-pushCoder.vendor_push_type:1
04-04 04:39:41.438 D/MSF.C.PushManager:PushCoder( 3106): handlerPush send D6A8E0E019B289A6B2F05168D13A6E31 register push id 7 pushStatus:11 bRegType:1 timeStamp:349 newIP:3574786168 oldIP:0,regPushReason:msfByNetChange extStatus:0 battery:0
04-04 04:39:41.438 I/MSF.S.AppProcessManager( 3106): SendToApp PUSH process:com.tencent.mobileqq fromServiceMsg: FromServiceMsg msName:onConnOpened ssoSeq:17330 serviceCmd:cmd_connOpened appSeq:17329 failCode:1000 cost = 0 needBoot=true from.len = 0
04-04 04:39:41.438 D/PandoraEx.MonitorReporter( 3106): module[network], systemApi[NI#G_TY_NAME], scene[back], strategy[normal], isSystemCall[true
04-04 04:39:41.439 D/PandoraEx.MonitorReporter( 3106): module[network], systemApi[NI#G_TY_NAME], scene[back], strategy[normal], isSystemCall[true
04-04 04:39:41.439 I/MSF.D.NetworkProvider( 3106): refresh currentAPN:. received networkInfo: CONNECTED :NetworkInfo: type: WIFI[], state: CONNECTED/CONNECTED, reason: (unspecified), extra: , roaming: false, failover: false, isAvailable: true, isConnectedToProvisioningNetwork: true. ExtraNetInfo: null
04-04 04:39:41.439 D/MSF.D.Proxy( 3311): onRecvServicePushResp, fromServiceMsg cmd = cmd_connOpened, ssoSeq = 17330, length = 0
04-04 04:39:41.439 D/MSF.C.NetConnTag.true( 3106): send msg error, ssoSeq: 17145current thread pid: 82socketEngineID: 0socket hashCode: 0java.lang.NullPointerException: Attempt to invoke virtual method 'boolean com.tencent.mobileqq.msf.core.c.l()' on a null object reference
04-04 04:39:41.439 D/MSF.C.NetConnTag.( 3106): MsfCoreMsgSender worker run closeConn writeError
04-04 04:39:41.439 D/MSF.C.NetConnTag.true( 3106): MsfCoreMsgSender closeConn socketEngineID: 0 socket hashcode: 0 for reason: writeError
04-04 04:39:41.439 E/MSF.C.NetConnTag.true( 3106): conn is already closed on writeError closeConn socketEngineID: 0 socket hashcode: 0java.lang.Throwable
04-04 04:39:41.439 E/MSF.C.NetConnTag.true( 3106): at com.tencent.mobileqq.msf.core.net.m.a(P:284)
04-04 04:39:41.439 E/MSF.C.NetConnTag.true( 3106): at com.tencent.mobileqq.msf.core.net.n.a(P:250)
04-04 04:39:41.439 E/MSF.C.NetConnTag.true( 3106): at com.tencent.mobileqq.msf.core.q.a(P:344)
04-04 04:39:41.439 E/MSF.C.NetConnTag.true( 3106): at com.tencent.mobileqq.msf.core.q$d.run(P:134)
04-04 04:39:41.439 D/MSF.C.NetConnTag.true( 3106): MsfCoreMsgSender closeConn socketEngineID: 1 socket hashcode: 0 for reason: writeError
04-04 04:39:41.440 E/MSF.C.NetConnTag.true( 3106): conn is already closed on writeError closeConn socketEngineID: 1 socket hashcode: 0java.lang.Throwable
04-04 04:39:41.440 E/MSF.C.NetConnTag.true( 3106): at com.tencent.mobileqq.msf.core.net.m.a(P:284)
04-04 04:39:41.440 E/MSF.C.NetConnTag.true( 3106): at com.tencent.mobileqq.msf.core.net.n.a(P:250)
04-04 04:39:41.440 E/MSF.C.NetConnTag.true( 3106): at com.tencent.mobileqq.msf.core.q.a(P:344)
04-04 04:39:41.440 E/MSF.C.NetConnTag.true( 3106): at com.tencent.mobileqq.msf.core.q$d.run(P:134)
04-04 04:39:41.440 D/MSF.C.NetConnTag.DualConnContext.true( 3106): reset
04-04 04:39:41.440 D/MSF.C.NetConnTag.DualConnContext.true( 3106): removeConnectionChecker: remove connId = 0
04-04 04:39:41.440 D/MSF.C.NetConnTag.DualConnContext.true( 3106): removeConnectionChecker: remove connId = 1
04-04 04:39:41.440 D/MSF.C.NetConnTag.true( 3106): start monitor foreground change before thread sleep
04-04 04:39:41.445 D/PandoraEx.MonitorReporter( 3311): module[network], systemApi[NI#G_TY_NAME], scene[back], strategy[normal], isSystemCall[true
04-04 04:39:41.445 D/PandoraEx.MonitorReporter( 3311): module[network], systemApi[NI#G_TY_NAME], scene[back], strategy[normal], isSystemCall[true
04-04 04:39:41.445 I/MSF.D.NetworkProvider( 3311): refresh currentAPN:. received networkInfo: CONNECTED :NetworkInfo: type: WIFI[], state: CONNECTED/CONNECTED, reason: (unspecified), extra: , roaming: false, failover: false, isAvailable: true, isConnectedToProvisioningNetwork: true. ExtraNetInfo: null
04-04 04:39:41.491 I/auditd ( 0): type=1400 audit(0.0:535): avc: denied { kill } for comm="swapper/3" capability=5 scontext=u:r:kernel:s0 tcontext=u:r:kernel:s0 tclass=capability permissive=0
04-04 04:39:41.491 W/swapper/3( 0): type=1400 audit(0.0:535): avc: denied { kill } for capability=5 scontext=u:r:kernel:s0 tcontext=u:r:kernel:s0 tclass=capability permissive=0
04-04 04:39:41.612 I/OpenGLRenderer( 2940): Davey! duration=9223371757421ms; Flags=0, FrameTimelineVsyncId=5479, IntendedVsync=279433064459, Vsync=279433064459, InputEventId=0, HandleInputStart=279433980047, AnimationStart=279433984787, PerformTraversalsStart=279433988172, DrawStart=279435320568, FrameDeadline=279466397791, FrameInterval=279433967235, FrameStartTime=16666666, SyncQueued=279436425412, SyncStart=279436619578, IssueDrawCommandsStart=279437849474, SwapBuffers=279443924735, FrameCompleted=9223372036854775807, DequeueBufferDuration=62240, QueueBufferDuration=1385625, GpuCompleted=9223372036854775807, SwapBuffersCompleted=279446093849, DisplayPresentTime=0,
04-04 04:39:41.731 I/mpu_uart( 645): [MSG-P:RECV]:No message received in 1000 ms
04-04 04:39:41.746 D/audio_hw_primary( 804): copl(0xf1b0a7e0):out of compress_wait
04-04 04:39:41.749 D/audio_hw_primary( 804): No space available in compress driver, post msg to cb thread
04-04 04:39:41.751 D/audio_hw_primary( 804): copl(0xf1b0a7e0):calling compress_wait
04-04 04:39:41.765 I/OpenGLRenderer( 2940): Davey! duration=9223371757271ms; Flags=0, FrameTimelineVsyncId=5482, IntendedVsync=279583406330, Vsync=279583406330, InputEventId=0, HandleInputStart=279584245880, AnimationStart=279584250255, PerformTraversalsStart=279584253016, DrawStart=279585517183, FrameDeadline=279616739662, FrameInterval=279584233745, FrameStartTime=16666666, SyncQueued=279586375985, SyncStart=279586577078, IssueDrawCommandsStart=279587656714, SwapBuffers=279595974943, FrameCompleted=9223372036854775807, DequeueBufferDuration=51875, QueueBufferDuration=1408854, GpuCompleted=9223372036854775807, SwapBuffersCompleted=279598306505, DisplayPresentTime=0,
04-04 04:39:41.915 I/OpenGLRenderer( 2940): Davey! duration=9223371757120ms; Flags=0, FrameTimelineVsyncId=5485, IntendedVsync=279733758080, Vsync=279733758080, InputEventId=0, HandleInputStart=279734451974, AnimationStart=279734455672, PerformTraversalsStart=279734458745, DrawStart=279735515672, FrameDeadline=279767091412, FrameInterval=279734441818, FrameStartTime=16666666, SyncQueued=279736340985, SyncStart=279736632964, IssueDrawCommandsStart=279737538016, SwapBuffers=279743834839, FrameCompleted=9223372036854775807, DequeueBufferDuration=45156, QueueBufferDuration=1279323, GpuCompleted=9223372036854775807, SwapBuffersCompleted=279745867287, DisplayPresentTime=0,
04-04 04:39:42.065 I/OpenGLRenderer( 2940): Davey! duration=9223371756970ms; Flags=0, FrameTimelineVsyncId=5488, IntendedVsync=279884131690, Vsync=279884131690, InputEventId=0, HandleInputStart=279884919995, AnimationStart=279884924526, PerformTraversalsStart=279884927599, DrawStart=279886090672, FrameDeadline=279917465022, FrameInterval=279884908328, FrameStartTime=16666666, SyncQueued=279886735880, SyncStart=279886883589, IssueDrawCommandsStart=279887754943, SwapBuffers=279894320828, FrameCompleted=9223372036854775807, DequeueBufferDuration=48020, QueueBufferDuration=1193229, GpuCompleted=9223372036854775807, SwapBuffersCompleted=279896213797, DisplayPresentTime=0,
04-04 04:39:42.299 I/OpenGLRenderer( 2940): Davey! duration=9223371756736ms; Flags=0, FrameTimelineVsyncId=5494, IntendedVsync=280118045914, Vsync=280118045914, InputEventId=0, HandleInputStart=280118741818, AnimationStart=280118745464, PerformTraversalsStart=280118748745, DrawStart=280119760880, FrameDeadline=280151379246, FrameInterval=280118732859, FrameStartTime=16666666, SyncQueued=280120588693, SyncStart=280120825464, IssueDrawCommandsStart=280121594474, SwapBuffers=280127793224, FrameCompleted=9223372036854775807, DequeueBufferDuration=40521, QueueBufferDuration=1076094, GpuCompleted=9223372036854775807, SwapBuffersCompleted=280129541349, DisplayPresentTime=0,
