04-04 04:39:54.475 D/btaudio_offload_qti_2_1( 6576): is_value_adds_supported: vendor_info = 3
04-04 04:39:54.475 D/btaudio_offload_qti_2_1( 6576): is_value_adds_supported: Build is running with QC Value-adds for odm
04-04 04:39:54.476 I/hwservicemanager( 504): getTransport: Cannot find entry vendor.qti.hardware.bluetooth_audio@2.1::IBluetoothAudioProvidersFactory/default in either framework or device VINTF manifest.
04-04 04:39:54.477 I/BTAudioProviderA2dpSoftware_2_1( 6576): A2dpSoftwareAudioProvider - size of audio buffer 21504 byte(s)
04-04 04:39:54.477 I/BTAudioProviderHearingAid_2_1( 6576): HearingAidAudioProvider - size of audio buffer 3584 byte(s)
04-04 04:39:54.478 I/hwservicemanager( 504): getTransport: Cannot find entry vendor.qti.hardware.bluetooth_audio@2.1::IBluetoothAudioProvidersFactory/default in either framework or device VINTF manifest.
04-04 04:39:54.478 E/HidlServiceManagement( 6576): Service vendor.qti.hardware.bluetooth_audio@2.1::IBluetoothAudioProvidersFactory/default must be in VINTF manifest in order to register/get.
04-04 04:39:54.478 E/LegacySupport( 6576): Could not register service vendor.qti.hardware.bluetooth_audio@2.1::IBluetoothAudioProvidersFactory/default (-2147483648).
04-04 04:39:54.478 E/btaudio_offload_qti_2_1( 6576): bt_audio_pre_init_qti: HIDL IBluetoothAudioProvidersFactory 2.1 registration failed
04-04 04:39:54.478 D/a2dp_offload( 6576): a2dp_set_bit_format: set AFE input bit format = 16
04-04 04:39:54.480 E/a2dp_offload( 6576): ERROR a2dp decoder format mixer control not identified
04-04 04:39:54.480 E/a2dp_offload( 6576): ERROR bit format CONFIG data mixer control not identified
04-04 04:39:54.481 D/a2dp_offload( 6576): Open A2DP input start
04-04 04:39:54.481 D/a2dp_offload( 6576): Requesting for BT lib handle
04-04 04:39:54.481 E/a2dp_offload( 6576): open_a2dp_sink: DLOPEN failed for libbthost_if_sink.so
04-04 04:39:54.481 D/a2dp_offload( 6576): update_offload_codec_capabilities: A2DP offload supported = 1
04-04 04:39:54.481 D/audio_hw_ssr( 6576): ssr_update_enabled: surround sound recording is not supported
04-04 04:39:54.481 D/audio_hw_spkr_prot( 6576): spkr_prot_init: Initialize speaker protection module
04-04 04:39:54.481 D/audio_hw_spkr_prot( 6576): spkr_prot_init: Speaker protection disabled
04-04 04:39:54.481 D/msm8974_platform( 6576): platform_get_snd_device_backend_interface: hw_interface set for device HDMI
04-04 04:39:54.484 D/msm8974_platform( 6576): platform_get_mixer_control: mixer ctl not obtained
04-04 04:39:54.484 D/msm8974_platform( 6576): platform_get_mixer_control: mixer ctl not obtained
04-04 04:39:54.484 D/msm8974_platform( 6576): platform_get_mixer_control: mixer ctl not obtained
04-04 04:39:54.484 D/msm8974_platform( 6576): platform_get_mixer_control: mixer ctl not obtained
04-04 04:39:54.484 D/msm8974_platform( 6576): platform_get_mixer_control: mixer ctl not obtained
04-04 04:39:54.484 D/msm8974_platform( 6576): platform_get_mixer_control: mixer ctl not obtained
04-04 04:39:54.484 D/msm8974_platform( 6576): platform_get_mixer_control: mixer ctl not obtained
04-04 04:39:54.484 D/msm8974_platform( 6576): platform_get_mixer_control: mixer ctl not obtained
04-04 04:39:54.484 D/msm8974_platform( 6576): platform_get_mixer_control: mixer ctl not obtained
04-04 04:39:54.491 I/auditd ( 0): type=1400 audit(0.0:549): avc: denied { kill } for comm="swapper/3" capability=5 scontext=u:r:kernel:s0 tcontext=u:r:kernel:s0 tclass=capability permissive=0
04-04 04:39:54.491 W/swapper/3( 0): type=1400 audit(0.0:549): avc: denied { kill } for capability=5 scontext=u:r:kernel:s0 tcontext=u:r:kernel:s0 tclass=capability permissive=0
04-04 04:39:54.500 D/msm8974_platform( 6576): platform_get_mixer_control: mixer ctl not obtained
04-04 04:39:54.500 D/msm8974_platform( 6576): platform_get_mixer_control: mixer ctl not obtained
04-04 04:39:54.500 D/msm8974_platform( 6576): platform_get_mixer_control: mixer ctl not obtained
04-04 04:39:54.504 D/msm8974_platform( 6576): platform_get_mixer_control: mixer ctl not obtained
04-04 04:39:54.504 D/msm8974_platform( 6576): platform_get_mixer_control: mixer ctl not obtained
04-04 04:39:54.504 D/msm8974_platform( 6576): platform_get_mixer_control: mixer ctl not obtained
04-04 04:39:54.506 E/audio_hw_utils( 6576): audio_extn_utils_get_codec_variant: ERROR. cannot open /proc/asound/card0/codecs/wcd937x/variant
04-04 04:39:54.506 E/keep_alive( 6576): keep alive disabled
04-04 04:39:54.508 E/audio_hw_utils( 6576): string_to_enum cound not find AUDIO_FORMAT_PCM_16_BIT_OFFLOAD
04-04 04:39:54.508 E/audio_hw_utils( 6576): string_to_enum cound not find AUDIO_FORMAT_PCM_24_BIT_OFFLOAD
04-04 04:39:54.508 E/audio_hw_utils( 6576): string_to_enum cound not find AUDIO_FORMAT_PCM_24_BIT_OFFLOAD
04-04 04:39:54.508 E/audio_hw_utils( 6576): string_to_enum cound not find AUDIO_FORMAT_PCM_24_BIT
04-04 04:39:54.508 E/audio_hw_utils( 6576): string_to_enum cound not find AUDIO_FORMAT_PCM_FLOAT
04-04 04:39:54.509 E/audio_hw_utils( 6576): string_to_enum cound not find AUDIO_FORMAT_PCM_24_BIT
04-04 04:39:54.509 E/audio_hw_utils( 6576): string_to_enum cound not find AUDIO_FORMAT_PCM_FLOAT
04-04 04:39:54.509 W/audio_hw_sndmonitor( 6576): access /proc/asound/card0/cpe0_state failed w/ err No such file or directory
04-04 04:39:54.512 I/audio_hw::BatteryListener( 6576): Get health service in 0 tries
04-04 04:39:54.512 W/audio_hw::BatteryListener( 6576): batterylistener: init: invalid battery status
04-04 04:39:54.513 I/soundtrigger( 6576): audio_extn_sound_trigger_init: Enter
04-04 04:39:54.513 I/soundtrigger( 6576): audio_extn_sound_trigger_init: DLOPEN successful for /vendor/lib/hw/sound_trigger.primary.kona.so
04-04 04:39:54.513 D/soundtrigger( 6576): audio_extn_sound_trigger_init: sthal is using proprietary API version 0x0200
04-04 04:39:54.513 D/sound_trigger_hw( 6576): handle_battery_status_change: battery status changed to 0
04-04 04:39:54.514 I/AudioFlinger( 6577): loadHwModule() Loaded primary audio interface, handle 10
04-04 04:39:54.514 I/AudioFlinger( 6577): openOutput() this 0xb40000791626a010, module 10 Device type:0x2,@:, SamplingRate 48000, Format 0x000001, Channels 0x3, flags 0x6
04-04 04:39:54.514 D/audio_hw_primary( 6576): adev_open_output_stream: enter: format(0x1) sample_rate(48000) channel_mask(0x3) devices(0x2) flags(0x6) stream_handle(0xe59c4330) address()
04-04 04:39:54.514 I/audio_hw_primary( 6576): adev_open_output_stream: dynamic qos voting not enabled for platform
04-04 04:39:54.514 I/audio_hw_utils( 6576): audio_extn_utils_update_stream_output_app_type_cfg Allowing 24 and above bits playback on speaker ONLY at default sampling rate
04-04 04:39:54.514 D/audio_hw_primary( 6576): adev_open_output_stream: Stream (0xe59c4330) picks up usecase (low-latency-playback)
04-04 04:39:54.514 D/audio_hw_primary( 6576): io_streams_map_insert: Added stream in io_streams_map with handle 13
04-04 04:39:54.515 I/AudioFlinger( 6577): HAL output buffer size 192 frames, normal sink buffer size 960 frames
04-04 04:39:54.516 I/hwservicemanager( 504): getTransport: Cannot find entry android.hardware.audio.effect@7.0::IEffectsFactory/default in either framework or device VINTF manifest.
04-04 04:39:54.529 E/EffectsFactoryConfigLoader( 6576): Error querying effect 7d1580bd-297f-4683-9239-e475b6d1d69f on lib offload_bundle
04-04 04:39:54.529 D/volume_listener( 6576): init_once Called
04-04 04:39:54.530 D/volume_listener( 6576): init_once: using custome volume table
04-04 04:39:54.530 E/EffectsFactoryConfigLoader( 6576): 1 errors during loading of configuration: /vendor/etc/audio_effects.xml
04-04 04:39:54.530 E/EffectsFactory( 6576): Effect config is partially invalid, skipped 1 elements
04-04 04:39:54.530 I/BufferProvider( 6577): found effect "Multichannel Downmix To Stereo" from The Android Open Source Project
04-04 04:39:54.531 D/AudioFlinger( 6577): Failed to add event callback
04-04 04:39:54.531 D/audio_hw_primary( 6576): adev_get_parameters:routing=1;supEncapsulationMetadataTypes;supEncapsulationModes
04-04 04:39:54.531 D/audio_hw_spkr_prot( 6576): fbsp_get_parameters: Speaker protection disabled
04-04 04:39:54.531 D/soundtrigger( 6576): audio_extn_sound_trigger_get_parameters input string
04-04 04:39:54.531 D/soundtrigger( 6576): extract_sm_handle input string param string
04-04 04:39:54.531 D/audio_hw_extn( 6576): audio_extn_fm_get_parameters: Enter
04-04 04:39:54.531 I/AudioFlinger( 6577): AudioFlinger's thread 0xb400007a76265010 tid=6604 ready to run
04-04 04:39:54.531 D/audio_hw_extn( 6576): audio_extn_get_parameters: returns
04-04 04:39:54.531 D/audio_hw_primary( 6576): adev_get_parameters: exit: returns -
04-04 04:39:54.531 W/AudioFlinger( 6577): no wake lock to update, system not ready yet
04-04 04:39:54.531 D/AudioFlinger( 6577): ro.audio.silent is ignored since no output device is set
04-04 04:39:54.531 D/audio_hw_primary( 6576): adev_get_parameters:routing=2;supEncapsulationMetadataTypes;supEncapsulationModes
04-04 04:39:54.531 D/audio_hw_spkr_prot( 6576): fbsp_get_parameters: Speaker protection disabled
04-04 04:39:54.531 D/soundtrigger( 6576): audio_extn_sound_trigger_get_parameters input string
04-04 04:39:54.531 D/soundtrigger( 6576): extract_sm_handle input string param string
04-04 04:39:54.531 D/audio_hw_extn( 6576): audio_extn_fm_get_parameters: Enter
04-04 04:39:54.531 D/audio_hw_extn( 6576): audio_extn_get_parameters: returns
04-04 04:39:54.531 D/audio_hw_primary( 6576): adev_get_parameters: exit: returns -
04-04 04:39:54.532 D/audio_hw_primary( 6576): out_standby: enter: stream (0xe59c4330) usecase(1: low-latency-playback)
04-04 04:39:54.532 D/audio_hw_primary( 6576): out_standby: exit
04-04 04:39:54.533 W/AudioFlinger( 6577): no wake lock to update, system not ready yet
04-04 04:39:54.533 D/AudioFlinger( 6577): ro.audio.silent is ignored since no output device is set
04-04 04:39:54.540 W/AudioFlinger( 6577): moveEffects() bad srcOutput 0
04-04 04:39:54.566 D/audio_hw_primary( 6576): adev_create_audio_patch: enter: num sources 1, num_sinks 1, handle 0
04-04 04:39:54.566 D/audio_hw_primary( 6576): adev_create_audio_patch: Playback patch from mix handle 13 to device 2
04-04 04:39:54.566 D/audio_hw_primary( 6576): update_patch: enter
04-04 04:39:54.566 D/audio_hw_primary( 6576): route_output_stream: enter: usecase(1: low-latency-playback) devices 2
04-04 04:39:54.566 D/audio_hw_primary( 6576): adev_create_audio_patch: Added a new patch with handle 1
04-04 04:39:54.576 I/AudioFlinger( 6577): openOutput() this 0xb40000791626a010, module 10 Device type:0x2,@:, SamplingRate 48000, Format 0x000001, Channels 0x3, flags 0x104
04-04 04:39:54.576 D/audio_hw_primary( 6576): adev_open_output_stream: enter: format(0x1) sample_rate(48000) channel_mask(0x3) devices(0x2) flags(0x104) stream_handle(0xe59c0010) address()
04-04 04:39:54.576 I/audio_hw_utils( 6576): audio_extn_utils_update_stream_output_app_type_cfg Allowing 24 and above bits playback on speaker ONLY at default sampling rate
04-04 04:39:54.576 D/audio_hw_primary( 6576): adev_open_output_stream: Stream (0xe59c0010) picks up usecase (audio-ull-playback)
04-04 04:39:54.576 D/audio_hw_primary( 6576): io_streams_map_insert: Added stream in io_streams_map with handle 21
04-04 04:39:54.578 I/AudioFlinger( 6577): HAL output buffer size 144 frames, normal sink buffer size 864 frames
04-04 04:39:54.580 D/AudioFlinger( 6577): Failed to add event callback
04-04 04:39:54.580 I/AudioFlinger( 6577): AudioFlinger's thread 0xb400007a76325030 tid=6606 ready to run
04-04 04:39:54.581 W/AudioFlinger( 6577): no wake lock to update, system not ready yet
04-04 04:39:54.581 D/AudioFlinger( 6577): ro.audio.silent is ignored since no output device is set
04-04 04:39:54.581 D/audio_hw_primary( 6576): out_standby: enter: stream (0xe59c0010) usecase(12: audio-ull-playback)
04-04 04:39:54.581 D/audio_hw_primary( 6576): out_standby: exit
04-04 04:39:54.581 W/AudioFlinger( 6577): no wake lock to update, system not ready yet
04-04 04:39:54.582 D/AudioFlinger( 6577): ro.audio.silent is ignored since no output device is set
04-04 04:39:54.609 D/audio_hw_primary( 6576): adev_create_audio_patch: enter: num sources 1, num_sinks 1, handle 0
04-04 04:39:54.609 D/audio_hw_primary( 6576): adev_create_audio_patch: Playback patch from mix handle 21 to device 2
04-04 04:39:54.609 D/audio_hw_primary( 6576): update_patch: enter
04-04 04:39:54.609 D/audio_hw_primary( 6576): route_output_stream: enter: usecase(12: audio-ull-playback) devices 2
04-04 04:39:54.609 D/audio_hw_primary( 6576): adev_create_audio_patch: Added a new patch with handle 2
04-04 04:39:54.617 I/AudioFlinger( 6577): openOutput() this 0xb40000791626a010, module 10 Device type:0x2,@:, SamplingRate 48000, Format 0x000001, Channels 0x3, flags 0x8
04-04 04:39:54.618 D/audio_hw_primary( 6576): adev_open_output_stream: enter: format(0x1) sample_rate(48000) channel_mask(0x3) devices(0x2) flags(0x8) stream_handle(0xe59c64c0) address()
04-04 04:39:54.618 I/audio_hw_utils( 6576): audio_extn_utils_update_stream_output_app_type_cfg Allowing 24 and above bits playback on speaker ONLY at default sampling rate
04-04 04:39:54.618 D/audio_hw_primary( 6576): adev_open_output_stream: Stream (0xe59c64c0) picks up usecase (deep-buffer-playback)
04-04 04:39:54.618 D/audio_hw_primary( 6576): io_streams_map_insert: Added stream in io_streams_map with handle 29
04-04 04:39:54.621 I/AudioFlinger( 6577): HAL output buffer size 1920 frames, normal sink buffer size 1920 frames
04-04 04:39:54.623 D/AudioFlinger( 6577): Failed to add event callback
04-04 04:39:54.624 I/AudioFlinger( 6577): AudioFlinger's thread 0xb400007a763e5050 tid=6607 ready to run
04-04 04:39:54.624 W/AudioFlinger( 6577): no wake lock to update, system not ready yet
04-04 04:39:54.624 D/AudioFlinger( 6577): ro.audio.silent is ignored since no output device is set
04-04 04:39:54.624 D/audio_hw_primary( 6576): out_standby: enter: stream (0xe59c64c0) usecase(0: deep-buffer-playback)
04-04 04:39:54.624 D/audio_hw_primary( 6576): out_standby: exit
04-04 04:39:54.625 W/AudioFlinger( 6577): no wake lock to update, system not ready yet
04-04 04:39:54.625 D/AudioFlinger( 6577): ro.audio.silent is ignored since no output device is set
11-11 00:11:25.601 I/msm_vidc( 0): err : ffffffff: .....: DBLP Set: status 0
04-04 04:39:54.675 D/audio_hw_primary( 6576): adev_create_audio_patch: enter: num sources 1, num_sinks 1, handle 0
04-04 04:39:54.675 D/audio_hw_primary( 6576): adev_create_audio_patch: Playback patch from mix handle 29 to device 2
04-04 04:39:54.675 D/audio_hw_primary( 6576): update_patch: enter
04-04 04:39:54.675 D/audio_hw_primary( 6576): route_output_stream: enter: usecase(0: deep-buffer-playback) devices 2
04-04 04:39:54.675 D/audio_hw_primary( 6576): adev_create_audio_patch: Added a new patch with handle 3
04-04 04:39:54.688 I/AudioFlinger( 6577): openOutput() this 0xb40000791626a010, module 10 Device type:0x2,@:, SamplingRate 48000, Format 0x000001, Channels 0x3, flags 0x4001
04-04 04:39:54.689 D/audio_hw_primary( 6576): adev_open_output_stream: enter: format(0x1) sample_rate(48000) channel_mask(0x3) devices(0x2) flags(0x4001) stream_handle(0xe59c21a0) address()
04-04 04:39:54.689 I/audio_hw_utils( 6576): audio_extn_utils_update_stream_output_app_type_cfg Allowing 24 and above bits playback on speaker ONLY at default sampling rate
04-04 04:39:54.689 D/audio_hw_primary( 6576): adev_open_output_stream: Stream (0xe59c21a0) picks up usecase (mmap-playback)
04-04 04:39:54.689 D/audio_hw_primary( 6576): io_streams_map_insert: Added stream in io_streams_map with handle 37
04-04 04:39:54.691 I/AudioFlinger( 6577): AudioFlinger's thread 0xb40000799626eb30 tid=6608 ready to run
04-04 04:39:54.692 D/audio_hw_primary( 6576): out_set_parameters: enter: usecase(13: mmap-playback) kvpairs: closing=true
04-04 04:39:54.692 D/audio_hw_primary( 6576): out_set_volume: called with left_vol=1.000000, right_vol=1.000000
04-04 04:39:54.693 D/AudioFlinger( 6577): closing mmapThread 0xb40000799626eb30
04-04 04:39:54.693 D/AudioFlinger( 6577): mmapThread exit()
04-04 04:39:54.693 D/audio_hw_primary( 6576): adev_close_output_stream: enter:stream_handle(mmap-playback)
04-04 04:39:54.694 D/audio_hw_primary( 6576): io_streams_map_remove: Removed stream with handle 37
04-04 04:39:54.694 D/audio_hw_primary( 6576): out_standby: enter: stream (0xe59c21a0) usecase(13: mmap-playback)
04-04 04:39:54.694 D/audio_hw_primary( 6576): out_standby: exit
04-04 04:39:54.695 I/AudioFlinger( 6577): openOutput() this 0xb40000791626a010, module 10 Device type:0x2,@:, SamplingRate 8000, Format 0x000003, Channels 0x1, flags 0x1
04-04 04:39:54.695 D/audio_hw_primary( 6576): adev_open_output_stream: enter: format(0x3) sample_rate(8000) channel_mask(0x1) devices(0x2) flags(0x1) stream_handle(0xe59c21a0) address()
04-04 04:39:54.695 I/audio_hw_utils( 6576): PCM offload Fragment size to 2560 bytes
04-04 04:39:54.695 I/audio_hw_utils( 6576): audio_extn_utils_update_stream_output_app_type_cfg Allowing 24 and above bits playback on speaker ONLY at default sampling rate
04-04 04:39:54.695 D/audio_hw_primary( 6576): adev_open_output_stream: Stream (0xe59c21a0) picks up usecase (compress-offload-playback2)
04-04 04:39:54.695 D/audio_hw_primary( 6576): io_streams_map_insert: Added stream in io_streams_map with handle 45
04-04 04:39:54.697 I/AudioFlinger( 6577): HAL output buffer size 640 frames, normal sink buffer size 640 frames
04-04 04:39:54.697 D/audio_hw_utils( 6576): audio_extn_utils_compress_get_dsp_latency:: Using Fix DSP delay
04-04 04:39:54.697 D/audio_hw_utils( 6576): audio_extn_utils_compress_get_dsp_latency:: delay in ms is 62
04-04 04:39:54.698 D/AudioFlinger( 6577): Failed to add event callback
04-04 04:39:54.698 D/audio_hw_utils( 6576): audio_extn_utils_compress_get_dsp_latency:: Using Fix DSP delay
04-04 04:39:54.698 I/AudioFlinger( 6577): AudioFlinger's thread 0xb4000079c626c820 tid=6611 ready to run
04-04 04:39:54.698 D/audio_hw_utils( 6576): audio_extn_utils_compress_get_dsp_latency:: delay in ms is 62
04-04 04:39:54.698 W/AudioFlinger( 6577): no wake lock to update, system not ready yet
04-04 04:39:54.698 D/AudioFlinger( 6577): ro.audio.silent is ignored since no output device is set
04-04 04:39:54.698 D/audio_hw_utils( 6576): audio_extn_utils_compress_get_dsp_latency:: Using Fix DSP delay
04-04 04:39:54.698 D/audio_hw_utils( 6576): audio_extn_utils_compress_get_dsp_latency:: delay in ms is 62
04-04 04:39:54.699 D/audio_hw_primary( 6576): out_standby: enter: stream (0xe59c21a0) usecase(4: compress-offload-playback2)
04-04 04:39:54.699 D/audio_hw_primary( 6576): out_standby: exit
04-04 04:39:54.699 W/AudioFlinger( 6577): no wake lock to update, system not ready yet
04-04 04:39:54.699 D/AudioFlinger( 6577): ro.audio.silent is ignored since no output device is set
04-04 04:39:54.699 D/audio_hw_primary( 6576): out_set_parameters: enter: usecase(4: compress-offload-playback2) kvpairs: closing=true
04-04 04:39:54.701 D/audio_hw_primary( 6576): out_set_parameters: enter: usecase(4: compress-offload-playback2) kvpairs: exiting=1
04-04 04:39:54.701 D/audio_hw_primary( 6576): adev_close_output_stream: enter:stream_handle(compress-offload-playback2)
04-04 04:39:54.701 D/audio_hw_primary( 6576): io_streams_map_remove: Removed stream with handle 45
04-04 04:39:54.701 D/audio_hw_primary( 6576): out_standby: enter: stream (0xe59c21a0) usecase(4: compress-offload-playback2)
04-04 04:39:54.701 D/audio_hw_primary( 6576): out_standby: exit
04-04 04:39:54.702 I/AudioFlinger( 6577): openOutput() this 0xb40000791626a010, module 10 Device type:0x2,@:, SamplingRate 8000, Format 0x1000000, Channels 0x1, flags 0x31
04-04 04:39:54.702 D/audio_hw_primary( 6576): adev_open_output_stream: enter: format(0x1000000) sample_rate(8000) channel_mask(0x1) devices(0x2) flags(0x31) stream_handle(0xe59c21a0) address()
04-04 04:39:54.702 I/audio_hw_utils( 6576): audio_extn_utils_update_stream_output_app_type_cfg Allowing 24 and above bits playback on speaker ONLY at default sampling rate
04-04 04:39:54.702 D/audio_hw_primary( 6576): adev_open_output_stream: Stream (0xe59c21a0) picks up usecase (compress-offload-playback)
04-04 04:39:54.702 D/audio_hw_primary( 6576): io_streams_map_insert: Added stream in io_streams_map with handle 53
04-04 04:39:54.703 I/AudioFlinger( 6577): HAL output buffer size 2048 frames, normal sink buffer size 2048 frames
04-04 04:39:54.704 D/audio_hw_utils( 6576): audio_extn_utils_compress_get_dsp_latency:: Using Fix DSP delay
04-04 04:39:54.704 D/audio_hw_utils( 6576): audio_extn_utils_compress_get_dsp_latency:: delay in ms is 50
04-04 04:39:54.704 D/AudioFlinger( 6577): Failed to add event callback
04-04 04:39:54.704 D/audio_hw_utils( 6576): audio_extn_utils_compress_get_dsp_latency:: Using Fix DSP delay
04-04 04:39:54.704 D/audio_hw_utils( 6576): audio_extn_utils_compress_get_dsp_latency:: delay in ms is 50
04-04 04:39:54.704 I/AudioFlinger( 6577): AudioFlinger's thread 0xb4000079c626c820 tid=6615 ready to run
04-04 04:39:54.705 W/AudioFlinger( 6577): no wake lock to update, system not ready yet
04-04 04:39:54.705 D/AudioFlinger( 6577): ro.audio.silent is ignored since no output device is set
04-04 04:39:54.705 D/audio_hw_utils( 6576): audio_extn_utils_compress_get_dsp_latency:: Using Fix DSP delay
04-04 04:39:54.705 D/audio_hw_utils( 6576): audio_extn_utils_compress_get_dsp_latency:: delay in ms is 50
04-04 04:39:54.705 W/AudioFlinger( 6577): no wake lock to update, system not ready yet
04-04 04:39:54.705 D/AudioFlinger( 6577): ro.audio.silent is ignored since no output device is set
04-04 04:39:54.705 D/audio_hw_primary( 6576): out_set_parameters: enter: usecase(3: compress-offload-playback) kvpairs: closing=true
04-04 04:39:54.706 D/audio_hw_primary( 6576): out_set_parameters: enter: usecase(3: compress-offload-playback) kvpairs: exiting=1
04-04 04:39:54.707 E/audio_hw_primary( 6576): offload_thread_loop: Compress handle is NULL
04-04 04:39:54.708 D/audio_hw_primary( 6576): adev_close_output_stream: enter:stream_handle(compress-offload-playback)
04-04 04:39:54.708 D/audio_hw_primary( 6576): io_streams_map_remove: Removed stream with handle 53
04-04 04:39:54.708 D/audio_hw_primary( 6576): out_standby: enter: stream (0xe59c21a0) usecase(3: compress-offload-playback)
04-04 04:39:54.708 D/audio_hw_primary( 6576): out_standby: exit
04-04 04:39:54.709 I/AudioFlinger( 6577): openOutput() this 0xb40000791626a010, module 10 Device type:0x10000,@:, SamplingRate 48000, Format 0x000001, Channels 0x3, flags 0
04-04 04:39:54.709 D/audio_hw_primary( 6576): adev_open_output_stream: enter: format(0x1) sample_rate(48000) channel_mask(0x3) devices(0x10000) flags(0) stream_handle(0xe59ca7e0) address()
04-04 04:39:54.709 D/audio_hw_primary( 6576): adev_open_output_stream: Stream (0xe59ca7e0) picks up usecase (afe-proxy-playback)
04-04 04:39:54.709 D/audio_hw_primary( 6576): io_streams_map_insert: Added stream in io_streams_map with handle 61
04-04 04:39:54.710 I/AudioFlinger( 6577): HAL output buffer size 768 frames, normal sink buffer size 1152 frames
04-04 04:39:54.712 D/AudioFlinger( 6577): Failed to add event callback
04-04 04:39:54.712 I/AudioFlinger( 6577): AudioFlinger's thread 0xb400007a76445060 tid=6619 ready to run
04-04 04:39:54.712 W/AudioFlinger( 6577): no wake lock to update, system not ready yet
04-04 04:39:54.712 D/AudioFlinger( 6577): ro.audio.silent is ignored since no output device is set
04-04 04:39:54.712 D/audio_hw_primary( 6576): adev_get_parameters:routing=65536;supEncapsulationMetadataTypes;supEncapsulationModes
04-04 04:39:54.712 D/audio_hw_spkr_prot( 6576): fbsp_get_parameters: Speaker protection disabled
04-04 04:39:54.712 D/soundtrigger( 6576): audio_extn_sound_trigger_get_parameters input string
04-04 04:39:54.712 D/soundtrigger( 6576): extract_sm_handle input string param string
04-04 04:39:54.712 D/audio_hw_extn( 6576): audio_extn_fm_get_parameters: Enter
04-04 04:39:54.712 D/audio_hw_extn( 6576): audio_extn_get_parameters: returns
04-04 04:39:54.712 D/audio_hw_primary( 6576): adev_get_parameters: exit: returns -
04-04 04:39:54.713 D/audio_hw_primary( 6576): out_standby: enter: stream (0xe59ca7e0) usecase(54: afe-proxy-playback)
04-04 04:39:54.713 D/audio_hw_primary( 6576): out_standby: exit
04-04 04:39:54.713 W/AudioFlinger( 6577): no wake lock to update, system not ready yet
04-04 04:39:54.713 D/AudioFlinger( 6577): ro.audio.silent is ignored since no output device is set
04-04 04:39:54.742 I/mpu_uart( 645): [MSG-P:RECV]:No message received in 1000 ms
04-04 04:39:54.742 D/WeakNetDetector( 3106): [MSF_StatReportThread] onPingRecved ssoSeq=17355 pingSend=1680554391704 pingRecv=1680554394742 cost=3038
04-04 04:39:54.776 D/audio_hw_primary( 6576): adev_create_audio_patch: enter: num sources 1, num_sinks 1, handle 0
04-04 04:39:54.776 D/audio_hw_primary( 6576): adev_create_audio_patch: Playback patch from mix handle 61 to device 10000
04-04 04:39:54.776 D/audio_hw_primary( 6576): update_patch: enter
04-04 04:39:54.776 D/audio_hw_primary( 6576): route_output_stream: enter: usecase(54: afe-proxy-playback) devices 10000
04-04 04:39:54.776 D/audio_hw_primary( 6576): adev_create_audio_patch: Added a new patch with handle 4
04-04 04:39:54.779 I/AudioFlinger( 6577): openOutput() this 0xb40000791626a010, module 10 Device type:0x2,@:, SamplingRate 8000, Format 0x000001, Channels 0x1, flags 0x8001
04-04 04:39:54.779 D/audio_hw_primary( 6576): adev_open_output_stream: enter: format(0x1) sample_rate(8000) channel_mask(0x1) devices(0x2) flags(0x8001) stream_handle(0xe59cc970) address()
04-04 04:39:54.779 W/audio_hw_utils( 6576): audio_extn_utils_is_vendor_enhanced_fwk: is_vendor_enhanced_fwk 1
04-04 04:39:54.779 I/audio_hw_utils( 6576): audio_extn_utils_update_stream_output_app_type_cfg Allowing 24 and above bits playback on speaker ONLY at default sampling rate
04-04 04:39:54.779 D/audio_hw_primary( 6576): adev_open_output_stream: Stream (0xe59cc970) picks up usecase (audio-playback-voip)
04-04 04:39:54.779 D/audio_hw_primary( 6576): io_streams_map_insert: Added stream in io_streams_map with handle 69
04-04 04:39:54.781 I/AudioFlinger( 6577): HAL output buffer size 160 frames, normal sink buffer size 160 frames
04-04 04:39:54.781 D/AudioFlinger( 6577): Failed to add event callback
04-04 04:39:54.782 I/AudioFlinger( 6577): AudioFlinger's thread 0xb4000079c6268010 tid=6620 ready to run
04-04 04:39:54.782 W/AudioFlinger( 6577): no wake lock to update, system not ready yet
04-04 04:39:54.782 D/AudioFlinger( 6577): ro.audio.silent is ignored since no output device is set
04-04 04:39:54.782 D/audio_hw_primary( 6576): out_standby: enter: stream (0xe59cc970) usecase(33: audio-playback-voip)
04-04 04:39:54.782 D/audio_hw_primary( 6576): out_standby: exit
04-04 04:39:54.783 W/AudioFlinger( 6577): no wake lock to update, system not ready yet
04-04 04:39:54.783 D/AudioFlinger( 6577): ro.audio.silent is ignored since no output device is set
04-04 04:39:54.783 D/audio_hw_primary( 6576): out_set_parameters: enter: usecase(33: audio-playback-voip) kvpairs: closing=true
04-04 04:39:54.785 D/audio_hw_primary( 6576): out_set_parameters: enter: usecase(33: audio-playback-voip) kvpairs: exiting=1
04-04 04:39:54.785 D/audio_hw_primary( 6576): adev_close_output_stream: enter:stream_handle(audio-playback-voip)
04-04 04:39:54.785 D/audio_hw_primary( 6576): io_streams_map_remove: Removed stream with handle 69
04-04 04:39:54.785 D/audio_hw_primary( 6576): out_standby: enter: stream (0xe59cc970) usecase(33: audio-playback-voip)
04-04 04:39:54.785 D/audio_hw_primary( 6576): out_standby: exit
04-04 04:39:54.786 I/AudioFlinger( 6577): openOutput() this 0xb40000791626a010, module 10 Device type:0x10000,@:, SamplingRate 48000, Format 0x000001, Channels 0x3, flags 0x10000
04-04 04:39:54.786 D/audio_hw_primary( 6576): adev_open_output_stream: enter: format(0x1) sample_rate(48000) channel_mask(0x3) devices(0x10000) flags(0x10000) stream_handle(0xe59c21a0) address()
04-04 04:39:54.786 E/voice_extn( 6576): voice_extn_check_and_set_incall_music_usecase: Invalid session id 0
04-04 04:39:54.786 D/audio_hw_primary( 6576): adev_open_output_stream: Stream (0xe59c21a0) picks up usecase (incall_music_uplink)
04-04 04:39:54.786 D/audio_hw_primary( 6576): io_streams_map_insert: Added stream in io_streams_map with handle 77
04-04 04:39:54.788 I/AudioFlinger( 6577): HAL output buffer size 240 frames, normal sink buffer size 960 frames
04-04 04:39:54.790 D/AudioFlinger( 6577): Failed to add event callback
04-04 04:39:54.790 I/AudioFlinger( 6577): AudioFlinger's thread 0xb400007a76505080 tid=6623 ready to run
04-04 04:39:54.790 W/AudioFlinger( 6577): no wake lock to update, system not ready yet
04-04 04:39:54.790 D/AudioFlinger( 6577): ro.audio.silent is ignored since no output device is set
04-04 04:39:54.790 D/audio_hw_primary( 6576): out_standby: enter: stream (0xe59c21a0) usecase(50: incall_music_uplink)
04-04 04:39:54.790 D/audio_hw_primary( 6576): out_standby: exit
04-04 04:39:54.790 W/AudioFlinger( 6577): no wake lock to update, system not ready yet
04-04 04:39:54.791 D/AudioFlinger( 6577): ro.audio.silent is ignored since no output device is set
04-04 04:39:54.821 D/audio_hw_primary( 6576): adev_create_audio_patch: enter: num sources 1, num_sinks 1, handle 0
04-04 04:39:54.822 D/audio_hw_primary( 6576): adev_create_audio_patch: Playback patch from mix handle 77 to device 10000
04-04 04:39:54.822 D/audio_hw_primary( 6576): update_patch: enter
04-04 04:39:54.822 D/audio_hw_primary( 6576): route_output_stream: enter: usecase(50: incall_music_uplink) devices 10000
04-04 04:39:54.822 D/audio_hw_primary( 6576): adev_create_audio_patch: Added a new patch with handle 5
04-04 04:39:54.825 D/audio_hw_primary( 6576): adev_open_input_stream: enter: sample_rate(48000) channel_mask(0xc) devices(0x80000004) stream_handle(0xe7f831f0) io_handle(14) source(1) format 1
04-04 04:39:54.825 D/audio_hw_primary( 6576): io_streams_map_insert: Added stream in io_streams_map with handle 14
04-04 04:39:54.825 E/device_utils( 6576): update_device_list: Invalid device: 0
04-04 04:39:54.828 I/AudioFlinger( 6577): AudioFlinger's thread 0xb400007a765c50a0 tid=6624 ready to run
04-04 04:39:54.829 D/audio_hw_primary( 6576): in_standby: enter: stream (0xe7f831f0) usecase(23: audio-record)
04-04 04:39:54.829 W/AudioFlinger( 6577): no wake lock to update, system not ready yet
04-04 04:39:54.830 D/audio_hw_primary( 6576): in_standby: enter: stream (0xe7f831f0) usecase(23: audio-record)
04-04 04:39:54.831 W/AudioFlinger( 6577): no wake lock to update, system not ready yet
04-04 04:39:54.831 D/audio_hw_primary( 6576): adev_close_input_stream: enter:stream_handle(0xe7f831f0)
04-04 04:39:54.831 D/audio_hw_primary( 6576): io_streams_map_remove: Removed stream with handle 14
04-04 04:39:54.831 D/soundtrigger( 6576): audio_extn_sound_trigger_check_ec_ref_enable: EC Reference is disabled
04-04 04:39:54.831 D/sound_trigger_hw( 6576): handle_audio_ec_ref_enabled: Enter
04-04 04:39:54.831 D/sound_trigger_hw( 6576): handle_audio_ec_ref_enabled: Exit audio ec ref=0
04-04 04:39:54.831 D/soundtrigger( 6576): audio_extn_sound_trigger_update_ec_ref_status: update audio echo ref status false
04-04 04:39:54.831 D/audio_hw_primary( 6576): in_standby: enter: stream (0xe7f831f0) usecase(23: audio-record)
04-04 04:39:54.832 D/audio_hw_primary( 6576): adev_open_input_stream: enter: sample_rate(48000) channel_mask(0x10) devices(0x80000004) stream_handle(0xe7f831f0) io_handle(22) source(1) format 1
04-04 04:39:54.832 D/audio_hw_primary( 6576): io_streams_map_insert: Added stream in io_streams_map with handle 22
04-04 04:39:54.832 E/device_utils( 6576): update_device_list: Invalid device: 0
04-04 04:39:54.835 I/AudioFlinger( 6577): AudioFlinger's thread 0xb400007a765c50a0 tid=6626 ready to run
04-04 04:39:54.835 D/audio_hw_primary( 6576): in_standby: enter: stream (0xe7f831f0) usecase(23: audio-record)
04-04 04:39:54.836 W/AudioFlinger( 6577): no wake lock to update, system not ready yet
04-04 04:39:54.836 D/audio_hw_primary( 6576): in_standby: enter: stream (0xe7f831f0) usecase(23: audio-record)
04-04 04:39:54.837 W/AudioFlinger( 6577): no wake lock to update, system not ready yet
04-04 04:39:54.837 D/audio_hw_primary( 6576): adev_close_input_stream: enter:stream_handle(0xe7f831f0)
04-04 04:39:54.837 D/audio_hw_primary( 6576): io_streams_map_remove: Removed stream with handle 22
04-04 04:39:54.837 D/soundtrigger( 6576): audio_extn_sound_trigger_check_ec_ref_enable: EC Reference is disabled
04-04 04:39:54.837 D/sound_trigger_hw( 6576): handle_audio_ec_ref_enabled: Enter
04-04 04:39:54.837 D/sound_trigger_hw( 6576): handle_audio_ec_ref_enabled: Exit audio ec ref=0
04-04 04:39:54.837 D/soundtrigger( 6576): audio_extn_sound_trigger_update_ec_ref_status: update audio echo ref status false
04-04 04:39:54.837 D/audio_hw_primary( 6576): in_standby: enter: stream (0xe7f831f0) usecase(23: audio-record)
04-04 04:39:54.838 D/audio_hw_primary( 6576): adev_open_input_stream: enter: sample_rate(192000) channel_mask(0x8000000f) devices(0x80000004) stream_handle(0xe7f831f0) io_handle(30) source(1) format 5
04-04 04:39:54.838 D/audio_hw_primary( 6576): adev_open_input_stream: enter: sample_rate(48000) channel_mask(0x8000000f) devices(0x80000004) stream_handle(0xe7f831f0) io_handle(30) source(1) format 1
04-04 04:39:54.838 D/audio_hw_primary( 6576): io_streams_map_insert: Added stream in io_streams_map with handle 30
04-04 04:39:54.838 E/device_utils( 6576): update_device_list: Invalid device: 0
04-04 04:39:54.840 I/AudioFlinger( 6577): AudioFlinger's thread 0xb400007a765c50a0 tid=6628 ready to run
04-04 04:39:54.840 D/audio_hw_primary( 6576): in_standby: enter: stream (0xe7f831f0) usecase(23: audio-record)
04-04 04:39:54.840 W/AudioFlinger( 6577): no wake lock to update, system not ready yet
04-04 04:39:54.841 D/audio_hw_primary( 6576): in_standby: enter: stream (0xe7f831f0) usecase(23: audio-record)
04-04 04:39:54.841 W/AudioFlinger( 6577): no wake lock to update, system not ready yet
04-04 04:39:54.841 D/audio_hw_primary( 6576): adev_close_input_stream: enter:stream_handle(0xe7f831f0)
04-04 04:39:54.841 D/audio_hw_primary( 6576): io_streams_map_remove: Removed stream with handle 30
04-04 04:39:54.841 D/soundtrigger( 6576): audio_extn_sound_trigger_check_ec_ref_enable: EC Reference is disabled
04-04 04:39:54.841 D/sound_trigger_hw( 6576): handle_audio_ec_ref_enabled: Enter
04-04 04:39:54.841 D/sound_trigger_hw( 6576): handle_audio_ec_ref_enabled: Exit audio ec ref=0
04-04 04:39:54.841 D/soundtrigger( 6576): audio_extn_sound_trigger_update_ec_ref_status: update audio echo ref status false
04-04 04:39:54.841 D/audio_hw_primary( 6576): in_standby: enter: stream (0xe7f831f0) usecase(23: audio-record)
04-04 04:39:54.841 D/audio_hw_primary( 6576): adev_open_input_stream: enter: sample_rate(48000) channel_mask(0xc) devices(0x80000040) stream_handle(0xe7f831f0) io_handle(38) source(1) format 1
04-04 04:39:54.841 D/audio_hw_primary( 6576): io_streams_map_insert: Added stream in io_streams_map with handle 38
04-04 04:39:54.842 E/device_utils( 6576): update_device_list: Invalid device: 0
04-04 04:39:54.843 I/AudioFlinger( 6577): AudioFlinger's thread 0xb400007a765c50a0 tid=6630 ready to run
04-04 04:39:54.843 D/audio_hw_primary( 6576): in_standby: enter: stream (0xe7f831f0) usecase(55: afe-proxy-record)
04-04 04:39:54.843 W/AudioFlinger( 6577): no wake lock to update, system not ready yet
04-04 04:39:54.844 D/audio_hw_primary( 6576): in_standby: enter: stream (0xe7f831f0) usecase(55: afe-proxy-record)
04-04 04:39:54.844 W/AudioFlinger( 6577): no wake lock to update, system not ready yet
04-04 04:39:54.844 D/audio_hw_primary( 6576): adev_close_input_stream: enter:stream_handle(0xe7f831f0)
04-04 04:39:54.844 D/audio_hw_primary( 6576): io_streams_map_remove: Removed stream with handle 38
04-04 04:39:54.844 D/soundtrigger( 6576): audio_extn_sound_trigger_check_ec_ref_enable: EC Reference is disabled
04-04 04:39:54.844 D/sound_trigger_hw( 6576): handle_audio_ec_ref_enabled: Enter
04-04 04:39:54.844 D/sound_trigger_hw( 6576): handle_audio_ec_ref_enabled: Exit audio ec ref=0
04-04 04:39:54.844 D/soundtrigger( 6576): audio_extn_sound_trigger_update_ec_ref_status: update audio echo ref status false
04-04 04:39:54.844 D/audio_hw_primary( 6576): in_standby: enter: stream (0xe7f831f0) usecase(55: afe-proxy-record)
04-04 04:39:54.844 D/audio_hw_primary( 6576): adev_open_input_stream: enter: sample_rate(48000) channel_mask(0x80000007) devices(0x80000004) stream_handle(0xe7f83c70) io_handle(46) source(1) format 1
04-04 04:39:54.844 D/audio_hw_primary( 6576): io_streams_map_insert: Added stream in io_streams_map with handle 46
04-04 04:39:54.844 E/device_utils( 6576): update_device_list: Invalid device: 0
04-04 04:39:54.845 I/AudioFlinger( 6577): AudioFlinger's thread 0xb400007a765c50a0 tid=6632 ready to run
04-04 04:39:54.845 D/audio_hw_primary( 6576): in_standby: enter: stream (0xe7f83c70) usecase(23: audio-record)
04-04 04:39:54.846 W/AudioFlinger( 6577): no wake lock to update, system not ready yet
04-04 04:39:54.846 D/audio_hw_primary( 6576): in_standby: enter: stream (0xe7f83c70) usecase(23: audio-record)
04-04 04:39:54.846 W/AudioFlinger( 6577): no wake lock to update, system not ready yet
04-04 04:39:54.846 D/audio_hw_primary( 6576): adev_close_input_stream: enter:stream_handle(0xe7f83c70)
04-04 04:39:54.846 D/audio_hw_primary( 6576): io_streams_map_remove: Removed stream with handle 46
04-04 04:39:54.846 D/soundtrigger( 6576): audio_extn_sound_trigger_check_ec_ref_enable: EC Reference is disabled
04-04 04:39:54.846 D/sound_trigger_hw( 6576): handle_audio_ec_ref_enabled: Enter
04-04 04:39:54.846 D/sound_trigger_hw( 6576): handle_audio_ec_ref_enabled: Exit audio ec ref=0
04-04 04:39:54.846 D/soundtrigger( 6576): audio_extn_sound_trigger_update_ec_ref_status: update audio echo ref status false
04-04 04:39:54.846 D/audio_hw_primary( 6576): in_standby: enter: stream (0xe7f83c70) usecase(23: audio-record)
04-04 04:39:54.847 D/audio_hw_primary( 6576): adev_open_input_stream: enter: sample_rate(48000) channel_mask(0xc) devices(0x80000004) stream_handle(0xe7f83c70) io_handle(54) source(1) format 1
04-04 04:39:54.847 D/audio_hw_primary( 6576): io_streams_map_insert: Added stream in io_streams_map with handle 54
04-04 04:39:54.847 E/device_utils( 6576): update_device_list: Invalid device: 0
04-04 04:39:54.848 I/AudioFlinger( 6577): AudioFlinger's thread 0xb400007a765c50a0 tid=6634 ready to run
04-04 04:39:54.848 D/audio_hw_primary( 6576): in_standby: enter: stream (0xe7f83c70) usecase(23: audio-record)
04-04 04:39:54.849 W/AudioFlinger( 6577): no wake lock to update, system not ready yet
04-04 04:39:54.849 D/audio_hw_primary( 6576): in_standby: enter: stream (0xe7f83c70) usecase(23: audio-record)
04-04 04:39:54.849 W/AudioFlinger( 6577): no wake lock to update, system not ready yet
04-04 04:39:54.849 D/audio_hw_primary( 6576): adev_close_input_stream: enter:stream_handle(0xe7f83c70)
04-04 04:39:54.849 D/audio_hw_primary( 6576): io_streams_map_remove: Removed stream with handle 54
04-04 04:39:54.849 D/soundtrigger( 6576): audio_extn_sound_trigger_check_ec_ref_enable: EC Reference is disabled
04-04 04:39:54.849 D/sound_trigger_hw( 6576): handle_audio_ec_ref_enabled: Enter
04-04 04:39:54.849 D/sound_trigger_hw( 6576): handle_audio_ec_ref_enabled: Exit audio ec ref=0
04-04 04:39:54.849 D/soundtrigger( 6576): audio_extn_sound_trigger_update_ec_ref_status: update audio echo ref status false
04-04 04:39:54.849 D/audio_hw_primary( 6576): in_standby: enter: stream (0xe7f83c70) usecase(23: audio-record)
04-04 04:39:54.850 D/audio_hw_primary( 6576): adev_open_input_stream: enter: sample_rate(48000) channel_mask(0x8000000f) devices(0x80000004) stream_handle(0xe7f83c70) io_handle(62) source(1) format 1
04-04 04:39:54.850 D/audio_hw_primary( 6576): io_streams_map_insert: Added stream in io_streams_map with handle 62
04-04 04:39:54.850 E/device_utils( 6576): update_device_list: Invalid device: 0
04-04 04:39:54.851 I/AudioFlinger( 6577): AudioFlinger's thread 0xb400007a765c50a0 tid=6636 ready to run
04-04 04:39:54.851 D/audio_hw_primary( 6576): in_standby: enter: stream (0xe7f83c70) usecase(23: audio-record)
04-04 04:39:54.852 W/AudioFlinger( 6577): no wake lock to update, system not ready yet
04-04 04:39:54.852 D/audio_hw_primary( 6576): in_standby: enter: stream (0xe7f83c70) usecase(23: audio-record)
04-04 04:39:54.852 W/AudioFlinger( 6577): no wake lock to update, system not ready yet
04-04 04:39:54.852 D/audio_hw_primary( 6576): adev_close_input_stream: enter:stream_handle(0xe7f83c70)
04-04 04:39:54.852 D/audio_hw_primary( 6576): io_streams_map_remove: Removed stream with handle 62
04-04 04:39:54.852 D/soundtrigger( 6576): audio_extn_sound_trigger_check_ec_ref_enable: EC Reference is disabled
04-04 04:39:54.852 D/sound_trigger_hw( 6576): handle_audio_ec_ref_enabled: Enter
04-04 04:39:54.852 D/sound_trigger_hw( 6576): handle_audio_ec_ref_enabled: Exit audio ec ref=0
04-04 04:39:54.852 D/soundtrigger( 6576): audio_extn_sound_trigger_update_ec_ref_status: update audio echo ref status false
04-04 04:39:54.852 D/audio_hw_primary( 6576): in_standby: enter: stream (0xe7f83c70) usecase(23: audio-record)
04-04 04:39:54.864 I/bt_a2dp_hw( 6577): system/bt/audio_a2dp_hw/src/audio_a2dp_hw.cc:1998 adev_open: adev_open: adev_open in A2dp_hw module
04-04 04:39:54.865 I/AudioFlinger( 6577): loadHwModule() Loaded a2dp audio interface, handle 18
04-04 04:39:54.866 I/AudioFlinger( 6577): loadHwModule() Loaded usb audio interface, handle 26
04-04 04:39:54.868 I/r_submix( 6576): adev_open(name=audio_hw_if)
04-04 04:39:54.868 I/r_submix( 6576): adev_init_check()
04-04 04:39:54.868 I/AudioFlinger( 6577): loadHwModule() Loaded r_submix audio interface, handle 34
04-04 04:39:54.868 D/r_submix( 6576): adev_open_input_stream(addr=0)
04-04 04:39:54.868 D/r_submix( 6576): submix_audio_device_create_pipe_l(addr=0, idx=9)
04-04 04:39:54.868 D/r_submix( 6576): now using address 0 for route 9
04-04 04:39:54.870 I/AudioFlinger( 6577): AudioFlinger's thread 0xb400007a765c50a0 tid=6638 ready to run
04-04 04:39:54.870 D/r_submix( 6576): adev_close_input_stream()
04-04 04:39:54.870 D/r_submix( 6576): submix_audio_device_release_pipe_l(idx=9) addr=0
04-04 04:39:54.870 D/r_submix( 6576): submix_audio_device_destroy_pipe_l(): pipe destroyed
04-04 04:39:54.871 D/btaudio_offload_qti( 6576): is_value_adds_supported: vendor_info = 3
04-04 04:39:54.871 D/btaudio_offload_qti( 6576): is_value_adds_supported: Build is running with QC Value-adds for odm
04-04 04:39:54.871 E/btaudio_offload_qti( 6576): bt_audio_pre_init_qti: HIDL IBluetoothAudioProvidersFactory already registered
04-04 04:39:54.871 D/btaudio_offload_qti_2_1( 6576): is_value_adds_supported: vendor_info = 3
04-04 04:39:54.871 D/btaudio_offload_qti_2_1( 6576): is_value_adds_supported: Build is running with QC Value-adds for odm
04-04 04:39:54.872 I/hwservicemanager( 504): getTransport: Cannot find entry vendor.qti.hardware.bluetooth_audio@2.1::IBluetoothAudioProvidersFactory/default in either framework or device VINTF manifest.
04-04 04:39:54.873 I/hwservicemanager( 504): getTransport: Cannot find entry vendor.qti.hardware.bluetooth_audio@2.1::IBluetoothAudioProvidersFactory/default in either framework or device VINTF manifest.
04-04 04:39:54.873 E/HidlServiceManagement( 6576): Service vendor.qti.hardware.bluetooth_audio@2.1::IBluetoothAudioProvidersFactory/default must be in VINTF manifest in order to register/get.
04-04 04:39:54.873 E/LegacySupport( 6576): Could not register service vendor.qti.hardware.bluetooth_audio@2.1::IBluetoothAudioProvidersFactory/default (-2147483648).
04-04 04:39:54.873 E/btaudio_offload_qti_2_1( 6576): bt_audio_pre_init_qti: HIDL IBluetoothAudioProvidersFactory 2.1 registration failed
04-04 04:39:54.873 I/AudioFlinger( 6577): loadHwModule() Loaded bluetooth_qti audio interface, handle 42
04-04 04:39:54.899 I/SmartThreadExecutor( 3311): handleMessage: start check 0
04-04 04:39:54.899 I/SmartThreadExecutor( 3311): handleMessage: check end 0 -9 false
04-04 04:39:54.912 I/VRAudio:VRAudioService( 6577): instantiate VRAudioService
04-04 04:39:55.215 D/MSF.C.NetConnTag.true( 3106): preDetectTimeoutMsg cmd:ByYjJzs/IAk8IH4EOB8gLgcwNw, ssoSeq:17319
04-04 04:39:55.242 I/ServiceManager( 1549): Waiting for service 'media.audio_policy' on '/dev/binder' successful after waiting 2002ms
04-04 04:39:55.242 I/CaptureStateNotifier( 6577): Registering a listener
04-04 04:39:55.242 I/ServiceManager( 1201): Waiting for service 'media.audio_policy' on '/dev/binder' successful after waiting 2001ms
04-04 04:39:55.243 I/SoundTriggerMiddlewareLogging( 1549): setCaptureState[this=com.android.server.soundtrigger_middleware.SoundTriggerMiddlewareImpl@db33bd1, client=null](false)
04-04 04:39:55.251 I/Telecom ( 1549): WiredHeadsetManager: ACTION_HEADSET_PLUG event, plugged in: false, : WHC.oADR@ABY
04-04 04:39:55.495 I/auditd ( 0): type=1400 audit(0.0:550): avc: denied { kill } for comm="swapper/3" capability=5 scontext=u:r:kernel:s0 tcontext=u:r:kernel:s0 tclass=capability permissive=0
04-04 04:39:55.495 W/swapper/3( 0): type=1400 audit(0.0:550): avc: denied { kill } for capability=5 scontext=u:r:kernel:s0 tcontext=u:r:kernel:s0 tclass=capability permissive=0
04-04 04:39:55.739 I/ServiceManager( 6577): Waiting for service 'media.audio_policy' on '/dev/binder' successful after waiting 2002ms
04-04 04:39:55.742 I/mpu_uart( 645): [MSG-P:RECV]:No message received in 1000 ms
04-04 04:39:55.746 W/AudioFlinger( 6577): session id 57 not found for pid 2940
04-04 04:39:55.747 D/PermissionCache( 6577): checking android.permission.CAPTURE_AUDIO_OUTPUT for uid=10078 => granted (2397 us)
04-04 04:39:55.747 D/PermissionCache( 6577): checking android.permission.MODIFY_AUDIO_SETTINGS for uid=1000 => granted (1531 us)
04-04 04:39:55.747 W/AMessage( 1201): failed to post message as target looper for handler 12 is gone.
04-04 04:39:55.747 W/AMessage( 1201): failed to post message as target looper for handler 12 is gone.
04-04 04:39:55.747 W/AMessage( 1201): failed to post message as target looper for handler 12 is gone.
04-04 04:39:55.747 W/AMessage( 1201): failed to post message as target looper for handler 12 is gone.
04-04 04:39:55.747 D/audio_hw_primary( 6576): adev_set_parameters: enter: restarting=true
04-04 04:39:55.747 W/AMessage( 1201): failed to post message as target looper for handler 12 is gone.
04-04 04:39:55.748 W/AMessage( 1201): failed to post message as target looper for handler 12 is gone.
04-04 04:39:55.748 W/AMessage( 1201): failed to post message as target looper for handler 12 is gone.
04-04 04:39:55.748 W/AMessage( 1201): failed to post message as target looper for handler 12 is gone.
04-04 04:39:55.748 W/AMessage( 1201): failed to post message as target looper for handler 12 is gone.
04-04 04:39:55.748 D/audio_hw_hfp( 6576): hfp_set_parameters: enter
04-04 04:39:55.748 W/AMessage( 1201): failed to post message as target looper for handler 12 is gone.
04-04 04:39:55.748 D/audio_hw_extn( 6576): audio_extn_fm_set_parameters: Enter
04-04 04:39:55.748 W/AMessage( 1201): failed to post message as target looper for handler 12 is gone.
04-04 04:39:55.748 W/APM_AudioPolicyMix( 6577): getInputMixForAttr() no policy for address -1416755123:ap:0mixp:0
04-04 04:39:55.748 W/APM_AudioPolicyManager( 6577): getInputForAttr could not find input mix for attr { Content type: AUDIO_CONTENT_TYPE_UNKNOWN Usage: AUDIO_USAGE_UNKNOWN Source: AUDIO_SOURCE_REMOTE_SUBMIX Flags: 0x800 Tags: addr=-1416755123:ap:0mixp:0 }
04-04 04:39:55.748 E/AudioFlinger( 6577): createRecord() getInputForAttr return error -22
04-04 04:39:55.749 E/AudioRecord( 1978): createRecord_l(39): AudioFlinger could not create record track, status: -22
04-04 04:39:55.749 W/AudioRecord( 1978): restoreRecord_l(39): failed status -22, retries 2
04-04 04:39:55.749 I/AS.AudioService( 1549): Cached params {ans_on=false, orientation=landscape, hdr_record_on=false, hdr_audio_sampling_rate=0, wnr_on=false, facing=none, hdr_audio_channel_count=0, inverted=false}
04-04 04:39:55.749 I/AS.AudioService( 1549): Key ans_on Value false
04-04 04:39:55.749 I/AS.AudioService( 1549): Params ans_on=false
04-04 04:39:55.749 I/AS.AudioService( 1549): Key orientation Value landscape
04-04 04:39:55.749 I/AS.AudioService( 1549): Params ans_on=false;orientation=landscape
04-04 04:39:55.749 I/AS.AudioService( 1549): Key hdr_record_on Value false
04-04 04:39:55.749 I/AS.AudioService( 1549): Params ans_on=false;orientation=landscape;hdr_record_on=false
04-04 04:39:55.749 I/AS.AudioService( 1549): Key hdr_audio_sampling_rate Value 0
04-04 04:39:55.749 I/AS.AudioService( 1549): Params ans_on=false;orientation=landscape;hdr_record_on=false;hdr_audio_sampling_rate=0
04-04 04:39:55.749 I/AS.AudioService( 1549): Key wnr_on Value false
04-04 04:39:55.749 I/AS.AudioService( 1549): Params ans_on=false;orientation=landscape;hdr_record_on=false;hdr_audio_sampling_rate=0;wnr_on=false
04-04 04:39:55.749 I/AS.AudioService( 1549): Key facing Value none
04-04 04:39:55.749 I/AS.AudioService( 1549): Params ans_on=false;orientation=landscape;hdr_record_on=false;hdr_audio_sampling_rate=0;wnr_on=false;facing=none
04-04 04:39:55.749 I/AS.AudioService( 1549): Key hdr_audio_channel_count Value 0
04-04 04:39:55.749 I/AS.AudioService( 1549): Params ans_on=false;orientation=landscape;hdr_record_on=false;hdr_audio_sampling_rate=0;wnr_on=false;facing=none;hdr_audio_channel_count=0
04-04 04:39:55.749 I/AS.AudioService( 1549): Key inverted Value false
04-04 04:39:55.749 I/AS.AudioService( 1549): Params ans_on=false;orientation=landscape;hdr_record_on=false;hdr_audio_sampling_rate=0;wnr_on=false;facing=none;hdr_audio_channel_count=0;inverted=false
04-04 04:39:55.749 I/AS.AudioService( 1549): Restore params ans_on=false;orientation=landscape;hdr_record_on=false;hdr_audio_sampling_rate=0;wnr_on=false;facing=none;hdr_audio_channel_count=0;inverted=false
