04-04 04:39:53.238 D/audio_hw_primary( 804): out_standby: enter: stream (0xf1b021a0) usecase(1: low-latency-playback)
04-04 04:39:53.238 D/r_submix( 804): submix_audio_device_destroy_pipe_l(): pipe destroyed
04-04 04:39:53.238 D/audio_hw_primary( 804): out_standby: exit
04-04 04:39:53.238 I/r_submix( 804): adev_close()
04-04 04:39:53.238 D/NuPlayer( 1201): restartAudio timeUs(172117944), dontOffload(0), createDecoder(1)
04-04 04:39:53.240 I/ServiceManager( 1549): Waiting for service 'media.audio_policy' on '/dev/binder'...
04-04 04:39:53.240 E/AudioSystem-JNI( 1549): Command failed for android_media_AudioSystem_checkAudioFlinger: -32
04-04 04:39:53.240 E/AS.AudioService( 1549): Audioserver died.
04-04 04:39:53.240 W/AudioSystem( 1549): AudioPolicyService server died!
04-04 04:39:53.241 W/CaptureStateTracker( 1549): Audio policy service died
04-04 04:39:53.241 I/ServiceManager( 1201): Waiting for service 'media.audio_policy' on '/dev/binder'...
11-11 00:11:24.204 I/libprocessgroup( 0): Successfully killed process cgroup uid 1041 pid 984 in 5ms
11-11 00:11:24.205 I/init ( 0): Sending signal 9 to service 'vendor.audio-hal' (pid 804) process group...
04-04 04:39:53.244 I/commit_sys_config_file( 1549): [log-files,281484]
04-04 04:39:53.273 W/SoundTriggerModule( 1549): Underlying HAL driver died.
04-04 04:39:53.273 D/SoundTriggerMiddlewareService( 1549): Connecting to default ISoundTriggerHw
04-04 04:39:53.274 I/hwservicemanager( 504): Since android.hardware.soundtrigger@2.0::ISoundTriggerHw/default is not registered, trying to start it as a lazy HAL.
04-04 04:39:53.275 I/hwservicemanager( 504): Since android.hardware.soundtrigger@2.0::ISoundTriggerHw/default is not registered, trying to start it as a lazy HAL.
04-04 04:39:53.275 I/HidlServiceManagement( 1549): getService: Trying again for android.hardware.soundtrigger@2.0::ISoundTriggerHw/default...
11-11 00:11:24.241 I/libprocessgroup( 0): Successfully killed process cgroup uid 1041 pid 804 in 36ms
11-11 00:11:24.242 I/init ( 0): Command 'restart vendor.audio-hal-4-0-msd' action=onrestart (:2) took 0ms and failed: service vendor.audio-hal-4-0-msd not found
11-11 00:11:24.242 I/init ( 0): Command 'restart audio_proxy_service' action=onrestart (:3) took 0ms and failed: service audio_proxy_service not found
11-11 00:11:24.242 I/init ( 0): Command 'restart vendor.audio-hal-2-0' action=onrestart (:4) took 0ms and failed: service vendor.audio-hal-2-0 not found
11-11 00:11:24.243 I/init ( 0): Command 'restart audio-hal-2-0' action=onrestart (:5) took 0ms and failed: service audio-hal-2-0 not found
04-04 04:39:53.285 W/libc ( 504): Unable to set property "ctl.interface_start" to "android.hardware.soundtrigger@2.0::ISoundTriggerHw/default": error code: 0x20
04-04 04:39:53.285 I/hwservicemanager( 504): Tried to start android.hardware.soundtrigger@2.0::ISoundTriggerHw/default as a lazy service, but was unable to. Usually this happens when a service is not installed, but if the service is intended to be used as a lazy service, then it may be configured incorrectly.
04-04 04:39:53.289 W/libc ( 504): Unable to set property "ctl.interface_start" to "android.hardware.soundtrigger@2.0::ISoundTriggerHw/default": error code: 0x20
04-04 04:39:53.289 I/hwservicemanager( 504): Tried to start android.hardware.soundtrigger@2.0::ISoundTriggerHw/default as a lazy service, but was unable to. Usually this happens when a service is not installed, but if the service is intended to be used as a lazy service, then it may be configured incorrectly.
04-04 04:39:53.307 D/audiohalservice( 6576): Init hw binder with mem size = 1024
04-04 04:39:53.315 I/HidlServiceManagement( 6576): Registered android.hardware.audio@6.0::IDevicesFactory/default (start delay of 40ms)
04-04 04:39:53.316 I/HidlServiceManagement( 6576): Removing namespace from process name android.hardware.audio.service to audio.service.
04-04 04:39:53.316 I/LegacySupport( 6576): Registration complete for android.hardware.audio@6.0::IDevicesFactory/default.
04-04 04:39:53.320 I/HidlServiceManagement( 6576): Registered android.hardware.audio.effect@6.0::IEffectsFactory/default (start delay of 45ms)
04-04 04:39:53.320 I/LegacySupport( 6576): Registration complete for android.hardware.audio.effect@6.0::IEffectsFactory/default.
04-04 04:39:53.327 D/sound_trigger_hw( 6576): stdev_open: Enter
04-04 04:39:53.330 D/sound_trigger_hw( 6576): load_audio_hal: ahal is using proprietary API version 0x0200
04-04 04:39:53.331 I/sound_trigger_platform( 6576): platform_stdev_init: Enter
04-04 04:39:53.336 D/audio_hw_utils( 6576): audio_extn_utils_open_snd_mixer: snd_card_name: kona-mtp-snd-card
04-04 04:39:53.336 D/audio_hw_utils( 6576): audio_extn_utils_open_snd_mixer: Opened sound card:0
04-04 04:39:53.348 I/FastMixerState( 6577): sMaxFastTracks = 8
04-04 04:39:53.349 V/MediaUtils( 6577): physMem: 8085733376
04-04 04:39:53.349 V/MediaUtils( 6577): requested limit: 536870912
04-04 04:39:53.349 I/libc ( 6577): malloc_limit: Allocation limit enabled, max size 536870912 bytes
11-11 00:11:24.313 I/binder ( 0): 6577:6577 ioctl 40046210 7fc5dce824 returned -22
11-11 00:11:24.313 I/binder ( 0): 6577:6577 ioctl 40046210 7fc5dce844 returned -22
04-04 04:39:53.349 D/hw-ProcessState( 6577): Binder ioctl to enable oneway spam detection failed: Invalid argument
04-04 04:39:53.349 D/ProcessState( 6577): Binder ioctl to enable oneway spam detection failed: Invalid argument
04-04 04:39:53.349 I/audioserver( 6577): ServiceManager: 0xb40000782625b9d0
04-04 04:39:53.351 I/hwservicemanager( 504): getTransport: Cannot find entry android.hardware.audio@7.0::IDevicesFactory/default in either framework or device VINTF manifest.
04-04 04:39:53.362 I/hwservicemanager( 504): getTransport: Cannot find entry android.hardware.audio.effect@7.0::IEffectsFactory/default in either framework or device VINTF manifest.
04-04 04:39:53.367 I/AudioFlinger( 6577): Using default 3000 mSec as standby time.
04-04 04:39:53.368 W/AudioAnalytics( 1195): (key=audio.flinger) Audioflinger constructor event detected
04-04 04:39:53.377 D/APM_EngineLoader( 6577): Loaded engine from libaudiopolicyenginedefault.so
04-04 04:39:53.377 D/APM::AudioPolicyEngine/Base( 6577): loadAudioPolicyEngineConfig: No configuration found, using default matching phone experience.
04-04 04:39:53.379 W/APM::AudioPolicyEngine/Base( 6577): loadAudioPolicyEngineConfig: No configuration of AUDIO_STREAM_CALL_ASSISTANT found, using default volume configuration
04-04 04:39:53.380 D/audio_hw_primary( 6576): adev_open: enter
04-04 04:39:53.380 D/audio_log_utils( 6576): registered, module hal
04-04 04:39:53.381 W/audio_hw_utils( 6576): audio_extn_utils_get_vendor_enhanced_info: vendor_enhanced_info 0x3
04-04 04:39:53.381 D/audio_hw_extn( 6576): snd_mon_feature_init: Called with feature Enabled
04-04 04:39:53.381 D/audio_hw_extn( 6576): snd_mon_feature_init:: ---- Feature SND_MONITOR is Enabled ----
04-04 04:39:53.381 W/audio_hw_extn( 6576): :: compr_cap_feature_init: ---- Feature COMPRESS_CAPTURE is disabled ----
04-04 04:39:53.381 D/audio_hw_extn( 6576): dsm_feedback_feature_init: Called with feature NOT Enabled
04-04 04:39:53.381 W/audio_hw_extn( 6576): :: dsm_feedback_feature_init: ---- Feature DSM_FEEDBACK is disabled ----
04-04 04:39:53.382 D/audio_hw_extn( 6576): ssrec_feature_init:: ---- Feature SSREC is Enabled ----
04-04 04:39:53.382 D/audio_hw_extn( 6576): src_trkn_feature_init:: ---- Feature SOURCE_TRACKING is Enabled ----
04-04 04:39:53.382 D/audio_hw_extn( 6576): hdmi_edid_feature_init: HDMI_EDID feature Enabled
04-04 04:39:53.382 D/audio_hw_extn( 6576): hdmi_edid_feature_init:: ---- Feature HDMI_EDID is Enabled ----
04-04 04:39:53.382 D/audio_hw_extn( 6576): :: keep_alive_feature_init: ---- Feature KEEP_ALIVE is ENABLED ----
04-04 04:39:53.382 D/audio_hw_extn( 6576): :: hifi_audio_feature_init: ---- Feature HIFI_AUDIO is NOT ENABLED ----
04-04 04:39:53.382 D/audio_hw_extn( 6576): :: ras_feature_init: ---- Feature RAS_FEATURE is ENABLED ----
04-04 04:39:53.382 D/audio_hw_extn( 6576): :: kpi_optimize_feature_init: ---- Feature KPI_OPTIMIZE is ENABLED ----
04-04 04:39:53.382 D/audio_hw_extn( 6576): usb_offload_feature_init: Called with feature Enabled
04-04 04:39:53.382 D/audio_hw_extn( 6576): usb_offload_burst_mode_feature_init: Called with feature Enabled
04-04 04:39:53.382 D/audio_hw_extn( 6576): usb_offload_sidetone_volume_feature_init: Called with feature NOT Enabled
04-04 04:39:53.382 D/audio_hw_extn( 6576): a2dp_offload_feature_init: Called with feature Enabled
04-04 04:39:53.383 D/audio_hw_extn( 6576): a2dp_offload_feature_init:: ---- Feature A2DP_OFFLOAD is Enabled ----
04-04 04:39:53.383 D/audio_hw_extn( 6576): :: vbat_feature_init: ---- Feature VBAT is ENABLED ----
04-04 04:39:53.383 D/audio_hw_extn( 6576): :: display_port_feature_init: ---- Feature DISPLAY_PORT is ENABLED ----
04-04 04:39:53.383 D/audio_hw_extn( 6576): :: fluence_feature_init: ---- Feature FLUENCE is ENABLED ----
04-04 04:39:53.383 D/audio_hw_extn( 6576): :: custom_stereo_feature_init: ---- Feature CUSTOM_STEREO is ENABLED ----
04-04 04:39:53.383 D/audio_hw_extn( 6576): :: anc_headset_feature_init: ---- Feature ANC_HEADSET is NOT ENABLED----
04-04 04:39:53.383 D/audio_hw_extn( 6576): spkr_prot_feature_init: Called with feature Enabled, vendor_enhanced_info 0x3
04-04 04:39:53.384 D/audio_hw_extn( 6576): spkr_prot_feature_init:: ---- Feature SPKR_PROT is Enabled ----
04-04 04:39:53.384 D/audio_hw_extn( 6576): fm_feature_init: ---- Feature FM_POWER_OPT is ENABLED----
04-04 04:39:53.384 D/audio_hw_extn( 6576): external_qdsp_feature_init: Called with feature NOT Enabled
04-04 04:39:53.384 W/audio_hw_extn( 6576): :: external_qdsp_feature_init: ---- Feature EXTERNAL_QDSP is disabled ----
04-04 04:39:53.384 D/audio_hw_extn( 6576): external_speaker_feature_init: Called with feature NOT Enabled
04-04 04:39:53.384 W/audio_hw_extn( 6576): :: external_speaker_feature_init: ---- Feature EXTERNAL_SPKR is disabled ----
04-04 04:39:53.384 D/audio_hw_extn( 6576): external_speaker_tfa_feature_init: Called with feature NOT Enabled
04-04 04:39:53.384 W/audio_hw_extn( 6576): :: external_speaker_tfa_feature_init: ---- Feature EXTERNAL_SPKR_TFA is disabled ----
04-04 04:39:53.384 D/audio_hw_extn( 6576): hwdep_cal_feature_init: Called with feature NOT Enabled
04-04 04:39:53.384 W/audio_hw_extn( 6576): :: hwdep_cal_feature_init: ---- Feature HWDEP_CAL is disabled ----
04-04 04:39:53.384 D/audio_hw_extn( 6576): hfp_feature_init: Called with feature Enabled
04-04 04:39:53.384 D/audio_hw_extn( 6576): hfp_feature_init:: ---- Feature HFP is Enabled ----
04-04 04:39:53.384 D/audio_hw_extn( 6576): ext_hw_plugin_feature_init: Called with feature NOT Enabled
04-04 04:39:53.384 W/audio_hw_extn( 6576): :: ext_hw_plugin_feature_init: ---- Feature EXT_HW_PLUGIN is disabled ----
04-04 04:39:53.384 D/audio_hw_extn( 6576): record_play_concurency_feature_init: ---- Feature RECORD_PLAY_CONCURRENCY is NOT ENABLED----
04-04 04:39:53.384 D/audio_hw_extn( 6576): hdmi_passthrough_feature_init: Called with feature Enabled
04-04 04:39:53.385 E/audio_hw_extn( 6576): hdmi_passthrough_feature_init: dlsym failed
04-04 04:39:53.385 W/audio_hw_extn( 6576): :: hdmi_passthrough_feature_init: ---- Feature HDMI_PASSTHROUGH is disabled ----
04-04 04:39:53.385 D/audio_hw_extn( 6576): concurrent_capture_feature_init: ---- Feature CONCURRENT_CAPTURE is ENABLED----
04-04 04:39:53.385 D/audio_hw_extn( 6576): compress_in_feature_init: ---- Feature COMPRESS_IN is ENABLED----
04-04 04:39:53.386 D/audio_hw_extn( 6576): battery_listener_feature_init: ---- Feature BATTERY_LISTENER is enabled ----
04-04 04:39:53.386 D/audio_hw_extn( 6576): maxx_audio_feature_init: Called with feature NOT Enabled
04-04 04:39:53.386 W/audio_hw_extn( 6576): :: maxx_audio_feature_init: ---- Feature MAXX_AUDIO is disabled ----
04-04 04:39:53.386 D/audio_hw_extn( 6576): audiozoom_feature_init: Called with feature NOT Enabled
04-04 04:39:53.386 W/audio_hw_extn( 6576): :: audiozoom_feature_init: ---- Feature AUDIOZOOM is disabled ----
04-04 04:39:53.386 D/audio_hw_extn( 6576): auto_hal_feature_init: Called with feature NOT Enabled
04-04 04:39:53.386 W/audio_hw_extn( 6576): :: auto_hal_feature_init: ---- Feature AUTO_HAL is disabled ----
04-04 04:39:53.386 D/voice_extn( 6576): :: dynamic_ecns_feature_init: ---- Feature DYNAMIC_ECNS is ENABLED ----
04-04 04:39:53.387 E/audio_hw_extn( 6576): audio_extn_perf_lock_init: Perf lock handles Success
04-04 04:39:53.388 D/audio_hw_utils( 6576): audio_extn_utils_open_snd_mixer: snd_card_name: kona-mtp-snd-card
04-04 04:39:53.388 D/audio_hw_utils( 6576): audio_extn_utils_open_snd_mixer: Opened sound card:0
04-04 04:39:53.388 D/msm8974_platform( 6576): platform_init: Opened sound card:0
04-04 04:39:53.388 I/audio_hw_extn( 6576): audio_extn_set_snd_card_split: snd_card_name(kona-mtp-snd-card) device(kona) snd_card(mtp) form_factor(snd)
04-04 04:39:53.388 I/msm8974_platform( 6576): update_codec_type_and_interface: snd_card_name: kona-mtp-snd-card
04-04 04:39:53.388 D/audio_hw_extn( 6576): audio_extn_can_use_vbat: vbat.enabled property is set to 0
04-04 04:39:53.388 D/audio_hw_extn( 6576): audio_extn_can_use_bcl: bcl.enabled property is set to 0
04-04 04:39:53.388 D/msm8974_platform( 6576): Alac software decoder is available...removing alac from DSP decoder list
04-04 04:39:53.388 D/msm8974_platform( 6576): APE software decoder is available...removing ape from DSP decoder list
04-04 04:39:53.389 D/msm8974_platform( 6576): platform_set_audio_device_interface: Enter, device name:AUDIO_DEVICE_IN_BUILTIN_MIC, intf name:TX_CDC_DMA_TX_3
04-04 04:39:53.389 D/msm8974_platform( 6576): platform_set_audio_device_interface: Matched device name:AUDIO_DEVICE_IN_BUILTIN_MIC, overwrite intf name with TX_CDC_DMA_TX_3
04-04 04:39:53.389 D/msm8974_platform( 6576): platform_set_audio_device_interface: Enter, device name:AUDIO_DEVICE_IN_BACK_MIC, intf name:TX_CDC_DMA_TX_3
04-04 04:39:53.389 D/msm8974_platform( 6576): platform_set_audio_device_interface: Matched device name:AUDIO_DEVICE_IN_BACK_MIC, overwrite intf name with TX_CDC_DMA_TX_3
04-04 04:39:53.389 E/msm8974_platform( 6576): find_index: Could not find index for name = USECASE_AUDIO_RECORD_VOIP_LOW_LATENCY
04-04 04:39:53.389 E/platform_info( 6576): process_pcm_id: usecase USECASE_AUDIO_RECORD_VOIP_LOW_LATENCY not found!
04-04 04:39:53.389 D/audio_hw_hfp( 6576): hfp_set_parameters: enter
04-04 04:39:53.389 D/audio_hw_hfp( 6576): hfp_set_parameters: enter
04-04 04:39:53.389 D/audio_hw_hfp( 6576): hfp_set_parameters: enter
04-04 04:39:53.389 D/audio_hw_hfp( 6576): hfp_set_parameters: enter
04-04 04:39:53.389 D/audio_hw_hfp( 6576): hfp_set_parameters: enter
04-04 04:39:53.389 D/msm8974_platform( 6576): native_audio_set_params:napb updating mode (4) from XML
04-04 04:39:53.389 D/msm8974_platform( 6576): platform_set_native_support:napb: native audio playback enabled in (Multiple_Mix_DSP) mode
04-04 04:39:53.389 D/audio_hw_hfp( 6576): hfp_set_parameters: enter
04-04 04:39:53.389 D/msm8974_platform( 6576): native_audio_set_params:napb updating mode (4) from XML
04-04 04:39:53.389 D/msm8974_platform( 6576): platform_set_native_support:napb: native audio playback enabled in (Multiple_Mix_DSP) mode
04-04 04:39:53.389 D/audio_hw_hfp( 6576): hfp_set_parameters: enter
04-04 04:39:53.390 D/audio_hw_hfp( 6576): Updating HFP_PCM_DEV_ID as 39 from platform XML
04-04 04:39:53.390 D/msm8974_platform( 6576): native_audio_set_params:napb updating mode (4) from XML
04-04 04:39:53.390 D/msm8974_platform( 6576): platform_set_native_support:napb: native audio playback enabled in (Multiple_Mix_DSP) mode
04-04 04:39:53.390 D/audio_hw_hfp( 6576): hfp_set_parameters: enter
04-04 04:39:53.390 D/msm8974_platform( 6576): platform_set_snd_device_backend: backend_tag_table[headphones]: old = null new = headphones
04-04 04:39:53.390 D/msm8974_platform( 6576): platform_set_snd_device_backend: hw_interface_table[9] = RX_CDC_DMA_RX_0
04-04 04:39:53.390 D/msm8974_platform( 6576): platform_set_snd_device_backend: backend_tag_table[headphones-hifi-filter]: old = headphones-hifi-filter new = headphones
04-04 04:39:53.390 D/msm8974_platform( 6576): platform_set_snd_device_backend: hw_interface_table[11] = RX_CDC_DMA_RX_0
04-04 04:39:53.390 D/msm8974_platform( 6576): platform_set_snd_device_backend: backend_tag_table[headphones-44.1]: old = headphones-44.1 new = headphones-44.1
04-04 04:39:53.390 D/msm8974_platform( 6576): platform_set_snd_device_backend: hw_interface_table[12] = RX_CDC_DMA_RX_0
04-04 04:39:53.390 D/msm8974_platform( 6576): platform_set_snd_device_backend: backend_tag_table[bt-sco-headset-wb]: old = bt-sco-wb new = bt-sco-wb
04-04 04:39:53.390 D/msm8974_platform( 6576): platform_set_snd_device_backend: hw_interface_table[43] = SLIMBUS_7_RX
04-04 04:39:53.390 D/msm8974_platform( 6576): platform_set_snd_device_backend: backend_tag_table[bt-sco-headset]: old = bt-sco new = bt-sco
04-04 04:39:53.390 D/msm8974_platform( 6576): platform_set_snd_device_backend: hw_interface_table[42] = SLIMBUS_7_RX
04-04 04:39:53.390 D/msm8974_platform( 6576): platform_set_snd_device_backend: backend_tag_table[bt-a2dp]: old = bt-a2dp new = bt-a2dp
04-04 04:39:53.390 D/msm8974_platform( 6576): platform_set_snd_device_backend: hw_interface_table[45] = SLIMBUS_7_RX
04-04 04:39:53.390 D/msm8974_platform( 6576): platform_set_snd_device_backend: backend_tag_table[line]: old = null new = headphones
04-04 04:39:53.390 D/msm8974_platform( 6576): platform_set_snd_device_backend: hw_interface_table[8] = RX_CDC_DMA_RX_0
04-04 04:39:53.390 D/msm8974_platform( 6576): platform_set_snd_device_backend: backend_tag_table[anc-headphones]: old = null new = headphones
04-04 04:39:53.390 D/msm8974_platform( 6576): platform_set_snd_device_backend: hw_interface_table[88] = RX_CDC_DMA_RX_0
04-04 04:39:53.390 D/msm8974_platform( 6576): platform_set_snd_device_backend: backend_tag_table[speaker-and-headphones]: old = null new = speaker-and-headphones
04-04 04:39:53.390 D/msm8974_platform( 6576): platform_set_snd_device_backend: hw_interface_table[16] = WSA_CDC_DMA_RX_0-and-RX_CDC_DMA_RX_0
04-04 04:39:53.390 D/msm8974_platform( 6576): platform_set_snd_device_backend: backend_tag_table[speaker-and-headphones-hifi-filter]: old = speaker-and-headphones-hifi-filter new = speaker-and-headphones
04-04 04:39:53.390 D/msm8974_platform( 6576): platform_set_snd_device_backend: hw_interface_table[17] = WSA_CDC_DMA_RX_0-and-RX_CDC_DMA_RX_0
04-04 04:39:53.390 D/msm8974_platform( 6576): platform_set_snd_device_backend: backend_tag_table[speaker-and-line]: old = null new = speaker-and-headphones
04-04 04:39:53.390 D/msm8974_platform( 6576): platform_set_snd_device_backend: hw_interface_table[21] = WSA_CDC_DMA_RX_0-and-RX_CDC_DMA_RX_0
04-04 04:39:53.390 D/msm8974_platform( 6576): platform_set_snd_device_backend: backend_tag_table[speaker-and-anc-headphones]: old = null new = speaker-and-headphones
04-04 04:39:53.390 D/msm8974_platform( 6576): platform_set_snd_device_backend: hw_interface_table[92] = WSA_CDC_DMA_RX_0-and-RX_CDC_DMA_RX_0
04-04 04:39:53.390 D/msm8974_platform( 6576): platform_set_snd_device_backend: backend_tag_table[voice-headphones]: old = null new = headphones
04-04 04:39:53.390 D/msm8974_platform( 6576): platform_set_snd_device_backend: hw_interface_table[31] = RX_CDC_DMA_RX_0
04-04 04:39:53.390 D/msm8974_platform( 6576): platform_set_snd_device_backend: backend_tag_table[voice-headset]: old = null new = headset
04-04 04:39:53.390 D/msm8974_platform( 6576): platform_set_snd_device_backend: hw_interface_table[32] = RX_CDC_DMA_RX_0
04-04 04:39:53.390 D/msm8974_platform( 6576): platform_set_snd_device_backend: backend_tag_table[voice-anc-headphones]: old = null new = headphones
04-04 04:39:53.390 D/msm8974_platform( 6576): platform_set_snd_device_backend: hw_interface_table[90] = RX_CDC_DMA_RX_0
04-04 04:39:53.390 D/msm8974_platform( 6576): platform_set_snd_device_backend: backend_tag_table[voice-line]: old = null new = headphones
04-04 04:39:53.390 D/msm8974_platform( 6576): platform_set_snd_device_backend: hw_interface_table[33] = RX_CDC_DMA_RX_0
04-04 04:39:53.390 D/msm8974_platform( 6576): platform_set_snd_device_backend: backend_tag_table[voice-tty-full-headphones]: old = null new = headphones
04-04 04:39:53.390 D/msm8974_platform( 6576): platform_set_snd_device_backend: hw_interface_table[66] = RX_CDC_DMA_RX_0
04-04 04:39:53.390 D/msm8974_platform( 6576): platform_set_snd_device_backend: backend_tag_table[voice-tty-full-headset]: old = null new = headset
04-04 04:39:53.390 D/msm8974_platform( 6576): platform_set_snd_device_backend: hw_interface_table[67] = RX_CDC_DMA_RX_0
04-04 04:39:53.390 D/msm8974_platform( 6576): platform_set_snd_device_backend: backend_tag_table[voice-tty-vco-headphones]: old = null new = headphones
04-04 04:39:53.390 D/msm8974_platform( 6576): platform_set_snd_device_backend: hw_interface_table[68] = RX_CDC_DMA_RX_0
04-04 04:39:53.390 E/msm8974_platform( 6576): find_index: Could not find index for name = SND_DEVICE_OUT_VOICE_TTY_VCO_HEADSET
04-04 04:39:53.390 E/platform_info( 6576): process_backend_name: Device SND_DEVICE_OUT_VOICE_TTY_VCO_HEADSET not found, no ACDB ID set!
04-04 04:39:53.390 D/msm8974_platform( 6576): platform_set_snd_device_backend: backend_tag_table[handset]: old = null new = (null)
04-04 04:39:53.390 D/msm8974_platform( 6576): platform_set_snd_device_backend: hw_interface_table[1] = WSA_CDC_DMA_RX_0
04-04 04:39:53.390 D/msm8974_platform( 6576): platform_set_snd_device_backend: backend_tag_table[voice-hac-handset]: old = null new = (null)
04-04 04:39:53.390 D/msm8974_platform( 6576): platform_set_snd_device_backend: hw_interface_table[73] = WSA_CDC_DMA_RX_0
04-04 04:39:53.390 D/msm8974_platform( 6576): platform_set_snd_device_backend: backend_tag_table[speaker]: old = null new = (null)
04-04 04:39:53.390 D/msm8974_platform( 6576): platform_set_snd_device_backend: hw_interface_table[2] = WSA_CDC_DMA_RX_0
04-04 04:39:53.390 D/msm8974_platform( 6576): platform_set_snd_device_backend: backend_tag_table[speaker-ext-1]: old = null new = (null)
04-04 04:39:53.390 D/msm8974_platform( 6576): platform_set_snd_device_backend: hw_interface_table[3] = WSA_CDC_DMA_RX_0
04-04 04:39:53.390 D/msm8974_platform( 6576): platform_set_snd_device_backend: backend_tag_table[speaker-ext-2]: old = null new = (null)
04-04 04:39:53.390 D/msm8974_platform( 6576): platform_set_snd_device_backend: hw_interface_table[4] = WSA_CDC_DMA_RX_0
04-04 04:39:53.390 D/msm8974_platform( 6576): platform_set_snd_device_backend: backend_tag_table[speaker-reverse]: old = null new = (null)
04-04 04:39:53.390 D/msm8974_platform( 6576): platform_set_snd_device_backend: hw_interface_table[5] = WSA_CDC_DMA_RX_0
04-04 04:39:53.390 D/msm8974_platform( 6576): platform_set_snd_device_backend: backend_tag_table[speaker-vbat]: old = null new = (null)
04-04 04:39:53.390 D/msm8974_platform( 6576): platform_set_snd_device_backend: hw_interface_table[7] = WSA_CDC_DMA_RX_0
04-04 04:39:53.390 D/msm8974_platform( 6576): platform_set_snd_device_backend: backend_tag_table[speaker-and-headphones-ext-1]: old = null new = (null)
04-04 04:39:53.390 D/msm8974_platform( 6576): platform_set_snd_device_backend: hw_interface_table[23] = WSA_CDC_DMA_RX_0-and-RX_CDC_DMA_RX_0
04-04 04:39:53.391 D/msm8974_platform( 6576): platform_set_snd_device_backend: backend_tag_table[speaker-and-headphones-ext-2]: old = null new = (null)
04-04 04:39:53.391 D/msm8974_platform( 6576): platform_set_snd_device_backend: hw_interface_table[24] = WSA_CDC_DMA_RX_0-and-RX_CDC_DMA_RX_0
04-04 04:39:53.391 D/msm8974_platform( 6576): platform_set_snd_device_backend: backend_tag_table[voice-handset]: old = null new = (null)
04-04 04:39:53.391 D/msm8974_platform( 6576): platform_set_snd_device_backend: hw_interface_table[25] = WSA_CDC_DMA_RX_0
04-04 04:39:53.391 D/msm8974_platform( 6576): platform_set_snd_device_backend: backend_tag_table[voice-handset-tmus]: old = null new = (null)
04-04 04:39:53.391 D/msm8974_platform( 6576): platform_set_snd_device_backend: hw_interface_table[50] = WSA_CDC_DMA_RX_0
04-04 04:39:53.391 D/msm8974_platform( 6576): platform_set_snd_device_backend: backend_tag_table[quad-mic]: old = null new = (null)
04-04 04:39:53.391 D/msm8974_platform( 6576): platform_set_snd_device_backend: hw_interface_table[251] = TX_CDC_DMA_TX_3
04-04 04:39:53.391 D/msm8974_platform( 6576): platform_set_snd_device_backend: backend_tag_table[voice-speaker]: old = null new = (null)
04-04 04:39:53.391 D/msm8974_platform( 6576): platform_set_snd_device_backend: hw_interface_table[26] = WSA_CDC_DMA_RX_0
04-04 04:39:53.391 D/msm8974_platform( 6576): platform_set_snd_device_backend: backend_tag_table[voice-speaker-stereo]: old = null new = (null)
04-04 04:39:53.391 D/msm8974_platform( 6576): platform_set_snd_device_backend: hw_interface_table[27] = WSA_CDC_DMA_RX_0
04-04 04:39:53.391 D/msm8974_platform( 6576): platform_set_snd_device_backend: backend_tag_table[voice-speaker-vbat]: old = voice-speaker-vbat new = (null)
04-04 04:39:53.391 D/msm8974_platform( 6576): platform_set_snd_device_backend: hw_interface_table[28] = WSA_CDC_DMA_RX_0
04-04 04:39:53.391 D/msm8974_platform( 6576): platform_set_snd_device_backend: backend_tag_table[voice-speaker-2]: old = null new = (null)
04-04 04:39:53.391 D/msm8974_platform( 6576): platform_set_snd_device_backend: hw_interface_table[29] = WSA_CDC_DMA_RX_0
04-04 04:39:53.391 D/msm8974_platform( 6576): platform_set_snd_device_backend: backend_tag_table[voice-speaker-2-vbat]: old = voice-speaker-2-vbat new = (null)
04-04 04:39:53.391 D/msm8974_platform( 6576): platform_set_snd_device_backend: hw_interface_table[30] = WSA_CDC_DMA_RX_0
04-04 04:39:53.391 D/msm8974_platform( 6576): platform_set_snd_device_backend: backend_tag_table[speaker-and-hdmi]: old = speaker-and-hdmi new = (null)
04-04 04:39:53.391 D/msm8974_platform( 6576): platform_set_snd_device_backend: hw_interface_table[35] = WSA_CDC_DMA_RX_0-and-HDMI
04-04 04:39:53.391 D/msm8974_platform( 6576): platform_set_snd_device_backend: backend_tag_table[speaker-and-display-port]: old = speaker-and-display-port new = (null)
04-04 04:39:53.391 D/msm8974_platform( 6576): platform_set_snd_device_backend: hw_interface_table[38] = WSA_CDC_DMA_RX_0-and-DISPLAY_PORT
04-04 04:39:53.391 D/msm8974_platform( 6576): platform_set_snd_device_backend: backend_tag_table[speaker-and-bt-a2dp]: old = speaker-and-bt-a2dp new = (null)
04-04 04:39:53.391 D/msm8974_platform( 6576): platform_set_snd_device_backend: hw_interface_table[46] = WSA_CDC_DMA_RX_0-and-SLIMBUS_7_RX
04-04 04:39:53.391 D/msm8974_platform( 6576): platform_set_snd_device_backend: backend_tag_table[voice-tty-hco-handset]: old = null new = (null)
04-04 04:39:53.391 D/msm8974_platform( 6576): platform_set_snd_device_backend: hw_interface_table[70] = WSA_CDC_DMA_RX_0
04-04 04:39:53.391 D/msm8974_platform( 6576): platform_set_snd_device_backend: backend_tag_table[anc-fb-headphones]: old = null new = (null)
04-04 04:39:53.391 D/msm8974_platform( 6576): platform_set_snd_device_backend: hw_interface_table[89] = RX_CDC_DMA_RX_0
04-04 04:39:53.391 D/msm8974_platform( 6576): platform_set_snd_device_backend: backend_tag_table[voice-anc-fb-headphones]: old = null new = (null)
04-04 04:39:53.391 D/msm8974_platform( 6576): platform_set_snd_device_backend: hw_interface_table[91] = RX_CDC_DMA_RX_0
04-04 04:39:53.391 D/msm8974_platform( 6576): platform_set_snd_device_backend: backend_tag_table[anc-handset]: old = null new = (null)
04-04 04:39:53.391 D/msm8974_platform( 6576): platform_set_snd_device_backend: hw_interface_table[94] = WSA_CDC_DMA_RX_0
04-04 04:39:53.391 D/msm8974_platform( 6576): platform_set_snd_device_backend: backend_tag_table[speaker-protected]: old = null new = (null)
04-04 04:39:53.391 D/msm8974_platform( 6576): platform_set_snd_device_backend: hw_interface_table[95] = WSA_CDC_DMA_RX_0
04-04 04:39:53.391 D/msm8974_platform( 6576): platform_set_snd_device_backend: backend_tag_table[voice-speaker-protected]: old = null new = (null)
04-04 04:39:53.391 D/msm8974_platform( 6576): platform_set_snd_device_backend: hw_interface_table[96] = WSA_CDC_DMA_RX_0
04-04 04:39:53.391 D/msm8974_platform( 6576): platform_set_snd_device_backend: backend_tag_table[voice-speaker-2-protected]: old = null new = (null)
04-04 04:39:53.391 D/msm8974_platform( 6576): platform_set_snd_device_backend: hw_interface_table[97] = WSA_CDC_DMA_RX_0
04-04 04:39:53.391 D/msm8974_platform( 6576): platform_set_snd_device_backend: backend_tag_table[speaker-protected-vbat]: old = null new = (null)
04-04 04:39:53.391 D/msm8974_platform( 6576): platform_set_snd_device_backend: hw_interface_table[99] = WSA_CDC_DMA_RX_0
04-04 04:39:53.391 D/msm8974_platform( 6576): platform_set_snd_device_backend: backend_tag_table[voice-speaker-protected-vbat]: old = null new = (null)
04-04 04:39:53.391 D/msm8974_platform( 6576): platform_set_snd_device_backend: hw_interface_table[100] = WSA_CDC_DMA_RX_0
04-04 04:39:53.391 D/msm8974_platform( 6576): platform_set_snd_device_backend: backend_tag_table[voice-speaker-2-protected-vbat]: old = null new = (null)
04-04 04:39:53.391 D/msm8974_platform( 6576): platform_set_snd_device_backend: hw_interface_table[101] = WSA_CDC_DMA_RX_0
04-04 04:39:53.391 D/msm8974_platform( 6576): platform_set_snd_device_backend: backend_tag_table[wsa-speaker]: old = null new = (null)
04-04 04:39:53.391 D/msm8974_platform( 6576): platform_set_snd_device_backend: hw_interface_table[102] = WSA_CDC_DMA_RX_0
04-04 04:39:53.391 D/msm8974_platform( 6576): platform_set_snd_device_backend: backend_tag_table[wsa-voice-speaker]: old = null new = (null)
04-04 04:39:53.391 D/msm8974_platform( 6576): platform_set_snd_device_backend: hw_interface_table[103] = WSA_CDC_DMA_RX_0
04-04 04:39:53.391 D/msm8974_platform( 6576): platform_set_snd_device_backend: backend_tag_table[wsa-voice-speaker-2]: old = null new = (null)
04-04 04:39:53.391 D/msm8974_platform( 6576): platform_set_snd_device_backend: hw_interface_table[104] = WSA_CDC_DMA_RX_0
04-04 04:39:53.391 D/msm8974_platform( 6576): platform_set_snd_device_backend: backend_tag_table[handset-mic]: old = null new = (null)
04-04 04:39:53.391 D/msm8974_platform( 6576): platform_set_snd_device_backend: hw_interface_table[124] = TX_CDC_DMA_TX_3
04-04 04:39:53.391 D/msm8974_platform( 6576): platform_set_snd_device_backend: backend_tag_table[handset-mic]: old = null new = (null)
04-04 04:39:53.391 D/msm8974_platform( 6576): platform_set_snd_device_backend: hw_interface_table[125] = TX_CDC_DMA_TX_3
04-04 04:39:53.391 D/msm8974_platform( 6576): platform_set_snd_device_backend: backend_tag_table[handset-mic-ext]: old = null new = (null)
04-04 04:39:53.391 D/msm8974_platform( 6576): platform_set_snd_device_backend: hw_interface_table[126] = TX_CDC_DMA_TX_3
04-04 04:39:53.391 D/msm8974_platform( 6576): platform_set_snd_device_backend: backend_tag_table[handset-mic]: old = null new = (null)
04-04 04:39:53.391 D/msm8974_platform( 6576): platform_set_snd_device_backend: hw_interface_table[128] = TX_CDC_DMA_TX_3
04-04 04:39:53.391 D/msm8974_platform( 6576): platform_set_snd_device_backend: backend_tag_table[handset-mic]: old = null new = (null)
04-04 04:39:53.391 D/msm8974_platform( 6576): platform_set_snd_device_backend: hw_interface_table[129] = TX_CDC_DMA_TX_3
04-04 04:39:53.391 D/msm8974_platform( 6576): platform_set_snd_device_backend: backend_tag_table[handset-mic]: old = null new = (null)
04-04 04:39:53.391 D/msm8974_platform( 6576): platform_set_snd_device_backend: hw_interface_table[131] = TX_CDC_DMA_TX_3
04-04 04:39:53.391 D/msm8974_platform( 6576): platform_set_snd_device_backend: backend_tag_table[handset-mic]: old = null new = (null)
04-04 04:39:53.391 D/msm8974_platform( 6576): platform_set_snd_device_backend: hw_interface_table[133] = TX_CDC_DMA_TX_3
04-04 04:39:53.391 D/msm8974_platform( 6576): platform_set_snd_device_backend: backend_tag_table[handset-mic]: old = null new = (null)
04-04 04:39:53.391 D/msm8974_platform( 6576): platform_set_snd_device_backend: hw_interface_table[134] = TX_CDC_DMA_TX_3
04-04 04:39:53.391 D/msm8974_platform( 6576): platform_set_snd_device_backend: backend_tag_table[handset-mic]: old = null new = (null)
04-04 04:39:53.391 D/msm8974_platform( 6576): platform_set_snd_device_backend: hw_interface_table[136] = TX_CDC_DMA_TX_3
04-04 04:39:53.391 D/msm8974_platform( 6576): platform_set_snd_device_backend: backend_tag_table[dmic-endfire]: old = null new = (null)
04-04 04:39:53.391 D/msm8974_platform( 6576): platform_set_snd_device_backend: hw_interface_table[137] = TX_CDC_DMA_TX_3
04-04 04:39:53.391 D/msm8974_platform( 6576): platform_set_snd_device_backend: backend_tag_table[dmic-endfire]: old = null new = (null)
04-04 04:39:53.391 D/msm8974_platform( 6576): platform_set_snd_device_backend: hw_interface_table[138] = TX_CDC_DMA_TX_3
04-04 04:39:53.391 D/msm8974_platform( 6576): platform_set_snd_device_backend: backend_tag_table[dmic-endfire]: old = null new = (null)
04-04 04:39:53.391 D/msm8974_platform( 6576): platform_set_snd_device_backend: hw_interface_table[139] = TX_CDC_DMA_TX_3
04-04 04:39:53.391 D/msm8974_platform( 6576): platform_set_snd_device_backend: backend_tag_table[dmic-endfire]: old = null new = (null)
04-04 04:39:53.391 D/msm8974_platform( 6576): platform_set_snd_device_backend: hw_interface_table[140] = TX_CDC_DMA_TX_3
04-04 04:39:53.391 D/msm8974_platform( 6576): platform_set_snd_device_backend: backend_tag_table[dmic-endfire]: old = null new = (null)
04-04 04:39:53.391 D/msm8974_platform( 6576): platform_set_snd_device_backend: hw_interface_table[141] = TX_CDC_DMA_TX_3
04-04 04:39:53.391 D/msm8974_platform( 6576): platform_set_snd_device_backend: backend_tag_table[dmic-endfire]: old = null new = (null)
04-04 04:39:53.391 D/msm8974_platform( 6576): platform_set_snd_device_backend: hw_interface_table[142] = TX_CDC_DMA_TX_3
04-04 04:39:53.391 D/msm8974_platform( 6576): platform_set_snd_device_backend: backend_tag_table[dmic-endfire]: old = null new = (null)
04-04 04:39:53.391 D/msm8974_platform( 6576): platform_set_snd_device_backend: hw_interface_table[143] = TX_CDC_DMA_TX_3
04-04 04:39:53.391 D/msm8974_platform( 6576): platform_set_snd_device_backend: backend_tag_table[handset-stereo-dmic-ef]: old = null new = (null)
04-04 04:39:53.391 D/msm8974_platform( 6576): platform_set_snd_device_backend: hw_interface_table[215] = TX_CDC_DMA_TX_3
04-04 04:39:53.391 D/msm8974_platform( 6576): platform_set_snd_device_backend: backend_tag_table[speaker-mic]: old = null new = (null)
04-04 04:39:53.391 D/msm8974_platform( 6576): platform_set_snd_device_backend: hw_interface_table[144] = TX_CDC_DMA_TX_3
04-04 04:39:53.391 D/msm8974_platform( 6576): platform_set_snd_device_backend: backend_tag_table[speaker-mic]: old = null new = (null)
04-04 04:39:53.391 D/msm8974_platform( 6576): platform_set_snd_device_backend: hw_interface_table[145] = TX_CDC_DMA_TX_3
04-04 04:39:53.391 D/msm8974_platform( 6576): platform_set_snd_device_backend: backend_tag_table[speaker-mic]: old = null new = (null)
04-04 04:39:53.391 D/msm8974_platform( 6576): platform_set_snd_device_backend: hw_interface_table[147] = TX_CDC_DMA_TX_3
04-04 04:39:53.391 D/msm8974_platform( 6576): platform_set_snd_device_backend: backend_tag_table[speaker-mic]: old = null new = (null)
04-04 04:39:53.391 D/msm8974_platform( 6576): platform_set_snd_device_backend: hw_interface_table[148] = TX_CDC_DMA_TX_3
04-04 04:39:53.392 D/msm8974_platform( 6576): platform_set_snd_device_backend: backend_tag_table[speaker-mic]: old = null new = (null)
04-04 04:39:53.392 D/msm8974_platform( 6576): platform_set_snd_device_backend: hw_interface_table[150] = TX_CDC_DMA_TX_3
04-04 04:39:53.392 D/msm8974_platform( 6576): platform_set_snd_device_backend: backend_tag_table[speaker-mic]: old = null new = (null)
04-04 04:39:53.392 D/msm8974_platform( 6576): platform_set_snd_device_backend: hw_interface_table[151] = TX_CDC_DMA_TX_3
04-04 04:39:53.392 D/msm8974_platform( 6576): platform_set_snd_device_backend: backend_tag_table[speaker-mic]: old = null new = (null)
04-04 04:39:53.392 D/msm8974_platform( 6576): platform_set_snd_device_backend: hw_interface_table[153] = TX_CDC_DMA_TX_3
04-04 04:39:53.392 D/msm8974_platform( 6576): platform_set_snd_device_backend: backend_tag_table[speaker-mic]: old = null new = (null)
04-04 04:39:53.392 D/msm8974_platform( 6576): platform_set_snd_device_backend: hw_interface_table[154] = TX_CDC_DMA_TX_3
04-04 04:39:53.392 D/msm8974_platform( 6576): platform_set_snd_device_backend: backend_tag_table[speaker-dmic-endfire]: old = null new = (null)
04-04 04:39:53.392 D/msm8974_platform( 6576): platform_set_snd_device_backend: hw_interface_table[156] = TX_CDC_DMA_TX_3
04-04 04:39:53.392 D/msm8974_platform( 6576): platform_set_snd_device_backend: backend_tag_table[speaker-dmic-endfire]: old = null new = (null)
04-04 04:39:53.392 D/msm8974_platform( 6576): platform_set_snd_device_backend: hw_interface_table[157] = TX_CDC_DMA_TX_3
04-04 04:39:53.392 D/msm8974_platform( 6576): platform_set_snd_device_backend: backend_tag_table[speaker-dmic-endfire]: old = null new = (null)
04-04 04:39:53.392 D/msm8974_platform( 6576): platform_set_snd_device_backend: hw_interface_table[158] = TX_CDC_DMA_TX_3
04-04 04:39:53.392 D/msm8974_platform( 6576): platform_set_snd_device_backend: backend_tag_table[speaker-dmic-endfire]: old = null new = (null)
04-04 04:39:53.392 D/msm8974_platform( 6576): platform_set_snd_device_backend: hw_interface_table[159] = TX_CDC_DMA_TX_3
04-04 04:39:53.392 D/msm8974_platform( 6576): platform_set_snd_device_backend: backend_tag_table[speaker-dmic-endfire]: old = null new = (null)
04-04 04:39:53.392 D/msm8974_platform( 6576): platform_set_snd_device_backend: hw_interface_table[160] = TX_CDC_DMA_TX_3
04-04 04:39:53.392 D/msm8974_platform( 6576): platform_set_snd_device_backend: backend_tag_table[speaker-dmic-endfire]: old = null new = (null)
04-04 04:39:53.392 D/msm8974_platform( 6576): platform_set_snd_device_backend: hw_interface_table[161] = TX_CDC_DMA_TX_3
04-04 04:39:53.392 D/msm8974_platform( 6576): platform_set_snd_device_backend: backend_tag_table[speaker-dmic-endfire]: old = null new = (null)
04-04 04:39:53.392 D/msm8974_platform( 6576): platform_set_snd_device_backend: hw_interface_table[162] = TX_CDC_DMA_TX_3
04-04 04:39:53.392 D/msm8974_platform( 6576): platform_set_snd_device_backend: backend_tag_table[headset-mic]: old = null new = headset-mic
04-04 04:39:53.392 D/msm8974_platform( 6576): platform_set_snd_device_backend: hw_interface_table[163] = TX_CDC_DMA_TX_4
04-04 04:39:53.392 D/msm8974_platform( 6576): platform_set_snd_device_backend: backend_tag_table[headset-mic]: old = null new = headset-mic
04-04 04:39:53.392 D/msm8974_platform( 6576): platform_set_snd_device_backend: hw_interface_table[165] = TX_CDC_DMA_TX_4
04-04 04:39:53.392 D/msm8974_platform( 6576): platform_set_snd_device_backend: backend_tag_table[voice-headset-mic]: old = null new = headset-mic
04-04 04:39:53.392 D/msm8974_platform( 6576): platform_set_snd_device_backend: hw_interface_table[171] = TX_CDC_DMA_TX_4
04-04 04:39:53.392 D/msm8974_platform( 6576): platform_set_snd_device_backend: backend_tag_table[voice-tty-full-headset-mic]: old = null new = headset-mic
04-04 04:39:53.392 D/msm8974_platform( 6576): platform_set_snd_device_backend: hw_interface_table[190] = TX_CDC_DMA_TX_4
04-04 04:39:53.392 D/msm8974_platform( 6576): platform_set_snd_device_backend: backend_tag_table[voice-tty-hco-headset-mic]: old = null new = headset-mic
04-04 04:39:53.392 D/msm8974_platform( 6576): platform_set_snd_device_backend: hw_interface_table[192] = TX_CDC_DMA_TX_4
04-04 04:39:53.392 D/msm8974_platform( 6576): platform_set_snd_device_backend: backend_tag_table[unprocessed-headset-mic]: old = null new = headset-mic
04-04 04:39:53.392 D/msm8974_platform( 6576): platform_set_snd_device_backend: hw_interface_table[246] = TX_CDC_DMA_TX_4
04-04 04:39:53.392 D/msm8974_platform( 6576): platform_set_snd_device_backend: backend_tag_table[headset-mic]: old = null new = headset-mic
04-04 04:39:53.392 D/msm8974_platform( 6576): platform_set_snd_device_backend: hw_interface_table[201] = TX_CDC_DMA_TX_4
04-04 04:39:53.392 D/msm8974_platform( 6576): platform_set_snd_device_backend: backend_tag_table[headset-mic]: old = null new = headset-mic
04-04 04:39:53.392 D/msm8974_platform( 6576): platform_set_snd_device_backend: hw_interface_table[164] = TX_CDC_DMA_TX_4
04-04 04:39:53.392 D/msm8974_platform( 6576): platform_set_snd_device_backend: backend_tag_table[headset-mic]: old = headset-mic new = headset-mic
04-04 04:39:53.392 D/msm8974_platform( 6576): platform_set_snd_device_backend: hw_interface_table[165] = TX_CDC_DMA_TX_4
04-04 04:39:53.392 D/msm8974_platform( 6576): platform_set_snd_device_backend: backend_tag_table[voice-speaker-mic]: old = null new = (null)
04-04 04:39:53.392 D/msm8974_platform( 6576): platform_set_snd_device_backend: hw_interface_table[166] = TX_CDC_DMA_TX_3
04-04 04:39:53.392 D/msm8974_platform( 6576): platform_set_snd_device_backend: backend_tag_table[voice-speaker-mic]: old = null new = (null)
04-04 04:39:53.392 D/msm8974_platform( 6576): platform_set_snd_device_backend: hw_interface_table[167] = TX_CDC_DMA_TX_3
04-04 04:39:53.392 D/msm8974_platform( 6576): platform_set_snd_device_backend: backend_tag_table[hdmi-in]: old = hdmi-in new = (null)
04-04 04:39:53.392 D/msm8974_platform( 6576): platform_set_snd_device_backend: hw_interface_table[173] = HDMI
04-04 04:39:53.392 D/msm8974_platform( 6576): platform_set_snd_device_backend: backend_tag_table[bt-sco-mic]: old = bt-sco new = (null)
04-04 04:39:53.392 D/msm8974_platform( 6576): platform_set_snd_device_backend: hw_interface_table[175] = SLIMBUS_7_TX
04-04 04:39:53.392 D/msm8974_platform( 6576): platform_set_snd_device_backend: backend_tag_table[bt-sco-mic]: old = bt-sco new = (null)
04-04 04:39:53.392 D/msm8974_platform( 6576): platform_set_snd_device_backend: hw_interface_table[176] = SLIMBUS_7_TX
04-04 04:39:53.392 D/msm8974_platform( 6576): platform_set_snd_device_backend: backend_tag_table[bt-sco-mic-wb]: old = bt-sco-wb new = (null)
04-04 04:39:53.392 D/msm8974_platform( 6576): platform_set_snd_device_backend: hw_interface_table[177] = SLIMBUS_7_TX
04-04 04:39:53.392 D/msm8974_platform( 6576): platform_set_snd_device_backend: backend_tag_table[bt-sco-mic-wb]: old = bt-sco-wb new = (null)
04-04 04:39:53.392 D/msm8974_platform( 6576): platform_set_snd_device_backend: hw_interface_table[178] = SLIMBUS_7_TX
04-04 04:39:53.392 D/msm8974_platform( 6576): platform_set_snd_device_backend: backend_tag_table[camcorder-mic]: old = null new = (null)
04-04 04:39:53.392 D/msm8974_platform( 6576): platform_set_snd_device_backend: hw_interface_table[182] = TX_CDC_DMA_TX_3
04-04 04:39:53.392 D/msm8974_platform( 6576): platform_set_snd_device_backend: backend_tag_table[voice-dmic-ef]: old = null new = (null)
04-04 04:39:53.392 D/msm8974_platform( 6576): platform_set_snd_device_backend: hw_interface_table[183] = TX_CDC_DMA_TX_3
04-04 04:39:53.392 D/msm8974_platform( 6576): platform_set_snd_device_backend: backend_tag_table[voice-dmic-ef]: old = null new = (null)
04-04 04:39:53.392 D/msm8974_platform( 6576): platform_set_snd_device_backend: hw_interface_table[184] = TX_CDC_DMA_TX_3
04-04 04:39:53.392 D/msm8974_platform( 6576): platform_set_snd_device_backend: backend_tag_table[voice-speaker-dmic-ef]: old = null new = (null)
04-04 04:39:53.392 D/msm8974_platform( 6576): platform_set_snd_device_backend: hw_interface_table[186] = TX_CDC_DMA_TX_3
04-04 04:39:53.392 D/msm8974_platform( 6576): platform_set_snd_device_backend: backend_tag_table[voice-speaker-dmic-ef]: old = null new = (null)
04-04 04:39:53.392 D/msm8974_platform( 6576): platform_set_snd_device_backend: hw_interface_table[187] = TX_CDC_DMA_TX_3
04-04 04:39:53.392 D/msm8974_platform( 6576): platform_set_snd_device_backend: backend_tag_table[voice-speaker-qmic]: old = null new = (null)
04-04 04:39:53.392 D/msm8974_platform( 6576): platform_set_snd_device_backend: hw_interface_table[189] = TX_CDC_DMA_TX_3
04-04 04:39:53.393 D/msm8974_platform( 6576): platform_set_snd_device_backend: backend_tag_table[voice-tty-vco-handset-mic]: old = null new = (null)
04-04 04:39:53.393 D/msm8974_platform( 6576): platform_set_snd_device_backend: hw_interface_table[191] = TX_CDC_DMA_TX_3
04-04 04:39:53.393 D/msm8974_platform( 6576): platform_set_snd_device_backend: backend_tag_table[voice-rec-mic]: old = null new = (null)
04-04 04:39:53.393 D/msm8974_platform( 6576): platform_set_snd_device_backend: hw_interface_table[195] = TX_CDC_DMA_TX_3
04-04 04:39:53.393 D/msm8974_platform( 6576): platform_set_snd_device_backend: backend_tag_table[voice-rec-mic]: old = null new = (null)
04-04 04:39:53.393 D/msm8974_platform( 6576): platform_set_snd_device_backend: hw_interface_table[196] = TX_CDC_DMA_TX_3
04-04 04:39:53.393 D/msm8974_platform( 6576): platform_set_snd_device_backend: backend_tag_table[voice-rec-dmic-ef]: old = null new = (null)
04-04 04:39:53.393 D/msm8974_platform( 6576): platform_set_snd_device_backend: hw_interface_table[199] = TX_CDC_DMA_TX_3
04-04 04:39:53.393 D/msm8974_platform( 6576): platform_set_snd_device_backend: backend_tag_table[voice-rec-dmic-ef-fluence]: old = null new = (null)
04-04 04:39:53.393 D/msm8974_platform( 6576): platform_set_snd_device_backend: hw_interface_table[200] = TX_CDC_DMA_TX_3
04-04 04:39:53.393 D/msm8974_platform( 6576): platform_set_snd_device_backend: backend_tag_table[aanc-handset-mic]: old = null new = (null)
04-04 04:39:53.393 D/msm8974_platform( 6576): platform_set_snd_device_backend: hw_interface_table[213] = TX_CDC_DMA_TX_3
04-04 04:39:53.393 D/msm8974_platform( 6576): platform_set_snd_device_backend: backend_tag_table[quad-mic]: old = null new = (null)
04-04 04:39:53.393 D/msm8974_platform( 6576): platform_set_snd_device_backend: hw_interface_table[214] = TX_CDC_DMA_TX_3
04-04 04:39:53.393 E/msm8974_platform( 6576): find_index: Could not find index for name = SND_DEVICE_IN_HANDSET_STEREO_DMIC
04-04 04:39:53.393 E/platform_info( 6576): process_backend_name: Device SND_DEVICE_IN_HANDSET_STEREO_DMIC not found, no ACDB ID set!
04-04 04:39:53.393 E/msm8974_platform( 6576): find_index: Could not find index for name = SND_DEVICE_IN_SPEAKER_STEREO_DMIC
04-04 04:39:53.393 E/platform_info( 6576): process_backend_name: Device SND_DEVICE_IN_SPEAKER_STEREO_DMIC not found, no ACDB ID set!
04-04 04:39:53.393 D/msm8974_platform( 6576): platform_set_snd_device_backend: backend_tag_table[vi-feedback]: old = null new = (null)
04-04 04:39:53.393 D/msm8974_platform( 6576): platform_set_snd_device_backend: hw_interface_table[217] = WSA_CDC_DMA_TX_0
04-04 04:39:53.393 D/msm8974_platform( 6576): platform_set_snd_device_backend: backend_tag_table[vi-feedback-mono-1]: old = null new = (null)
04-04 04:39:53.393 D/msm8974_platform( 6576): platform_set_snd_device_backend: hw_interface_table[218] = WSA_CDC_DMA_TX_0
04-04 04:39:53.393 D/msm8974_platform( 6576): platform_set_snd_device_backend: backend_tag_table[vi-feedback-mono-2]: old = null new = (null)
04-04 04:39:53.393 D/msm8974_platform( 6576): platform_set_snd_device_backend: hw_interface_table[219] = WSA_CDC_DMA_TX_0
04-04 04:39:53.393 D/msm8974_platform( 6576): platform_set_snd_device_backend: backend_tag_table[voice-speaker-dmic-broadside]: old = null new = (null)
04-04 04:39:53.393 D/msm8974_platform( 6576): platform_set_snd_device_backend: hw_interface_table[220] = TX_CDC_DMA_TX_3
04-04 04:39:53.393 D/msm8974_platform( 6576): platform_set_snd_device_backend: backend_tag_table[speaker-dmic-broadside]: old = null new = (null)
04-04 04:39:53.393 D/msm8974_platform( 6576): platform_set_snd_device_backend: hw_interface_table[221] = TX_CDC_DMA_TX_3
04-04 04:39:53.393 D/msm8974_platform( 6576): platform_set_snd_device_backend: backend_tag_table[speaker-dmic-broadside]: old = null new = (null)
04-04 04:39:53.393 D/msm8974_platform( 6576): platform_set_snd_device_backend: hw_interface_table[222] = TX_CDC_DMA_TX_3
04-04 04:39:53.393 D/msm8974_platform( 6576): platform_set_snd_device_backend: backend_tag_table[speaker-dmic-broadside]: old = null new = (null)
04-04 04:39:53.393 D/msm8974_platform( 6576): platform_set_snd_device_backend: hw_interface_table[223] = TX_CDC_DMA_TX_3
04-04 04:39:53.393 D/msm8974_platform( 6576): platform_set_snd_device_backend: backend_tag_table[speaker-dmic-broadside]: old = null new = (null)
04-04 04:39:53.393 D/msm8974_platform( 6576): platform_set_snd_device_backend: hw_interface_table[224] = TX_CDC_DMA_TX_3
04-04 04:39:53.393 D/msm8974_platform( 6576): platform_set_snd_device_backend: backend_tag_table[aanc-handset-mic]: old = null new = (null)
04-04 04:39:53.393 D/msm8974_platform( 6576): platform_set_snd_device_backend: hw_interface_table[225] = TX_CDC_DMA_TX_3
04-04 04:39:53.393 D/msm8974_platform( 6576): platform_set_snd_device_backend: backend_tag_table[quad-mic]: old = null new = (null)
04-04 04:39:53.393 D/msm8974_platform( 6576): platform_set_snd_device_backend: hw_interface_table[226] = TX_CDC_DMA_TX_3
04-04 04:39:53.393 D/msm8974_platform( 6576): platform_set_snd_device_backend: backend_tag_table[quad-mic]: old = null new = (null)
04-04 04:39:53.393 D/msm8974_platform( 6576): platform_set_snd_device_backend: hw_interface_table[228] = TX_CDC_DMA_TX_3
04-04 04:39:53.393 D/msm8974_platform( 6576): platform_set_snd_device_backend: backend_tag_table[quad-mic]: old = null new = (null)
04-04 04:39:53.393 D/msm8974_platform( 6576): platform_set_snd_device_backend: hw_interface_table[229] = TX_CDC_DMA_TX_3
04-04 04:39:53.393 D/msm8974_platform( 6576): platform_set_snd_device_backend: backend_tag_table[quad-mic]: old = null new = (null)
04-04 04:39:53.393 D/msm8974_platform( 6576): platform_set_snd_device_backend: hw_interface_table[230] = TX_CDC_DMA_TX_3
04-04 04:39:53.393 D/msm8974_platform( 6576): platform_set_snd_device_backend: backend_tag_table[three-mic]: old = null new = (null)
