04-04 04:36:20.495 I/auditd ( 0): type=1400 audit(0.0:350): avc: denied { kill } for comm="swapper/0" capability=5 scontext=u:r:kernel:s0 tcontext=u:r:kernel:s0 tclass=capability permissive=0
04-04 04:36:21.491 I/auditd ( 0): type=1400 audit(0.0:351): avc: denied { kill } for comm="swapper/0" capability=5 scontext=u:r:kernel:s0 tcontext=u:r:kernel:s0 tclass=capability permissive=0
04-04 04:36:22.561 I/am_uid_idle( 1549): 10021
04-04 04:36:24.491 I/auditd ( 0): type=1400 audit(0.0:352): avc: denied { kill } for comm="swapper/3" capability=5 scontext=u:r:kernel:s0 tcontext=u:r:kernel:s0 tclass=capability permissive=0
04-04 04:36:24.938 I/am_pss ( 1549): [5167,10051,com.thundercomm.screensaver,56643584,50868224,0,169721856,0,2,7]
04-04 04:36:25.491 I/auditd ( 0): type=1400 audit(0.0:353): avc: denied { kill } for comm="swapper/3" capability=5 scontext=u:r:kernel:s0 tcontext=u:r:kernel:s0 tclass=capability permissive=0
04-04 04:36:26.491 I/auditd ( 0): type=1400 audit(0.0:354): avc: denied { kill } for comm="swapper/3" capability=5 scontext=u:r:kernel:s0 tcontext=u:r:kernel:s0 tclass=capability permissive=0
04-04 04:36:27.491 I/auditd ( 0): type=1400 audit(0.0:355): avc: denied { kill } for comm="swapper/3" capability=5 scontext=u:r:kernel:s0 tcontext=u:r:kernel:s0 tclass=capability permissive=0
04-04 04:36:28.491 I/auditd ( 0): type=1400 audit(0.0:356): avc: denied { kill } for comm="swapper/0" capability=5 scontext=u:r:kernel:s0 tcontext=u:r:kernel:s0 tclass=capability permissive=0
04-04 04:36:29.491 I/auditd ( 0): type=1400 audit(0.0:357): avc: denied { kill } for comm="swapper/0" capability=5 scontext=u:r:kernel:s0 tcontext=u:r:kernel:s0 tclass=capability permissive=0
04-04 04:36:30.491 I/auditd ( 0): type=1400 audit(0.0:358): avc: denied { kill } for comm="swapper/0" capability=5 scontext=u:r:kernel:s0 tcontext=u:r:kernel:s0 tclass=capability permissive=0
04-04 04:36:31.491 I/auditd ( 0): type=1400 audit(0.0:359): avc: denied { kill } for comm="swapper/0" capability=5 scontext=u:r:kernel:s0 tcontext=u:r:kernel:s0 tclass=capability permissive=0
04-04 04:36:33.491 I/auditd ( 0): type=1400 audit(0.0:360): avc: denied { kill } for comm="swapper/3" capability=5 scontext=u:r:kernel:s0 tcontext=u:r:kernel:s0 tclass=capability permissive=0
04-04 04:36:33.655 I/am_uid_idle( 1549): 10026
04-04 04:36:33.880 I/am_uid_idle( 1549): 10095
04-04 04:36:33.880 I/am_stop_idle_service( 1549): [10095,com.tencent.mobileqq/.msf.service.MsfService]
04-04 04:36:33.881 I/am_stop_idle_service( 1549): [10095,com.tencent.mobileqq/.app.CoreService]
04-04 04:36:34.495 I/auditd ( 0): type=1400 audit(0.0:361): avc: denied { kill } for comm="swapper/3" capability=5 scontext=u:r:kernel:s0 tcontext=u:r:kernel:s0 tclass=capability permissive=0
04-04 04:36:35.076 I/input_interaction( 1549): Interaction with: 7a21f5c com.thundercomm.screensaver/android.service.dreams.DreamActivity (server), edge-swipe (server), swipe-up (server), PointerEventDispatcher0 (server),
04-04 04:36:35.079 I/wm_finish_activity( 1549): [0,99911383,76,com.thundercomm.screensaver/android.service.dreams.DreamActivity,finish-activity]
04-04 04:36:35.079 I/wm_task_moved( 1549): [1,1,5]
04-04 04:36:35.080 I/wm_task_moved( 1549): [75,1,2147483647]
04-04 04:36:35.080 I/wm_task_to_front( 1549): [0,75]
04-04 04:36:35.081 I/wm_focused_root_task( 1549): [0,0,1,76,finish-top adjustFocusToNextFocusableTask]
04-04 04:36:35.081 I/wm_set_resumed_activity( 1549): [0,com.android.launcher3/.uioverrides.QuickstepLauncher,finish-top adjustFocusToNextFocusableTask]
04-04 04:36:35.082 I/wm_pause_activity( 1549): [0,99911383,com.thundercomm.screensaver/android.service.dreams.DreamActivity,userLeaving=false,finish]
04-04 04:36:35.092 I/wm_on_top_resumed_lost_called( 5167): [99911383,android.service.dreams.DreamActivity,topStateChangedWhenResumed]
04-04 04:36:35.092 I/sysui_multi_action( 1549): [757,803,799,window_time_0,802,21]
04-04 04:36:35.093 I/wm_on_paused_called( 5167): [99911383,android.service.dreams.DreamActivity,performPause]
04-04 04:36:35.093 I/wm_add_to_stopping( 1549): [0,99911383,com.thundercomm.screensaver/android.service.dreams.DreamActivity,completeFinishing]
04-04 04:36:35.096 I/wm_set_resumed_activity( 1549): [0,com.android.launcher3/.uioverrides.QuickstepLauncher,resumeTopActivityInnerLocked]
04-04 04:36:35.099 I/wm_resume_activity( 1549): [0,176059698,75,com.android.launcher3/.uioverrides.QuickstepLauncher]
04-04 04:36:35.104 I/sysui_multi_action( 1549): [757,803,799,window_time_0,802,0]
04-04 04:36:35.107 I/view_enqueue_input_event( 5167): [Motion - Cancel,com.thundercomm.screensaver/android.service.dreams.DreamActivity]
04-04 04:36:35.110 I/wm_on_restart_called( 2518): [176059698,com.android.launcher3.uioverrides.QuickstepLauncher,performRestartActivity]
04-04 04:36:35.110 I/wm_on_start_called( 2518): [176059698,com.android.launcher3.uioverrides.QuickstepLauncher,handleStartActivity]
04-04 04:36:35.110 I/input_focus( 1549): [Focus leaving 7a21f5c com.thundercomm.screensaver/android.service.dreams.DreamActivity (server),reason=NO_WINDOW]
04-04 04:36:35.110 I/wm_on_resume_called( 2518): [176059698,com.android.launcher3.uioverrides.QuickstepLauncher,RESUME_ACTIVITY]
04-04 04:36:35.110 I/wm_on_top_resumed_gained_called( 2518): [176059698,com.android.launcher3.uioverrides.QuickstepLauncher,topWhenResuming]
04-04 04:36:35.113 I/input_interaction( 1549): Interaction with: edge-swipe (server), swipe-up (server), PointerEventDispatcher0 (server),
04-04 04:36:35.119 I/am_pss ( 1549): [4319,10056,com.qualcomm.qti.qms.service.trustzoneaccess,5504000,3846144,0,92196864,0,19,5]
04-04 04:36:35.125 I/am_pss ( 1549): [3799,10030,com.android.providers.calendar,7086080,5214208,0,98189312,0,19,6]
04-04 04:36:35.129 I/input_focus( 1549): [Focus request b49246d com.android.launcher3/com.android.launcher3.uioverrides.QuickstepLauncher,reason=UpdateInputWindows]
04-04 04:36:35.132 I/am_pss ( 1549): [3043,10018,android.process.media,11400192,9498624,0,102686720,0,19,7]
04-04 04:36:35.139 I/am_pss ( 1549): [3917,10027,com.android.externalstorage,5465088,3866624,0,92311552,0,19,5]
04-04 04:36:35.146 I/input_focus( 1549): [Focus entering b49246d com.android.launcher3/com.android.launcher3.uioverrides.QuickstepLauncher (server),reason=setFocusedWindow]
04-04 04:36:35.146 I/am_pss ( 1549): [2556,10080,com.qualcomm.qti.qccauthmgr,6117376,4317184,0,95817728,0,19,6]
04-04 04:36:35.154 I/am_pss ( 1549): [3177,10021,android.process.acore,14192640,10387456,0,119357440,0,19,6]
04-04 04:36:35.378 I/wm_destroy_activity( 1549): [0,99911383,76,com.thundercomm.screensaver/android.service.dreams.DreamActivity,finish-imm:idle]
04-04 04:36:35.398 I/wm_on_stop_called( 5167): [99911383,android.service.dreams.DreamActivity,LIFECYCLER_STOP_ACTIVITY]
04-04 04:36:35.401 I/wm_on_destroy_called( 5167): [99911383,android.service.dreams.DreamActivity,performDestroy]
04-04 04:36:35.403 I/sysui_multi_action( 1549): [757,222,758,2]
04-04 04:36:35.403 I/sysui_multi_action( 1549): [757,804,799,dreaming_minutes,801,0,802,1]
04-04 04:36:35.410 I/wm_task_removed( 1549): [76,removeChild:removeChild last r=ActivityRecord{5f486d7 u0 com.thundercomm.screensaver/android.service.dreams.DreamActivity t-1 f}} in t=Task{21ae563 #76 type=dream A=10051:android:com.thundercomm.screensaver/dream U=0 visible=false mode=fullscreen translucent=true sz=0}]
04-04 04:36:35.410 I/wm_task_removed( 1549): [76,removeChild]
04-04 04:36:35.491 I/auditd ( 0): type=1400 audit(0.0:362): avc: denied { kill } for comm="swapper/3" capability=5 scontext=u:r:kernel:s0 tcontext=u:r:kernel:s0 tclass=capability permissive=0
04-04 04:36:35.939 I/input_interaction( 1549): Interaction with: fa1437c StatusBar (server), edge-swipe (server), swipe-up (server), PointerEventDispatcher0 (server),
04-04 04:36:35.942 I/sysui_multi_action( 1978): [757,803,799,panel_open,802,1]
04-04 04:36:35.944 I/sysui_multi_action( 1978): [757,1328,758,4,1326,44,1327,1,1329,0]
04-04 04:36:35.982 I/sysui_multi_action( 1549): [757,127,758,1]
04-04 04:36:35.982 I/sysui_multi_action( 1549): [757,804,799,note_load,801,2,802,1]
04-04 04:36:35.982 I/notification_panel_revealed( 1549): 2
04-04 04:36:35.995 I/input_focus( 1549): [Focus request 78c9013 NotificationShade,reason=UpdateInputWindows]
04-04 04:36:36.005 I/sysui_multi_action( 1549): [757,128,758,1,793,82959,794,0,795,82959,796,26,798,0,806,android,857,DEVELOPER_IMPORTANT,858,4,947,0,1395,2,1500,82712,1688,1]
04-04 04:36:36.005 I/sysui_multi_action( 1549): [757,804,799,note_freshness,801,82959,802,1]
04-04 04:36:36.005 I/notification_visibility( 1549): [-1|android|26|null|1000,1,82959,82959,0,0]
04-04 04:36:36.005 I/sysui_multi_action( 1549): [757,128,758,1,793,83473,794,0,795,83473,796,32,798,1,806,android,857,USB,858,1,947,0,1395,2,1500,83156,1688,1]
04-04 04:36:36.005 I/sysui_multi_action( 1549): [757,804,799,note_freshness,801,83473,802,1]
04-04 04:36:36.006 I/notification_visibility( 1549): [-1|android|32|null|1000,1,83473,83473,0,1]
04-04 04:36:36.012 I/input_focus( 1549): [Focus leaving b49246d com.android.launcher3/com.android.launcher3.uioverrides.QuickstepLauncher (server),reason=setFocusedWindow]
04-04 04:36:36.012 I/input_focus( 1549): [Focus entering 78c9013 NotificationShade (server),reason=setFocusedWindow]
04-04 04:36:36.043 I/sysui_multi_action( 1978): [757,111,758,1]
04-04 04:36:36.044 I/sysui_multi_action( 1978): [757,126,758,1,759,126,927,0,928,1,1593,0]
04-04 04:36:36.044 I/sysui_multi_action( 1978): [757,113,758,1,759,113,927,1,928,0,1593,0]
04-04 04:36:36.044 I/sysui_multi_action( 1978): [757,0,758,1,759,0,927,2,928,0,1593,0]
04-04 04:36:36.044 I/sysui_multi_action( 1978): [757,0,758,1,759,0,927,3,928,0,1593,0]
04-04 04:36:36.044 I/sysui_multi_action( 1978): [757,491,758,1,759,491,927,4,928,0,1311,-1,1593,0]
04-04 04:36:36.044 I/sysui_multi_action( 1978): [757,0,758,1,759,0,927,5,928,0,1593,0]
04-04 04:36:36.045 I/sysui_multi_action( 1978): [757,111,758,1]
04-04 04:36:36.045 I/sysui_multi_action( 1978): [757,126,758,1,759,126,927,0,928,1,1593,0]
04-04 04:36:36.045 I/sysui_multi_action( 1978): [757,113,758,1,759,113,927,1,928,0,1593,0]
04-04 04:36:36.045 I/sysui_multi_action( 1978): [757,0,758,1,759,0,927,2,928,0,1593,0]
04-04 04:36:36.045 I/sysui_multi_action( 1978): [757,0,758,1,759,0,927,3,928,0,1593,0]
04-04 04:36:36.491 I/auditd ( 0): type=1400 audit(0.0:363): avc: denied { kill } for comm="swapper/3" capability=5 scontext=u:r:kernel:s0 tcontext=u:r:kernel:s0 tclass=capability permissive=0
04-04 04:36:36.633 I/am_uid_idle( 1549): 10019
04-04 04:36:36.768 I/am_uid_idle( 1549): 10086
04-04 04:36:36.792 I/am_uid_idle( 1549): 10059
04-04 04:36:36.892 I/am_uid_idle( 1549): 10029
04-04 04:36:37.229 I/am_uid_idle( 1549): 10030
04-04 04:36:37.365 I/am_uid_idle( 1549): 10018
04-04 04:36:37.410 I/am_uid_idle( 1549): 2000
04-04 04:36:37.491 I/auditd ( 0): type=1400 audit(0.0:364): avc: denied { kill } for comm="swapper/3" capability=5 scontext=u:r:kernel:s0 tcontext=u:r:kernel:s0 tclass=capability permissive=0
04-04 04:36:38.064 I/am_uid_idle( 1549): 10080
04-04 04:36:38.072 I/am_uid_idle( 1549): 10054
04-04 04:36:38.214 I/am_uid_idle( 1549): 10079
04-04 04:36:38.491 I/auditd ( 0): type=1400 audit(0.0:365): avc: denied { kill } for comm="swapper/3" capability=5 scontext=u:r:kernel:s0 tcontext=u:r:kernel:s0 tclass=capability permissive=0
04-04 04:36:39.491 I/auditd ( 0): type=1400 audit(0.0:366): avc: denied { kill } for comm="swapper/3" capability=5 scontext=u:r:kernel:s0 tcontext=u:r:kernel:s0 tclass=capability permissive=0
04-04 04:36:40.491 I/auditd ( 0): type=1400 audit(0.0:367): avc: denied { kill } for comm="swapper/3" capability=5 scontext=u:r:kernel:s0 tcontext=u:r:kernel:s0 tclass=capability permissive=0
04-04 04:36:40.705 I/input_interaction( 1549): Interaction with: 78c9013 NotificationShade (server), edge-swipe (server), swipe-up (server), PointerEventDispatcher0 (server),
04-04 04:36:41.140 I/sysui_multi_action( 1978): [757,111,758,2]
04-04 04:36:41.140 I/sysui_multi_action( 1978): [757,111,758,2]
04-04 04:36:41.305 I/input_focus( 1549): [Focus request b49246d com.android.launcher3/com.android.launcher3.uioverrides.QuickstepLauncher,reason=UpdateInputWindows]
04-04 04:36:41.307 I/sysui_multi_action( 1549): [757,128,758,2,793,88262,794,5303,795,88262,796,26,798,0,806,android,857,DEVELOPER_IMPORTANT,858,4,947,0,1395,2,1500,88015,1688,1]
04-04 04:36:41.308 I/notification_visibility( 1549): [-1|android|26|null|1000,0,88262,88262,0,0]
04-04 04:36:41.308 I/sysui_multi_action( 1549): [757,128,758,2,793,88776,794,5303,795,88776,796,32,798,1,806,android,857,USB,858,1,947,0,1395,2,1500,88459,1688,1]
04-04 04:36:41.308 I/notification_visibility( 1549): [-1|android|32|null|1000,0,88776,88776,0,1]
04-04 04:36:41.308 I/sysui_multi_action( 1549): [757,127,758,2]
04-04 04:36:41.308 I/notification_panel_hidden( 1549):
04-04 04:36:41.325 I/input_focus( 1549): [Focus leaving 78c9013 NotificationShade (server),reason=NO_WINDOW]
04-04 04:36:41.325 I/input_focus( 1549): [Focus entering b49246d com.android.launcher3/com.android.launcher3.uioverrides.QuickstepLauncher (server),reason=setFocusedWindow]
04-04 04:36:41.491 I/auditd ( 0): type=1400 audit(0.0:368): avc: denied { kill } for comm="swapper/3" capability=5 scontext=u:r:kernel:s0 tcontext=u:r:kernel:s0 tclass=capability permissive=0
04-04 04:36:41.712 I/input_interaction( 1549): Interaction with: b49246d com.android.launcher3/com.android.launcher3.uioverrides.QuickstepLauncher (server), e8d3383 com.android.systemui.ImageWallpaper (server), edge-swipe (server), swipe-up (server), PointerEventDispatcher0 (server),
04-04 04:36:42.491 I/auditd ( 0): type=1400 audit(0.0:369): avc: denied { kill } for comm="swapper/3" capability=5 scontext=u:r:kernel:s0 tcontext=u:r:kernel:s0 tclass=capability permissive=0
04-04 04:36:43.491 I/auditd ( 0): type=1400 audit(0.0:370): avc: denied { kill } for comm="swapper/3" capability=5 scontext=u:r:kernel:s0 tcontext=u:r:kernel:s0 tclass=capability permissive=0
04-04 04:36:44.491 I/auditd ( 0): type=1400 audit(0.0:371): avc: denied { kill } for comm="swapper/3" capability=5 scontext=u:r:kernel:s0 tcontext=u:r:kernel:s0 tclass=capability permissive=0
04-04 04:36:45.491 I/auditd ( 0): type=1400 audit(0.0:372): avc: denied { kill } for comm="swapper/3" capability=5 scontext=u:r:kernel:s0 tcontext=u:r:kernel:s0 tclass=capability permissive=0
04-04 04:36:46.495 I/auditd ( 0): type=1400 audit(0.0:373): avc: denied { kill } for comm="swapper/1" capability=5 scontext=u:r:kernel:s0 tcontext=u:r:kernel:s0 tclass=capability permissive=0
04-04 04:36:47.491 I/auditd ( 0): type=1400 audit(0.0:374): avc: denied { kill } for comm="swapper/1" capability=5 scontext=u:r:kernel:s0 tcontext=u:r:kernel:s0 tclass=capability permissive=0
04-04 04:36:48.491 I/auditd ( 0): type=1400 audit(0.0:375): avc: denied { kill } for comm="swapper/1" capability=5 scontext=u:r:kernel:s0 tcontext=u:r:kernel:s0 tclass=capability permissive=0
04-04 04:36:49.491 I/auditd ( 0): type=1400 audit(0.0:376): avc: denied { kill } for comm="swapper/1" capability=5 scontext=u:r:kernel:s0 tcontext=u:r:kernel:s0 tclass=capability permissive=0
04-04 04:36:51.495 I/auditd ( 0): type=1400 audit(0.0:377): avc: denied { kill } for comm="swapper/1" capability=5 scontext=u:r:kernel:s0 tcontext=u:r:kernel:s0 tclass=capability permissive=0
04-04 04:36:52.491 I/auditd ( 0): type=1400 audit(0.0:378): avc: denied { kill } for comm="swapper/1" capability=5 scontext=u:r:kernel:s0 tcontext=u:r:kernel:s0 tclass=capability permissive=0
04-04 04:36:54.491 I/auditd ( 0): type=1400 audit(0.0:379): avc: denied { kill } for comm="swapper/3" capability=5 scontext=u:r:kernel:s0 tcontext=u:r:kernel:s0 tclass=capability permissive=0
04-04 04:36:55.491 I/auditd ( 0): type=1400 audit(0.0:380): avc: denied { kill } for comm="swapper/3" capability=5 scontext=u:r:kernel:s0 tcontext=u:r:kernel:s0 tclass=capability permissive=0
04-04 04:36:56.491 I/auditd ( 0): type=1400 audit(0.0:381): avc: denied { kill } for comm="swapper/0" capability=5 scontext=u:r:kernel:s0 tcontext=u:r:kernel:s0 tclass=capability permissive=0
04-04 04:36:57.491 I/auditd ( 0): type=1400 audit(0.0:382): avc: denied { kill } for comm="swapper/0" capability=5 scontext=u:r:kernel:s0 tcontext=u:r:kernel:s0 tclass=capability permissive=0
04-04 04:36:58.491 I/auditd ( 0): type=1400 audit(0.0:383): avc: denied { kill } for comm="swapper/0" capability=5 scontext=u:r:kernel:s0 tcontext=u:r:kernel:s0 tclass=capability permissive=0
04-04 04:36:59.495 I/auditd ( 0): type=1400 audit(0.0:384): avc: denied { kill } for comm="swapper/0" capability=5 scontext=u:r:kernel:s0 tcontext=u:r:kernel:s0 tclass=capability permissive=0
04-04 04:36:59.588 I/am_pss ( 1549): [3311,10095,com.tencent.mobileqq,263685120,207228928,0,432218112,0,19,23]
04-04 04:36:59.601 I/am_pss ( 1549): [3106,10095,com.tencent.mobileqq:MSF,96738304,43651072,0,247549952,0,19,11]
04-04 04:37:00.495 I/auditd ( 277): type=1400 audit(0.0:385): avc: denied { kill } for comm="kworker/u16:4" capability=5 scontext=u:r:kernel:s0 tcontext=u:r:kernel:s0 tclass=capability permissive=0
04-04 04:37:01.495 I/auditd ( 0): type=1400 audit(0.0:386): avc: denied { kill } for comm="swapper/0" capability=5 scontext=u:r:kernel:s0 tcontext=u:r:kernel:s0 tclass=capability permissive=0
04-04 04:37:02.495 I/auditd ( 0): type=1400 audit(0.0:387): avc: denied { kill } for comm="swapper/0" capability=5 scontext=u:r:kernel:s0 tcontext=u:r:kernel:s0 tclass=capability permissive=0
04-04 04:37:03.495 I/auditd ( 0): type=1400 audit(0.0:388): avc: denied { kill } for comm="swapper/0" capability=5 scontext=u:r:kernel:s0 tcontext=u:r:kernel:s0 tclass=capability permissive=0
04-04 04:37:04.491 I/auditd ( 0): type=1400 audit(0.0:389): avc: denied { kill } for comm="swapper/1" capability=5 scontext=u:r:kernel:s0 tcontext=u:r:kernel:s0 tclass=capability permissive=0
04-04 04:37:05.203 I/ntp_failure( 1549): [time.android.com/216.239.35.4,java.net.SocketTimeoutException: Poll timed out]
04-04 04:37:06.491 I/auditd ( 0): type=1400 audit(0.0:390): avc: denied { kill } for comm="swapper/1" capability=5 scontext=u:r:kernel:s0 tcontext=u:r:kernel:s0 tclass=capability permissive=0
04-04 04:37:07.491 I/auditd ( 0): type=1400 audit(0.0:391): avc: denied { kill } for comm="swapper/1" capability=5 scontext=u:r:kernel:s0 tcontext=u:r:kernel:s0 tclass=capability permissive=0
04-04 04:37:08.491 I/auditd ( 0): type=1400 audit(0.0:392): avc: denied { kill } for comm="swapper/1" capability=5 scontext=u:r:kernel:s0 tcontext=u:r:kernel:s0 tclass=capability permissive=0
04-04 04:37:09.491 I/auditd ( 0): type=1400 audit(0.0:393): avc: denied { kill } for comm="swapper/1" capability=5 scontext=u:r:kernel:s0 tcontext=u:r:kernel:s0 tclass=capability permissive=0
04-04 04:37:10.207 I/ntp_failure( 1549): [time.android.com/216.239.35.8,java.net.SocketTimeoutException: Poll timed out]
04-04 04:37:10.495 I/auditd ( 0): type=1400 audit(0.0:394): avc: denied { kill } for comm="swapper/1" capability=5 scontext=u:r:kernel:s0 tcontext=u:r:kernel:s0 tclass=capability permissive=0
04-04 04:37:11.457 I/storage_state( 1549): [41217664-9172-527a-b3d5-edabb50a7d69,0,0,113911107584,118610538496]
04-04 04:37:11.495 I/auditd ( 0): type=1400 audit(0.0:395): avc: denied { kill } for comm="swapper/3" capability=5 scontext=u:r:kernel:s0 tcontext=u:r:kernel:s0 tclass=capability permissive=0
04-04 04:37:12.491 I/auditd ( 0): type=1400 audit(0.0:396): avc: denied { kill } for comm="swapper/3" capability=5 scontext=u:r:kernel:s0 tcontext=u:r:kernel:s0 tclass=capability permissive=0
04-04 04:37:13.495 I/auditd ( 0): type=1400 audit(0.0:397): avc: denied { kill } for comm="swapper/3" capability=5 scontext=u:r:kernel:s0 tcontext=u:r:kernel:s0 tclass=capability permissive=0
04-04 04:37:14.495 I/auditd ( 0): type=1400 audit(0.0:398): avc: denied { kill } for comm="swapper/3" capability=5 scontext=u:r:kernel:s0 tcontext=u:r:kernel:s0 tclass=capability permissive=0
04-04 04:37:15.212 I/ntp_failure( 1549): [time.android.com/216.239.35.12,java.net.SocketTimeoutException: Poll timed out]
04-04 04:37:16.495 I/auditd ( 0): type=1400 audit(0.0:399): avc: denied { kill } for comm="swapper/2" capability=5 scontext=u:r:kernel:s0 tcontext=u:r:kernel:s0 tclass=capability permissive=0
04-04 04:37:17.495 I/auditd ( 0): type=1400 audit(0.0:400): avc: denied { kill } for comm="swapper/2" capability=5 scontext=u:r:kernel:s0 tcontext=u:r:kernel:s0 tclass=capability permissive=0
04-04 04:37:18.495 I/auditd ( 0): type=1400 audit(0.0:401): avc: denied { kill } for comm="swapper/0" capability=5 scontext=u:r:kernel:s0 tcontext=u:r:kernel:s0 tclass=capability permissive=0
04-04 04:37:19.491 I/auditd ( 0): type=1400 audit(0.0:402): avc: denied { kill } for comm="swapper/0" capability=5 scontext=u:r:kernel:s0 tcontext=u:r:kernel:s0 tclass=capability permissive=0
04-04 04:37:20.169 I/am_pss ( 1549): [3311,10095,com.tencent.mobileqq,265596928,209141760,0,434130944,0,19,27]
04-04 04:37:20.183 I/am_pss ( 1549): [3106,10095,com.tencent.mobileqq:MSF,98322432,45236224,0,249135104,0,19,13]
04-04 04:37:20.495 I/auditd ( 0): type=1400 audit(0.0:403): avc: denied { kill } for comm="swapper/0" capability=5 scontext=u:r:kernel:s0 tcontext=u:r:kernel:s0 tclass=capability permissive=0
04-04 04:37:21.783 I/am_uid_idle( 1549): 10090
04-04 04:37:22.491 I/auditd ( 0): type=1400 audit(0.0:404): avc: denied { kill } for comm="swapper/3" capability=5 scontext=u:r:kernel:s0 tcontext=u:r:kernel:s0 tclass=capability permissive=0
04-04 04:37:23.495 I/auditd ( 0): type=1400 audit(0.0:405): avc: denied { kill } for comm="swapper/3" capability=5 scontext=u:r:kernel:s0 tcontext=u:r:kernel:s0 tclass=capability permissive=0
04-04 04:37:24.491 I/auditd ( 0): type=1400 audit(0.0:406): avc: denied { kill } for comm="swapper/3" capability=5 scontext=u:r:kernel:s0 tcontext=u:r:kernel:s0 tclass=capability permissive=0
04-04 04:37:25.495 I/auditd ( 0): type=1400 audit(0.0:407): avc: denied { kill } for comm="swapper/3" capability=5 scontext=u:r:kernel:s0 tcontext=u:r:kernel:s0 tclass=capability permissive=0
04-04 04:37:26.491 I/auditd ( 0): type=1400 audit(0.0:408): avc: denied { kill } for comm="swapper/3" capability=5 scontext=u:r:kernel:s0 tcontext=u:r:kernel:s0 tclass=capability permissive=0
04-04 04:37:27.495 I/auditd ( 0): type=1400 audit(0.0:409): avc: denied { kill } for comm="swapper/1" capability=5 scontext=u:r:kernel:s0 tcontext=u:r:kernel:s0 tclass=capability permissive=0
04-04 04:37:28.491 I/auditd ( 0): type=1400 audit(0.0:410): avc: denied { kill } for comm="swapper/1" capability=5 scontext=u:r:kernel:s0 tcontext=u:r:kernel:s0 tclass=capability permissive=0
04-04 04:37:29.491 I/auditd ( 0): type=1400 audit(0.0:411): avc: denied { kill } for comm="swapper/1" capability=5 scontext=u:r:kernel:s0 tcontext=u:r:kernel:s0 tclass=capability permissive=0
04-04 04:37:30.491 I/auditd ( 0): type=1400 audit(0.0:412): avc: denied { kill } for comm="swapper/1" capability=5 scontext=u:r:kernel:s0 tcontext=u:r:kernel:s0 tclass=capability permissive=0
04-04 04:37:31.495 I/auditd ( 0): type=1400 audit(0.0:413): avc: denied { kill } for comm="swapper/1" capability=5 scontext=u:r:kernel:s0 tcontext=u:r:kernel:s0 tclass=capability permissive=0
04-04 04:37:32.491 I/auditd ( 0): type=1400 audit(0.0:414): avc: denied { kill } for comm="swapper/1" capability=5 scontext=u:r:kernel:s0 tcontext=u:r:kernel:s0 tclass=capability permissive=0
04-04 04:37:33.495 I/auditd ( 0): type=1400 audit(0.0:415): avc: denied { kill } for comm="swapper/3" capability=5 scontext=u:r:kernel:s0 tcontext=u:r:kernel:s0 tclass=capability permissive=0
04-04 04:37:34.491 I/auditd ( 0): type=1400 audit(0.0:416): avc: denied { kill } for comm="swapper/3" capability=5 scontext=u:r:kernel:s0 tcontext=u:r:kernel:s0 tclass=capability permissive=0
04-04 04:37:35.416 I/am_uid_idle( 1549): 10051
04-04 04:37:35.491 I/auditd ( 0): type=1400 audit(0.0:417): avc: denied { kill } for comm="swapper/3" capability=5 scontext=u:r:kernel:s0 tcontext=u:r:kernel:s0 tclass=capability permissive=0
04-04 04:37:36.491 I/auditd ( 0): type=1400 audit(0.0:418): avc: denied { kill } for comm="swapper/3" capability=5 scontext=u:r:kernel:s0 tcontext=u:r:kernel:s0 tclass=capability permissive=0
04-04 04:37:37.491 I/auditd ( 0): type=1400 audit(0.0:419): avc: denied { kill } for comm="swapper/3" capability=5 scontext=u:r:kernel:s0 tcontext=u:r:kernel:s0 tclass=capability permissive=0
04-04 04:37:39.491 I/auditd ( 0): type=1400 audit(0.0:420): avc: denied { kill } for comm="swapper/2" capability=5 scontext=u:r:kernel:s0 tcontext=u:r:kernel:s0 tclass=capability permissive=0
04-04 04:37:40.491 I/auditd ( 0): type=1400 audit(0.0:421): avc: denied { kill } for comm="swapper/2" capability=5 scontext=u:r:kernel:s0 tcontext=u:r:kernel:s0 tclass=capability permissive=0
04-04 04:37:41.139 I/am_uid_idle( 1549): 10064
04-04 04:37:41.491 I/auditd ( 0): type=1400 audit(0.0:422): avc: denied { kill } for comm="swapper/1" capability=5 scontext=u:r:kernel:s0 tcontext=u:r:kernel:s0 tclass=capability permissive=0
04-04 04:37:42.495 I/auditd ( 0): type=1400 audit(0.0:423): avc: denied { kill } for comm="swapper/1" capability=5 scontext=u:r:kernel:s0 tcontext=u:r:kernel:s0 tclass=capability permissive=0
04-04 04:37:43.491 I/auditd ( 0): type=1400 audit(0.0:424): avc: denied { kill } for comm="swapper/1" capability=5 scontext=u:r:kernel:s0 tcontext=u:r:kernel:s0 tclass=capability permissive=0
04-04 04:37:43.757 I/sysui_multi_action( 1549): [757,1696,758,6,759,2]
04-04 04:37:43.769 I/am_wtf ( 1549): [0,1549,system_server,-1,DisplayDeviceConfig,requesting nits when no mapping exists.]
04-04 04:37:43.773 I/am_wtf ( 1549): [0,1549,system_server,-1,DisplayDeviceConfig,requesting nits when no mapping exists.]
04-04 04:37:43.785 I/am_wtf ( 1549): [0,1549,system_server,-1,DisplayDeviceConfig,requesting nits when no mapping exists.]
04-04 04:37:43.786 I/am_wtf ( 1549): [0,1549,system_server,-1,DisplayDeviceConfig,requesting nits when no mapping exists.]
04-04 04:37:43.802 I/am_wtf ( 1549): [0,1549,system_server,-1,DisplayDeviceConfig,requesting nits when no mapping exists.]
04-04 04:37:43.804 I/am_wtf ( 1549): [0,1549,system_server,-1,DisplayDeviceConfig,requesting nits when no mapping exists.]
04-04 04:37:43.806 I/am_wtf ( 1549): [0,1549,system_server,-1,DisplayDeviceConfig,requesting nits when no mapping exists.]
04-04 04:37:43.807 I/am_wtf ( 1549): [0,1549,system_server,-1,DisplayDeviceConfig,requesting nits when no mapping exists.]
04-04 04:37:43.822 I/am_wtf ( 1549): [0,1549,system_server,-1,DisplayDeviceConfig,requesting nits when no mapping exists.]
04-04 04:37:43.823 I/am_wtf ( 1549): [0,1549,system_server,-1,DisplayDeviceConfig,requesting nits when no mapping exists.]
04-04 04:37:43.840 I/am_wtf ( 1549): [0,1549,system_server,-1,DisplayDeviceConfig,requesting nits when no mapping exists.]
04-04 04:37:43.840 I/am_wtf ( 1549): [0,1549,system_server,-1,DisplayDeviceConfig,requesting nits when no mapping exists.]
04-04 04:37:43.857 I/am_wtf ( 1549): [0,1549,system_server,-1,DisplayDeviceConfig,requesting nits when no mapping exists.]
04-04 04:37:43.858 I/am_wtf ( 1549): [0,1549,system_server,-1,DisplayDeviceConfig,requesting nits when no mapping exists.]
04-04 04:37:43.874 I/am_wtf ( 1549): [0,1549,system_server,-1,DisplayDeviceConfig,requesting nits when no mapping exists.]
04-04 04:37:43.874 I/am_wtf ( 1549): [0,1549,system_server,-1,DisplayDeviceConfig,requesting nits when no mapping exists.]
04-04 04:37:43.889 I/am_wtf ( 1549): [0,1549,system_server,-1,DisplayDeviceConfig,requesting nits when no mapping exists.]
04-04 04:37:43.890 I/am_wtf ( 1549): [0,1549,system_server,-1,DisplayDeviceConfig,requesting nits when no mapping exists.]
04-04 04:37:43.906 I/am_wtf ( 1549): [0,1549,system_server,-1,DisplayDeviceConfig,requesting nits when no mapping exists.]
04-04 04:37:43.907 I/am_wtf ( 1549): [0,1549,system_server,-1,DisplayDeviceConfig,requesting nits when no mapping exists.]
04-04 04:37:43.923 I/am_wtf ( 1549): [0,1549,system_server,-1,DisplayDeviceConfig,requesting nits when no mapping exists.]
04-04 04:37:43.925 I/am_wtf ( 1549): [0,1549,system_server,-1,DisplayDeviceConfig,requesting nits when no mapping exists.]
04-04 04:37:43.940 I/am_wtf ( 1549): [0,1549,system_server,-1,DisplayDeviceConfig,requesting nits when no mapping exists.]
04-04 04:37:43.941 I/am_wtf ( 1549): [0,1549,system_server,-1,DisplayDeviceConfig,requesting nits when no mapping exists.]
04-04 04:37:43.957 I/am_wtf ( 1549): [0,1549,system_server,-1,DisplayDeviceConfig,requesting nits when no mapping exists.]
04-04 04:37:43.958 I/am_wtf ( 1549): [0,1549,system_server,-1,DisplayDeviceConfig,requesting nits when no mapping exists.]
04-04 04:37:43.974 I/am_wtf ( 1549): [0,1549,system_server,-1,DisplayDeviceConfig,requesting nits when no mapping exists.]
04-04 04:37:43.975 I/am_wtf ( 1549): [0,1549,system_server,-1,DisplayDeviceConfig,requesting nits when no mapping exists.]
04-04 04:37:43.990 I/am_wtf ( 1549): [0,1549,system_server,-1,DisplayDeviceConfig,requesting nits when no mapping exists.]
04-04 04:37:43.991 I/am_wtf ( 1549): [0,1549,system_server,-1,DisplayDeviceConfig,requesting nits when no mapping exists.]
04-04 04:37:44.007 I/am_wtf ( 1549): [0,1549,system_server,-1,DisplayDeviceConfig,requesting nits when no mapping exists.]
04-04 04:37:44.008 I/am_wtf ( 1549): [0,1549,system_server,-1,DisplayDeviceConfig,requesting nits when no mapping exists.]
04-04 04:37:44.023 I/am_wtf ( 1549): [0,1549,system_server,-1,DisplayDeviceConfig,requesting nits when no mapping exists.]
04-04 04:37:44.024 I/service_manager_stats( 1549): [100,53,89668]
04-04 04:37:44.024 I/am_wtf ( 1549): [0,1549,system_server,-1,DisplayDeviceConfig,requesting nits when no mapping exists.]
04-04 04:37:44.040 I/am_wtf ( 1549): [0,1549,system_server,-1,DisplayDeviceConfig,requesting nits when no mapping exists.]
04-04 04:37:44.041 I/am_wtf ( 1549): [0,1549,system_server,-1,DisplayDeviceConfig,requesting nits when no mapping exists.]
04-04 04:37:44.057 I/am_wtf ( 1549): [0,1549,system_server,-1,DisplayDeviceConfig,requesting nits when no mapping exists.]
04-04 04:37:44.057 I/am_wtf ( 1549): [0,1549,system_server,-1,DisplayDeviceConfig,requesting nits when no mapping exists.]
04-04 04:37:44.073 I/am_wtf ( 1549): [0,1549,system_server,-1,DisplayDeviceConfig,requesting nits when no mapping exists.]
04-04 04:37:44.074 I/am_wtf ( 1549): [0,1549,system_server,-1,DisplayDeviceConfig,requesting nits when no mapping exists.]
04-04 04:37:44.090 I/am_wtf ( 1549): [0,1549,system_server,-1,DisplayDeviceConfig,requesting nits when no mapping exists.]
04-04 04:37:44.091 I/am_wtf ( 1549): [0,1549,system_server,-1,DisplayDeviceConfig,requesting nits when no mapping exists.]
04-04 04:37:44.107 I/am_wtf ( 1549): [0,1549,system_server,-1,DisplayDeviceConfig,requesting nits when no mapping exists.]
04-04 04:37:44.108 I/am_wtf ( 1549): [0,1549,system_server,-1,DisplayDeviceConfig,requesting nits when no mapping exists.]
04-04 04:37:44.124 I/am_wtf ( 1549): [0,1549,system_server,-1,DisplayDeviceConfig,requesting nits when no mapping exists.]
04-04 04:37:44.125 I/am_wtf ( 1549): [0,1549,system_server,-1,DisplayDeviceConfig,requesting nits when no mapping exists.]
04-04 04:37:44.140 I/am_wtf ( 1549): [0,1549,system_server,-1,DisplayDeviceConfig,requesting nits when no mapping exists.]
04-04 04:37:44.141 I/am_wtf ( 1549): [0,1549,system_server,-1,DisplayDeviceConfig,requesting nits when no mapping exists.]
04-04 04:37:44.157 I/am_wtf ( 1549): [0,1549,system_server,-1,DisplayDeviceConfig,requesting nits when no mapping exists.]
04-04 04:37:44.158 I/am_wtf ( 1549): [0,1549,system_server,-1,DisplayDeviceConfig,requesting nits when no mapping exists.]
04-04 04:37:44.174 I/am_wtf ( 1549): [0,1549,system_server,-1,DisplayDeviceConfig,requesting nits when no mapping exists.]
04-04 04:37:44.175 I/am_wtf ( 1549): [0,1549,system_server,-1,DisplayDeviceConfig,requesting nits when no mapping exists.]
04-04 04:37:44.191 I/am_wtf ( 1549): [0,1549,system_server,-1,DisplayDeviceConfig,requesting nits when no mapping exists.]
04-04 04:37:44.192 I/am_wtf ( 1549): [0,1549,system_server,-1,DisplayDeviceConfig,requesting nits when no mapping exists.]
04-04 04:37:44.207 I/am_wtf ( 1549): [0,1549,system_server,-1,DisplayDeviceConfig,requesting nits when no mapping exists.]
04-04 04:37:44.208 I/am_wtf ( 1549): [0,1549,system_server,-1,DisplayDeviceConfig,requesting nits when no mapping exists.]
04-04 04:37:44.224 I/am_wtf ( 1549): [0,1549,system_server,-1,DisplayDeviceConfig,requesting nits when no mapping exists.]
04-04 04:37:44.225 I/am_wtf ( 1549): [0,1549,system_server,-1,DisplayDeviceConfig,requesting nits when no mapping exists.]
04-04 04:37:44.240 I/am_wtf ( 1549): [0,1549,system_server,-1,DisplayDeviceConfig,requesting nits when no mapping exists.]
04-04 04:37:44.241 I/am_wtf ( 1549): [0,1549,system_server,-1,DisplayDeviceConfig,requesting nits when no mapping exists.]
04-04 04:37:44.257 I/am_wtf ( 1549): [0,1549,system_server,-1,DisplayDeviceConfig,requesting nits when no mapping exists.]
04-04 04:37:44.258 I/am_wtf ( 1549): [0,1549,system_server,-1,DisplayDeviceConfig,requesting nits when no mapping exists.]
04-04 04:37:44.274 I/am_wtf ( 1549): [0,1549,system_server,-1,DisplayDeviceConfig,requesting nits when no mapping exists.]
04-04 04:37:44.274 I/am_wtf ( 1549): [0,1549,system_server,-1,DisplayDeviceConfig,requesting nits when no mapping exists.]
04-04 04:37:44.290 I/am_wtf ( 1549): [0,1549,system_server,-1,DisplayDeviceConfig,requesting nits when no mapping exists.]
04-04 04:37:44.291 I/am_wtf ( 1549): [0,1549,system_server,-1,DisplayDeviceConfig,requesting nits when no mapping exists.]
04-04 04:37:44.307 I/am_wtf ( 1549): [0,1549,system_server,-1,DisplayDeviceConfig,requesting nits when no mapping exists.]
04-04 04:37:44.308 I/am_wtf ( 1549): [0,1549,system_server,-1,DisplayDeviceConfig,requesting nits when no mapping exists.]
04-04 04:37:44.324 I/am_wtf ( 1549): [0,1549,system_server,-1,DisplayDeviceConfig,requesting nits when no mapping exists.]
04-04 04:37:44.325 I/am_wtf ( 1549): [0,1549,system_server,-1,DisplayDeviceConfig,requesting nits when no mapping exists.]
04-04 04:37:44.341 I/am_wtf ( 1549): [0,1549,system_server,-1,DisplayDeviceConfig,requesting nits when no mapping exists.]
04-04 04:37:44.342 I/am_wtf ( 1549): [0,1549,system_server,-1,DisplayDeviceConfig,requesting nits when no mapping exists.]
04-04 04:37:44.357 I/am_wtf ( 1549): [0,1549,system_server,-1,DisplayDeviceConfig,requesting nits when no mapping exists.]
04-04 04:37:44.359 I/am_wtf ( 1549): [0,1549,system_server,-1,DisplayDeviceConfig,requesting nits when no mapping exists.]
04-04 04:37:44.374 I/am_wtf ( 1549): [0,1549,system_server,-1,DisplayDeviceConfig,requesting nits when no mapping exists.]
04-04 04:37:44.379 I/am_wtf ( 1549): [0,1549,system_server,-1,DisplayDeviceConfig,requesting nits when no mapping exists.]
04-04 04:37:44.391 I/am_wtf ( 1549): [0,1549,system_server,-1,DisplayDeviceConfig,requesting nits when no mapping exists.]
04-04 04:37:44.391 I/am_wtf ( 1549): [0,1549,system_server,-1,DisplayDeviceConfig,requesting nits when no mapping exists.]
04-04 04:37:44.407 I/am_wtf ( 1549): [0,1549,system_server,-1,DisplayDeviceConfig,requesting nits when no mapping exists.]
04-04 04:37:44.408 I/am_wtf ( 1549): [0,1549,system_server,-1,DisplayDeviceConfig,requesting nits when no mapping exists.]
04-04 04:37:44.425 I/am_wtf ( 1549): [0,1549,system_server,-1,DisplayDeviceConfig,requesting nits when no mapping exists.]
04-04 04:37:44.425 I/am_wtf ( 1549): [0,1549,system_server,-1,DisplayDeviceConfig,requesting nits when no mapping exists.]
04-04 04:37:44.441 I/am_wtf ( 1549): [0,1549,system_server,-1,DisplayDeviceConfig,requesting nits when no mapping exists.]
04-04 04:37:44.442 I/am_wtf ( 1549): [0,1549,system_server,-1,DisplayDeviceConfig,requesting nits when no mapping exists.]
04-04 04:37:44.457 I/am_wtf ( 1549): [0,1549,system_server,-1,DisplayDeviceConfig,requesting nits when no mapping exists.]
04-04 04:37:44.458 I/am_wtf ( 1549): [0,1549,system_server,-1,DisplayDeviceConfig,requesting nits when no mapping exists.]
04-04 04:37:44.474 I/am_wtf ( 1549): [0,1549,system_server,-1,DisplayDeviceConfig,requesting nits when no mapping exists.]
04-04 04:37:44.476 I/am_wtf ( 1549): [0,1549,system_server,-1,DisplayDeviceConfig,requesting nits when no mapping exists.]
04-04 04:37:44.491 I/am_wtf ( 1549): [0,1549,system_server,-1,DisplayDeviceConfig,requesting nits when no mapping exists.]
04-04 04:37:44.492 I/am_wtf ( 1549): [0,1549,system_server,-1,DisplayDeviceConfig,requesting nits when no mapping exists.]
04-04 04:37:44.491 I/auditd ( 0): type=1400 audit(0.0:425): avc: denied { kill } for comm="swapper/1" capability=5 scontext=u:r:kernel:s0 tcontext=u:r:kernel:s0 tclass=capability permissive=0
04-04 04:37:44.509 I/am_wtf ( 1549): [0,1549,system_server,-1,DisplayDeviceConfig,requesting nits when no mapping exists.]
04-04 04:37:44.511 I/am_wtf ( 1549): [0,1549,system_server,-1,DisplayDeviceConfig,requesting nits when no mapping exists.]
04-04 04:37:44.525 I/am_wtf ( 1549): [0,1549,system_server,-1,DisplayDeviceConfig,requesting nits when no mapping exists.]
04-04 04:37:44.526 I/am_wtf ( 1549): [0,1549,system_server,-1,DisplayDeviceConfig,requesting nits when no mapping exists.]
04-04 04:37:44.541 I/am_wtf ( 1549): [0,1549,system_server,-1,DisplayDeviceConfig,requesting nits when no mapping exists.]
04-04 04:37:44.542 I/am_wtf ( 1549): [0,1549,system_server,-1,DisplayDeviceConfig,requesting nits when no mapping exists.]
04-04 04:37:44.558 I/am_wtf ( 1549): [0,1549,system_server,-1,DisplayDeviceConfig,requesting nits when no mapping exists.]
04-04 04:37:44.559 I/am_wtf ( 1549): [0,1549,system_server,-1,DisplayDeviceConfig,requesting nits when no mapping exists.]
04-04 04:37:44.574 I/am_wtf ( 1549): [0,1549,system_server,-1,DisplayDeviceConfig,requesting nits when no mapping exists.]
04-04 04:37:44.576 I/am_wtf ( 1549): [0,1549,system_server,-1,DisplayDeviceConfig,requesting nits when no mapping exists.]
04-04 04:37:44.591 I/am_wtf ( 1549): [0,1549,system_server,-1,DisplayDeviceConfig,requesting nits when no mapping exists.]
04-04 04:37:44.592 I/am_wtf ( 1549): [0,1549,system_server,-1,DisplayDeviceConfig,requesting nits when no mapping exists.]
04-04 04:37:44.608 I/am_wtf ( 1549): [0,1549,system_server,-1,DisplayDeviceConfig,requesting nits when no mapping exists.]
04-04 04:37:44.609 I/am_wtf ( 1549): [0,1549,system_server,-1,DisplayDeviceConfig,requesting nits when no mapping exists.]
04-04 04:37:44.624 I/am_wtf ( 1549): [0,1549,system_server,-1,DisplayDeviceConfig,requesting nits when no mapping exists.]
04-04 04:37:44.625 I/am_wtf ( 1549): [0,1549,system_server,-1,DisplayDeviceConfig,requesting nits when no mapping exists.]
04-04 04:37:44.641 I/am_wtf ( 1549): [0,1549,system_server,-1,DisplayDeviceConfig,requesting nits when no mapping exists.]
04-04 04:37:44.642 I/am_wtf ( 1549): [0,1549,system_server,-1,DisplayDeviceConfig,requesting nits when no mapping exists.]
04-04 04:37:44.658 I/am_wtf ( 1549): [0,1549,system_server,-1,DisplayDeviceConfig,requesting nits when no mapping exists.]
04-04 04:37:44.659 I/am_wtf ( 1549): [0,1549,system_server,-1,DisplayDeviceConfig,requesting nits when no mapping exists.]
04-04 04:37:44.675 I/am_wtf ( 1549): [0,1549,system_server,-1,DisplayDeviceConfig,requesting nits when no mapping exists.]
04-04 04:37:44.675 I/am_wtf ( 1549): [0,1549,system_server,-1,DisplayDeviceConfig,requesting nits when no mapping exists.]
04-04 04:37:44.691 I/am_wtf ( 1549): [0,1549,system_server,-1,DisplayDeviceConfig,requesting nits when no mapping exists.]
04-04 04:37:44.692 I/am_wtf ( 1549): [0,1549,system_server,-1,DisplayDeviceConfig,requesting nits when no mapping exists.]
04-04 04:37:44.708 I/am_wtf ( 1549): [0,1549,system_server,-1,DisplayDeviceConfig,requesting nits when no mapping exists.]
04-04 04:37:44.709 I/am_wtf ( 1549): [0,1549,system_server,-1,DisplayDeviceConfig,requesting nits when no mapping exists.]
04-04 04:37:45.491 I/auditd ( 0): type=1400 audit(0.0:426): avc: denied { kill } for comm="swapper/1" capability=5 scontext=u:r:kernel:s0 tcontext=u:r:kernel:s0 tclass=capability permissive=0
04-04 04:37:46.392 I/netstats_mobile_sample( 1549): [0,0,0,0,0,0,0,0,0,0,0,0,1680554266392]
04-04 04:37:46.392 I/netstats_wifi_sample( 1549): [1315964,4120,1640431,4543,1315964,4120,1640431,4543,2389098,8869,1084203,2981,1680554266392]
04-04 04:37:46.495 I/auditd ( 0): type=1400 audit(0.0:427): avc: denied { kill } for comm="swapper/3" capability=5 scontext=u:r:kernel:s0 tcontext=u:r:kernel:s0 tclass=capability permissive=0
04-04 04:37:47.495 I/auditd ( 0): type=1400 audit(0.0:428): avc: denied { kill } for comm="swapper/3" capability=5 scontext=u:r:kernel:s0 tcontext=u:r:kernel:s0 tclass=capability permissive=0
04-04 04:37:48.491 I/auditd ( 0): type=1400 audit(0.0:429): avc: denied { kill } for comm="swapper/3" capability=5 scontext=u:r:kernel:s0 tcontext=u:r:kernel:s0 tclass=capability permissive=0
04-04 04:37:49.491 I/auditd ( 0): type=1400 audit(0.0:430): avc: denied { kill } for comm="swapper/3" capability=5 scontext=u:r:kernel:s0 tcontext=u:r:kernel:s0 tclass=capability permissive=0
04-04 04:37:50.491 I/auditd ( 0): type=1400 audit(0.0:431): avc: denied { kill } for comm="swapper/3" capability=5 scontext=u:r:kernel:s0 tcontext=u:r:kernel:s0 tclass=capability permissive=0
04-04 04:37:50.765 I/sysui_multi_action( 1549): [757,222,758,1]
04-04 04:37:50.768 I/am_uid_active( 1549): 10051
04-04 04:37:50.777 I/wm_task_created( 1549): [77,-1]
04-04 04:37:50.781 I/wm_task_moved( 1549): [77,1,6]
04-04 04:37:50.781 I/wm_task_to_front( 1549): [0,77]
04-04 04:37:50.781 I/wm_create_task( 1549): [0,77]
04-04 04:37:50.781 I/wm_create_activity( 1549): [0,92360447,77,com.thundercomm.screensaver/android.service.dreams.DreamActivity,NULL,NULL,NULL,276824064]
04-04 04:37:50.781 I/wm_task_moved( 1549): [77,1,6]
04-04 04:37:50.781 I/wm_on_top_resumed_lost_called( 2518): [176059698,com.android.launcher3.uioverrides.QuickstepLauncher,topStateChangedWhenResumed]
04-04 04:37:50.782 I/wm_pause_activity( 1549): [0,176059698,com.android.launcher3/.uioverrides.QuickstepLauncher,userLeaving=true,pauseBackTasks]
04-04 04:37:50.784 I/wm_on_paused_called( 2518): [176059698,com.android.launcher3.uioverrides.QuickstepLauncher,performPause]
04-04 04:37:50.784 I/am_pss ( 1549): [2944,10094,com.tencent.qqmusicpad,54876160,31096832,0,144941056,0,4,7]
04-04 04:37:50.785 I/wm_add_to_stopping( 1549): [0,176059698,com.android.launcher3/.uioverrides.QuickstepLauncher,makeInvisible]
04-04 04:37:50.786 I/wm_restart_activity( 1549): [0,92360447,77,com.thundercomm.screensaver/android.service.dreams.DreamActivity]
04-04 04:37:50.786 I/wm_set_resumed_activity( 1549): [0,com.thundercomm.screensaver/android.service.dreams.DreamActivity,minimalResumeActivityLocked]
04-04 04:37:50.790 I/sysui_multi_action( 1549): [757,803,799,window_time_0,802,76]
04-04 04:37:50.790 I/wm_on_create_called( 5167): [92360447,android.service.dreams.DreamActivity,performCreate]
04-04 04:37:50.791 I/wm_on_start_called( 5167): [92360447,android.service.dreams.DreamActivity,handleStartActivity]
04-04 04:37:50.791 I/am_pss ( 1549): [3433,10094,com.tencent.qqmusicpad:QQPlayerService,41459712,18956288,0,127717376,0,4,6]
04-04 04:37:50.791 I/wm_on_resume_called( 5167): [92360447,android.service.dreams.DreamActivity,RESUME_ACTIVITY]
04-04 04:37:50.792 I/am_uid_active( 1549): 10064
04-04 04:37:50.793 I/wm_on_top_resumed_gained_called( 5167): [92360447,android.service.dreams.DreamActivity,topStateChangedWhenResumed]
04-04 04:37:50.797 I/am_pss ( 1549): [2877,10081,com.qualcomm.qti.workloadclassifier,8269824,6705152,0,94224384,0,0,5]
04-04 04:37:50.802 I/am_pss ( 1549): [2853,10085,com.qualcomm.qti.qccnetstat,5958656,4362240,0,92430336,0,0,5]
04-04 04:37:50.806 I/input_focus( 1549): [Focus leaving b49246d com.android.launcher3/com.android.launcher3.uioverrides.QuickstepLauncher (server),reason=NO_WINDOW]
04-04 04:37:50.808 I/am_pss ( 1549): [2833,10068,com.qualcomm.qti.services.systemhelper:systemhelper_service,6136832,4464640,0,94420992,0,0,5]
04-04 04:37:50.809 I/input_focus( 1549): [Focus request 3f7462a com.thundercomm.screensaver/android.service.dreams.DreamActivity,reason=UpdateInputWindows]
04-04 04:37:50.813 I/am_pss ( 1549): [2827,10058,.pasr,5153792,3649536,0,89952256,0,0,5]
04-04 04:37:50.817 I/sysui_multi_action( 1549): [319,40,322,39,325,168,757,761,758,8,759,2,806,com.thundercomm.screensaver,871,android.service.dreams.DreamActivity,904,com.thundercomm.screensaver,905,0,1320,4,1321,2]
04-04 04:37:50.817 I/wm_activity_launch_time( 1549): [0,92360447,com.thundercomm.screensaver/android.service.dreams.DreamActivity,39]
04-04 04:37:50.817 I/sysui_multi_action( 1549): [757,1696,758,6,759,3]
04-04 04:37:50.819 I/am_pss ( 1549): [2807,1000,com.hryt.hiphishowfsecontrol,13981696,12021760,0,106237952,0,0,6]
04-04 04:37:50.822 I/am_wtf ( 1549): [0,1549,system_server,-1,DisplayDeviceConfig,requesting nits when no mapping exists.]
04-04 04:37:50.823 I/am_wtf ( 1549): [0,1549,system_server,-1,DisplayDeviceConfig,requesting nits when no mapping exists.]
04-04 04:37:50.823 I/am_pss ( 1549): [2779,10055,ts.car.uart,5981184,4472832,0,91025408,0,0,4]
04-04 04:37:50.830 I/am_pss ( 1549): [2759,10084,com.hht.lebocast,33470464,21512192,0,108273664,0,0,6]
04-04 04:37:50.839 I/am_wtf ( 1549): [0,1549,system_server,-1,DisplayDeviceConfig,requesting nits when no mapping exists.]
04-04 04:37:50.839 I/input_focus( 1549): [Focus entering 3f7462a com.thundercomm.screensaver/android.service.dreams.DreamActivity (server),reason=Window became focusable. Previous reason: NOT_VISIBLE]
04-04 04:37:50.839 I/am_wtf ( 1549): [0,1549,system_server,-1,DisplayDeviceConfig,requesting nits when no mapping exists.]
04-04 04:37:50.855 I/am_wtf ( 1549): [0,1549,system_server,-1,DisplayDeviceConfig,requesting nits when no mapping exists.]
04-04 04:37:50.855 I/am_wtf ( 1549): [0,1549,system_server,-1,DisplayDeviceConfig,requesting nits when no mapping exists.]
04-04 04:37:50.872 I/am_wtf ( 1549): [0,1549,system_server,-1,DisplayDeviceConfig,requesting nits when no mapping exists.]
04-04 04:37:50.872 I/am_wtf ( 1549): [0,1549,system_server,-1,DisplayDeviceConfig,requesting nits when no mapping exists.]
04-04 04:37:50.889 I/am_wtf ( 1549): [0,1549,system_server,-1,DisplayDeviceConfig,requesting nits when no mapping exists.]
04-04 04:37:50.889 I/am_wtf ( 1549): [0,1549,system_server,-1,DisplayDeviceConfig,requesting nits when no mapping exists.]
04-04 04:37:50.906 I/am_wtf ( 1549): [0,1549,system_server,-1,DisplayDeviceConfig,requesting nits when no mapping exists.]
04-04 04:37:50.906 I/am_wtf ( 1549): [0,1549,system_server,-1,DisplayDeviceConfig,requesting nits when no mapping exists.]
04-04 04:37:50.922 I/am_wtf ( 1549): [0,1549,system_server,-1,DisplayDeviceConfig,requesting nits when no mapping exists.]
04-04 04:37:50.922 I/service_manager_stats( 1549): [100,53,6898]
04-04 04:37:50.922 I/am_wtf ( 1549): [0,1549,system_server,-1,DisplayDeviceConfig,requesting nits when no mapping exists.]
04-04 04:37:50.939 I/am_wtf ( 1549): [0,1549,system_server,-1,DisplayDeviceConfig,requesting nits when no mapping exists.]
04-04 04:37:50.939 I/am_wtf ( 1549): [0,1549,system_server,-1,DisplayDeviceConfig,requesting nits when no mapping exists.]
04-04 04:37:50.955 I/am_wtf ( 1549): [0,1549,system_server,-1,DisplayDeviceConfig,requesting nits when no mapping exists.]
04-04 04:37:50.956 I/am_wtf ( 1549): [0,1549,system_server,-1,DisplayDeviceConfig,requesting nits when no mapping exists.]
04-04 04:37:50.973 I/am_wtf ( 1549): [0,1549,system_server,-1,DisplayDeviceConfig,requesting nits when no mapping exists.]
04-04 04:37:50.973 I/am_wtf ( 1549): [0,1549,system_server,-1,DisplayDeviceConfig,requesting nits when no mapping exists.]
04-04 04:37:50.989 I/am_wtf ( 1549): [0,1549,system_server,-1,DisplayDeviceConfig,requesting nits when no mapping exists.]
04-04 04:37:50.990 I/am_wtf ( 1549): [0,1549,system_server,-1,DisplayDeviceConfig,requesting nits when no mapping exists.]
04-04 04:37:51.006 I/am_wtf ( 1549): [0,1549,system_server,-1,DisplayDeviceConfig,requesting nits when no mapping exists.]
04-04 04:37:51.006 I/am_wtf ( 1549): [0,1549,system_server,-1,DisplayDeviceConfig,requesting nits when no mapping exists.]
04-04 04:37:51.023 I/am_wtf ( 1549): [0,1549,system_server,-1,DisplayDeviceConfig,requesting nits when no mapping exists.]
04-04 04:37:51.023 I/am_wtf ( 1549): [0,1549,system_server,-1,DisplayDeviceConfig,requesting nits when no mapping exists.]
04-04 04:37:51.039 I/am_wtf ( 1549): [0,1549,system_server,-1,DisplayDeviceConfig,requesting nits when no mapping exists.]
04-04 04:37:51.039 I/am_wtf ( 1549): [0,1549,system_server,-1,DisplayDeviceConfig,requesting nits when no mapping exists.]
04-04 04:37:51.056 I/am_wtf ( 1549): [0,1549,system_server,-1,DisplayDeviceConfig,requesting nits when no mapping exists.]
04-04 04:37:51.056 I/am_wtf ( 1549): [0,1549,system_server,-1,DisplayDeviceConfig,requesting nits when no mapping exists.]
04-04 04:37:51.072 I/am_wtf ( 1549): [0,1549,system_server,-1,DisplayDeviceConfig,requesting nits when no mapping exists.]
04-04 04:37:51.072 I/am_wtf ( 1549): [0,1549,system_server,-1,DisplayDeviceConfig,requesting nits when no mapping exists.]
04-04 04:37:51.089 I/am_wtf ( 1549): [0,1549,system_server,-1,DisplayDeviceConfig,requesting nits when no mapping exists.]
04-04 04:37:51.089 I/am_wtf ( 1549): [0,1549,system_server,-1,DisplayDeviceConfig,requesting nits when no mapping exists.]
04-04 04:37:51.106 I/am_wtf ( 1549): [0,1549,system_server,-1,DisplayDeviceConfig,requesting nits when no mapping exists.]
04-04 04:37:51.107 I/am_wtf ( 1549): [0,1549,system_server,-1,DisplayDeviceConfig,requesting nits when no mapping exists.]
04-04 04:37:51.108 I/wm_stop_activity( 1549): [0,176059698,com.android.launcher3/.uioverrides.QuickstepLauncher]
