11-11 01:00:40.974 1520 11169 W ActivityTaskManager: Tried to set launchTime (0) < mLastActivityLaunchTime (891755)
11-11 01:00:40.975 1520 11169 D CompatibilityInfo: mCompatibilityFlags - 4
11-11 01:00:40.975 1520 11169 D CompatibilityInfo: applicationDensity - 240
11-11 01:00:40.975 1520 11169 D CompatibilityInfo: applicationScale - 1.0
11-11 01:00:41.017 1972 13439 D KeyguardViewMediator: setOccluded true
11-11 01:00:41.019 2489 2489 E MCUUtil : saveLastActivity activityName=com.android.systemui.screenrecord.ScreenRecordDialog packageName=com.android.systemui
11-11 01:00:41.021 1972 13439 D KeyguardViewMediator: setOccluded false
11-11 01:00:41.037 1520 1609 I ActivityTaskManager: Displayed com.android.systemui/.screenrecord.ScreenRecordDialog: +78ms
11-11 01:00:41.039 1520 1612 I EventSequenceValidator: Transition from ACTIVITY_LAUNCHED to ACTIVITY_FINISHED
11-11 01:00:41.045 1520 1612 W ProcessStats: Tracking association SourceState{70144c3 com.tencent.android.qqdownloader:live/10093 BTopFgs #9917} whose proc state 2 is better than process ProcessState{2f14fb3 com.tencent.android.qqdownloader:daemon/10093 pkg=com.tencent.android.qqdownloader} proc state 3 (17 skipped)
11-11 01:00:41.057 1520 1728 W BestClock: java.time.DateTimeException: Missing NTP fix
11-11 01:00:41.060 1520 1728 W BestClock: java.time.DateTimeException: Missing NTP fix
11-11 01:00:41.061 1520 1731 W BestClock: java.time.DateTimeException: Missing NTP fix
11-11 01:00:41.062 1520 1731 W BestClock: java.time.DateTimeException: Missing NTP fix
11-11 01:00:41.080 1520 13789 W FreeFormWindowHelper: Current Display FreeFormTask is null
11-11 01:00:41.081 2075 4408 I GameMode_ActivityMonitoringService: onActivityLaunch: com.android.systemui, isGameApp: false
11-11 01:00:41.082 2075 4408 V GameMode_GpuUtils: fps:60
11-11 01:00:41.083 2075 4408 D GameModeIF_GameModeSettings: getUriFor setting_content_uri_root = content://com.thundercomm.gamemode.api/gamemode_settings , name = gamemode_enable
11-11 01:00:41.299 648 661 I mpu_uart: [MSG-P:RECV]:No message received in 1000 ms
11-11 01:00:41.312 31956 32052 D MemoryCeilingMonitor: [handleMemoryCalculate]
11-11 01:00:41.312 31956 32052 D MemoryCeilingMonitor: [calculate] tot: 5428106, max: 268435456, free: 549698, heap: 4878408, per: 0.01817348599433899
11-11 01:00:41.392 1972 1972 W Choreographer: Frame time is 0.367786 ms in the future! Check that graphics HAL is generating vsync timestamps using the correct timebase.
11-11 01:00:41.482 1972 1972 D StatusBar: disable disable2
11-11 01:00:41.496 1972 1972 V KeyguardUpdateMonitor: *** unregister callback for com.android.keyguard.CarrierTextManager$2@e70bb27
11-11 01:00:41.903 2681 2681 W event_loop: type=1400 audit(0.0:918816378): avc: denied { read } for lport=13400 scontext=u:r:hht_ota_mgr:s0 tcontext=u:r:hht_ota_mgr:s0 tclass=udp_socket permissive=0
11-11 01:00:41.903 2681 2681 W event_loop: type=1400 audit(0.0:918816379): avc: denied { read } for lport=13400 scontext=u:r:hht_ota_mgr:s0 tcontext=u:r:hht_ota_mgr:s0 tclass=udp_socket permissive=0
11-11 01:00:41.903 2681 2681 W event_loop: type=1400 audit(0.0:918816380): avc: denied { read } for lport=13400 scontext=u:r:hht_ota_mgr:s0 tcontext=u:r:hht_ota_mgr:s0 tclass=udp_socket permissive=0
11-11 01:00:41.903 2681 2681 W event_loop: type=1400 audit(0.0:918816381): avc: denied { read } for lport=13400 scontext=u:r:hht_ota_mgr:s0 tcontext=u:r:hht_ota_mgr:s0 tclass=udp_socket permissive=0
11-11 01:00:41.903 2681 2681 W event_loop: type=1400 audit(0.0:918816382): avc: denied { read } for lport=13400 scontext=u:r:hht_ota_mgr:s0 tcontext=u:r:hht_ota_mgr:s0 tclass=udp_socket permissive=0
01-01 09:02:36.676 0 0 W audit : audit_lost=918799836 audit_rate_limit=5 audit_backlog_limit=64
01-01 09:02:36.676 0 0 E audit : rate limit exceeded
11-11 01:00:42.299 648 661 I mpu_uart: [MSG-P:RECV]:No message received in 1000 ms
11-11 01:00:42.379 1520 13789 E ActivityManager: Sending non-protected broadcast com.android.systemui.screenrecord.UPDATE_STATE_OUTSIDE from system 1972:com.android.systemui/u0a78 pkg com.android.systemui
11-11 01:00:42.379 1520 13789 E ActivityManager: java.lang.Throwable
11-11 01:00:42.379 1520 13789 E ActivityManager: at com.android.server.am.ActivityManagerService.checkBroadcastFromSystem(ActivityManagerService.java:12877)
11-11 01:00:42.379 1520 13789 E ActivityManager: at com.android.server.am.ActivityManagerService.broadcastIntentLocked(ActivityManagerService.java:13477)
11-11 01:00:42.379 1520 13789 E ActivityManager: at com.android.server.am.ActivityManagerService.broadcastIntentLocked(ActivityManagerService.java:12894)
11-11 01:00:42.379 1520 13789 E ActivityManager: at com.android.server.am.ActivityManagerService.broadcastIntentWithFeature(ActivityManagerService.java:13729)
11-11 01:00:42.379 1520 13789 E ActivityManager: at android.app.IActivityManager$Stub.onTransact(IActivityManager.java:2326)
11-11 01:00:42.379 1520 13789 E ActivityManager: at com.android.server.am.ActivityManagerService.onTransact(ActivityManagerService.java:2528)
11-11 01:00:42.379 1520 13789 E ActivityManager: at android.os.Binder.execTransactInternal(Binder.java:1179)
11-11 01:00:42.379 1520 13789 E ActivityManager: at android.os.Binder.execTransact(Binder.java:1143)
11-11 01:00:42.380 1520 13789 E ActivityManager: Sending non-protected broadcast com.android.systemui.screenrecord.UPDATE_STATE_OUTSIDE from system 1972:com.android.systemui/u0a78 pkg com.android.systemui
11-11 01:00:42.380 1520 13789 E ActivityManager: java.lang.Throwable
11-11 01:00:42.380 1520 13789 E ActivityManager: at com.android.server.am.ActivityManagerService.checkBroadcastFromSystem(ActivityManagerService.java:12877)
11-11 01:00:42.380 1520 13789 E ActivityManager: at com.android.server.am.ActivityManagerService.broadcastIntentLocked(ActivityManagerService.java:13572)
11-11 01:00:42.380 1520 13789 E ActivityManager: at com.android.server.am.ActivityManagerService.broadcastIntentLocked(ActivityManagerService.java:12894)
11-11 01:00:42.380 1520 13789 E ActivityManager: at com.android.server.am.ActivityManagerService.broadcastIntentWithFeature(ActivityManagerService.java:13729)
11-11 01:00:42.380 1520 13789 E ActivityManager: at android.app.IActivityManager$Stub.onTransact(IActivityManager.java:2326)
11-11 01:00:42.380 1520 13789 E ActivityManager: at com.android.server.am.ActivityManagerService.onTransact(ActivityManagerService.java:2528)
11-11 01:00:42.380 1520 13789 E ActivityManager: at android.os.Binder.execTransactInternal(Binder.java:1179)
11-11 01:00:42.380 1520 13789 E ActivityManager: at android.os.Binder.execTransact(Binder.java:1143)
11-11 01:00:42.380 1520 1620 I DropBoxManagerService: add tag=system_server_wtf isTagEnabled=true flags=0x2
11-11 01:00:42.381 2075 2075 D GameMode_DndItemViewHolder: updateScreenRecordState:0
11-11 01:00:42.381 1520 1620 I DropBoxManagerService: add tag=system_server_wtf isTagEnabled=true flags=0x2
11-11 01:00:42.384 1520 13885 D ActivityTrigger: ActivityTrigger activityPauseTrigger
11-11 01:00:42.389 2075 2075 D GameMode_GameModeService: Received recording state : 0
11-11 01:00:42.390 1520 13885 I ActivityTaskManager: FOREGROUND_APPLICATION_CHANGED to com.android.settings.homepage.SettingsHomepageActivity
11-11 01:00:42.402 32211 32236 D UsageGraph: No enabled state changed, skipping updateCategory call
11-11 01:00:42.413 2489 2489 E MCUUtil : saveLastActivity activityName=com.android.settings.homepage.SettingsHomepageActivity packageName=com.android.settings
11-11 01:00:42.451 1520 13789 W InputManager-JNI: Input channel object 'bdc8b89 com.android.systemui/com.android.systemui.screenrecord.ScreenRecordDialog (client)' was disposed without first being removed with the input manager!
11-11 01:00:42.495 1520 19355 W FreeFormWindowHelper: Current Display FreeFormTask is null
11-11 01:00:42.495 1520 1552 W System : A resource failed to call release.
11-11 01:00:42.495 1520 1552 W System : A resource failed to call close.
11-11 01:00:42.495 1520 1552 W System : A resource failed to call close.
11-11 01:00:42.497 2075 4408 I GameMode_ActivityMonitoringService: onActivityLaunch: com.android.settings, isGameApp: false
11-11 01:00:42.497 2075 4408 V GameMode_GpuUtils: fps:60
11-11 01:00:42.498 2075 4408 D GameModeIF_GameModeSettings: getUriFor setting_content_uri_root = content://com.thundercomm.gamemode.api/gamemode_settings , name = gamemode_enable
11-11 01:00:42.663 1520 1613 W ActivityTaskManager: Can't find TaskDisplayArea to determine support for multi window. Task id=118 attached=false
11-11 01:00:42.663 1520 1613 W ActivityTaskManager: Can't find TaskDisplayArea to determine support for multi window. Task id=118 attached=false
11-11 01:00:42.683 648 659 I mpu_uart: [MSG-P:R]:recv sync frame timeout
11-11 01:00:42.907 2681 2681 W event_loop: type=1400 audit(0.0:919058313): avc: denied { read } for lport=13400 scontext=u:r:hht_ota_mgr:s0 tcontext=u:r:hht_ota_mgr:s0 tclass=udp_socket permissive=0
11-11 01:00:42.907 2681 2681 W event_loop: type=1400 audit(0.0:919058314): avc: denied { read } for lport=13400 scontext=u:r:hht_ota_mgr:s0 tcontext=u:r:hht_ota_mgr:s0 tclass=udp_socket permissive=0
11-11 01:00:42.907 2681 2681 W event_loop: type=1400 audit(0.0:919058315): avc: denied { read } for lport=13400 scontext=u:r:hht_ota_mgr:s0 tcontext=u:r:hht_ota_mgr:s0 tclass=udp_socket permissive=0
11-11 01:00:42.907 2681 2681 W event_loop: type=1400 audit(0.0:919058316): avc: denied { read } for lport=13400 scontext=u:r:hht_ota_mgr:s0 tcontext=u:r:hht_ota_mgr:s0 tclass=udp_socket permissive=0
11-11 01:00:42.907 2681 2681 W event_loop: type=1400 audit(0.0:919058317): avc: denied { read } for lport=13400 scontext=u:r:hht_ota_mgr:s0 tcontext=u:r:hht_ota_mgr:s0 tclass=udp_socket permissive=0
01-01 09:02:37.680 0 0 W audit : audit_lost=919041743 audit_rate_limit=5 audit_backlog_limit=64
01-01 09:02:37.680 0 0 E audit : rate limit exceeded
11-11 01:00:43.300 648 661 I mpu_uart: [MSG-P:RECV]:No message received in 1000 ms
11-11 01:00:43.911 2681 2681 W event_loop: type=1400 audit(0.0:919320351): avc: denied { read } for lport=13400 scontext=u:r:hht_ota_mgr:s0 tcontext=u:r:hht_ota_mgr:s0 tclass=udp_socket permissive=0
11-11 01:00:43.911 2681 2681 W event_loop: type=1400 audit(0.0:919320352): avc: denied { read } for lport=13400 scontext=u:r:hht_ota_mgr:s0 tcontext=u:r:hht_ota_mgr:s0 tclass=udp_socket permissive=0
11-11 01:00:43.911 2681 2681 W event_loop: type=1400 audit(0.0:919320353): avc: denied { read } for lport=13400 scontext=u:r:hht_ota_mgr:s0 tcontext=u:r:hht_ota_mgr:s0 tclass=udp_socket permissive=0
11-11 01:00:43.911 2681 2681 W event_loop: type=1400 audit(0.0:919320354): avc: denied { read } for lport=13400 scontext=u:r:hht_ota_mgr:s0 tcontext=u:r:hht_ota_mgr:s0 tclass=udp_socket permissive=0
11-11 01:00:43.911 2681 2681 W event_loop: type=1400 audit(0.0:919320355): avc: denied { read } for lport=13400 scontext=u:r:hht_ota_mgr:s0 tcontext=u:r:hht_ota_mgr:s0 tclass=udp_socket permissive=0
01-01 09:02:38.684 0 0 W audit : audit_lost=919303941 audit_rate_limit=5 audit_backlog_limit=64
01-01 09:02:38.684 0 0 E audit : rate limit exceeded
11-11 01:00:44.300 648 661 I mpu_uart: [MSG-P:RECV]:No message received in 1000 ms
11-11 01:00:44.915 2681 2681 W event_loop: type=1400 audit(0.0:919586814): avc: denied { read } for lport=13400 scontext=u:r:hht_ota_mgr:s0 tcontext=u:r:hht_ota_mgr:s0 tclass=udp_socket permissive=0
11-11 01:00:44.915 2681 2681 W event_loop: type=1400 audit(0.0:919586815): avc: denied { read } for lport=13400 scontext=u:r:hht_ota_mgr:s0 tcontext=u:r:hht_ota_mgr:s0 tclass=udp_socket permissive=0
11-11 01:00:44.915 2681 2681 W event_loop: type=1400 audit(0.0:919586816): avc: denied { read } for lport=13400 scontext=u:r:hht_ota_mgr:s0 tcontext=u:r:hht_ota_mgr:s0 tclass=udp_socket permissive=0
11-11 01:00:44.915 2681 2681 W event_loop: type=1400 audit(0.0:919586817): avc: denied { read } for lport=13400 scontext=u:r:hht_ota_mgr:s0 tcontext=u:r:hht_ota_mgr:s0 tclass=udp_socket permissive=0
11-11 01:00:44.915 2681 2681 W event_loop: type=1400 audit(0.0:919586818): avc: denied { read } for lport=13400 scontext=u:r:hht_ota_mgr:s0 tcontext=u:r:hht_ota_mgr:s0 tclass=udp_socket permissive=0
01-01 09:02:39.688 0 0 W audit : audit_lost=919570422 audit_rate_limit=5 audit_backlog_limit=64
01-01 09:02:39.688 0 0 E audit : rate limit exceeded
11-11 01:00:45.107 1291 1317 E tlogd : [TzLogger](isPathReadable) file /sys/kernel/debug/tzdbg/qsee_log isn't exist or no permission, err: No such file or directory
11-11 01:00:45.107 1291 1317 E tlogd : [TzLogger](saveTzlogAsync) /sys/kernel/debug/tzdbg/qsee_log can not read.
11-11 01:00:45.108 1291 1317 E tlogd : [TzLogger](isPathReadable) file /sys/kernel/debug/tzdbg/log isn't exist or no permission, err: No such file or directory
11-11 01:00:45.108 1291 1317 E tlogd : [TzLogger](saveTzlogAsync) /sys/kernel/debug/tzdbg/log can not read.
11-11 01:00:45.300 648 661 I mpu_uart: [MSG-P:RECV]:No message received in 1000 ms
11-11 01:00:45.385 1520 13789 D CompatibilityInfo: mCompatibilityFlags - 4
11-11 01:00:45.385 1520 13789 D CompatibilityInfo: applicationDensity - 240
11-11 01:00:45.385 1520 13789 D CompatibilityInfo: applicationScale - 1.0
11-11 01:00:45.388 1972 1972 D RecordingController: sent start intent
11-11 01:00:45.393 1972 1972 D RecordingService: onStartCommand com.android.systemui.screenrecord.START
11-11 01:00:45.393 1972 1972 D RecordingService: recording with audio sourceNONE
11-11 01:00:45.398 1972 1972 D ScreenMediaRecorder: start recording
11-11 01:00:45.405 984 2361 D AF::TrackHandle: OpPlayAudio: track:81 usage:2 not muted
11-11 01:00:45.408 1205 1788 W StagefrightRecorder: stop while neither recording nor paused
11-11 01:00:45.408 1205 1788 I MediaProfiles: Profiles xml path: /vendor/etc/media_profiles_kona.xml
11-11 01:00:45.426 1972 1972 D MediaCodecList: codecHandlesFormat: no format, so no extra checks
11-11 01:00:45.426 1972 1972 D MediaCodecList: codecHandlesFormat: no format, so no extra checks
11-11 01:00:45.427 1972 1972 D MediaCodecList: codecHandlesFormat: no format, so no extra checks
11-11 01:00:45.427 1972 1972 D MediaCodecList: codecHandlesFormat: no format, so no extra checks
11-11 01:00:45.430 1972 4897 I OMXClient: IOmx service obtained
11-11 01:00:45.431 1221 24568 I OMXMaster: makeComponentInstance(OMX.qcom.video.decoder.avc) in android.hardwar process
11-11 01:00:45.438 1221 24568 E android.hardware.media.omx@1.0-service: Service not available yet
11-11 01:00:45.439 1221 24568 D PlatformConfig: getInstance: Enter
11-11 01:00:45.440 1221 24568 D PlatformConfig: getConfigStoreBool: vpp/enable=false, returning false
11-11 01:00:45.443 1221 24568 D PlatformConfig: getInstance: Enter
01-01 09:02:40.207 0 0 I msm_vidc: high: 00000001: ....d: Opening video instance: 0000000000000000, 1
11-11 01:00:45.443 1221 24568 D PlatformConfig: getInt32 Config name: vidc_dec_log_in value: 0
11-11 01:00:45.443 1221 24568 D PlatformConfig: getInstance: Enter
11-11 01:00:45.443 1221 24568 D PlatformConfig: getInt32 Config name: vidc_dec_log_out value: 0
01-01 09:02:40.207 0 0 I msm_vidc: err : 00000001: ....d: Failed to create debugfs for msm_vidc
11-11 01:00:45.443 1221 24568 D PlatformConfig: getInstance: Enter
11-11 01:00:45.443 1221 24568 D PlatformConfig: getInt32 Config name: vidc_dec_sec_prefetch_size_internal value: 209715200
11-11 01:00:45.443 1221 24568 D PlatformConfig: getInstance: Enter
11-11 01:00:45.443 1221 24568 D PlatformConfig: getInt32 Config name: vidc_dec_sec_prefetch_size_output value: 13434880
11-11 01:00:45.443 1221 24568 D PlatformConfig: getInstance: Enter
11-11 01:00:45.443 1221 24568 D PlatformConfig: getInt32 Config name: vidc_perf_control_enable value: 0
11-11 01:00:45.443 1221 24568 D PlatformConfig: getInstance: Enter
11-11 01:00:45.443 1221 24568 D PlatformConfig: getInt32 Config name: vidc_dec_thumbnail_yuv_output value: 0
11-11 01:00:45.443 1221 24568 D PlatformConfig: getInstance: Enter
11-11 01:00:45.443 1221 24568 D PlatformConfig: getInt32: Returning default
11-11 01:00:45.443 1221 24568 D PlatformConfig: getInstance: Enter
11-11 01:00:45.443 1221 24568 D PlatformConfig: getInt32 Config name: vidc_dec_output_rate value: 120
11-11 01:00:45.443 1221 24568 I OMX-VDEC-1080P: component_init: OMX.qcom.video.decoder.avc : fd=7
11-11 01:00:45.444 1221 24568 E OMX-VDEC-1080P: Unsupported output color format for c2d (2141391876)
11-11 01:00:45.444 1221 24568 E OMX-VDEC-1080P: Setting color format failed
11-11 01:00:45.448 1221 24568 D PlatformConfig: getInstance: Enter
11-11 01:00:45.448 1221 24568 D PlatformConfig: getInt32: Returning default
11-11 01:00:45.448 1221 24568 D PlatformConfig: getInstance: Enter
11-11 01:00:45.448 1221 24568 D PlatformConfig: getInt32: Returning default
11-11 01:00:45.449 1221 24568 I OMX-VDEC-1080P: omx_vdec::component_init() success : fd=7
11-11 01:00:45.461 1221 24568 I OMX-VDEC-1080P: omx_vdec::component_deinit() complete
11-11 01:00:45.461 1972 1972 D ScreenMediaRecorder: Screen size supported at rate 60
11-11 01:00:45.462 1221 24568 I OMX-VDEC-1080P: Exit OMX vdec Destructor: fd=7
01-01 09:02:40.226 0 0 I msm_vidc: high: 00000001: h264d: Closed video instance: 0000000000000000
11-11 01:00:45.466 1205 1788 D MPEG4Writer: PreAllocation enabled
11-11 01:00:45.467 1205 4901 D MediaCodecList: codecHandlesFormat: no format, so no extra checks
11-11 01:00:45.467 1205 4901 D MediaCodecList: codecHandlesFormat: no format, so no extra checks
11-11 01:00:45.467 1205 4901 D MediaCodecList: codecHandlesFormat: no format, so no extra checks
11-11 01:00:45.467 1205 4901 D MediaCodecList: codecHandlesFormat: no format, so no extra checks
11-11 01:00:45.469 1205 4903 I OMXClient: IOmx service obtained
11-11 01:00:45.469 1221 24568 I OMXMaster: makeComponentInstance(OMX.qcom.video.encoder.avc) in android.hardwar process
11-11 01:00:45.478 1221 24568 I android.hardware.media.omx@1.0-service: vendor/qcom/proprietary/adsprpc/src/rpcmem_android.c:159: rpcmem_init_internal: opened ION device fd 7, configured heap IDs: system (0x2000000), contig (0x400000), secure (0x200), secure flags (0x80080000)
11-11 01:00:45.478 1221 24568 I android.hardware.media.omx@1.0-service: vendor/qcom/proprietary/adsprpc/src/fastrpc_apps_user.c:3087: fastrpc_apps_user_init done with default domain:3 and &fastrpc_trace:0xee476c1c
11-11 01:00:45.480 1221 24568 D PlatformConfig: getInstance: Enter
11-11 01:00:45.480 1221 24568 D PlatformConfig: getInt32 Config name: vidc_perf_control_enable value: 0
11-11 01:00:45.480 1221 24568 D PlatformConfig: getInstance: Enter
11-11 01:00:45.480 1221 24568 D PlatformConfig: getInt32: Returning default
11-11 01:00:45.480 1221 24568 D PlatformConfig: getInstance: Enter
11-11 01:00:45.480 1221 24568 D PlatformConfig: getInt32 Config name: vidc_enc_log_in value: 0
11-11 01:00:45.480 1221 24568 D PlatformConfig: getInstance: Enter
11-11 01:00:45.480 1221 24568 D PlatformConfig: getInt32 Config name: vidc_enc_log_out value: 0
11-11 01:00:45.480 1221 24568 D PlatformConfig: getInstance: Enter
11-11 01:00:45.480 1221 24568 D PlatformConfig: getInt32 Config name: vidc_enc_csc_custom_matrix value: 0
11-11 01:00:45.480 1221 24568 D PlatformConfig: getInstance: Enter
11-11 01:00:45.480 1221 24568 D PlatformConfig: getInt32 Config name: vidc_enc_auto_blur_disable value: 0
11-11 01:00:45.480 1221 24568 D PlatformConfig: getInstance: Enter
11-11 01:00:45.480 1221 24568 D PlatformConfig: getInt32: Returning default
11-11 01:00:45.480 1221 24568 D PlatformConfig: getInstance: Enter
11-11 01:00:45.480 1221 24568 D PlatformConfig: getInt32 Config name: vidc_enc_linear_color_format value: 0
11-11 01:00:45.480 1221 24568 D PlatformConfig: getInstance: Enter
11-11 01:00:45.480 1221 24568 D PlatformConfig: getInt32 Config name: vidc_enc_bitrate_savings_enable value: 3
11-11 01:00:45.480 1221 24568 D PlatformConfig: getInstance: Enter
11-11 01:00:45.480 1221 24568 D PlatformConfig: getInt32 Config name: vidc_enc_quality_boost_enable value: 1
11-11 01:00:45.481 1221 24568 I OMX-VENC: Component_init : OMX.qcom.video.encoder.avc : return = 0x0
11-11 01:00:45.482 1205 4902 I MediaCodec: MediaCodec will operate in async mode
01-01 09:02:40.244 0 0 I msm_vidc: high: 00000001: ....e: Opening video instance: 0000000000000000, 0
01-01 09:02:40.245 0 0 I msm_vidc: err : 00000001: ....e: Failed to create debugfs for msm_vidc
11-11 01:00:45.491 508 508 E SELinux : avc: denied { find } for pid=1205 uid=1013 name=package_native scontext=u:r:mediaserver:s0 tcontext=u:object_r:package_native_service:s0 tclass=service_manager permissive=0
11-11 01:00:45.492 508 508 E SELinux : avc: denied { find } for pid=1205 uid=1013 name=package_native scontext=u:r:mediaserver:s0 tcontext=u:object_r:package_native_service:s0 tclass=service_manager permissive=0
11-11 01:00:45.492 1205 4901 D CodecSeeding: Seed: codec OMX.qcom.video.encoder.avc, mediatype video/avc, overrideable 1
11-11 01:00:45.492 1205 4901 D CodecProperties: setTuningValue(vq-target-bpp,0)
11-11 01:00:45.492 1205 4901 D CodecProperties: setTuningValue(vq-target-bpp-1080p,1.90)
11-11 01:00:45.492 1205 4901 D CodecProperties: setTuningValue(vq-target-bpp-720p,2.25)
11-11 01:00:45.492 1205 4901 D CodecProperties: setTuningValue(vq-target-bpp-540p,2.65)
11-11 01:00:45.492 1205 4901 D CodecProperties: setTuningValue(vq-target-bpp-480p,3.00)
11-11 01:00:45.492 1205 4901 D CodecProperties: setTuningValue(vq-target-bpp-320x240,0)
11-11 01:00:45.492 1205 4901 D CodecProperties: setTuningValue(vq-target-qpmax,-1)
11-11 01:00:45.492 1205 4901 D CodecProperties: setTuningValue(vq-target-qpmax-1080p,45)
11-11 01:00:45.492 1205 4901 D CodecProperties: setTuningValue(vq-target-qpmax-720p,43)
11-11 01:00:45.492 1205 4901 D CodecProperties: setTuningValue(vq-target-qpmax-540p,42)
11-11 01:00:45.492 1205 4901 D CodecProperties: setTuningValue(vq-target-qpmax-480p,38)
11-11 01:00:45.492 1205 4901 D CodecProperties: setTuningValue(vq-bitrate-phaseout,1.75)
11-11 01:00:45.492 1205 4901 D CodecProperties: setTuningValue(vq-boost-missing-qp,0.20)
11-11 01:00:45.492 1205 4901 D CodecProperties: setFeatureValue(_vq_eligible.device,1)
11-11 01:00:45.492 1205 4901 D CodecProperties: setFeatureValue(_quality.target,1)
11-11 01:00:45.492 1205 4901 D CodecSeeding: Seed: codec OMX.qcom.video.encoder.avc, mediatype video/avc, overrideable 0
11-11 01:00:45.492 1205 4901 D VQApply : minquality: 2380x1020 outside of shaping range
11-11 01:00:45.492 1205 4901 D MediaCodec: shapeMediaFormat: deltas(1): AMessage(what = 0x00000000) = {
11-11 01:00:45.492 1205 4901 D MediaCodec: int32_t android._encoding-quality-level = 0
11-11 01:00:45.492 1205 4901 D MediaCodec: }
11-11 01:00:45.495 1221 24568 I OMX-VENC: venc_dev: Native recorder encode session 1
11-11 01:00:45.495 1221 1840 I OMX-VENC: WARN: Enable/Disable allocate-native-handle allowed only in secure session
11-11 01:00:45.495 1221 1840 E OMXNodeInstance: setParameter(0xee7c0014:qcom.encoder.avc, OMX.google.android.index.allocateNativeHandle(0x7f00005d): Input:0 en=0) ERROR: UnsupportedSetting(0x80001019)
11-11 01:00:45.495 1221 1308 I OMX-VENC: WARN: Enable/Disable allocate-native-handle allowed only in secure session
11-11 01:00:45.495 1221 1308 E OMXNodeInstance: setParameter(0xee7c0014:qcom.encoder.avc, OMX.google.android.index.allocateNativeHandle(0x7f00005d): Output:1 en=0) ERROR: UnsupportedSetting(0x80001019)
11-11 01:00:45.495 1221 1308 I OMX-VENC: WARN: set_parameter: metamode is valid for input port only
11-11 01:00:45.495 1221 1308 W OMXNodeInstance: [0xee7c0014:qcom.encoder.avc] component does not support metadata mode; using fallback
11-11 01:00:45.495 1205 4903 I ExtendedACodec: setupVideoEncoder()
11-11 01:00:45.496 1205 4903 W OMXUtils: do not know color format 0x7fa30c06 = 2141391878
11-11 01:00:45.496 1205 4903 W OMXUtils: do not know color format 0x7fa30c04 = 2141391876
11-11 01:00:45.496 1205 4903 W OMXUtils: do not know color format 0x7fa30c00 = 2141391872
11-11 01:00:45.497 1205 4903 W OMXUtils: do not know color format 0x7fa30c09 = 2141391881
11-11 01:00:45.497 1205 4903 W OMXUtils: do not know color format 0x7fa30c0a = 2141391882
11-11 01:00:45.497 1205 4903 W OMXUtils: do not know color format 0x7fa30c08 = 2141391880
11-11 01:00:45.497 1205 4903 W OMXUtils: do not know color format 0x7fa30c07 = 2141391879
11-11 01:00:45.498 1205 4903 W OMXUtils: do not know color format 0x7f000789 = 2130708361
11-11 01:00:45.498 1221 1842 I OMX-VENC: venc_dev: WARN: Unsupported eColorFormat 0x7f000789
11-11 01:00:45.499 1221 1842 I OMX-VENC: venc_dev: v4l2 profile : 1 flags : 131095
11-11 01:00:45.499 1221 10530 I OMX-VENC: venc_dev: v4l2 profile : 0 flags : 131095
11-11 01:00:45.499 1221 1842 I OMX-VENC: venc_dev: v4l2 profile : 2 flags : 131095
11-11 01:00:45.499 1221 10530 I OMX-VENC: venc_dev: v4l2 profile : 17 flags : 131095
11-11 01:00:45.499 1221 1842 I OMX-VENC: venc_dev: v4l2 profile : 4 flags : 131095
11-11 01:00:45.499 1205 4903 I ACodec : setupAVCEncoderParameters with [profile: High] [level: Level3]
11-11 01:00:45.500 1205 4903 I ACodec : [OMX.qcom.video.encoder.avc] cannot encode HDR static metadata. Ignoring.
11-11 01:00:45.500 1205 4903 I ACodec : setupVideoEncoder succeeded
11-11 01:00:45.500 1205 4903 I ExtendedACodec: [OMX.qcom.video.encoder.avc] configure, AMessage : AMessage(what = 'conf', target = 436) = {
11-11 01:00:45.500 1205 4903 I ExtendedACodec: string mime = "video/avc"
11-11 01:00:45.500 1205 4903 I ExtendedACodec: int32_t width = 2380
11-11 01:00:45.500 1205 4903 I ExtendedACodec: int32_t height = 1020
11-11 01:00:45.500 1205 4903 I ExtendedACodec: int32_t stride = 2380
11-11 01:00:45.500 1205 4903 I ExtendedACodec: int32_t slice-height = 1020
11-11 01:00:45.500 1205 4903 I ExtendedACodec: int32_t color-format = 2130708361
11-11 01:00:45.500 1205 4903 I ExtendedACodec: int32_t bitrate = 29131200
11-11 01:00:45.500 1205 4903 I ExtendedACodec: int32_t bitrate-mode = 1
11-11 01:00:45.500 1205 4903 I ExtendedACodec: int32_t frame-rate = 60
11-11 01:00:45.500 1205 4903 I ExtendedACodec: int32_t i-frame-interval = 1
11-11 01:00:45.500 1205 4903 I ExtendedACodec: int32_t vendor.qti-ext-enc-info-native_recording.value = 1
11-11 01:00:45.500 1205 4903 I ExtendedACodec: int32_t profile = 8
11-11 01:00:45.500 1205 4903 I ExtendedACodec: int32_t level = 256
11-11 01:00:45.500 1205 4903 I ExtendedACodec: int32_t priority = 0
11-11 01:00:45.500 1205 4903 I ExtendedACodec: int32_t feature-nal-length-bitstream = 1
11-11 01:00:45.500 1205 4903 I ExtendedACodec: int32_t nal-length-in-bytes = 4
11-11 01:00:45.500 1205 4903 I ExtendedACodec: int32_t vendor.qti-ext-enc-nal-length-bs.num-bytes = 4
11-11 01:00:45.500 1205 4903 I ExtendedACodec: int32_t isNativeRecorder = 1
11-11 01:00:45.500 1205 4903 I ExtendedACodec: int32_t create-input-buffers-suspended = 1
11-11 01:00:45.500 1205 4903 I ExtendedACodec: int32_t android._encoding-quality-level = 0
11-11 01:00:45.500 1205 4903 I ExtendedACodec: int32_t flags = 3
11-11 01:00:45.500 1205 4903 I ExtendedACodec: int32_t encoder = 1
11-11 01:00:45.500 1205 4903 I ExtendedACodec: }
11-11 01:00:45.505 1205 4903 W OMXUtils: do not know color format 0x7f000789 = 2130708361
11-11 01:00:45.505 1221 26226 E OMX-VENC: ERROR: unsupported index 1870659589
11-11 01:00:45.505 1221 26226 E OMXNodeInstance: getConfig(0xee7c0014:qcom.encoder.avc, ConfigLatency(0x6f800005)) ERROR: UnsupportedIndex(0x8000101a)
11-11 01:00:45.517 1221 1840 E OMXNodeInstance: getConfig(0xee7c0014:qcom.encoder.avc, ??(0x7f000062)) ERROR: UnsupportedSetting(0x80001019)
11-11 01:00:45.518 1221 10530 I OMX-VENC: venc_dev: venc_get_consumer_usage 0x10000000
11-11 01:00:45.519 1221 10530 D GraphicBufferSource: setting dataspace: 0x104, acquired=0
11-11 01:00:45.519 1221 10530 I OMX-VENC: venc_dev: venc_get_consumer_usage 0x10000000
11-11 01:00:45.519 1221 1850 D GraphicBufferSource: requesting color aspects (R:2(Limited), P:1(BT709_5), M:1(BT709_5), T:3(SMPTE170M))
11-11 01:00:45.519 1205 4901 D MediaCodec: keep callback message for reclaim
11-11 01:00:45.527 1205 4902 W ResourceManagerService: Ignoring request to add new resource entry with value <= 0
11-11 01:00:45.541 1520 13789 I DisplayDeviceRepository: Display device added: DisplayDeviceInfo{"Recording Display": uniqueId="virtual:com.android.systemui,10078,Recording Display,0", 2380 x 1020, modeId 4, defaultModeId 4, supportedModes [{id=4, width=2380, height=1020, fps=60.0, alternativeRefreshRates=[]}], colorMode 0, supportedColorModes [0], hdrCapabilities null, allmSupported false, gameContentTypeSupported false, density 240, 240.0 x 240.0 dpi, appVsyncOff 0, presDeadline 16666666, touch NONE, rotation 0, type VIRTUAL, deviceProductInfo null, state ON, owner com.android.systemui (uid 10078), frameRateOverride , brightnessMinimum 0.0, brightnessMaximum 0.0, brightnessDefault 0.0, FLAG_PRIVATE, FLAG_PRESENTATION}
11-11 01:00:45.542 1520 13789 I LogicalDisplayMapper: Applying layout: [{addr: {port=129, model=0x40446d3026322d}, dispId: 0(ON)}], Previous layout: [{addr: {port=129, model=0x40446d3026322d}, dispId: 0(ON)}]
11-11 01:00:45.542 1520 13789 I LogicalDisplayMapper: Adding new display: 2: DisplayInfo{"Recording Display", displayId 2", displayGroupId -1, FLAG_PRIVATE, FLAG_PRESENTATION, real 2380 x 1020, largest app 2380 x 1020, smallest app 2380 x 1020, appVsyncOff 0, presDeadline 16666666, mode 4, defaultMode 4, modes [{id=4, width=2380, height=1020, fps=60.0, alternativeRefreshRates=[]}], hdrCapabilities null, userDisabledHdrTypes [], minimalPostProcessingSupported false, rotation 0, state ON, type VIRTUAL, uniqueId "virtual:com.android.systemui,10078,Recording Display,0", app 2380 x 1020, density 240 (240.0 x 240.0) dpi, layerStack 2, colorMode 0, supportedColorModes [0], deviceProductInfo null, owner com.android.systemui (uid 10078), removeMode 1, refreshRateOverride 0.0, brightnessMinimum 0.0, brightnessMaximum 0.0, brightnessDefault 0.0}
11-11 01:00:45.542 1520 13789 I LogicalDisplayMapper: Setting new display group 0 for display 2, from previous group: null
11-11 01:00:45.543 1520 13789 W DisplayPowerController[2]: Screen brightness nits configuration is unavailable; falling back
11-11 01:00:45.545 1205 1788 D MPEG4Writer: fpathconf _PC_FILESIZEBITS:64
11-11 01:00:45.546 1205 1788 D MPEG4Writer: MP4WtrCtrlHlpLooper Started
11-11 01:00:45.546 1205 1788 I MPEG4Writer: limits: 5000000000/3600000000 bytes/us, bit rate: 29131200 bps and the estimated moov size 405120 bytes
11-11 01:00:45.546 1520 1610 I InputDispatcher: Created monitor PointerEventDispatcher2 for display 2, gesture=false, pid=1520
11-11 01:00:45.547 1205 4895 I MediaCodecSource: MediaCodecSource (video) starting
11-11 01:00:45.547 1205 4902 W MediaCodec: mapFormat: no mediaType information
11-11 01:00:45.547 1205 4895 I MediaCodecSource: MediaCodecSource (video) started
11-11 01:00:45.550 1520 19355 E ActivityManager: Sending non-protected broadcast com.android.systemui.screenrecord.UPDATE_STATE_OUTSIDE from system 1972:com.android.systemui/u0a78 pkg com.android.systemui
11-11 01:00:45.550 1520 19355 E ActivityManager: java.lang.Throwable
11-11 01:00:45.550 1520 19355 E ActivityManager: at com.android.server.am.ActivityManagerService.checkBroadcastFromSystem(ActivityManagerService.java:12877)
11-11 01:00:45.550 1520 19355 E ActivityManager: at com.android.server.am.ActivityManagerService.broadcastIntentLocked(ActivityManagerService.java:13477)
11-11 01:00:45.550 1520 19355 E ActivityManager: at com.android.server.am.ActivityManagerService.broadcastIntentLocked(ActivityManagerService.java:12894)
11-11 01:00:45.550 1520 19355 E ActivityManager: at com.android.server.am.ActivityManagerService.broadcastIntentWithFeature(ActivityManagerService.java:13729)
11-11 01:00:45.550 1520 19355 E ActivityManager: at android.app.IActivityManager$Stub.onTransact(IActivityManager.java:2326)
11-11 01:00:45.550 1520 19355 E ActivityManager: at com.android.server.am.ActivityManagerService.onTransact(ActivityManagerService.java:2528)
11-11 01:00:45.550 1520 19355 E ActivityManager: at android.os.Binder.execTransactInternal(Binder.java:1179)
11-11 01:00:45.550 1520 19355 E ActivityManager: at android.os.Binder.execTransact(Binder.java:1143)
11-11 01:00:45.551 1520 19355 E ActivityManager: Sending non-protected broadcast com.android.systemui.screenrecord.UPDATE_STATE_OUTSIDE from system 1972:com.android.systemui/u0a78 pkg com.android.systemui
11-11 01:00:45.551 1520 19355 E ActivityManager: java.lang.Throwable
11-11 01:00:45.551 1520 19355 E ActivityManager: at com.android.server.am.ActivityManagerService.checkBroadcastFromSystem(ActivityManagerService.java:12877)
11-11 01:00:45.551 1520 19355 E ActivityManager: at com.android.server.am.ActivityManagerService.broadcastIntentLocked(ActivityManagerService.java:13572)
11-11 01:00:45.551 1520 19355 E ActivityManager: at com.android.server.am.ActivityManagerService.broadcastIntentLocked(ActivityManagerService.java:12894)
11-11 01:00:45.551 1520 19355 E ActivityManager: at com.android.server.am.ActivityManagerService.broadcastIntentWithFeature(ActivityManagerService.java:13729)
11-11 01:00:45.551 1520 19355 E ActivityManager: at android.app.IActivityManager$Stub.onTransact(IActivityManager.java:2326)
11-11 01:00:45.551 1520 19355 E ActivityManager: at com.android.server.am.ActivityManagerService.onTransact(ActivityManagerService.java:2528)
11-11 01:00:45.551 1520 19355 E ActivityManager: at android.os.Binder.execTransactInternal(Binder.java:1179)
11-11 01:00:45.551 1520 19355 E ActivityManager: at android.os.Binder.execTransact(Binder.java:1143)
11-11 01:00:45.552 1520 1620 I DropBoxManagerService: add tag=system_server_wtf isTagEnabled=true flags=0x2
11-11 01:00:45.553 1520 1620 I DropBoxManagerService: add tag=system_server_wtf isTagEnabled=true flags=0x2
11-11 01:00:45.554 2075 2075 D GameMode_DndItemViewHolder: updateScreenRecordState:1
11-11 01:00:45.557 1520 1610 W DisplayManagerService: Display DisplayDeviceInfo{"Recording Display": uniqueId="virtual:com.android.systemui,10078,Recording Display,0", 2380 x 1020, modeId 4, defaultModeId 4, supportedModes [{id=4, width=2380, height=1020, fps=60.0, alternativeRefreshRates=[]}], colorMode 0, supportedColorModes [0], hdrCapabilities null, allmSupported false, gameContentTypeSupported false, density 240, 240.0 x 240.0 dpi, appVsyncOff 0, presDeadline 16666666, touch NONE, rotation 0, type VIRTUAL, deviceProductInfo null, state ON, owner com.android.systemui (uid 10078), frameRateOverride , brightnessMinimum 0.0, brightnessMaximum 0.0, brightnessDefault 0.0, FLAG_PRIVATE, FLAG_PRESENTATION} does not support input device matching.
11-11 01:00:45.558 1520 1610 W DisplayManagerService: Display DisplayDeviceInfo{"Recording Display": uniqueId="virtual:com.android.systemui,10078,Recording Display,0", 2380 x 1020, modeId 4, defaultModeId 4, supportedModes [{id=4, width=2380, height=1020, fps=60.0, alternativeRefreshRates=[]}], colorMode 0, supportedColorModes [0], hdrCapabilities null, allmSupported false, gameContentTypeSupported false, density 240, 240.0 x 240.0 dpi, appVsyncOff 0, presDeadline 16666666, touch NONE, rotation 0, type VIRTUAL, deviceProductInfo null, state ON, owner com.android.systemui (uid 10078), frameRateOverride , brightnessMinimum 0.0, brightnessMaximum 0.0, brightnessDefault 0.0, FLAG_PRIVATE, FLAG_PRESENTATION} does not support input device matching.
11-11 01:00:45.573 1520 1610 W ImageReader_JNI: Unable to acquire a buffer item, very likely client tried to acquire more than maxImages buffers
11-11 01:00:45.605 1520 1610 I WindowManager: Override config changes=20005df8 {0.0 ?mcc?mnc ?localeList ?layoutDir sw680dp w1586dp h680dp 240dpi lrg long land ?uimode ?night -touch -keyb/v/h -nav/h winConfig={ mBounds=Rect(0, 0 - 2380, 1020) mAppBounds=Rect(0, 0 - 2380, 1020) mMaxBounds=Rect(0, 0 - 2380, 1020) mWindowingMode=fullscreen mDisplayWindowingMode=fullscreen mActivityType=undefined mAlwaysOnTop=undefined mRotation=ROTATION_0} ?fontWeightAdjustment} for displayId=2
11-11 01:00:45.608 1520 1610 W DisplayManagerService: Display DisplayDeviceInfo{"Recording Display": uniqueId="virtual:com.android.systemui,10078,Recording Display,0", 2380 x 1020, modeId 4, defaultModeId 4, supportedModes [{id=4, width=2380, height=1020, fps=60.0, alternativeRefreshRates=[]}], colorMode 0, supportedColorModes [0], hdrCapabilities null, allmSupported false, gameContentTypeSupported false, density 240, 240.0 x 240.0 dpi, appVsyncOff 0, presDeadline 16666666, touch NONE, rotation 0, type VIRTUAL, deviceProductInfo null, state ON, owner com.android.systemui (uid 10078), frameRateOverride , brightnessMinimum 0.0, brightnessMaximum 0.0, brightnessDefault 0.0, FLAG_PRIVATE, FLAG_PRESENTATION} does not support input device matching.
11-11 01:00:45.614 1520 1610 I WindowManager: Screen frozen for +52ms due to new-config
11-11 01:00:45.621 991 991 W H2BGraphicBufferProducer: getConsumerUsage is not fully supported
11-11 01:00:45.624 1520 1637 V DisplayPowerController[2]: Brightness [0.0] reason changing to: 'manual', previous reason: '0'.
11-11 01:00:45.625 1520 1637 W PowerManagerService: Screen on took 60469 ms
11-11 01:00:45.627 843 1050 I libdisplayconfigqti: Register client name: Recording Display991 device client: 0xb400007c79685740
11-11 01:00:45.627 991 991 I CompositionEngine: Display::setConfiguration: mDisplayExtnIntf: 0xb400006e2e4a9b70
11-11 01:00:45.634 509 509 I hwservicemanager: getTransport: Cannot find entry android.hardware.graphics.allocator@4.0::IAllocator/default in either framework or device VINTF manifest.
11-11 01:00:45.634 1221 1850 W Gralloc4: allocator 3.x is not supported
11-11 01:00:45.635 1520 1613 W DisplayManagerService: Display DisplayDeviceInfo{"Recording Display": uniqueId="virtual:com.android.systemui,10078,Recording Display,0", 2380 x 1020, modeId 4, defaultModeId 4, supportedModes [{id=4, width=2380, height=1020, fps=60.0, alternativeRefreshRates=[]}], colorMode 0, supportedColorModes [0], hdrCapabilities null, allmSupported false, gameContentTypeSupported false, density 240, 240.0 x 240.0 dpi, appVsyncOff 0, presDeadline 16666666, touch NONE, rotation 0, type VIRTUAL, deviceProductInfo null, state ON, owner com.android.systemui (uid 10078), frameRateOverride , brightnessMinimum 0.0, brightnessMaximum 0.0, brightnessDefault 0.0, FLAG_PRIVATE, FLAG_PRESENTATION} does not support input device matching.
11-11 01:00:45.640 2075 2075 D GameMode_GameModeService: Received recording state : 1
11-11 01:00:45.641 1221 1840 D GraphicBufferSource: got buffer with new dataSpace #104
11-11 01:00:45.641 1221 4906 I OMX-VENC: get_config (dataspace changed): ColorSpace: Recommend 601 for RGBA8888
11-11 01:00:45.641 1221 4906 D OMXNodeInstance: Codec resolved it to (R:2(??), P:3(??), M:3(??), T:3(??)) err=0(NO_ERROR)
11-11 01:00:45.641 1221 4906 E OMXNodeInstance: setConfig(0xee7c0014:qcom.encoder.avc, ??(0x7f000062)) ERROR: UnsupportedSetting(0x80001019)
11-11 01:00:45.641 1205 4903 D ACodec : dataspace changed to 0x10c10000 (R:2(Limited), P:3(BT601_6_625), M:3(BT601_6), T:3(SMPTE170M)) (R:2(Limited), S:2(BT601_625), T:3(SMPTE_170M))
11-11 01:00:45.643 1221 4904 W C2DColorConvert: calcYSize: Format not supported , 6
11-11 01:00:45.658 1972 1972 W DisplayController: Skipping Display Configuration change on non-added display.
11-11 01:00:45.666 1520 19355 W AppOps : Noting op not finished: uid 10078 pkg com.android.systemui code 24 startTime of in progress event=1680718205259
11-11 01:00:45.666 1205 4913 I MPEG4Writer: setStartTimestampUs: 95323
11-11 01:00:45.666 1205 4913 I MPEG4Writer: Earliest track starting time: 95323
11-11 01:00:45.686 648 659 I mpu_uart: [MSG-P:R]:recv sync frame timeout
11-11 01:00:45.761 1520 1520 I GameModeConfig: isGameModeOn = true
11-11 01:00:45.761 1520 1520 I GameModeConfig: isGaming = false
11-11 01:00:45.765 1520 1520 W NotificationHistory: Attempted to add notif for locked/gone/disabled user 0
11-11 01:00:45.781 1972 1972 D InterruptionStateProvider: No bubble up: not allowed to bubble: 0|com.android.systemui|4274|null|10078
11-11 01:00:45.782 1972 1972 D InterruptionStateProvider: No heads up: unimportant notification: 0|com.android.systemui|4274|null|10078
11-11 01:00:45.783 1972 2310 D PeopleSpaceWidgetMgr: Sbn doesn't contain valid PeopleTileKey: null/0/com.android.systemui
11-11 01:00:45.915 2681 2681 W event_loop: type=1400 audit(0.0:919850975): avc: denied { read } for lport=13400 scontext=u:r:hht_ota_mgr:s0 tcontext=u:r:hht_ota_mgr:s0 tclass=udp_socket permissive=0
11-11 01:00:45.919 2681 2681 W event_loop: type=1400 audit(0.0:919850976): avc: denied { read } for lport=13400 scontext=u:r:hht_ota_mgr:s0 tcontext=u:r:hht_ota_mgr:s0 tclass=udp_socket permissive=0
11-11 01:00:45.919 2681 2681 W event_loop: type=1400 audit(0.0:919850977): avc: denied { read } for lport=13400 scontext=u:r:hht_ota_mgr:s0 tcontext=u:r:hht_ota_mgr:s0 tclass=udp_socket permissive=0
11-11 01:00:45.919 2681 2681 W event_loop: type=1400 audit(0.0:919850978): avc: denied { read } for lport=13400 scontext=u:r:hht_ota_mgr:s0 tcontext=u:r:hht_ota_mgr:s0 tclass=udp_socket permissive=0
11-11 01:00:45.919 2681 2681 W event_loop: type=1400 audit(0.0:919850979): avc: denied { read } for lport=13400 scontext=u:r:hht_ota_mgr:s0 tcontext=u:r:hht_ota_mgr:s0 tclass=udp_socket permissive=0
01-01 09:02:40.692 0 0 W audit : audit_lost=919834526 audit_rate_limit=5 audit_backlog_limit=64
01-01 09:02:40.692 0 0 E audit : rate limit exceeded
11-11 01:00:46.269 877 877 D vendor.qti.vibrator: Vibrator on for timeoutMs: 350
11-11 01:00:46.270 877 4922 D vendor.qti.vibrator: Starting on on another thread
11-11 01:00:46.301 648 661 I mpu_uart: [MSG-P:RECV]:No message received in 1000 ms
11-11 01:00:46.618 877 877 D vendor.qti.vibrator: QTI Vibrator off
11-11 01:00:46.620 877 4922 D vendor.qti.vibrator: Notifying on complete
11-11 01:00:46.697 1221 4905 I OMX-VENC: venc_dev: stats: avg. fps 30.77, bitrate 1359969
11-11 01:00:46.869 877 877 D vendor.qti.vibrator: Vibrator on for timeoutMs: 350
11-11 01:00:46.869 877 4923 D vendor.qti.vibrator: Starting on on another thread
11-11 01:00:46.923 2681 2681 W event_loop: type=1400 audit(0.0:920116356): avc: denied { read } for lport=13400 scontext=u:r:hht_ota_mgr:s0 tcontext=u:r:hht_ota_mgr:s0 tclass=udp_socket permissive=0
11-11 01:00:46.923 2681 2681 W event_loop: type=1400 audit(0.0:920116357): avc: denied { read } for lport=13400 scontext=u:r:hht_ota_mgr:s0 tcontext=u:r:hht_ota_mgr:s0 tclass=udp_socket permissive=0
11-11 01:00:46.923 2681 2681 W event_loop: type=1400 audit(0.0:920116358): avc: denied { read } for lport=13400 scontext=u:r:hht_ota_mgr:s0 tcontext=u:r:hht_ota_mgr:s0 tclass=udp_socket permissive=0
11-11 01:00:46.923 2681 2681 W event_loop: type=1400 audit(0.0:920116359): avc: denied { read } for lport=13400 scontext=u:r:hht_ota_mgr:s0 tcontext=u:r:hht_ota_mgr:s0 tclass=udp_socket permissive=0
11-11 01:00:46.923 2681 2681 W event_loop: type=1400 audit(0.0:920116360): avc: denied { read } for lport=13400 scontext=u:r:hht_ota_mgr:s0 tcontext=u:r:hht_ota_mgr:s0 tclass=udp_socket permissive=0
01-01 09:02:41.696 0 0 W audit : audit_lost=920099926 audit_rate_limit=5 audit_backlog_limit=64
01-01 09:02:41.696 0 0 E audit : rate limit exceeded
11-11 01:00:47.220 877 4923 D vendor.qti.vibrator: Notifying on complete
11-11 01:00:47.221 877 877 D vendor.qti.vibrator: QTI Vibrator off
11-11 01:00:47.301 648 661 I mpu_uart: [MSG-P:RECV]:No message received in 1000 ms
11-11 01:00:47.807 1520 19355 I MicroServiceManager: requestResult(setVolume) parameters is{"functionInfo":{"IDCM_VolumeValue_Media":"12"}}.
11-11 01:00:47.811 2138 4925 D MicroService: createClientSocket: clientSocket new
11-11 01:00:47.811 2138 4925 D MicroService: createClientSocket: IP = 192.168.4.4, PORT 9999localAddress = /192.168.4.16
11-11 01:00:47.811 2138 4925 D MicroService: Launching the I/O handler
11-11 01:00:47.811 2138 4925 D MicroService: createClientSocket: clientSocket = Socket[address=/192.168.4.4,port=9999,localPort=34341]
11-11 01:00:47.811 2138 4925 D MicroService: Send message to IDCM:SocketMessageBean{businessData='21930', srcService='FSEM_AudioService', destService='IDCM_CarAudioService', messageType='0', uuid='1668099647808775490', payloadData={"srcService":"FSEM_AudioService","dstService":"IDCM_CarAudioService","messageType":0,"uuid":1668099647808775490,"methodName":"setVolume","parameters":{"functionInfo":{"IDCM_VolumeValue_Media":"12"}}}}
11-11 01:00:47.811 2138 4925 D MicroService: Payload data length: 200
11-11 01:00:47.838 2138 2223 D MicroService: getEvent: clientSocket = Socket[address=/192.168.4.4,port=42746,localPort=9999]
11-11 01:00:47.838 2138 2223 D MicroService: run: called
11-11 01:00:47.838 2138 2223 D MicroService: getEvent: start waiting...
11-11 01:00:47.840 2138 4926 I MicroService: getStringByData(noZero): IDCM_CarAudioService
11-11 01:00:47.840 2138 4926 I MicroService: getStringByData(noZero): FSEM_AudioService
11-11 01:00:47.840 2138 4926 I MicroService: getStringByData: {"srcService":"IDCM_CarAudioService","dstService":"FSEM_AudioService","methodName":"setVolume","messageType":1,"uuid":1668099647808775490,"parameters":{"functionInfo":{"IDCM_VolumeValue_Media":"12"}}}
11-11 01:00:47.840 2138 4926 I MicroService: Receive message: SocketMessageBean{businessData='21930', srcService='IDCM_CarAudioService', destService='FSEM_AudioService', messageType='1', uuid='1668099647808775490', payloadData={"srcService":"IDCM_CarAudioService","dstService":"FSEM_AudioService","methodName":"setVolume","messageType":1,"uuid":1668099647808775490,"parameters":{"functionInfo":{"IDCM_VolumeValue_Media":"12"}}}}
11-11 01:00:47.840 2138 4926 I MicroService: dealMessage: 1
11-11 01:00:47.840 2138 4926 I MicroService: onResponse(setVolume): {"functionInfo":{"IDCM_VolumeValue_Media":"12"}}
11-11 01:00:47.843 1221 4905 I OMX-VENC: venc_dev: stats: avg. fps 1.75, bitrate 46951
11-11 01:00:47.857 1520 19355 I MicroServiceManager: requestResult(setVolume) parameters is{"functionInfo":{"IDCM_VolumeValue_Media":"13"}}.
11-11 01:00:47.857 1972 2488 I vol.Events: writeEvent level_changed STREAM_MUSIC 12
11-11 01:00:47.858 17381 18925 I id.qqdownloade: oneway function results for code 4 on binder at 0xbad832b0 will be dropped but finished with status UNKNOWN_TRANSACTION
11-11 01:00:47.859 17748 18001 I downloader:liv: oneway function results for code 4 on binder at 0xf3f74010 will be dropped but finished with status UNKNOWN_TRANSACTION
11-11 01:00:47.861 2138 4927 D MicroService: createClientSocket: clientSocket new
11-11 01:00:47.861 2138 4927 D MicroService: createClientSocket: IP = 192.168.4.4, PORT 9999localAddress = /192.168.4.16
11-11 01:00:47.861 2138 4927 D MicroService: Launching the I/O handler
11-11 01:00:47.861 2138 4927 D MicroService: createClientSocket: clientSocket = Socket[address=/192.168.4.4,port=9999,localPort=33835]
11-11 01:00:47.861 2138 4927 D MicroService: Send message to IDCM:SocketMessageBean{businessData='21930', srcService='FSEM_AudioService', destService='IDCM_CarAudioService', messageType='0', uuid='1668099647857301687', payloadData={"srcService":"FSEM_AudioService","dstService":"IDCM_CarAudioService","messageType":0,"uuid":1668099647857301687,"methodName":"setVolume","parameters":{"functionInfo":{"IDCM_VolumeValue_Media":"13"}}}}
11-11 01:00:47.861 2138 4927 D MicroService: Payload data length: 200
11-11 01:00:47.862 21220 21467 D BluetoothDatabase: getBondedDevicesOrdered: Invalid address for device LocalStorage
11-11 01:00:47.864 21220 21467 E HeadsetStateMachine: returning mCurrentState as Disconnected
11-11 01:00:47.864 21220 21233 D BluetoothDatabase: getBondedDevicesOrdered: Invalid address for device LocalStorage
11-11 01:00:47.865 21220 21233 D BluetoothPbapService: getConnectionState: F4:4E:FD:AD:96:65
11-11 01:00:47.866 21220 21467 E HeadsetStateMachine: returning mCurrentState as Disconnected
11-11 01:00:47.867 21220 21467 D HearingAidService: getActiveDevices
11-11 01:00:47.868 21220 21233 D BluetoothPbapService: getConnectionState: F4:4E:FD:AD:96:65
11-11 01:00:47.870 21220 21233 D HearingAidService: getActiveDevices
11-11 01:00:47.874 2138 2223 D MicroService: getEvent: clientSocket = Socket[address=/192.168.4.4,port=42748,localPort=9999]
11-11 01:00:47.874 2138 2223 D MicroService: run: called
11-11 01:00:47.874 2138 2223 D MicroService: getEvent: start waiting...
11-11 01:00:47.875 2138 4928 I MicroService: getStringByData(noZero): IDCM_CarAudioService
11-11 01:00:47.875 2138 4928 I MicroService: getStringByData(noZero): FSEM_AudioService
11-11 01:00:47.875 2138 4928 I MicroService: getStringByData: {"srcService":"IDCM_CarAudioService","dstService":"FSEM_AudioService","methodName":"setVolume","messageType":1,"uuid":1668099647857301687,"parameters":{"functionInfo":{"IDCM_VolumeValue_Media":"13"}}}
11-11 01:00:47.875 2138 4928 I MicroService: Receive message: SocketMessageBean{businessData='21930', srcService='IDCM_CarAudioService', destService='FSEM_AudioService', messageType='1', uuid='1668099647857301687', payloadData={"srcService":"IDCM_CarAudioService","dstService":"FSEM_AudioService","methodName":"setVolume","messageType":1,"uuid":1668099647857301687,"parameters":{"functionInfo":{"IDCM_VolumeValue_Media":"13"}}}}
11-11 01:00:47.875 2138 4928 I MicroService: dealMessage: 1
11-11 01:00:47.875 2138 4928 I MicroService: onResponse(setVolume): {"functionInfo":{"IDCM_VolumeValue_Media":"13"}}
11-11 01:00:47.887 1972 2488 I vol.Events: writeEvent level_changed STREAM_MUSIC 13
11-11 01:00:47.887 1520 19355 I MicroServiceManager: requestResult(setVolume) parameters is{"functionInfo":{"IDCM_VolumeValue_Media":"15"}}.
11-11 01:00:47.887 17381 18925 I id.qqdownloade: oneway function results for code 4 on binder at 0xbad832b0 will be dropped but finished with status UNKNOWN_TRANSACTION
