--------- beginning of main
11-11 01:00:13.787 2681 2681 W event_loop: type=1400 audit(0.0:911204224): avc: denied { read } for lport=13400 scontext=u:r:hht_ota_mgr:s0 tcontext=u:r:hht_ota_mgr:s0 tclass=udp_socket permissive=0
11-11 01:00:13.791 2681 2681 W event_loop: type=1400 audit(0.0:911204225): avc: denied { read } for lport=13400 scontext=u:r:hht_ota_mgr:s0 tcontext=u:r:hht_ota_mgr:s0 tclass=udp_socket permissive=0
11-11 01:00:13.791 2681 2681 W event_loop: type=1400 audit(0.0:911204226): avc: denied { read } for lport=13400 scontext=u:r:hht_ota_mgr:s0 tcontext=u:r:hht_ota_mgr:s0 tclass=udp_socket permissive=0
11-11 01:00:13.791 2681 2681 W event_loop: type=1400 audit(0.0:911204227): avc: denied { read } for lport=13400 scontext=u:r:hht_ota_mgr:s0 tcontext=u:r:hht_ota_mgr:s0 tclass=udp_socket permissive=0
11-11 01:00:13.791 2681 2681 W event_loop: type=1400 audit(0.0:911204228): avc: denied { read } for lport=13400 scontext=u:r:hht_ota_mgr:s0 tcontext=u:r:hht_ota_mgr:s0 tclass=udp_socket permissive=0 --------- beginning of kernel
01-01 09:02:08.564 0 0 W audit : audit_lost=911187991 audit_rate_limit=5 audit_backlog_limit=64
01-01 09:02:08.564 0 0 E audit : rate limit exceeded
11-11 01:00:14.293 648 661 I mpu_uart: [MSG-P:RECV]:No message received in 1000 ms
11-11 01:00:14.795 2681 2681 W event_loop: type=1400 audit(0.0:911477526): avc: denied { read } for lport=13400 scontext=u:r:hht_ota_mgr:s0 tcontext=u:r:hht_ota_mgr:s0 tclass=udp_socket permissive=0
11-11 01:00:14.795 2681 2681 W event_loop: type=1400 audit(0.0:911477527): avc: denied { read } for lport=13400 scontext=u:r:hht_ota_mgr:s0 tcontext=u:r:hht_ota_mgr:s0 tclass=udp_socket permissive=0
11-11 01:00:14.795 2681 2681 W event_loop: type=1400 audit(0.0:911477528): avc: denied { read } for lport=13400 scontext=u:r:hht_ota_mgr:s0 tcontext=u:r:hht_ota_mgr:s0 tclass=udp_socket permissive=0
11-11 01:00:14.795 2681 2681 W event_loop: type=1400 audit(0.0:911477529): avc: denied { read } for lport=13400 scontext=u:r:hht_ota_mgr:s0 tcontext=u:r:hht_ota_mgr:s0 tclass=udp_socket permissive=0
11-11 01:00:14.795 2681 2681 W event_loop: type=1400 audit(0.0:911477530): avc: denied { read } for lport=13400 scontext=u:r:hht_ota_mgr:s0 tcontext=u:r:hht_ota_mgr:s0 tclass=udp_socket permissive=0
01-01 09:02:09.568 0 0 W audit : audit_lost=911461321 audit_rate_limit=5 audit_backlog_limit=64
01-01 09:02:09.568 0 0 E audit : rate limit exceeded
11-11 01:00:15.105 1291 1317 E tlogd : [TzLogger](isPathReadable) file /sys/kernel/debug/tzdbg/qsee_log isn't exist or no permission, err: No such file or directory
11-11 01:00:15.105 1291 1317 E tlogd : [TzLogger](saveTzlogAsync) /sys/kernel/debug/tzdbg/qsee_log can not read.
11-11 01:00:15.105 1291 1317 E tlogd : [TzLogger](isPathReadable) file /sys/kernel/debug/tzdbg/log isn't exist or no permission, err: No such file or directory
11-11 01:00:15.105 1291 1317 E tlogd : [TzLogger](saveTzlogAsync) /sys/kernel/debug/tzdbg/log can not read.
11-11 01:00:15.293 648 661 I mpu_uart: [MSG-P:RECV]:No message received in 1000 ms
11-11 01:00:15.656 648 659 I mpu_uart: [MSG-P:R]:recv sync frame timeout
11-11 01:00:15.795 2681 2681 W event_loop: type=1400 audit(0.0:911751946): avc: denied { read } for lport=13400 scontext=u:r:hht_ota_mgr:s0 tcontext=u:r:hht_ota_mgr:s0 tclass=udp_socket permissive=0
11-11 01:00:15.799 2681 2681 W event_loop: type=1400 audit(0.0:911751947): avc: denied { read } for lport=13400 scontext=u:r:hht_ota_mgr:s0 tcontext=u:r:hht_ota_mgr:s0 tclass=udp_socket permissive=0
11-11 01:00:15.799 2681 2681 W event_loop: type=1400 audit(0.0:911751948): avc: denied { read } for lport=13400 scontext=u:r:hht_ota_mgr:s0 tcontext=u:r:hht_ota_mgr:s0 tclass=udp_socket permissive=0
11-11 01:00:15.799 2681 2681 W event_loop: type=1400 audit(0.0:911751949): avc: denied { read } for lport=13400 scontext=u:r:hht_ota_mgr:s0 tcontext=u:r:hht_ota_mgr:s0 tclass=udp_socket permissive=0
11-11 01:00:15.799 2681 2681 W event_loop: type=1400 audit(0.0:911751950): avc: denied { read } for lport=13400 scontext=u:r:hht_ota_mgr:s0 tcontext=u:r:hht_ota_mgr:s0 tclass=udp_socket permissive=0
01-01 09:02:10.572 0 0 W audit : audit_lost=911735758 audit_rate_limit=5 audit_backlog_limit=64
01-01 09:02:10.572 0 0 E audit : rate limit exceeded
11-11 01:00:16.293 648 661 I mpu_uart: [MSG-P:RECV]:No message received in 1000 ms
11-11 01:00:16.803 2681 2681 W event_loop: type=1400 audit(0.0:912026308): avc: denied { read } for lport=13400 scontext=u:r:hht_ota_mgr:s0 tcontext=u:r:hht_ota_mgr:s0 tclass=udp_socket permissive=0
11-11 01:00:16.803 2681 2681 W event_loop: type=1400 audit(0.0:912026309): avc: denied { read } for lport=13400 scontext=u:r:hht_ota_mgr:s0 tcontext=u:r:hht_ota_mgr:s0 tclass=udp_socket permissive=0
11-11 01:00:16.803 2681 2681 W event_loop: type=1400 audit(0.0:912026310): avc: denied { read } for lport=13400 scontext=u:r:hht_ota_mgr:s0 tcontext=u:r:hht_ota_mgr:s0 tclass=udp_socket permissive=0
11-11 01:00:16.803 2681 2681 W event_loop: type=1400 audit(0.0:912026311): avc: denied { read } for lport=13400 scontext=u:r:hht_ota_mgr:s0 tcontext=u:r:hht_ota_mgr:s0 tclass=udp_socket permissive=0
11-11 01:00:16.803 2681 2681 W event_loop: type=1400 audit(0.0:912026312): avc: denied { read } for lport=13400 scontext=u:r:hht_ota_mgr:s0 tcontext=u:r:hht_ota_mgr:s0 tclass=udp_socket permissive=0
01-01 09:02:11.576 0 0 W audit : audit_lost=912010114 audit_rate_limit=5 audit_backlog_limit=64
01-01 09:02:11.576 0 0 E audit : rate limit exceeded
11-11 01:00:17.294 648 661 I mpu_uart: [MSG-P:RECV]:No message received in 1000 ms
11-11 01:00:17.803 2681 2681 W event_loop: type=1400 audit(0.0:912300264): avc: denied { read } for lport=13400 scontext=u:r:hht_ota_mgr:s0 tcontext=u:r:hht_ota_mgr:s0 tclass=udp_socket permissive=0
11-11 01:00:17.807 2681 2681 W event_loop: type=1400 audit(0.0:912300265): avc: denied { read } for lport=13400 scontext=u:r:hht_ota_mgr:s0 tcontext=u:r:hht_ota_mgr:s0 tclass=udp_socket permissive=0
11-11 01:00:17.807 2681 2681 W event_loop: type=1400 audit(0.0:912300266): avc: denied { read } for lport=13400 scontext=u:r:hht_ota_mgr:s0 tcontext=u:r:hht_ota_mgr:s0 tclass=udp_socket permissive=0
11-11 01:00:17.807 2681 2681 W event_loop: type=1400 audit(0.0:912300267): avc: denied { read } for lport=13400 scontext=u:r:hht_ota_mgr:s0 tcontext=u:r:hht_ota_mgr:s0 tclass=udp_socket permissive=0
11-11 01:00:17.807 2681 2681 W event_loop: type=1400 audit(0.0:912300268): avc: denied { read } for lport=13400 scontext=u:r:hht_ota_mgr:s0 tcontext=u:r:hht_ota_mgr:s0 tclass=udp_socket permissive=0
01-01 09:02:12.580 0 0 W audit : audit_lost=912284053 audit_rate_limit=5 audit_backlog_limit=64
01-01 09:02:12.580 0 0 E audit : rate limit exceeded
11-11 01:00:18.294 648 661 I mpu_uart: [MSG-P:RECV]:No message received in 1000 ms
11-11 01:00:18.659 648 659 I mpu_uart: [MSG-P:R]:recv sync frame timeout
11-11 01:00:18.807 2681 2681 W event_loop: type=1400 audit(0.0:912573397): avc: denied { read } for lport=13400 scontext=u:r:hht_ota_mgr:s0 tcontext=u:r:hht_ota_mgr:s0 tclass=udp_socket permissive=0
11-11 01:00:18.811 2681 2681 W event_loop: type=1400 audit(0.0:912573398): avc: denied { read } for lport=13400 scontext=u:r:hht_ota_mgr:s0 tcontext=u:r:hht_ota_mgr:s0 tclass=udp_socket permissive=0
11-11 01:00:18.811 2681 2681 W event_loop: type=1400 audit(0.0:912573399): avc: denied { read } for lport=13400 scontext=u:r:hht_ota_mgr:s0 tcontext=u:r:hht_ota_mgr:s0 tclass=udp_socket permissive=0
11-11 01:00:18.811 2681 2681 W event_loop: type=1400 audit(0.0:912573400): avc: denied { read } for lport=13400 scontext=u:r:hht_ota_mgr:s0 tcontext=u:r:hht_ota_mgr:s0 tclass=udp_socket permissive=0
11-11 01:00:18.811 2681 2681 W event_loop: type=1400 audit(0.0:912573401): avc: denied { read } for lport=13400 scontext=u:r:hht_ota_mgr:s0 tcontext=u:r:hht_ota_mgr:s0 tclass=udp_socket permissive=0
01-01 09:02:13.584 0 0 W audit : audit_lost=912557180 audit_rate_limit=5 audit_backlog_limit=64
01-01 09:02:13.584 0 0 E audit : rate limit exceeded
11-11 01:00:19.294 648 661 I mpu_uart: [MSG-P:RECV]:No message received in 1000 ms
11-11 01:00:19.523 2031 7487 D DhcpClient: Broadcasting DHCPDISCOVER
11-11 01:00:19.815 2681 2681 W event_loop: type=1400 audit(0.0:912846913): avc: denied { read } for lport=13400 scontext=u:r:hht_ota_mgr:s0 tcontext=u:r:hht_ota_mgr:s0 tclass=udp_socket permissive=0
11-11 01:00:19.815 2681 2681 W event_loop: type=1400 audit(0.0:912846914): avc: denied { read } for lport=13400 scontext=u:r:hht_ota_mgr:s0 tcontext=u:r:hht_ota_mgr:s0 tclass=udp_socket permissive=0
11-11 01:00:19.815 2681 2681 W event_loop: type=1400 audit(0.0:912846915): avc: denied { read } for lport=13400 scontext=u:r:hht_ota_mgr:s0 tcontext=u:r:hht_ota_mgr:s0 tclass=udp_socket permissive=0
11-11 01:00:19.815 2681 2681 W event_loop: type=1400 audit(0.0:912846916): avc: denied { read } for lport=13400 scontext=u:r:hht_ota_mgr:s0 tcontext=u:r:hht_ota_mgr:s0 tclass=udp_socket permissive=0
11-11 01:00:19.815 2681 2681 W event_loop: type=1400 audit(0.0:912846917): avc: denied { read } for lport=13400 scontext=u:r:hht_ota_mgr:s0 tcontext=u:r:hht_ota_mgr:s0 tclass=udp_socket permissive=0
01-01 09:02:14.588 0 0 W audit : audit_lost=912830695 audit_rate_limit=5 audit_backlog_limit=64
01-01 09:02:14.588 0 0 E audit : rate limit exceeded
11-11 01:00:20.105 1291 1317 E tlogd : [TzLogger](isPathReadable) file /sys/kernel/debug/tzdbg/qsee_log isn't exist or no permission, err: No such file or directory
11-11 01:00:20.105 1291 1317 E tlogd : [TzLogger](saveTzlogAsync) /sys/kernel/debug/tzdbg/qsee_log can not read.
11-11 01:00:20.105 1291 1317 E tlogd : [TzLogger](isPathReadable) file /sys/kernel/debug/tzdbg/log isn't exist or no permission, err: No such file or directory
11-11 01:00:20.105 1291 1317 E tlogd : [TzLogger](saveTzlogAsync) /sys/kernel/debug/tzdbg/log can not read.
11-11 01:00:20.294 648 661 I mpu_uart: [MSG-P:RECV]:No message received in 1000 ms
01-01 09:02:15.430 0 0 I [dp_rx_][0x10b2dcc24b][01:00:20.667034] wlan: [3740:I:QDF] DHCP-D RX: SA:ba:89:34:ce:15:94 DA:ff:ff:ff:ff:ff:ff
11-11 01:00:20.819 2681 2681 W event_loop: type=1400 audit(0.0:913120390): avc: denied { read } for lport=13400 scontext=u:r:hht_ota_mgr:s0 tcontext=u:r:hht_ota_mgr:s0 tclass=udp_socket permissive=0
11-11 01:00:20.819 2681 2681 W event_loop: type=1400 audit(0.0:913120391): avc: denied { read } for lport=13400 scontext=u:r:hht_ota_mgr:s0 tcontext=u:r:hht_ota_mgr:s0 tclass=udp_socket permissive=0
11-11 01:00:20.819 2681 2681 W event_loop: type=1400 audit(0.0:913120392): avc: denied { read } for lport=13400 scontext=u:r:hht_ota_mgr:s0 tcontext=u:r:hht_ota_mgr:s0 tclass=udp_socket permissive=0
11-11 01:00:20.819 2681 2681 W event_loop: type=1400 audit(0.0:913120393): avc: denied { read } for lport=13400 scontext=u:r:hht_ota_mgr:s0 tcontext=u:r:hht_ota_mgr:s0 tclass=udp_socket permissive=0
11-11 01:00:20.819 2681 2681 W event_loop: type=1400 audit(0.0:913120394): avc: denied { read } for lport=13400 scontext=u:r:hht_ota_mgr:s0 tcontext=u:r:hht_ota_mgr:s0 tclass=udp_socket permissive=0
01-01 09:02:15.592 0 0 W audit : audit_lost=913104159 audit_rate_limit=5 audit_backlog_limit=64
01-01 09:02:15.592 0 0 E audit : rate limit exceeded
01-01 09:02:15.635 0 0 I [dp_rx_][0x10b318d3df][01:00:20.872069] wlan: [3740:I:QDF] DHCP-R RX: SA:ba:89:34:ce:15:94 DA:ff:ff:ff:ff:ff:ff
11-11 01:00:21.287 31956 32052 D MemoryCeilingMonitor: [handleMemoryCalculate]
11-11 01:00:21.287 31956 32052 D MemoryCeilingMonitor: [calculate] tot: 5428106, max: 268435456, free: 582466, heap: 4845640, per: 0.01805141568183899
11-11 01:00:21.295 648 661 I mpu_uart: [MSG-P:RECV]:No message received in 1000 ms
11-11 01:00:21.663 648 659 I mpu_uart: [MSG-P:R]:recv sync frame timeout
11-11 01:00:21.823 2681 2681 W event_loop: type=1400 audit(0.0:913394494): avc: denied { read } for lport=13400 scontext=u:r:hht_ota_mgr:s0 tcontext=u:r:hht_ota_mgr:s0 tclass=udp_socket permissive=0
11-11 01:00:21.823 2681 2681 W event_loop: type=1400 audit(0.0:913394495): avc: denied { read } for lport=13400 scontext=u:r:hht_ota_mgr:s0 tcontext=u:r:hht_ota_mgr:s0 tclass=udp_socket permissive=0
11-11 01:00:21.823 2681 2681 W event_loop: type=1400 audit(0.0:913394496): avc: denied { read } for lport=13400 scontext=u:r:hht_ota_mgr:s0 tcontext=u:r:hht_ota_mgr:s0 tclass=udp_socket permissive=0
11-11 01:00:21.823 2681 2681 W event_loop: type=1400 audit(0.0:913394497): avc: denied { read } for lport=13400 scontext=u:r:hht_ota_mgr:s0 tcontext=u:r:hht_ota_mgr:s0 tclass=udp_socket permissive=0
11-11 01:00:21.823 2681 2681 W event_loop: type=1400 audit(0.0:913394498): avc: denied { read } for lport=13400 scontext=u:r:hht_ota_mgr:s0 tcontext=u:r:hht_ota_mgr:s0 tclass=udp_socket permissive=0
01-01 09:02:16.596 0 0 W audit : audit_lost=913378255 audit_rate_limit=5 audit_backlog_limit=64
01-01 09:02:16.596 0 0 E audit : rate limit exceeded
11-11 01:00:22.229 1520 19355 W BestClock: java.time.DateTimeException: Missing NTP fix
11-11 01:00:22.246 1520 19355 W BestClock: java.time.DateTimeException: Missing NTP fix
11-11 01:00:22.248 1520 1731 W BestClock: java.time.DateTimeException: Missing NTP fix
11-11 01:00:22.249 1520 1731 W BestClock: java.time.DateTimeException: Missing NTP fix
11-11 01:00:22.295 648 661 I mpu_uart: [MSG-P:RECV]:No message received in 1000 ms
11-11 01:00:22.827 2681 2681 W event_loop: type=1400 audit(0.0:913667570): avc: denied { read } for lport=13400 scontext=u:r:hht_ota_mgr:s0 tcontext=u:r:hht_ota_mgr:s0 tclass=udp_socket permissive=0
11-11 01:00:22.827 2681 2681 W event_loop: type=1400 audit(0.0:913667571): avc: denied { read } for lport=13400 scontext=u:r:hht_ota_mgr:s0 tcontext=u:r:hht_ota_mgr:s0 tclass=udp_socket permissive=0
11-11 01:00:22.827 2681 2681 W event_loop: type=1400 audit(0.0:913667572): avc: denied { read } for lport=13400 scontext=u:r:hht_ota_mgr:s0 tcontext=u:r:hht_ota_mgr:s0 tclass=udp_socket permissive=0
11-11 01:00:22.827 2681 2681 W event_loop: type=1400 audit(0.0:913667573): avc: denied { read } for lport=13400 scontext=u:r:hht_ota_mgr:s0 tcontext=u:r:hht_ota_mgr:s0 tclass=udp_socket permissive=0
11-11 01:00:22.827 2681 2681 W event_loop: type=1400 audit(0.0:913667574): avc: denied { read } for lport=13400 scontext=u:r:hht_ota_mgr:s0 tcontext=u:r:hht_ota_mgr:s0 tclass=udp_socket permissive=0
01-01 09:02:17.600 0 0 W audit : audit_lost=913651339 audit_rate_limit=5 audit_backlog_limit=64
01-01 09:02:17.600 0 0 E audit : rate limit exceeded
11-11 01:00:23.295 648 661 I mpu_uart: [MSG-P:RECV]:No message received in 1000 ms
11-11 01:00:23.827 2681 2681 W event_loop: type=1400 audit(0.0:913942247): avc: denied { read } for lport=13400 scontext=u:r:hht_ota_mgr:s0 tcontext=u:r:hht_ota_mgr:s0 tclass=udp_socket permissive=0
11-11 01:00:23.831 2681 2681 W event_loop: type=1400 audit(0.0:913942248): avc: denied { read } for lport=13400 scontext=u:r:hht_ota_mgr:s0 tcontext=u:r:hht_ota_mgr:s0 tclass=udp_socket permissive=0
11-11 01:00:23.831 2681 2681 W event_loop: type=1400 audit(0.0:913942249): avc: denied { read } for lport=13400 scontext=u:r:hht_ota_mgr:s0 tcontext=u:r:hht_ota_mgr:s0 tclass=udp_socket permissive=0
11-11 01:00:23.831 2681 2681 W event_loop: type=1400 audit(0.0:913942250): avc: denied { read } for lport=13400 scontext=u:r:hht_ota_mgr:s0 tcontext=u:r:hht_ota_mgr:s0 tclass=udp_socket permissive=0
11-11 01:00:23.831 2681 2681 W event_loop: type=1400 audit(0.0:913942251): avc: denied { read } for lport=13400 scontext=u:r:hht_ota_mgr:s0 tcontext=u:r:hht_ota_mgr:s0 tclass=udp_socket permissive=0
01-01 09:02:18.604 0 0 W audit : audit_lost=913926007 audit_rate_limit=5 audit_backlog_limit=64
01-01 09:02:18.604 0 0 E audit : rate limit exceeded
11-11 01:00:24.295 648 661 I mpu_uart: [MSG-P:RECV]:No message received in 1000 ms
11-11 01:00:24.666 648 659 I mpu_uart: [MSG-P:R]:recv sync frame timeout
11-11 01:00:24.831 2681 2681 W event_loop: type=1400 audit(0.0:914216348): avc: denied { read } for lport=13400 scontext=u:r:hht_ota_mgr:s0 tcontext=u:r:hht_ota_mgr:s0 tclass=udp_socket permissive=0
11-11 01:00:24.835 2681 2681 W event_loop: type=1400 audit(0.0:914216349): avc: denied { read } for lport=13400 scontext=u:r:hht_ota_mgr:s0 tcontext=u:r:hht_ota_mgr:s0 tclass=udp_socket permissive=0
11-11 01:00:24.835 2681 2681 W event_loop: type=1400 audit(0.0:914216350): avc: denied { read } for lport=13400 scontext=u:r:hht_ota_mgr:s0 tcontext=u:r:hht_ota_mgr:s0 tclass=udp_socket permissive=0
11-11 01:00:24.835 2681 2681 W event_loop: type=1400 audit(0.0:914216351): avc: denied { read } for lport=13400 scontext=u:r:hht_ota_mgr:s0 tcontext=u:r:hht_ota_mgr:s0 tclass=udp_socket permissive=0
11-11 01:00:24.835 2681 2681 W event_loop: type=1400 audit(0.0:914216352): avc: denied { read } for lport=13400 scontext=u:r:hht_ota_mgr:s0 tcontext=u:r:hht_ota_mgr:s0 tclass=udp_socket permissive=0
01-01 09:02:19.608 0 0 W audit : audit_lost=914200115 audit_rate_limit=5 audit_backlog_limit=64
01-01 09:02:19.608 0 0 E audit : rate limit exceeded
11-11 01:00:25.106 1291 1317 E tlogd : [TzLogger](isPathReadable) file /sys/kernel/debug/tzdbg/qsee_log isn't exist or no permission, err: No such file or directory
11-11 01:00:25.106 1291 1317 E tlogd : [TzLogger](saveTzlogAsync) /sys/kernel/debug/tzdbg/qsee_log can not read.
11-11 01:00:25.106 1291 1317 E tlogd : [TzLogger](isPathReadable) file /sys/kernel/debug/tzdbg/log isn't exist or no permission, err: No such file or directory
11-11 01:00:25.106 1291 1317 E tlogd : [TzLogger](saveTzlogAsync) /sys/kernel/debug/tzdbg/log can not read.
11-11 01:00:25.296 648 661 I mpu_uart: [MSG-P:RECV]:No message received in 1000 ms
11-11 01:00:25.835 2681 2681 W event_loop: type=1400 audit(0.0:914491077): avc: denied { read } for lport=13400 scontext=u:r:hht_ota_mgr:s0 tcontext=u:r:hht_ota_mgr:s0 tclass=udp_socket permissive=0
11-11 01:00:25.839 2681 2681 W event_loop: type=1400 audit(0.0:914491078): avc: denied { read } for lport=13400 scontext=u:r:hht_ota_mgr:s0 tcontext=u:r:hht_ota_mgr:s0 tclass=udp_socket permissive=0
11-11 01:00:25.839 2681 2681 W event_loop: type=1400 audit(0.0:914491079): avc: denied { read } for lport=13400 scontext=u:r:hht_ota_mgr:s0 tcontext=u:r:hht_ota_mgr:s0 tclass=udp_socket permissive=0
11-11 01:00:25.839 2681 2681 W event_loop: type=1400 audit(0.0:914491080): avc: denied { read } for lport=13400 scontext=u:r:hht_ota_mgr:s0 tcontext=u:r:hht_ota_mgr:s0 tclass=udp_socket permissive=0
11-11 01:00:25.839 2681 2681 W event_loop: type=1400 audit(0.0:914491081): avc: denied { read } for lport=13400 scontext=u:r:hht_ota_mgr:s0 tcontext=u:r:hht_ota_mgr:s0 tclass=udp_socket permissive=0
01-01 09:02:20.612 0 0 W audit : audit_lost=914474829 audit_rate_limit=5 audit_backlog_limit=64
01-01 09:02:20.612 0 0 E audit : rate limit exceeded --------- beginning of system
11-11 01:00:26.287 1520 1520 I GameModeConfig: isGameModeOn = true
11-11 01:00:26.287 1520 1520 I GameModeConfig: isGaming = false
11-11 01:00:26.296 648 661 I mpu_uart: [MSG-P:RECV]:No message received in 1000 ms
11-11 01:00:26.299 1972 1972 D InterruptionStateProvider: No bubble up: not allowed to bubble: 0|com.tencent.android.qqdownloader|127|null|10093
11-11 01:00:26.299 1972 1972 D InterruptionStateProvider: No heads up: unimportant notification: 0|com.tencent.android.qqdownloader|127|null|10093
11-11 01:00:26.308 1972 2310 D PeopleSpaceWidgetMgr: Sbn doesn't contain valid PeopleTileKey: null/0/com.tencent.android.qqdownloader
11-11 01:00:26.843 2681 2681 W event_loop: type=1400 audit(0.0:914764782): avc: denied { read } for lport=13400 scontext=u:r:hht_ota_mgr:s0 tcontext=u:r:hht_ota_mgr:s0 tclass=udp_socket permissive=0
11-11 01:00:26.843 2681 2681 W event_loop: type=1400 audit(0.0:914764783): avc: denied { read } for lport=13400 scontext=u:r:hht_ota_mgr:s0 tcontext=u:r:hht_ota_mgr:s0 tclass=udp_socket permissive=0
11-11 01:00:26.843 2681 2681 W event_loop: type=1400 audit(0.0:914764784): avc: denied { read } for lport=13400 scontext=u:r:hht_ota_mgr:s0 tcontext=u:r:hht_ota_mgr:s0 tclass=udp_socket permissive=0
11-11 01:00:26.843 2681 2681 W event_loop: type=1400 audit(0.0:914764785): avc: denied { read } for lport=13400 scontext=u:r:hht_ota_mgr:s0 tcontext=u:r:hht_ota_mgr:s0 tclass=udp_socket permissive=0
11-11 01:00:26.843 2681 2681 W event_loop: type=1400 audit(0.0:914764786): avc: denied { read } for lport=13400 scontext=u:r:hht_ota_mgr:s0 tcontext=u:r:hht_ota_mgr:s0 tclass=udp_socket permissive=0
01-01 09:02:21.616 0 0 W audit : audit_lost=914748522 audit_rate_limit=5 audit_backlog_limit=64
01-01 09:02:21.616 0 0 E audit : rate limit exceeded
11-11 01:00:27.296 648 661 I mpu_uart: [MSG-P:RECV]:No message received in 1000 ms
11-11 01:00:27.669 648 659 I mpu_uart: [MSG-P:R]:recv sync frame timeout
11-11 01:00:27.847 2681 2681 W event_loop: type=1400 audit(0.0:915038440): avc: denied { read } for lport=13400 scontext=u:r:hht_ota_mgr:s0 tcontext=u:r:hht_ota_mgr:s0 tclass=udp_socket permissive=0
11-11 01:00:27.847 2681 2681 W event_loop: type=1400 audit(0.0:915038441): avc: denied { read } for lport=13400 scontext=u:r:hht_ota_mgr:s0 tcontext=u:r:hht_ota_mgr:s0 tclass=udp_socket permissive=0
11-11 01:00:27.847 2681 2681 W event_loop: type=1400 audit(0.0:915038442): avc: denied { read } for lport=13400 scontext=u:r:hht_ota_mgr:s0 tcontext=u:r:hht_ota_mgr:s0 tclass=udp_socket permissive=0
11-11 01:00:27.847 2681 2681 W event_loop: type=1400 audit(0.0:915038443): avc: denied { read } for lport=13400 scontext=u:r:hht_ota_mgr:s0 tcontext=u:r:hht_ota_mgr:s0 tclass=udp_socket permissive=0
11-11 01:00:27.847 2681 2681 W event_loop: type=1400 audit(0.0:915038444): avc: denied { read } for lport=13400 scontext=u:r:hht_ota_mgr:s0 tcontext=u:r:hht_ota_mgr:s0 tclass=udp_socket permissive=0
01-01 09:02:22.620 0 0 W audit : audit_lost=915022182 audit_rate_limit=5 audit_backlog_limit=64
01-01 09:02:22.620 0 0 E audit : rate limit exceeded
11-11 01:00:28.296 648 661 I mpu_uart: [MSG-P:RECV]:No message received in 1000 ms
11-11 01:00:28.851 2681 2681 W event_loop: type=1400 audit(0.0:915312851): avc: denied { read } for lport=13400 scontext=u:r:hht_ota_mgr:s0 tcontext=u:r:hht_ota_mgr:s0 tclass=udp_socket permissive=0
11-11 01:00:28.851 2681 2681 W event_loop: type=1400 audit(0.0:915312852): avc: denied { read } for lport=13400 scontext=u:r:hht_ota_mgr:s0 tcontext=u:r:hht_ota_mgr:s0 tclass=udp_socket permissive=0
11-11 01:00:28.851 2681 2681 W event_loop: type=1400 audit(0.0:915312853): avc: denied { read } for lport=13400 scontext=u:r:hht_ota_mgr:s0 tcontext=u:r:hht_ota_mgr:s0 tclass=udp_socket permissive=0
11-11 01:00:28.851 2681 2681 W event_loop: type=1400 audit(0.0:915312854): avc: denied { read } for lport=13400 scontext=u:r:hht_ota_mgr:s0 tcontext=u:r:hht_ota_mgr:s0 tclass=udp_socket permissive=0
11-11 01:00:28.851 2681 2681 W event_loop: type=1400 audit(0.0:915312855): avc: denied { read } for lport=13400 scontext=u:r:hht_ota_mgr:s0 tcontext=u:r:hht_ota_mgr:s0 tclass=udp_socket permissive=0
01-01 09:02:23.624 0 0 W audit : audit_lost=915296586 audit_rate_limit=5 audit_backlog_limit=64
01-01 09:02:23.624 0 0 E audit : rate limit exceeded
11-11 01:00:29.222 1183 1183 I CNSS : cnss_open_log_file: directory /data/vendor/wifi/wlan_logs/ created
11-11 01:00:29.297 648 661 I mpu_uart: [MSG-P:RECV]:No message received in 1000 ms
11-11 01:00:29.415 1520 1620 W ProcessStats: Tracking association SourceState{70144c3 com.tencent.android.qqdownloader:live/10093 BTopFgs #9882} whose proc state 2 is better than process ProcessState{2f14fb3 com.tencent.android.qqdownloader:daemon/10093 pkg=com.tencent.android.qqdownloader} proc state 3 (25 skipped)
11-11 01:00:29.416 1520 1620 D CompatibilityInfo: mCompatibilityFlags - 4
11-11 01:00:29.416 1520 1620 D CompatibilityInfo: applicationDensity - 240
11-11 01:00:29.416 1520 1620 D CompatibilityInfo: applicationScale - 1.0
11-11 01:00:29.417 32150 32150 I GcnBroadcastReceiver: onReceive start ... action=null
11-11 01:00:29.417 32150 32150 I GcnBroadcastReceiver: is_open=true,service_type=gcn,sender_id=502050078214,loop_period=300000,push_url=http://mobile.app100718846.twsapp.com/action/notification1
11-11 01:00:29.417 32150 32150 I GcnBroadcastReceiver: gameUserId=2363223249,gspAppId=7600105607,gspAppKey=d37f42a7549361b57e98535b713c4470
11-11 01:00:29.418 1520 13885 W ActivityManager: Background start not allowed: service Intent { cmp=com.happyelements.AndroidAnimal.qq/com.happyelements.gsp.android.notification.gcn.NotificationService (has extras) } to com.happyelements.AndroidAnimal.qq/com.happyelements.gsp.android.notification.gcn.NotificationService from pid=32150 uid=10096 pkg=com.happyelements.AndroidAnimal.qq startFg?=false
11-11 01:00:29.419 32150 32150 E GcnBroadcastReceiver: Not allowed to start service Intent { cmp=com.happyelements.AndroidAnimal.qq/com.happyelements.gsp.android.notification.gcn.NotificationService (has extras) }: app is in background uid UidRecord{cb3c22f u0a96 RCVR idle change:uncached procs:0 seq(0,0,0)}
11-11 01:00:29.420 1520 1520 D CompatibilityInfo: mCompatibilityFlags - 4
11-11 01:00:29.420 1520 1520 D CompatibilityInfo: applicationDensity - 240
11-11 01:00:29.420 1520 1520 D CompatibilityInfo: applicationScale - 1.0
11-11 01:00:29.430 1520 1970 D CompatibilityInfo: mCompatibilityFlags - 4
11-11 01:00:29.430 1520 1970 D CompatibilityInfo: applicationDensity - 240
11-11 01:00:29.430 1520 1970 D CompatibilityInfo: applicationScale - 1.0
11-11 01:00:29.459 1520 1970 D CompatibilityInfo: mCompatibilityFlags - 4
11-11 01:00:29.459 1520 1970 D CompatibilityInfo: applicationDensity - 240
11-11 01:00:29.459 1520 1970 D CompatibilityInfo: applicationScale - 1.0
11-11 01:00:29.465 1520 1970 D CompatibilityInfo: mCompatibilityFlags - 4
11-11 01:00:29.465 1520 1970 D CompatibilityInfo: applicationDensity - 240
11-11 01:00:29.465 1520 1970 D CompatibilityInfo: applicationScale - 1.0
11-11 01:00:29.488 1520 1970 W SyncManager: failed sync operation JobId=100109 ***/com.tencent.android.qqdownloader.YYBLiveAccountProvider.account u0 [com.tencent.android.qqdownloader.YYBLiveAccountProvider] USER ExpectedIn=0s STANDBY-EXEMPTED Reason=10093, SyncResult: syncAlreadyInProgress: true stats []
11-11 01:00:29.855 2681 2681 W event_loop: type=1400 audit(0.0:915587032): avc: denied { read } for lport=13400 scontext=u:r:hht_ota_mgr:s0 tcontext=u:r:hht_ota_mgr:s0 tclass=udp_socket permissive=0
11-11 01:00:29.855 2681 2681 W event_loop: type=1400 audit(0.0:915587033): avc: denied { read } for lport=13400 scontext=u:r:hht_ota_mgr:s0 tcontext=u:r:hht_ota_mgr:s0 tclass=udp_socket permissive=0
11-11 01:00:29.855 2681 2681 W event_loop: type=1400 audit(0.0:915587034): avc: denied { read } for lport=13400 scontext=u:r:hht_ota_mgr:s0 tcontext=u:r:hht_ota_mgr:s0 tclass=udp_socket permissive=0
11-11 01:00:29.855 2681 2681 W event_loop: type=1400 audit(0.0:915587035): avc: denied { read } for lport=13400 scontext=u:r:hht_ota_mgr:s0 tcontext=u:r:hht_ota_mgr:s0 tclass=udp_socket permissive=0
11-11 01:00:29.855 2681 2681 W event_loop: type=1400 audit(0.0:915587036): avc: denied { read } for lport=13400 scontext=u:r:hht_ota_mgr:s0 tcontext=u:r:hht_ota_mgr:s0 tclass=udp_socket permissive=0
01-01 09:02:24.628 0 0 W audit : audit_lost=915570747 audit_rate_limit=5 audit_backlog_limit=64
01-01 09:02:24.628 0 0 E audit : rate limit exceeded
11-11 01:00:30.106 1291 1317 E tlogd : [TzLogger](isPathReadable) file /sys/kernel/debug/tzdbg/qsee_log isn't exist or no permission, err: No such file or directory
11-11 01:00:30.106 1291 1317 E tlogd : [TzLogger](saveTzlogAsync) /sys/kernel/debug/tzdbg/qsee_log can not read.
11-11 01:00:30.106 1291 1317 E tlogd : [TzLogger](isPathReadable) file /sys/kernel/debug/tzdbg/log isn't exist or no permission, err: No such file or directory
11-11 01:00:30.106 1291 1317 E tlogd : [TzLogger](saveTzlogAsync) /sys/kernel/debug/tzdbg/log can not read.
11-11 01:00:30.297 648 661 I mpu_uart: [MSG-P:RECV]:No message received in 1000 ms
11-11 01:00:30.672 648 659 I mpu_uart: [MSG-P:R]:recv sync frame timeout
11-11 01:00:30.855 2681 2681 W event_loop: type=1400 audit(0.0:915860780): avc: denied { read } for lport=13400 scontext=u:r:hht_ota_mgr:s0 tcontext=u:r:hht_ota_mgr:s0 tclass=udp_socket permissive=0
11-11 01:00:30.859 2681 2681 W event_loop: type=1400 audit(0.0:915860781): avc: denied { read } for lport=13400 scontext=u:r:hht_ota_mgr:s0 tcontext=u:r:hht_ota_mgr:s0 tclass=udp_socket permissive=0
11-11 01:00:30.859 2681 2681 W event_loop: type=1400 audit(0.0:915860782): avc: denied { read } for lport=13400 scontext=u:r:hht_ota_mgr:s0 tcontext=u:r:hht_ota_mgr:s0 tclass=udp_socket permissive=0
11-11 01:00:30.859 2681 2681 W event_loop: type=1400 audit(0.0:915860783): avc: denied { read } for lport=13400 scontext=u:r:hht_ota_mgr:s0 tcontext=u:r:hht_ota_mgr:s0 tclass=udp_socket permissive=0
11-11 01:00:30.859 2681 2681 W event_loop: type=1400 audit(0.0:915860784): avc: denied { read } for lport=13400 scontext=u:r:hht_ota_mgr:s0 tcontext=u:r:hht_ota_mgr:s0 tclass=udp_socket permissive=0
01-01 09:02:25.632 0 0 W audit : audit_lost=915844502 audit_rate_limit=5 audit_backlog_limit=64
01-01 09:02:25.632 0 0 E audit : rate limit exceeded
11-11 01:00:31.297 648 661 I mpu_uart: [MSG-P:RECV]:No message received in 1000 ms
11-11 01:00:31.300 31956 32052 D MemoryCeilingMonitor: [handleMemoryCalculate]
11-11 01:00:31.301 31956 32052 D MemoryCeilingMonitor: [calculate] tot: 5428106, max: 268435456, free: 566082, heap: 4862024, per: 0.01811245083808899
11-11 01:00:31.859 2681 2681 W event_loop: type=1400 audit(0.0:916134643): avc: denied { read } for lport=13400 scontext=u:r:hht_ota_mgr:s0 tcontext=u:r:hht_ota_mgr:s0 tclass=udp_socket permissive=0
11-11 01:00:31.863 2681 2681 W event_loop: type=1400 audit(0.0:916134644): avc: denied { read } for lport=13400 scontext=u:r:hht_ota_mgr:s0 tcontext=u:r:hht_ota_mgr:s0 tclass=udp_socket permissive=0
11-11 01:00:31.863 2681 2681 W event_loop: type=1400 audit(0.0:916134645): avc: denied { read } for lport=13400 scontext=u:r:hht_ota_mgr:s0 tcontext=u:r:hht_ota_mgr:s0 tclass=udp_socket permissive=0
11-11 01:00:31.863 2681 2681 W event_loop: type=1400 audit(0.0:916134646): avc: denied { read } for lport=13400 scontext=u:r:hht_ota_mgr:s0 tcontext=u:r:hht_ota_mgr:s0 tclass=udp_socket permissive=0
11-11 01:00:31.863 2681 2681 W event_loop: type=1400 audit(0.0:916134647): avc: denied { read } for lport=13400 scontext=u:r:hht_ota_mgr:s0 tcontext=u:r:hht_ota_mgr:s0 tclass=udp_socket permissive=0
01-01 09:02:26.636 0 0 W audit : audit_lost=916118363 audit_rate_limit=5 audit_backlog_limit=64
01-01 09:02:26.636 0 0 E audit : rate limit exceeded
11-11 01:00:32.297 648 661 I mpu_uart: [MSG-P:RECV]:No message received in 1000 ms
11-11 01:00:32.867 2681 2681 W event_loop: type=1400 audit(0.0:916408449): avc: denied { read } for lport=13400 scontext=u:r:hht_ota_mgr:s0 tcontext=u:r:hht_ota_mgr:s0 tclass=udp_socket permissive=0
11-11 01:00:32.867 2681 2681 W event_loop: type=1400 audit(0.0:916408450): avc: denied { read } for lport=13400 scontext=u:r:hht_ota_mgr:s0 tcontext=u:r:hht_ota_mgr:s0 tclass=udp_socket permissive=0
11-11 01:00:32.867 2681 2681 W event_loop: type=1400 audit(0.0:916408451): avc: denied { read } for lport=13400 scontext=u:r:hht_ota_mgr:s0 tcontext=u:r:hht_ota_mgr:s0 tclass=udp_socket permissive=0
11-11 01:00:32.867 2681 2681 W event_loop: type=1400 audit(0.0:916408452): avc: denied { read } for lport=13400 scontext=u:r:hht_ota_mgr:s0 tcontext=u:r:hht_ota_mgr:s0 tclass=udp_socket permissive=0
11-11 01:00:32.867 2681 2681 W event_loop: type=1400 audit(0.0:916408453): avc: denied { read } for lport=13400 scontext=u:r:hht_ota_mgr:s0 tcontext=u:r:hht_ota_mgr:s0 tclass=udp_socket permissive=0
01-01 09:02:27.640 0 0 W audit : audit_lost=916392170 audit_rate_limit=5 audit_backlog_limit=64
01-01 09:02:27.640 0 0 E audit : rate limit exceeded
11-11 01:00:33.297 648 661 I mpu_uart: [MSG-P:RECV]:No message received in 1000 ms
11-11 01:00:33.675 648 659 I mpu_uart: [MSG-P:R]:recv sync frame timeout
11-11 01:00:33.867 2681 2681 W event_loop: type=1400 audit(0.0:916683409): avc: denied { read } for lport=13400 scontext=u:r:hht_ota_mgr:s0 tcontext=u:r:hht_ota_mgr:s0 tclass=udp_socket permissive=0
11-11 01:00:33.871 2681 2681 W event_loop: type=1400 audit(0.0:916683410): avc: denied { read } for lport=13400 scontext=u:r:hht_ota_mgr:s0 tcontext=u:r:hht_ota_mgr:s0 tclass=udp_socket permissive=0
11-11 01:00:33.871 2681 2681 W event_loop: type=1400 audit(0.0:916683411): avc: denied { read } for lport=13400 scontext=u:r:hht_ota_mgr:s0 tcontext=u:r:hht_ota_mgr:s0 tclass=udp_socket permissive=0
11-11 01:00:33.871 2681 2681 W event_loop: type=1400 audit(0.0:916683412): avc: denied { read } for lport=13400 scontext=u:r:hht_ota_mgr:s0 tcontext=u:r:hht_ota_mgr:s0 tclass=udp_socket permissive=0
11-11 01:00:33.871 2681 2681 W event_loop: type=1400 audit(0.0:916683413): avc: denied { read } for lport=13400 scontext=u:r:hht_ota_mgr:s0 tcontext=u:r:hht_ota_mgr:s0 tclass=udp_socket permissive=0
01-01 09:02:28.644 0 0 W audit : audit_lost=916667114 audit_rate_limit=5 audit_backlog_limit=64
01-01 09:02:28.644 0 0 E audit : rate limit exceeded
11-11 01:00:34.298 648 661 I mpu_uart: [MSG-P:RECV]:No message received in 1000 ms
11-11 01:00:34.871 2681 2681 W event_loop: type=1400 audit(0.0:916956948): avc: denied { read } for lport=13400 scontext=u:r:hht_ota_mgr:s0 tcontext=u:r:hht_ota_mgr:s0 tclass=udp_socket permissive=0
11-11 01:00:34.875 2681 2681 W event_loop: type=1400 audit(0.0:916956949): avc: denied { read } for lport=13400 scontext=u:r:hht_ota_mgr:s0 tcontext=u:r:hht_ota_mgr:s0 tclass=udp_socket permissive=0
11-11 01:00:34.875 2681 2681 W event_loop: type=1400 audit(0.0:916956950): avc: denied { read } for lport=13400 scontext=u:r:hht_ota_mgr:s0 tcontext=u:r:hht_ota_mgr:s0 tclass=udp_socket permissive=0
11-11 01:00:34.875 2681 2681 W event_loop: type=1400 audit(0.0:916956951): avc: denied { read } for lport=13400 scontext=u:r:hht_ota_mgr:s0 tcontext=u:r:hht_ota_mgr:s0 tclass=udp_socket permissive=0
11-11 01:00:34.875 2681 2681 W event_loop: type=1400 audit(0.0:916956952): avc: denied { read } for lport=13400 scontext=u:r:hht_ota_mgr:s0 tcontext=u:r:hht_ota_mgr:s0 tclass=udp_socket permissive=0
01-01 09:02:29.648 0 0 W audit : audit_lost=916940641 audit_rate_limit=5 audit_backlog_limit=64
01-01 09:02:29.648 0 0 E audit : rate limit exceeded
01-01 09:02:29.769 0 0 I logd : logdr: UID=2000 GID=2000 PID=4858 b tail=0 logMask=99 pid=0 start=0ns deadline=0ns
11-11 01:00:35.107 1291 1317 E tlogd : [TzLogger](isPathReadable) file /sys/kernel/debug/tzdbg/qsee_log isn't exist or no permission, err: No such file or directory
11-11 01:00:35.107 1291 1317 E tlogd : [TzLogger](saveTzlogAsync) /sys/kernel/debug/tzdbg/qsee_log can not read.
11-11 01:00:35.107 1291 1317 E tlogd : [TzLogger](isPathReadable) file /sys/kernel/debug/tzdbg/log isn't exist or no permission, err: No such file or directory
11-11 01:00:35.107 1291 1317 E tlogd : [TzLogger](saveTzlogAsync) /sys/kernel/debug/tzdbg/log can not read.
11-11 01:00:35.298 648 661 I mpu_uart: [MSG-P:RECV]:No message received in 1000 ms
11-11 01:00:35.875 2681 2681 W event_loop: type=1400 audit(0.0:917230944): avc: denied { read } for lport=13400 scontext=u:r:hht_ota_mgr:s0 tcontext=u:r:hht_ota_mgr:s0 tclass=udp_socket permissive=0
11-11 01:00:35.879 2681 2681 W event_loop: type=1400 audit(0.0:917230945): avc: denied { read } for lport=13400 scontext=u:r:hht_ota_mgr:s0 tcontext=u:r:hht_ota_mgr:s0 tclass=udp_socket permissive=0
11-11 01:00:35.879 2681 2681 W event_loop: type=1400 audit(0.0:917230946): avc: denied { read } for lport=13400 scontext=u:r:hht_ota_mgr:s0 tcontext=u:r:hht_ota_mgr:s0 tclass=udp_socket permissive=0
11-11 01:00:35.879 2681 2681 W event_loop: type=1400 audit(0.0:917230947): avc: denied { read } for lport=13400 scontext=u:r:hht_ota_mgr:s0 tcontext=u:r:hht_ota_mgr:s0 tclass=udp_socket permissive=0
11-11 01:00:35.879 2681 2681 W event_loop: type=1400 audit(0.0:917230948): avc: denied { read } for lport=13400 scontext=u:r:hht_ota_mgr:s0 tcontext=u:r:hht_ota_mgr:s0 tclass=udp_socket permissive=0
01-01 09:02:30.652 0 0 W audit : audit_lost=917214641 audit_rate_limit=5 audit_backlog_limit=64
01-01 09:02:30.652 0 0 E audit : rate limit exceeded
11-11 01:00:36.298 648 661 I mpu_uart: [MSG-P:RECV]:No message received in 1000 ms
11-11 01:00:36.679 648 659 I mpu_uart: [MSG-P:R]:recv sync frame timeout
11-11 01:00:36.883 2681 2681 W event_loop: type=1400 audit(0.0:917505381): avc: denied { read } for lport=13400 scontext=u:r:hht_ota_mgr:s0 tcontext=u:r:hht_ota_mgr:s0 tclass=udp_socket permissive=0
11-11 01:00:36.883 2681 2681 W event_loop: type=1400 audit(0.0:917505382): avc: denied { read } for lport=13400 scontext=u:r:hht_ota_mgr:s0 tcontext=u:r:hht_ota_mgr:s0 tclass=udp_socket permissive=0
11-11 01:00:36.883 2681 2681 W event_loop: type=1400 audit(0.0:917505383): avc: denied { read } for lport=13400 scontext=u:r:hht_ota_mgr:s0 tcontext=u:r:hht_ota_mgr:s0 tclass=udp_socket permissive=0
11-11 01:00:36.883 2681 2681 W event_loop: type=1400 audit(0.0:917505384): avc: denied { read } for lport=13400 scontext=u:r:hht_ota_mgr:s0 tcontext=u:r:hht_ota_mgr:s0 tclass=udp_socket permissive=0
11-11 01:00:36.883 2681 2681 W event_loop: type=1400 audit(0.0:917505385): avc: denied { read } for lport=13400 scontext=u:r:hht_ota_mgr:s0 tcontext=u:r:hht_ota_mgr:s0 tclass=udp_socket permissive=0
01-01 09:02:31.656 0 0 W audit : audit_lost=917489076 audit_rate_limit=5 audit_backlog_limit=64
01-01 09:02:31.656 0 0 E audit : rate limit exceeded
01-01 09:02:31.725 0 0 I [dp_rx_][0x10c58280fb][01:00:36.961417] wlan: [3740:I:QDF] DHCP-R RX: SA:ba:89:34:ce:15:94 DA:ff:ff:ff:ff:ff:ff
11-11 01:00:37.298 648 661 I mpu_uart: [MSG-P:RECV]:No message received in 1000 ms
11-11 01:00:37.820 1972 1972 D StatusBar: disable disable2
11-11 01:00:37.883 2681 2681 W event_loop: type=1400 audit(0.0:917779154): avc: denied { read } for lport=13400 scontext=u:r:hht_ota_mgr:s0 tcontext=u:r:hht_ota_mgr:s0 tclass=udp_socket permissive=0
11-11 01:00:37.887 2681 2681 W event_loop: type=1400 audit(0.0:917779155): avc: denied { read } for lport=13400 scontext=u:r:hht_ota_mgr:s0 tcontext=u:r:hht_ota_mgr:s0 tclass=udp_socket permissive=0
11-11 01:00:37.887 2681 2681 W event_loop: type=1400 audit(0.0:917779156): avc: denied { read } for lport=13400 scontext=u:r:hht_ota_mgr:s0 tcontext=u:r:hht_ota_mgr:s0 tclass=udp_socket permissive=0
11-11 01:00:37.887 2681 2681 W event_loop: type=1400 audit(0.0:917779157): avc: denied { read } for lport=13400 scontext=u:r:hht_ota_mgr:s0 tcontext=u:r:hht_ota_mgr:s0 tclass=udp_socket permissive=0
11-11 01:00:37.887 2681 2681 W event_loop: type=1400 audit(0.0:917779158): avc: denied { read } for lport=13400 scontext=u:r:hht_ota_mgr:s0 tcontext=u:r:hht_ota_mgr:s0 tclass=udp_socket permissive=0
01-01 09:02:32.660 0 0 W audit : audit_lost=917762792 audit_rate_limit=5 audit_backlog_limit=64
01-01 09:02:32.660 0 0 E audit : rate limit exceeded
11-11 01:00:38.011 1972 1972 W PanelView: Duplicate down event detected... ignoring
11-11 01:00:38.053 1972 1972 V KeyguardUpdateMonitor: *** unregister callback for com.android.keyguard.CarrierTextManager$2@e70bb27
11-11 01:00:38.100 1972 1980 W ndroid.systemu: Reducing the number of considered missed Gc histogram windows from 106 to 100
11-11 01:00:38.127 1972 1982 W System : A resource failed to call close.
11-11 01:00:38.127 1972 1982 W System : A resource failed to call release.
11-11 01:00:38.240 1972 1972 D StatusBar: disable disable2
11-11 01:00:38.299 648 661 I mpu_uart: [MSG-P:RECV]:No message received in 1000 ms
11-11 01:00:38.891 2681 2681 W event_loop: type=1400 audit(0.0:918044658): avc: denied { read } for lport=13400 scontext=u:r:hht_ota_mgr:s0 tcontext=u:r:hht_ota_mgr:s0 tclass=udp_socket permissive=0
11-11 01:00:38.891 2681 2681 W event_loop: type=1400 audit(0.0:918044659): avc: denied { read } for lport=13400 scontext=u:r:hht_ota_mgr:s0 tcontext=u:r:hht_ota_mgr:s0 tclass=udp_socket permissive=0
11-11 01:00:38.891 2681 2681 W event_loop: type=1400 audit(0.0:918044660): avc: denied { read } for lport=13400 scontext=u:r:hht_ota_mgr:s0 tcontext=u:r:hht_ota_mgr:s0 tclass=udp_socket permissive=0
11-11 01:00:38.891 2681 2681 W event_loop: type=1400 audit(0.0:918044661): avc: denied { read } for lport=13400 scontext=u:r:hht_ota_mgr:s0 tcontext=u:r:hht_ota_mgr:s0 tclass=udp_socket permissive=0
11-11 01:00:38.891 2681 2681 W event_loop: type=1400 audit(0.0:918044662): avc: denied { read } for lport=13400 scontext=u:r:hht_ota_mgr:s0 tcontext=u:r:hht_ota_mgr:s0 tclass=udp_socket permissive=0
01-01 09:02:33.664 0 0 W audit : audit_lost=918028341 audit_rate_limit=5 audit_backlog_limit=64
01-01 09:02:33.664 0 0 E audit : rate limit exceeded
11-11 01:00:39.059 1972 1972 D StatusBar: disable disable2
11-11 01:00:39.299 648 661 I mpu_uart: [MSG-P:RECV]:No message received in 1000 ms
11-11 01:00:39.680 648 659 I mpu_uart: [MSG-P:R]:recv sync frame timeout
11-11 01:00:39.891 2681 2681 W event_loop: type=1400 audit(0.0:918309191): avc: denied { read } for lport=13400 scontext=u:r:hht_ota_mgr:s0 tcontext=u:r:hht_ota_mgr:s0 tclass=udp_socket permissive=0
11-11 01:00:39.895 2681 2681 W event_loop: type=1400 audit(0.0:918309192): avc: denied { read } for lport=13400 scontext=u:r:hht_ota_mgr:s0 tcontext=u:r:hht_ota_mgr:s0 tclass=udp_socket permissive=0
11-11 01:00:39.895 2681 2681 W event_loop: type=1400 audit(0.0:918309193): avc: denied { read } for lport=13400 scontext=u:r:hht_ota_mgr:s0 tcontext=u:r:hht_ota_mgr:s0 tclass=udp_socket permissive=0
11-11 01:00:39.895 2681 2681 W event_loop: type=1400 audit(0.0:918309194): avc: denied { read } for lport=13400 scontext=u:r:hht_ota_mgr:s0 tcontext=u:r:hht_ota_mgr:s0 tclass=udp_socket permissive=0
11-11 01:00:39.895 2681 2681 W event_loop: type=1400 audit(0.0:918309195): avc: denied { read } for lport=13400 scontext=u:r:hht_ota_mgr:s0 tcontext=u:r:hht_ota_mgr:s0 tclass=udp_socket permissive=0
01-01 09:02:34.668 0 0 W audit : audit_lost=918292765 audit_rate_limit=5 audit_backlog_limit=64
01-01 09:02:34.668 0 0 E audit : rate limit exceeded
11-11 01:00:40.107 1291 1317 E tlogd : [TzLogger](isPathReadable) file /sys/kernel/debug/tzdbg/qsee_log isn't exist or no permission, err: No such file or directory
11-11 01:00:40.107 1291 1317 E tlogd : [TzLogger](saveTzlogAsync) /sys/kernel/debug/tzdbg/qsee_log can not read.
11-11 01:00:40.107 1291 1317 E tlogd : [TzLogger](isPathReadable) file /sys/kernel/debug/tzdbg/log isn't exist or no permission, err: No such file or directory
11-11 01:00:40.107 1291 1317 E tlogd : [TzLogger](saveTzlogAsync) /sys/kernel/debug/tzdbg/log can not read.
11-11 01:00:40.299 648 661 I mpu_uart: [MSG-P:RECV]:No message received in 1000 ms
11-11 01:00:40.899 2681 2681 W event_loop: type=1400 audit(0.0:918574278): avc: denied { read } for lport=13400 scontext=u:r:hht_ota_mgr:s0 tcontext=u:r:hht_ota_mgr:s0 tclass=udp_socket permissive=0
11-11 01:00:40.899 2681 2681 W event_loop: type=1400 audit(0.0:918574279): avc: denied { read } for lport=13400 scontext=u:r:hht_ota_mgr:s0 tcontext=u:r:hht_ota_mgr:s0 tclass=udp_socket permissive=0
11-11 01:00:40.899 2681 2681 W event_loop: type=1400 audit(0.0:918574280): avc: denied { read } for lport=13400 scontext=u:r:hht_ota_mgr:s0 tcontext=u:r:hht_ota_mgr:s0 tclass=udp_socket permissive=0
11-11 01:00:40.899 2681 2681 W event_loop: type=1400 audit(0.0:918574281): avc: denied { read } for lport=13400 scontext=u:r:hht_ota_mgr:s0 tcontext=u:r:hht_ota_mgr:s0 tclass=udp_socket permissive=0
11-11 01:00:40.899 2681 2681 W event_loop: type=1400 audit(0.0:918574282): avc: denied { read } for lport=13400 scontext=u:r:hht_ota_mgr:s0 tcontext=u:r:hht_ota_mgr:s0 tclass=udp_socket permissive=0
01-01 09:02:35.672 0 0 W audit : audit_lost=918557878 audit_rate_limit=5 audit_backlog_limit=64
01-01 09:02:35.672 0 0 E audit : rate limit exceeded
11-11 01:00:40.916 1972 17261 I OpenGLRenderer: Davey! duration=9223368283447ms; Flags=0, FrameTimelineVsyncId=119522, IntendedVsync=3753407453934, Vsync=3753407453934, InputEventId=713258345, HandleInputStart=3753407817055, AnimationStart=3753407858930, PerformTraversalsStart=3753407860596, DrawStart=3753407947003, FrameDeadline=3753440787266, FrameInterval=3753407813721, FrameStartTime=16666666, SyncQueued=3753411943044, SyncStart=3753412079346, IssueDrawCommandsStart=3753412938096, SwapBuffers=3753418253565, FrameCompleted=9223372036854775807, DequeueBufferDuration=46927, QueueBufferDuration=819219, GpuCompleted=9223372036854775807, SwapBuffersCompleted=3753419536898, DisplayPresentTime=0,
11-11 01:00:40.932 1520 13885 I thunderperf: Maybe need boostperf for current app!
11-11 01:00:40.933 2075 2149 D FgBoostPerfService: [FgBoostPerfService.perfBoostAcq]start: stat=true pkgName=com.android.systemui
11-11 01:00:40.933 2075 2149 I FgBoostPerfService: [FgBoostPerfService.perfBoostAcq] not game-mode or game app!
11-11 01:00:40.934 1520 13885 I ThunderPerfManager: PerfAcq error : state=true pkgName=com.android.systemui
11-11 01:00:40.934 2075 2149 I FgBoostPerfService: [GetGpuMode] isMode=1 isGame=false mGpuMode=0
11-11 01:00:40.935 2075 2149 I FgBoostPerfService: [GetGpuDpiType] isMode=1 isGame=false mGpuDpiType=0
11-11 01:00:40.935 2075 2149 I FgBoostPerfService: [GetGpuDpiType] isMode=1 isGame=false mGpuStandardValue=0
11-11 01:00:40.935 1520 13885 I thunderperf: Current app pkgName=com.android.systemui bm:com.thundercomm.perf.BoostPerfManager@1349b59 gpuMode=-1 gpuType=-1 gpuStandardVal=-1
11-11 01:00:40.936 1520 13885 I ThunderBoostPerfService: Resolution: Uid=10078 Pid=1972 gMode=-1 dType=-1 gpuStandardVal=-1
11-11 01:00:40.936 1520 13885 I thunderperf: PlatormCompat.setOverrides: Uid1=10078 Pid1=1972 Uid2=10078 Pid2=1972
11-11 01:00:40.936 1520 13885 I thunderperf: PlatormCompat.setOverrides: needCheck:false
11-11 01:00:40.936 1520 13885 I thunderperf: CompatConfig.addOverrideUnsafe: bef-state=1
11-11 01:00:40.937 1520 13885 I thunderperf: CompatConfig.addOverrideUnsafe: aft-state=0
11-11 01:00:40.938 1520 13885 I thunderperf: CompatConfig.addOverrideUnsafe: bef-state=1
11-11 01:00:40.938 1520 13885 I thunderperf: CompatConfig.addOverrideUnsafe: aft-state=0
11-11 01:00:40.939 1520 13885 I thunderperf: CompatConfig.addOverrideUnsafe: bef-state=1
11-11 01:00:40.939 1520 13885 I thunderperf: CompatConfig.addOverrideUnsafe: aft-state=0
11-11 01:00:40.940 1520 13885 I thunderperf: CompatConfig.addOverrideUnsafe: bef-state=1
11-11 01:00:40.940 1520 13885 I thunderperf: CompatConfig.addOverrideUnsafe: aft-state=0
11-11 01:00:40.941 1520 13885 I thunderperf: CompatConfig.addOverrideUnsafe: bef-state=1
11-11 01:00:40.941 1520 13885 I thunderperf: CompatConfig.addOverrideUnsafe: aft-state=0
11-11 01:00:40.942 1520 13885 I thunderperf: CompatConfig.addOverrideUnsafe: bef-state=1
11-11 01:00:40.942 1520 13885 I thunderperf: CompatConfig.addOverrideUnsafe: aft-state=0
11-11 01:00:40.943 1520 13885 I thunderperf: CompatConfig.addOverrideUnsafe: bef-state=1
11-11 01:00:40.943 1520 13885 I thunderperf: CompatConfig.addOverrideUnsafe: aft-state=0
11-11 01:00:40.944 1520 13885 I thunderperf: CompatConfig.addOverrideUnsafe: bef-state=1
11-11 01:00:40.944 1520 13885 I thunderperf: CompatConfig.addOverrideUnsafe: aft-state=0
11-11 01:00:40.945 1520 13885 I thunderperf: CompatConfig.addOverrideUnsafe: bef-state=1
11-11 01:00:40.945 1520 13885 I thunderperf: CompatConfig.addOverrideUnsafe: aft-state=0
11-11 01:00:40.945 1520 13885 I thunderperf: CompatConfig.addOverrideUnsafe: bef-state=1
11-11 01:00:40.946 1520 13885 I thunderperf: CompatConfig.addOverrideUnsafe: aft-state=0
11-11 01:00:40.946 1520 13885 I thunderperf: CompatConfig.addOverrideUnsafe: bef-state=1
11-11 01:00:40.946 1520 13885 I thunderperf: CompatConfig.addOverrideUnsafe: aft-state=0
11-11 01:00:40.947 1520 13885 I thunderperf: CompatConfig.addOverrideUnsafe: bef-state=1
11-11 01:00:40.947 1520 13885 I thunderperf: CompatConfig.addOverrideUnsafe: aft-state=0
11-11 01:00:40.948 1520 13885 I thunderperf: CompatConfig.addOverrideUnsafe: bef-state=1
11-11 01:00:40.948 1520 13885 I thunderperf: CompatConfig.addOverrideUnsafe: aft-state=0
11-11 01:00:40.948 1520 13885 I thunderperf: CompatConfig.addOverrideUnsafe: bef-state=1
11-11 01:00:40.949 1520 13885 I thunderperf: CompatConfig.addOverrideUnsafe: aft-state=0
11-11 01:00:40.953 1520 13885 I ThunderBoostPerfService: Disable downscaling com.android.systemui to 2380x1020
11-11 01:00:40.954 1520 13885 I ActivityTaskManager: START u0 {flg=0x10000000 cmp=com.android.systemui/.screenrecord.ScreenRecordDialog} from uid 10078
11-11 01:00:40.954 1520 1612 I EventSequenceValidator: Transition from ACTIVITY_FINISHED to INTENT_STARTED
11-11 01:00:40.957 1520 13885 E ANDR-PERF-JNI: com_qualcomm_qtiperformance_native_perf_io_prefetch_start
11-11 01:00:40.958 1520 13885 W ActivityTaskManager: Can't find TaskDisplayArea to determine support for multi window. Task id=118 attached=false
11-11 01:00:40.960 853 3136 E ANDR-IOP: io prefetch is disabled
11-11 01:00:40.964 1520 13885 D CompatibilityInfo: mCompatibilityFlags - 4
11-11 01:00:40.964 1520 13885 D CompatibilityInfo: applicationDensity - 240
11-11 01:00:40.964 1520 13885 D CompatibilityInfo: applicationScale - 1.0
11-11 01:00:40.965 1520 13885 D ActivityTrigger: ActivityTrigger activityPauseTrigger
11-11 01:00:40.968 1972 1972 V ShadeControllerImpl: NotificationShadeWindow: com.android.systemui.statusbar.phone.NotificationShadeWindowView{88b693c V.E...... ........ 0,0-2380,1020} canPanelBeCollapsed(): true
11-11 01:00:40.970 1520 1612 I EventSequenceValidator: Transition from INTENT_STARTED to ACTIVITY_LAUNCHED
11-11 01:00:40.973 1520 11169 I ActivityTaskManager: FOREGROUND_APPLICATION_CHANGED to com.android.systemui.screenrecord.ScreenRecordDialog
11-11 01:00:40.974 1520 11169 I ActivityTaskManager: The Process com.android.systemui Already Exists in BG. So sending its PID: 1972
