11-11 01:00:50.092 2138 4989 I MicroService: Receive message: SocketMessageBean{businessData='21930', srcService='IDCM_CarAudioService', destService='FSEM_AudioService', messageType='1', uuid='1668099650046062780', payloadData={"srcService":"IDCM_CarAudioService","dstService":"FSEM_AudioService","methodName":"setVolume","messageType":1,"uuid":1668099650046062780,"parameters":{"functionInfo":{"IDCM_VolumeValue_Media":"35"}}}}
11-11 01:00:50.092 2138 4989 I MicroService: dealMessage: 1
11-11 01:00:50.092 2138 4989 I MicroService: onResponse(setVolume): {"functionInfo":{"IDCM_VolumeValue_Media":"35"}}
11-11 01:00:50.108 1291 1317 E tlogd : [TzLogger](isPathReadable) file /sys/kernel/debug/tzdbg/qsee_log isn't exist or no permission, err: No such file or directory
11-11 01:00:50.108 1291 1317 E tlogd : [TzLogger](saveTzlogAsync) /sys/kernel/debug/tzdbg/qsee_log can not read.
11-11 01:00:50.108 1291 1317 E tlogd : [TzLogger](isPathReadable) file /sys/kernel/debug/tzdbg/log isn't exist or no permission, err: No such file or directory
11-11 01:00:50.108 1291 1317 E tlogd : [TzLogger](saveTzlogAsync) /sys/kernel/debug/tzdbg/log can not read.
11-11 01:00:50.109 1520 10895 I MicroServiceManager: requestResult(setVolume) parameters is{"functionInfo":{"IDCM_VolumeValue_Media":"38"}}.
11-11 01:00:50.109 1972 2488 I vol.Events: writeEvent level_changed STREAM_MUSIC 35
11-11 01:00:50.110 1972 2488 I vol.Events: writeEvent level_changed STREAM_RING 6
11-11 01:00:50.113 2138 4991 D MicroService: createClientSocket: clientSocket new
11-11 01:00:50.113 2138 4991 D MicroService: createClientSocket: IP = 192.168.4.4, PORT 9999localAddress = /192.168.4.16
11-11 01:00:50.113 2138 4991 D MicroService: Launching the I/O handler
11-11 01:00:50.113 2138 4991 D MicroService: createClientSocket: clientSocket = Socket[address=/192.168.4.4,port=9999,localPort=37935]
11-11 01:00:50.113 2138 4991 D MicroService: Send message to IDCM:SocketMessageBean{businessData='21930', srcService='FSEM_AudioService', destService='IDCM_CarAudioService', messageType='0', uuid='1668099650109563093', payloadData={"srcService":"FSEM_AudioService","dstService":"IDCM_CarAudioService","messageType":0,"uuid":1668099650109563093,"methodName":"setVolume","parameters":{"functionInfo":{"IDCM_VolumeValue_Media":"38"}}}}
11-11 01:00:50.113 2138 4991 D MicroService: Payload data length: 200
11-11 01:00:50.119 1972 2488 I vol.Events: writeEvent level_changed STREAM_SYSTEM 6
11-11 01:00:50.120 1972 2488 I vol.Events: writeEvent level_changed STREAM_VOICE_CALL 5
11-11 01:00:50.121 17381 17395 I id.qqdownloade: oneway function results for code 4 on binder at 0xbad832b0 will be dropped but finished with status UNKNOWN_TRANSACTION
11-11 01:00:50.121 17748 18000 I downloader:liv: oneway function results for code 4 on binder at 0xf3f74010 will be dropped but finished with status UNKNOWN_TRANSACTION
11-11 01:00:50.123 21220 21232 D BluetoothDatabase: getBondedDevicesOrdered: Invalid address for device LocalStorage
11-11 01:00:50.124 21220 21232 E HeadsetStateMachine: returning mCurrentState as Disconnected
11-11 01:00:50.125 21220 21232 D BluetoothPbapService: getConnectionState: F4:4E:FD:AD:96:65
11-11 01:00:50.126 21220 21232 D HearingAidService: getActiveDevices
11-11 01:00:50.132 21220 21232 D BluetoothDatabase: getBondedDevicesOrdered: Invalid address for device LocalStorage
11-11 01:00:50.133 21220 21232 E HeadsetStateMachine: returning mCurrentState as Disconnected
11-11 01:00:50.134 21220 21232 D BluetoothPbapService: getConnectionState: F4:4E:FD:AD:96:65
11-11 01:00:50.136 21220 21232 D HearingAidService: getActiveDevices
11-11 01:00:50.147 2138 2223 D MicroService: getEvent: clientSocket = Socket[address=/192.168.4.4,port=42816,localPort=9999]
11-11 01:00:50.148 2138 2223 D MicroService: run: called
11-11 01:00:50.148 2138 2223 D MicroService: getEvent: start waiting...
11-11 01:00:50.149 2138 4992 I MicroService: getStringByData(noZero): IDCM_CarAudioService
11-11 01:00:50.149 2138 4992 I MicroService: getStringByData(noZero): FSEM_AudioService
11-11 01:00:50.149 2138 4992 I MicroService: getStringByData: {"srcService":"IDCM_CarAudioService","dstService":"FSEM_AudioService","methodName":"setVolume","messageType":1,"uuid":1668099650109563093,"parameters":{"functionInfo":{"IDCM_VolumeValue_Media":"38"}}}
11-11 01:00:50.149 2138 4992 I MicroService: Receive message: SocketMessageBean{businessData='21930', srcService='IDCM_CarAudioService', destService='FSEM_AudioService', messageType='1', uuid='1668099650109563093', payloadData={"srcService":"IDCM_CarAudioService","dstService":"FSEM_AudioService","methodName":"setVolume","messageType":1,"uuid":1668099650109563093,"parameters":{"functionInfo":{"IDCM_VolumeValue_Media":"38"}}}}
11-11 01:00:50.149 2138 4992 I MicroService: dealMessage: 1
11-11 01:00:50.149 2138 4992 I MicroService: onResponse(setVolume): {"functionInfo":{"IDCM_VolumeValue_Media":"38"}}
11-11 01:00:50.158 1972 2488 I vol.Events: writeEvent level_changed STREAM_ALARM 7
11-11 01:00:50.163 1972 2488 I vol.Events: writeEvent level_changed STREAM_RING 7
11-11 01:00:50.169 1972 2488 I vol.Events: writeEvent level_changed STREAM_MUSIC 38
11-11 01:00:50.170 17381 17395 I id.qqdownloade: oneway function results for code 4 on binder at 0xbad832b0 will be dropped but finished with status UNKNOWN_TRANSACTION
11-11 01:00:50.170 17748 18000 I downloader:liv: oneway function results for code 4 on binder at 0xf3f74010 will be dropped but finished with status UNKNOWN_TRANSACTION
11-11 01:00:50.170 1972 2488 I vol.Events: writeEvent level_changed STREAM_SYSTEM 7
11-11 01:00:50.172 21220 21232 D BluetoothDatabase: getBondedDevicesOrdered: Invalid address for device LocalStorage
11-11 01:00:50.173 21220 21232 E HeadsetStateMachine: returning mCurrentState as Disconnected
11-11 01:00:50.174 21220 21232 D BluetoothPbapService: getConnectionState: F4:4E:FD:AD:96:65
11-11 01:00:50.176 21220 21232 D HearingAidService: getActiveDevices
11-11 01:00:50.183 21220 21232 D BluetoothDatabase: getBondedDevicesOrdered: Invalid address for device LocalStorage
11-11 01:00:50.184 21220 21467 E HeadsetStateMachine: returning mCurrentState as Disconnected
11-11 01:00:50.185 21220 21467 D BluetoothPbapService: getConnectionState: F4:4E:FD:AD:96:65
11-11 01:00:50.186 21220 21467 D HearingAidService: getActiveDevices
11-11 01:00:50.198 1972 1980 I ndroid.systemu: NativeAlloc concurrent copying GC freed 167241(6151KB) AllocSpace objects, 0(0B) LOS objects, 49% free, 10046KB/19MB, paused 6.414ms,45us total 141.559ms
11-11 01:00:50.241 1972 1982 W System : A resource failed to call close.
11-11 01:00:50.241 1972 1982 W System : A resource failed to call release.
11-11 01:00:50.246 1972 1982 W System : A resource failed to call release.
11-11 01:00:50.301 648 661 I mpu_uart: [MSG-P:RECV]:No message received in 1000 ms
11-11 01:00:50.447 1520 10895 I MicroServiceManager: requestResult(setVolume) parameters is{"functionInfo":{"IDCM_VolumeValue_Media":"37"}}.
11-11 01:00:50.450 2138 4995 D MicroService: createClientSocket: clientSocket new
11-11 01:00:50.450 2138 4995 D MicroService: createClientSocket: IP = 192.168.4.4, PORT 9999localAddress = /192.168.4.16
11-11 01:00:50.450 2138 4995 D MicroService: Launching the I/O handler
11-11 01:00:50.450 2138 4995 D MicroService: createClientSocket: clientSocket = Socket[address=/192.168.4.4,port=9999,localPort=50637]
11-11 01:00:50.450 2138 4995 D MicroService: Send message to IDCM:SocketMessageBean{businessData='21930', srcService='FSEM_AudioService', destService='IDCM_CarAudioService', messageType='0', uuid='1668099650447029916', payloadData={"srcService":"FSEM_AudioService","dstService":"IDCM_CarAudioService","messageType":0,"uuid":1668099650447029916,"methodName":"setVolume","parameters":{"functionInfo":{"IDCM_VolumeValue_Media":"37"}}}}
11-11 01:00:50.450 2138 4995 D MicroService: Payload data length: 200
11-11 01:00:50.475 2138 2223 D MicroService: getEvent: clientSocket = Socket[address=/192.168.4.4,port=42818,localPort=9999]
11-11 01:00:50.475 2138 2223 D MicroService: run: called
11-11 01:00:50.475 2138 2223 D MicroService: getEvent: start waiting...
11-11 01:00:50.476 2138 4996 I MicroService: getStringByData(noZero): IDCM_CarAudioService
11-11 01:00:50.476 2138 4996 I MicroService: getStringByData(noZero): FSEM_AudioService
11-11 01:00:50.476 2138 4996 I MicroService: getStringByData: {"srcService":"IDCM_CarAudioService","dstService":"FSEM_AudioService","methodName":"setVolume","messageType":1,"uuid":1668099650447029916,"parameters":{"functionInfo":{"IDCM_VolumeValue_Media":"37"}}}
11-11 01:00:50.476 2138 4996 I MicroService: Receive message: SocketMessageBean{businessData='21930', srcService='IDCM_CarAudioService', destService='FSEM_AudioService', messageType='1', uuid='1668099650447029916', payloadData={"srcService":"IDCM_CarAudioService","dstService":"FSEM_AudioService","methodName":"setVolume","messageType":1,"uuid":1668099650447029916,"parameters":{"functionInfo":{"IDCM_VolumeValue_Media":"37"}}}}
11-11 01:00:50.476 2138 4996 I MicroService: dealMessage: 1
11-11 01:00:50.476 2138 4996 I MicroService: onResponse(setVolume): {"functionInfo":{"IDCM_VolumeValue_Media":"37"}}
11-11 01:00:50.485 17748 18000 I downloader:liv: oneway function results for code 4 on binder at 0xf3f74010 will be dropped but finished with status UNKNOWN_TRANSACTION
11-11 01:00:50.485 17381 17395 I id.qqdownloade: oneway function results for code 4 on binder at 0xbad832b0 will be dropped but finished with status UNKNOWN_TRANSACTION
11-11 01:00:50.496 1972 2488 I vol.Events: writeEvent level_changed STREAM_MUSIC 37
11-11 01:00:50.496 1520 10895 I MicroServiceManager: requestResult(setVolume) parameters is{"functionInfo":{"IDCM_VolumeValue_Media":"36"}}.
11-11 01:00:50.499 21220 21467 D BluetoothDatabase: getBondedDevicesOrdered: Invalid address for device LocalStorage
11-11 01:00:50.501 21220 21467 E HeadsetStateMachine: returning mCurrentState as Disconnected
11-11 01:00:50.502 21220 21467 D BluetoothPbapService: getConnectionState: F4:4E:FD:AD:96:65
11-11 01:00:50.504 21220 21467 D HearingAidService: getActiveDevices
11-11 01:00:50.507 2138 4997 D MicroService: createClientSocket: clientSocket new
11-11 01:00:50.507 2138 4997 D MicroService: createClientSocket: IP = 192.168.4.4, PORT 9999localAddress = /192.168.4.16
11-11 01:00:50.507 2138 4997 D MicroService: Launching the I/O handler
11-11 01:00:50.507 2138 4997 D MicroService: createClientSocket: clientSocket = Socket[address=/192.168.4.4,port=9999,localPort=47601]
11-11 01:00:50.507 2138 4997 D MicroService: Send message to IDCM:SocketMessageBean{businessData='21930', srcService='FSEM_AudioService', destService='IDCM_CarAudioService', messageType='0', uuid='1668099650497745384', payloadData={"srcService":"FSEM_AudioService","dstService":"IDCM_CarAudioService","messageType":0,"uuid":1668099650497745384,"methodName":"setVolume","parameters":{"functionInfo":{"IDCM_VolumeValue_Media":"36"}}}}
11-11 01:00:50.507 2138 4997 D MicroService: Payload data length: 200
11-11 01:00:50.508 21220 21467 D BluetoothDatabase: getBondedDevicesOrdered: Invalid address for device LocalStorage
11-11 01:00:50.511 21220 21467 E HeadsetStateMachine: returning mCurrentState as Disconnected
11-11 01:00:50.512 21220 21467 D BluetoothPbapService: getConnectionState: F4:4E:FD:AD:96:65
11-11 01:00:50.514 21220 21467 D HearingAidService: getActiveDevices
11-11 01:00:50.531 2138 2223 D MicroService: getEvent: clientSocket = Socket[address=/192.168.4.4,port=42820,localPort=9999]
11-11 01:00:50.531 2138 2223 D MicroService: run: called
11-11 01:00:50.531 2138 2223 D MicroService: getEvent: start waiting...
11-11 01:00:50.532 2138 4998 I MicroService: getStringByData(noZero): IDCM_CarAudioService
11-11 01:00:50.532 2138 4998 I MicroService: getStringByData(noZero): FSEM_AudioService
11-11 01:00:50.532 2138 4998 I MicroService: getStringByData: {"srcService":"IDCM_CarAudioService","dstService":"FSEM_AudioService","methodName":"setVolume","messageType":1,"uuid":1668099650497745384,"parameters":{"functionInfo":{"IDCM_VolumeValue_Media":"36"}}}
11-11 01:00:50.532 2138 4998 I MicroService: Receive message: SocketMessageBean{businessData='21930', srcService='IDCM_CarAudioService', destService='FSEM_AudioService', messageType='1', uuid='1668099650497745384', payloadData={"srcService":"IDCM_CarAudioService","dstService":"FSEM_AudioService","methodName":"setVolume","messageType":1,"uuid":1668099650497745384,"parameters":{"functionInfo":{"IDCM_VolumeValue_Media":"36"}}}}
11-11 01:00:50.532 2138 4998 I MicroService: dealMessage: 1
11-11 01:00:50.532 2138 4998 I MicroService: onResponse(setVolume): {"functionInfo":{"IDCM_VolumeValue_Media":"36"}}
11-11 01:00:50.544 1972 2488 I vol.Events: writeEvent level_changed STREAM_MUSIC 36
11-11 01:00:50.544 1520 10895 I MicroServiceManager: requestResult(setVolume) parameters is{"functionInfo":{"IDCM_VolumeValue_Media":"34"}}.
11-11 01:00:50.544 17381 17395 I id.qqdownloade: oneway function results for code 4 on binder at 0xbad832b0 will be dropped but finished with status UNKNOWN_TRANSACTION
11-11 01:00:50.545 17748 18000 I downloader:liv: oneway function results for code 4 on binder at 0xf3f74010 will be dropped but finished with status UNKNOWN_TRANSACTION
11-11 01:00:50.548 21220 21467 D BluetoothDatabase: getBondedDevicesOrdered: Invalid address for device LocalStorage
11-11 01:00:50.549 21220 21232 D BluetoothDatabase: getBondedDevicesOrdered: Invalid address for device LocalStorage
11-11 01:00:50.550 21220 21233 E HeadsetStateMachine: returning mCurrentState as Disconnected
11-11 01:00:50.550 21220 21232 E HeadsetStateMachine: returning mCurrentState as Disconnected
11-11 01:00:50.551 21220 21233 D BluetoothPbapService: getConnectionState: F4:4E:FD:AD:96:65
11-11 01:00:50.551 21220 21232 D BluetoothPbapService: getConnectionState: F4:4E:FD:AD:96:65
11-11 01:00:50.553 21220 21232 D HearingAidService: getActiveDevices
11-11 01:00:50.553 21220 21233 D HearingAidService: getActiveDevices
11-11 01:00:50.554 2138 4999 D MicroService: createClientSocket: clientSocket new
11-11 01:00:50.554 2138 4999 D MicroService: createClientSocket: IP = 192.168.4.4, PORT 9999localAddress = /192.168.4.16
11-11 01:00:50.554 2138 4999 D MicroService: Launching the I/O handler
11-11 01:00:50.554 2138 4999 D MicroService: createClientSocket: clientSocket = Socket[address=/192.168.4.4,port=9999,localPort=46629]
11-11 01:00:50.554 2138 4999 D MicroService: Send message to IDCM:SocketMessageBean{businessData='21930', srcService='FSEM_AudioService', destService='IDCM_CarAudioService', messageType='0', uuid='1668099650545626270', payloadData={"srcService":"FSEM_AudioService","dstService":"IDCM_CarAudioService","messageType":0,"uuid":1668099650545626270,"methodName":"setVolume","parameters":{"functionInfo":{"IDCM_VolumeValue_Media":"34"}}}}
11-11 01:00:50.554 2138 4999 D MicroService: Payload data length: 200
11-11 01:00:50.589 2138 2223 D MicroService: getEvent: clientSocket = Socket[address=/192.168.4.4,port=42822,localPort=9999]
11-11 01:00:50.589 2138 2223 D MicroService: run: called
11-11 01:00:50.589 2138 2223 D MicroService: getEvent: start waiting...
11-11 01:00:50.591 2138 5000 I MicroService: getStringByData(noZero): IDCM_CarAudioService
11-11 01:00:50.591 2138 5000 I MicroService: getStringByData(noZero): FSEM_AudioService
11-11 01:00:50.591 2138 5000 I MicroService: getStringByData: {"srcService":"IDCM_CarAudioService","dstService":"FSEM_AudioService","methodName":"setVolume","messageType":1,"uuid":1668099650545626270,"parameters":{"functionInfo":{"IDCM_VolumeValue_Media":"34"}}}
11-11 01:00:50.591 2138 5000 I MicroService: Receive message: SocketMessageBean{businessData='21930', srcService='IDCM_CarAudioService', destService='FSEM_AudioService', messageType='1', uuid='1668099650545626270', payloadData={"srcService":"IDCM_CarAudioService","dstService":"FSEM_AudioService","methodName":"setVolume","messageType":1,"uuid":1668099650545626270,"parameters":{"functionInfo":{"IDCM_VolumeValue_Media":"34"}}}}
11-11 01:00:50.591 2138 5000 I MicroService: dealMessage: 1
11-11 01:00:50.591 2138 5000 I MicroService: onResponse(setVolume): {"functionInfo":{"IDCM_VolumeValue_Media":"34"}}
11-11 01:00:50.601 1972 2488 I vol.Events: writeEvent level_changed STREAM_ALARM 6
11-11 01:00:50.612 1972 2488 I vol.Events: writeEvent level_changed STREAM_MUSIC 34
11-11 01:00:50.612 1520 19358 I MicroServiceManager: requestResult(setVolume) parameters is{"functionInfo":{"IDCM_VolumeValue_Media":"28"}}.
11-11 01:00:50.612 17381 17395 I id.qqdownloade: oneway function results for code 4 on binder at 0xbad832b0 will be dropped but finished with status UNKNOWN_TRANSACTION
11-11 01:00:50.612 17748 18000 I downloader:liv: oneway function results for code 4 on binder at 0xf3f74010 will be dropped but finished with status UNKNOWN_TRANSACTION
11-11 01:00:50.613 1972 2488 I vol.Events: writeEvent level_changed STREAM_RING 6
11-11 01:00:50.613 1972 2488 I vol.Events: writeEvent level_changed STREAM_SYSTEM 6
11-11 01:00:50.616 21220 21233 D BluetoothDatabase: getBondedDevicesOrdered: Invalid address for device LocalStorage
11-11 01:00:50.616 2138 5001 D MicroService: createClientSocket: clientSocket new
11-11 01:00:50.616 2138 5001 D MicroService: createClientSocket: IP = 192.168.4.4, PORT 9999localAddress = /192.168.4.16
11-11 01:00:50.616 2138 5001 D MicroService: Launching the I/O handler
11-11 01:00:50.616 2138 5001 D MicroService: createClientSocket: clientSocket = Socket[address=/192.168.4.4,port=9999,localPort=45105]
11-11 01:00:50.617 2138 5001 D MicroService: Send message to IDCM:SocketMessageBean{businessData='21930', srcService='FSEM_AudioService', destService='IDCM_CarAudioService', messageType='0', uuid='1668099650613626166', payloadData={"srcService":"FSEM_AudioService","dstService":"IDCM_CarAudioService","messageType":0,"uuid":1668099650613626166,"methodName":"setVolume","parameters":{"functionInfo":{"IDCM_VolumeValue_Media":"28"}}}}
11-11 01:00:50.617 2138 5001 D MicroService: Payload data length: 200
11-11 01:00:50.620 21220 21233 E HeadsetStateMachine: returning mCurrentState as Disconnected
11-11 01:00:50.621 21220 21233 D BluetoothPbapService: getConnectionState: F4:4E:FD:AD:96:65
11-11 01:00:50.622 21220 21233 D HearingAidService: getActiveDevices
11-11 01:00:50.626 21220 21233 D BluetoothDatabase: getBondedDevicesOrdered: Invalid address for device LocalStorage
11-11 01:00:50.627 21220 21233 E HeadsetStateMachine: returning mCurrentState as Disconnected
11-11 01:00:50.628 21220 21232 D BluetoothPbapService: getConnectionState: F4:4E:FD:AD:96:65
11-11 01:00:50.629 21220 21232 D HearingAidService: getActiveDevices
11-11 01:00:50.650 2138 2223 D MicroService: getEvent: clientSocket = Socket[address=/192.168.4.4,port=42824,localPort=9999]
11-11 01:00:50.650 2138 2223 D MicroService: run: called
11-11 01:00:50.651 2138 2223 D MicroService: getEvent: start waiting...
11-11 01:00:50.651 2138 5002 I MicroService: getStringByData(noZero): IDCM_CarAudioService
11-11 01:00:50.651 2138 5002 I MicroService: getStringByData(noZero): FSEM_AudioService
11-11 01:00:50.651 2138 5002 I MicroService: getStringByData: {"srcService":"IDCM_CarAudioService","dstService":"FSEM_AudioService","methodName":"setVolume","messageType":1,"uuid":1668099650613626166,"parameters":{"functionInfo":{"IDCM_VolumeValue_Media":"28"}}}
11-11 01:00:50.651 2138 5002 I MicroService: Receive message: SocketMessageBean{businessData='21930', srcService='IDCM_CarAudioService', destService='FSEM_AudioService', messageType='1', uuid='1668099650613626166', payloadData={"srcService":"IDCM_CarAudioService","dstService":"FSEM_AudioService","methodName":"setVolume","messageType":1,"uuid":1668099650613626166,"parameters":{"functionInfo":{"IDCM_VolumeValue_Media":"28"}}}}
11-11 01:00:50.651 2138 5002 I MicroService: dealMessage: 1
11-11 01:00:50.651 2138 5002 I MicroService: onResponse(setVolume): {"functionInfo":{"IDCM_VolumeValue_Media":"28"}}
11-11 01:00:50.663 1972 2488 I vol.Events: writeEvent level_changed STREAM_ALARM 5
11-11 01:00:50.665 1972 2488 I vol.Events: writeEvent level_changed STREAM_RING 5
11-11 01:00:50.666 1972 2488 I vol.Events: writeEvent level_changed STREAM_SYSTEM 5
11-11 01:00:50.668 1972 2488 I vol.Events: writeEvent level_changed STREAM_VOICE_CALL 4
11-11 01:00:50.679 1520 19357 I MicroServiceManager: requestResult(setVolume) parameters is{"functionInfo":{"IDCM_VolumeValue_Media":"23"}}.
11-11 01:00:50.679 17748 18000 I downloader:liv: oneway function results for code 4 on binder at 0xf3f74010 will be dropped but finished with status UNKNOWN_TRANSACTION
11-11 01:00:50.679 17381 17395 I id.qqdownloade: oneway function results for code 4 on binder at 0xbad832b0 will be dropped but finished with status UNKNOWN_TRANSACTION
11-11 01:00:50.679 1972 2488 I vol.Events: writeEvent level_changed STREAM_MUSIC 28
11-11 01:00:50.682 2138 5003 D MicroService: createClientSocket: clientSocket new
11-11 01:00:50.683 2138 5003 D MicroService: createClientSocket: IP = 192.168.4.4, PORT 9999localAddress = /192.168.4.16
11-11 01:00:50.683 2138 5003 D MicroService: Launching the I/O handler
11-11 01:00:50.683 2138 5003 D MicroService: createClientSocket: clientSocket = Socket[address=/192.168.4.4,port=9999,localPort=51385]
11-11 01:00:50.683 21220 21233 D BluetoothDatabase: getBondedDevicesOrdered: Invalid address for device LocalStorage
11-11 01:00:50.683 2138 5003 D MicroService: Send message to IDCM:SocketMessageBean{businessData='21930', srcService='FSEM_AudioService', destService='IDCM_CarAudioService', messageType='0', uuid='1668099650679457207', payloadData={"srcService":"FSEM_AudioService","dstService":"IDCM_CarAudioService","messageType":0,"uuid":1668099650679457207,"methodName":"setVolume","parameters":{"functionInfo":{"IDCM_VolumeValue_Media":"23"}}}}
11-11 01:00:50.683 2138 5003 D MicroService: Payload data length: 200
11-11 01:00:50.685 21220 21233 E HeadsetStateMachine: returning mCurrentState as Disconnected
11-11 01:00:50.687 21220 21233 D BluetoothPbapService: getConnectionState: F4:4E:FD:AD:96:65
11-11 01:00:50.690 21220 21233 D HearingAidService: getActiveDevices
11-11 01:00:50.692 21220 21233 D BluetoothDatabase: getBondedDevicesOrdered: Invalid address for device LocalStorage
11-11 01:00:50.693 21220 21233 E HeadsetStateMachine: returning mCurrentState as Disconnected
11-11 01:00:50.695 21220 21233 D BluetoothPbapService: getConnectionState: F4:4E:FD:AD:96:65
11-11 01:00:50.697 21220 21233 D HearingAidService: getActiveDevices
11-11 01:00:50.709 2138 2223 D MicroService: getEvent: clientSocket = Socket[address=/192.168.4.4,port=42826,localPort=9999]
11-11 01:00:50.709 2138 2223 D MicroService: run: called
11-11 01:00:50.709 2138 2223 D MicroService: getEvent: start waiting...
11-11 01:00:50.711 2138 5004 I MicroService: getStringByData(noZero): IDCM_CarAudioService
11-11 01:00:50.711 2138 5004 I MicroService: getStringByData(noZero): FSEM_AudioService
11-11 01:00:50.711 2138 5004 I MicroService: getStringByData: {"srcService":"IDCM_CarAudioService","dstService":"FSEM_AudioService","methodName":"setVolume","messageType":1,"uuid":1668099650679457207,"parameters":{"functionInfo":{"IDCM_VolumeValue_Media":"23"}}}
11-11 01:00:50.711 2138 5004 I MicroService: Receive message: SocketMessageBean{businessData='21930', srcService='IDCM_CarAudioService', destService='FSEM_AudioService', messageType='1', uuid='1668099650679457207', payloadData={"srcService":"IDCM_CarAudioService","dstService":"FSEM_AudioService","methodName":"setVolume","messageType":1,"uuid":1668099650679457207,"parameters":{"functionInfo":{"IDCM_VolumeValue_Media":"23"}}}}
11-11 01:00:50.711 2138 5004 I MicroService: dealMessage: 1
11-11 01:00:50.711 2138 5004 I MicroService: onResponse(setVolume): {"functionInfo":{"IDCM_VolumeValue_Media":"23"}}
11-11 01:00:50.725 1972 2488 I vol.Events: writeEvent level_changed STREAM_RING 4
11-11 01:00:50.725 1972 2488 I vol.Events: writeEvent level_changed STREAM_SYSTEM 4
11-11 01:00:50.725 1972 2488 I vol.Events: writeEvent level_changed STREAM_VOICE_CALL 3
11-11 01:00:50.725 1972 2488 I vol.Events: writeEvent level_changed STREAM_MUSIC 23
11-11 01:00:50.731 1520 10896 I MicroServiceManager: requestResult(setVolume) parameters is{"functionInfo":{"IDCM_VolumeValue_Media":"18"}}.
11-11 01:00:50.731 17381 17395 I id.qqdownloade: oneway function results for code 4 on binder at 0xbad832b0 will be dropped but finished with status UNKNOWN_TRANSACTION
11-11 01:00:50.732 17748 18000 I downloader:liv: oneway function results for code 4 on binder at 0xf3f74010 will be dropped but finished with status UNKNOWN_TRANSACTION
11-11 01:00:50.735 2138 5006 D MicroService: createClientSocket: clientSocket new
11-11 01:00:50.736 2138 5006 D MicroService: createClientSocket: IP = 192.168.4.4, PORT 9999localAddress = /192.168.4.16
11-11 01:00:50.736 2138 5006 D MicroService: Launching the I/O handler
11-11 01:00:50.736 2138 5006 D MicroService: createClientSocket: clientSocket = Socket[address=/192.168.4.4,port=9999,localPort=49597]
11-11 01:00:50.736 2138 5006 D MicroService: Send message to IDCM:SocketMessageBean{businessData='21930', srcService='FSEM_AudioService', destService='IDCM_CarAudioService', messageType='0', uuid='1668099650731446791', payloadData={"srcService":"FSEM_AudioService","dstService":"IDCM_CarAudioService","messageType":0,"uuid":1668099650731446791,"methodName":"setVolume","parameters":{"functionInfo":{"IDCM_VolumeValue_Media":"18"}}}}
11-11 01:00:50.736 2138 5006 D MicroService: Payload data length: 200
11-11 01:00:50.736 21220 21233 D BluetoothDatabase: getBondedDevicesOrdered: Invalid address for device LocalStorage
11-11 01:00:50.737 21220 21233 E HeadsetStateMachine: returning mCurrentState as Disconnected
11-11 01:00:50.738 21220 21233 D BluetoothPbapService: getConnectionState: F4:4E:FD:AD:96:65
11-11 01:00:50.740 21220 21467 D BluetoothDatabase: getBondedDevicesOrdered: Invalid address for device LocalStorage
11-11 01:00:50.741 21220 21467 D HearingAidService: getActiveDevices
11-11 01:00:50.741 21220 21233 E HeadsetStateMachine: returning mCurrentState as Disconnected
11-11 01:00:50.742 21220 21233 D BluetoothPbapService: getConnectionState: F4:4E:FD:AD:96:65
11-11 01:00:50.744 21220 21233 D HearingAidService: getActiveDevices
11-11 01:00:50.765 2138 2223 D MicroService: getEvent: clientSocket = Socket[address=/192.168.4.4,port=42828,localPort=9999]
11-11 01:00:50.766 2138 2223 D MicroService: run: called
11-11 01:00:50.766 2138 2223 D MicroService: getEvent: start waiting...
11-11 01:00:50.767 2138 5007 I MicroService: getStringByData(noZero): IDCM_CarAudioService
11-11 01:00:50.767 2138 5007 I MicroService: getStringByData(noZero): FSEM_AudioService
11-11 01:00:50.767 2138 5007 I MicroService: getStringByData: {"srcService":"IDCM_CarAudioService","dstService":"FSEM_AudioService","methodName":"setVolume","messageType":1,"uuid":1668099650731446791,"parameters":{"functionInfo":{"IDCM_VolumeValue_Media":"18"}}}
11-11 01:00:50.767 2138 5007 I MicroService: Receive message: SocketMessageBean{businessData='21930', srcService='IDCM_CarAudioService', destService='FSEM_AudioService', messageType='1', uuid='1668099650731446791', payloadData={"srcService":"IDCM_CarAudioService","dstService":"FSEM_AudioService","methodName":"setVolume","messageType":1,"uuid":1668099650731446791,"parameters":{"functionInfo":{"IDCM_VolumeValue_Media":"18"}}}}
11-11 01:00:50.767 2138 5007 I MicroService: dealMessage: 1
11-11 01:00:50.767 2138 5007 I MicroService: onResponse(setVolume): {"functionInfo":{"IDCM_VolumeValue_Media":"18"}}
11-11 01:00:50.777 1972 2488 I vol.Events: writeEvent level_changed STREAM_ALARM 4
11-11 01:00:50.778 1972 2488 I vol.Events: writeEvent level_changed STREAM_RING 3
11-11 01:00:50.779 1972 2488 I vol.Events: writeEvent level_changed STREAM_SYSTEM 3
11-11 01:00:50.781 1972 2488 I vol.Events: writeEvent level_changed STREAM_MUSIC 18
11-11 01:00:50.789 17381 17395 I id.qqdownloade: oneway function results for code 4 on binder at 0xbad832b0 will be dropped but finished with status UNKNOWN_TRANSACTION
11-11 01:00:50.789 17748 18000 I downloader:liv: oneway function results for code 4 on binder at 0xf3f74010 will be dropped but finished with status UNKNOWN_TRANSACTION
11-11 01:00:50.790 1520 10896 I MicroServiceManager: requestResult(setVolume) parameters is{"functionInfo":{"IDCM_VolumeValue_Media":"13"}}.
11-11 01:00:50.791 21220 21467 D BluetoothDatabase: getBondedDevicesOrdered: Invalid address for device LocalStorage
11-11 01:00:50.792 21220 21467 E HeadsetStateMachine: returning mCurrentState as Disconnected
11-11 01:00:50.794 21220 21467 D BluetoothPbapService: getConnectionState: F4:4E:FD:AD:96:65
11-11 01:00:50.794 2138 5008 D MicroService: createClientSocket: clientSocket new
11-11 01:00:50.794 2138 5008 D MicroService: createClientSocket: IP = 192.168.4.4, PORT 9999localAddress = /192.168.4.16
11-11 01:00:50.794 2138 5008 D MicroService: Launching the I/O handler
11-11 01:00:50.794 2138 5008 D MicroService: createClientSocket: clientSocket = Socket[address=/192.168.4.4,port=9999,localPort=44139]
11-11 01:00:50.794 2138 5008 D MicroService: Send message to IDCM:SocketMessageBean{businessData='21930', srcService='FSEM_AudioService', destService='IDCM_CarAudioService', messageType='0', uuid='1668099650790220176', payloadData={"srcService":"FSEM_AudioService","dstService":"IDCM_CarAudioService","messageType":0,"uuid":1668099650790220176,"methodName":"setVolume","parameters":{"functionInfo":{"IDCM_VolumeValue_Media":"13"}}}}
11-11 01:00:50.794 2138 5008 D MicroService: Payload data length: 200
11-11 01:00:50.796 21220 21467 D HearingAidService: getActiveDevices
11-11 01:00:50.798 21220 21467 D BluetoothDatabase: getBondedDevicesOrdered: Invalid address for device LocalStorage
11-11 01:00:50.799 21220 21233 E HeadsetStateMachine: returning mCurrentState as Disconnected
11-11 01:00:50.800 21220 21233 D BluetoothPbapService: getConnectionState: F4:4E:FD:AD:96:65
11-11 01:00:50.801 21220 21233 D HearingAidService: getActiveDevices
11-11 01:00:50.822 2138 2223 D MicroService: getEvent: clientSocket = Socket[address=/192.168.4.4,port=42832,localPort=9999]
11-11 01:00:50.822 2138 2223 D MicroService: run: called
11-11 01:00:50.822 2138 2223 D MicroService: getEvent: start waiting...
11-11 01:00:50.824 2138 5009 I MicroService: getStringByData(noZero): IDCM_CarAudioService
11-11 01:00:50.824 2138 5009 I MicroService: getStringByData(noZero): FSEM_AudioService
11-11 01:00:50.824 2138 5009 I MicroService: getStringByData: {"srcService":"IDCM_CarAudioService","dstService":"FSEM_AudioService","methodName":"setVolume","messageType":1,"uuid":1668099650790220176,"parameters":{"functionInfo":{"IDCM_VolumeValue_Media":"13"}}}
11-11 01:00:50.824 2138 5009 I MicroService: Receive message: SocketMessageBean{businessData='21930', srcService='IDCM_CarAudioService', destService='FSEM_AudioService', messageType='1', uuid='1668099650790220176', payloadData={"srcService":"IDCM_CarAudioService","dstService":"FSEM_AudioService","methodName":"setVolume","messageType":1,"uuid":1668099650790220176,"parameters":{"functionInfo":{"IDCM_VolumeValue_Media":"13"}}}}
11-11 01:00:50.824 2138 5009 I MicroService: dealMessage: 1
11-11 01:00:50.825 2138 5009 I MicroService: onResponse(setVolume): {"functionInfo":{"IDCM_VolumeValue_Media":"13"}}
11-11 01:00:50.833 1972 2488 I vol.Events: writeEvent level_changed STREAM_ALARM 3
11-11 01:00:50.835 1972 2488 I vol.Events: writeEvent level_changed STREAM_RING 2
11-11 01:00:50.835 1972 2488 I vol.Events: writeEvent level_changed STREAM_SYSTEM 2
11-11 01:00:50.837 1972 2488 I vol.Events: writeEvent level_changed STREAM_VOICE_CALL 2
11-11 01:00:50.845 1972 2488 I vol.Events: writeEvent level_changed STREAM_MUSIC 13
11-11 01:00:50.845 1520 19357 I MicroServiceManager: requestResult(setVolume) parameters is{"functionInfo":{"IDCM_VolumeValue_Media":"9"}}.
11-11 01:00:50.845 17381 17395 I id.qqdownloade: oneway function results for code 4 on binder at 0xbad832b0 will be dropped but finished with status UNKNOWN_TRANSACTION
11-11 01:00:50.846 17748 18000 I downloader:liv: oneway function results for code 4 on binder at 0xf3f74010 will be dropped but finished with status UNKNOWN_TRANSACTION
11-11 01:00:50.848 2138 5010 D MicroService: createClientSocket: clientSocket new
11-11 01:00:50.848 2138 5010 D MicroService: createClientSocket: IP = 192.168.4.4, PORT 9999localAddress = /192.168.4.16
11-11 01:00:50.848 2138 5010 D MicroService: Launching the I/O handler
11-11 01:00:50.848 2138 5010 D MicroService: createClientSocket: clientSocket = Socket[address=/192.168.4.4,port=9999,localPort=46117]
11-11 01:00:50.849 2138 5010 D MicroService: Send message to IDCM:SocketMessageBean{businessData='21930', srcService='FSEM_AudioService', destService='IDCM_CarAudioService', messageType='0', uuid='1668099650845497259', payloadData={"srcService":"FSEM_AudioService","dstService":"IDCM_CarAudioService","messageType":0,"uuid":1668099650845497259,"methodName":"setVolume","parameters":{"functionInfo":{"IDCM_VolumeValue_Media":"9"}}}}
11-11 01:00:50.849 2138 5010 D MicroService: Payload data length: 199
11-11 01:00:50.849 21220 21467 D BluetoothDatabase: getBondedDevicesOrdered: Invalid address for device LocalStorage
11-11 01:00:50.850 1221 4905 I OMX-VENC: venc_dev: stats: avg. fps 35.84, bitrate 2373829
11-11 01:00:50.852 21220 21467 E HeadsetStateMachine: returning mCurrentState as Disconnected
11-11 01:00:50.854 21220 21467 D BluetoothPbapService: getConnectionState: F4:4E:FD:AD:96:65
11-11 01:00:50.856 21220 21233 D BluetoothDatabase: getBondedDevicesOrdered: Invalid address for device LocalStorage
11-11 01:00:50.857 21220 21233 E HeadsetStateMachine: returning mCurrentState as Disconnected
11-11 01:00:50.857 21220 21467 D HearingAidService: getActiveDevices
11-11 01:00:50.858 21220 21233 D BluetoothPbapService: getConnectionState: F4:4E:FD:AD:96:65
11-11 01:00:50.859 21220 21233 D HearingAidService: getActiveDevices
11-11 01:00:50.881 2138 2223 D MicroService: getEvent: clientSocket = Socket[address=/192.168.4.4,port=42834,localPort=9999]
11-11 01:00:50.882 2138 2223 D MicroService: run: called
11-11 01:00:50.882 2138 2223 D MicroService: getEvent: start waiting...
11-11 01:00:50.883 2138 5011 I MicroService: getStringByData(noZero): IDCM_CarAudioService
11-11 01:00:50.883 2138 5011 I MicroService: getStringByData(noZero): FSEM_AudioService
11-11 01:00:50.883 2138 5011 I MicroService: getStringByData: {"srcService":"IDCM_CarAudioService","dstService":"FSEM_AudioService","methodName":"setVolume","messageType":1,"uuid":1668099650845497259,"parameters":{"functionInfo":{"IDCM_VolumeValue_Media":"9"}}}
11-11 01:00:50.883 2138 5011 I MicroService: Receive message: SocketMessageBean{businessData='21930', srcService='IDCM_CarAudioService', destService='FSEM_AudioService', messageType='1', uuid='1668099650845497259', payloadData={"srcService":"IDCM_CarAudioService","dstService":"FSEM_AudioService","methodName":"setVolume","messageType":1,"uuid":1668099650845497259,"parameters":{"functionInfo":{"IDCM_VolumeValue_Media":"9"}}}}
11-11 01:00:50.883 2138 5011 I MicroService: dealMessage: 1
11-11 01:00:50.883 2138 5011 I MicroService: onResponse(setVolume): {"functionInfo":{"IDCM_VolumeValue_Media":"9"}}
11-11 01:00:50.895 1972 2488 I vol.Events: writeEvent level_changed STREAM_ALARM 2
11-11 01:00:50.897 1972 2488 I vol.Events: writeEvent level_changed STREAM_MUSIC 9
11-11 01:00:50.909 1520 6817 I MicroServiceManager: requestResult(setVolume) parameters is{"functionInfo":{"IDCM_VolumeValue_Media":"6"}}.
11-11 01:00:50.912 2138 5012 D MicroService: createClientSocket: clientSocket new
11-11 01:00:50.912 2138 5012 D MicroService: createClientSocket: IP = 192.168.4.4, PORT 9999localAddress = /192.168.4.16
11-11 01:00:50.912 2138 5012 D MicroService: Launching the I/O handler
11-11 01:00:50.912 2138 5012 D MicroService: createClientSocket: clientSocket = Socket[address=/192.168.4.4,port=9999,localPort=38063]
11-11 01:00:50.912 2138 5012 D MicroService: Send message to IDCM:SocketMessageBean{businessData='21930', srcService='FSEM_AudioService', destService='IDCM_CarAudioService', messageType='0', uuid='1668099650910823040', payloadData={"srcService":"FSEM_AudioService","dstService":"IDCM_CarAudioService","messageType":0,"uuid":1668099650910823040,"methodName":"setVolume","parameters":{"functionInfo":{"IDCM_VolumeValue_Media":"6"}}}}
11-11 01:00:50.912 2138 5012 D MicroService: Payload data length: 199
11-11 01:00:50.913 17748 18000 I downloader:liv: oneway function results for code 4 on binder at 0xf3f74010 will be dropped but finished with status UNKNOWN_TRANSACTION
11-11 01:00:50.913 17381 17395 I id.qqdownloade: oneway function results for code 4 on binder at 0xbad832b0 will be dropped but finished with status UNKNOWN_TRANSACTION
11-11 01:00:50.915 21220 21233 D BluetoothDatabase: getBondedDevicesOrdered: Invalid address for device LocalStorage
11-11 01:00:50.915 21220 21467 D BluetoothDatabase: getBondedDevicesOrdered: Invalid address for device LocalStorage
11-11 01:00:50.917 21220 21467 E HeadsetStateMachine: returning mCurrentState as Disconnected
11-11 01:00:50.917 21220 21233 E HeadsetStateMachine: returning mCurrentState as Disconnected
11-11 01:00:50.918 21220 21233 D BluetoothPbapService: getConnectionState: F4:4E:FD:AD:96:65
11-11 01:00:50.919 21220 21467 D BluetoothPbapService: getConnectionState: F4:4E:FD:AD:96:65
11-11 01:00:50.919 21220 21233 D HearingAidService: getActiveDevices
11-11 01:00:50.921 21220 21467 D HearingAidService: getActiveDevices
11-11 01:00:50.938 2138 2223 D MicroService: getEvent: clientSocket = Socket[address=/192.168.4.4,port=42836,localPort=9999]
11-11 01:00:50.938 2138 2223 D MicroService: run: called
11-11 01:00:50.938 2138 2223 D MicroService: getEvent: start waiting...
11-11 01:00:50.935 2681 2681 W event_loop: type=1400 audit(0.0:921147126): avc: denied { read } for lport=13400 scontext=u:r:hht_ota_mgr:s0 tcontext=u:r:hht_ota_mgr:s0 tclass=udp_socket permissive=0
11-11 01:00:50.939 2681 2681 W event_loop: type=1400 audit(0.0:921147127): avc: denied { read } for lport=13400 scontext=u:r:hht_ota_mgr:s0 tcontext=u:r:hht_ota_mgr:s0 tclass=udp_socket permissive=0
11-11 01:00:50.939 2681 2681 W event_loop: type=1400 audit(0.0:921147128): avc: denied { read } for lport=13400 scontext=u:r:hht_ota_mgr:s0 tcontext=u:r:hht_ota_mgr:s0 tclass=udp_socket permissive=0
11-11 01:00:50.939 2681 2681 W event_loop: type=1400 audit(0.0:921147129): avc: denied { read } for lport=13400 scontext=u:r:hht_ota_mgr:s0 tcontext=u:r:hht_ota_mgr:s0 tclass=udp_socket permissive=0
11-11 01:00:50.939 2681 2681 W event_loop: type=1400 audit(0.0:921147130): avc: denied { read } for lport=13400 scontext=u:r:hht_ota_mgr:s0 tcontext=u:r:hht_ota_mgr:s0 tclass=udp_socket permissive=0
11-11 01:00:50.940 2138 5013 I MicroService: getStringByData(noZero): IDCM_CarAudioService
11-11 01:00:50.940 2138 5013 I MicroService: getStringByData(noZero): FSEM_AudioService
11-11 01:00:50.940 2138 5013 I MicroService: getStringByData: {"srcService":"IDCM_CarAudioService","dstService":"FSEM_AudioService","methodName":"setVolume","messageType":1,"uuid":1668099650910823040,"parameters":{"functionInfo":{"IDCM_VolumeValue_Media":"6"}}}
11-11 01:00:50.940 2138 5013 I MicroService: Receive message: SocketMessageBean{businessData='21930', srcService='IDCM_CarAudioService', destService='FSEM_AudioService', messageType='1', uuid='1668099650910823040', payloadData={"srcService":"IDCM_CarAudioService","dstService":"FSEM_AudioService","methodName":"setVolume","messageType":1,"uuid":1668099650910823040,"parameters":{"functionInfo":{"IDCM_VolumeValue_Media":"6"}}}}
11-11 01:00:50.940 2138 5013 I MicroService: dealMessage: 1
11-11 01:00:50.940 2138 5013 I MicroService: onResponse(setVolume): {"functionInfo":{"IDCM_VolumeValue_Media":"6"}}
01-01 09:02:45.712 0 0 W audit : audit_lost=921130600 audit_rate_limit=5 audit_backlog_limit=64
11-11 01:00:50.948 1204 1712 D AudioAnalytics: gc(1700, 2000): log size:1700 item map size:122, item map items:1700
01-01 09:02:45.712 0 0 E audit : rate limit exceeded
11-11 01:00:50.951 1972 2488 I vol.Events: writeEvent level_changed STREAM_RING 1
11-11 01:00:50.952 1972 2488 I vol.Events: writeEvent level_changed STREAM_SYSTEM 1
11-11 01:00:50.957 1972 2488 I vol.Events: writeEvent level_changed STREAM_MUSIC 6
11-11 01:00:50.957 1520 2133 I MicroServiceManager: requestResult(setVolume) parameters is{"functionInfo":{"IDCM_VolumeValue_Media":"1"}}.
11-11 01:00:50.957 17381 17395 I id.qqdownloade: oneway function results for code 4 on binder at 0xbad832b0 will be dropped but finished with status UNKNOWN_TRANSACTION
11-11 01:00:50.958 17748 18000 I downloader:liv: oneway function results for code 4 on binder at 0xf3f74010 will be dropped but finished with status UNKNOWN_TRANSACTION
11-11 01:00:50.960 21220 21233 D BluetoothDatabase: getBondedDevicesOrdered: Invalid address for device LocalStorage
11-11 01:00:50.961 2138 5014 D MicroService: createClientSocket: clientSocket new
11-11 01:00:50.961 2138 5014 D MicroService: createClientSocket: IP = 192.168.4.4, PORT 9999localAddress = /192.168.4.16
11-11 01:00:50.961 2138 5014 D MicroService: Launching the I/O handler
11-11 01:00:50.961 2138 5014 D MicroService: createClientSocket: clientSocket = Socket[address=/192.168.4.4,port=9999,localPort=53059]
11-11 01:00:50.961 2138 5014 D MicroService: Send message to IDCM:SocketMessageBean{businessData='21930', srcService='FSEM_AudioService', destService='IDCM_CarAudioService', messageType='0', uuid='1668099650958892728', payloadData={"srcService":"FSEM_AudioService","dstService":"IDCM_CarAudioService","messageType":0,"uuid":1668099650958892728,"methodName":"setVolume","parameters":{"functionInfo":{"IDCM_VolumeValue_Media":"1"}}}}
11-11 01:00:50.961 2138 5014 D MicroService: Payload data length: 199
11-11 01:00:50.961 21220 21233 E HeadsetStateMachine: returning mCurrentState as Disconnected
11-11 01:00:50.962 21220 21233 D BluetoothPbapService: getConnectionState: F4:4E:FD:AD:96:65
11-11 01:00:50.964 21220 21233 D HearingAidService: getActiveDevices
11-11 01:00:50.965 21220 21233 D BluetoothDatabase: getBondedDevicesOrdered: Invalid address for device LocalStorage
11-11 01:00:50.966 21220 21233 E HeadsetStateMachine: returning mCurrentState as Disconnected
11-11 01:00:50.967 21220 21467 D BluetoothPbapService: getConnectionState: F4:4E:FD:AD:96:65
11-11 01:00:50.968 21220 21467 D HearingAidService: getActiveDevices
11-11 01:00:50.995 2138 2223 D MicroService: getEvent: clientSocket = Socket[address=/192.168.4.4,port=42838,localPort=9999]
11-11 01:00:50.995 2138 2223 D MicroService: run: called
11-11 01:00:50.995 2138 2223 D MicroService: getEvent: start waiting...
11-11 01:00:50.996 2138 5015 I MicroService: getStringByData(noZero): IDCM_CarAudioService
11-11 01:00:50.996 2138 5015 I MicroService: getStringByData(noZero): FSEM_AudioService
11-11 01:00:50.996 2138 5015 I MicroService: getStringByData: {"srcService":"IDCM_CarAudioService","dstService":"FSEM_AudioService","methodName":"setVolume","messageType":1,"uuid":1668099650958892728,"parameters":{"functionInfo":{"IDCM_VolumeValue_Media":"1"}}}
11-11 01:00:50.996 2138 5015 I MicroService: Receive message: SocketMessageBean{businessData='21930', srcService='IDCM_CarAudioService', destService='FSEM_AudioService', messageType='1', uuid='1668099650958892728', payloadData={"srcService":"IDCM_CarAudioService","dstService":"FSEM_AudioService","methodName":"setVolume","messageType":1,"uuid":1668099650958892728,"parameters":{"functionInfo":{"IDCM_VolumeValue_Media":"1"}}}}
11-11 01:00:50.996 2138 5015 I MicroService: dealMessage: 1
11-11 01:00:50.996 2138 5015 I MicroService: onResponse(setVolume): {"functionInfo":{"IDCM_VolumeValue_Media":"1"}}
11-11 01:00:51.005 1972 2488 I vol.Events: writeEvent level_changed STREAM_ALARM 1
11-11 01:00:51.006 1972 2488 I vol.Events: writeEvent level_changed STREAM_RING 0
11-11 01:00:51.007 1972 2488 I vol.Events: writeEvent level_changed STREAM_SYSTEM 0
11-11 01:00:51.008 1972 2488 I vol.Events: writeEvent level_changed STREAM_VOICE_CALL 1
11-11 01:00:51.019 1972 2488 I vol.Events: writeEvent level_changed STREAM_MUSIC 1
11-11 01:00:51.020 17748 18000 I downloader:liv: oneway function results for code 4 on binder at 0xf3f74010 will be dropped but finished with status UNKNOWN_TRANSACTION
11-11 01:00:51.020 17381 17395 I id.qqdownloade: oneway function results for code 4 on binder at 0xbad832b0 will be dropped but finished with status UNKNOWN_TRANSACTION
11-11 01:00:51.022 21220 21362 D BluetoothDatabase: getBondedDevicesOrdered: Invalid address for device LocalStorage
11-11 01:00:51.023 21220 21362 E HeadsetStateMachine: returning mCurrentState as Disconnected
11-11 01:00:51.025 21220 21362 D BluetoothPbapService: getConnectionState: F4:4E:FD:AD:96:65
11-11 01:00:51.026 21220 21362 D HearingAidService: getActiveDevices
11-11 01:00:51.032 21220 21362 D BluetoothDatabase: getBondedDevicesOrdered: Invalid address for device LocalStorage
11-11 01:00:51.033 21220 21362 E HeadsetStateMachine: returning mCurrentState as Disconnected
11-11 01:00:51.034 21220 21362 D BluetoothPbapService: getConnectionState: F4:4E:FD:AD:96:65
11-11 01:00:51.035 21220 21362 D HearingAidService: getActiveDevices
11-11 01:00:51.302 648 661 I mpu_uart: [MSG-P:RECV]:No message received in 1000 ms
11-11 01:00:51.332 1520 13441 I MicroServiceManager: requestResult(setVolume) parameters is{"functionInfo":{"IDCM_VolumeValue_Media":"2"}}.
11-11 01:00:51.336 2138 5019 D MicroService: createClientSocket: clientSocket new
11-11 01:00:51.336 2138 5019 D MicroService: createClientSocket: IP = 192.168.4.4, PORT 9999localAddress = /192.168.4.16
11-11 01:00:51.336 2138 5019 D MicroService: Launching the I/O handler
11-11 01:00:51.336 2138 5019 D MicroService: createClientSocket: clientSocket = Socket[address=/192.168.4.4,port=9999,localPort=43369]
11-11 01:00:51.336 2138 5019 D MicroService: Send message to IDCM:SocketMessageBean{businessData='21930', srcService='FSEM_AudioService', destService='IDCM_CarAudioService', messageType='0', uuid='1668099651332562832', payloadData={"srcService":"FSEM_AudioService","dstService":"IDCM_CarAudioService","messageType":0,"uuid":1668099651332562832,"methodName":"setVolume","parameters":{"functionInfo":{"IDCM_VolumeValue_Media":"2"}}}}
11-11 01:00:51.336 2138 5019 D MicroService: Payload data length: 199
11-11 01:00:51.352 31956 32052 D MemoryCeilingMonitor: [handleMemoryCalculate]
11-11 01:00:51.352 31956 32052 D MemoryCeilingMonitor: [calculate] tot: 5428106, max: 268435456, free: 533314, heap: 4894792, per: 0.01823452115058899
11-11 01:00:51.358 2138 2223 D MicroService: getEvent: clientSocket = Socket[address=/192.168.4.4,port=42842,localPort=9999]
11-11 01:00:51.358 2138 2223 D MicroService: run: called
11-11 01:00:51.358 2138 2223 D MicroService: getEvent: start waiting...
11-11 01:00:51.359 2138 5020 I MicroService: getStringByData(noZero): IDCM_CarAudioService
11-11 01:00:51.359 2138 5020 I MicroService: getStringByData(noZero): FSEM_AudioService
11-11 01:00:51.359 2138 5020 I MicroService: getStringByData: {"srcService":"IDCM_CarAudioService","dstService":"FSEM_AudioService","methodName":"setVolume","messageType":1,"uuid":1668099651332562832,"parameters":{"functionInfo":{"IDCM_VolumeValue_Media":"2"}}}
11-11 01:00:51.359 2138 5020 I MicroService: Receive message: SocketMessageBean{businessData='21930', srcService='IDCM_CarAudioService', destService='FSEM_AudioService', messageType='1', uuid='1668099651332562832', payloadData={"srcService":"IDCM_CarAudioService","dstService":"FSEM_AudioService","methodName":"setVolume","messageType":1,"uuid":1668099651332562832,"parameters":{"functionInfo":{"IDCM_VolumeValue_Media":"2"}}}}
11-11 01:00:51.359 2138 5020 I MicroService: dealMessage: 1
11-11 01:00:51.359 2138 5020 I MicroService: onResponse(setVolume): {"functionInfo":{"IDCM_VolumeValue_Media":"2"}}
11-11 01:00:51.367 1972 2488 I vol.Events: writeEvent level_changed STREAM_MUSIC 2
11-11 01:00:51.375 17381 17395 I id.qqdownloade: oneway function results for code 4 on binder at 0xbad832b0 will be dropped but finished with status UNKNOWN_TRANSACTION
11-11 01:00:51.375 17748 18000 I downloader:liv: oneway function results for code 4 on binder at 0xf3f74010 will be dropped but finished with status UNKNOWN_TRANSACTION
11-11 01:00:51.377 21220 21467 D BluetoothDatabase: getBondedDevicesOrdered: Invalid address for device LocalStorage
11-11 01:00:51.379 21220 21467 E HeadsetStateMachine: returning mCurrentState as Disconnected
11-11 01:00:51.380 21220 21467 D BluetoothPbapService: getConnectionState: F4:4E:FD:AD:96:65
11-11 01:00:51.380 21220 21362 D BluetoothDatabase: getBondedDevicesOrdered: Invalid address for device LocalStorage
11-11 01:00:51.382 21220 21362 E HeadsetStateMachine: returning mCurrentState as Disconnected
11-11 01:00:51.382 21220 21467 D HearingAidService: getActiveDevices
11-11 01:00:51.382 1520 11170 I MicroServiceManager: requestResult(setVolume) parameters is{"functionInfo":{"IDCM_VolumeValue_Media":"3"}}.
11-11 01:00:51.383 21220 21467 D BluetoothPbapService: getConnectionState: F4:4E:FD:AD:96:65
11-11 01:00:51.385 21220 21467 D HearingAidService: getActiveDevices
11-11 01:00:51.385 2138 5021 D MicroService: createClientSocket: clientSocket new
11-11 01:00:51.385 2138 5021 D MicroService: createClientSocket: IP = 192.168.4.4, PORT 9999localAddress = /192.168.4.16
11-11 01:00:51.385 2138 5021 D MicroService: Launching the I/O handler
11-11 01:00:51.385 2138 5021 D MicroService: createClientSocket: clientSocket = Socket[address=/192.168.4.4,port=9999,localPort=42453]
