11-11 01:00:52.397 21220 21467 D BluetoothPbapService: getConnectionState: F4:4E:FD:AD:96:65
11-11 01:00:52.398 21220 21363 D HearingAidService: getActiveDevices
11-11 01:00:52.399 21220 21467 D HearingAidService: getActiveDevices
11-11 01:00:52.424 2138 2223 D MicroService: getEvent: clientSocket = Socket[address=/192.168.4.4,port=42876,localPort=9999]
11-11 01:00:52.425 2138 2223 D MicroService: run: called
11-11 01:00:52.425 2138 2223 D MicroService: getEvent: start waiting...
11-11 01:00:52.425 2138 5052 I MicroService: getStringByData(noZero): IDCM_CarAudioService
11-11 01:00:52.425 2138 5052 I MicroService: getStringByData(noZero): FSEM_AudioService
11-11 01:00:52.425 2138 5052 I MicroService: getStringByData: {"srcService":"IDCM_CarAudioService","dstService":"FSEM_AudioService","methodName":"setVolume","messageType":1,"uuid":1668099652386108509,"parameters":{"functionInfo":{"IDCM_VolumeValue_Media":"28"}}}
11-11 01:00:52.425 2138 5052 I MicroService: Receive message: SocketMessageBean{businessData='21930', srcService='IDCM_CarAudioService', destService='FSEM_AudioService', messageType='1', uuid='1668099652386108509', payloadData={"srcService":"IDCM_CarAudioService","dstService":"FSEM_AudioService","methodName":"setVolume","messageType":1,"uuid":1668099652386108509,"parameters":{"functionInfo":{"IDCM_VolumeValue_Media":"28"}}}}
11-11 01:00:52.425 2138 5052 I MicroService: dealMessage: 1
11-11 01:00:52.425 2138 5052 I MicroService: onResponse(setVolume): {"functionInfo":{"IDCM_VolumeValue_Media":"28"}}
11-11 01:00:52.436 1972 2488 I vol.Events: writeEvent level_changed STREAM_ALARM 5
11-11 01:00:52.438 1972 2488 I vol.Events: writeEvent level_changed STREAM_RING 5
11-11 01:00:52.441 1972 2488 I vol.Events: writeEvent level_changed STREAM_SYSTEM 5
11-11 01:00:52.450 1520 13881 I MicroServiceManager: requestResult(setVolume) parameters is{"functionInfo":{"IDCM_VolumeValue_Media":"22"}}.
11-11 01:00:52.450 17381 17394 I id.qqdownloade: oneway function results for code 4 on binder at 0xbad832b0 will be dropped but finished with status UNKNOWN_TRANSACTION
11-11 01:00:52.450 1972 2488 I vol.Events: writeEvent level_changed STREAM_MUSIC 28
11-11 01:00:52.451 17748 18001 I downloader:liv: oneway function results for code 4 on binder at 0xf3f74010 will be dropped but finished with status UNKNOWN_TRANSACTION
11-11 01:00:52.454 2138 5053 D MicroService: createClientSocket: clientSocket new
11-11 01:00:52.454 2138 5053 D MicroService: createClientSocket: IP = 192.168.4.4, PORT 9999localAddress = /192.168.4.16
11-11 01:00:52.454 2138 5053 D MicroService: Launching the I/O handler
11-11 01:00:52.454 2138 5053 D MicroService: createClientSocket: clientSocket = Socket[address=/192.168.4.4,port=9999,localPort=59765]
11-11 01:00:52.454 21220 21363 D BluetoothDatabase: getBondedDevicesOrdered: Invalid address for device LocalStorage
11-11 01:00:52.454 2138 5053 D MicroService: Send message to IDCM:SocketMessageBean{businessData='21930', srcService='FSEM_AudioService', destService='IDCM_CarAudioService', messageType='0', uuid='1668099652450368665', payloadData={"srcService":"FSEM_AudioService","dstService":"IDCM_CarAudioService","messageType":0,"uuid":1668099652450368665,"methodName":"setVolume","parameters":{"functionInfo":{"IDCM_VolumeValue_Media":"22"}}}}
11-11 01:00:52.454 2138 5053 D MicroService: Payload data length: 200
11-11 01:00:52.456 21220 21363 E HeadsetStateMachine: returning mCurrentState as Disconnected
11-11 01:00:52.458 21220 21467 D BluetoothPbapService: getConnectionState: F4:4E:FD:AD:96:65
11-11 01:00:52.460 21220 21467 D HearingAidService: getActiveDevices
11-11 01:00:52.462 21220 21467 D BluetoothDatabase: getBondedDevicesOrdered: Invalid address for device LocalStorage
11-11 01:00:52.463 21220 21467 E HeadsetStateMachine: returning mCurrentState as Disconnected
11-11 01:00:52.464 21220 21467 D BluetoothPbapService: getConnectionState: F4:4E:FD:AD:96:65
11-11 01:00:52.465 21220 21467 D HearingAidService: getActiveDevices
11-11 01:00:52.488 2138 2223 D MicroService: getEvent: clientSocket = Socket[address=/192.168.4.4,port=42878,localPort=9999]
11-11 01:00:52.488 2138 2223 D MicroService: run: called
11-11 01:00:52.488 2138 2223 D MicroService: getEvent: start waiting...
11-11 01:00:52.489 2138 5054 I MicroService: getStringByData(noZero): IDCM_CarAudioService
11-11 01:00:52.489 2138 5054 I MicroService: getStringByData(noZero): FSEM_AudioService
11-11 01:00:52.489 2138 5054 I MicroService: getStringByData: {"srcService":"IDCM_CarAudioService","dstService":"FSEM_AudioService","methodName":"setVolume","messageType":1,"uuid":1668099652450368665,"parameters":{"functionInfo":{"IDCM_VolumeValue_Media":"22"}}}
11-11 01:00:52.489 2138 5054 I MicroService: Receive message: SocketMessageBean{businessData='21930', srcService='IDCM_CarAudioService', destService='FSEM_AudioService', messageType='1', uuid='1668099652450368665', payloadData={"srcService":"IDCM_CarAudioService","dstService":"FSEM_AudioService","methodName":"setVolume","messageType":1,"uuid":1668099652450368665,"parameters":{"functionInfo":{"IDCM_VolumeValue_Media":"22"}}}}
11-11 01:00:52.489 2138 5054 I MicroService: dealMessage: 1
11-11 01:00:52.489 2138 5054 I MicroService: onResponse(setVolume): {"functionInfo":{"IDCM_VolumeValue_Media":"22"}}
11-11 01:00:52.498 1972 2488 I vol.Events: writeEvent level_changed STREAM_ALARM 4
11-11 01:00:52.499 1972 2488 I vol.Events: writeEvent level_changed STREAM_RING 4
11-11 01:00:52.499 1972 2488 I vol.Events: writeEvent level_changed STREAM_SYSTEM 4
11-11 01:00:52.500 1972 2488 I vol.Events: writeEvent level_changed STREAM_VOICE_CALL 3
11-11 01:00:52.512 1972 2488 I vol.Events: writeEvent level_changed STREAM_MUSIC 22
11-11 01:00:52.512 1520 13881 I MicroServiceManager: requestResult(setVolume) parameters is{"functionInfo":{"IDCM_VolumeValue_Media":"16"}}.
11-11 01:00:52.512 17381 17394 I id.qqdownloade: oneway function results for code 4 on binder at 0xbad832b0 will be dropped but finished with status UNKNOWN_TRANSACTION
11-11 01:00:52.513 17748 18001 I downloader:liv: oneway function results for code 4 on binder at 0xf3f74010 will be dropped but finished with status UNKNOWN_TRANSACTION
11-11 01:00:52.515 2138 5056 D MicroService: createClientSocket: clientSocket new
11-11 01:00:52.515 2138 5056 D MicroService: createClientSocket: IP = 192.168.4.4, PORT 9999localAddress = /192.168.4.16
11-11 01:00:52.515 2138 5056 D MicroService: Launching the I/O handler
11-11 01:00:52.515 2138 5056 D MicroService: createClientSocket: clientSocket = Socket[address=/192.168.4.4,port=9999,localPort=33375]
11-11 01:00:52.515 2138 5056 D MicroService: Send message to IDCM:SocketMessageBean{businessData='21930', srcService='FSEM_AudioService', destService='IDCM_CarAudioService', messageType='0', uuid='1668099652512280123', payloadData={"srcService":"FSEM_AudioService","dstService":"IDCM_CarAudioService","messageType":0,"uuid":1668099652512280123,"methodName":"setVolume","parameters":{"functionInfo":{"IDCM_VolumeValue_Media":"16"}}}}
11-11 01:00:52.515 2138 5056 D MicroService: Payload data length: 200
11-11 01:00:52.516 21220 21467 D BluetoothDatabase: getBondedDevicesOrdered: Invalid address for device LocalStorage
11-11 01:00:52.518 21220 21467 E HeadsetStateMachine: returning mCurrentState as Disconnected
11-11 01:00:52.519 21220 21467 D BluetoothPbapService: getConnectionState: F4:4E:FD:AD:96:65
11-11 01:00:52.522 21220 21467 D HearingAidService: getActiveDevices
11-11 01:00:52.532 21220 21467 D BluetoothDatabase: getBondedDevicesOrdered: Invalid address for device LocalStorage
11-11 01:00:52.532 21220 21363 E HeadsetStateMachine: returning mCurrentState as Disconnected
11-11 01:00:52.533 21220 21363 D BluetoothPbapService: getConnectionState: F4:4E:FD:AD:96:65
11-11 01:00:52.535 21220 21363 D HearingAidService: getActiveDevices
11-11 01:00:52.546 2138 2223 D MicroService: getEvent: clientSocket = Socket[address=/192.168.4.4,port=42880,localPort=9999]
11-11 01:00:52.547 2138 2223 D MicroService: run: called
11-11 01:00:52.547 2138 2223 D MicroService: getEvent: start waiting...
11-11 01:00:52.547 2138 5057 I MicroService: getStringByData(noZero): IDCM_CarAudioService
11-11 01:00:52.547 2138 5057 I MicroService: getStringByData(noZero): FSEM_AudioService
11-11 01:00:52.547 2138 5057 I MicroService: getStringByData: {"srcService":"IDCM_CarAudioService","dstService":"FSEM_AudioService","methodName":"setVolume","messageType":1,"uuid":1668099652512280123,"parameters":{"functionInfo":{"IDCM_VolumeValue_Media":"16"}}}
11-11 01:00:52.547 2138 5057 I MicroService: Receive message: SocketMessageBean{businessData='21930', srcService='IDCM_CarAudioService', destService='FSEM_AudioService', messageType='1', uuid='1668099652512280123', payloadData={"srcService":"IDCM_CarAudioService","dstService":"FSEM_AudioService","methodName":"setVolume","messageType":1,"uuid":1668099652512280123,"parameters":{"functionInfo":{"IDCM_VolumeValue_Media":"16"}}}}
11-11 01:00:52.547 2138 5057 I MicroService: dealMessage: 1
11-11 01:00:52.547 2138 5057 I MicroService: onResponse(setVolume): {"functionInfo":{"IDCM_VolumeValue_Media":"16"}}
11-11 01:00:52.558 1972 2488 I vol.Events: writeEvent level_changed STREAM_RING 3
11-11 01:00:52.559 1972 2488 I vol.Events: writeEvent level_changed STREAM_SYSTEM 3
11-11 01:00:52.560 1972 2488 I vol.Events: writeEvent level_changed STREAM_MUSIC 16
11-11 01:00:52.566 17381 17394 I id.qqdownloade: oneway function results for code 4 on binder at 0xbad832b0 will be dropped but finished with status UNKNOWN_TRANSACTION
11-11 01:00:52.566 17748 18001 I downloader:liv: oneway function results for code 4 on binder at 0xf3f74010 will be dropped but finished with status UNKNOWN_TRANSACTION
11-11 01:00:52.567 1520 1715 I MicroServiceManager: requestResult(setVolume) parameters is{"functionInfo":{"IDCM_VolumeValue_Media":"11"}}.
11-11 01:00:52.571 21220 21467 D BluetoothDatabase: getBondedDevicesOrdered: Invalid address for device LocalStorage
11-11 01:00:52.571 2138 5058 D MicroService: createClientSocket: clientSocket new
11-11 01:00:52.571 2138 5058 D MicroService: createClientSocket: IP = 192.168.4.4, PORT 9999localAddress = /192.168.4.16
11-11 01:00:52.571 2138 5058 D MicroService: Launching the I/O handler
11-11 01:00:52.571 2138 5058 D MicroService: createClientSocket: clientSocket = Socket[address=/192.168.4.4,port=9999,localPort=52025]
11-11 01:00:52.571 2138 5058 D MicroService: Send message to IDCM:SocketMessageBean{businessData='21930', srcService='FSEM_AudioService', destService='IDCM_CarAudioService', messageType='0', uuid='1668099652568678717', payloadData={"srcService":"FSEM_AudioService","dstService":"IDCM_CarAudioService","messageType":0,"uuid":1668099652568678717,"methodName":"setVolume","parameters":{"functionInfo":{"IDCM_VolumeValue_Media":"11"}}}}
11-11 01:00:52.571 2138 5058 D MicroService: Payload data length: 200
11-11 01:00:52.574 21220 21467 E HeadsetStateMachine: returning mCurrentState as Disconnected
11-11 01:00:52.576 21220 21467 D BluetoothPbapService: getConnectionState: F4:4E:FD:AD:96:65
11-11 01:00:52.578 21220 21467 D HearingAidService: getActiveDevices
11-11 01:00:52.578 21220 21363 D BluetoothDatabase: getBondedDevicesOrdered: Invalid address for device LocalStorage
11-11 01:00:52.579 21220 21363 E HeadsetStateMachine: returning mCurrentState as Disconnected
11-11 01:00:52.580 21220 21363 D BluetoothPbapService: getConnectionState: F4:4E:FD:AD:96:65
11-11 01:00:52.582 21220 21363 D HearingAidService: getActiveDevices
11-11 01:00:52.603 2138 2223 D MicroService: getEvent: clientSocket = Socket[address=/192.168.4.4,port=42882,localPort=9999]
11-11 01:00:52.603 2138 2223 D MicroService: run: called
11-11 01:00:52.603 2138 2223 D MicroService: getEvent: start waiting...
11-11 01:00:52.605 2138 5059 I MicroService: getStringByData(noZero): IDCM_CarAudioService
11-11 01:00:52.605 2138 5059 I MicroService: getStringByData(noZero): FSEM_AudioService
11-11 01:00:52.605 2138 5059 I MicroService: getStringByData: {"srcService":"IDCM_CarAudioService","dstService":"FSEM_AudioService","methodName":"setVolume","messageType":1,"uuid":1668099652568678717,"parameters":{"functionInfo":{"IDCM_VolumeValue_Media":"11"}}}
11-11 01:00:52.605 2138 5059 I MicroService: Receive message: SocketMessageBean{businessData='21930', srcService='IDCM_CarAudioService', destService='FSEM_AudioService', messageType='1', uuid='1668099652568678717', payloadData={"srcService":"IDCM_CarAudioService","dstService":"FSEM_AudioService","methodName":"setVolume","messageType":1,"uuid":1668099652568678717,"parameters":{"functionInfo":{"IDCM_VolumeValue_Media":"11"}}}}
11-11 01:00:52.605 2138 5059 I MicroService: dealMessage: 1
11-11 01:00:52.605 2138 5059 I MicroService: onResponse(setVolume): {"functionInfo":{"IDCM_VolumeValue_Media":"11"}}
11-11 01:00:52.617 1972 2488 I vol.Events: writeEvent level_changed STREAM_ALARM 3
11-11 01:00:52.618 1972 2488 I vol.Events: writeEvent level_changed STREAM_RING 2
11-11 01:00:52.619 1972 2488 I vol.Events: writeEvent level_changed STREAM_SYSTEM 2
11-11 01:00:52.620 1972 2488 I vol.Events: writeEvent level_changed STREAM_VOICE_CALL 2
11-11 01:00:52.631 1972 2488 I vol.Events: writeEvent level_changed STREAM_MUSIC 11
11-11 01:00:52.632 1520 19482 I MicroServiceManager: requestResult(setVolume) parameters is{"functionInfo":{"IDCM_VolumeValue_Media":"6"}}.
11-11 01:00:52.632 17381 17394 I id.qqdownloade: oneway function results for code 4 on binder at 0xbad832b0 will be dropped but finished with status UNKNOWN_TRANSACTION
11-11 01:00:52.632 17748 18001 I downloader:liv: oneway function results for code 4 on binder at 0xf3f74010 will be dropped but finished with status UNKNOWN_TRANSACTION
11-11 01:00:52.635 2138 5060 D MicroService: createClientSocket: clientSocket new
11-11 01:00:52.635 21220 21363 D BluetoothDatabase: getBondedDevicesOrdered: Invalid address for device LocalStorage
11-11 01:00:52.635 2138 5060 D MicroService: createClientSocket: IP = 192.168.4.4, PORT 9999localAddress = /192.168.4.16
11-11 01:00:52.635 2138 5060 D MicroService: Launching the I/O handler
11-11 01:00:52.635 2138 5060 D MicroService: createClientSocket: clientSocket = Socket[address=/192.168.4.4,port=9999,localPort=38135]
11-11 01:00:52.635 2138 5060 D MicroService: Send message to IDCM:SocketMessageBean{businessData='21930', srcService='FSEM_AudioService', destService='IDCM_CarAudioService', messageType='0', uuid='1668099652632061477', payloadData={"srcService":"FSEM_AudioService","dstService":"IDCM_CarAudioService","messageType":0,"uuid":1668099652632061477,"methodName":"setVolume","parameters":{"functionInfo":{"IDCM_VolumeValue_Media":"6"}}}}
11-11 01:00:52.635 2138 5060 D MicroService: Payload data length: 199
11-11 01:00:52.638 21220 21363 E HeadsetStateMachine: returning mCurrentState as Disconnected
11-11 01:00:52.640 21220 21363 D BluetoothPbapService: getConnectionState: F4:4E:FD:AD:96:65
11-11 01:00:52.642 21220 21363 D HearingAidService: getActiveDevices
11-11 01:00:52.644 21220 21363 D BluetoothDatabase: getBondedDevicesOrdered: Invalid address for device LocalStorage
11-11 01:00:52.645 21220 21363 E HeadsetStateMachine: returning mCurrentState as Disconnected
11-11 01:00:52.646 21220 21363 D BluetoothPbapService: getConnectionState: F4:4E:FD:AD:96:65
11-11 01:00:52.648 21220 21363 D HearingAidService: getActiveDevices
11-11 01:00:52.662 2138 2223 D MicroService: getEvent: clientSocket = Socket[address=/192.168.4.4,port=42884,localPort=9999]
11-11 01:00:52.663 2138 2223 D MicroService: run: called
11-11 01:00:52.663 2138 2223 D MicroService: getEvent: start waiting...
11-11 01:00:52.665 2138 5061 I MicroService: getStringByData(noZero): IDCM_CarAudioService
11-11 01:00:52.665 2138 5061 I MicroService: getStringByData(noZero): FSEM_AudioService
11-11 01:00:52.665 2138 5061 I MicroService: getStringByData: {"srcService":"IDCM_CarAudioService","dstService":"FSEM_AudioService","methodName":"setVolume","messageType":1,"uuid":1668099652632061477,"parameters":{"functionInfo":{"IDCM_VolumeValue_Media":"6"}}}
11-11 01:00:52.665 2138 5061 I MicroService: Receive message: SocketMessageBean{businessData='21930', srcService='IDCM_CarAudioService', destService='FSEM_AudioService', messageType='1', uuid='1668099652632061477', payloadData={"srcService":"IDCM_CarAudioService","dstService":"FSEM_AudioService","methodName":"setVolume","messageType":1,"uuid":1668099652632061477,"parameters":{"functionInfo":{"IDCM_VolumeValue_Media":"6"}}}}
11-11 01:00:52.665 2138 5061 I MicroService: dealMessage: 1
11-11 01:00:52.665 2138 5061 I MicroService: onResponse(setVolume): {"functionInfo":{"IDCM_VolumeValue_Media":"6"}}
11-11 01:00:52.675 1972 2488 I vol.Events: writeEvent level_changed STREAM_ALARM 2
11-11 01:00:52.675 1972 2488 I vol.Events: writeEvent level_changed STREAM_RING 1
11-11 01:00:52.676 1972 2488 I vol.Events: writeEvent level_changed STREAM_SYSTEM 1
11-11 01:00:52.682 1972 2488 I vol.Events: writeEvent level_changed STREAM_MUSIC 6
11-11 01:00:52.683 1520 13881 I MicroServiceManager: requestResult(setVolume) parameters is{"functionInfo":{"IDCM_VolumeValue_Media":"2"}}.
11-11 01:00:52.683 17748 18001 I downloader:liv: oneway function results for code 4 on binder at 0xf3f74010 will be dropped but finished with status UNKNOWN_TRANSACTION
11-11 01:00:52.683 17381 17394 I id.qqdownloade: oneway function results for code 4 on binder at 0xbad832b0 will be dropped but finished with status UNKNOWN_TRANSACTION
11-11 01:00:52.685 21220 21362 D BluetoothDatabase: getBondedDevicesOrdered: Invalid address for device LocalStorage
11-11 01:00:52.686 21220 21362 E HeadsetStateMachine: returning mCurrentState as Disconnected
11-11 01:00:52.688 21220 21362 D BluetoothPbapService: getConnectionState: F4:4E:FD:AD:96:65
11-11 01:00:52.689 21220 21362 D HearingAidService: getActiveDevices
11-11 01:00:52.690 2138 5062 D MicroService: createClientSocket: clientSocket new
11-11 01:00:52.690 2138 5062 D MicroService: createClientSocket: IP = 192.168.4.4, PORT 9999localAddress = /192.168.4.16
11-11 01:00:52.690 2138 5062 D MicroService: Launching the I/O handler
11-11 01:00:52.690 2138 5062 D MicroService: createClientSocket: clientSocket = Socket[address=/192.168.4.4,port=9999,localPort=46557]
11-11 01:00:52.690 2138 5062 D MicroService: Send message to IDCM:SocketMessageBean{businessData='21930', srcService='FSEM_AudioService', destService='IDCM_CarAudioService', messageType='0', uuid='1668099652684692779', payloadData={"srcService":"FSEM_AudioService","dstService":"IDCM_CarAudioService","messageType":0,"uuid":1668099652684692779,"methodName":"setVolume","parameters":{"functionInfo":{"IDCM_VolumeValue_Media":"2"}}}}
11-11 01:00:52.690 2138 5062 D MicroService: Payload data length: 199
11-11 01:00:52.692 21220 21362 D BluetoothDatabase: getBondedDevicesOrdered: Invalid address for device LocalStorage
11-11 01:00:52.693 21220 21362 E HeadsetStateMachine: returning mCurrentState as Disconnected
11-11 01:00:52.694 21220 21362 D BluetoothPbapService: getConnectionState: F4:4E:FD:AD:96:65
11-11 01:00:52.696 21220 21362 D HearingAidService: getActiveDevices
11-11 01:00:52.722 2138 2223 D MicroService: getEvent: clientSocket = Socket[address=/192.168.4.4,port=42886,localPort=9999]
11-11 01:00:52.722 2138 2223 D MicroService: run: called
11-11 01:00:52.722 2138 2223 D MicroService: getEvent: start waiting...
11-11 01:00:52.723 2138 5063 I MicroService: getStringByData(noZero): IDCM_CarAudioService
11-11 01:00:52.723 2138 5063 I MicroService: getStringByData(noZero): FSEM_AudioService
11-11 01:00:52.723 2138 5063 I MicroService: getStringByData: {"srcService":"IDCM_CarAudioService","dstService":"FSEM_AudioService","methodName":"setVolume","messageType":1,"uuid":1668099652684692779,"parameters":{"functionInfo":{"IDCM_VolumeValue_Media":"2"}}}
11-11 01:00:52.723 2138 5063 I MicroService: Receive message: SocketMessageBean{businessData='21930', srcService='IDCM_CarAudioService', destService='FSEM_AudioService', messageType='1', uuid='1668099652684692779', payloadData={"srcService":"IDCM_CarAudioService","dstService":"FSEM_AudioService","methodName":"setVolume","messageType":1,"uuid":1668099652684692779,"parameters":{"functionInfo":{"IDCM_VolumeValue_Media":"2"}}}}
11-11 01:00:52.723 2138 5063 I MicroService: dealMessage: 1
11-11 01:00:52.723 2138 5063 I MicroService: onResponse(setVolume): {"functionInfo":{"IDCM_VolumeValue_Media":"2"}}
11-11 01:00:52.731 1972 2488 I vol.Events: writeEvent level_changed STREAM_ALARM 1
11-11 01:00:52.733 1972 2488 I vol.Events: writeEvent level_changed STREAM_RING 0
11-11 01:00:52.734 1972 2488 I vol.Events: writeEvent level_changed STREAM_SYSTEM 0
11-11 01:00:52.735 1972 2488 I vol.Events: writeEvent level_changed STREAM_VOICE_CALL 1
11-11 01:00:52.740 1972 2488 I vol.Events: writeEvent level_changed STREAM_MUSIC 2
11-11 01:00:52.745 17381 17394 I id.qqdownloade: oneway function results for code 4 on binder at 0xbad832b0 will be dropped but finished with status UNKNOWN_TRANSACTION
11-11 01:00:52.745 17748 18001 I downloader:liv: oneway function results for code 4 on binder at 0xf3f74010 will be dropped but finished with status UNKNOWN_TRANSACTION
11-11 01:00:52.747 21220 21363 D BluetoothDatabase: getBondedDevicesOrdered: Invalid address for device LocalStorage
11-11 01:00:52.749 21220 21363 E HeadsetStateMachine: returning mCurrentState as Disconnected
11-11 01:00:52.750 21220 21363 D BluetoothPbapService: getConnectionState: F4:4E:FD:AD:96:65
11-11 01:00:52.752 21220 21363 D HearingAidService: getActiveDevices
11-11 01:00:52.755 21220 21363 D BluetoothDatabase: getBondedDevicesOrdered: Invalid address for device LocalStorage
11-11 01:00:52.756 21220 21467 E HeadsetStateMachine: returning mCurrentState as Disconnected
11-11 01:00:52.757 21220 21467 D BluetoothPbapService: getConnectionState: F4:4E:FD:AD:96:65
11-11 01:00:52.759 21220 21467 D HearingAidService: getActiveDevices
11-11 01:00:52.943 2681 2681 W event_loop: type=1400 audit(0.0:921649578): avc: denied { read } for lport=13400 scontext=u:r:hht_ota_mgr:s0 tcontext=u:r:hht_ota_mgr:s0 tclass=udp_socket permissive=0
11-11 01:00:52.947 2681 2681 W event_loop: type=1400 audit(0.0:921649579): avc: denied { read } for lport=13400 scontext=u:r:hht_ota_mgr:s0 tcontext=u:r:hht_ota_mgr:s0 tclass=udp_socket permissive=0
11-11 01:00:52.947 2681 2681 W event_loop: type=1400 audit(0.0:921649580): avc: denied { read } for lport=13400 scontext=u:r:hht_ota_mgr:s0 tcontext=u:r:hht_ota_mgr:s0 tclass=udp_socket permissive=0
11-11 01:00:52.947 2681 2681 W event_loop: type=1400 audit(0.0:921649581): avc: denied { read } for lport=13400 scontext=u:r:hht_ota_mgr:s0 tcontext=u:r:hht_ota_mgr:s0 tclass=udp_socket permissive=0
11-11 01:00:52.947 2681 2681 W event_loop: type=1400 audit(0.0:921649582): avc: denied { read } for lport=13400 scontext=u:r:hht_ota_mgr:s0 tcontext=u:r:hht_ota_mgr:s0 tclass=udp_socket permissive=0
01-01 09:02:47.720 0 0 W audit : audit_lost=921633037 audit_rate_limit=5 audit_backlog_limit=64
01-01 09:02:47.720 0 0 E audit : rate limit exceeded
11-11 01:00:53.257 1520 19357 I MicroServiceManager: requestResult(setVolume) parameters is{"functionInfo":{"IDCM_VolumeValue_Media":"8"}}.
11-11 01:00:53.262 2138 5066 D MicroService: createClientSocket: clientSocket new
11-11 01:00:53.262 2138 5066 D MicroService: createClientSocket: IP = 192.168.4.4, PORT 9999localAddress = /192.168.4.16
11-11 01:00:53.262 2138 5066 D MicroService: Launching the I/O handler
11-11 01:00:53.262 2138 5066 D MicroService: createClientSocket: clientSocket = Socket[address=/192.168.4.4,port=9999,localPort=52529]
11-11 01:00:53.262 2138 5066 D MicroService: Send message to IDCM:SocketMessageBean{businessData='21930', srcService='FSEM_AudioService', destService='IDCM_CarAudioService', messageType='0', uuid='1668099653258631112', payloadData={"srcService":"FSEM_AudioService","dstService":"IDCM_CarAudioService","messageType":0,"uuid":1668099653258631112,"methodName":"setVolume","parameters":{"functionInfo":{"IDCM_VolumeValue_Media":"8"}}}}
11-11 01:00:53.262 2138 5066 D MicroService: Payload data length: 199
11-11 01:00:53.301 2138 2223 D MicroService: getEvent: clientSocket = Socket[address=/192.168.4.4,port=42888,localPort=9999]
11-11 01:00:53.302 2138 2223 D MicroService: run: called
11-11 01:00:53.302 2138 2223 D MicroService: getEvent: start waiting...
11-11 01:00:53.303 2138 5067 I MicroService: getStringByData(noZero): IDCM_CarAudioService
11-11 01:00:53.303 2138 5067 I MicroService: getStringByData(noZero): FSEM_AudioService
11-11 01:00:53.303 2138 5067 I MicroService: getStringByData: {"srcService":"IDCM_CarAudioService","dstService":"FSEM_AudioService","methodName":"setVolume","messageType":1,"uuid":1668099653258631112,"parameters":{"functionInfo":{"IDCM_VolumeValue_Media":"8"}}}
11-11 01:00:53.303 648 661 I mpu_uart: [MSG-P:RECV]:No message received in 1000 ms
11-11 01:00:53.303 2138 5067 I MicroService: Receive message: SocketMessageBean{businessData='21930', srcService='IDCM_CarAudioService', destService='FSEM_AudioService', messageType='1', uuid='1668099653258631112', payloadData={"srcService":"IDCM_CarAudioService","dstService":"FSEM_AudioService","methodName":"setVolume","messageType":1,"uuid":1668099653258631112,"parameters":{"functionInfo":{"IDCM_VolumeValue_Media":"8"}}}}
11-11 01:00:53.303 2138 5067 I MicroService: dealMessage: 1
11-11 01:00:53.303 2138 5067 I MicroService: onResponse(setVolume): {"functionInfo":{"IDCM_VolumeValue_Media":"8"}}
11-11 01:00:53.311 1221 4905 I OMX-VENC: venc_dev: stats: avg. fps 20.56, bitrate 1373741
11-11 01:00:53.320 1972 2488 I vol.Events: writeEvent level_changed STREAM_ALARM 2
11-11 01:00:53.322 1972 2488 I vol.Events: writeEvent level_changed STREAM_RING 1
11-11 01:00:53.323 1972 2488 I vol.Events: writeEvent level_changed STREAM_SYSTEM 1
11-11 01:00:53.331 1972 2488 I vol.Events: writeEvent level_changed STREAM_VOICE_CALL 2
11-11 01:00:53.340 17381 17394 I id.qqdownloade: oneway function results for code 4 on binder at 0xbad832b0 will be dropped but finished with status UNKNOWN_TRANSACTION
11-11 01:00:53.340 17748 18001 I downloader:liv: oneway function results for code 4 on binder at 0xf3f74010 will be dropped but finished with status UNKNOWN_TRANSACTION
11-11 01:00:53.340 1972 2488 I vol.Events: writeEvent level_changed STREAM_MUSIC 8
11-11 01:00:53.342 21220 21363 D BluetoothDatabase: getBondedDevicesOrdered: Invalid address for device LocalStorage
11-11 01:00:53.343 21220 21363 E HeadsetStateMachine: returning mCurrentState as Disconnected
11-11 01:00:53.343 21220 21467 D BluetoothDatabase: getBondedDevicesOrdered: Invalid address for device LocalStorage
11-11 01:00:53.344 21220 21467 D BluetoothPbapService: getConnectionState: F4:4E:FD:AD:96:65
11-11 01:00:53.345 21220 21363 E HeadsetStateMachine: returning mCurrentState as Disconnected
11-11 01:00:53.345 21220 21233 D BluetoothPbapService: getConnectionState: F4:4E:FD:AD:96:65
11-11 01:00:53.346 21220 21467 D HearingAidService: getActiveDevices
11-11 01:00:53.347 21220 21233 D HearingAidService: getActiveDevices
11-11 01:00:53.723 1520 19355 I MicroServiceManager: requestResult(setVolume) parameters is{"functionInfo":{"IDCM_VolumeValue_Media":"13"}}.
11-11 01:00:53.729 2138 5068 D MicroService: createClientSocket: clientSocket new
11-11 01:00:53.729 2138 5068 D MicroService: createClientSocket: IP = 192.168.4.4, PORT 9999localAddress = /192.168.4.16
11-11 01:00:53.729 2138 5068 D MicroService: Launching the I/O handler
11-11 01:00:53.729 2138 5068 D MicroService: createClientSocket: clientSocket = Socket[address=/192.168.4.4,port=9999,localPort=44365]
11-11 01:00:53.729 2138 5068 D MicroService: Send message to IDCM:SocketMessageBean{businessData='21930', srcService='FSEM_AudioService', destService='IDCM_CarAudioService', messageType='0', uuid='1668099653724204810', payloadData={"srcService":"FSEM_AudioService","dstService":"IDCM_CarAudioService","messageType":0,"uuid":1668099653724204810,"methodName":"setVolume","parameters":{"functionInfo":{"IDCM_VolumeValue_Media":"13"}}}}
11-11 01:00:53.729 2138 5068 D MicroService: Payload data length: 200
11-11 01:00:53.751 2138 2223 D MicroService: getEvent: clientSocket = Socket[address=/192.168.4.4,port=42890,localPort=9999]
11-11 01:00:53.752 2138 2223 D MicroService: run: called
11-11 01:00:53.752 2138 2223 D MicroService: getEvent: start waiting...
11-11 01:00:53.752 2138 5069 I MicroService: getStringByData(noZero): IDCM_CarAudioService
11-11 01:00:53.753 2138 5069 I MicroService: getStringByData(noZero): FSEM_AudioService
11-11 01:00:53.753 2138 5069 I MicroService: getStringByData: {"srcService":"IDCM_CarAudioService","dstService":"FSEM_AudioService","methodName":"setVolume","messageType":1,"uuid":1668099653724204810,"parameters":{"functionInfo":{"IDCM_VolumeValue_Media":"13"}}}
11-11 01:00:53.753 2138 5069 I MicroService: Receive message: SocketMessageBean{businessData='21930', srcService='IDCM_CarAudioService', destService='FSEM_AudioService', messageType='1', uuid='1668099653724204810', payloadData={"srcService":"IDCM_CarAudioService","dstService":"FSEM_AudioService","methodName":"setVolume","messageType":1,"uuid":1668099653724204810,"parameters":{"functionInfo":{"IDCM_VolumeValue_Media":"13"}}}}
11-11 01:00:53.753 2138 5069 I MicroService: dealMessage: 1
11-11 01:00:53.753 2138 5069 I MicroService: onResponse(setVolume): {"functionInfo":{"IDCM_VolumeValue_Media":"13"}}
11-11 01:00:53.777 1972 2488 I vol.Events: writeEvent level_changed STREAM_ALARM 3
11-11 01:00:53.778 1972 2488 I vol.Events: writeEvent level_changed STREAM_RING 2
11-11 01:00:53.778 1972 2488 I vol.Events: writeEvent level_changed STREAM_SYSTEM 2
11-11 01:00:53.787 1972 2488 I vol.Events: writeEvent level_changed STREAM_MUSIC 13
11-11 01:00:53.787 17381 17394 I id.qqdownloade: oneway function results for code 4 on binder at 0xbad832b0 will be dropped but finished with status UNKNOWN_TRANSACTION
11-11 01:00:53.787 17748 18001 I downloader:liv: oneway function results for code 4 on binder at 0xf3f74010 will be dropped but finished with status UNKNOWN_TRANSACTION
11-11 01:00:53.789 21220 21468 D BluetoothDatabase: getBondedDevicesOrdered: Invalid address for device LocalStorage
11-11 01:00:53.790 21220 21468 E HeadsetStateMachine: returning mCurrentState as Disconnected
11-11 01:00:53.791 21220 21468 D BluetoothPbapService: getConnectionState: F4:4E:FD:AD:96:65
11-11 01:00:53.793 21220 21468 D HearingAidService: getActiveDevices
11-11 01:00:53.795 21220 21468 D BluetoothDatabase: getBondedDevicesOrdered: Invalid address for device LocalStorage
11-11 01:00:53.796 21220 21468 E HeadsetStateMachine: returning mCurrentState as Disconnected
11-11 01:00:53.797 21220 21467 D BluetoothPbapService: getConnectionState: F4:4E:FD:AD:96:65
11-11 01:00:53.798 21220 21467 D HearingAidService: getActiveDevices
11-11 01:00:53.951 2681 2681 W event_loop: type=1400 audit(0.0:921910638): avc: denied { read } for lport=13400 scontext=u:r:hht_ota_mgr:s0 tcontext=u:r:hht_ota_mgr:s0 tclass=udp_socket permissive=0
11-11 01:00:53.951 2681 2681 W event_loop: type=1400 audit(0.0:921910639): avc: denied { read } for lport=13400 scontext=u:r:hht_ota_mgr:s0 tcontext=u:r:hht_ota_mgr:s0 tclass=udp_socket permissive=0
11-11 01:00:53.951 2681 2681 W event_loop: type=1400 audit(0.0:921910640): avc: denied { read } for lport=13400 scontext=u:r:hht_ota_mgr:s0 tcontext=u:r:hht_ota_mgr:s0 tclass=udp_socket permissive=0
11-11 01:00:53.951 2681 2681 W event_loop: type=1400 audit(0.0:921910641): avc: denied { read } for lport=13400 scontext=u:r:hht_ota_mgr:s0 tcontext=u:r:hht_ota_mgr:s0 tclass=udp_socket permissive=0
11-11 01:00:53.951 2681 2681 W event_loop: type=1400 audit(0.0:921910642): avc: denied { read } for lport=13400 scontext=u:r:hht_ota_mgr:s0 tcontext=u:r:hht_ota_mgr:s0 tclass=udp_socket permissive=0
01-01 09:02:48.724 0 0 W audit : audit_lost=921894180 audit_rate_limit=5 audit_backlog_limit=64
01-01 09:02:48.724 0 0 E audit : rate limit exceeded
11-11 01:00:54.216 1520 19355 I MicroServiceManager: requestResult(setVolume) parameters is{"functionInfo":{"IDCM_VolumeValue_Media":"18"}}.
11-11 01:00:54.220 2138 5071 D MicroService: createClientSocket: clientSocket new
11-11 01:00:54.220 2138 5071 D MicroService: createClientSocket: IP = 192.168.4.4, PORT 9999localAddress = /192.168.4.16
11-11 01:00:54.220 2138 5071 D MicroService: Launching the I/O handler
11-11 01:00:54.220 2138 5071 D MicroService: createClientSocket: clientSocket = Socket[address=/192.168.4.4,port=9999,localPort=32937]
11-11 01:00:54.220 2138 5071 D MicroService: Send message to IDCM:SocketMessageBean{businessData='21930', srcService='FSEM_AudioService', destService='IDCM_CarAudioService', messageType='0', uuid='1668099654216411789', payloadData={"srcService":"FSEM_AudioService","dstService":"IDCM_CarAudioService","messageType":0,"uuid":1668099654216411789,"methodName":"setVolume","parameters":{"functionInfo":{"IDCM_VolumeValue_Media":"18"}}}}
11-11 01:00:54.220 2138 5071 D MicroService: Payload data length: 200
11-11 01:00:54.264 2138 2223 D MicroService: getEvent: clientSocket = Socket[address=/192.168.4.4,port=42894,localPort=9999]
11-11 01:00:54.265 2138 2223 D MicroService: run: called
11-11 01:00:54.265 2138 2223 D MicroService: getEvent: start waiting...
11-11 01:00:54.265 2138 5072 I MicroService: getStringByData(noZero): IDCM_CarAudioService
11-11 01:00:54.265 2138 5072 I MicroService: getStringByData(noZero): FSEM_AudioService
11-11 01:00:54.265 2138 5072 I MicroService: getStringByData: {"srcService":"IDCM_CarAudioService","dstService":"FSEM_AudioService","methodName":"setVolume","messageType":1,"uuid":1668099654216411789,"parameters":{"functionInfo":{"IDCM_VolumeValue_Media":"18"}}}
11-11 01:00:54.265 2138 5072 I MicroService: Receive message: SocketMessageBean{businessData='21930', srcService='IDCM_CarAudioService', destService='FSEM_AudioService', messageType='1', uuid='1668099654216411789', payloadData={"srcService":"IDCM_CarAudioService","dstService":"FSEM_AudioService","methodName":"setVolume","messageType":1,"uuid":1668099654216411789,"parameters":{"functionInfo":{"IDCM_VolumeValue_Media":"18"}}}}
11-11 01:00:54.265 2138 5072 I MicroService: dealMessage: 1
11-11 01:00:54.266 2138 5072 I MicroService: onResponse(setVolume): {"functionInfo":{"IDCM_VolumeValue_Media":"18"}}
11-11 01:00:54.278 1972 2488 I vol.Events: writeEvent level_changed STREAM_ALARM 4
11-11 01:00:54.279 1972 2488 I vol.Events: writeEvent level_changed STREAM_RING 3
11-11 01:00:54.280 1972 2488 I vol.Events: writeEvent level_changed STREAM_SYSTEM 3
11-11 01:00:54.281 1972 2488 I vol.Events: writeEvent level_changed STREAM_VOICE_CALL 3
11-11 01:00:54.292 1972 2488 I vol.Events: writeEvent level_changed STREAM_MUSIC 18
11-11 01:00:54.293 17381 17394 I id.qqdownloade: oneway function results for code 4 on binder at 0xbad832b0 will be dropped but finished with status UNKNOWN_TRANSACTION
11-11 01:00:54.293 17748 18001 I downloader:liv: oneway function results for code 4 on binder at 0xf3f74010 will be dropped but finished with status UNKNOWN_TRANSACTION
11-11 01:00:54.294 21220 21233 D BluetoothDatabase: getBondedDevicesOrdered: Invalid address for device LocalStorage
11-11 01:00:54.296 21220 21233 E HeadsetStateMachine: returning mCurrentState as Disconnected
11-11 01:00:54.297 21220 21233 D BluetoothPbapService: getConnectionState: F4:4E:FD:AD:96:65
11-11 01:00:54.299 21220 21233 D HearingAidService: getActiveDevices
11-11 01:00:54.303 648 661 I mpu_uart: [MSG-P:RECV]:No message received in 1000 ms
11-11 01:00:54.303 21220 21233 D BluetoothDatabase: getBondedDevicesOrdered: Invalid address for device LocalStorage
11-11 01:00:54.304 21220 21233 E HeadsetStateMachine: returning mCurrentState as Disconnected
11-11 01:00:54.306 21220 21468 D BluetoothPbapService: getConnectionState: F4:4E:FD:AD:96:65
11-11 01:00:54.307 21220 21468 D HearingAidService: getActiveDevices
11-11 01:00:54.675 1221 4905 I OMX-VENC: venc_dev: stats: avg. fps 2.93, bitrate 123733
11-11 01:00:54.693 648 659 I mpu_uart: [MSG-P:R]:recv sync frame timeout
11-11 01:00:54.698 1520 13885 I MicroServiceManager: requestResult(setVolume) parameters is{"functionInfo":{"IDCM_VolumeValue_Media":"22"}}.
11-11 01:00:54.702 2138 5074 D MicroService: createClientSocket: clientSocket new
11-11 01:00:54.703 2138 5074 D MicroService: createClientSocket: IP = 192.168.4.4, PORT 9999localAddress = /192.168.4.16
11-11 01:00:54.703 2138 5074 D MicroService: Launching the I/O handler
11-11 01:00:54.703 2138 5074 D MicroService: createClientSocket: clientSocket = Socket[address=/192.168.4.4,port=9999,localPort=39539]
11-11 01:00:54.703 2138 5074 D MicroService: Send message to IDCM:SocketMessageBean{businessData='21930', srcService='FSEM_AudioService', destService='IDCM_CarAudioService', messageType='0', uuid='1668099654698326997', payloadData={"srcService":"FSEM_AudioService","dstService":"IDCM_CarAudioService","messageType":0,"uuid":1668099654698326997,"methodName":"setVolume","parameters":{"functionInfo":{"IDCM_VolumeValue_Media":"22"}}}}
11-11 01:00:54.703 2138 5074 D MicroService: Payload data length: 200
11-11 01:00:54.739 2138 2223 D MicroService: getEvent: clientSocket = Socket[address=/192.168.4.4,port=42896,localPort=9999]
11-11 01:00:54.740 2138 2223 D MicroService: run: called
11-11 01:00:54.740 2138 2223 D MicroService: getEvent: start waiting...
11-11 01:00:54.742 2138 5075 I MicroService: getStringByData(noZero): IDCM_CarAudioService
11-11 01:00:54.742 2138 5075 I MicroService: getStringByData(noZero): FSEM_AudioService
11-11 01:00:54.742 2138 5075 I MicroService: getStringByData: {"srcService":"IDCM_CarAudioService","dstService":"FSEM_AudioService","methodName":"setVolume","messageType":1,"uuid":1668099654698326997,"parameters":{"functionInfo":{"IDCM_VolumeValue_Media":"22"}}}
11-11 01:00:54.742 2138 5075 I MicroService: Receive message: SocketMessageBean{businessData='21930', srcService='IDCM_CarAudioService', destService='FSEM_AudioService', messageType='1', uuid='1668099654698326997', payloadData={"srcService":"IDCM_CarAudioService","dstService":"FSEM_AudioService","methodName":"setVolume","messageType":1,"uuid":1668099654698326997,"parameters":{"functionInfo":{"IDCM_VolumeValue_Media":"22"}}}}
11-11 01:00:54.742 2138 5075 I MicroService: dealMessage: 1
11-11 01:00:54.742 2138 5075 I MicroService: onResponse(setVolume): {"functionInfo":{"IDCM_VolumeValue_Media":"22"}}
11-11 01:00:54.757 1972 2488 I vol.Events: writeEvent level_changed STREAM_RING 4
11-11 01:00:54.761 1972 2488 I vol.Events: writeEvent level_changed STREAM_SYSTEM 4
11-11 01:00:54.768 17381 17394 I id.qqdownloade: oneway function results for code 4 on binder at 0xbad832b0 will be dropped but finished with status UNKNOWN_TRANSACTION
11-11 01:00:54.768 17748 18001 I downloader:liv: oneway function results for code 4 on binder at 0xf3f74010 will be dropped but finished with status UNKNOWN_TRANSACTION
11-11 01:00:54.770 21220 21468 D BluetoothDatabase: getBondedDevicesOrdered: Invalid address for device LocalStorage
11-11 01:00:54.772 21220 21468 E HeadsetStateMachine: returning mCurrentState as Disconnected
11-11 01:00:54.774 21220 21468 D BluetoothPbapService: getConnectionState: F4:4E:FD:AD:96:65
11-11 01:00:54.777 21220 21468 D HearingAidService: getActiveDevices
11-11 01:00:54.778 1972 2488 I vol.Events: writeEvent level_changed STREAM_MUSIC 22
11-11 01:00:54.783 21220 21468 D BluetoothDatabase: getBondedDevicesOrdered: Invalid address for device LocalStorage
11-11 01:00:54.783 21220 21467 E HeadsetStateMachine: returning mCurrentState as Disconnected
11-11 01:00:54.784 21220 21467 D BluetoothPbapService: getConnectionState: F4:4E:FD:AD:96:65
11-11 01:00:54.786 21220 21468 D HearingAidService: getActiveDevices
11-11 01:00:54.955 2681 2681 W event_loop: type=1400 audit(0.0:922174552): avc: denied { read } for lport=13400 scontext=u:r:hht_ota_mgr:s0 tcontext=u:r:hht_ota_mgr:s0 tclass=udp_socket permissive=0
11-11 01:00:54.955 2681 2681 W event_loop: type=1400 audit(0.0:922174553): avc: denied { read } for lport=13400 scontext=u:r:hht_ota_mgr:s0 tcontext=u:r:hht_ota_mgr:s0 tclass=udp_socket permissive=0
11-11 01:00:54.955 2681 2681 W event_loop: type=1400 audit(0.0:922174554): avc: denied { read } for lport=13400 scontext=u:r:hht_ota_mgr:s0 tcontext=u:r:hht_ota_mgr:s0 tclass=udp_socket permissive=0
11-11 01:00:54.955 2681 2681 W event_loop: type=1400 audit(0.0:922174555): avc: denied { read } for lport=13400 scontext=u:r:hht_ota_mgr:s0 tcontext=u:r:hht_ota_mgr:s0 tclass=udp_socket permissive=0
11-11 01:00:54.955 2681 2681 W event_loop: type=1400 audit(0.0:922174556): avc: denied { read } for lport=13400 scontext=u:r:hht_ota_mgr:s0 tcontext=u:r:hht_ota_mgr:s0 tclass=udp_socket permissive=0
01-01 09:02:49.728 0 0 W audit : audit_lost=922158089 audit_rate_limit=5 audit_backlog_limit=64
01-01 09:02:49.728 0 0 E audit : rate limit exceeded
11-11 01:00:55.108 1291 1317 E tlogd : [TzLogger](isPathReadable) file /sys/kernel/debug/tzdbg/qsee_log isn't exist or no permission, err: No such file or directory
11-11 01:00:55.108 1291 1317 E tlogd : [TzLogger](saveTzlogAsync) /sys/kernel/debug/tzdbg/qsee_log can not read.
11-11 01:00:55.108 1291 1317 E tlogd : [TzLogger](isPathReadable) file /sys/kernel/debug/tzdbg/log isn't exist or no permission, err: No such file or directory
11-11 01:00:55.108 1291 1317 E tlogd : [TzLogger](saveTzlogAsync) /sys/kernel/debug/tzdbg/log can not read.
11-11 01:00:55.204 1520 13885 I MicroServiceManager: requestResult(setVolume) parameters is{"functionInfo":{"IDCM_VolumeValue_Media":"26"}}.
11-11 01:00:55.210 2138 5077 D MicroService: createClientSocket: clientSocket new
11-11 01:00:55.210 2138 5077 D MicroService: createClientSocket: IP = 192.168.4.4, PORT 9999localAddress = /192.168.4.16
11-11 01:00:55.210 2138 5077 D MicroService: Launching the I/O handler
11-11 01:00:55.210 2138 5077 D MicroService: createClientSocket: clientSocket = Socket[address=/192.168.4.4,port=9999,localPort=57011]
11-11 01:00:55.210 2138 5077 D MicroService: Send message to IDCM:SocketMessageBean{businessData='21930', srcService='FSEM_AudioService', destService='IDCM_CarAudioService', messageType='0', uuid='1668099655204134393', payloadData={"srcService":"FSEM_AudioService","dstService":"IDCM_CarAudioService","messageType":0,"uuid":1668099655204134393,"methodName":"setVolume","parameters":{"functionInfo":{"IDCM_VolumeValue_Media":"26"}}}}
11-11 01:00:55.210 2138 5077 D MicroService: Payload data length: 200
11-11 01:00:55.237 2138 2223 D MicroService: getEvent: clientSocket = Socket[address=/192.168.4.4,port=42898,localPort=9999]
11-11 01:00:55.238 2138 2223 D MicroService: run: called
11-11 01:00:55.238 2138 2223 D MicroService: getEvent: start waiting...
11-11 01:00:55.239 2138 5078 I MicroService: getStringByData(noZero): IDCM_CarAudioService
11-11 01:00:55.239 2138 5078 I MicroService: getStringByData(noZero): FSEM_AudioService
11-11 01:00:55.239 2138 5078 I MicroService: getStringByData: {"srcService":"IDCM_CarAudioService","dstService":"FSEM_AudioService","methodName":"setVolume","messageType":1,"uuid":1668099655204134393,"parameters":{"functionInfo":{"IDCM_VolumeValue_Media":"26"}}}
11-11 01:00:55.239 2138 5078 I MicroService: Receive message: SocketMessageBean{businessData='21930', srcService='IDCM_CarAudioService', destService='FSEM_AudioService', messageType='1', uuid='1668099655204134393', payloadData={"srcService":"IDCM_CarAudioService","dstService":"FSEM_AudioService","methodName":"setVolume","messageType":1,"uuid":1668099655204134393,"parameters":{"functionInfo":{"IDCM_VolumeValue_Media":"26"}}}}
11-11 01:00:55.239 2138 5078 I MicroService: dealMessage: 1
11-11 01:00:55.240 2138 5078 I MicroService: onResponse(setVolume): {"functionInfo":{"IDCM_VolumeValue_Media":"26"}}
11-11 01:00:55.260 1204 2472 D AudioAnalytics: gc(1700, 2000): log size:1700 item map size:122, item map items:1700
11-11 01:00:55.261 1972 2488 I vol.Events: writeEvent level_changed STREAM_ALARM 5
11-11 01:00:55.263 1972 2488 I vol.Events: writeEvent level_changed STREAM_RING 5
11-11 01:00:55.266 1972 2488 I vol.Events: writeEvent level_changed STREAM_SYSTEM 5
11-11 01:00:55.267 1972 2488 I vol.Events: writeEvent level_changed STREAM_VOICE_CALL 4
11-11 01:00:55.279 1972 2488 I vol.Events: writeEvent level_changed STREAM_MUSIC 26
11-11 01:00:55.279 17381 17617 I id.qqdownloade: oneway function results for code 4 on binder at 0xbad832b0 will be dropped but finished with status UNKNOWN_TRANSACTION
11-11 01:00:55.279 17748 17912 I downloader:liv: oneway function results for code 4 on binder at 0xf3f74010 will be dropped but finished with status UNKNOWN_TRANSACTION
11-11 01:00:55.281 21220 21468 D BluetoothDatabase: getBondedDevicesOrdered: Invalid address for device LocalStorage
11-11 01:00:55.283 21220 21468 E HeadsetStateMachine: returning mCurrentState as Disconnected
11-11 01:00:55.284 21220 21468 D BluetoothPbapService: getConnectionState: F4:4E:FD:AD:96:65
11-11 01:00:55.286 21220 21468 D HearingAidService: getActiveDevices
11-11 01:00:55.294 21220 21468 D BluetoothDatabase: getBondedDevicesOrdered: Invalid address for device LocalStorage
11-11 01:00:55.295 21220 21468 E HeadsetStateMachine: returning mCurrentState as Disconnected
11-11 01:00:55.296 21220 21468 D BluetoothPbapService: getConnectionState: F4:4E:FD:AD:96:65
11-11 01:00:55.298 21220 21468 D HearingAidService: getActiveDevices
11-11 01:00:55.303 648 661 I mpu_uart: [MSG-P:RECV]:No message received in 1000 ms
11-11 01:00:55.678 1221 4905 I OMX-VENC: venc_dev: stats: avg. fps 2.99, bitrate 124225
11-11 01:00:55.696 1520 19355 I MicroServiceManager: requestResult(setVolume) parameters is{"functionInfo":{"IDCM_VolumeValue_Media":"30"}}.
11-11 01:00:55.701 2138 5080 D MicroService: createClientSocket: clientSocket new
11-11 01:00:55.702 2138 5080 D MicroService: createClientSocket: IP = 192.168.4.4, PORT 9999localAddress = /192.168.4.16
11-11 01:00:55.702 2138 5080 D MicroService: Launching the I/O handler
11-11 01:00:55.702 2138 5080 D MicroService: createClientSocket: clientSocket = Socket[address=/192.168.4.4,port=9999,localPort=49753]
11-11 01:00:55.702 2138 5080 D MicroService: Send message to IDCM:SocketMessageBean{businessData='21930', srcService='FSEM_AudioService', destService='IDCM_CarAudioService', messageType='0', uuid='1668099655697936424', payloadData={"srcService":"FSEM_AudioService","dstService":"IDCM_CarAudioService","messageType":0,"uuid":1668099655697936424,"methodName":"setVolume","parameters":{"functionInfo":{"IDCM_VolumeValue_Media":"30"}}}}
11-11 01:00:55.702 2138 5080 D MicroService: Payload data length: 200
11-11 01:00:55.737 2138 2223 D MicroService: getEvent: clientSocket = Socket[address=/192.168.4.4,port=42900,localPort=9999]
11-11 01:00:55.737 2138 2223 D MicroService: run: called
11-11 01:00:55.737 2138 2223 D MicroService: getEvent: start waiting...
11-11 01:00:55.738 2138 5081 I MicroService: getStringByData(noZero): IDCM_CarAudioService
11-11 01:00:55.738 2138 5081 I MicroService: getStringByData(noZero): FSEM_AudioService
11-11 01:00:55.738 2138 5081 I MicroService: getStringByData: {"srcService":"IDCM_CarAudioService","dstService":"FSEM_AudioService","methodName":"setVolume","messageType":1,"uuid":1668099655697936424,"parameters":{"functionInfo":{"IDCM_VolumeValue_Media":"30"}}}
11-11 01:00:55.738 2138 5081 I MicroService: Receive message: SocketMessageBean{businessData='21930', srcService='IDCM_CarAudioService', destService='FSEM_AudioService', messageType='1', uuid='1668099655697936424', payloadData={"srcService":"IDCM_CarAudioService","dstService":"FSEM_AudioService","methodName":"setVolume","messageType":1,"uuid":1668099655697936424,"parameters":{"functionInfo":{"IDCM_VolumeValue_Media":"30"}}}}
11-11 01:00:55.739 2138 5081 I MicroService: dealMessage: 1
11-11 01:00:55.739 2138 5081 I MicroService: onResponse(setVolume): {"functionInfo":{"IDCM_VolumeValue_Media":"30"}}
11-11 01:00:55.757 1972 2488 I vol.Events: writeEvent level_changed STREAM_ALARM 6
11-11 01:00:55.761 1972 2488 I vol.Events: writeEvent level_changed STREAM_MUSIC 30
11-11 01:00:55.769 17381 17617 I id.qqdownloade: oneway function results for code 4 on binder at 0xbad832b0 will be dropped but finished with status UNKNOWN_TRANSACTION
11-11 01:00:55.770 17748 17912 I downloader:liv: oneway function results for code 4 on binder at 0xf3f74010 will be dropped but finished with status UNKNOWN_TRANSACTION
11-11 01:00:55.772 21220 21468 D BluetoothDatabase: getBondedDevicesOrdered: Invalid address for device LocalStorage
11-11 01:00:55.774 21220 21468 E HeadsetStateMachine: returning mCurrentState as Disconnected
11-11 01:00:55.776 21220 21468 D BluetoothPbapService: getConnectionState: F4:4E:FD:AD:96:65
11-11 01:00:55.778 21220 21468 D HearingAidService: getActiveDevices
11-11 01:00:55.778 21220 21468 D BluetoothDatabase: getBondedDevicesOrdered: Invalid address for device LocalStorage
11-11 01:00:55.780 21220 21467 E HeadsetStateMachine: returning mCurrentState as Disconnected
11-11 01:00:55.781 21220 21467 D BluetoothPbapService: getConnectionState: F4:4E:FD:AD:96:65
11-11 01:00:55.783 21220 21467 D HearingAidService: getActiveDevices
11-11 01:00:55.805 1520 1772 I GameModeConfig: isGameModeOn = true
11-11 01:00:55.805 1520 1772 I GameModeConfig: isGaming = false
11-11 01:00:55.959 2681 2681 W event_loop: type=1400 audit(0.0:922440317): avc: denied { read } for lport=13400 scontext=u:r:hht_ota_mgr:s0 tcontext=u:r:hht_ota_mgr:s0 tclass=udp_socket permissive=0
11-11 01:00:55.959 2681 2681 W event_loop: type=1400 audit(0.0:922440318): avc: denied { read } for lport=13400 scontext=u:r:hht_ota_mgr:s0 tcontext=u:r:hht_ota_mgr:s0 tclass=udp_socket permissive=0
