11-11 01:00:48.974 2138 4959 I MicroService: onResponse(setVolume): {"functionInfo":{"IDCM_VolumeValue_Media":"22"}}
11-11 01:00:48.983 1972 2488 I vol.Events: writeEvent level_changed STREAM_ALARM 4
11-11 01:00:48.984 1972 2488 I vol.Events: writeEvent level_changed STREAM_RING 4
11-11 01:00:48.985 1972 2488 I vol.Events: writeEvent level_changed STREAM_SYSTEM 4
11-11 01:00:48.986 1972 2488 I vol.Events: writeEvent level_changed STREAM_VOICE_CALL 3
11-11 01:00:48.995 1972 2488 I vol.Events: writeEvent level_changed STREAM_MUSIC 22
11-11 01:00:48.995 1520 2133 I MicroServiceManager: requestResult(setVolume) parameters is{"functionInfo":{"IDCM_VolumeValue_Media":"18"}}.
11-11 01:00:48.996 17381 18925 I id.qqdownloade: oneway function results for code 4 on binder at 0xbad832b0 will be dropped but finished with status UNKNOWN_TRANSACTION
11-11 01:00:48.996 17748 18001 I downloader:liv: oneway function results for code 4 on binder at 0xf3f74010 will be dropped but finished with status UNKNOWN_TRANSACTION
11-11 01:00:48.998 2138 4960 D MicroService: createClientSocket: clientSocket new
11-11 01:00:48.998 2138 4960 D MicroService: createClientSocket: IP = 192.168.4.4, PORT 9999localAddress = /192.168.4.16
11-11 01:00:48.998 2138 4960 D MicroService: Launching the I/O handler
11-11 01:00:48.998 2138 4960 D MicroService: createClientSocket: clientSocket = Socket[address=/192.168.4.4,port=9999,localPort=46891]
11-11 01:00:48.998 2138 4960 D MicroService: Send message to IDCM:SocketMessageBean{businessData='21930', srcService='FSEM_AudioService', destService='IDCM_CarAudioService', messageType='0', uuid='1668099648996888979', payloadData={"srcService":"FSEM_AudioService","dstService":"IDCM_CarAudioService","messageType":0,"uuid":1668099648996888979,"methodName":"setVolume","parameters":{"functionInfo":{"IDCM_VolumeValue_Media":"18"}}}}
11-11 01:00:48.999 2138 4960 D MicroService: Payload data length: 200
11-11 01:00:49.000 21220 21232 D BluetoothDatabase: getBondedDevicesOrdered: Invalid address for device LocalStorage
11-11 01:00:49.002 21220 21232 E HeadsetStateMachine: returning mCurrentState as Disconnected
11-11 01:00:49.003 21220 21232 D BluetoothPbapService: getConnectionState: F4:4E:FD:AD:96:65
11-11 01:00:49.005 21220 21232 D HearingAidService: getActiveDevices
11-11 01:00:49.006 21220 21232 D BluetoothDatabase: getBondedDevicesOrdered: Invalid address for device LocalStorage
11-11 01:00:49.007 21220 21467 E HeadsetStateMachine: returning mCurrentState as Disconnected
11-11 01:00:49.008 21220 21467 D BluetoothPbapService: getConnectionState: F4:4E:FD:AD:96:65
11-11 01:00:49.010 21220 21467 D HearingAidService: getActiveDevices
11-11 01:00:49.031 2138 2223 D MicroService: getEvent: clientSocket = Socket[address=/192.168.4.4,port=42776,localPort=9999]
11-11 01:00:49.031 2138 2223 D MicroService: run: called
11-11 01:00:49.031 2138 2223 D MicroService: getEvent: start waiting...
11-11 01:00:49.031 2138 4961 I MicroService: getStringByData(noZero): IDCM_CarAudioService
11-11 01:00:49.031 2138 4961 I MicroService: getStringByData(noZero): FSEM_AudioService
11-11 01:00:49.031 2138 4961 I MicroService: getStringByData: {"srcService":"IDCM_CarAudioService","dstService":"FSEM_AudioService","methodName":"setVolume","messageType":1,"uuid":1668099648996888979,"parameters":{"functionInfo":{"IDCM_VolumeValue_Media":"18"}}}
11-11 01:00:49.032 2138 4961 I MicroService: Receive message: SocketMessageBean{businessData='21930', srcService='IDCM_CarAudioService', destService='FSEM_AudioService', messageType='1', uuid='1668099648996888979', payloadData={"srcService":"IDCM_CarAudioService","dstService":"FSEM_AudioService","methodName":"setVolume","messageType":1,"uuid":1668099648996888979,"parameters":{"functionInfo":{"IDCM_VolumeValue_Media":"18"}}}}
11-11 01:00:49.032 2138 4961 I MicroService: dealMessage: 1
11-11 01:00:49.032 2138 4961 I MicroService: onResponse(setVolume): {"functionInfo":{"IDCM_VolumeValue_Media":"18"}}
11-11 01:00:49.041 1972 2488 I vol.Events: writeEvent level_changed STREAM_RING 3
11-11 01:00:49.041 1972 2488 I vol.Events: writeEvent level_changed STREAM_SYSTEM 3
11-11 01:00:49.050 1972 2488 I vol.Events: writeEvent level_changed STREAM_MUSIC 18
11-11 01:00:49.050 17748 18000 I downloader:liv: oneway function results for code 4 on binder at 0xf3f74010 will be dropped but finished with status UNKNOWN_TRANSACTION
11-11 01:00:49.050 17381 17395 I id.qqdownloade: oneway function results for code 4 on binder at 0xbad832b0 will be dropped but finished with status UNKNOWN_TRANSACTION
11-11 01:00:49.050 1520 2517 I MicroServiceManager: requestResult(setVolume) parameters is{"functionInfo":{"IDCM_VolumeValue_Media":"14"}}.
11-11 01:00:49.053 21220 21232 D BluetoothDatabase: getBondedDevicesOrdered: Invalid address for device LocalStorage
11-11 01:00:49.053 2138 4962 D MicroService: createClientSocket: clientSocket new
11-11 01:00:49.053 2138 4962 D MicroService: createClientSocket: IP = 192.168.4.4, PORT 9999localAddress = /192.168.4.16
11-11 01:00:49.053 2138 4962 D MicroService: Launching the I/O handler
11-11 01:00:49.053 2138 4962 D MicroService: createClientSocket: clientSocket = Socket[address=/192.168.4.4,port=9999,localPort=36861]
11-11 01:00:49.053 2138 4962 D MicroService: Send message to IDCM:SocketMessageBean{businessData='21930', srcService='FSEM_AudioService', destService='IDCM_CarAudioService', messageType='0', uuid='1668099649051631895', payloadData={"srcService":"FSEM_AudioService","dstService":"IDCM_CarAudioService","messageType":0,"uuid":1668099649051631895,"methodName":"setVolume","parameters":{"functionInfo":{"IDCM_VolumeValue_Media":"14"}}}}
11-11 01:00:49.053 2138 4962 D MicroService: Payload data length: 200
11-11 01:00:49.056 21220 21232 E HeadsetStateMachine: returning mCurrentState as Disconnected
11-11 01:00:49.059 21220 21467 D BluetoothPbapService: getConnectionState: F4:4E:FD:AD:96:65
11-11 01:00:49.060 21220 21232 D BluetoothDatabase: getBondedDevicesOrdered: Invalid address for device LocalStorage
11-11 01:00:49.061 21220 21467 E HeadsetStateMachine: returning mCurrentState as Disconnected
11-11 01:00:49.061 21220 21232 D HearingAidService: getActiveDevices
11-11 01:00:49.063 21220 21232 D BluetoothPbapService: getConnectionState: F4:4E:FD:AD:96:65
11-11 01:00:49.065 21220 21232 D HearingAidService: getActiveDevices
11-11 01:00:49.088 2138 2223 D MicroService: getEvent: clientSocket = Socket[address=/192.168.4.4,port=42782,localPort=9999]
11-11 01:00:49.089 2138 2223 D MicroService: run: called
11-11 01:00:49.089 2138 2223 D MicroService: getEvent: start waiting...
11-11 01:00:49.090 2138 4963 I MicroService: getStringByData(noZero): IDCM_CarAudioService
11-11 01:00:49.090 2138 4963 I MicroService: getStringByData(noZero): FSEM_AudioService
11-11 01:00:49.090 2138 4963 I MicroService: getStringByData: {"srcService":"IDCM_CarAudioService","dstService":"FSEM_AudioService","methodName":"setVolume","messageType":1,"uuid":1668099649051631895,"parameters":{"functionInfo":{"IDCM_VolumeValue_Media":"14"}}}
11-11 01:00:49.090 2138 4963 I MicroService: Receive message: SocketMessageBean{businessData='21930', srcService='IDCM_CarAudioService', destService='FSEM_AudioService', messageType='1', uuid='1668099649051631895', payloadData={"srcService":"IDCM_CarAudioService","dstService":"FSEM_AudioService","methodName":"setVolume","messageType":1,"uuid":1668099649051631895,"parameters":{"functionInfo":{"IDCM_VolumeValue_Media":"14"}}}}
11-11 01:00:49.090 2138 4963 I MicroService: dealMessage: 1
11-11 01:00:49.090 2138 4963 I MicroService: onResponse(setVolume): {"functionInfo":{"IDCM_VolumeValue_Media":"14"}}
11-11 01:00:49.098 1972 2488 I vol.Events: writeEvent level_changed STREAM_ALARM 3
11-11 01:00:49.099 1972 2488 I vol.Events: writeEvent level_changed STREAM_VOICE_CALL 2
11-11 01:00:49.110 1520 10895 I MicroServiceManager: requestResult(setVolume) parameters is{"functionInfo":{"IDCM_VolumeValue_Media":"9"}}.
11-11 01:00:49.110 1972 2488 I vol.Events: writeEvent level_changed STREAM_MUSIC 14
11-11 01:00:49.110 17748 18000 I downloader:liv: oneway function results for code 4 on binder at 0xf3f74010 will be dropped but finished with status UNKNOWN_TRANSACTION
11-11 01:00:49.110 17381 17395 I id.qqdownloade: oneway function results for code 4 on binder at 0xbad832b0 will be dropped but finished with status UNKNOWN_TRANSACTION
11-11 01:00:49.115 21220 21233 D BluetoothDatabase: getBondedDevicesOrdered: Invalid address for device LocalStorage
11-11 01:00:49.115 2138 4964 D MicroService: createClientSocket: clientSocket new
11-11 01:00:49.115 2138 4964 D MicroService: createClientSocket: IP = 192.168.4.4, PORT 9999localAddress = /192.168.4.16
11-11 01:00:49.115 2138 4964 D MicroService: Launching the I/O handler
11-11 01:00:49.116 2138 4964 D MicroService: createClientSocket: clientSocket = Socket[address=/192.168.4.4,port=9999,localPort=49907]
11-11 01:00:49.116 2138 4964 D MicroService: Send message to IDCM:SocketMessageBean{businessData='21930', srcService='FSEM_AudioService', destService='IDCM_CarAudioService', messageType='0', uuid='1668099649110533406', payloadData={"srcService":"FSEM_AudioService","dstService":"IDCM_CarAudioService","messageType":0,"uuid":1668099649110533406,"methodName":"setVolume","parameters":{"functionInfo":{"IDCM_VolumeValue_Media":"9"}}}}
11-11 01:00:49.116 2138 4964 D MicroService: Payload data length: 199
11-11 01:00:49.118 21220 21233 E HeadsetStateMachine: returning mCurrentState as Disconnected
11-11 01:00:49.119 21220 21467 D BluetoothDatabase: getBondedDevicesOrdered: Invalid address for device LocalStorage
11-11 01:00:49.119 21220 21233 D BluetoothPbapService: getConnectionState: F4:4E:FD:AD:96:65
11-11 01:00:49.120 21220 21467 E HeadsetStateMachine: returning mCurrentState as Disconnected
11-11 01:00:49.122 21220 21467 D BluetoothPbapService: getConnectionState: F4:4E:FD:AD:96:65
11-11 01:00:49.122 21220 21233 D HearingAidService: getActiveDevices
11-11 01:00:49.125 21220 21467 D HearingAidService: getActiveDevices
11-11 01:00:49.145 2138 2223 D MicroService: getEvent: clientSocket = Socket[address=/192.168.4.4,port=42790,localPort=9999]
11-11 01:00:49.145 2138 2223 D MicroService: run: called
11-11 01:00:49.145 2138 2223 D MicroService: getEvent: start waiting...
11-11 01:00:49.147 2138 4965 I MicroService: getStringByData(noZero): IDCM_CarAudioService
11-11 01:00:49.147 2138 4965 I MicroService: getStringByData(noZero): FSEM_AudioService
11-11 01:00:49.147 2138 4965 I MicroService: getStringByData: {"srcService":"IDCM_CarAudioService","dstService":"FSEM_AudioService","methodName":"setVolume","messageType":1,"uuid":1668099649110533406,"parameters":{"functionInfo":{"IDCM_VolumeValue_Media":"9"}}}
11-11 01:00:49.148 2138 4965 I MicroService: Receive message: SocketMessageBean{businessData='21930', srcService='IDCM_CarAudioService', destService='FSEM_AudioService', messageType='1', uuid='1668099649110533406', payloadData={"srcService":"IDCM_CarAudioService","dstService":"FSEM_AudioService","methodName":"setVolume","messageType":1,"uuid":1668099649110533406,"parameters":{"functionInfo":{"IDCM_VolumeValue_Media":"9"}}}}
11-11 01:00:49.148 2138 4965 I MicroService: dealMessage: 1
11-11 01:00:49.148 2138 4965 I MicroService: onResponse(setVolume): {"functionInfo":{"IDCM_VolumeValue_Media":"9"}}
11-11 01:00:49.156 1972 2488 I vol.Events: writeEvent level_changed STREAM_ALARM 2
11-11 01:00:49.158 1972 2488 I vol.Events: writeEvent level_changed STREAM_RING 2
11-11 01:00:49.160 1972 2488 I vol.Events: writeEvent level_changed STREAM_SYSTEM 2
11-11 01:00:49.174 1972 2488 I vol.Events: writeEvent level_changed STREAM_MUSIC 9
11-11 01:00:49.174 1520 2517 I MicroServiceManager: requestResult(setVolume) parameters is{"functionInfo":{"IDCM_VolumeValue_Media":"4"}}.
11-11 01:00:49.174 17381 17395 I id.qqdownloade: oneway function results for code 4 on binder at 0xbad832b0 will be dropped but finished with status UNKNOWN_TRANSACTION
11-11 01:00:49.175 17748 18000 I downloader:liv: oneway function results for code 4 on binder at 0xf3f74010 will be dropped but finished with status UNKNOWN_TRANSACTION
11-11 01:00:49.178 21220 21467 D BluetoothDatabase: getBondedDevicesOrdered: Invalid address for device LocalStorage
11-11 01:00:49.178 2138 4966 D MicroService: createClientSocket: clientSocket new
11-11 01:00:49.179 2138 4966 D MicroService: createClientSocket: IP = 192.168.4.4, PORT 9999localAddress = /192.168.4.16
11-11 01:00:49.179 2138 4966 D MicroService: Launching the I/O handler
11-11 01:00:49.179 2138 4966 D MicroService: createClientSocket: clientSocket = Socket[address=/192.168.4.4,port=9999,localPort=34851]
11-11 01:00:49.179 2138 4966 D MicroService: Send message to IDCM:SocketMessageBean{businessData='21930', srcService='FSEM_AudioService', destService='IDCM_CarAudioService', messageType='0', uuid='1668099649175659916', payloadData={"srcService":"FSEM_AudioService","dstService":"IDCM_CarAudioService","messageType":0,"uuid":1668099649175659916,"methodName":"setVolume","parameters":{"functionInfo":{"IDCM_VolumeValue_Media":"4"}}}}
11-11 01:00:49.179 2138 4966 D MicroService: Payload data length: 199
11-11 01:00:49.180 21220 21467 E HeadsetStateMachine: returning mCurrentState as Disconnected
11-11 01:00:49.182 21220 21467 D BluetoothPbapService: getConnectionState: F4:4E:FD:AD:96:65
11-11 01:00:49.183 21220 21467 D HearingAidService: getActiveDevices
11-11 01:00:49.185 21220 21467 D BluetoothDatabase: getBondedDevicesOrdered: Invalid address for device LocalStorage
11-11 01:00:49.186 21220 21233 E HeadsetStateMachine: returning mCurrentState as Disconnected
11-11 01:00:49.187 21220 21233 D BluetoothPbapService: getConnectionState: F4:4E:FD:AD:96:65
11-11 01:00:49.188 21220 21233 D HearingAidService: getActiveDevices
11-11 01:00:49.203 2138 2223 D MicroService: getEvent: clientSocket = Socket[address=/192.168.4.4,port=42792,localPort=9999]
11-11 01:00:49.204 2138 2223 D MicroService: run: called
11-11 01:00:49.204 2138 2223 D MicroService: getEvent: start waiting...
11-11 01:00:49.206 2138 4967 I MicroService: getStringByData(noZero): IDCM_CarAudioService
11-11 01:00:49.206 2138 4967 I MicroService: getStringByData(noZero): FSEM_AudioService
11-11 01:00:49.206 2138 4967 I MicroService: getStringByData: {"srcService":"IDCM_CarAudioService","dstService":"FSEM_AudioService","methodName":"setVolume","messageType":1,"uuid":1668099649175659916,"parameters":{"functionInfo":{"IDCM_VolumeValue_Media":"4"}}}
11-11 01:00:49.206 2138 4967 I MicroService: Receive message: SocketMessageBean{businessData='21930', srcService='IDCM_CarAudioService', destService='FSEM_AudioService', messageType='1', uuid='1668099649175659916', payloadData={"srcService":"IDCM_CarAudioService","dstService":"FSEM_AudioService","methodName":"setVolume","messageType":1,"uuid":1668099649175659916,"parameters":{"functionInfo":{"IDCM_VolumeValue_Media":"4"}}}}
11-11 01:00:49.206 2138 4967 I MicroService: dealMessage: 1
11-11 01:00:49.206 2138 4967 I MicroService: onResponse(setVolume): {"functionInfo":{"IDCM_VolumeValue_Media":"4"}}
11-11 01:00:49.218 1972 2488 I vol.Events: writeEvent level_changed STREAM_RING 1
11-11 01:00:49.219 1972 2488 I vol.Events: writeEvent level_changed STREAM_SYSTEM 1
11-11 01:00:49.220 1972 2488 I vol.Events: writeEvent level_changed STREAM_VOICE_CALL 1
11-11 01:00:49.231 1520 2517 I MicroServiceManager: requestResult(setVolume) parameters is{"functionInfo":{"IDCM_VolumeValue_Media":"3"}}.
11-11 01:00:49.231 1972 2488 I vol.Events: writeEvent level_changed STREAM_MUSIC 4
11-11 01:00:49.232 17381 17395 I id.qqdownloade: oneway function results for code 4 on binder at 0xbad832b0 will be dropped but finished with status UNKNOWN_TRANSACTION
11-11 01:00:49.232 17748 18000 I downloader:liv: oneway function results for code 4 on binder at 0xf3f74010 will be dropped but finished with status UNKNOWN_TRANSACTION
11-11 01:00:49.235 2138 4969 D MicroService: createClientSocket: clientSocket new
11-11 01:00:49.235 2138 4969 D MicroService: createClientSocket: IP = 192.168.4.4, PORT 9999localAddress = /192.168.4.16
11-11 01:00:49.235 2138 4969 D MicroService: Launching the I/O handler
11-11 01:00:49.235 2138 4969 D MicroService: createClientSocket: clientSocket = Socket[address=/192.168.4.4,port=9999,localPort=56441]
11-11 01:00:49.235 2138 4969 D MicroService: Send message to IDCM:SocketMessageBean{businessData='21930', srcService='FSEM_AudioService', destService='IDCM_CarAudioService', messageType='0', uuid='1668099649231276739', payloadData={"srcService":"FSEM_AudioService","dstService":"IDCM_CarAudioService","messageType":0,"uuid":1668099649231276739,"methodName":"setVolume","parameters":{"functionInfo":{"IDCM_VolumeValue_Media":"3"}}}}
11-11 01:00:49.235 2138 4969 D MicroService: Payload data length: 199
11-11 01:00:49.242 21220 21467 D BluetoothDatabase: getBondedDevicesOrdered: Invalid address for device LocalStorage
11-11 01:00:49.243 21220 21467 E HeadsetStateMachine: returning mCurrentState as Disconnected
11-11 01:00:49.245 21220 21467 D BluetoothPbapService: getConnectionState: F4:4E:FD:AD:96:65
11-11 01:00:49.245 21220 21233 D BluetoothDatabase: getBondedDevicesOrdered: Invalid address for device LocalStorage
11-11 01:00:49.246 21220 21467 E HeadsetStateMachine: returning mCurrentState as Disconnected
11-11 01:00:49.247 21220 21233 D HearingAidService: getActiveDevices
11-11 01:00:49.248 21220 21233 D BluetoothPbapService: getConnectionState: F4:4E:FD:AD:96:65
11-11 01:00:49.250 21220 21233 D HearingAidService: getActiveDevices
11-11 01:00:49.262 2138 2223 D MicroService: getEvent: clientSocket = Socket[address=/192.168.4.4,port=42794,localPort=9999]
11-11 01:00:49.262 2138 2223 D MicroService: run: called
11-11 01:00:49.262 2138 2223 D MicroService: getEvent: start waiting...
11-11 01:00:49.265 2138 4970 I MicroService: getStringByData(noZero): IDCM_CarAudioService
11-11 01:00:49.265 2138 4970 I MicroService: getStringByData(noZero): FSEM_AudioService
11-11 01:00:49.265 2138 4970 I MicroService: getStringByData: {"srcService":"IDCM_CarAudioService","dstService":"FSEM_AudioService","methodName":"setVolume","messageType":1,"uuid":1668099649231276739,"parameters":{"functionInfo":{"IDCM_VolumeValue_Media":"3"}}}
11-11 01:00:49.265 2138 4970 I MicroService: Receive message: SocketMessageBean{businessData='21930', srcService='IDCM_CarAudioService', destService='FSEM_AudioService', messageType='1', uuid='1668099649231276739', payloadData={"srcService":"IDCM_CarAudioService","dstService":"FSEM_AudioService","methodName":"setVolume","messageType":1,"uuid":1668099649231276739,"parameters":{"functionInfo":{"IDCM_VolumeValue_Media":"3"}}}}
11-11 01:00:49.265 2138 4970 I MicroService: dealMessage: 1
11-11 01:00:49.266 2138 4970 I MicroService: onResponse(setVolume): {"functionInfo":{"IDCM_VolumeValue_Media":"3"}}
11-11 01:00:49.278 1972 2488 I vol.Events: writeEvent level_changed STREAM_MUSIC 3
11-11 01:00:49.278 17381 17395 I id.qqdownloade: oneway function results for code 4 on binder at 0xbad832b0 will be dropped but finished with status UNKNOWN_TRANSACTION
11-11 01:00:49.278 17748 18000 I downloader:liv: oneway function results for code 4 on binder at 0xf3f74010 will be dropped but finished with status UNKNOWN_TRANSACTION
11-11 01:00:49.281 21220 21233 D BluetoothDatabase: getBondedDevicesOrdered: Invalid address for device LocalStorage
11-11 01:00:49.282 21220 21233 E HeadsetStateMachine: returning mCurrentState as Disconnected
11-11 01:00:49.283 21220 21233 D BluetoothPbapService: getConnectionState: F4:4E:FD:AD:96:65
11-11 01:00:49.284 21220 21467 D BluetoothDatabase: getBondedDevicesOrdered: Invalid address for device LocalStorage
11-11 01:00:49.285 21220 21467 D HearingAidService: getActiveDevices
11-11 01:00:49.285 21220 21233 E HeadsetStateMachine: returning mCurrentState as Disconnected
11-11 01:00:49.286 21220 21233 D BluetoothPbapService: getConnectionState: F4:4E:FD:AD:96:65
11-11 01:00:49.288 21220 21233 D HearingAidService: getActiveDevices
11-11 01:00:49.301 648 661 I mpu_uart: [MSG-P:RECV]:No message received in 1000 ms
11-11 01:00:49.662 1520 13789 I MicroServiceManager: requestResult(setVolume) parameters is{"functionInfo":{"IDCM_VolumeValue_Media":"4"}}.
11-11 01:00:49.666 2138 4973 D MicroService: createClientSocket: clientSocket new
11-11 01:00:49.667 2138 4973 D MicroService: createClientSocket: IP = 192.168.4.4, PORT 9999localAddress = /192.168.4.16
11-11 01:00:49.667 2138 4973 D MicroService: Launching the I/O handler
11-11 01:00:49.667 2138 4973 D MicroService: createClientSocket: clientSocket = Socket[address=/192.168.4.4,port=9999,localPort=33403]
11-11 01:00:49.667 2138 4973 D MicroService: Send message to IDCM:SocketMessageBean{businessData='21930', srcService='FSEM_AudioService', destService='IDCM_CarAudioService', messageType='0', uuid='1668099649662374083', payloadData={"srcService":"FSEM_AudioService","dstService":"IDCM_CarAudioService","messageType":0,"uuid":1668099649662374083,"methodName":"setVolume","parameters":{"functionInfo":{"IDCM_VolumeValue_Media":"4"}}}}
11-11 01:00:49.667 2138 4973 D MicroService: Payload data length: 199
11-11 01:00:49.688 2138 2223 D MicroService: getEvent: clientSocket = Socket[address=/192.168.4.4,port=42798,localPort=9999]
11-11 01:00:49.689 2138 2223 D MicroService: run: called
11-11 01:00:49.689 2138 2223 D MicroService: getEvent: start waiting...
11-11 01:00:49.690 2138 4974 I MicroService: getStringByData(noZero): IDCM_CarAudioService
11-11 01:00:49.690 2138 4974 I MicroService: getStringByData(noZero): FSEM_AudioService
11-11 01:00:49.690 2138 4974 I MicroService: getStringByData: {"srcService":"IDCM_CarAudioService","dstService":"FSEM_AudioService","methodName":"setVolume","messageType":1,"uuid":1668099649662374083,"parameters":{"functionInfo":{"IDCM_VolumeValue_Media":"4"}}}
11-11 01:00:49.691 2138 4974 I MicroService: Receive message: SocketMessageBean{businessData='21930', srcService='IDCM_CarAudioService', destService='FSEM_AudioService', messageType='1', uuid='1668099649662374083', payloadData={"srcService":"IDCM_CarAudioService","dstService":"FSEM_AudioService","methodName":"setVolume","messageType":1,"uuid":1668099649662374083,"parameters":{"functionInfo":{"IDCM_VolumeValue_Media":"4"}}}}
11-11 01:00:49.691 2138 4974 I MicroService: dealMessage: 1
11-11 01:00:49.691 2138 4974 I MicroService: onResponse(setVolume): {"functionInfo":{"IDCM_VolumeValue_Media":"4"}}
11-11 01:00:49.714 1972 2488 I vol.Events: writeEvent level_changed STREAM_MUSIC 4
11-11 01:00:49.714 17381 17395 I id.qqdownloade: oneway function results for code 4 on binder at 0xbad832b0 will be dropped but finished with status UNKNOWN_TRANSACTION
11-11 01:00:49.714 1520 2517 I MicroServiceManager: requestResult(setVolume) parameters is{"functionInfo":{"IDCM_VolumeValue_Media":"5"}}.
11-11 01:00:49.714 17748 18000 I downloader:liv: oneway function results for code 4 on binder at 0xf3f74010 will be dropped but finished with status UNKNOWN_TRANSACTION
11-11 01:00:49.718 21220 21232 D BluetoothDatabase: getBondedDevicesOrdered: Invalid address for device LocalStorage
11-11 01:00:49.721 21220 21467 E HeadsetStateMachine: returning mCurrentState as Disconnected
11-11 01:00:49.722 21220 21232 D BluetoothDatabase: getBondedDevicesOrdered: Invalid address for device LocalStorage
11-11 01:00:49.723 21220 21232 E HeadsetStateMachine: returning mCurrentState as Disconnected
11-11 01:00:49.723 21220 21467 D BluetoothPbapService: getConnectionState: F4:4E:FD:AD:96:65
11-11 01:00:49.725 21220 21467 D HearingAidService: getActiveDevices
11-11 01:00:49.726 2138 4975 D MicroService: createClientSocket: clientSocket new
11-11 01:00:49.726 21220 21467 D BluetoothPbapService: getConnectionState: F4:4E:FD:AD:96:65
11-11 01:00:49.726 2138 4975 D MicroService: createClientSocket: IP = 192.168.4.4, PORT 9999localAddress = /192.168.4.16
11-11 01:00:49.726 2138 4975 D MicroService: Launching the I/O handler
11-11 01:00:49.726 2138 4975 D MicroService: createClientSocket: clientSocket = Socket[address=/192.168.4.4,port=9999,localPort=57911]
11-11 01:00:49.726 2138 4975 D MicroService: Send message to IDCM:SocketMessageBean{businessData='21930', srcService='FSEM_AudioService', destService='IDCM_CarAudioService', messageType='0', uuid='1668099649714295489', payloadData={"srcService":"FSEM_AudioService","dstService":"IDCM_CarAudioService","messageType":0,"uuid":1668099649714295489,"methodName":"setVolume","parameters":{"functionInfo":{"IDCM_VolumeValue_Media":"5"}}}}
11-11 01:00:49.726 2138 4975 D MicroService: Payload data length: 199
11-11 01:00:49.731 21220 21467 D HearingAidService: getActiveDevices
11-11 01:00:49.745 2138 2223 D MicroService: getEvent: clientSocket = Socket[address=/192.168.4.4,port=42802,localPort=9999]
11-11 01:00:49.746 2138 2223 D MicroService: run: called
11-11 01:00:49.746 2138 2223 D MicroService: getEvent: start waiting...
11-11 01:00:49.747 2138 4976 I MicroService: getStringByData(noZero): IDCM_CarAudioService
11-11 01:00:49.747 2138 4976 I MicroService: getStringByData(noZero): FSEM_AudioService
11-11 01:00:49.747 2138 4976 I MicroService: getStringByData: {"srcService":"IDCM_CarAudioService","dstService":"FSEM_AudioService","methodName":"setVolume","messageType":1,"uuid":1668099649714295489,"parameters":{"functionInfo":{"IDCM_VolumeValue_Media":"5"}}}
11-11 01:00:49.747 2138 4976 I MicroService: Receive message: SocketMessageBean{businessData='21930', srcService='IDCM_CarAudioService', destService='FSEM_AudioService', messageType='1', uuid='1668099649714295489', payloadData={"srcService":"IDCM_CarAudioService","dstService":"FSEM_AudioService","methodName":"setVolume","messageType":1,"uuid":1668099649714295489,"parameters":{"functionInfo":{"IDCM_VolumeValue_Media":"5"}}}}
11-11 01:00:49.747 2138 4976 I MicroService: dealMessage: 1
11-11 01:00:49.747 2138 4976 I MicroService: onResponse(setVolume): {"functionInfo":{"IDCM_VolumeValue_Media":"5"}}
11-11 01:00:49.755 1972 2488 I vol.Events: writeEvent level_changed STREAM_VOICE_CALL 2
11-11 01:00:49.765 1972 2488 I vol.Events: writeEvent level_changed STREAM_MUSIC 5
11-11 01:00:49.765 1520 13789 I MicroServiceManager: requestResult(setVolume) parameters is{"functionInfo":{"IDCM_VolumeValue_Media":"9"}}.
11-11 01:00:49.766 17381 17395 I id.qqdownloade: oneway function results for code 4 on binder at 0xbad832b0 will be dropped but finished with status UNKNOWN_TRANSACTION
11-11 01:00:49.766 17748 18000 I downloader:liv: oneway function results for code 4 on binder at 0xf3f74010 will be dropped but finished with status UNKNOWN_TRANSACTION
11-11 01:00:49.770 21220 21232 D BluetoothDatabase: getBondedDevicesOrdered: Invalid address for device LocalStorage
11-11 01:00:49.772 21220 21232 E HeadsetStateMachine: returning mCurrentState as Disconnected
11-11 01:00:49.773 21220 21232 D BluetoothPbapService: getConnectionState: F4:4E:FD:AD:96:65
11-11 01:00:49.774 21220 21232 D BluetoothDatabase: getBondedDevicesOrdered: Invalid address for device LocalStorage
11-11 01:00:49.775 21220 21467 D HearingAidService: getActiveDevices
11-11 01:00:49.775 21220 21232 E HeadsetStateMachine: returning mCurrentState as Disconnected
11-11 01:00:49.776 2138 4977 D MicroService: createClientSocket: clientSocket new
11-11 01:00:49.776 2138 4977 D MicroService: createClientSocket: IP = 192.168.4.4, PORT 9999localAddress = /192.168.4.16
11-11 01:00:49.776 2138 4977 D MicroService: Launching the I/O handler
11-11 01:00:49.776 2138 4977 D MicroService: createClientSocket: clientSocket = Socket[address=/192.168.4.4,port=9999,localPort=37569]
11-11 01:00:49.776 2138 4977 D MicroService: Send message to IDCM:SocketMessageBean{businessData='21930', srcService='FSEM_AudioService', destService='IDCM_CarAudioService', messageType='0', uuid='1668099649765184030', payloadData={"srcService":"FSEM_AudioService","dstService":"IDCM_CarAudioService","messageType":0,"uuid":1668099649765184030,"methodName":"setVolume","parameters":{"functionInfo":{"IDCM_VolumeValue_Media":"9"}}}}
11-11 01:00:49.776 2138 4977 D MicroService: Payload data length: 199
11-11 01:00:49.776 21220 21467 D BluetoothPbapService: getConnectionState: F4:4E:FD:AD:96:65
11-11 01:00:49.778 21220 21467 D HearingAidService: getActiveDevices
11-11 01:00:49.801 2138 2223 D MicroService: getEvent: clientSocket = Socket[address=/192.168.4.4,port=42804,localPort=9999]
11-11 01:00:49.802 2138 2223 D MicroService: run: called
11-11 01:00:49.802 2138 2223 D MicroService: getEvent: start waiting...
11-11 01:00:49.803 2138 4978 I MicroService: getStringByData(noZero): IDCM_CarAudioService
11-11 01:00:49.803 2138 4978 I MicroService: getStringByData(noZero): FSEM_AudioService
11-11 01:00:49.803 2138 4978 I MicroService: getStringByData: {"srcService":"IDCM_CarAudioService","dstService":"FSEM_AudioService","methodName":"setVolume","messageType":1,"uuid":1668099649765184030,"parameters":{"functionInfo":{"IDCM_VolumeValue_Media":"9"}}}
11-11 01:00:49.803 2138 4978 I MicroService: Receive message: SocketMessageBean{businessData='21930', srcService='IDCM_CarAudioService', destService='FSEM_AudioService', messageType='1', uuid='1668099649765184030', payloadData={"srcService":"IDCM_CarAudioService","dstService":"FSEM_AudioService","methodName":"setVolume","messageType":1,"uuid":1668099649765184030,"parameters":{"functionInfo":{"IDCM_VolumeValue_Media":"9"}}}}
11-11 01:00:49.803 2138 4978 I MicroService: dealMessage: 1
11-11 01:00:49.804 2138 4978 I MicroService: onResponse(setVolume): {"functionInfo":{"IDCM_VolumeValue_Media":"9"}}
11-11 01:00:49.808 1520 1612 I system_server: Explicit concurrent copying GC freed 100005(5311KB) AllocSpace objects, 7(244KB) LOS objects, 50% free, 15MB/31MB, paused 297us,178us total 189.729ms
11-11 01:00:49.809 1520 1552 W System : A resource failed to call close.
11-11 01:00:49.810 1520 1552 W System : A resource failed to call close.
11-11 01:00:49.823 1972 2488 I vol.Events: writeEvent level_changed STREAM_MUSIC 9
11-11 01:00:49.824 1520 2517 I MicroServiceManager: requestResult(setVolume) parameters is{"functionInfo":{"IDCM_VolumeValue_Media":"15"}}.
11-11 01:00:49.824 1972 2488 I vol.Events: writeEvent level_changed STREAM_RING 2
11-11 01:00:49.824 1972 2488 I vol.Events: writeEvent level_changed STREAM_SYSTEM 2
11-11 01:00:49.826 17381 17395 I id.qqdownloade: oneway function results for code 4 on binder at 0xbad832b0 will be dropped but finished with status UNKNOWN_TRANSACTION
11-11 01:00:49.826 17748 18000 I downloader:liv: oneway function results for code 4 on binder at 0xf3f74010 will be dropped but finished with status UNKNOWN_TRANSACTION
11-11 01:00:49.828 2138 4979 D MicroService: createClientSocket: clientSocket new
11-11 01:00:49.828 2138 4979 D MicroService: createClientSocket: IP = 192.168.4.4, PORT 9999localAddress = /192.168.4.16
11-11 01:00:49.828 2138 4979 D MicroService: Launching the I/O handler
11-11 01:00:49.828 2138 4979 D MicroService: createClientSocket: clientSocket = Socket[address=/192.168.4.4,port=9999,localPort=54935]
11-11 01:00:49.828 2138 4979 D MicroService: Send message to IDCM:SocketMessageBean{businessData='21930', srcService='FSEM_AudioService', destService='IDCM_CarAudioService', messageType='0', uuid='1668099649824161739', payloadData={"srcService":"FSEM_AudioService","dstService":"IDCM_CarAudioService","messageType":0,"uuid":1668099649824161739,"methodName":"setVolume","parameters":{"functionInfo":{"IDCM_VolumeValue_Media":"15"}}}}
11-11 01:00:49.828 2138 4979 D MicroService: Payload data length: 200
11-11 01:00:49.830 21220 21467 D BluetoothDatabase: getBondedDevicesOrdered: Invalid address for device LocalStorage
11-11 01:00:49.831 21220 21467 E HeadsetStateMachine: returning mCurrentState as Disconnected
11-11 01:00:49.832 21220 21467 D BluetoothPbapService: getConnectionState: F4:4E:FD:AD:96:65
11-11 01:00:49.834 21220 21232 D HearingAidService: getActiveDevices
11-11 01:00:49.834 21220 21467 D BluetoothDatabase: getBondedDevicesOrdered: Invalid address for device LocalStorage
11-11 01:00:49.835 21220 21467 E HeadsetStateMachine: returning mCurrentState as Disconnected
11-11 01:00:49.837 21220 21467 D BluetoothPbapService: getConnectionState: F4:4E:FD:AD:96:65
11-11 01:00:49.839 21220 21232 D HearingAidService: getActiveDevices
11-11 01:00:49.845 1221 4905 I OMX-VENC: venc_dev: stats: avg. fps 32.94, bitrate 1383114
11-11 01:00:49.859 2138 2223 D MicroService: getEvent: clientSocket = Socket[address=/192.168.4.4,port=42806,localPort=9999]
11-11 01:00:49.859 2138 2223 D MicroService: run: called
11-11 01:00:49.859 2138 2223 D MicroService: getEvent: start waiting...
11-11 01:00:49.860 2138 4980 I MicroService: getStringByData(noZero): IDCM_CarAudioService
11-11 01:00:49.860 2138 4980 I MicroService: getStringByData(noZero): FSEM_AudioService
11-11 01:00:49.860 2138 4980 I MicroService: getStringByData: {"srcService":"IDCM_CarAudioService","dstService":"FSEM_AudioService","methodName":"setVolume","messageType":1,"uuid":1668099649824161739,"parameters":{"functionInfo":{"IDCM_VolumeValue_Media":"15"}}}
11-11 01:00:49.860 2138 4980 I MicroService: Receive message: SocketMessageBean{businessData='21930', srcService='IDCM_CarAudioService', destService='FSEM_AudioService', messageType='1', uuid='1668099649824161739', payloadData={"srcService":"IDCM_CarAudioService","dstService":"FSEM_AudioService","methodName":"setVolume","messageType":1,"uuid":1668099649824161739,"parameters":{"functionInfo":{"IDCM_VolumeValue_Media":"15"}}}}
11-11 01:00:49.860 2138 4980 I MicroService: dealMessage: 1
11-11 01:00:49.860 2138 4980 I MicroService: onResponse(setVolume): {"functionInfo":{"IDCM_VolumeValue_Media":"15"}}
11-11 01:00:49.869 1972 2488 I vol.Events: writeEvent level_changed STREAM_ALARM 3
11-11 01:00:49.871 1972 2488 I vol.Events: writeEvent level_changed STREAM_RING 3
11-11 01:00:49.874 1972 2488 I vol.Events: writeEvent level_changed STREAM_SYSTEM 3
11-11 01:00:49.874 1972 2488 I vol.Events: writeEvent level_changed STREAM_VOICE_CALL 3
11-11 01:00:49.874 1972 2488 I vol.Events: writeEvent level_changed STREAM_MUSIC 15
11-11 01:00:49.879 17381 17395 I id.qqdownloade: oneway function results for code 4 on binder at 0xbad832b0 will be dropped but finished with status UNKNOWN_TRANSACTION
11-11 01:00:49.879 17748 18000 I downloader:liv: oneway function results for code 4 on binder at 0xf3f74010 will be dropped but finished with status UNKNOWN_TRANSACTION
11-11 01:00:49.879 1520 13440 I MicroServiceManager: requestResult(setVolume) parameters is{"functionInfo":{"IDCM_VolumeValue_Media":"19"}}.
11-11 01:00:49.882 2138 4981 D MicroService: createClientSocket: clientSocket new
11-11 01:00:49.882 2138 4981 D MicroService: createClientSocket: IP = 192.168.4.4, PORT 9999localAddress = /192.168.4.16
11-11 01:00:49.882 2138 4981 D MicroService: Launching the I/O handler
11-11 01:00:49.882 2138 4981 D MicroService: createClientSocket: clientSocket = Socket[address=/192.168.4.4,port=9999,localPort=49055]
11-11 01:00:49.882 2138 4981 D MicroService: Send message to IDCM:SocketMessageBean{businessData='21930', srcService='FSEM_AudioService', destService='IDCM_CarAudioService', messageType='0', uuid='1668099649879603301', payloadData={"srcService":"FSEM_AudioService","dstService":"IDCM_CarAudioService","messageType":0,"uuid":1668099649879603301,"methodName":"setVolume","parameters":{"functionInfo":{"IDCM_VolumeValue_Media":"19"}}}}
11-11 01:00:49.882 2138 4981 D MicroService: Payload data length: 200
11-11 01:00:49.884 21220 21233 D BluetoothDatabase: getBondedDevicesOrdered: Invalid address for device LocalStorage
11-11 01:00:49.885 21220 21233 E HeadsetStateMachine: returning mCurrentState as Disconnected
11-11 01:00:49.886 21220 21233 D BluetoothPbapService: getConnectionState: F4:4E:FD:AD:96:65
11-11 01:00:49.888 21220 21232 D BluetoothDatabase: getBondedDevicesOrdered: Invalid address for device LocalStorage
11-11 01:00:49.888 21220 21233 D HearingAidService: getActiveDevices
11-11 01:00:49.889 21220 21233 E HeadsetStateMachine: returning mCurrentState as Disconnected
11-11 01:00:49.890 21220 21233 D BluetoothPbapService: getConnectionState: F4:4E:FD:AD:96:65
11-11 01:00:49.892 21220 21233 D HearingAidService: getActiveDevices
11-11 01:00:49.917 2138 2223 D MicroService: getEvent: clientSocket = Socket[address=/192.168.4.4,port=42808,localPort=9999]
11-11 01:00:49.917 2138 2223 D MicroService: run: called
11-11 01:00:49.917 2138 2223 D MicroService: getEvent: start waiting...
11-11 01:00:49.919 2138 4982 I MicroService: getStringByData(noZero): IDCM_CarAudioService
11-11 01:00:49.919 2138 4982 I MicroService: getStringByData(noZero): FSEM_AudioService
11-11 01:00:49.919 2138 4982 I MicroService: getStringByData: {"srcService":"IDCM_CarAudioService","dstService":"FSEM_AudioService","methodName":"setVolume","messageType":1,"uuid":1668099649879603301,"parameters":{"functionInfo":{"IDCM_VolumeValue_Media":"19"}}}
11-11 01:00:49.919 2138 4982 I MicroService: Receive message: SocketMessageBean{businessData='21930', srcService='IDCM_CarAudioService', destService='FSEM_AudioService', messageType='1', uuid='1668099649879603301', payloadData={"srcService":"IDCM_CarAudioService","dstService":"FSEM_AudioService","methodName":"setVolume","messageType":1,"uuid":1668099649879603301,"parameters":{"functionInfo":{"IDCM_VolumeValue_Media":"19"}}}}
11-11 01:00:49.919 2138 4982 I MicroService: dealMessage: 1
11-11 01:00:49.919 2138 4982 I MicroService: onResponse(setVolume): {"functionInfo":{"IDCM_VolumeValue_Media":"19"}}
11-11 01:00:49.927 1204 2472 D AudioAnalytics: gc(1700, 2000): log size:1700 item map size:122, item map items:1700
11-11 01:00:49.927 1972 2488 I vol.Events: writeEvent level_changed STREAM_ALARM 4
11-11 01:00:49.929 1972 2488 I vol.Events: writeEvent level_changed STREAM_MUSIC 19
11-11 01:00:49.934 17748 18000 I downloader:liv: oneway function results for code 4 on binder at 0xf3f74010 will be dropped but finished with status UNKNOWN_TRANSACTION
11-11 01:00:49.934 17381 17395 I id.qqdownloade: oneway function results for code 4 on binder at 0xbad832b0 will be dropped but finished with status UNKNOWN_TRANSACTION
11-11 01:00:49.936 1520 13885 I MicroServiceManager: requestResult(setVolume) parameters is{"functionInfo":{"IDCM_VolumeValue_Media":"25"}}.
11-11 01:00:49.937 21220 21233 D BluetoothDatabase: getBondedDevicesOrdered: Invalid address for device LocalStorage
11-11 01:00:49.935 2681 2681 W event_loop: type=1400 audit(0.0:920895856): avc: denied { read } for lport=13400 scontext=u:r:hht_ota_mgr:s0 tcontext=u:r:hht_ota_mgr:s0 tclass=udp_socket permissive=0
11-11 01:00:49.935 2681 2681 W event_loop: type=1400 audit(0.0:920895857): avc: denied { read } for lport=13400 scontext=u:r:hht_ota_mgr:s0 tcontext=u:r:hht_ota_mgr:s0 tclass=udp_socket permissive=0
11-11 01:00:49.935 2681 2681 W event_loop: type=1400 audit(0.0:920895858): avc: denied { read } for lport=13400 scontext=u:r:hht_ota_mgr:s0 tcontext=u:r:hht_ota_mgr:s0 tclass=udp_socket permissive=0
11-11 01:00:49.935 2681 2681 W event_loop: type=1400 audit(0.0:920895859): avc: denied { read } for lport=13400 scontext=u:r:hht_ota_mgr:s0 tcontext=u:r:hht_ota_mgr:s0 tclass=udp_socket permissive=0
11-11 01:00:49.938 21220 21467 E HeadsetStateMachine: returning mCurrentState as Disconnected
11-11 01:00:49.939 2138 4983 D MicroService: createClientSocket: clientSocket new
11-11 01:00:49.939 2138 4983 D MicroService: createClientSocket: IP = 192.168.4.4, PORT 9999localAddress = /192.168.4.16
11-11 01:00:49.939 2138 4983 D MicroService: Launching the I/O handler
11-11 01:00:49.939 2138 4983 D MicroService: createClientSocket: clientSocket = Socket[address=/192.168.4.4,port=9999,localPort=44671]
11-11 01:00:49.939 2138 4983 D MicroService: Send message to IDCM:SocketMessageBean{businessData='21930', srcService='FSEM_AudioService', destService='IDCM_CarAudioService', messageType='0', uuid='1668099649936607937', payloadData={"srcService":"FSEM_AudioService","dstService":"IDCM_CarAudioService","messageType":0,"uuid":1668099649936607937,"methodName":"setVolume","parameters":{"functionInfo":{"IDCM_VolumeValue_Media":"25"}}}}
11-11 01:00:49.939 2138 4983 D MicroService: Payload data length: 200
11-11 01:00:49.940 21220 21467 D BluetoothPbapService: getConnectionState: F4:4E:FD:AD:96:65
11-11 01:00:49.941 21220 21233 D BluetoothDatabase: getBondedDevicesOrdered: Invalid address for device LocalStorage
11-11 01:00:49.941 21220 21467 D HearingAidService: getActiveDevices
11-11 01:00:49.942 21220 21232 E HeadsetStateMachine: returning mCurrentState as Disconnected
11-11 01:00:49.943 21220 21232 D BluetoothPbapService: getConnectionState: F4:4E:FD:AD:96:65
01-01 09:02:44.708 0 0 W audit : audit_lost=920879264 audit_rate_limit=5 audit_backlog_limit=64
01-01 09:02:44.708 0 0 E audit : rate limit exceeded
11-11 01:00:49.944 21220 21232 D HearingAidService: getActiveDevices
11-11 01:00:49.935 2681 2681 W event_loop: type=1400 audit(0.0:920895860): avc: denied { read } for lport=13400 scontext=u:r:hht_ota_mgr:s0 tcontext=u:r:hht_ota_mgr:s0 tclass=udp_socket permissive=0
11-11 01:00:49.947 1520 13789 W BestClock: java.time.DateTimeException: Missing NTP fix
11-11 01:00:49.955 1520 13789 W BestClock: java.time.DateTimeException: Missing NTP fix
11-11 01:00:49.956 1520 1731 W BestClock: java.time.DateTimeException: Missing NTP fix
11-11 01:00:49.957 1520 1731 W BestClock: java.time.DateTimeException: Missing NTP fix
11-11 01:00:49.975 2138 2223 D MicroService: getEvent: clientSocket = Socket[address=/192.168.4.4,port=42810,localPort=9999]
11-11 01:00:49.975 2138 2223 D MicroService: run: called
11-11 01:00:49.975 2138 2223 D MicroService: getEvent: start waiting...
11-11 01:00:49.976 2138 4985 I MicroService: getStringByData(noZero): IDCM_CarAudioService
11-11 01:00:49.976 2138 4985 I MicroService: getStringByData(noZero): FSEM_AudioService
11-11 01:00:49.976 2138 4985 I MicroService: getStringByData: {"srcService":"IDCM_CarAudioService","dstService":"FSEM_AudioService","methodName":"setVolume","messageType":1,"uuid":1668099649936607937,"parameters":{"functionInfo":{"IDCM_VolumeValue_Media":"25"}}}
11-11 01:00:49.976 2138 4985 I MicroService: Receive message: SocketMessageBean{businessData='21930', srcService='IDCM_CarAudioService', destService='FSEM_AudioService', messageType='1', uuid='1668099649936607937', payloadData={"srcService":"IDCM_CarAudioService","dstService":"FSEM_AudioService","methodName":"setVolume","messageType":1,"uuid":1668099649936607937,"parameters":{"functionInfo":{"IDCM_VolumeValue_Media":"25"}}}}
11-11 01:00:49.976 2138 4985 I MicroService: dealMessage: 1
11-11 01:00:49.976 2138 4985 I MicroService: onResponse(setVolume): {"functionInfo":{"IDCM_VolumeValue_Media":"25"}}
11-11 01:00:49.987 1972 2488 I vol.Events: writeEvent level_changed STREAM_ALARM 5
11-11 01:00:49.988 1972 2488 I vol.Events: writeEvent level_changed STREAM_RING 5
11-11 01:00:49.989 1972 2488 I vol.Events: writeEvent level_changed STREAM_SYSTEM 5
11-11 01:00:49.989 1972 2488 I vol.Events: writeEvent level_changed STREAM_VOICE_CALL 4
11-11 01:00:50.000 1972 2488 I vol.Events: writeEvent level_changed STREAM_MUSIC 25
11-11 01:00:50.001 17381 17395 I id.qqdownloade: oneway function results for code 4 on binder at 0xbad832b0 will be dropped but finished with status UNKNOWN_TRANSACTION
11-11 01:00:50.001 17748 18000 I downloader:liv: oneway function results for code 4 on binder at 0xf3f74010 will be dropped but finished with status UNKNOWN_TRANSACTION
11-11 01:00:50.003 1520 13441 I MicroServiceManager: requestResult(setVolume) parameters is{"functionInfo":{"IDCM_VolumeValue_Media":"30"}}.
11-11 01:00:50.005 21220 21233 D BluetoothDatabase: getBondedDevicesOrdered: Invalid address for device LocalStorage
11-11 01:00:50.006 2138 4986 D MicroService: createClientSocket: clientSocket new
11-11 01:00:50.006 2138 4986 D MicroService: createClientSocket: IP = 192.168.4.4, PORT 9999localAddress = /192.168.4.16
11-11 01:00:50.006 2138 4986 D MicroService: Launching the I/O handler
11-11 01:00:50.006 2138 4986 D MicroService: createClientSocket: clientSocket = Socket[address=/192.168.4.4,port=9999,localPort=59173]
11-11 01:00:50.006 2138 4986 D MicroService: Send message to IDCM:SocketMessageBean{businessData='21930', srcService='FSEM_AudioService', destService='IDCM_CarAudioService', messageType='0', uuid='1668099650003057364', payloadData={"srcService":"FSEM_AudioService","dstService":"IDCM_CarAudioService","messageType":0,"uuid":1668099650003057364,"methodName":"setVolume","parameters":{"functionInfo":{"IDCM_VolumeValue_Media":"30"}}}}
11-11 01:00:50.006 2138 4986 D MicroService: Payload data length: 200
11-11 01:00:50.006 21220 21232 E HeadsetStateMachine: returning mCurrentState as Disconnected
11-11 01:00:50.007 21220 21232 D BluetoothPbapService: getConnectionState: F4:4E:FD:AD:96:65
11-11 01:00:50.009 21220 21232 D HearingAidService: getActiveDevices
11-11 01:00:50.019 21220 21233 D BluetoothDatabase: getBondedDevicesOrdered: Invalid address for device LocalStorage
11-11 01:00:50.020 21220 21233 E HeadsetStateMachine: returning mCurrentState as Disconnected
11-11 01:00:50.021 21220 21233 D BluetoothPbapService: getConnectionState: F4:4E:FD:AD:96:65
11-11 01:00:50.022 21220 21233 D HearingAidService: getActiveDevices
11-11 01:00:50.033 2138 2223 D MicroService: getEvent: clientSocket = Socket[address=/192.168.4.4,port=42812,localPort=9999]
11-11 01:00:50.034 2138 2223 D MicroService: run: called
11-11 01:00:50.034 2138 2223 D MicroService: getEvent: start waiting...
11-11 01:00:50.034 2138 4987 I MicroService: getStringByData(noZero): IDCM_CarAudioService
11-11 01:00:50.034 2138 4987 I MicroService: getStringByData(noZero): FSEM_AudioService
11-11 01:00:50.034 2138 4987 I MicroService: getStringByData: {"srcService":"IDCM_CarAudioService","dstService":"FSEM_AudioService","methodName":"setVolume","messageType":1,"uuid":1668099650003057364,"parameters":{"functionInfo":{"IDCM_VolumeValue_Media":"30"}}}
11-11 01:00:50.034 2138 4987 I MicroService: Receive message: SocketMessageBean{businessData='21930', srcService='IDCM_CarAudioService', destService='FSEM_AudioService', messageType='1', uuid='1668099650003057364', payloadData={"srcService":"IDCM_CarAudioService","dstService":"FSEM_AudioService","methodName":"setVolume","messageType":1,"uuid":1668099650003057364,"parameters":{"functionInfo":{"IDCM_VolumeValue_Media":"30"}}}}
11-11 01:00:50.034 2138 4987 I MicroService: dealMessage: 1
11-11 01:00:50.034 2138 4987 I MicroService: onResponse(setVolume): {"functionInfo":{"IDCM_VolumeValue_Media":"30"}}
11-11 01:00:50.046 1972 2488 I vol.Events: writeEvent level_changed STREAM_MUSIC 30
11-11 01:00:50.046 1520 13885 I MicroServiceManager: requestResult(setVolume) parameters is{"functionInfo":{"IDCM_VolumeValue_Media":"35"}}.
11-11 01:00:50.046 17748 18000 I downloader:liv: oneway function results for code 4 on binder at 0xf3f74010 will be dropped but finished with status UNKNOWN_TRANSACTION
11-11 01:00:50.046 1972 2488 I vol.Events: writeEvent level_changed STREAM_ALARM 6
11-11 01:00:50.046 17381 17395 I id.qqdownloade: oneway function results for code 4 on binder at 0xbad832b0 will be dropped but finished with status UNKNOWN_TRANSACTION
11-11 01:00:50.050 2138 4988 D MicroService: createClientSocket: clientSocket new
11-11 01:00:50.051 2138 4988 D MicroService: createClientSocket: IP = 192.168.4.4, PORT 9999localAddress = /192.168.4.16
11-11 01:00:50.051 2138 4988 D MicroService: Launching the I/O handler
11-11 01:00:50.051 2138 4988 D MicroService: createClientSocket: clientSocket = Socket[address=/192.168.4.4,port=9999,localPort=58625]
11-11 01:00:50.051 2138 4988 D MicroService: Send message to IDCM:SocketMessageBean{businessData='21930', srcService='FSEM_AudioService', destService='IDCM_CarAudioService', messageType='0', uuid='1668099650046062780', payloadData={"srcService":"FSEM_AudioService","dstService":"IDCM_CarAudioService","messageType":0,"uuid":1668099650046062780,"methodName":"setVolume","parameters":{"functionInfo":{"IDCM_VolumeValue_Media":"35"}}}}
11-11 01:00:50.051 21220 21233 D BluetoothDatabase: getBondedDevicesOrdered: Invalid address for device LocalStorage
11-11 01:00:50.051 2138 4988 D MicroService: Payload data length: 200
11-11 01:00:50.052 21220 21467 E HeadsetStateMachine: returning mCurrentState as Disconnected
11-11 01:00:50.052 21220 21232 D BluetoothDatabase: getBondedDevicesOrdered: Invalid address for device LocalStorage
11-11 01:00:50.053 21220 21467 E HeadsetStateMachine: returning mCurrentState as Disconnected
11-11 01:00:50.053 21220 21232 D BluetoothPbapService: getConnectionState: F4:4E:FD:AD:96:65
11-11 01:00:50.054 21220 21467 D BluetoothPbapService: getConnectionState: F4:4E:FD:AD:96:65
11-11 01:00:50.055 21220 21232 D HearingAidService: getActiveDevices
11-11 01:00:50.056 21220 21467 D HearingAidService: getActiveDevices
11-11 01:00:50.090 2138 2223 D MicroService: getEvent: clientSocket = Socket[address=/192.168.4.4,port=42814,localPort=9999]
11-11 01:00:50.090 2138 2223 D MicroService: run: called
11-11 01:00:50.090 2138 2223 D MicroService: getEvent: start waiting...
11-11 01:00:50.092 2138 4989 I MicroService: getStringByData(noZero): IDCM_CarAudioService
11-11 01:00:50.092 2138 4989 I MicroService: getStringByData(noZero): FSEM_AudioService
11-11 01:00:50.092 2138 4989 I MicroService: getStringByData: {"srcService":"IDCM_CarAudioService","dstService":"FSEM_AudioService","methodName":"setVolume","messageType":1,"uuid":1668099650046062780,"parameters":{"functionInfo":{"IDCM_VolumeValue_Media":"35"}}}
