11-11 01:00:47.887 17748 18001 I downloader:liv: oneway function results for code 4 on binder at 0xf3f74010 will be dropped but finished with status UNKNOWN_TRANSACTION
11-11 01:00:47.890 21220 21233 D BluetoothDatabase: getBondedDevicesOrdered: Invalid address for device LocalStorage
11-11 01:00:47.890 2138 4929 D MicroService: createClientSocket: clientSocket new
11-11 01:00:47.890 2138 4929 D MicroService: createClientSocket: IP = 192.168.4.4, PORT 9999localAddress = /192.168.4.16
11-11 01:00:47.890 2138 4929 D MicroService: Launching the I/O handler
11-11 01:00:47.890 2138 4929 D MicroService: createClientSocket: clientSocket = Socket[address=/192.168.4.4,port=9999,localPort=40667]
11-11 01:00:47.890 2138 4929 D MicroService: Send message to IDCM:SocketMessageBean{businessData='21930', srcService='FSEM_AudioService', destService='IDCM_CarAudioService', messageType='0', uuid='1668099647887169760', payloadData={"srcService":"FSEM_AudioService","dstService":"IDCM_CarAudioService","messageType":0,"uuid":1668099647887169760,"methodName":"setVolume","parameters":{"functionInfo":{"IDCM_VolumeValue_Media":"15"}}}}
11-11 01:00:47.891 2138 4929 D MicroService: Payload data length: 200
11-11 01:00:47.891 21220 21233 E HeadsetStateMachine: returning mCurrentState as Disconnected
11-11 01:00:47.892 21220 21233 D BluetoothPbapService: getConnectionState: F4:4E:FD:AD:96:65
11-11 01:00:47.893 21220 21467 D BluetoothDatabase: getBondedDevicesOrdered: Invalid address for device LocalStorage
11-11 01:00:47.894 21220 21233 E HeadsetStateMachine: returning mCurrentState as Disconnected
11-11 01:00:47.894 21220 21233 D HearingAidService: getActiveDevices
11-11 01:00:47.895 21220 21467 D BluetoothPbapService: getConnectionState: F4:4E:FD:AD:96:65
11-11 01:00:47.897 21220 21467 D HearingAidService: getActiveDevices
11-11 01:00:47.908 2138 2223 D MicroService: getEvent: clientSocket = Socket[address=/192.168.4.4,port=42750,localPort=9999]
11-11 01:00:47.908 2138 2223 D MicroService: run: called
11-11 01:00:47.908 2138 2223 D MicroService: getEvent: start waiting...
11-11 01:00:47.910 2138 4930 I MicroService: getStringByData(noZero): IDCM_CarAudioService
11-11 01:00:47.910 2138 4930 I MicroService: getStringByData(noZero): FSEM_AudioService
11-11 01:00:47.910 2138 4930 I MicroService: getStringByData: {"srcService":"IDCM_CarAudioService","dstService":"FSEM_AudioService","methodName":"setVolume","messageType":1,"uuid":1668099647887169760,"parameters":{"functionInfo":{"IDCM_VolumeValue_Media":"15"}}}
11-11 01:00:47.910 2138 4930 I MicroService: Receive message: SocketMessageBean{businessData='21930', srcService='IDCM_CarAudioService', destService='FSEM_AudioService', messageType='1', uuid='1668099647887169760', payloadData={"srcService":"IDCM_CarAudioService","dstService":"FSEM_AudioService","methodName":"setVolume","messageType":1,"uuid":1668099647887169760,"parameters":{"functionInfo":{"IDCM_VolumeValue_Media":"15"}}}}
11-11 01:00:47.910 2138 4930 I MicroService: dealMessage: 1
11-11 01:00:47.910 2138 4930 I MicroService: onResponse(setVolume): {"functionInfo":{"IDCM_VolumeValue_Media":"15"}}
11-11 01:00:47.917 1972 2488 I vol.Events: writeEvent level_changed STREAM_RING 3
11-11 01:00:47.918 1972 2488 I vol.Events: writeEvent level_changed STREAM_SYSTEM 3
11-11 01:00:47.919 1972 2488 I vol.Events: writeEvent level_changed STREAM_VOICE_CALL 3
11-11 01:00:47.926 1972 2488 I vol.Events: writeEvent level_changed STREAM_MUSIC 15
11-11 01:00:47.926 17381 18925 I id.qqdownloade: oneway function results for code 4 on binder at 0xbad832b0 will be dropped but finished with status UNKNOWN_TRANSACTION
11-11 01:00:47.926 1520 11171 I MicroServiceManager: requestResult(setVolume) parameters is{"functionInfo":{"IDCM_VolumeValue_Media":"17"}}.
11-11 01:00:47.926 17748 18001 I downloader:liv: oneway function results for code 4 on binder at 0xf3f74010 will be dropped but finished with status UNKNOWN_TRANSACTION
11-11 01:00:47.931 2138 4931 D MicroService: createClientSocket: clientSocket new
11-11 01:00:47.931 2138 4931 D MicroService: createClientSocket: IP = 192.168.4.4, PORT 9999localAddress = /192.168.4.16
11-11 01:00:47.931 2138 4931 D MicroService: Launching the I/O handler
11-11 01:00:47.931 2138 4931 D MicroService: createClientSocket: clientSocket = Socket[address=/192.168.4.4,port=9999,localPort=35713]
11-11 01:00:47.931 2138 4931 D MicroService: Send message to IDCM:SocketMessageBean{businessData='21930', srcService='FSEM_AudioService', destService='IDCM_CarAudioService', messageType='0', uuid='1668099647927686531', payloadData={"srcService":"FSEM_AudioService","dstService":"IDCM_CarAudioService","messageType":0,"uuid":1668099647927686531,"methodName":"setVolume","parameters":{"functionInfo":{"IDCM_VolumeValue_Media":"17"}}}}
11-11 01:00:47.931 2138 4931 D MicroService: Payload data length: 200
11-11 01:00:47.927 2681 2681 W event_loop: type=1400 audit(0.0:920382697): avc: denied { read } for lport=13400 scontext=u:r:hht_ota_mgr:s0 tcontext=u:r:hht_ota_mgr:s0 tclass=udp_socket permissive=0
11-11 01:00:47.927 2681 2681 W event_loop: type=1400 audit(0.0:920382698): avc: denied { read } for lport=13400 scontext=u:r:hht_ota_mgr:s0 tcontext=u:r:hht_ota_mgr:s0 tclass=udp_socket permissive=0
11-11 01:00:47.927 2681 2681 W event_loop: type=1400 audit(0.0:920382699): avc: denied { read } for lport=13400 scontext=u:r:hht_ota_mgr:s0 tcontext=u:r:hht_ota_mgr:s0 tclass=udp_socket permissive=0
11-11 01:00:47.927 2681 2681 W event_loop: type=1400 audit(0.0:920382700): avc: denied { read } for lport=13400 scontext=u:r:hht_ota_mgr:s0 tcontext=u:r:hht_ota_mgr:s0 tclass=udp_socket permissive=0
11-11 01:00:47.927 2681 2681 W event_loop: type=1400 audit(0.0:920382701): avc: denied { read } for lport=13400 scontext=u:r:hht_ota_mgr:s0 tcontext=u:r:hht_ota_mgr:s0 tclass=udp_socket permissive=0
01-01 09:02:42.700 0 0 W audit : audit_lost=920366160 audit_rate_limit=5 audit_backlog_limit=64
01-01 09:02:42.700 0 0 E audit : rate limit exceeded
11-11 01:00:47.937 21220 21467 D BluetoothDatabase: getBondedDevicesOrdered: Invalid address for device LocalStorage
11-11 01:00:47.938 21220 21233 D BluetoothDatabase: getBondedDevicesOrdered: Invalid address for device LocalStorage
11-11 01:00:47.938 21220 21467 E HeadsetStateMachine: returning mCurrentState as Disconnected
11-11 01:00:47.939 21220 21233 E HeadsetStateMachine: returning mCurrentState as Disconnected
11-11 01:00:47.940 21220 21233 D BluetoothPbapService: getConnectionState: F4:4E:FD:AD:96:65
11-11 01:00:47.940 21220 21467 D BluetoothPbapService: getConnectionState: F4:4E:FD:AD:96:65
11-11 01:00:47.942 21220 21233 D HearingAidService: getActiveDevices
11-11 01:00:47.942 21220 21467 D HearingAidService: getActiveDevices
11-11 01:00:47.967 2138 2223 D MicroService: getEvent: clientSocket = Socket[address=/192.168.4.4,port=42752,localPort=9999]
11-11 01:00:47.968 2138 2223 D MicroService: run: called
11-11 01:00:47.968 2138 2223 D MicroService: getEvent: start waiting...
11-11 01:00:47.968 2138 4932 I MicroService: getStringByData(noZero): IDCM_CarAudioService
11-11 01:00:47.968 2138 4932 I MicroService: getStringByData(noZero): FSEM_AudioService
11-11 01:00:47.968 2138 4932 I MicroService: getStringByData: {"srcService":"IDCM_CarAudioService","dstService":"FSEM_AudioService","methodName":"setVolume","messageType":1,"uuid":1668099647927686531,"parameters":{"functionInfo":{"IDCM_VolumeValue_Media":"17"}}}
11-11 01:00:47.968 2138 4932 I MicroService: Receive message: SocketMessageBean{businessData='21930', srcService='IDCM_CarAudioService', destService='FSEM_AudioService', messageType='1', uuid='1668099647927686531', payloadData={"srcService":"IDCM_CarAudioService","dstService":"FSEM_AudioService","methodName":"setVolume","messageType":1,"uuid":1668099647927686531,"parameters":{"functionInfo":{"IDCM_VolumeValue_Media":"17"}}}}
11-11 01:00:47.968 2138 4932 I MicroService: dealMessage: 1
11-11 01:00:47.968 2138 4932 I MicroService: onResponse(setVolume): {"functionInfo":{"IDCM_VolumeValue_Media":"17"}}
11-11 01:00:47.975 1972 2488 I vol.Events: writeEvent level_changed STREAM_ALARM 4
11-11 01:00:47.987 1972 2488 I vol.Events: writeEvent level_changed STREAM_MUSIC 17
11-11 01:00:47.987 1520 11170 I MicroServiceManager: requestResult(setVolume) parameters is{"functionInfo":{"IDCM_VolumeValue_Media":"24"}}.
11-11 01:00:47.987 17381 18925 I id.qqdownloade: oneway function results for code 4 on binder at 0xbad832b0 will be dropped but finished with status UNKNOWN_TRANSACTION
11-11 01:00:47.987 17748 18001 I downloader:liv: oneway function results for code 4 on binder at 0xf3f74010 will be dropped but finished with status UNKNOWN_TRANSACTION
11-11 01:00:47.989 21220 21233 D BluetoothDatabase: getBondedDevicesOrdered: Invalid address for device LocalStorage
11-11 01:00:47.990 21220 21233 E HeadsetStateMachine: returning mCurrentState as Disconnected
11-11 01:00:47.991 2138 4933 D MicroService: createClientSocket: clientSocket new
11-11 01:00:47.991 2138 4933 D MicroService: createClientSocket: IP = 192.168.4.4, PORT 9999localAddress = /192.168.4.16
11-11 01:00:47.991 2138 4933 D MicroService: Launching the I/O handler
11-11 01:00:47.991 2138 4933 D MicroService: createClientSocket: clientSocket = Socket[address=/192.168.4.4,port=9999,localPort=60601]
11-11 01:00:47.992 2138 4933 D MicroService: Send message to IDCM:SocketMessageBean{businessData='21930', srcService='FSEM_AudioService', destService='IDCM_CarAudioService', messageType='0', uuid='1668099647988626948', payloadData={"srcService":"FSEM_AudioService","dstService":"IDCM_CarAudioService","messageType":0,"uuid":1668099647988626948,"methodName":"setVolume","parameters":{"functionInfo":{"IDCM_VolumeValue_Media":"24"}}}}
11-11 01:00:47.992 2138 4933 D MicroService: Payload data length: 200
11-11 01:00:47.992 21220 21233 D BluetoothPbapService: getConnectionState: F4:4E:FD:AD:96:65
11-11 01:00:47.993 21220 21233 D HearingAidService: getActiveDevices
11-11 01:00:47.996 21220 21233 D BluetoothDatabase: getBondedDevicesOrdered: Invalid address for device LocalStorage
11-11 01:00:47.997 21220 21467 E HeadsetStateMachine: returning mCurrentState as Disconnected
11-11 01:00:47.998 21220 21467 D BluetoothPbapService: getConnectionState: F4:4E:FD:AD:96:65
11-11 01:00:47.999 21220 21467 D HearingAidService: getActiveDevices
11-11 01:00:48.025 2138 2223 D MicroService: getEvent: clientSocket = Socket[address=/192.168.4.4,port=42754,localPort=9999]
11-11 01:00:48.025 2138 2223 D MicroService: run: called
11-11 01:00:48.025 2138 2223 D MicroService: getEvent: start waiting...
11-11 01:00:48.025 2138 4934 I MicroService: getStringByData(noZero): IDCM_CarAudioService
11-11 01:00:48.025 2138 4934 I MicroService: getStringByData(noZero): FSEM_AudioService
11-11 01:00:48.025 2138 4934 I MicroService: getStringByData: {"srcService":"IDCM_CarAudioService","dstService":"FSEM_AudioService","methodName":"setVolume","messageType":1,"uuid":1668099647988626948,"parameters":{"functionInfo":{"IDCM_VolumeValue_Media":"24"}}}
11-11 01:00:48.025 2138 4934 I MicroService: Receive message: SocketMessageBean{businessData='21930', srcService='IDCM_CarAudioService', destService='FSEM_AudioService', messageType='1', uuid='1668099647988626948', payloadData={"srcService":"IDCM_CarAudioService","dstService":"FSEM_AudioService","methodName":"setVolume","messageType":1,"uuid":1668099647988626948,"parameters":{"functionInfo":{"IDCM_VolumeValue_Media":"24"}}}}
11-11 01:00:48.025 2138 4934 I MicroService: dealMessage: 1
11-11 01:00:48.026 2138 4934 I MicroService: onResponse(setVolume): {"functionInfo":{"IDCM_VolumeValue_Media":"24"}}
11-11 01:00:48.036 1972 2488 I vol.Events: writeEvent level_changed STREAM_ALARM 5
11-11 01:00:48.036 1972 2488 I vol.Events: writeEvent level_changed STREAM_RING 4
11-11 01:00:48.038 1972 2488 I vol.Events: writeEvent level_changed STREAM_SYSTEM 4
11-11 01:00:48.038 1972 2488 I vol.Events: writeEvent level_changed STREAM_VOICE_CALL 4
11-11 01:00:48.046 1972 2488 I vol.Events: writeEvent level_changed STREAM_MUSIC 24
11-11 01:00:48.046 1520 10895 I MicroServiceManager: requestResult(setVolume) parameters is{"functionInfo":{"IDCM_VolumeValue_Media":"28"}}.
11-11 01:00:48.046 17381 18925 I id.qqdownloade: oneway function results for code 4 on binder at 0xbad832b0 will be dropped but finished with status UNKNOWN_TRANSACTION
11-11 01:00:48.046 17748 18001 I downloader:liv: oneway function results for code 4 on binder at 0xf3f74010 will be dropped but finished with status UNKNOWN_TRANSACTION
11-11 01:00:48.050 21220 21467 D BluetoothDatabase: getBondedDevicesOrdered: Invalid address for device LocalStorage
11-11 01:00:48.051 2138 4935 D MicroService: createClientSocket: clientSocket new
11-11 01:00:48.051 21220 21467 E HeadsetStateMachine: returning mCurrentState as Disconnected
11-11 01:00:48.051 2138 4935 D MicroService: createClientSocket: IP = 192.168.4.4, PORT 9999localAddress = /192.168.4.16
11-11 01:00:48.051 2138 4935 D MicroService: Launching the I/O handler
11-11 01:00:48.051 2138 4935 D MicroService: createClientSocket: clientSocket = Socket[address=/192.168.4.4,port=9999,localPort=52433]
11-11 01:00:48.051 2138 4935 D MicroService: Send message to IDCM:SocketMessageBean{businessData='21930', srcService='FSEM_AudioService', destService='IDCM_CarAudioService', messageType='0', uuid='1668099648046320854', payloadData={"srcService":"FSEM_AudioService","dstService":"IDCM_CarAudioService","messageType":0,"uuid":1668099648046320854,"methodName":"setVolume","parameters":{"functionInfo":{"IDCM_VolumeValue_Media":"28"}}}}
11-11 01:00:48.051 2138 4935 D MicroService: Payload data length: 200
11-11 01:00:48.054 21220 21467 D BluetoothPbapService: getConnectionState: F4:4E:FD:AD:96:65
11-11 01:00:48.056 21220 21467 D HearingAidService: getActiveDevices
11-11 01:00:48.058 21220 21467 D BluetoothDatabase: getBondedDevicesOrdered: Invalid address for device LocalStorage
11-11 01:00:48.059 21220 21467 E HeadsetStateMachine: returning mCurrentState as Disconnected
11-11 01:00:48.061 21220 21467 D BluetoothPbapService: getConnectionState: F4:4E:FD:AD:96:65
11-11 01:00:48.066 21220 21467 D HearingAidService: getActiveDevices
11-11 01:00:48.080 2138 2223 D MicroService: getEvent: clientSocket = Socket[address=/192.168.4.4,port=42756,localPort=9999]
11-11 01:00:48.081 2138 2223 D MicroService: run: called
11-11 01:00:48.081 2138 2223 D MicroService: getEvent: start waiting...
11-11 01:00:48.082 2138 4936 I MicroService: getStringByData(noZero): IDCM_CarAudioService
11-11 01:00:48.082 2138 4936 I MicroService: getStringByData(noZero): FSEM_AudioService
11-11 01:00:48.082 2138 4936 I MicroService: getStringByData: {"srcService":"IDCM_CarAudioService","dstService":"FSEM_AudioService","methodName":"setVolume","messageType":1,"uuid":1668099648046320854,"parameters":{"functionInfo":{"IDCM_VolumeValue_Media":"28"}}}
11-11 01:00:48.082 2138 4936 I MicroService: Receive message: SocketMessageBean{businessData='21930', srcService='IDCM_CarAudioService', destService='FSEM_AudioService', messageType='1', uuid='1668099648046320854', payloadData={"srcService":"IDCM_CarAudioService","dstService":"FSEM_AudioService","methodName":"setVolume","messageType":1,"uuid":1668099648046320854,"parameters":{"functionInfo":{"IDCM_VolumeValue_Media":"28"}}}}
11-11 01:00:48.082 2138 4936 I MicroService: dealMessage: 1
11-11 01:00:48.083 2138 4936 I MicroService: onResponse(setVolume): {"functionInfo":{"IDCM_VolumeValue_Media":"28"}}
11-11 01:00:48.106 1520 10896 I MicroServiceManager: requestResult(setVolume) parameters is{"functionInfo":{"IDCM_VolumeValue_Media":"32"}}.
11-11 01:00:48.106 1972 2488 I vol.Events: writeEvent level_changed STREAM_MUSIC 28
11-11 01:00:48.106 17381 18925 I id.qqdownloade: oneway function results for code 4 on binder at 0xbad832b0 will be dropped but finished with status UNKNOWN_TRANSACTION
11-11 01:00:48.106 17748 18001 I downloader:liv: oneway function results for code 4 on binder at 0xf3f74010 will be dropped but finished with status UNKNOWN_TRANSACTION
11-11 01:00:48.106 1972 2488 I vol.Events: writeEvent level_changed STREAM_RING 5
11-11 01:00:48.107 1972 2488 I vol.Events: writeEvent level_changed STREAM_SYSTEM 5
11-11 01:00:48.109 21220 21467 D BluetoothDatabase: getBondedDevicesOrdered: Invalid address for device LocalStorage
11-11 01:00:48.112 21220 21467 E HeadsetStateMachine: returning mCurrentState as Disconnected
11-11 01:00:48.114 21220 21233 D BluetoothPbapService: getConnectionState: F4:4E:FD:AD:96:65
11-11 01:00:48.115 2138 4937 D MicroService: createClientSocket: clientSocket new
11-11 01:00:48.115 2138 4937 D MicroService: createClientSocket: IP = 192.168.4.4, PORT 9999localAddress = /192.168.4.16
11-11 01:00:48.115 2138 4937 D MicroService: Launching the I/O handler
11-11 01:00:48.115 2138 4937 D MicroService: createClientSocket: clientSocket = Socket[address=/192.168.4.4,port=9999,localPort=35951]
11-11 01:00:48.115 2138 4937 D MicroService: Send message to IDCM:SocketMessageBean{businessData='21930', srcService='FSEM_AudioService', destService='IDCM_CarAudioService', messageType='0', uuid='1668099648106479552', payloadData={"srcService":"FSEM_AudioService","dstService":"IDCM_CarAudioService","messageType":0,"uuid":1668099648106479552,"methodName":"setVolume","parameters":{"functionInfo":{"IDCM_VolumeValue_Media":"32"}}}}
11-11 01:00:48.115 2138 4937 D MicroService: Payload data length: 200
11-11 01:00:48.117 21220 21233 D HearingAidService: getActiveDevices
11-11 01:00:48.117 21220 21467 D BluetoothDatabase: getBondedDevicesOrdered: Invalid address for device LocalStorage
11-11 01:00:48.119 21220 21467 E HeadsetStateMachine: returning mCurrentState as Disconnected
11-11 01:00:48.121 21220 21233 D BluetoothPbapService: getConnectionState: F4:4E:FD:AD:96:65
11-11 01:00:48.123 21220 21233 D HearingAidService: getActiveDevices
11-11 01:00:48.140 2138 2223 D MicroService: getEvent: clientSocket = Socket[address=/192.168.4.4,port=42758,localPort=9999]
11-11 01:00:48.140 2138 2223 D MicroService: run: called
11-11 01:00:48.140 2138 2223 D MicroService: getEvent: start waiting...
11-11 01:00:48.141 2138 4938 I MicroService: getStringByData(noZero): IDCM_CarAudioService
11-11 01:00:48.141 2138 4938 I MicroService: getStringByData(noZero): FSEM_AudioService
11-11 01:00:48.141 2138 4938 I MicroService: getStringByData: {"srcService":"IDCM_CarAudioService","dstService":"FSEM_AudioService","methodName":"setVolume","messageType":1,"uuid":1668099648106479552,"parameters":{"functionInfo":{"IDCM_VolumeValue_Media":"32"}}}
11-11 01:00:48.141 2138 4938 I MicroService: Receive message: SocketMessageBean{businessData='21930', srcService='IDCM_CarAudioService', destService='FSEM_AudioService', messageType='1', uuid='1668099648106479552', payloadData={"srcService":"IDCM_CarAudioService","dstService":"FSEM_AudioService","methodName":"setVolume","messageType":1,"uuid":1668099648106479552,"parameters":{"functionInfo":{"IDCM_VolumeValue_Media":"32"}}}}
11-11 01:00:48.141 2138 4938 I MicroService: dealMessage: 1
11-11 01:00:48.141 2138 4938 I MicroService: onResponse(setVolume): {"functionInfo":{"IDCM_VolumeValue_Media":"32"}}
11-11 01:00:48.149 1972 2488 I vol.Events: writeEvent level_changed STREAM_ALARM 6
11-11 01:00:48.150 1972 2488 I vol.Events: writeEvent level_changed STREAM_RING 6
11-11 01:00:48.150 1972 2488 I vol.Events: writeEvent level_changed STREAM_SYSTEM 6
11-11 01:00:48.161 1972 2488 I vol.Events: writeEvent level_changed STREAM_MUSIC 32
11-11 01:00:48.162 17381 18925 I id.qqdownloade: oneway function results for code 4 on binder at 0xbad832b0 will be dropped but finished with status UNKNOWN_TRANSACTION
11-11 01:00:48.162 17748 18001 I downloader:liv: oneway function results for code 4 on binder at 0xf3f74010 will be dropped but finished with status UNKNOWN_TRANSACTION
11-11 01:00:48.162 1520 13789 I MicroServiceManager: requestResult(setVolume) parameters is{"functionInfo":{"IDCM_VolumeValue_Media":"35"}}.
11-11 01:00:48.165 21220 21467 D BluetoothDatabase: getBondedDevicesOrdered: Invalid address for device LocalStorage
11-11 01:00:48.167 21220 21467 E HeadsetStateMachine: returning mCurrentState as Disconnected
11-11 01:00:48.171 2138 4939 D MicroService: createClientSocket: clientSocket new
11-11 01:00:48.171 2138 4939 D MicroService: createClientSocket: IP = 192.168.4.4, PORT 9999localAddress = /192.168.4.16
11-11 01:00:48.171 2138 4939 D MicroService: Launching the I/O handler
11-11 01:00:48.171 2138 4939 D MicroService: createClientSocket: clientSocket = Socket[address=/192.168.4.4,port=9999,localPort=57079]
11-11 01:00:48.171 2138 4939 D MicroService: Send message to IDCM:SocketMessageBean{businessData='21930', srcService='FSEM_AudioService', destService='IDCM_CarAudioService', messageType='0', uuid='1668099648166152573', payloadData={"srcService":"FSEM_AudioService","dstService":"IDCM_CarAudioService","messageType":0,"uuid":1668099648166152573,"methodName":"setVolume","parameters":{"functionInfo":{"IDCM_VolumeValue_Media":"35"}}}}
11-11 01:00:48.171 2138 4939 D MicroService: Payload data length: 200
11-11 01:00:48.173 21220 21233 D BluetoothDatabase: getBondedDevicesOrdered: Invalid address for device LocalStorage
11-11 01:00:48.173 21220 21233 D BluetoothPbapService: getConnectionState: F4:4E:FD:AD:96:65
11-11 01:00:48.174 21220 21467 E HeadsetStateMachine: returning mCurrentState as Disconnected
11-11 01:00:48.176 21220 21233 D BluetoothPbapService: getConnectionState: F4:4E:FD:AD:96:65
11-11 01:00:48.176 21220 21467 D HearingAidService: getActiveDevices
11-11 01:00:48.178 21220 21233 D HearingAidService: getActiveDevices
11-11 01:00:48.199 2138 2223 D MicroService: getEvent: clientSocket = Socket[address=/192.168.4.4,port=42760,localPort=9999]
11-11 01:00:48.200 2138 2223 D MicroService: run: called
11-11 01:00:48.200 2138 2223 D MicroService: getEvent: start waiting...
11-11 01:00:48.200 2138 4941 I MicroService: getStringByData(noZero): IDCM_CarAudioService
11-11 01:00:48.200 2138 4941 I MicroService: getStringByData(noZero): FSEM_AudioService
11-11 01:00:48.200 2138 4941 I MicroService: getStringByData: {"srcService":"IDCM_CarAudioService","dstService":"FSEM_AudioService","methodName":"setVolume","messageType":1,"uuid":1668099648166152573,"parameters":{"functionInfo":{"IDCM_VolumeValue_Media":"35"}}}
11-11 01:00:48.200 2138 4941 I MicroService: Receive message: SocketMessageBean{businessData='21930', srcService='IDCM_CarAudioService', destService='FSEM_AudioService', messageType='1', uuid='1668099648166152573', payloadData={"srcService":"IDCM_CarAudioService","dstService":"FSEM_AudioService","methodName":"setVolume","messageType":1,"uuid":1668099648166152573,"parameters":{"functionInfo":{"IDCM_VolumeValue_Media":"35"}}}}
11-11 01:00:48.200 2138 4941 I MicroService: dealMessage: 1
11-11 01:00:48.200 2138 4941 I MicroService: onResponse(setVolume): {"functionInfo":{"IDCM_VolumeValue_Media":"35"}}
11-11 01:00:48.207 1972 2488 I vol.Events: writeEvent level_changed STREAM_VOICE_CALL 5
11-11 01:00:48.219 1520 19355 I MicroServiceManager: requestResult(setVolume) parameters is{"functionInfo":{"IDCM_VolumeValue_Media":"39"}}.
11-11 01:00:48.219 17381 18925 I id.qqdownloade: oneway function results for code 4 on binder at 0xbad832b0 will be dropped but finished with status UNKNOWN_TRANSACTION
11-11 01:00:48.219 1972 2488 I vol.Events: writeEvent level_changed STREAM_MUSIC 35
11-11 01:00:48.219 17748 18001 I downloader:liv: oneway function results for code 4 on binder at 0xf3f74010 will be dropped but finished with status UNKNOWN_TRANSACTION
11-11 01:00:48.221 21220 21467 D BluetoothDatabase: getBondedDevicesOrdered: Invalid address for device LocalStorage
11-11 01:00:48.222 2138 4942 D MicroService: createClientSocket: clientSocket new
11-11 01:00:48.222 2138 4942 D MicroService: createClientSocket: IP = 192.168.4.4, PORT 9999localAddress = /192.168.4.16
11-11 01:00:48.222 2138 4942 D MicroService: Launching the I/O handler
11-11 01:00:48.222 2138 4942 D MicroService: createClientSocket: clientSocket = Socket[address=/192.168.4.4,port=9999,localPort=45717]
11-11 01:00:48.222 2138 4942 D MicroService: Send message to IDCM:SocketMessageBean{businessData='21930', srcService='FSEM_AudioService', destService='IDCM_CarAudioService', messageType='0', uuid='1668099648219123875', payloadData={"srcService":"FSEM_AudioService","dstService":"IDCM_CarAudioService","messageType":0,"uuid":1668099648219123875,"methodName":"setVolume","parameters":{"functionInfo":{"IDCM_VolumeValue_Media":"39"}}}}
11-11 01:00:48.222 2138 4942 D MicroService: Payload data length: 200
11-11 01:00:48.223 21220 21467 E HeadsetStateMachine: returning mCurrentState as Disconnected
11-11 01:00:48.224 21220 21467 D BluetoothPbapService: getConnectionState: F4:4E:FD:AD:96:65
11-11 01:00:48.225 21220 21233 D BluetoothDatabase: getBondedDevicesOrdered: Invalid address for device LocalStorage
11-11 01:00:48.226 21220 21467 E HeadsetStateMachine: returning mCurrentState as Disconnected
11-11 01:00:48.226 21220 21233 D HearingAidService: getActiveDevices
11-11 01:00:48.227 21220 21232 D BluetoothPbapService: getConnectionState: F4:4E:FD:AD:96:65
11-11 01:00:48.228 21220 21232 D HearingAidService: getActiveDevices
11-11 01:00:48.257 2138 2223 D MicroService: getEvent: clientSocket = Socket[address=/192.168.4.4,port=42762,localPort=9999]
11-11 01:00:48.258 2138 2223 D MicroService: run: called
11-11 01:00:48.258 2138 2223 D MicroService: getEvent: start waiting...
11-11 01:00:48.258 2138 4943 I MicroService: getStringByData(noZero): IDCM_CarAudioService
11-11 01:00:48.258 2138 4943 I MicroService: getStringByData(noZero): FSEM_AudioService
11-11 01:00:48.258 2138 4943 I MicroService: getStringByData: {"srcService":"IDCM_CarAudioService","dstService":"FSEM_AudioService","methodName":"setVolume","messageType":1,"uuid":1668099648219123875,"parameters":{"functionInfo":{"IDCM_VolumeValue_Media":"39"}}}
11-11 01:00:48.258 2138 4943 I MicroService: Receive message: SocketMessageBean{businessData='21930', srcService='IDCM_CarAudioService', destService='FSEM_AudioService', messageType='1', uuid='1668099648219123875', payloadData={"srcService":"IDCM_CarAudioService","dstService":"FSEM_AudioService","methodName":"setVolume","messageType":1,"uuid":1668099648219123875,"parameters":{"functionInfo":{"IDCM_VolumeValue_Media":"39"}}}}
11-11 01:00:48.258 2138 4943 I MicroService: dealMessage: 1
11-11 01:00:48.258 2138 4943 I MicroService: onResponse(setVolume): {"functionInfo":{"IDCM_VolumeValue_Media":"39"}}
11-11 01:00:48.268 1972 2488 I vol.Events: writeEvent level_changed STREAM_ALARM 7
11-11 01:00:48.269 1972 2488 I vol.Events: writeEvent level_changed STREAM_RING 7
11-11 01:00:48.270 1972 2488 I vol.Events: writeEvent level_changed STREAM_SYSTEM 7
11-11 01:00:48.282 1972 2488 I vol.Events: writeEvent level_changed STREAM_MUSIC 39
11-11 01:00:48.282 17381 18925 I id.qqdownloade: oneway function results for code 4 on binder at 0xbad832b0 will be dropped but finished with status UNKNOWN_TRANSACTION
11-11 01:00:48.282 17748 18001 I downloader:liv: oneway function results for code 4 on binder at 0xf3f74010 will be dropped but finished with status UNKNOWN_TRANSACTION
11-11 01:00:48.286 21220 21232 D BluetoothDatabase: getBondedDevicesOrdered: Invalid address for device LocalStorage
11-11 01:00:48.287 21220 21232 E HeadsetStateMachine: returning mCurrentState as Disconnected
11-11 01:00:48.289 21220 21232 D BluetoothPbapService: getConnectionState: F4:4E:FD:AD:96:65
11-11 01:00:48.291 21220 21232 D HearingAidService: getActiveDevices
11-11 01:00:48.293 21220 21232 D BluetoothDatabase: getBondedDevicesOrdered: Invalid address for device LocalStorage
11-11 01:00:48.294 21220 21232 E HeadsetStateMachine: returning mCurrentState as Disconnected
11-11 01:00:48.295 21220 21232 D BluetoothPbapService: getConnectionState: F4:4E:FD:AD:96:65
11-11 01:00:48.296 21220 21232 D HearingAidService: getActiveDevices
11-11 01:00:48.301 648 661 I mpu_uart: [MSG-P:RECV]:No message received in 1000 ms
11-11 01:00:48.676 1520 10895 I MicroServiceManager: requestResult(setVolume) parameters is{"functionInfo":{"IDCM_VolumeValue_Media":"38"}}.
11-11 01:00:48.679 2138 4947 D MicroService: createClientSocket: clientSocket new
11-11 01:00:48.680 2138 4947 D MicroService: createClientSocket: IP = 192.168.4.4, PORT 9999localAddress = /192.168.4.16
11-11 01:00:48.680 2138 4947 D MicroService: Launching the I/O handler
11-11 01:00:48.680 2138 4947 D MicroService: createClientSocket: clientSocket = Socket[address=/192.168.4.4,port=9999,localPort=43371]
11-11 01:00:48.680 2138 4947 D MicroService: Send message to IDCM:SocketMessageBean{businessData='21930', srcService='FSEM_AudioService', destService='IDCM_CarAudioService', messageType='0', uuid='1668099648676535645', payloadData={"srcService":"FSEM_AudioService","dstService":"IDCM_CarAudioService","messageType":0,"uuid":1668099648676535645,"methodName":"setVolume","parameters":{"functionInfo":{"IDCM_VolumeValue_Media":"38"}}}}
11-11 01:00:48.680 2138 4947 D MicroService: Payload data length: 200
11-11 01:00:48.688 648 659 I mpu_uart: [MSG-P:R]:recv sync frame timeout
11-11 01:00:48.714 2138 2223 D MicroService: getEvent: clientSocket = Socket[address=/192.168.4.4,port=42764,localPort=9999]
11-11 01:00:48.715 2138 2223 D MicroService: run: called
11-11 01:00:48.715 2138 2223 D MicroService: getEvent: start waiting...
11-11 01:00:48.715 2138 4948 I MicroService: getStringByData(noZero): IDCM_CarAudioService
11-11 01:00:48.715 2138 4948 I MicroService: getStringByData(noZero): FSEM_AudioService
11-11 01:00:48.715 2138 4948 I MicroService: getStringByData: {"srcService":"IDCM_CarAudioService","dstService":"FSEM_AudioService","methodName":"setVolume","messageType":1,"uuid":1668099648676535645,"parameters":{"functionInfo":{"IDCM_VolumeValue_Media":"38"}}}
11-11 01:00:48.715 2138 4948 I MicroService: Receive message: SocketMessageBean{businessData='21930', srcService='IDCM_CarAudioService', destService='FSEM_AudioService', messageType='1', uuid='1668099648676535645', payloadData={"srcService":"IDCM_CarAudioService","dstService":"FSEM_AudioService","methodName":"setVolume","messageType":1,"uuid":1668099648676535645,"parameters":{"functionInfo":{"IDCM_VolumeValue_Media":"38"}}}}
11-11 01:00:48.715 2138 4948 I MicroService: dealMessage: 1
11-11 01:00:48.716 2138 4948 I MicroService: onResponse(setVolume): {"functionInfo":{"IDCM_VolumeValue_Media":"38"}}
11-11 01:00:48.729 17381 18925 I id.qqdownloade: oneway function results for code 4 on binder at 0xbad832b0 will be dropped but finished with status UNKNOWN_TRANSACTION
11-11 01:00:48.729 17748 18001 I downloader:liv: oneway function results for code 4 on binder at 0xf3f74010 will be dropped but finished with status UNKNOWN_TRANSACTION
11-11 01:00:48.731 1520 10895 I MicroServiceManager: requestResult(setVolume) parameters is{"functionInfo":{"IDCM_VolumeValue_Media":"37"}}.
11-11 01:00:48.732 1972 2488 I vol.Events: writeEvent level_changed STREAM_MUSIC 38
11-11 01:00:48.732 21220 21467 D BluetoothDatabase: getBondedDevicesOrdered: Invalid address for device LocalStorage
11-11 01:00:48.734 2138 4949 D MicroService: createClientSocket: clientSocket new
11-11 01:00:48.734 2138 4949 D MicroService: createClientSocket: IP = 192.168.4.4, PORT 9999localAddress = /192.168.4.16
11-11 01:00:48.734 2138 4949 D MicroService: Launching the I/O handler
11-11 01:00:48.734 2138 4949 D MicroService: createClientSocket: clientSocket = Socket[address=/192.168.4.4,port=9999,localPort=39817]
11-11 01:00:48.734 2138 4949 D MicroService: Send message to IDCM:SocketMessageBean{businessData='21930', srcService='FSEM_AudioService', destService='IDCM_CarAudioService', messageType='0', uuid='1668099648731439187', payloadData={"srcService":"FSEM_AudioService","dstService":"IDCM_CarAudioService","messageType":0,"uuid":1668099648731439187,"methodName":"setVolume","parameters":{"functionInfo":{"IDCM_VolumeValue_Media":"37"}}}}
11-11 01:00:48.734 2138 4949 D MicroService: Payload data length: 200
11-11 01:00:48.735 21220 21467 E HeadsetStateMachine: returning mCurrentState as Disconnected
11-11 01:00:48.735 21220 21232 D BluetoothDatabase: getBondedDevicesOrdered: Invalid address for device LocalStorage
11-11 01:00:48.736 21220 21232 D BluetoothPbapService: getConnectionState: F4:4E:FD:AD:96:65
11-11 01:00:48.736 21220 21467 E HeadsetStateMachine: returning mCurrentState as Disconnected
11-11 01:00:48.737 21220 21233 D BluetoothPbapService: getConnectionState: F4:4E:FD:AD:96:65
11-11 01:00:48.739 21220 21233 D HearingAidService: getActiveDevices
11-11 01:00:48.739 21220 21232 D HearingAidService: getActiveDevices
11-11 01:00:48.768 2138 2223 D MicroService: getEvent: clientSocket = Socket[address=/192.168.4.4,port=42766,localPort=9999]
11-11 01:00:48.768 2138 2223 D MicroService: run: called
11-11 01:00:48.768 2138 2223 D MicroService: getEvent: start waiting...
11-11 01:00:48.770 2138 4950 I MicroService: getStringByData(noZero): IDCM_CarAudioService
11-11 01:00:48.770 2138 4950 I MicroService: getStringByData(noZero): FSEM_AudioService
11-11 01:00:48.770 2138 4950 I MicroService: getStringByData: {"srcService":"IDCM_CarAudioService","dstService":"FSEM_AudioService","methodName":"setVolume","messageType":1,"uuid":1668099648731439187,"parameters":{"functionInfo":{"IDCM_VolumeValue_Media":"37"}}}
11-11 01:00:48.770 2138 4950 I MicroService: Receive message: SocketMessageBean{businessData='21930', srcService='IDCM_CarAudioService', destService='FSEM_AudioService', messageType='1', uuid='1668099648731439187', payloadData={"srcService":"IDCM_CarAudioService","dstService":"FSEM_AudioService","methodName":"setVolume","messageType":1,"uuid":1668099648731439187,"parameters":{"functionInfo":{"IDCM_VolumeValue_Media":"37"}}}}
11-11 01:00:48.770 2138 4950 I MicroService: dealMessage: 1
11-11 01:00:48.770 2138 4950 I MicroService: onResponse(setVolume): {"functionInfo":{"IDCM_VolumeValue_Media":"37"}}
11-11 01:00:48.787 17748 18001 I downloader:liv: oneway function results for code 4 on binder at 0xf3f74010 will be dropped but finished with status UNKNOWN_TRANSACTION
11-11 01:00:48.787 17381 18925 I id.qqdownloade: oneway function results for code 4 on binder at 0xbad832b0 will be dropped but finished with status UNKNOWN_TRANSACTION
11-11 01:00:48.787 1972 2488 I vol.Events: writeEvent level_changed STREAM_MUSIC 37
11-11 01:00:48.788 1520 3311 I MicroServiceManager: requestResult(setVolume) parameters is{"functionInfo":{"IDCM_VolumeValue_Media":"34"}}.
11-11 01:00:48.791 21220 21232 D BluetoothDatabase: getBondedDevicesOrdered: Invalid address for device LocalStorage
11-11 01:00:48.791 2138 4951 D MicroService: createClientSocket: clientSocket new
11-11 01:00:48.791 2138 4951 D MicroService: createClientSocket: IP = 192.168.4.4, PORT 9999localAddress = /192.168.4.16
11-11 01:00:48.791 2138 4951 D MicroService: Launching the I/O handler
11-11 01:00:48.791 2138 4951 D MicroService: createClientSocket: clientSocket = Socket[address=/192.168.4.4,port=9999,localPort=47089]
11-11 01:00:48.791 2138 4951 D MicroService: Send message to IDCM:SocketMessageBean{businessData='21930', srcService='FSEM_AudioService', destService='IDCM_CarAudioService', messageType='0', uuid='1668099648788958614', payloadData={"srcService":"FSEM_AudioService","dstService":"IDCM_CarAudioService","messageType":0,"uuid":1668099648788958614,"methodName":"setVolume","parameters":{"functionInfo":{"IDCM_VolumeValue_Media":"34"}}}}
11-11 01:00:48.791 2138 4951 D MicroService: Payload data length: 200
11-11 01:00:48.791 21220 21467 D BluetoothDatabase: getBondedDevicesOrdered: Invalid address for device LocalStorage
11-11 01:00:48.792 21220 21232 E HeadsetStateMachine: returning mCurrentState as Disconnected
11-11 01:00:48.792 21220 21467 E HeadsetStateMachine: returning mCurrentState as Disconnected
11-11 01:00:48.794 21220 21467 D BluetoothPbapService: getConnectionState: F4:4E:FD:AD:96:65
11-11 01:00:48.794 21220 21232 D BluetoothPbapService: getConnectionState: F4:4E:FD:AD:96:65
11-11 01:00:48.795 21220 21232 D HearingAidService: getActiveDevices
11-11 01:00:48.796 21220 21467 D HearingAidService: getActiveDevices
11-11 01:00:48.805 2138 2223 D MicroService: getEvent: clientSocket = Socket[address=/192.168.4.4,port=42768,localPort=9999]
11-11 01:00:48.805 2138 2223 D MicroService: run: called
11-11 01:00:48.805 2138 2223 D MicroService: getEvent: start waiting...
11-11 01:00:48.806 2138 4952 I MicroService: getStringByData(noZero): IDCM_CarAudioService
11-11 01:00:48.806 2138 4952 I MicroService: getStringByData(noZero): FSEM_AudioService
11-11 01:00:48.806 2138 4952 I MicroService: getStringByData: {"srcService":"IDCM_CarAudioService","dstService":"FSEM_AudioService","methodName":"setVolume","messageType":1,"uuid":1668099648788958614,"parameters":{"functionInfo":{"IDCM_VolumeValue_Media":"34"}}}
11-11 01:00:48.806 2138 4952 I MicroService: Receive message: SocketMessageBean{businessData='21930', srcService='IDCM_CarAudioService', destService='FSEM_AudioService', messageType='1', uuid='1668099648788958614', payloadData={"srcService":"IDCM_CarAudioService","dstService":"FSEM_AudioService","methodName":"setVolume","messageType":1,"uuid":1668099648788958614,"parameters":{"functionInfo":{"IDCM_VolumeValue_Media":"34"}}}}
11-11 01:00:48.806 2138 4952 I MicroService: dealMessage: 1
11-11 01:00:48.806 2138 4952 I MicroService: onResponse(setVolume): {"functionInfo":{"IDCM_VolumeValue_Media":"34"}}
11-11 01:00:48.814 1204 14051 D AudioAnalytics: gc(1700, 2000): log size:1700 item map size:122, item map items:1700
11-11 01:00:48.820 1972 2488 I vol.Events: writeEvent level_changed STREAM_ALARM 6
11-11 01:00:48.827 1972 2488 I vol.Events: writeEvent level_changed STREAM_MUSIC 34
11-11 01:00:48.827 1520 19358 I MicroServiceManager: requestResult(setVolume) parameters is{"functionInfo":{"IDCM_VolumeValue_Media":"31"}}.
11-11 01:00:48.827 1972 2488 I vol.Events: writeEvent level_changed STREAM_RING 6
11-11 01:00:48.827 1972 2488 I vol.Events: writeEvent level_changed STREAM_SYSTEM 6
11-11 01:00:48.829 17381 18925 I id.qqdownloade: oneway function results for code 4 on binder at 0xbad832b0 will be dropped but finished with status UNKNOWN_TRANSACTION
11-11 01:00:48.830 17748 18001 I downloader:liv: oneway function results for code 4 on binder at 0xf3f74010 will be dropped but finished with status UNKNOWN_TRANSACTION
11-11 01:00:48.831 21220 21467 D BluetoothDatabase: getBondedDevicesOrdered: Invalid address for device LocalStorage
11-11 01:00:48.832 21220 21467 E HeadsetStateMachine: returning mCurrentState as Disconnected
11-11 01:00:48.833 21220 21467 D BluetoothPbapService: getConnectionState: F4:4E:FD:AD:96:65
11-11 01:00:48.835 21220 21467 D HearingAidService: getActiveDevices
11-11 01:00:48.836 2138 4953 D MicroService: createClientSocket: clientSocket new
11-11 01:00:48.836 2138 4953 D MicroService: createClientSocket: IP = 192.168.4.4, PORT 9999localAddress = /192.168.4.16
11-11 01:00:48.836 2138 4953 D MicroService: Launching the I/O handler
11-11 01:00:48.836 2138 4953 D MicroService: createClientSocket: clientSocket = Socket[address=/192.168.4.4,port=9999,localPort=43603]
11-11 01:00:48.836 2138 4953 D MicroService: Send message to IDCM:SocketMessageBean{businessData='21930', srcService='FSEM_AudioService', destService='IDCM_CarAudioService', messageType='0', uuid='1668099648827140333', payloadData={"srcService":"FSEM_AudioService","dstService":"IDCM_CarAudioService","messageType":0,"uuid":1668099648827140333,"methodName":"setVolume","parameters":{"functionInfo":{"IDCM_VolumeValue_Media":"31"}}}}
11-11 01:00:48.836 2138 4953 D MicroService: Payload data length: 200
11-11 01:00:48.844 1221 4905 I OMX-VENC: venc_dev: stats: avg. fps 31.97, bitrate 1884267
11-11 01:00:48.847 21220 21467 D BluetoothDatabase: getBondedDevicesOrdered: Invalid address for device LocalStorage
11-11 01:00:48.848 21220 21467 E HeadsetStateMachine: returning mCurrentState as Disconnected
11-11 01:00:48.849 21220 21467 D BluetoothPbapService: getConnectionState: F4:4E:FD:AD:96:65
11-11 01:00:48.851 21220 21467 D HearingAidService: getActiveDevices
11-11 01:00:48.861 2138 2223 D MicroService: getEvent: clientSocket = Socket[address=/192.168.4.4,port=42770,localPort=9999]
11-11 01:00:48.862 2138 2223 D MicroService: run: called
11-11 01:00:48.862 2138 2223 D MicroService: getEvent: start waiting...
11-11 01:00:48.862 2138 4954 I MicroService: getStringByData(noZero): IDCM_CarAudioService
11-11 01:00:48.862 2138 4954 I MicroService: getStringByData(noZero): FSEM_AudioService
11-11 01:00:48.862 2138 4954 I MicroService: getStringByData: {"srcService":"IDCM_CarAudioService","dstService":"FSEM_AudioService","methodName":"setVolume","messageType":1,"uuid":1668099648827140333,"parameters":{"functionInfo":{"IDCM_VolumeValue_Media":"31"}}}
11-11 01:00:48.862 2138 4954 I MicroService: Receive message: SocketMessageBean{businessData='21930', srcService='IDCM_CarAudioService', destService='FSEM_AudioService', messageType='1', uuid='1668099648827140333', payloadData={"srcService":"IDCM_CarAudioService","dstService":"FSEM_AudioService","methodName":"setVolume","messageType":1,"uuid":1668099648827140333,"parameters":{"functionInfo":{"IDCM_VolumeValue_Media":"31"}}}}
11-11 01:00:48.862 2138 4954 I MicroService: dealMessage: 1
11-11 01:00:48.862 2138 4954 I MicroService: onResponse(setVolume): {"functionInfo":{"IDCM_VolumeValue_Media":"31"}}
11-11 01:00:48.873 1972 2488 I vol.Events: writeEvent level_changed STREAM_VOICE_CALL 4
11-11 01:00:48.886 1520 3311 I MicroServiceManager: requestResult(setVolume) parameters is{"functionInfo":{"IDCM_VolumeValue_Media":"26"}}.
11-11 01:00:48.886 17381 18925 I id.qqdownloade: oneway function results for code 4 on binder at 0xbad832b0 will be dropped but finished with status UNKNOWN_TRANSACTION
11-11 01:00:48.886 1972 2488 I vol.Events: writeEvent level_changed STREAM_MUSIC 31
11-11 01:00:48.886 17748 18001 I downloader:liv: oneway function results for code 4 on binder at 0xf3f74010 will be dropped but finished with status UNKNOWN_TRANSACTION
11-11 01:00:48.889 21220 21467 D BluetoothDatabase: getBondedDevicesOrdered: Invalid address for device LocalStorage
11-11 01:00:48.890 2138 4955 D MicroService: createClientSocket: clientSocket new
11-11 01:00:48.890 2138 4955 D MicroService: createClientSocket: IP = 192.168.4.4, PORT 9999localAddress = /192.168.4.16
11-11 01:00:48.890 2138 4955 D MicroService: Launching the I/O handler
11-11 01:00:48.890 2138 4955 D MicroService: createClientSocket: clientSocket = Socket[address=/192.168.4.4,port=9999,localPort=56445]
11-11 01:00:48.890 2138 4955 D MicroService: Send message to IDCM:SocketMessageBean{businessData='21930', srcService='FSEM_AudioService', destService='IDCM_CarAudioService', messageType='0', uuid='1668099648886409500', payloadData={"srcService":"FSEM_AudioService","dstService":"IDCM_CarAudioService","messageType":0,"uuid":1668099648886409500,"methodName":"setVolume","parameters":{"functionInfo":{"IDCM_VolumeValue_Media":"26"}}}}
11-11 01:00:48.890 2138 4955 D MicroService: Payload data length: 200
11-11 01:00:48.891 21220 21467 E HeadsetStateMachine: returning mCurrentState as Disconnected
11-11 01:00:48.892 21220 21467 D BluetoothDatabase: getBondedDevicesOrdered: Invalid address for device LocalStorage
11-11 01:00:48.893 21220 21467 D BluetoothPbapService: getConnectionState: F4:4E:FD:AD:96:65
11-11 01:00:48.894 21220 21232 E HeadsetStateMachine: returning mCurrentState as Disconnected
11-11 01:00:48.895 21220 21232 D HearingAidService: getActiveDevices
11-11 01:00:48.895 21220 21467 D BluetoothPbapService: getConnectionState: F4:4E:FD:AD:96:65
11-11 01:00:48.898 21220 21467 D HearingAidService: getActiveDevices
11-11 01:00:48.917 2138 2223 D MicroService: getEvent: clientSocket = Socket[address=/192.168.4.4,port=42772,localPort=9999]
11-11 01:00:48.918 2138 2223 D MicroService: run: called
11-11 01:00:48.918 2138 2223 D MicroService: getEvent: start waiting...
11-11 01:00:48.918 2138 4956 I MicroService: getStringByData(noZero): IDCM_CarAudioService
11-11 01:00:48.918 2138 4956 I MicroService: getStringByData(noZero): FSEM_AudioService
11-11 01:00:48.918 2138 4956 I MicroService: getStringByData: {"srcService":"IDCM_CarAudioService","dstService":"FSEM_AudioService","methodName":"setVolume","messageType":1,"uuid":1668099648886409500,"parameters":{"functionInfo":{"IDCM_VolumeValue_Media":"26"}}}
11-11 01:00:48.918 2138 4956 I MicroService: Receive message: SocketMessageBean{businessData='21930', srcService='IDCM_CarAudioService', destService='FSEM_AudioService', messageType='1', uuid='1668099648886409500', payloadData={"srcService":"IDCM_CarAudioService","dstService":"FSEM_AudioService","methodName":"setVolume","messageType":1,"uuid":1668099648886409500,"parameters":{"functionInfo":{"IDCM_VolumeValue_Media":"26"}}}}
11-11 01:00:48.918 2138 4956 I MicroService: dealMessage: 1
11-11 01:00:48.918 2138 4956 I MicroService: onResponse(setVolume): {"functionInfo":{"IDCM_VolumeValue_Media":"26"}}
11-11 01:00:48.927 1972 2488 I vol.Events: writeEvent level_changed STREAM_ALARM 5
11-11 01:00:48.927 1972 2488 I vol.Events: writeEvent level_changed STREAM_RING 5
11-11 01:00:48.931 2681 2681 W event_loop: type=1400 audit(0.0:920641090): avc: denied { read } for lport=13400 scontext=u:r:hht_ota_mgr:s0 tcontext=u:r:hht_ota_mgr:s0 tclass=udp_socket permissive=0
11-11 01:00:48.931 2681 2681 W event_loop: type=1400 audit(0.0:920641091): avc: denied { read } for lport=13400 scontext=u:r:hht_ota_mgr:s0 tcontext=u:r:hht_ota_mgr:s0 tclass=udp_socket permissive=0
11-11 01:00:48.931 2681 2681 W event_loop: type=1400 audit(0.0:920641092): avc: denied { read } for lport=13400 scontext=u:r:hht_ota_mgr:s0 tcontext=u:r:hht_ota_mgr:s0 tclass=udp_socket permissive=0
11-11 01:00:48.931 2681 2681 W event_loop: type=1400 audit(0.0:920641093): avc: denied { read } for lport=13400 scontext=u:r:hht_ota_mgr:s0 tcontext=u:r:hht_ota_mgr:s0 tclass=udp_socket permissive=0
11-11 01:00:48.931 2681 2681 W event_loop: type=1400 audit(0.0:920641094): avc: denied { read } for lport=13400 scontext=u:r:hht_ota_mgr:s0 tcontext=u:r:hht_ota_mgr:s0 tclass=udp_socket permissive=0
11-11 01:00:48.941 1972 2488 I vol.Events: writeEvent level_changed STREAM_MUSIC 26
11-11 01:00:48.941 1520 3311 I MicroServiceManager: requestResult(setVolume) parameters is{"functionInfo":{"IDCM_VolumeValue_Media":"22"}}.
11-11 01:00:48.942 17381 18925 I id.qqdownloade: oneway function results for code 4 on binder at 0xbad832b0 will be dropped but finished with status UNKNOWN_TRANSACTION
11-11 01:00:48.942 1972 2488 I vol.Events: writeEvent level_changed STREAM_SYSTEM 5
11-11 01:00:48.943 17748 18001 I downloader:liv: oneway function results for code 4 on binder at 0xf3f74010 will be dropped but finished with status UNKNOWN_TRANSACTION
01-01 09:02:43.704 0 0 W audit : audit_lost=920624545 audit_rate_limit=5 audit_backlog_limit=64
01-01 09:02:43.704 0 0 E audit : rate limit exceeded
11-11 01:00:48.946 21220 21467 D BluetoothDatabase: getBondedDevicesOrdered: Invalid address for device LocalStorage
11-11 01:00:48.948 2138 4958 D MicroService: createClientSocket: clientSocket new
11-11 01:00:48.948 21220 21467 E HeadsetStateMachine: returning mCurrentState as Disconnected
11-11 01:00:48.949 2138 4958 D MicroService: createClientSocket: IP = 192.168.4.4, PORT 9999localAddress = /192.168.4.16
11-11 01:00:48.949 2138 4958 D MicroService: Launching the I/O handler
11-11 01:00:48.949 2138 4958 D MicroService: createClientSocket: clientSocket = Socket[address=/192.168.4.4,port=9999,localPort=60899]
11-11 01:00:48.949 2138 4958 D MicroService: Send message to IDCM:SocketMessageBean{businessData='21930', srcService='FSEM_AudioService', destService='IDCM_CarAudioService', messageType='0', uuid='1668099648942790177', payloadData={"srcService":"FSEM_AudioService","dstService":"IDCM_CarAudioService","messageType":0,"uuid":1668099648942790177,"methodName":"setVolume","parameters":{"functionInfo":{"IDCM_VolumeValue_Media":"22"}}}}
11-11 01:00:48.949 2138 4958 D MicroService: Payload data length: 200
11-11 01:00:48.950 21220 21232 D BluetoothDatabase: getBondedDevicesOrdered: Invalid address for device LocalStorage
11-11 01:00:48.952 21220 21232 E HeadsetStateMachine: returning mCurrentState as Disconnected
11-11 01:00:48.952 21220 21467 D BluetoothPbapService: getConnectionState: F4:4E:FD:AD:96:65
11-11 01:00:48.954 21220 21232 D BluetoothPbapService: getConnectionState: F4:4E:FD:AD:96:65
11-11 01:00:48.954 21220 21467 D HearingAidService: getActiveDevices
11-11 01:00:48.956 21220 21232 D HearingAidService: getActiveDevices
11-11 01:00:48.973 2138 2223 D MicroService: getEvent: clientSocket = Socket[address=/192.168.4.4,port=42774,localPort=9999]
11-11 01:00:48.973 2138 2223 D MicroService: run: called
11-11 01:00:48.973 2138 2223 D MicroService: getEvent: start waiting...
11-11 01:00:48.974 2138 4959 I MicroService: getStringByData(noZero): IDCM_CarAudioService
11-11 01:00:48.974 2138 4959 I MicroService: getStringByData(noZero): FSEM_AudioService
11-11 01:00:48.974 2138 4959 I MicroService: getStringByData: {"srcService":"IDCM_CarAudioService","dstService":"FSEM_AudioService","methodName":"setVolume","messageType":1,"uuid":1668099648942790177,"parameters":{"functionInfo":{"IDCM_VolumeValue_Media":"22"}}}
11-11 01:00:48.974 2138 4959 I MicroService: Receive message: SocketMessageBean{businessData='21930', srcService='IDCM_CarAudioService', destService='FSEM_AudioService', messageType='1', uuid='1668099648942790177', payloadData={"srcService":"IDCM_CarAudioService","dstService":"FSEM_AudioService","methodName":"setVolume","messageType":1,"uuid":1668099648942790177,"parameters":{"functionInfo":{"IDCM_VolumeValue_Media":"22"}}}}
11-11 01:00:48.974 2138 4959 I MicroService: dealMessage: 1
