11-11 01:00:51.385 2138 5021 D MicroService: Send message to IDCM:SocketMessageBean{businessData='21930', srcService='FSEM_AudioService', destService='IDCM_CarAudioService', messageType='0', uuid='1668099651382406999', payloadData={"srcService":"FSEM_AudioService","dstService":"IDCM_CarAudioService","messageType":0,"uuid":1668099651382406999,"methodName":"setVolume","parameters":{"functionInfo":{"IDCM_VolumeValue_Media":"3"}}}}
11-11 01:00:51.385 2138 5021 D MicroService: Payload data length: 199
11-11 01:00:51.414 2138 2223 D MicroService: getEvent: clientSocket = Socket[address=/192.168.4.4,port=42846,localPort=9999]
11-11 01:00:51.414 2138 2223 D MicroService: run: called
11-11 01:00:51.414 2138 2223 D MicroService: getEvent: start waiting...
11-11 01:00:51.417 2138 5022 I MicroService: getStringByData(noZero): IDCM_CarAudioService
11-11 01:00:51.417 2138 5022 I MicroService: getStringByData(noZero): FSEM_AudioService
11-11 01:00:51.417 2138 5022 I MicroService: getStringByData: {"srcService":"IDCM_CarAudioService","dstService":"FSEM_AudioService","methodName":"setVolume","messageType":1,"uuid":1668099651382406999,"parameters":{"functionInfo":{"IDCM_VolumeValue_Media":"3"}}}
11-11 01:00:51.417 2138 5022 I MicroService: Receive message: SocketMessageBean{businessData='21930', srcService='IDCM_CarAudioService', destService='FSEM_AudioService', messageType='1', uuid='1668099651382406999', payloadData={"srcService":"IDCM_CarAudioService","dstService":"FSEM_AudioService","methodName":"setVolume","messageType":1,"uuid":1668099651382406999,"parameters":{"functionInfo":{"IDCM_VolumeValue_Media":"3"}}}}
11-11 01:00:51.417 2138 5022 I MicroService: dealMessage: 1
11-11 01:00:51.417 2138 5022 I MicroService: onResponse(setVolume): {"functionInfo":{"IDCM_VolumeValue_Media":"3"}}
11-11 01:00:51.424 1972 2488 I vol.Events: writeEvent level_changed STREAM_ALARM 2
11-11 01:00:51.425 1972 2488 I vol.Events: writeEvent level_changed STREAM_RING 1
11-11 01:00:51.433 1972 2488 I vol.Events: writeEvent level_changed STREAM_MUSIC 3
11-11 01:00:51.433 1520 11170 I MicroServiceManager: requestResult(setVolume) parameters is{"functionInfo":{"IDCM_VolumeValue_Media":"4"}}.
11-11 01:00:51.434 17381 17395 I id.qqdownloade: oneway function results for code 4 on binder at 0xbad832b0 will be dropped but finished with status UNKNOWN_TRANSACTION
11-11 01:00:51.434 17748 18000 I downloader:liv: oneway function results for code 4 on binder at 0xf3f74010 will be dropped but finished with status UNKNOWN_TRANSACTION
11-11 01:00:51.434 1972 2488 I vol.Events: writeEvent level_changed STREAM_SYSTEM 1
11-11 01:00:51.436 2138 5023 D MicroService: createClientSocket: clientSocket new
11-11 01:00:51.436 2138 5023 D MicroService: createClientSocket: IP = 192.168.4.4, PORT 9999localAddress = /192.168.4.16
11-11 01:00:51.436 2138 5023 D MicroService: Launching the I/O handler
11-11 01:00:51.436 2138 5023 D MicroService: createClientSocket: clientSocket = Socket[address=/192.168.4.4,port=9999,localPort=44181]
11-11 01:00:51.436 2138 5023 D MicroService: Send message to IDCM:SocketMessageBean{businessData='21930', srcService='FSEM_AudioService', destService='IDCM_CarAudioService', messageType='0', uuid='1668099651434872936', payloadData={"srcService":"FSEM_AudioService","dstService":"IDCM_CarAudioService","messageType":0,"uuid":1668099651434872936,"methodName":"setVolume","parameters":{"functionInfo":{"IDCM_VolumeValue_Media":"4"}}}}
11-11 01:00:51.437 2138 5023 D MicroService: Payload data length: 199
11-11 01:00:51.437 21220 21467 D BluetoothDatabase: getBondedDevicesOrdered: Invalid address for device LocalStorage
11-11 01:00:51.439 21220 21467 E HeadsetStateMachine: returning mCurrentState as Disconnected
11-11 01:00:51.440 21220 21362 D BluetoothDatabase: getBondedDevicesOrdered: Invalid address for device LocalStorage
11-11 01:00:51.440 21220 21467 D BluetoothPbapService: getConnectionState: F4:4E:FD:AD:96:65
11-11 01:00:51.441 21220 21362 E HeadsetStateMachine: returning mCurrentState as Disconnected
11-11 01:00:51.442 21220 21467 D HearingAidService: getActiveDevices
11-11 01:00:51.442 21220 21467 D BluetoothPbapService: getConnectionState: F4:4E:FD:AD:96:65
11-11 01:00:51.443 21220 21467 D HearingAidService: getActiveDevices
11-11 01:00:51.475 2138 2223 D MicroService: getEvent: clientSocket = Socket[address=/192.168.4.4,port=42848,localPort=9999]
11-11 01:00:51.475 2138 2223 D MicroService: run: called
11-11 01:00:51.475 2138 2223 D MicroService: getEvent: start waiting...
11-11 01:00:51.475 2138 5024 I MicroService: getStringByData(noZero): IDCM_CarAudioService
11-11 01:00:51.475 2138 5024 I MicroService: getStringByData(noZero): FSEM_AudioService
11-11 01:00:51.475 2138 5024 I MicroService: getStringByData: {"srcService":"IDCM_CarAudioService","dstService":"FSEM_AudioService","methodName":"setVolume","messageType":1,"uuid":1668099651434872936,"parameters":{"functionInfo":{"IDCM_VolumeValue_Media":"4"}}}
11-11 01:00:51.476 2138 5024 I MicroService: Receive message: SocketMessageBean{businessData='21930', srcService='IDCM_CarAudioService', destService='FSEM_AudioService', messageType='1', uuid='1668099651434872936', payloadData={"srcService":"IDCM_CarAudioService","dstService":"FSEM_AudioService","methodName":"setVolume","messageType":1,"uuid":1668099651434872936,"parameters":{"functionInfo":{"IDCM_VolumeValue_Media":"4"}}}}
11-11 01:00:51.476 2138 5024 I MicroService: dealMessage: 1
11-11 01:00:51.476 2138 5024 I MicroService: onResponse(setVolume): {"functionInfo":{"IDCM_VolumeValue_Media":"4"}}
11-11 01:00:51.490 1972 2488 I vol.Events: writeEvent level_changed STREAM_MUSIC 4
11-11 01:00:51.490 1520 19355 I MicroServiceManager: requestResult(setVolume) parameters is{"functionInfo":{"IDCM_VolumeValue_Media":"7"}}.
11-11 01:00:51.490 17381 17395 I id.qqdownloade: oneway function results for code 4 on binder at 0xbad832b0 will be dropped but finished with status UNKNOWN_TRANSACTION
11-11 01:00:51.490 17748 18000 I downloader:liv: oneway function results for code 4 on binder at 0xf3f74010 will be dropped but finished with status UNKNOWN_TRANSACTION
11-11 01:00:51.493 21220 21362 D BluetoothDatabase: getBondedDevicesOrdered: Invalid address for device LocalStorage
11-11 01:00:51.494 21220 21362 E HeadsetStateMachine: returning mCurrentState as Disconnected
11-11 01:00:51.495 21220 21467 D BluetoothDatabase: getBondedDevicesOrdered: Invalid address for device LocalStorage
11-11 01:00:51.495 2138 5025 D MicroService: createClientSocket: clientSocket new
11-11 01:00:51.495 2138 5025 D MicroService: createClientSocket: IP = 192.168.4.4, PORT 9999localAddress = /192.168.4.16
11-11 01:00:51.495 2138 5025 D MicroService: Launching the I/O handler
11-11 01:00:51.495 2138 5025 D MicroService: createClientSocket: clientSocket = Socket[address=/192.168.4.4,port=9999,localPort=48205]
11-11 01:00:51.495 2138 5025 D MicroService: Send message to IDCM:SocketMessageBean{businessData='21930', srcService='FSEM_AudioService', destService='IDCM_CarAudioService', messageType='0', uuid='1668099651490419655', payloadData={"srcService":"FSEM_AudioService","dstService":"IDCM_CarAudioService","messageType":0,"uuid":1668099651490419655,"methodName":"setVolume","parameters":{"functionInfo":{"IDCM_VolumeValue_Media":"7"}}}}
11-11 01:00:51.495 2138 5025 D MicroService: Payload data length: 199
11-11 01:00:51.496 21220 21362 D BluetoothPbapService: getConnectionState: F4:4E:FD:AD:96:65
11-11 01:00:51.497 21220 21467 E HeadsetStateMachine: returning mCurrentState as Disconnected
11-11 01:00:51.498 21220 21467 D BluetoothPbapService: getConnectionState: F4:4E:FD:AD:96:65
11-11 01:00:51.499 21220 21363 D HearingAidService: getActiveDevices
11-11 01:00:51.500 21220 21467 D HearingAidService: getActiveDevices
11-11 01:00:51.532 2138 2223 D MicroService: getEvent: clientSocket = Socket[address=/192.168.4.4,port=42850,localPort=9999]
11-11 01:00:51.532 2138 2223 D MicroService: run: called
11-11 01:00:51.532 2138 2223 D MicroService: getEvent: start waiting...
11-11 01:00:51.534 2138 5026 I MicroService: getStringByData(noZero): IDCM_CarAudioService
11-11 01:00:51.534 2138 5026 I MicroService: getStringByData(noZero): FSEM_AudioService
11-11 01:00:51.534 2138 5026 I MicroService: getStringByData: {"srcService":"IDCM_CarAudioService","dstService":"FSEM_AudioService","methodName":"setVolume","messageType":1,"uuid":1668099651490419655,"parameters":{"functionInfo":{"IDCM_VolumeValue_Media":"7"}}}
11-11 01:00:51.534 2138 5026 I MicroService: Receive message: SocketMessageBean{businessData='21930', srcService='IDCM_CarAudioService', destService='FSEM_AudioService', messageType='1', uuid='1668099651490419655', payloadData={"srcService":"IDCM_CarAudioService","dstService":"FSEM_AudioService","methodName":"setVolume","messageType":1,"uuid":1668099651490419655,"parameters":{"functionInfo":{"IDCM_VolumeValue_Media":"7"}}}}
11-11 01:00:51.534 2138 5026 I MicroService: dealMessage: 1
11-11 01:00:51.535 2138 5026 I MicroService: onResponse(setVolume): {"functionInfo":{"IDCM_VolumeValue_Media":"7"}}
11-11 01:00:51.545 1972 2488 I vol.Events: writeEvent level_changed STREAM_VOICE_CALL 2
11-11 01:00:51.555 17381 17395 I id.qqdownloade: oneway function results for code 4 on binder at 0xbad832b0 will be dropped but finished with status UNKNOWN_TRANSACTION
11-11 01:00:51.555 1972 2488 I vol.Events: writeEvent level_changed STREAM_MUSIC 7
11-11 01:00:51.555 17748 18000 I downloader:liv: oneway function results for code 4 on binder at 0xf3f74010 will be dropped but finished with status UNKNOWN_TRANSACTION
11-11 01:00:51.555 1520 11175 I MicroServiceManager: requestResult(setVolume) parameters is{"functionInfo":{"IDCM_VolumeValue_Media":"13"}}.
11-11 01:00:51.561 21220 21467 D BluetoothDatabase: getBondedDevicesOrdered: Invalid address for device LocalStorage
11-11 01:00:51.562 2138 5027 D MicroService: createClientSocket: clientSocket new
11-11 01:00:51.562 2138 5027 D MicroService: createClientSocket: IP = 192.168.4.4, PORT 9999localAddress = /192.168.4.16
11-11 01:00:51.562 2138 5027 D MicroService: Launching the I/O handler
11-11 01:00:51.562 2138 5027 D MicroService: createClientSocket: clientSocket = Socket[address=/192.168.4.4,port=9999,localPort=47697]
11-11 01:00:51.562 2138 5027 D MicroService: Send message to IDCM:SocketMessageBean{businessData='21930', srcService='FSEM_AudioService', destService='IDCM_CarAudioService', messageType='0', uuid='1668099651556849030', payloadData={"srcService":"FSEM_AudioService","dstService":"IDCM_CarAudioService","messageType":0,"uuid":1668099651556849030,"methodName":"setVolume","parameters":{"functionInfo":{"IDCM_VolumeValue_Media":"13"}}}}
11-11 01:00:51.562 2138 5027 D MicroService: Payload data length: 200
11-11 01:00:51.564 21220 21363 D BluetoothDatabase: getBondedDevicesOrdered: Invalid address for device LocalStorage
11-11 01:00:51.565 21220 21467 E HeadsetStateMachine: returning mCurrentState as Disconnected
11-11 01:00:51.565 21220 21363 E HeadsetStateMachine: returning mCurrentState as Disconnected
11-11 01:00:51.566 21220 21467 D BluetoothPbapService: getConnectionState: F4:4E:FD:AD:96:65
11-11 01:00:51.567 21220 21363 D BluetoothPbapService: getConnectionState: F4:4E:FD:AD:96:65
11-11 01:00:51.569 21220 21363 D HearingAidService: getActiveDevices
11-11 01:00:51.569 21220 21467 D HearingAidService: getActiveDevices
11-11 01:00:51.592 2138 2223 D MicroService: getEvent: clientSocket = Socket[address=/192.168.4.4,port=42854,localPort=9999]
11-11 01:00:51.592 2138 2223 D MicroService: run: called
11-11 01:00:51.592 2138 2223 D MicroService: getEvent: start waiting...
11-11 01:00:51.593 2138 5028 I MicroService: getStringByData(noZero): IDCM_CarAudioService
11-11 01:00:51.593 2138 5028 I MicroService: getStringByData(noZero): FSEM_AudioService
11-11 01:00:51.593 2138 5028 I MicroService: getStringByData: {"srcService":"IDCM_CarAudioService","dstService":"FSEM_AudioService","methodName":"setVolume","messageType":1,"uuid":1668099651556849030,"parameters":{"functionInfo":{"IDCM_VolumeValue_Media":"13"}}}
11-11 01:00:51.593 2138 5028 I MicroService: Receive message: SocketMessageBean{businessData='21930', srcService='IDCM_CarAudioService', destService='FSEM_AudioService', messageType='1', uuid='1668099651556849030', payloadData={"srcService":"IDCM_CarAudioService","dstService":"FSEM_AudioService","methodName":"setVolume","messageType":1,"uuid":1668099651556849030,"parameters":{"functionInfo":{"IDCM_VolumeValue_Media":"13"}}}}
11-11 01:00:51.593 2138 5028 I MicroService: dealMessage: 1
11-11 01:00:51.593 2138 5028 I MicroService: onResponse(setVolume): {"functionInfo":{"IDCM_VolumeValue_Media":"13"}}
11-11 01:00:51.602 1972 2488 I vol.Events: writeEvent level_changed STREAM_ALARM 3
11-11 01:00:51.604 1972 2488 I vol.Events: writeEvent level_changed STREAM_RING 2
11-11 01:00:51.617 1972 2488 I vol.Events: writeEvent level_changed STREAM_MUSIC 13
11-11 01:00:51.617 1520 11175 I MicroServiceManager: requestResult(setVolume) parameters is{"functionInfo":{"IDCM_VolumeValue_Media":"19"}}.
11-11 01:00:51.617 17381 17395 I id.qqdownloade: oneway function results for code 4 on binder at 0xbad832b0 will be dropped but finished with status UNKNOWN_TRANSACTION
11-11 01:00:51.617 1972 2488 I vol.Events: writeEvent level_changed STREAM_SYSTEM 2
11-11 01:00:51.617 17748 18000 I downloader:liv: oneway function results for code 4 on binder at 0xf3f74010 will be dropped but finished with status UNKNOWN_TRANSACTION
11-11 01:00:51.623 21220 21363 D BluetoothDatabase: getBondedDevicesOrdered: Invalid address for device LocalStorage
11-11 01:00:51.625 21220 21363 E HeadsetStateMachine: returning mCurrentState as Disconnected
11-11 01:00:51.627 21220 21363 D BluetoothPbapService: getConnectionState: F4:4E:FD:AD:96:65
11-11 01:00:51.628 21220 21363 D HearingAidService: getActiveDevices
11-11 01:00:51.629 2138 5030 D MicroService: createClientSocket: clientSocket new
11-11 01:00:51.629 2138 5030 D MicroService: createClientSocket: IP = 192.168.4.4, PORT 9999localAddress = /192.168.4.16
11-11 01:00:51.629 2138 5030 D MicroService: Launching the I/O handler
11-11 01:00:51.629 2138 5030 D MicroService: createClientSocket: clientSocket = Socket[address=/192.168.4.4,port=9999,localPort=45415]
11-11 01:00:51.629 2138 5030 D MicroService: Send message to IDCM:SocketMessageBean{businessData='21930', srcService='FSEM_AudioService', destService='IDCM_CarAudioService', messageType='0', uuid='1668099651617218769', payloadData={"srcService":"FSEM_AudioService","dstService":"IDCM_CarAudioService","messageType":0,"uuid":1668099651617218769,"methodName":"setVolume","parameters":{"functionInfo":{"IDCM_VolumeValue_Media":"19"}}}}
11-11 01:00:51.629 2138 5030 D MicroService: Payload data length: 200
11-11 01:00:51.635 21220 21363 D BluetoothDatabase: getBondedDevicesOrdered: Invalid address for device LocalStorage
11-11 01:00:51.636 21220 21363 E HeadsetStateMachine: returning mCurrentState as Disconnected
11-11 01:00:51.637 21220 21363 D BluetoothPbapService: getConnectionState: F4:4E:FD:AD:96:65
11-11 01:00:51.639 21220 21363 D HearingAidService: getActiveDevices
11-11 01:00:51.650 2138 2223 D MicroService: getEvent: clientSocket = Socket[address=/192.168.4.4,port=42856,localPort=9999]
11-11 01:00:51.650 2138 2223 D MicroService: run: called
11-11 01:00:51.650 2138 2223 D MicroService: getEvent: start waiting...
11-11 01:00:51.651 2138 5031 I MicroService: getStringByData(noZero): IDCM_CarAudioService
11-11 01:00:51.651 2138 5031 I MicroService: getStringByData(noZero): FSEM_AudioService
11-11 01:00:51.651 2138 5031 I MicroService: getStringByData: {"srcService":"IDCM_CarAudioService","dstService":"FSEM_AudioService","methodName":"setVolume","messageType":1,"uuid":1668099651617218769,"parameters":{"functionInfo":{"IDCM_VolumeValue_Media":"19"}}}
11-11 01:00:51.651 2138 5031 I MicroService: Receive message: SocketMessageBean{businessData='21930', srcService='IDCM_CarAudioService', destService='FSEM_AudioService', messageType='1', uuid='1668099651617218769', payloadData={"srcService":"IDCM_CarAudioService","dstService":"FSEM_AudioService","methodName":"setVolume","messageType":1,"uuid":1668099651617218769,"parameters":{"functionInfo":{"IDCM_VolumeValue_Media":"19"}}}}
11-11 01:00:51.651 2138 5031 I MicroService: dealMessage: 1
11-11 01:00:51.651 2138 5031 I MicroService: onResponse(setVolume): {"functionInfo":{"IDCM_VolumeValue_Media":"19"}}
11-11 01:00:51.662 1972 2488 I vol.Events: writeEvent level_changed STREAM_ALARM 4
11-11 01:00:51.663 1972 2488 I vol.Events: writeEvent level_changed STREAM_RING 3
11-11 01:00:51.664 1972 2488 I vol.Events: writeEvent level_changed STREAM_SYSTEM 3
11-11 01:00:51.665 1972 2488 I vol.Events: writeEvent level_changed STREAM_VOICE_CALL 3
11-11 01:00:51.675 1972 2488 I vol.Events: writeEvent level_changed STREAM_MUSIC 19
11-11 01:00:51.675 1520 19482 I MicroServiceManager: requestResult(setVolume) parameters is{"functionInfo":{"IDCM_VolumeValue_Media":"24"}}.
11-11 01:00:51.675 17381 17395 I id.qqdownloade: oneway function results for code 4 on binder at 0xbad832b0 will be dropped but finished with status UNKNOWN_TRANSACTION
11-11 01:00:51.675 17748 18000 I downloader:liv: oneway function results for code 4 on binder at 0xf3f74010 will be dropped but finished with status UNKNOWN_TRANSACTION
11-11 01:00:51.679 21220 21363 D BluetoothDatabase: getBondedDevicesOrdered: Invalid address for device LocalStorage
11-11 01:00:51.680 2138 5032 D MicroService: createClientSocket: clientSocket new
11-11 01:00:51.680 2138 5032 D MicroService: createClientSocket: IP = 192.168.4.4, PORT 9999localAddress = /192.168.4.16
11-11 01:00:51.680 2138 5032 D MicroService: Launching the I/O handler
11-11 01:00:51.680 2138 5032 D MicroService: createClientSocket: clientSocket = Socket[address=/192.168.4.4,port=9999,localPort=59865]
11-11 01:00:51.680 2138 5032 D MicroService: Send message to IDCM:SocketMessageBean{businessData='21930', srcService='FSEM_AudioService', destService='IDCM_CarAudioService', messageType='0', uuid='1668099651675389499', payloadData={"srcService":"FSEM_AudioService","dstService":"IDCM_CarAudioService","messageType":0,"uuid":1668099651675389499,"methodName":"setVolume","parameters":{"functionInfo":{"IDCM_VolumeValue_Media":"24"}}}}
11-11 01:00:51.680 2138 5032 D MicroService: Payload data length: 200
11-11 01:00:51.681 21220 21467 E HeadsetStateMachine: returning mCurrentState as Disconnected
11-11 01:00:51.682 21220 21467 D BluetoothPbapService: getConnectionState: F4:4E:FD:AD:96:65
11-11 01:00:51.684 21220 21467 D HearingAidService: getActiveDevices
11-11 01:00:51.688 21220 21467 D BluetoothDatabase: getBondedDevicesOrdered: Invalid address for device LocalStorage
11-11 01:00:51.688 21220 21467 E HeadsetStateMachine: returning mCurrentState as Disconnected
11-11 01:00:51.689 21220 21467 D BluetoothPbapService: getConnectionState: F4:4E:FD:AD:96:65
11-11 01:00:51.691 21220 21467 D HearingAidService: getActiveDevices
11-11 01:00:51.691 648 659 I mpu_uart: [MSG-P:R]:recv sync frame timeout
11-11 01:00:51.707 2138 2223 D MicroService: getEvent: clientSocket = Socket[address=/192.168.4.4,port=42858,localPort=9999]
11-11 01:00:51.707 2138 2223 D MicroService: run: called
11-11 01:00:51.707 2138 2223 D MicroService: getEvent: start waiting...
11-11 01:00:51.709 2138 5033 I MicroService: getStringByData(noZero): IDCM_CarAudioService
11-11 01:00:51.709 2138 5033 I MicroService: getStringByData(noZero): FSEM_AudioService
11-11 01:00:51.709 2138 5033 I MicroService: getStringByData: {"srcService":"IDCM_CarAudioService","dstService":"FSEM_AudioService","methodName":"setVolume","messageType":1,"uuid":1668099651675389499,"parameters":{"functionInfo":{"IDCM_VolumeValue_Media":"24"}}}
11-11 01:00:51.709 2138 5033 I MicroService: Receive message: SocketMessageBean{businessData='21930', srcService='IDCM_CarAudioService', destService='FSEM_AudioService', messageType='1', uuid='1668099651675389499', payloadData={"srcService":"IDCM_CarAudioService","dstService":"FSEM_AudioService","methodName":"setVolume","messageType":1,"uuid":1668099651675389499,"parameters":{"functionInfo":{"IDCM_VolumeValue_Media":"24"}}}}
11-11 01:00:51.709 2138 5033 I MicroService: dealMessage: 1
11-11 01:00:51.709 2138 5033 I MicroService: onResponse(setVolume): {"functionInfo":{"IDCM_VolumeValue_Media":"24"}}
11-11 01:00:51.723 1972 2488 I vol.Events: writeEvent level_changed STREAM_ALARM 5
11-11 01:00:51.723 1972 2488 I vol.Events: writeEvent level_changed STREAM_RING 4
11-11 01:00:51.724 1972 2488 I vol.Events: writeEvent level_changed STREAM_SYSTEM 4
11-11 01:00:51.725 1972 2488 I vol.Events: writeEvent level_changed STREAM_VOICE_CALL 4
11-11 01:00:51.735 1972 2488 I vol.Events: writeEvent level_changed STREAM_MUSIC 24
11-11 01:00:51.735 1520 11175 I MicroServiceManager: requestResult(setVolume) parameters is{"functionInfo":{"IDCM_VolumeValue_Media":"28"}}.
11-11 01:00:51.735 17381 17395 I id.qqdownloade: oneway function results for code 4 on binder at 0xbad832b0 will be dropped but finished with status UNKNOWN_TRANSACTION
11-11 01:00:51.735 17748 18000 I downloader:liv: oneway function results for code 4 on binder at 0xf3f74010 will be dropped but finished with status UNKNOWN_TRANSACTION
11-11 01:00:51.740 21220 21363 D BluetoothDatabase: getBondedDevicesOrdered: Invalid address for device LocalStorage
11-11 01:00:51.741 2138 5034 D MicroService: createClientSocket: clientSocket new
11-11 01:00:51.741 2138 5034 D MicroService: createClientSocket: IP = 192.168.4.4, PORT 9999localAddress = /192.168.4.16
11-11 01:00:51.741 2138 5034 D MicroService: Launching the I/O handler
11-11 01:00:51.741 2138 5034 D MicroService: createClientSocket: clientSocket = Socket[address=/192.168.4.4,port=9999,localPort=60939]
11-11 01:00:51.741 2138 5034 D MicroService: Send message to IDCM:SocketMessageBean{businessData='21930', srcService='FSEM_AudioService', destService='IDCM_CarAudioService', messageType='0', uuid='1668099651736674863', payloadData={"srcService":"FSEM_AudioService","dstService":"IDCM_CarAudioService","messageType":0,"uuid":1668099651736674863,"methodName":"setVolume","parameters":{"functionInfo":{"IDCM_VolumeValue_Media":"28"}}}}
11-11 01:00:51.741 2138 5034 D MicroService: Payload data length: 200
11-11 01:00:51.741 21220 21467 E HeadsetStateMachine: returning mCurrentState as Disconnected
11-11 01:00:51.743 21220 21467 D BluetoothPbapService: getConnectionState: F4:4E:FD:AD:96:65
11-11 01:00:51.745 21220 21467 D HearingAidService: getActiveDevices
11-11 01:00:51.746 21220 21363 D BluetoothDatabase: getBondedDevicesOrdered: Invalid address for device LocalStorage
11-11 01:00:51.747 21220 21467 E HeadsetStateMachine: returning mCurrentState as Disconnected
11-11 01:00:51.748 21220 21467 D BluetoothPbapService: getConnectionState: F4:4E:FD:AD:96:65
11-11 01:00:51.750 21220 21467 D HearingAidService: getActiveDevices
11-11 01:00:51.765 2138 2223 D MicroService: getEvent: clientSocket = Socket[address=/192.168.4.4,port=42860,localPort=9999]
11-11 01:00:51.765 2138 2223 D MicroService: run: called
11-11 01:00:51.765 2138 2223 D MicroService: getEvent: start waiting...
11-11 01:00:51.767 2138 5035 I MicroService: getStringByData(noZero): IDCM_CarAudioService
11-11 01:00:51.767 2138 5035 I MicroService: getStringByData(noZero): FSEM_AudioService
11-11 01:00:51.767 2138 5035 I MicroService: getStringByData: {"srcService":"IDCM_CarAudioService","dstService":"FSEM_AudioService","methodName":"setVolume","messageType":1,"uuid":1668099651736674863,"parameters":{"functionInfo":{"IDCM_VolumeValue_Media":"28"}}}
11-11 01:00:51.767 2138 5035 I MicroService: Receive message: SocketMessageBean{businessData='21930', srcService='IDCM_CarAudioService', destService='FSEM_AudioService', messageType='1', uuid='1668099651736674863', payloadData={"srcService":"IDCM_CarAudioService","dstService":"FSEM_AudioService","methodName":"setVolume","messageType":1,"uuid":1668099651736674863,"parameters":{"functionInfo":{"IDCM_VolumeValue_Media":"28"}}}}
11-11 01:00:51.767 2138 5035 I MicroService: dealMessage: 1
11-11 01:00:51.767 2138 5035 I MicroService: onResponse(setVolume): {"functionInfo":{"IDCM_VolumeValue_Media":"28"}}
11-11 01:00:51.780 1972 2488 I vol.Events: writeEvent level_changed STREAM_RING 5
11-11 01:00:51.787 1972 2488 I vol.Events: writeEvent level_changed STREAM_MUSIC 28
11-11 01:00:51.787 17381 17395 I id.qqdownloade: oneway function results for code 4 on binder at 0xbad832b0 will be dropped but finished with status UNKNOWN_TRANSACTION
11-11 01:00:51.787 1972 2488 I vol.Events: writeEvent level_changed STREAM_SYSTEM 5
11-11 01:00:51.787 17748 18000 I downloader:liv: oneway function results for code 4 on binder at 0xf3f74010 will be dropped but finished with status UNKNOWN_TRANSACTION
11-11 01:00:51.788 1520 3311 I MicroServiceManager: requestResult(setVolume) parameters is{"functionInfo":{"IDCM_VolumeValue_Media":"32"}}.
11-11 01:00:51.792 2138 5036 D MicroService: createClientSocket: clientSocket new
11-11 01:00:51.792 2138 5036 D MicroService: createClientSocket: IP = 192.168.4.4, PORT 9999localAddress = /192.168.4.16
11-11 01:00:51.793 2138 5036 D MicroService: Launching the I/O handler
11-11 01:00:51.793 2138 5036 D MicroService: createClientSocket: clientSocket = Socket[address=/192.168.4.4,port=9999,localPort=41717]
11-11 01:00:51.793 2138 5036 D MicroService: Send message to IDCM:SocketMessageBean{businessData='21930', srcService='FSEM_AudioService', destService='IDCM_CarAudioService', messageType='0', uuid='1668099651789033040', payloadData={"srcService":"FSEM_AudioService","dstService":"IDCM_CarAudioService","messageType":0,"uuid":1668099651789033040,"methodName":"setVolume","parameters":{"functionInfo":{"IDCM_VolumeValue_Media":"32"}}}}
11-11 01:00:51.793 2138 5036 D MicroService: Payload data length: 200
11-11 01:00:51.794 21220 21467 D BluetoothDatabase: getBondedDevicesOrdered: Invalid address for device LocalStorage
11-11 01:00:51.795 21220 21467 E HeadsetStateMachine: returning mCurrentState as Disconnected
11-11 01:00:51.796 21220 21363 D BluetoothDatabase: getBondedDevicesOrdered: Invalid address for device LocalStorage
11-11 01:00:51.797 21220 21467 D BluetoothPbapService: getConnectionState: F4:4E:FD:AD:96:65
11-11 01:00:51.798 21220 21363 E HeadsetStateMachine: returning mCurrentState as Disconnected
11-11 01:00:51.800 21220 21363 D HearingAidService: getActiveDevices
11-11 01:00:51.800 21220 21363 D BluetoothPbapService: getConnectionState: F4:4E:FD:AD:96:65
11-11 01:00:51.803 21220 21363 D HearingAidService: getActiveDevices
11-11 01:00:51.825 2138 2223 D MicroService: getEvent: clientSocket = Socket[address=/192.168.4.4,port=42862,localPort=9999]
11-11 01:00:51.825 2138 2223 D MicroService: run: called
11-11 01:00:51.825 2138 2223 D MicroService: getEvent: start waiting...
11-11 01:00:51.826 2138 5037 I MicroService: getStringByData(noZero): IDCM_CarAudioService
11-11 01:00:51.826 2138 5037 I MicroService: getStringByData(noZero): FSEM_AudioService
11-11 01:00:51.826 2138 5037 I MicroService: getStringByData: {"srcService":"IDCM_CarAudioService","dstService":"FSEM_AudioService","methodName":"setVolume","messageType":1,"uuid":1668099651789033040,"parameters":{"functionInfo":{"IDCM_VolumeValue_Media":"32"}}}
11-11 01:00:51.826 2138 5037 I MicroService: Receive message: SocketMessageBean{businessData='21930', srcService='IDCM_CarAudioService', destService='FSEM_AudioService', messageType='1', uuid='1668099651789033040', payloadData={"srcService":"IDCM_CarAudioService","dstService":"FSEM_AudioService","methodName":"setVolume","messageType":1,"uuid":1668099651789033040,"parameters":{"functionInfo":{"IDCM_VolumeValue_Media":"32"}}}}
11-11 01:00:51.826 2138 5037 I MicroService: dealMessage: 1
11-11 01:00:51.826 2138 5037 I MicroService: onResponse(setVolume): {"functionInfo":{"IDCM_VolumeValue_Media":"32"}}
11-11 01:00:51.835 1972 2488 I vol.Events: writeEvent level_changed STREAM_ALARM 6
11-11 01:00:51.836 1972 2488 I vol.Events: writeEvent level_changed STREAM_RING 6
11-11 01:00:51.840 1972 2488 I vol.Events: writeEvent level_changed STREAM_SYSTEM 6
11-11 01:00:51.847 1972 2488 I vol.Events: writeEvent level_changed STREAM_MUSIC 32
11-11 01:00:51.847 1520 19358 I MicroServiceManager: requestResult(setVolume) parameters is{"functionInfo":{"IDCM_VolumeValue_Media":"36"}}.
11-11 01:00:51.848 17381 17395 I id.qqdownloade: oneway function results for code 4 on binder at 0xbad832b0 will be dropped but finished with status UNKNOWN_TRANSACTION
11-11 01:00:51.849 17748 18000 I downloader:liv: oneway function results for code 4 on binder at 0xf3f74010 will be dropped but finished with status UNKNOWN_TRANSACTION
11-11 01:00:51.852 21220 21363 D BluetoothDatabase: getBondedDevicesOrdered: Invalid address for device LocalStorage
11-11 01:00:51.852 1221 4905 I OMX-VENC: venc_dev: stats: avg. fps 35.93, bitrate 1478323
11-11 01:00:51.852 2138 5038 D MicroService: createClientSocket: clientSocket new
11-11 01:00:51.852 2138 5038 D MicroService: createClientSocket: IP = 192.168.4.4, PORT 9999localAddress = /192.168.4.16
11-11 01:00:51.852 2138 5038 D MicroService: Launching the I/O handler
11-11 01:00:51.852 2138 5038 D MicroService: createClientSocket: clientSocket = Socket[address=/192.168.4.4,port=9999,localPort=42629]
11-11 01:00:51.852 2138 5038 D MicroService: Send message to IDCM:SocketMessageBean{businessData='21930', srcService='FSEM_AudioService', destService='IDCM_CarAudioService', messageType='0', uuid='1668099651849775280', payloadData={"srcService":"FSEM_AudioService","dstService":"IDCM_CarAudioService","messageType":0,"uuid":1668099651849775280,"methodName":"setVolume","parameters":{"functionInfo":{"IDCM_VolumeValue_Media":"36"}}}}
11-11 01:00:51.852 2138 5038 D MicroService: Payload data length: 200
11-11 01:00:51.854 21220 21467 E HeadsetStateMachine: returning mCurrentState as Disconnected
11-11 01:00:51.856 21220 21467 D BluetoothPbapService: getConnectionState: F4:4E:FD:AD:96:65
11-11 01:00:51.857 21220 21467 D HearingAidService: getActiveDevices
11-11 01:00:51.859 21220 21363 D BluetoothDatabase: getBondedDevicesOrdered: Invalid address for device LocalStorage
11-11 01:00:51.860 21220 21363 E HeadsetStateMachine: returning mCurrentState as Disconnected
11-11 01:00:51.861 21220 21363 D BluetoothPbapService: getConnectionState: F4:4E:FD:AD:96:65
11-11 01:00:51.863 21220 21363 D HearingAidService: getActiveDevices
11-11 01:00:51.881 2138 2223 D MicroService: getEvent: clientSocket = Socket[address=/192.168.4.4,port=42866,localPort=9999]
11-11 01:00:51.881 2138 2223 D MicroService: run: called
11-11 01:00:51.881 2138 2223 D MicroService: getEvent: start waiting...
11-11 01:00:51.883 2138 5039 I MicroService: getStringByData(noZero): IDCM_CarAudioService
11-11 01:00:51.883 2138 5039 I MicroService: getStringByData(noZero): FSEM_AudioService
11-11 01:00:51.883 2138 5039 I MicroService: getStringByData: {"srcService":"IDCM_CarAudioService","dstService":"FSEM_AudioService","methodName":"setVolume","messageType":1,"uuid":1668099651849775280,"parameters":{"functionInfo":{"IDCM_VolumeValue_Media":"36"}}}
11-11 01:00:51.883 2138 5039 I MicroService: Receive message: SocketMessageBean{businessData='21930', srcService='IDCM_CarAudioService', destService='FSEM_AudioService', messageType='1', uuid='1668099651849775280', payloadData={"srcService":"IDCM_CarAudioService","dstService":"FSEM_AudioService","methodName":"setVolume","messageType":1,"uuid":1668099651849775280,"parameters":{"functionInfo":{"IDCM_VolumeValue_Media":"36"}}}}
11-11 01:00:51.883 2138 5039 I MicroService: dealMessage: 1
11-11 01:00:51.883 2138 5039 I MicroService: onResponse(setVolume): {"functionInfo":{"IDCM_VolumeValue_Media":"36"}}
11-11 01:00:51.891 1972 2488 I vol.Events: writeEvent level_changed STREAM_ALARM 7
11-11 01:00:51.892 1972 2488 I vol.Events: writeEvent level_changed STREAM_RING 7
11-11 01:00:51.894 1972 2488 I vol.Events: writeEvent level_changed STREAM_SYSTEM 7
11-11 01:00:51.894 1972 2488 I vol.Events: writeEvent level_changed STREAM_VOICE_CALL 5
11-11 01:00:51.904 1972 2488 I vol.Events: writeEvent level_changed STREAM_MUSIC 36
11-11 01:00:51.904 17381 17395 I id.qqdownloade: oneway function results for code 4 on binder at 0xbad832b0 will be dropped but finished with status UNKNOWN_TRANSACTION
11-11 01:00:51.904 17748 18000 I downloader:liv: oneway function results for code 4 on binder at 0xf3f74010 will be dropped but finished with status UNKNOWN_TRANSACTION
11-11 01:00:51.905 1520 19358 I MicroServiceManager: requestResult(setVolume) parameters is{"functionInfo":{"IDCM_VolumeValue_Media":"37"}}.
11-11 01:00:51.908 2138 5041 D MicroService: createClientSocket: clientSocket new
11-11 01:00:51.908 2138 5041 D MicroService: createClientSocket: IP = 192.168.4.4, PORT 9999localAddress = /192.168.4.16
11-11 01:00:51.908 2138 5041 D MicroService: Launching the I/O handler
11-11 01:00:51.908 2138 5041 D MicroService: createClientSocket: clientSocket = Socket[address=/192.168.4.4,port=9999,localPort=33633]
11-11 01:00:51.908 2138 5041 D MicroService: Send message to IDCM:SocketMessageBean{businessData='21930', srcService='FSEM_AudioService', destService='IDCM_CarAudioService', messageType='0', uuid='1668099651905119707', payloadData={"srcService":"FSEM_AudioService","dstService":"IDCM_CarAudioService","messageType":0,"uuid":1668099651905119707,"methodName":"setVolume","parameters":{"functionInfo":{"IDCM_VolumeValue_Media":"37"}}}}
11-11 01:00:51.908 2138 5041 D MicroService: Payload data length: 200
11-11 01:00:51.915 21220 21467 D BluetoothDatabase: getBondedDevicesOrdered: Invalid address for device LocalStorage
11-11 01:00:51.916 21220 21467 E HeadsetStateMachine: returning mCurrentState as Disconnected
11-11 01:00:51.917 21220 21467 D BluetoothPbapService: getConnectionState: F4:4E:FD:AD:96:65
11-11 01:00:51.917 21220 21363 D BluetoothDatabase: getBondedDevicesOrdered: Invalid address for device LocalStorage
11-11 01:00:51.919 21220 21467 E HeadsetStateMachine: returning mCurrentState as Disconnected
11-11 01:00:51.920 21220 21467 D HearingAidService: getActiveDevices
11-11 01:00:51.921 21220 21363 D BluetoothPbapService: getConnectionState: F4:4E:FD:AD:96:65
11-11 01:00:51.922 21220 21363 D HearingAidService: getActiveDevices
11-11 01:00:51.941 2138 2223 D MicroService: getEvent: clientSocket = Socket[address=/192.168.4.4,port=42868,localPort=9999]
11-11 01:00:51.942 2138 2223 D MicroService: run: called
11-11 01:00:51.942 2138 2223 D MicroService: getEvent: start waiting...
11-11 01:00:51.942 2138 5042 I MicroService: getStringByData(noZero): IDCM_CarAudioService
11-11 01:00:51.942 2138 5042 I MicroService: getStringByData(noZero): FSEM_AudioService
11-11 01:00:51.942 2138 5042 I MicroService: getStringByData: {"srcService":"IDCM_CarAudioService","dstService":"FSEM_AudioService","methodName":"setVolume","messageType":1,"uuid":1668099651905119707,"parameters":{"functionInfo":{"IDCM_VolumeValue_Media":"37"}}}
11-11 01:00:51.942 2138 5042 I MicroService: Receive message: SocketMessageBean{businessData='21930', srcService='IDCM_CarAudioService', destService='FSEM_AudioService', messageType='1', uuid='1668099651905119707', payloadData={"srcService":"IDCM_CarAudioService","dstService":"FSEM_AudioService","methodName":"setVolume","messageType":1,"uuid":1668099651905119707,"parameters":{"functionInfo":{"IDCM_VolumeValue_Media":"37"}}}}
11-11 01:00:51.942 2138 5042 I MicroService: dealMessage: 1
11-11 01:00:51.942 2138 5042 I MicroService: onResponse(setVolume): {"functionInfo":{"IDCM_VolumeValue_Media":"37"}}
11-11 01:00:51.943 2681 2681 W event_loop: type=1400 audit(0.0:921398574): avc: denied { read } for lport=13400 scontext=u:r:hht_ota_mgr:s0 tcontext=u:r:hht_ota_mgr:s0 tclass=udp_socket permissive=0
11-11 01:00:51.943 2681 2681 W event_loop: type=1400 audit(0.0:921398575): avc: denied { read } for lport=13400 scontext=u:r:hht_ota_mgr:s0 tcontext=u:r:hht_ota_mgr:s0 tclass=udp_socket permissive=0
11-11 01:00:51.943 2681 2681 W event_loop: type=1400 audit(0.0:921398576): avc: denied { read } for lport=13400 scontext=u:r:hht_ota_mgr:s0 tcontext=u:r:hht_ota_mgr:s0 tclass=udp_socket permissive=0
11-11 01:00:51.943 2681 2681 W event_loop: type=1400 audit(0.0:921398577): avc: denied { read } for lport=13400 scontext=u:r:hht_ota_mgr:s0 tcontext=u:r:hht_ota_mgr:s0 tclass=udp_socket permissive=0
11-11 01:00:51.943 2681 2681 W event_loop: type=1400 audit(0.0:921398578): avc: denied { read } for lport=13400 scontext=u:r:hht_ota_mgr:s0 tcontext=u:r:hht_ota_mgr:s0 tclass=udp_socket permissive=0
01-01 09:02:46.716 0 0 W audit : audit_lost=921381993 audit_rate_limit=5 audit_backlog_limit=64
01-01 09:02:46.716 0 0 E audit : rate limit exceeded
11-11 01:00:51.955 1972 2488 I vol.Events: writeEvent level_changed STREAM_MUSIC 37
11-11 01:00:51.956 17381 17395 I id.qqdownloade: oneway function results for code 4 on binder at 0xbad832b0 will be dropped but finished with status UNKNOWN_TRANSACTION
11-11 01:00:51.956 17748 18000 I downloader:liv: oneway function results for code 4 on binder at 0xf3f74010 will be dropped but finished with status UNKNOWN_TRANSACTION
11-11 01:00:51.958 21220 21467 D BluetoothDatabase: getBondedDevicesOrdered: Invalid address for device LocalStorage
11-11 01:00:51.959 21220 21363 D BluetoothDatabase: getBondedDevicesOrdered: Invalid address for device LocalStorage
11-11 01:00:51.960 21220 21467 E HeadsetStateMachine: returning mCurrentState as Disconnected
11-11 01:00:51.960 21220 21467 E HeadsetStateMachine: returning mCurrentState as Disconnected
11-11 01:00:51.961 21220 21467 D BluetoothPbapService: getConnectionState: F4:4E:FD:AD:96:65
11-11 01:00:51.961 21220 21467 D BluetoothPbapService: getConnectionState: F4:4E:FD:AD:96:65
11-11 01:00:51.962 21220 21467 D HearingAidService: getActiveDevices
11-11 01:00:51.963 21220 21467 D HearingAidService: getActiveDevices
11-11 01:00:52.218 1520 13881 I MicroServiceManager: requestResult(setVolume) parameters is{"functionInfo":{"IDCM_VolumeValue_Media":"36"}}.
11-11 01:00:52.221 2138 5045 D MicroService: createClientSocket: clientSocket new
11-11 01:00:52.221 2138 5045 D MicroService: createClientSocket: IP = 192.168.4.4, PORT 9999localAddress = /192.168.4.16
11-11 01:00:52.221 2138 5045 D MicroService: Launching the I/O handler
11-11 01:00:52.221 2138 5045 D MicroService: createClientSocket: clientSocket = Socket[address=/192.168.4.4,port=9999,localPort=45273]
11-11 01:00:52.222 2138 5045 D MicroService: Send message to IDCM:SocketMessageBean{businessData='21930', srcService='FSEM_AudioService', destService='IDCM_CarAudioService', messageType='0', uuid='1668099652218007519', payloadData={"srcService":"FSEM_AudioService","dstService":"IDCM_CarAudioService","messageType":0,"uuid":1668099652218007519,"methodName":"setVolume","parameters":{"functionInfo":{"IDCM_VolumeValue_Media":"36"}}}}
11-11 01:00:52.222 2138 5045 D MicroService: Payload data length: 200
11-11 01:00:52.263 2138 2223 D MicroService: getEvent: clientSocket = Socket[address=/192.168.4.4,port=42870,localPort=9999]
11-11 01:00:52.263 2138 2223 D MicroService: run: called
11-11 01:00:52.263 2138 2223 D MicroService: getEvent: start waiting...
11-11 01:00:52.265 2138 5046 I MicroService: getStringByData(noZero): IDCM_CarAudioService
11-11 01:00:52.265 2138 5046 I MicroService: getStringByData(noZero): FSEM_AudioService
11-11 01:00:52.265 2138 5046 I MicroService: getStringByData: {"srcService":"IDCM_CarAudioService","dstService":"FSEM_AudioService","methodName":"setVolume","messageType":1,"uuid":1668099652218007519,"parameters":{"functionInfo":{"IDCM_VolumeValue_Media":"36"}}}
11-11 01:00:52.266 2138 5046 I MicroService: Receive message: SocketMessageBean{businessData='21930', srcService='IDCM_CarAudioService', destService='FSEM_AudioService', messageType='1', uuid='1668099652218007519', payloadData={"srcService":"IDCM_CarAudioService","dstService":"FSEM_AudioService","methodName":"setVolume","messageType":1,"uuid":1668099652218007519,"parameters":{"functionInfo":{"IDCM_VolumeValue_Media":"36"}}}}
11-11 01:00:52.266 2138 5046 I MicroService: dealMessage: 1
11-11 01:00:52.266 2138 5046 I MicroService: onResponse(setVolume): {"functionInfo":{"IDCM_VolumeValue_Media":"36"}}
11-11 01:00:52.270 1204 14051 D AudioAnalytics: gc(1700, 2000): log size:1700 item map size:122, item map items:1700
11-11 01:00:52.278 1972 2488 I vol.Events: writeEvent level_changed STREAM_MUSIC 36
11-11 01:00:52.279 1520 10895 I MicroServiceManager: requestResult(setVolume) parameters is{"functionInfo":{"IDCM_VolumeValue_Media":"35"}}.
11-11 01:00:52.279 17381 17394 I id.qqdownloade: oneway function results for code 4 on binder at 0xbad832b0 will be dropped but finished with status UNKNOWN_TRANSACTION
11-11 01:00:52.279 17748 18001 I downloader:liv: oneway function results for code 4 on binder at 0xf3f74010 will be dropped but finished with status UNKNOWN_TRANSACTION
11-11 01:00:52.282 2138 5047 D MicroService: createClientSocket: clientSocket new
11-11 01:00:52.282 2138 5047 D MicroService: createClientSocket: IP = 192.168.4.4, PORT 9999localAddress = /192.168.4.16
11-11 01:00:52.282 2138 5047 D MicroService: Launching the I/O handler
11-11 01:00:52.282 2138 5047 D MicroService: createClientSocket: clientSocket = Socket[address=/192.168.4.4,port=9999,localPort=46669]
11-11 01:00:52.282 2138 5047 D MicroService: Send message to IDCM:SocketMessageBean{businessData='21930', srcService='FSEM_AudioService', destService='IDCM_CarAudioService', messageType='0', uuid='1668099652279954707', payloadData={"srcService":"FSEM_AudioService","dstService":"IDCM_CarAudioService","messageType":0,"uuid":1668099652279954707,"methodName":"setVolume","parameters":{"functionInfo":{"IDCM_VolumeValue_Media":"35"}}}}
11-11 01:00:52.282 2138 5047 D MicroService: Payload data length: 200
11-11 01:00:52.285 21220 21467 D BluetoothDatabase: getBondedDevicesOrdered: Invalid address for device LocalStorage
11-11 01:00:52.286 21220 21363 D BluetoothDatabase: getBondedDevicesOrdered: Invalid address for device LocalStorage
11-11 01:00:52.286 21220 21467 E HeadsetStateMachine: returning mCurrentState as Disconnected
11-11 01:00:52.287 21220 21467 D BluetoothPbapService: getConnectionState: F4:4E:FD:AD:96:65
11-11 01:00:52.289 21220 21467 D HearingAidService: getActiveDevices
11-11 01:00:52.290 21220 21363 E HeadsetStateMachine: returning mCurrentState as Disconnected
11-11 01:00:52.291 21220 21467 D BluetoothPbapService: getConnectionState: F4:4E:FD:AD:96:65
11-11 01:00:52.293 21220 21467 D HearingAidService: getActiveDevices
11-11 01:00:52.301 2138 2223 D MicroService: getEvent: clientSocket = Socket[address=/192.168.4.4,port=42872,localPort=9999]
11-11 01:00:52.301 2138 2223 D MicroService: run: called
11-11 01:00:52.301 2138 2223 D MicroService: getEvent: start waiting...
11-11 01:00:52.302 648 661 I mpu_uart: [MSG-P:RECV]:No message received in 1000 ms
11-11 01:00:52.303 2138 5048 I MicroService: getStringByData(noZero): IDCM_CarAudioService
11-11 01:00:52.303 2138 5048 I MicroService: getStringByData(noZero): FSEM_AudioService
11-11 01:00:52.303 2138 5048 I MicroService: getStringByData: {"srcService":"IDCM_CarAudioService","dstService":"FSEM_AudioService","methodName":"setVolume","messageType":1,"uuid":1668099652279954707,"parameters":{"functionInfo":{"IDCM_VolumeValue_Media":"35"}}}
11-11 01:00:52.303 2138 5048 I MicroService: Receive message: SocketMessageBean{businessData='21930', srcService='IDCM_CarAudioService', destService='FSEM_AudioService', messageType='1', uuid='1668099652279954707', payloadData={"srcService":"IDCM_CarAudioService","dstService":"FSEM_AudioService","methodName":"setVolume","messageType":1,"uuid":1668099652279954707,"parameters":{"functionInfo":{"IDCM_VolumeValue_Media":"35"}}}}
11-11 01:00:52.303 2138 5048 I MicroService: dealMessage: 1
11-11 01:00:52.304 2138 5048 I MicroService: onResponse(setVolume): {"functionInfo":{"IDCM_VolumeValue_Media":"35"}}
11-11 01:00:52.313 1972 2488 I vol.Events: writeEvent level_changed STREAM_ALARM 6
11-11 01:00:52.314 1972 2488 I vol.Events: writeEvent level_changed STREAM_RING 6
11-11 01:00:52.316 1520 11171 I MicroServiceManager: requestResult(setVolume) parameters is{"functionInfo":{"IDCM_VolumeValue_Media":"33"}}.
11-11 01:00:52.318 1972 2488 I vol.Events: writeEvent level_changed STREAM_SYSTEM 6
11-11 01:00:52.319 2138 5049 D MicroService: createClientSocket: clientSocket new
11-11 01:00:52.319 2138 5049 D MicroService: createClientSocket: IP = 192.168.4.4, PORT 9999localAddress = /192.168.4.16
11-11 01:00:52.319 2138 5049 D MicroService: Launching the I/O handler
11-11 01:00:52.319 2138 5049 D MicroService: createClientSocket: clientSocket = Socket[address=/192.168.4.4,port=9999,localPort=38677]
11-11 01:00:52.319 2138 5049 D MicroService: Send message to IDCM:SocketMessageBean{businessData='21930', srcService='FSEM_AudioService', destService='IDCM_CarAudioService', messageType='0', uuid='1668099652316553405', payloadData={"srcService":"FSEM_AudioService","dstService":"IDCM_CarAudioService","messageType":0,"uuid":1668099652316553405,"methodName":"setVolume","parameters":{"functionInfo":{"IDCM_VolumeValue_Media":"33"}}}}
11-11 01:00:52.319 2138 5049 D MicroService: Payload data length: 200
11-11 01:00:52.326 1972 2488 I vol.Events: writeEvent level_changed STREAM_MUSIC 35
11-11 01:00:52.326 17748 18001 I downloader:liv: oneway function results for code 4 on binder at 0xf3f74010 will be dropped but finished with status UNKNOWN_TRANSACTION
11-11 01:00:52.327 17381 17394 I id.qqdownloade: oneway function results for code 4 on binder at 0xbad832b0 will be dropped but finished with status UNKNOWN_TRANSACTION
11-11 01:00:52.331 21220 21362 D BluetoothDatabase: getBondedDevicesOrdered: Invalid address for device LocalStorage
11-11 01:00:52.332 21220 21362 E HeadsetStateMachine: returning mCurrentState as Disconnected
11-11 01:00:52.332 21220 21363 D BluetoothDatabase: getBondedDevicesOrdered: Invalid address for device LocalStorage
11-11 01:00:52.333 21220 21362 D BluetoothPbapService: getConnectionState: F4:4E:FD:AD:96:65
11-11 01:00:52.333 21220 21467 E HeadsetStateMachine: returning mCurrentState as Disconnected
11-11 01:00:52.334 21220 21467 D BluetoothPbapService: getConnectionState: F4:4E:FD:AD:96:65
11-11 01:00:52.334 21220 21362 D HearingAidService: getActiveDevices
11-11 01:00:52.335 21220 21467 D HearingAidService: getActiveDevices
11-11 01:00:52.364 2138 2223 D MicroService: getEvent: clientSocket = Socket[address=/192.168.4.4,port=42874,localPort=9999]
11-11 01:00:52.364 2138 2223 D MicroService: run: called
11-11 01:00:52.364 2138 2223 D MicroService: getEvent: start waiting...
11-11 01:00:52.366 2138 5050 I MicroService: getStringByData(noZero): IDCM_CarAudioService
11-11 01:00:52.366 2138 5050 I MicroService: getStringByData(noZero): FSEM_AudioService
11-11 01:00:52.366 2138 5050 I MicroService: getStringByData: {"srcService":"IDCM_CarAudioService","dstService":"FSEM_AudioService","methodName":"setVolume","messageType":1,"uuid":1668099652316553405,"parameters":{"functionInfo":{"IDCM_VolumeValue_Media":"33"}}}
11-11 01:00:52.366 2138 5050 I MicroService: Receive message: SocketMessageBean{businessData='21930', srcService='IDCM_CarAudioService', destService='FSEM_AudioService', messageType='1', uuid='1668099652316553405', payloadData={"srcService":"IDCM_CarAudioService","dstService":"FSEM_AudioService","methodName":"setVolume","messageType":1,"uuid":1668099652316553405,"parameters":{"functionInfo":{"IDCM_VolumeValue_Media":"33"}}}}
11-11 01:00:52.366 2138 5050 I MicroService: dealMessage: 1
11-11 01:00:52.366 2138 5050 I MicroService: onResponse(setVolume): {"functionInfo":{"IDCM_VolumeValue_Media":"33"}}
11-11 01:00:52.375 1972 2488 I vol.Events: writeEvent level_changed STREAM_VOICE_CALL 4
11-11 01:00:52.378 1972 2488 I vol.Events: writeEvent level_changed STREAM_MUSIC 33
11-11 01:00:52.386 1520 11171 I MicroServiceManager: requestResult(setVolume) parameters is{"functionInfo":{"IDCM_VolumeValue_Media":"28"}}.
11-11 01:00:52.386 17381 17394 I id.qqdownloade: oneway function results for code 4 on binder at 0xbad832b0 will be dropped but finished with status UNKNOWN_TRANSACTION
11-11 01:00:52.386 17748 18001 I downloader:liv: oneway function results for code 4 on binder at 0xf3f74010 will be dropped but finished with status UNKNOWN_TRANSACTION
11-11 01:00:52.389 2138 5051 D MicroService: createClientSocket: clientSocket new
11-11 01:00:52.390 2138 5051 D MicroService: createClientSocket: IP = 192.168.4.4, PORT 9999localAddress = /192.168.4.16
11-11 01:00:52.390 2138 5051 D MicroService: Launching the I/O handler
11-11 01:00:52.390 2138 5051 D MicroService: createClientSocket: clientSocket = Socket[address=/192.168.4.4,port=9999,localPort=51499]
11-11 01:00:52.390 2138 5051 D MicroService: Send message to IDCM:SocketMessageBean{businessData='21930', srcService='FSEM_AudioService', destService='IDCM_CarAudioService', messageType='0', uuid='1668099652386108509', payloadData={"srcService":"FSEM_AudioService","dstService":"IDCM_CarAudioService","messageType":0,"uuid":1668099652386108509,"methodName":"setVolume","parameters":{"functionInfo":{"IDCM_VolumeValue_Media":"28"}}}}
11-11 01:00:52.390 2138 5051 D MicroService: Payload data length: 200
11-11 01:00:52.392 21220 21363 D BluetoothDatabase: getBondedDevicesOrdered: Invalid address for device LocalStorage
11-11 01:00:52.394 21220 21363 E HeadsetStateMachine: returning mCurrentState as Disconnected
11-11 01:00:52.394 21220 21467 D BluetoothDatabase: getBondedDevicesOrdered: Invalid address for device LocalStorage
11-11 01:00:52.395 21220 21363 E HeadsetStateMachine: returning mCurrentState as Disconnected
11-11 01:00:52.396 21220 21363 D BluetoothPbapService: getConnectionState: F4:4E:FD:AD:96:65
