11-11 01:00:55.959 2681 2681 W event_loop: type=1400 audit(0.0:922440319): avc: denied { read } for lport=13400 scontext=u:r:hht_ota_mgr:s0 tcontext=u:r:hht_ota_mgr:s0 tclass=udp_socket permissive=0
11-11 01:00:55.959 2681 2681 W event_loop: type=1400 audit(0.0:922440320): avc: denied { read } for lport=13400 scontext=u:r:hht_ota_mgr:s0 tcontext=u:r:hht_ota_mgr:s0 tclass=udp_socket permissive=0
11-11 01:00:55.959 2681 2681 W event_loop: type=1400 audit(0.0:922440321): avc: denied { read } for lport=13400 scontext=u:r:hht_ota_mgr:s0 tcontext=u:r:hht_ota_mgr:s0 tclass=udp_socket permissive=0
01-01 09:02:50.732 0 0 W audit : audit_lost=922423852 audit_rate_limit=5 audit_backlog_limit=64
01-01 09:02:50.732 0 0 E audit : rate limit exceeded
11-11 01:00:56.136 1520 13885 I MicroServiceManager: requestResult(setVolume) parameters is{"functionInfo":{"IDCM_VolumeValue_Media":"34"}}.
11-11 01:00:56.141 2138 5083 D MicroService: createClientSocket: clientSocket new
11-11 01:00:56.141 2138 5083 D MicroService: createClientSocket: IP = 192.168.4.4, PORT 9999localAddress = /192.168.4.16
11-11 01:00:56.141 2138 5083 D MicroService: Launching the I/O handler
11-11 01:00:56.141 2138 5083 D MicroService: createClientSocket: clientSocket = Socket[address=/192.168.4.4,port=9999,localPort=39349]
11-11 01:00:56.141 2138 5083 D MicroService: Send message to IDCM:SocketMessageBean{businessData='21930', srcService='FSEM_AudioService', destService='IDCM_CarAudioService', messageType='0', uuid='1668099656136100799', payloadData={"srcService":"FSEM_AudioService","dstService":"IDCM_CarAudioService","messageType":0,"uuid":1668099656136100799,"methodName":"setVolume","parameters":{"functionInfo":{"IDCM_VolumeValue_Media":"34"}}}}
11-11 01:00:56.141 2138 5083 D MicroService: Payload data length: 200
11-11 01:00:56.164 2138 2223 D MicroService: getEvent: clientSocket = Socket[address=/192.168.4.4,port=42902,localPort=9999]
11-11 01:00:56.165 2138 2223 D MicroService: run: called
11-11 01:00:56.165 2138 2223 D MicroService: getEvent: start waiting...
11-11 01:00:56.165 2138 5084 I MicroService: getStringByData(noZero): IDCM_CarAudioService
11-11 01:00:56.165 2138 5084 I MicroService: getStringByData(noZero): FSEM_AudioService
11-11 01:00:56.166 2138 5084 I MicroService: getStringByData: {"srcService":"IDCM_CarAudioService","dstService":"FSEM_AudioService","methodName":"setVolume","messageType":1,"uuid":1668099656136100799,"parameters":{"functionInfo":{"IDCM_VolumeValue_Media":"34"}}}
11-11 01:00:56.166 2138 5084 I MicroService: Receive message: SocketMessageBean{businessData='21930', srcService='IDCM_CarAudioService', destService='FSEM_AudioService', messageType='1', uuid='1668099656136100799', payloadData={"srcService":"IDCM_CarAudioService","dstService":"FSEM_AudioService","methodName":"setVolume","messageType":1,"uuid":1668099656136100799,"parameters":{"functionInfo":{"IDCM_VolumeValue_Media":"34"}}}}
11-11 01:00:56.166 2138 5084 I MicroService: dealMessage: 1
11-11 01:00:56.166 2138 5084 I MicroService: onResponse(setVolume): {"functionInfo":{"IDCM_VolumeValue_Media":"34"}}
11-11 01:00:56.183 1972 2488 I vol.Events: writeEvent level_changed STREAM_RING 6
11-11 01:00:56.185 1972 2488 I vol.Events: writeEvent level_changed STREAM_SYSTEM 6
11-11 01:00:56.187 1972 2488 I vol.Events: writeEvent level_changed STREAM_VOICE_CALL 5
11-11 01:00:56.199 17381 17617 I id.qqdownloade: oneway function results for code 4 on binder at 0xbad832b0 will be dropped but finished with status UNKNOWN_TRANSACTION
11-11 01:00:56.199 17748 17912 I downloader:liv: oneway function results for code 4 on binder at 0xf3f74010 will be dropped but finished with status UNKNOWN_TRANSACTION
11-11 01:00:56.199 1972 2488 I vol.Events: writeEvent level_changed STREAM_MUSIC 34
11-11 01:00:56.201 21220 21312 D BluetoothDatabase: getBondedDevicesOrdered: Invalid address for device LocalStorage
11-11 01:00:56.202 21220 21312 E HeadsetStateMachine: returning mCurrentState as Disconnected
11-11 01:00:56.203 21220 21312 D BluetoothPbapService: getConnectionState: F4:4E:FD:AD:96:65
11-11 01:00:56.204 21220 21312 D HearingAidService: getActiveDevices
11-11 01:00:56.206 21220 21312 D BluetoothDatabase: getBondedDevicesOrdered: Invalid address for device LocalStorage
11-11 01:00:56.207 21220 21312 E HeadsetStateMachine: returning mCurrentState as Disconnected
11-11 01:00:56.207 21220 21312 D BluetoothPbapService: getConnectionState: F4:4E:FD:AD:96:65
11-11 01:00:56.209 21220 21312 D HearingAidService: getActiveDevices
11-11 01:00:56.303 648 661 I mpu_uart: [MSG-P:RECV]:No message received in 1000 ms
11-11 01:00:56.491 1520 13789 I MicroServiceManager: requestResult(setVolume) parameters is{"functionInfo":{"IDCM_VolumeValue_Media":"37"}}.
11-11 01:00:56.496 2138 5086 D MicroService: createClientSocket: clientSocket new
11-11 01:00:56.496 2138 5086 D MicroService: createClientSocket: IP = 192.168.4.4, PORT 9999localAddress = /192.168.4.16
11-11 01:00:56.496 2138 5086 D MicroService: Launching the I/O handler
11-11 01:00:56.496 2138 5086 D MicroService: createClientSocket: clientSocket = Socket[address=/192.168.4.4,port=9999,localPort=59965]
11-11 01:00:56.496 2138 5086 D MicroService: Send message to IDCM:SocketMessageBean{businessData='21930', srcService='FSEM_AudioService', destService='IDCM_CarAudioService', messageType='0', uuid='1668099656491284080', payloadData={"srcService":"FSEM_AudioService","dstService":"IDCM_CarAudioService","messageType":0,"uuid":1668099656491284080,"methodName":"setVolume","parameters":{"functionInfo":{"IDCM_VolumeValue_Media":"37"}}}}
11-11 01:00:56.496 2138 5086 D MicroService: Payload data length: 200
11-11 01:00:56.528 2138 2223 D MicroService: getEvent: clientSocket = Socket[address=/192.168.4.4,port=42904,localPort=9999]
11-11 01:00:56.529 2138 2223 D MicroService: run: called
11-11 01:00:56.529 2138 2223 D MicroService: getEvent: start waiting...
11-11 01:00:56.530 2138 5087 I MicroService: getStringByData(noZero): IDCM_CarAudioService
11-11 01:00:56.530 2138 5087 I MicroService: getStringByData(noZero): FSEM_AudioService
11-11 01:00:56.530 2138 5087 I MicroService: getStringByData: {"srcService":"IDCM_CarAudioService","dstService":"FSEM_AudioService","methodName":"setVolume","messageType":1,"uuid":1668099656491284080,"parameters":{"functionInfo":{"IDCM_VolumeValue_Media":"37"}}}
11-11 01:00:56.530 2138 5087 I MicroService: Receive message: SocketMessageBean{businessData='21930', srcService='IDCM_CarAudioService', destService='FSEM_AudioService', messageType='1', uuid='1668099656491284080', payloadData={"srcService":"IDCM_CarAudioService","dstService":"FSEM_AudioService","methodName":"setVolume","messageType":1,"uuid":1668099656491284080,"parameters":{"functionInfo":{"IDCM_VolumeValue_Media":"37"}}}}
11-11 01:00:56.530 2138 5087 I MicroService: dealMessage: 1
11-11 01:00:56.530 2138 5087 I MicroService: onResponse(setVolume): {"functionInfo":{"IDCM_VolumeValue_Media":"37"}}
11-11 01:00:56.541 1972 2488 I vol.Events: writeEvent level_changed STREAM_ALARM 7
11-11 01:00:56.543 1972 2488 I vol.Events: writeEvent level_changed STREAM_RING 7
11-11 01:00:56.556 17381 17617 I id.qqdownloade: oneway function results for code 4 on binder at 0xbad832b0 will be dropped but finished with status UNKNOWN_TRANSACTION
11-11 01:00:56.556 17748 17912 I downloader:liv: oneway function results for code 4 on binder at 0xf3f74010 will be dropped but finished with status UNKNOWN_TRANSACTION
11-11 01:00:56.557 1972 2488 I vol.Events: writeEvent level_changed STREAM_MUSIC 37
11-11 01:00:56.557 1972 2488 I vol.Events: writeEvent level_changed STREAM_SYSTEM 7
11-11 01:00:56.558 21220 21312 D BluetoothDatabase: getBondedDevicesOrdered: Invalid address for device LocalStorage
11-11 01:00:56.559 21220 21312 E HeadsetStateMachine: returning mCurrentState as Disconnected
11-11 01:00:56.560 21220 21312 D BluetoothPbapService: getConnectionState: F4:4E:FD:AD:96:65
11-11 01:00:56.562 21220 21312 D HearingAidService: getActiveDevices
11-11 01:00:56.565 21220 21312 D BluetoothDatabase: getBondedDevicesOrdered: Invalid address for device LocalStorage
11-11 01:00:56.566 21220 21232 E HeadsetStateMachine: returning mCurrentState as Disconnected
11-11 01:00:56.566 21220 21232 D BluetoothPbapService: getConnectionState: F4:4E:FD:AD:96:65
11-11 01:00:56.568 21220 21232 D HearingAidService: getActiveDevices
11-11 01:00:56.701 1221 4905 I OMX-VENC: venc_dev: stats: avg. fps 9.78, bitrate 410639
11-11 01:00:56.757 31956 5088 I UnusedCodeCheck: init end result:0
11-11 01:00:56.850 31956 32062 D WorkerThreadMonitor: Kill MSF check result[ senderSize:0,sendInterval:2401319,receiveInterval=2401314,addCmdCount=0
11-11 01:00:56.963 2681 2681 W event_loop: type=1400 audit(0.0:922705169): avc: denied { read } for lport=13400 scontext=u:r:hht_ota_mgr:s0 tcontext=u:r:hht_ota_mgr:s0 tclass=udp_socket permissive=0
11-11 01:00:56.963 2681 2681 W event_loop: type=1400 audit(0.0:922705170): avc: denied { read } for lport=13400 scontext=u:r:hht_ota_mgr:s0 tcontext=u:r:hht_ota_mgr:s0 tclass=udp_socket permissive=0
11-11 01:00:56.963 2681 2681 W event_loop: type=1400 audit(0.0:922705171): avc: denied { read } for lport=13400 scontext=u:r:hht_ota_mgr:s0 tcontext=u:r:hht_ota_mgr:s0 tclass=udp_socket permissive=0
11-11 01:00:56.963 2681 2681 W event_loop: type=1400 audit(0.0:922705172): avc: denied { read } for lport=13400 scontext=u:r:hht_ota_mgr:s0 tcontext=u:r:hht_ota_mgr:s0 tclass=udp_socket permissive=0
11-11 01:00:56.963 2681 2681 W event_loop: type=1400 audit(0.0:922705173): avc: denied { read } for lport=13400 scontext=u:r:hht_ota_mgr:s0 tcontext=u:r:hht_ota_mgr:s0 tclass=udp_socket permissive=0
01-01 09:02:51.736 0 0 W audit : audit_lost=922688672 audit_rate_limit=5 audit_backlog_limit=64
01-01 09:02:51.736 0 0 E audit : rate limit exceeded
11-11 01:00:57.304 648 661 I mpu_uart: [MSG-P:RECV]:No message received in 1000 ms
11-11 01:00:57.696 648 659 I mpu_uart: [MSG-P:R]:recv sync frame timeout
11-11 01:00:57.702 31956 5088 I UnusedCodeCheck: storeInfo end statusCode:0
11-11 01:00:57.967 2681 2681 W event_loop: type=1400 audit(0.0:922969161): avc: denied { read } for lport=13400 scontext=u:r:hht_ota_mgr:s0 tcontext=u:r:hht_ota_mgr:s0 tclass=udp_socket permissive=0
11-11 01:00:57.967 2681 2681 W event_loop: type=1400 audit(0.0:922969162): avc: denied { read } for lport=13400 scontext=u:r:hht_ota_mgr:s0 tcontext=u:r:hht_ota_mgr:s0 tclass=udp_socket permissive=0
11-11 01:00:57.967 2681 2681 W event_loop: type=1400 audit(0.0:922969163): avc: denied { read } for lport=13400 scontext=u:r:hht_ota_mgr:s0 tcontext=u:r:hht_ota_mgr:s0 tclass=udp_socket permissive=0
11-11 01:00:57.967 2681 2681 W event_loop: type=1400 audit(0.0:922969164): avc: denied { read } for lport=13400 scontext=u:r:hht_ota_mgr:s0 tcontext=u:r:hht_ota_mgr:s0 tclass=udp_socket permissive=0
11-11 01:00:57.967 2681 2681 W event_loop: type=1400 audit(0.0:922969165): avc: denied { read } for lport=13400 scontext=u:r:hht_ota_mgr:s0 tcontext=u:r:hht_ota_mgr:s0 tclass=udp_socket permissive=0
01-01 09:02:52.740 0 0 W audit : audit_lost=922952684 audit_rate_limit=5 audit_backlog_limit=64
01-01 09:02:52.740 0 0 E audit : rate limit exceeded
11-11 01:00:58.304 648 661 I mpu_uart: [MSG-P:RECV]:No message received in 1000 ms
11-11 01:00:58.703 1221 4905 I OMX-VENC: venc_dev: stats: avg. fps 4.00, bitrate 169383
11-11 01:00:58.971 2681 2681 W event_loop: type=1400 audit(0.0:923234918): avc: denied { read } for lport=13400 scontext=u:r:hht_ota_mgr:s0 tcontext=u:r:hht_ota_mgr:s0 tclass=udp_socket permissive=0
11-11 01:00:58.971 2681 2681 W event_loop: type=1400 audit(0.0:923234919): avc: denied { read } for lport=13400 scontext=u:r:hht_ota_mgr:s0 tcontext=u:r:hht_ota_mgr:s0 tclass=udp_socket permissive=0
11-11 01:00:58.971 2681 2681 W event_loop: type=1400 audit(0.0:923234920): avc: denied { read } for lport=13400 scontext=u:r:hht_ota_mgr:s0 tcontext=u:r:hht_ota_mgr:s0 tclass=udp_socket permissive=0
11-11 01:00:58.971 2681 2681 W event_loop: type=1400 audit(0.0:923234921): avc: denied { read } for lport=13400 scontext=u:r:hht_ota_mgr:s0 tcontext=u:r:hht_ota_mgr:s0 tclass=udp_socket permissive=0
11-11 01:00:58.971 2681 2681 W event_loop: type=1400 audit(0.0:923234922): avc: denied { read } for lport=13400 scontext=u:r:hht_ota_mgr:s0 tcontext=u:r:hht_ota_mgr:s0 tclass=udp_socket permissive=0
01-01 09:02:53.744 0 0 W audit : audit_lost=923218495 audit_rate_limit=5 audit_backlog_limit=64
01-01 09:02:53.744 0 0 E audit : rate limit exceeded
11-11 01:00:59.305 648 661 I mpu_uart: [MSG-P:RECV]:No message received in 1000 ms
11-11 01:00:59.705 1221 4905 I OMX-VENC: venc_dev: stats: avg. fps 1.00, bitrate 41689
11-11 01:00:59.975 2681 2681 W event_loop: type=1400 audit(0.0:923501806): avc: denied { read } for lport=13400 scontext=u:r:hht_ota_mgr:s0 tcontext=u:r:hht_ota_mgr:s0 tclass=udp_socket permissive=0
11-11 01:00:59.975 2681 2681 W event_loop: type=1400 audit(0.0:923501807): avc: denied { read } for lport=13400 scontext=u:r:hht_ota_mgr:s0 tcontext=u:r:hht_ota_mgr:s0 tclass=udp_socket permissive=0
11-11 01:00:59.975 2681 2681 W event_loop: type=1400 audit(0.0:923501808): avc: denied { read } for lport=13400 scontext=u:r:hht_ota_mgr:s0 tcontext=u:r:hht_ota_mgr:s0 tclass=udp_socket permissive=0
11-11 01:00:59.975 2681 2681 W event_loop: type=1400 audit(0.0:923501809): avc: denied { read } for lport=13400 scontext=u:r:hht_ota_mgr:s0 tcontext=u:r:hht_ota_mgr:s0 tclass=udp_socket permissive=0
11-11 01:00:59.975 2681 2681 W event_loop: type=1400 audit(0.0:923501810): avc: denied { read } for lport=13400 scontext=u:r:hht_ota_mgr:s0 tcontext=u:r:hht_ota_mgr:s0 tclass=udp_socket permissive=0
01-01 09:02:54.748 0 0 W audit : audit_lost=923485341 audit_rate_limit=5 audit_backlog_limit=64
01-01 09:02:54.748 0 0 E audit : rate limit exceeded
11-11 01:01:00.003 1972 1972 D KeyguardUpdateMonitor: received broadcast android.intent.action.TIME_TICK
11-11 01:01:00.009 1972 1972 D KeyguardUpdateMonitor: handleTimeUpdate
11-11 01:01:00.109 1291 1317 E tlogd : [TzLogger](isPathReadable) file /sys/kernel/debug/tzdbg/qsee_log isn't exist or no permission, err: No such file or directory
11-11 01:01:00.109 1291 1317 E tlogd : [TzLogger](saveTzlogAsync) /sys/kernel/debug/tzdbg/qsee_log can not read.
11-11 01:01:00.109 1291 1317 E tlogd : [TzLogger](isPathReadable) file /sys/kernel/debug/tzdbg/log isn't exist or no permission, err: No such file or directory
11-11 01:01:00.109 1291 1317 E tlogd : [TzLogger](saveTzlogAsync) /sys/kernel/debug/tzdbg/log can not read.
11-11 01:01:00.305 648 661 I mpu_uart: [MSG-P:RECV]:No message received in 1000 ms
11-11 01:01:00.697 648 659 I mpu_uart: [MSG-P:R]:recv sync frame timeout
11-11 01:01:00.713 1221 4905 I OMX-VENC: venc_dev: stats: avg. fps 1.98, bitrate 83017
11-11 01:01:00.979 2681 2681 W event_loop: type=1400 audit(0.0:923769685): avc: denied { read } for lport=13400 scontext=u:r:hht_ota_mgr:s0 tcontext=u:r:hht_ota_mgr:s0 tclass=udp_socket permissive=0
11-11 01:01:00.979 2681 2681 W event_loop: type=1400 audit(0.0:923769686): avc: denied { read } for lport=13400 scontext=u:r:hht_ota_mgr:s0 tcontext=u:r:hht_ota_mgr:s0 tclass=udp_socket permissive=0
11-11 01:01:00.979 2681 2681 W event_loop: type=1400 audit(0.0:923769687): avc: denied { read } for lport=13400 scontext=u:r:hht_ota_mgr:s0 tcontext=u:r:hht_ota_mgr:s0 tclass=udp_socket permissive=0
11-11 01:01:00.979 2681 2681 W event_loop: type=1400 audit(0.0:923769688): avc: denied { read } for lport=13400 scontext=u:r:hht_ota_mgr:s0 tcontext=u:r:hht_ota_mgr:s0 tclass=udp_socket permissive=0
11-11 01:01:00.979 2681 2681 W event_loop: type=1400 audit(0.0:923769689): avc: denied { read } for lport=13400 scontext=u:r:hht_ota_mgr:s0 tcontext=u:r:hht_ota_mgr:s0 tclass=udp_socket permissive=0
01-01 09:02:55.752 0 0 W audit : audit_lost=923753184 audit_rate_limit=5 audit_backlog_limit=64
01-01 09:02:55.752 0 0 E audit : rate limit exceeded
11-11 01:01:01.305 648 661 I mpu_uart: [MSG-P:RECV]:No message received in 1000 ms
11-11 01:01:01.393 31956 32052 D MemoryCeilingMonitor: [handleMemoryCalculate]
11-11 01:01:01.393 31956 32052 D MemoryCeilingMonitor: [calculate] tot: 6165589, max: 268435456, free: 746269, heap: 5419320, per: 0.02018854022026062
11-11 01:01:01.642 1972 1972 D RecordingService: onStartCommand com.android.systemui.screenrecord.STOP
11-11 01:01:01.643 1972 1972 D RecordingService: notifying for user 0
11-11 01:01:01.647 1205 4902 W MediaCodec: mapFormat: no mediaType information
11-11 01:01:01.647 1205 4902 W MediaCodec: mapFormat: no mediaType information
11-11 01:01:01.647 1205 1788 D MPEG4Writer: reset()
11-11 01:01:01.647 1205 1788 D MPEG4Writer: Video track stopping. Stop source
11-11 01:01:01.647 1205 1788 D MPEG4Writer: Video track source stopping
11-11 01:01:01.647 1205 4895 I MediaCodecSource: encoder (video) stopping
11-11 01:01:01.979 2681 2681 W event_loop: type=1400 audit(0.0:924037001): avc: denied { read } for lport=13400 scontext=u:r:hht_ota_mgr:s0 tcontext=u:r:hht_ota_mgr:s0 tclass=udp_socket permissive=0
11-11 01:01:01.983 2681 2681 W event_loop: type=1400 audit(0.0:924037002): avc: denied { read } for lport=13400 scontext=u:r:hht_ota_mgr:s0 tcontext=u:r:hht_ota_mgr:s0 tclass=udp_socket permissive=0
11-11 01:01:01.983 2681 2681 W event_loop: type=1400 audit(0.0:924037003): avc: denied { read } for lport=13400 scontext=u:r:hht_ota_mgr:s0 tcontext=u:r:hht_ota_mgr:s0 tclass=udp_socket permissive=0
11-11 01:01:01.983 2681 2681 W event_loop: type=1400 audit(0.0:924037004): avc: denied { read } for lport=13400 scontext=u:r:hht_ota_mgr:s0 tcontext=u:r:hht_ota_mgr:s0 tclass=udp_socket permissive=0
11-11 01:01:01.983 2681 2681 W event_loop: type=1400 audit(0.0:924037005): avc: denied { read } for lport=13400 scontext=u:r:hht_ota_mgr:s0 tcontext=u:r:hht_ota_mgr:s0 tclass=udp_socket permissive=0
01-01 09:02:56.756 0 0 W audit : audit_lost=924020499 audit_rate_limit=5 audit_backlog_limit=64
01-01 09:02:56.756 0 0 E audit : rate limit exceeded
01-01 09:02:57.002 0 0 I msm_vidc: err : ffffffff: .....: DBLP Set: status 0
11-11 01:01:02.306 648 661 I mpu_uart: [MSG-P:RECV]:No message received in 1000 ms
11-11 01:01:02.894 1221 4905 I OMX-VENC: venc_dev: stats: avg. fps 2.29, bitrate 18873
11-11 01:01:02.907 1221 4905 E OMX-VENC: venc_dev: async_venc_message_thread interrupted to be exited
01-01 09:02:57.672 0 0 I msm_vidc: high: 00000001: h264e: Closed video instance: 0000000000000000
11-11 01:01:02.909 1221 10530 I OMX-VENC: Component Deinit
11-11 01:01:02.911 1221 10530 I android.hardware.media.omx@1.0-service: vendor/qcom/proprietary/adsprpc/src/rpcmem_android.c:192: rpcmem_deinit_internal: closed ION fd 7
11-11 01:01:02.911 1221 10530 I android.hardware.media.omx@1.0-service: vendor/qcom/proprietary/adsprpc/src/fastrpc_apps_user.c:3019: fastrpc_apps_user_deinit done
11-11 01:01:02.916 1205 4895 D MediaCodecSource: source (video) stopping stalled
11-11 01:01:02.916 1205 4913 V MediaWriter: Track event err/info msg:101, trackId:1, type:1000,val:-1011
11-11 01:01:02.916 1205 4913 I MPEG4Writer: Received total/0-length (230/0) buffers and encoded 229 frames. - Video
11-11 01:01:02.916 1205 4895 I MediaCodecSource: encoder (video) stopped
11-11 01:01:02.916 1205 4895 I MediaCodecSource: source (video) stopped
11-11 01:01:02.916 1205 1788 D MPEG4Writer: Video track source stopped
11-11 01:01:02.916 1205 1788 D MPEG4Writer: Video track stopped. Status:0. Stop source
11-11 01:01:02.916 1205 4911 D MPEG4Writer: 0 chunks are written in the last batch
11-11 01:01:02.917 1205 1788 D MPEG4Writer: WriterThread stopped. Status:0
11-11 01:01:02.917 1205 1788 I MPEG4Writer: Adjust the moov start time from 95323 us -> 95323 us
11-11 01:01:02.917 1205 1788 I MPEG4Writer: MOOV atom was written to the file
11-11 01:01:02.917 1205 1788 D MPEG4Writer: release()
11-11 01:01:02.917 1205 1788 D MPEG4Writer: ftruncate mPreAllocateFileEndOffset:1887826 mOffset:3514 mMdatEndOffset:1883686 diff:4140
11-11 01:01:02.938 1205 1788 D MPEG4Writer: final fsync() takes 21 ms, file size 1883686
11-11 01:01:02.938 1205 1788 D MPEG4Writer: MP4WtrCtrlHlpLooper stopped
11-11 01:01:02.939 1205 1788 D MPEG4Writer: Top 5 write durations(microseconds): #1:166 #2:207 #3:386 #4:433 #5:590
11-11 01:01:02.939 1205 1788 D MPEG4Writer: reset()
11-11 01:01:02.939 1205 1788 D MPEG4Writer: Video track stopping. Stop source
11-11 01:01:02.939 1205 1788 E MPEG4Writer: Stop() called but track is not started or stopped
11-11 01:01:02.940 1205 3610 W StagefrightRecorder: stop while neither recording nor paused
11-11 01:01:02.942 1520 13442 I DisplayDeviceRepository: Display device removed: DisplayDeviceInfo{"Recording Display": uniqueId="virtual:com.android.systemui,10078,Recording Display,0", 2380 x 1020, modeId 4, defaultModeId 4, supportedModes [{id=4, width=2380, height=1020, fps=60.0, alternativeRefreshRates=[]}], colorMode 0, supportedColorModes [0], hdrCapabilities null, allmSupported false, gameContentTypeSupported false, density 240, 240.0 x 240.0 dpi, appVsyncOff 0, presDeadline 16666666, touch NONE, rotation 0, type VIRTUAL, deviceProductInfo null, state ON, owner com.android.systemui (uid 10078), frameRateOverride , brightnessMinimum 0.0, brightnessMaximum 0.0, brightnessDefault 0.0, FLAG_PRIVATE, FLAG_PRESENTATION}
11-11 01:01:02.943 1520 13442 I LogicalDisplayMapper: Removing display: 2
11-11 01:01:02.945 1972 1972 D ScreenMediaRecorder: end recording
11-11 01:01:02.948 1520 1610 W InputManager-JNI: Input channel object 'e667e04 ShellDropTarget (client)' was disposed without first being removed with the input manager!
11-11 01:01:02.948 1972 4894 D RecordingService: saving recording
11-11 01:01:02.954 1520 1702 I InputDispatcher: Erasing monitor PointerEventDispatcher2 (server) on display 2, pid=1520
11-11 01:01:02.955 1520 11175 E ActivityManager: Sending non-protected broadcast com.android.systemui.screenrecord.UPDATE_STATE_OUTSIDE from system 1972:com.android.systemui/u0a78 pkg com.android.systemui
11-11 01:01:02.955 1520 11175 E ActivityManager: java.lang.Throwable
11-11 01:01:02.955 1520 11175 E ActivityManager: at com.android.server.am.ActivityManagerService.checkBroadcastFromSystem(ActivityManagerService.java:12877)
11-11 01:01:02.955 1520 11175 E ActivityManager: at com.android.server.am.ActivityManagerService.broadcastIntentLocked(ActivityManagerService.java:13477)
11-11 01:01:02.955 1520 11175 E ActivityManager: at com.android.server.am.ActivityManagerService.broadcastIntentLocked(ActivityManagerService.java:12894)
11-11 01:01:02.955 1520 11175 E ActivityManager: at com.android.server.am.ActivityManagerService.broadcastIntentWithFeature(ActivityManagerService.java:13729)
11-11 01:01:02.955 1520 11175 E ActivityManager: at android.app.IActivityManager$Stub.onTransact(IActivityManager.java:2326)
11-11 01:01:02.955 1520 11175 E ActivityManager: at com.android.server.am.ActivityManagerService.onTransact(ActivityManagerService.java:2528)
11-11 01:01:02.955 1520 11175 E ActivityManager: at android.os.Binder.execTransactInternal(Binder.java:1184)
11-11 01:01:02.955 1520 11175 E ActivityManager: at android.os.Binder.execTransact(Binder.java:1143)
11-11 01:01:02.955 1520 11175 E ActivityManager: Sending non-protected broadcast com.android.systemui.screenrecord.UPDATE_STATE_OUTSIDE from system 1972:com.android.systemui/u0a78 pkg com.android.systemui
11-11 01:01:02.955 1520 11175 E ActivityManager: java.lang.Throwable
11-11 01:01:02.955 1520 11175 E ActivityManager: at com.android.server.am.ActivityManagerService.checkBroadcastFromSystem(ActivityManagerService.java:12877)
11-11 01:01:02.955 1520 11175 E ActivityManager: at com.android.server.am.ActivityManagerService.broadcastIntentLocked(ActivityManagerService.java:13572)
11-11 01:01:02.955 1520 11175 E ActivityManager: at com.android.server.am.ActivityManagerService.broadcastIntentLocked(ActivityManagerService.java:12894)
11-11 01:01:02.955 1520 11175 E ActivityManager: at com.android.server.am.ActivityManagerService.broadcastIntentWithFeature(ActivityManagerService.java:13729)
11-11 01:01:02.955 1520 11175 E ActivityManager: at android.app.IActivityManager$Stub.onTransact(IActivityManager.java:2326)
11-11 01:01:02.955 1520 11175 E ActivityManager: at com.android.server.am.ActivityManagerService.onTransact(ActivityManagerService.java:2528)
11-11 01:01:02.955 1520 11175 E ActivityManager: at android.os.Binder.execTransactInternal(Binder.java:1184)
11-11 01:01:02.955 1520 11175 E ActivityManager: at android.os.Binder.execTransact(Binder.java:1143)
11-11 01:01:02.956 1520 1620 I DropBoxManagerService: add tag=system_server_wtf isTagEnabled=true flags=0x2
11-11 01:01:02.958 2075 2075 D GameMode_DndItemViewHolder: updateScreenRecordState:2
11-11 01:01:02.958 1520 1620 I DropBoxManagerService: add tag=system_server_wtf isTagEnabled=true flags=0x2
11-11 01:01:02.959 1972 1972 D CompatibilityChangeReporter: Compat change id reported: 147798919; UID 10078; state: ENABLED
11-11 01:01:02.961 2075 2075 D GameMode_GameModeService: Received recording state : 2
11-11 01:01:02.965 1520 1520 D CompatibilityChangeReporter: Compat change id reported: 175319604; UID 1000; state: ENABLED
11-11 01:01:02.965 1520 1520 D CompatibilityChangeReporter: Compat change id reported: 175319604; UID 1000; state: DISABLED
11-11 01:01:02.967 2859 2888 W MediaProvider: isAppCloneUserPair failed. Users: 0 and 0
11-11 01:01:02.967 2859 2888 W MediaProvider: isAppCloneUserPair for user 0: false
11-11 01:01:02.968 1520 11175 W ProcessStats: Tracking association SourceState{70144c3 com.tencent.android.qqdownloader:live/10093 BTopFgs #9930} whose proc state 2 is better than process ProcessState{2f14fb3 com.tencent.android.qqdownloader:daemon/10093 pkg=com.tencent.android.qqdownloader} proc state 3 (3 skipped)
11-11 01:01:02.970 1520 13440 W InputManager-JNI: Input channel object 'b24761f systemui.screen.recording (client)' was disposed without first being removed with the input manager!
11-11 01:01:02.973 1972 4894 D ScreenMediaRecorder: content://media/external_primary/video/media/87
11-11 01:01:02.976 1972 1972 W MediaRecorder: mediarecorder went away with unhandled events
11-11 01:01:02.978 1520 19357 W WindowManager: Failed looking up window session=Session{14a6658 1972:u0a10078} callers=com.android.server.wm.WindowManagerService.windowForClientLocked:5628 com.android.server.wm.WindowManagerService.removeWindow:2033 com.android.server.wm.Session.remove:218
11-11 01:01:02.978 2859 2892 I MediaProvider: Open with lower FS for /storage/emulated/0/Movies/screen-20221111-010102.mp4. Uid: 10078
11-11 01:01:02.983 1972 21505 D BaseIconFactory: normalizeAndWrapToAdaptiveIcon: scale=0.8095146
11-11 01:01:02.987 2681 2681 W event_loop: type=1400 audit(0.0:924304227): avc: denied { read } for lport=13400 scontext=u:r:hht_ota_mgr:s0 tcontext=u:r:hht_ota_mgr:s0 tclass=udp_socket permissive=0
11-11 01:01:02.987 2681 2681 W event_loop: type=1400 audit(0.0:924304228): avc: denied { read } for lport=13400 scontext=u:r:hht_ota_mgr:s0 tcontext=u:r:hht_ota_mgr:s0 tclass=udp_socket permissive=0
11-11 01:01:02.987 2681 2681 W event_loop: type=1400 audit(0.0:924304229): avc: denied { read } for lport=13400 scontext=u:r:hht_ota_mgr:s0 tcontext=u:r:hht_ota_mgr:s0 tclass=udp_socket permissive=0
11-11 01:01:02.987 2681 2681 W event_loop: type=1400 audit(0.0:924304230): avc: denied { read } for lport=13400 scontext=u:r:hht_ota_mgr:s0 tcontext=u:r:hht_ota_mgr:s0 tclass=udp_socket permissive=0
11-11 01:01:02.987 2681 2681 W event_loop: type=1400 audit(0.0:924304231): avc: denied { read } for lport=13400 scontext=u:r:hht_ota_mgr:s0 tcontext=u:r:hht_ota_mgr:s0 tclass=udp_socket permissive=0
11-11 01:01:02.997 2859 2892 W MediaProvider: Failed to fetch original file descriptor
11-11 01:01:02.997 2859 2892 W MediaProvider: java.io.IOException: stat failed: ENOENT (No such file or directory)
11-11 01:01:02.997 2859 2892 W MediaProvider: at com.android.providers.media.MediaProvider.getFileFromFileDescriptor(MediaProvider.java:5794)
11-11 01:01:02.997 2859 2892 W MediaProvider: at com.android.providers.media.MediaProvider.getOriginalMediaFormatFileDescriptor(MediaProvider.java:5711)
11-11 01:01:02.997 2859 2892 W MediaProvider: at com.android.providers.media.MediaProvider.openTypedAssetFileCommon(MediaProvider.java:7134)
11-11 01:01:02.997 2859 2892 W MediaProvider: at com.android.providers.media.MediaProvider.openTypedAssetFile(MediaProvider.java:7115)
11-11 01:01:02.997 2859 2892 W MediaProvider: at android.content.ContentProvider$Transport.openTypedAssetFile(ContentProvider.java:548)
11-11 01:01:02.997 2859 2892 W MediaProvider: at android.content.ContentProviderNative.onTransact(ContentProviderNative.java:327)
11-11 01:01:02.997 2859 2892 W MediaProvider: at android.os.Binder.execTransactInternal(Binder.java:1184)
11-11 01:01:02.997 2859 2892 W MediaProvider: at android.os.Binder.execTransact(Binder.java:1143)
11-11 01:01:02.997 2859 2892 W MediaProvider: Caused by: android.system.ErrnoException: stat failed: ENOENT (No such file or directory)
11-11 01:01:02.997 2859 2892 W MediaProvider: at libcore.io.Linux.stat(Native Method)
11-11 01:01:02.997 2859 2892 W MediaProvider: at libcore.io.ForwardingOs.stat(ForwardingOs.java:853)
11-11 01:01:02.997 2859 2892 W MediaProvider: at libcore.io.BlockGuardOs.stat(BlockGuardOs.java:420)
11-11 01:01:02.997 2859 2892 W MediaProvider: at libcore.io.ForwardingOs.stat(ForwardingOs.java:853)
11-11 01:01:02.997 2859 2892 W MediaProvider: at android.app.ActivityThread$AndroidOs.stat(ActivityThread.java:7780)
11-11 01:01:02.997 2859 2892 W MediaProvider: at android.system.Os.stat(Os.java:919)
11-11 01:01:02.997 2859 2892 W MediaProvider: at com.android.providers.media.MediaProvider.getFileFromFileDescriptor(MediaProvider.java:5788)
11-11 01:01:02.997 2859 2892 W MediaProvider: ... 7 more
11-11 01:01:02.998 1205 3610 I ExtendedUtils: printFileName fd(10) -> /data/user_de/0/com.android.systemui/cache/temp1230362716033335741.mp4
01-01 09:02:57.760 0 0 W audit : audit_lost=924287720 audit_rate_limit=5 audit_backlog_limit=64
01-01 09:02:57.760 0 0 E audit : rate limit exceeded
11-11 01:01:03.007 1205 1788 I ExtendedUtils: printFileName fd(13) -> /storage/emulated/0/Movies/screen-20221111-010102.mp4
11-11 01:01:03.017 1972 2310 D PeopleSpaceWidgetMgr: Sbn doesn't contain valid PeopleTileKey: null/0/com.android.systemui
11-11 01:01:03.018 1202 6121 I MMParserExtractor: Created(0xb4000077749d81d0)
11-11 01:01:03.025 1202 12972 I MMParserExtractor: Created(0xb4000077749d8010)
11-11 01:01:03.033 1205 3815 E MetadataRetrieverClient: failed to extract an album art
11-11 01:01:03.033 1972 4894 E MediaMetadataRetrieverJNI: getEmbeddedPicture: Call to getEmbeddedPicture failed.
11-11 01:01:03.035 1202 12818 E MM_OSAL : resetPlayback no need to reset
11-11 01:01:03.035 1205 3815 I ExtendedUtils: printFileName fd(12) -> /storage/emulated/0/Movies/screen-20221111-010102.mp4
11-11 01:01:03.036 1205 3610 D MediaCodecList: codecHandlesFormat: no format, so no extra checks
11-11 01:01:03.036 1205 3610 D MediaCodecList: codecHandlesFormat: no format, so no extra checks
11-11 01:01:03.036 1205 3610 D MediaCodecList: codecHandlesFormat: no format, so no extra checks
11-11 01:01:03.036 1205 3610 D MediaCodecList: codecHandlesFormat: no format, so no extra checks
11-11 01:01:03.036 1205 3610 D FrameDecoder: FrameDecoder created
11-11 01:01:03.038 1205 5093 D renderfright: RenderEngine with GLES Backend
11-11 01:01:03.041 1205 5093 D libEGL : loaded /vendor/lib/egl/libEGL_adreno.so
11-11 01:01:03.045 1202 6121 I MMParserExtractor: Created(0xb4000077749d9430)
11-11 01:01:03.065 1205 5093 D libEGL : loaded /vendor/lib/egl/libGLESv1_CM_adreno.so
11-11 01:01:03.081 1205 5093 D libEGL : loaded /vendor/lib/egl/libGLESv2_adreno.so
11-11 01:01:03.155 1520 1520 I GameModeConfig: isGameModeOn = true
11-11 01:01:03.155 1520 1520 I GameModeConfig: isGaming = false
11-11 01:01:03.158 1520 1520 W NotificationHistory: Attempted to add notif for locked/gone/disabled user 0
11-11 01:01:03.169 1972 1972 D InterruptionStateProvider: No bubble up: not allowed to bubble: 0|com.android.systemui|4275|null|10078
11-11 01:01:03.169 1972 1972 D InterruptionStateProvider: No heads up: unimportant notification: 0|com.android.systemui|4275|null|10078
11-11 01:01:03.174 1972 2310 D PeopleSpaceWidgetMgr: Sbn doesn't contain valid PeopleTileKey: null/0/com.android.systemui
11-11 01:01:03.189 1205 5093 I AdrenoGLES-0: QUALCOMM build : 47421dbee6, I139f36ad46
11-11 01:01:03.189 1205 5093 I AdrenoGLES-0: Build Date : 02/18/22
11-11 01:01:03.189 1205 5093 I AdrenoGLES-0: OpenGL ES Shader Compiler Version: EV031.32.02.17
11-11 01:01:03.189 1205 5093 I AdrenoGLES-0: Local Branch :
11-11 01:01:03.189 1205 5093 I AdrenoGLES-0: Remote Branch :
11-11 01:01:03.189 1205 5093 I AdrenoGLES-0: Remote Branch :
11-11 01:01:03.189 1205 5093 I AdrenoGLES-0: Reconstruct Branch :
11-11 01:01:03.189 1205 5093 I AdrenoGLES-0: Build Config : S P 10.0.7 AArch32
11-11 01:01:03.189 1205 5093 I AdrenoGLES-0: Driver Path : /vendor/lib/egl/libGLESv2_adreno.so
11-11 01:01:03.190 509 509 I hwservicemanager: getTransport: Cannot find entry android.hardware.graphics.mapper@4.0::IMapper/default in either framework or device VINTF manifest.
11-11 01:01:03.194 1205 5093 I AdrenoGLES-0: PFP: 0x016dd093, ME: 0x00000000
11-11 01:01:03.197 509 509 E SELinux : avc: denied { find } for interface=vendor.qti.qspmhal::IQspmhal sid=u:r:mediaserver:s0 pid=1205 scontext=u:r:mediaserver:s0 tcontext=u:object_r:vendor_hal_qspmhal_hwservice:s0 tclass=hwservice_manager permissive=0
11-11 01:01:03.198 1205 5093 E Adreno-AppProfiles: Could not find QSPM HAL service
11-11 01:01:03.205 1205 5093 E RenderEngine: Couldn't set SCHED_FIFO for ImageManager
11-11 01:01:03.206 509 509 I hwservicemanager: getTransport: Cannot find entry android.hardware.graphics.allocator@4.0::IAllocator/default in either framework or device VINTF manifest.
11-11 01:01:03.206 1205 5093 W Gralloc4: allocator 4.x is not supported
11-11 01:01:03.210 1205 5093 I RenderEngine: OpenGL ES informations:
11-11 01:01:03.210 1205 5093 I RenderEngine: vendor : Qualcomm
11-11 01:01:03.210 1205 5093 I RenderEngine: renderer : Adreno (TM) 650
11-11 01:01:03.211 1205 5093 I RenderEngine: version : OpenGL ES 3.2 V@0502.0 (GIT@47421dbee6, I139f36ad46, 1645189640) (Date:02/18/22)
11-11 01:01:03.211 1205 5093 I RenderEngine: extensions: GL_OES_EGL_image GL_OES_EGL_image_external GL_OES_EGL_sync GL_OES_vertex_half_float GL_OES_framebuffer_object GL_OES_rgb8_rgba8 GL_OES_compressed_ETC1_RGB8_texture GL_AMD_compressed_ATC_texture GL_KHR_texture_compression_astc_ldr GL_KHR_texture_compression_astc_hdr GL_OES_texture_compression_astc GL_OES_texture_npot GL_EXT_texture_filter_anisotropic GL_EXT_texture_format_BGRA8888 GL_EXT_read_format_bgra GL_OES_texture_3D GL_EXT_color_buffer_float GL_EXT_color_buffer_half_float GL_QCOM_alpha_test GL_OES_depth24 GL_OES_packed_depth_stencil GL_OES_depth_texture GL_OES_depth_texture_cube_map GL_EXT_sRGB GL_OES_texture_float GL_OES_texture_float_linear GL_OES_texture_half_float GL_OES_texture_half_float_linear GL_EXT_texture_type_2_10_10_10_REV GL_EXT_texture_sRGB_decode GL_EXT_texture_format_sRGB_override GL_OES_element_index_uint GL_EXT_copy_image GL_EXT_geometry_shader GL_EXT_tessellation_shader GL_OES_texture_stencil8 GL_EXT_shader_io_blocks GL_OES_shader_image_atomic GL_OES_sample_variables GL_EX
11-11 01:01:03.211 1205 5093 I RenderEngine: GL_MAX_TEXTURE_SIZE = 16384
11-11 01:01:03.211 1205 5093 I RenderEngine: GL_MAX_VIEWPORT_DIMS = 16384
11-11 01:01:03.212 1205 3610 I FrameDecoder: using surface mode
11-11 01:01:03.217 1205 5097 I OMXClient: IOmx service obtained
11-11 01:01:03.217 1221 10530 I OMXMaster: makeComponentInstance(OMX.qcom.video.decoder.avc) in android.hardwar process
11-11 01:01:03.222 1221 10530 E android.hardware.media.omx@1.0-service: Service not available yet
11-11 01:01:03.223 1221 10530 D PlatformConfig: getInstance: Enter
11-11 01:01:03.224 1221 10530 D PlatformConfig: getConfigStoreBool: vpp/enable=false, returning false
11-11 01:01:03.225 1221 10530 D PlatformConfig: getInstance: Enter
11-11 01:01:03.225 1221 10530 D PlatformConfig: getInt32 Config name: vidc_dec_log_in value: 0
11-11 01:01:03.225 1221 10530 D PlatformConfig: getInstance: Enter
11-11 01:01:03.225 1221 10530 D PlatformConfig: getInt32 Config name: vidc_dec_log_out value: 0
11-11 01:01:03.225 1221 10530 D PlatformConfig: getInstance: Enter
11-11 01:01:03.225 1221 10530 D PlatformConfig: getInt32 Config name: vidc_dec_sec_prefetch_size_internal value: 209715200
11-11 01:01:03.225 1221 10530 D PlatformConfig: getInstance: Enter
11-11 01:01:03.225 1221 10530 D PlatformConfig: getInt32 Config name: vidc_dec_sec_prefetch_size_output value: 13434880
11-11 01:01:03.225 1221 10530 D PlatformConfig: getInstance: Enter
11-11 01:01:03.225 1221 10530 D PlatformConfig: getInt32 Config name: vidc_perf_control_enable value: 0
11-11 01:01:03.225 1221 10530 D PlatformConfig: getInstance: Enter
11-11 01:01:03.225 1221 10530 D PlatformConfig: getInt32 Config name: vidc_dec_thumbnail_yuv_output value: 0
11-11 01:01:03.225 1221 10530 D PlatformConfig: getInstance: Enter
11-11 01:01:03.225 1221 10530 D PlatformConfig: getInt32: Returning default
11-11 01:01:03.225 1221 10530 D PlatformConfig: getInstance: Enter
11-11 01:01:03.225 1221 10530 D PlatformConfig: getInt32 Config name: vidc_dec_output_rate value: 120
11-11 01:01:03.226 1221 10530 I OMX-VDEC-1080P: component_init: OMX.qcom.video.decoder.avc : fd=7
11-11 01:01:03.226 1221 10530 E OMX-VDEC-1080P: Unsupported output color format for c2d (2141391876)
11-11 01:01:03.226 1221 10530 E OMX-VDEC-1080P: Setting color format failed
01-01 09:02:57.989 0 0 I msm_vidc: high: 00000001: ....d: Opening video instance: 0000000000000000, 1
01-01 09:02:57.989 0 0 I msm_vidc: err : 00000001: ....d: Failed to create debugfs for msm_vidc
11-11 01:01:03.227 1221 10530 D PlatformConfig: getInstance: Enter
11-11 01:01:03.227 1221 10530 D PlatformConfig: getInt32: Returning default
11-11 01:01:03.227 1221 10530 D PlatformConfig: getInstance: Enter
11-11 01:01:03.227 1221 10530 D PlatformConfig: getInt32: Returning default
11-11 01:01:03.227 1221 10530 I OMX-VDEC-1080P: omx_vdec::component_init() success : fd=7
11-11 01:01:03.228 1205 5096 D SurfaceUtils: connecting to surface 0xebf4b068, reason connectToSurface
11-11 01:01:03.228 1205 5096 I MediaCodec: [OMX.qcom.video.decoder.avc] setting surface generation to 1233923
11-11 01:01:03.228 1205 5096 D SurfaceUtils: disconnecting from surface 0xebf4b068, reason connectToSurface(reconnect)
11-11 01:01:03.228 1205 5096 D SurfaceUtils: connecting to surface 0xebf4b068, reason connectToSurface(reconnect)
11-11 01:01:03.230 1221 10530 E OMX-VDEC-1080P: Extension: OMX.google.android.index.storeANWBufferInMetadata not implemented
11-11 01:01:03.230 1221 10530 E OMX-VDEC-1080P: Extension: OMX.google.android.index.configureVideoTunnelMode not implemented
11-11 01:01:03.230 1221 10530 E OMX-VDEC-1080P: Extension: OMX.google.android.index.useAndroidNativeBuffer is supported
11-11 01:01:03.230 1221 10530 E OMX-VDEC-1080P: get_parameter: unknown param 7f000046
11-11 01:01:03.230 1221 10530 E OMXNodeInstance: getParameter(0xef4c0014:qcom.decoder.avc, ??(0x7f000046)) ERROR: UnsupportedIndex(0x8000101a)
11-11 01:01:03.230 1221 1851 E OMX-VDEC-1080P: set_parameter: Error: 0x80001019, setting param 0x7f00005d
11-11 01:01:03.230 1221 1851 E OMXNodeInstance: setParameter(0xef4c0014:qcom.decoder.avc, OMX.google.android.index.allocateNativeHandle(0x7f00005d): Output:1 en=0) ERROR: UnsupportedSetting(0x80001019)
11-11 01:01:03.230 1221 1851 E OMX-VDEC-1080P: Extension: OMX.google.android.index.storeANWBufferInMetadata not implemented
11-11 01:01:03.230 1221 1850 E OMX-VDEC-1080P: get_parameter: unknown param 6f600011
11-11 01:01:03.230 1221 1850 E OMXNodeInstance: getParameter(0xef4c0014:qcom.decoder.avc, ??(0x6f600011)) ERROR: UnsupportedIndex(0x8000101a)
11-11 01:01:03.230 1205 5097 I ExtendedACodec: setupVideoDecoder()
11-11 01:01:03.230 1205 5097 I ExtendedACodec: Thumbnail mode enabled.
11-11 01:01:03.231 1221 24561 E OMXNodeInstance: getParameter(0xef4c0014:qcom.decoder.avc, ??(0x7f000044)) ERROR: UnsupportedSetting(0x80001019)
11-11 01:01:03.232 1221 1850 E OMXNodeInstance: getParameter(0xef4c0014:qcom.decoder.avc, ??(0x7f000044)) ERROR: UnsupportedSetting(0x80001019)
11-11 01:01:03.232 1205 5097 W ACodec : [OMX.qcom.video.decoder.avc] does not support color format 2130708361
11-11 01:01:03.233 1205 5097 D ACodec : Setting [OMX.qcom.video.decoder.avc] input port buffer number: 1
11-11 01:01:03.233 1205 5097 D ACodec : Setting [OMX.qcom.video.decoder.avc] output port buffer number: 1
11-11 01:01:03.234 1205 5097 I ExtendedACodec: Decoder will be in frame by frame mode
11-11 01:01:03.234 1221 1842 E OMX-VDEC-1080P: Setparameter: unknown param 2130706434
11-11 01:01:03.234 1221 1842 E OMX-VDEC-1080P: set_parameter: Error: 0x8000101a, setting param 0x7f000002
11-11 01:01:03.234 1221 1842 E OMXNodeInstance: setParameter(0xef4c0014:qcom.decoder.avc, ??(0x7f000002)) ERROR: UnsupportedIndex(0x8000101a)
11-11 01:01:03.234 1205 5097 W ExtendedACodec: Failed to set frame packing format on component
11-11 01:01:03.235 1221 10530 I OMX-VENDOR-EXT: isConfigValid
11-11 01:01:03.236 1221 4910 E OMXNodeInstance: getConfig(0xef4c0014:qcom.decoder.avc, ??(0x7f000062)) ERROR: UnsupportedSetting(0x80001019)
11-11 01:01:03.240 1221 1851 E OMX-VDEC-1080P: Extension: OMX.google.android.index.AndroidNativeBufferConsumerUsage not implemented
11-11 01:01:03.241 1205 5097 D SurfaceUtils: set up nativeWindow 0xebf4b068 for 2380x1020, color 0x7fa30c06, rotation 0, usage 0x20402900
11-11 01:01:03.242 1205 5096 W ResourceManagerService: Ignoring request to add new resource entry with value <= 0
11-11 01:01:03.242 1202 6121 D MediaBufferGroup: creating MemoryDealer
11-11 01:01:03.258 1221 1882 E OMXNodeInstance: getConfig(0xef4c0014:qcom.decoder.avc, ??(0x7f000062)) ERROR: UnsupportedSetting(0x80001019)
11-11 01:01:03.260 1221 24561 E OMX-VDEC-1080P: Extension: OMX.google.android.index.AndroidNativeBufferConsumerUsage not implemented
11-11 01:01:03.261 1205 5097 D SurfaceUtils: set up nativeWindow 0xebf4b068 for 2384x1024, color 0x7fa30c06, rotation 0, usage 0x20402900
11-11 01:01:03.268 1221 1882 E OMXNodeInstance: getConfig(0xef4c0014:qcom.decoder.avc, ??(0x7f000062)) ERROR: UnsupportedSetting(0x80001019)
11-11 01:01:03.271 1221 5102 E OMX-VDEC-1080P: Extension: OMX.QTI.index.config.video.getdsmode not implemented
11-11 01:01:03.306 648 661 I mpu_uart: [MSG-P:RECV]:No message received in 1000 ms
11-11 01:01:03.365 1221 5101 I OMX-VDEC-1080P: omx_vdec::component_deinit() complete
01-01 09:02:58.131 0 0 I msm_vidc: high: 00000001: h264d: Closed video instance: 0000000000000000
11-11 01:01:03.368 1221 5101 I OMX-VDEC-1080P: Exit OMX vdec Destructor: fd=7
11-11 01:01:03.369 1205 5096 D SurfaceUtils: disconnecting from surface 0xebf4b068, reason disconnectFromSurface
11-11 01:01:03.370 1205 3610 D FrameDecoder: FrameDecoder destroyed
11-11 01:01:03.481 1972 2310 D PeopleSpaceWidgetMgr: Sbn doesn't contain valid PeopleTileKey: null/0/com.android.systemui
11-11 01:01:03.657 1520 5094 E NotificationService: No vibration for canceled notification : 0|com.android.systemui|4275|null|10078
11-11 01:01:03.674 1520 1520 I GameModeConfig: isGameModeOn = true
11-11 01:01:03.674 1520 1520 I GameModeConfig: isGaming = false
11-11 01:01:03.675 1520 1520 E NotificationService: Muting recently noisy 0|com.android.systemui|4273|null|10078
11-11 01:01:03.677 1520 1520 W NotificationHistory: Attempted to add notif for locked/gone/disabled user 0
11-11 01:01:03.690 1972 1972 D InterruptionStateProvider: No bubble up: not allowed to bubble: 0|com.android.systemui|4273|null|10078
11-11 01:01:03.691 1972 1972 D InterruptionStateProvider: No heads up: unimportant notification: 0|com.android.systemui|4273|null|10078
11-11 01:01:03.691 1972 2310 D PeopleSpaceWidgetMgr: Sbn doesn't contain valid PeopleTileKey: null/0/com.android.systemui
11-11 01:01:03.700 648 659 I mpu_uart: [MSG-P:R]:recv sync frame timeout
11-11 01:01:03.769 1972 6710 I OpenGLRenderer: Davey! duration=9223368260592ms; Flags=0, FrameTimelineVsyncId=120579, IntendedVsync=3776262525378, Vsync=3776262525378, InputEventId=0, HandleInputStart=3776262870848, AnimationStart=3776262872723, PerformTraversalsStart=3776262883192, DrawStart=3776276265848, FrameDeadline=3776279192044, FrameInterval=3776262865744, FrameStartTime=16666666, SyncQueued=3776276517827, SyncStart=3776276565431, IssueDrawCommandsStart=3776276745327, SwapBuffers=3776278121265, FrameCompleted=9223372036854775807, DequeueBufferDuration=36615, QueueBufferDuration=668021, GpuCompleted=9223372036854775807, SwapBuffersCompleted=3776279195275, DisplayPresentTime=0,
11-11 01:01:03.991 2681 2681 W event_loop: type=1400 audit(0.0:924564981): avc: denied { read } for lport=13400 scontext=u:r:hht_ota_mgr:s0 tcontext=u:r:hht_ota_mgr:s0 tclass=udp_socket permissive=0
11-11 01:01:03.991 2681 2681 W event_loop: type=1400 audit(0.0:924564982): avc: denied { read } for lport=13400 scontext=u:r:hht_ota_mgr:s0 tcontext=u:r:hht_ota_mgr:s0 tclass=udp_socket permissive=0
11-11 01:01:03.991 2681 2681 W event_loop: type=1400 audit(0.0:924564983): avc: denied { read } for lport=13400 scontext=u:r:hht_ota_mgr:s0 tcontext=u:r:hht_ota_mgr:s0 tclass=udp_socket permissive=0
11-11 01:01:03.991 2681 2681 W event_loop: type=1400 audit(0.0:924564984): avc: denied { read } for lport=13400 scontext=u:r:hht_ota_mgr:s0 tcontext=u:r:hht_ota_mgr:s0 tclass=udp_socket permissive=0
11-11 01:01:03.991 2681 2681 W event_loop: type=1400 audit(0.0:924564985): avc: denied { read } for lport=13400 scontext=u:r:hht_ota_mgr:s0 tcontext=u:r:hht_ota_mgr:s0 tclass=udp_socket permissive=0
01-01 09:02:58.764 0 0 W audit : audit_lost=924548418 audit_rate_limit=5 audit_backlog_limit=64
01-01 09:02:58.764 0 0 E audit : rate limit exceeded
11-11 01:01:04.306 648 661 I mpu_uart: [MSG-P:RECV]:No message received in 1000 ms
11-11 01:01:04.417 1520 1620 D CompatibilityInfo: mCompatibilityFlags - 4
11-11 01:01:04.417 1520 1620 D CompatibilityInfo: applicationDensity - 240
11-11 01:01:04.417 1520 1620 D CompatibilityInfo: applicationScale - 1.0
11-11 01:01:04.418 32150 32150 I GcnBroadcastReceiver: onReceive start ... action=null
11-11 01:01:04.418 32150 32150 I GcnBroadcastReceiver: is_open=true,service_type=gcn,sender_id=502050078214,loop_period=300000,push_url=http://mobile.app100718846.twsapp.com/action/notification1
11-11 01:01:04.418 32150 32150 I GcnBroadcastReceiver: gameUserId=2363223249,gspAppId=7600105607,gspAppKey=d37f42a7549361b57e98535b713c4470
11-11 01:01:04.419 1520 19357 W ActivityManager: Background start not allowed: service Intent { cmp=com.happyelements.AndroidAnimal.qq/com.happyelements.gsp.android.notification.gcn.NotificationService (has extras) } to com.happyelements.AndroidAnimal.qq/com.happyelements.gsp.android.notification.gcn.NotificationService from pid=32150 uid=10096 pkg=com.happyelements.AndroidAnimal.qq startFg?=false
11-11 01:01:04.419 32150 32150 E GcnBroadcastReceiver: Not allowed to start service Intent { cmp=com.happyelements.AndroidAnimal.qq/com.happyelements.gsp.android.notification.gcn.NotificationService (has extras) }: app is in background uid UidRecord{cb3c22f u0a96 RCVR idle change:uncached procs:0 seq(0,0,0)}
11-11 01:01:04.422 1520 1520 D CompatibilityChangeReporter: Compat change id reported: 168419799; UID 1000; state: DISABLED
11-11 01:01:04.422 1520 1520 D CompatibilityInfo: mCompatibilityFlags - 4
11-11 01:01:04.422 1520 1520 D CompatibilityInfo: applicationDensity - 240
11-11 01:01:04.422 1520 1520 D CompatibilityInfo: applicationScale - 1.0
11-11 01:01:04.433 1520 1970 D CompatibilityInfo: mCompatibilityFlags - 4
11-11 01:01:04.433 1520 1970 D CompatibilityInfo: applicationDensity - 240
11-11 01:01:04.433 1520 1970 D CompatibilityInfo: applicationScale - 1.0
11-11 01:01:04.462 1520 1970 D CompatibilityInfo: mCompatibilityFlags - 4
11-11 01:01:04.462 1520 1970 D CompatibilityInfo: applicationDensity - 240
11-11 01:01:04.462 1520 1970 D CompatibilityInfo: applicationScale - 1.0
11-11 01:01:04.467 1520 1970 D CompatibilityInfo: mCompatibilityFlags - 4
11-11 01:01:04.467 1520 1970 D CompatibilityInfo: applicationDensity - 240
11-11 01:01:04.467 1520 1970 D CompatibilityInfo: applicationScale - 1.0
11-11 01:01:04.486 1520 1970 W SyncManager: failed sync operation JobId=100110 ***/com.tencent.android.qqdownloader.YYBLiveAccountProvider.account u0 [com.tencent.android.qqdownloader.YYBLiveAccountProvider] USER ExpectedIn=0s STANDBY-EXEMPTED Reason=10093, SyncResult: syncAlreadyInProgress: true stats []
01-01 09:02:59.658 0 0 I msm_vidc: err : ffffffff: .....: DBLP Set: status 0
11-11 01:01:04.995 2681 2681 W event_loop: type=1400 audit(0.0:924828678): avc: denied { read } for lport=13400 scontext=u:r:hht_ota_mgr:s0 tcontext=u:r:hht_ota_mgr:s0 tclass=udp_socket permissive=0
11-11 01:01:04.995 2681 2681 W event_loop: type=1400 audit(0.0:924828679): avc: denied { read } for lport=13400 scontext=u:r:hht_ota_mgr:s0 tcontext=u:r:hht_ota_mgr:s0 tclass=udp_socket permissive=0
11-11 01:01:04.995 2681 2681 W event_loop: type=1400 audit(0.0:924828680): avc: denied { read } for lport=13400 scontext=u:r:hht_ota_mgr:s0 tcontext=u:r:hht_ota_mgr:s0 tclass=udp_socket permissive=0
11-11 01:01:04.995 2681 2681 W event_loop: type=1400 audit(0.0:924828681): avc: denied { read } for lport=13400 scontext=u:r:hht_ota_mgr:s0 tcontext=u:r:hht_ota_mgr:s0 tclass=udp_socket permissive=0
11-11 01:01:04.995 2681 2681 W event_loop: type=1400 audit(0.0:924828682): avc: denied { read } for lport=13400 scontext=u:r:hht_ota_mgr:s0 tcontext=u:r:hht_ota_mgr:s0 tclass=udp_socket permissive=0
01-01 09:02:59.768 0 0 W audit : audit_lost=924812140 audit_rate_limit=5 audit_backlog_limit=64
