04-06 02:10:05.229 1511 1511 D CompatibilityChangeReporter: Compat change id reported: 135772972; UID 10098; state: DISABLED
04-06 02:10:05.229 1511 1511 D CompatibilityChangeReporter: Compat change id reported: 135754954; UID 10098; state: ENABLED
04-06 02:10:05.230 1511 1615 W ActivityManager: Slow operation: 112ms so far, now at startProcess: done updating battery stats
04-06 02:10:05.230 1511 1615 I am_proc_start: [0,2133,10054,.qtidataservices,added application,.qtidataservices]
04-06 02:10:05.230 1511 1615 W ActivityManager: Slow operation: 113ms so far, now at startProcess: building log message
04-06 02:10:05.230 1511 1615 I ActivityManager: Start proc 2133:.qtidataservices/u0a54 for added application .qtidataservices
04-06 02:10:05.230 1511 1615 W ActivityManager: Slow operation: 113ms so far, now at startProcess: starting to update pids map
04-06 02:10:05.230 1511 1615 W ActivityManager: Slow operation: 113ms so far, now at startProcess: done updating pids map
04-06 02:10:05.230 1511 1615 W ActivityManager: Slow operation: 113ms so far, now at startProcess: asking zygote to start proc
04-06 02:10:05.227 912 912 I auditd : type=1400 audit(0.0:243): avc: denied { read write } for comm="sensors.qti" name="diag" dev="tmpfs" ino=2145 scontext=u:r:vendor_sensors_qti:s0 tcontext=u:object_r:vendor_diag_device:s0 tclass=chr_file permissive=0
04-06 02:10:05.231 1511 1511 I GameModeConfig: isGameModeOn = false
04-06 02:10:05.235 1511 1615 W ActivityManager: Slow operation: 117ms so far, now at startProcess: returned from zygote!
04-06 02:10:05.235 1511 1615 W ActivityManager: Slow operation: 118ms so far, now at startProcess: done updating battery stats
04-06 02:10:05.235 1511 1615 I am_proc_start: [0,2140,1000,com.thundercomm.tchttpserver,added application,com.thundercomm.tchttpserver]
04-06 02:10:05.235 1511 1615 W ActivityManager: Slow operation: 118ms so far, now at startProcess: building log message
04-06 02:10:05.235 1511 1615 I ActivityManager: Start proc 2140:com.thundercomm.tchttpserver/1000 for added application com.thundercomm.tchttpserver
04-06 02:10:05.235 1511 1615 W ActivityManager: Slow operation: 118ms so far, now at startProcess: starting to update pids map
04-06 02:10:05.235 1511 1615 W ActivityManager: Slow operation: 118ms so far, now at startProcess: done updating pids map
04-06 02:10:05.235 1511 1615 W ActivityManager: Slow operation: 117ms so far, now at startProcess: asking zygote to start proc
01-01 08:12:44.188 0 0 I binder : 2111:2111 ioctl 40046210 7fe5c1ab14 returned -22
04-06 02:10:05.241 1511 2056 I am_proc_bound: [0,2111,com.thundercomm.microsettings]
04-06 02:10:05.242 1511 2056 D CompatibilityChangeReporter: Compat change id reported: 168419799; UID 1000; state: DISABLED
04-06 02:10:05.246 1511 1615 W ActivityManager: Slow operation: 128ms so far, now at startProcess: returned from zygote!
04-06 02:10:05.246 1511 1615 W ActivityManager: Slow operation: 128ms so far, now at startProcess: done updating battery stats
04-06 02:10:05.246 1511 1615 I am_proc_start: [0,2152,1000,com.tc.logclient,added application,com.tc.logclient]
04-06 02:10:05.246 1511 1615 W ActivityManager: Slow operation: 128ms so far, now at startProcess: building log message
04-06 02:10:05.246 1511 1615 I ActivityManager: Start proc 2152:com.tc.logclient/1000 for added application com.tc.logclient
04-06 02:10:05.246 1511 1615 W ActivityManager: Slow operation: 128ms so far, now at startProcess: starting to update pids map
04-06 02:10:05.247 1511 1615 W ActivityManager: Slow operation: 128ms so far, now at startProcess: done updating pids map
04-06 02:10:05.247 1511 1615 W ActivityManager: Slow operation: 127ms so far, now at startProcess: asking zygote to start proc
01-01 08:12:44.201 0 0 I binder : 2133:2133 ioctl 40046210 7fe5c1ab14 returned -22
04-06 02:10:05.250 1511 2056 I wm_task_created: [5,-1]
04-06 02:10:05.254 1511 1615 W ActivityManager: Slow operation: 135ms so far, now at startProcess: returned from zygote!
04-06 02:10:05.255 1511 1615 W ActivityManager: Slow operation: 135ms so far, now at startProcess: done updating battery stats
04-06 02:10:05.255 1511 1615 I am_proc_start: [0,2170,1073,com.android.networkstack.process,added application,com.android.networkstack.process]
04-06 02:10:05.255 1511 1615 W ActivityManager: Slow operation: 135ms so far, now at startProcess: building log message
04-06 02:10:05.255 1511 1615 I ActivityManager: Start proc 2170:com.android.networkstack.process/1073 for added application com.android.networkstack.process
04-06 02:10:05.255 1511 1615 W ActivityManager: Slow operation: 135ms so far, now at startProcess: starting to update pids map
04-06 02:10:05.255 1511 1615 W ActivityManager: Slow operation: 136ms so far, now at startProcess: done updating pids map
04-06 02:10:05.255 1511 1615 W ActivityManager: Slow operation: 135ms so far, now at startProcess: asking zygote to start proc
04-06 02:10:05.256 1511 2090 I am_proc_bound: [0,2133,.qtidataservices]
04-06 02:10:05.257 1511 2090 D CompatibilityChangeReporter: Compat change id reported: 168419799; UID 10054; state: DISABLED
01-01 08:12:44.206 0 0 I binder : 2129:2129 ioctl 40046210 7fe5c1ab14 returned -22
04-06 02:10:05.258 1511 2090 I am_uid_active: 10054
04-06 02:10:05.258 1511 1990 I wm_task_created: [6,-1]
04-06 02:10:05.260 1511 1990 I wm_task_created: [7,-1]
04-06 02:10:05.266 1511 2056 I am_uid_running: 10072
04-06 02:10:05.266 1511 2056 D CompatibilityChangeReporter: Compat change id reported: 135634846; UID 10072; state: DISABLED
04-06 02:10:05.266 1511 2056 D CompatibilityChangeReporter: Compat change id reported: 177438394; UID 10072; state: DISABLED
04-06 02:10:05.266 1511 2056 D CompatibilityChangeReporter: Compat change id reported: 135772972; UID 10072; state: DISABLED
04-06 02:10:05.266 1511 2056 D CompatibilityChangeReporter: Compat change id reported: 135754954; UID 10072; state: ENABLED
04-06 02:10:05.271 1511 1615 W ActivityManager: Slow operation: 151ms so far, now at startProcess: returned from zygote!
04-06 02:10:05.274 2129 2129 I service_manager_slow: [12,activity]
01-01 08:12:44.228 0 0 E init : Control message: Could not find 'vendor.qti.hardware.iop@2.0::IIop/default' for ctl.interface_start from pid: 506 (/system/bin/hwservicemanager)
04-06 02:10:05.279 1511 1615 W ActivityManager: Slow operation: 158ms so far, now at startProcess: done updating battery stats
04-06 02:10:05.279 1511 1615 I am_proc_start: [0,2190,1000,com.thundercomm.tcsetupwizard,added application,com.thundercomm.tcsetupwizard]
04-06 02:10:05.279 1511 1615 W ActivityManager: Slow operation: 159ms so far, now at startProcess: building log message
04-06 02:10:05.279 1511 1615 I ActivityManager: Start proc 2190:com.thundercomm.tcsetupwizard/1000 for added application com.thundercomm.tcsetupwizard
04-06 02:10:05.279 1511 1615 W ActivityManager: Slow operation: 159ms so far, now at startProcess: starting to update pids map
04-06 02:10:05.279 1511 1615 W ActivityManager: Slow operation: 159ms so far, now at startProcess: done updating pids map
04-06 02:10:05.279 1511 1615 W ActivityManager: Slow operation: 158ms so far, now at startProcess: asking zygote to start proc
04-06 02:10:05.279 1511 1700 I am_proc_bound: [0,2129,.dataservices]
04-06 02:10:05.280 1511 1700 D CompatibilityChangeReporter: Compat change id reported: 168419799; UID 1001; state: DISABLED
04-06 02:10:05.281 1511 1700 I am_uid_active: 1001
04-06 02:10:05.282 1511 1700 D CompatibilityChangeReporter: Compat change id reported: 168419799; UID 1001; state: DISABLED
04-06 02:10:05.285 1511 1615 W ActivityManager: Slow operation: 163ms so far, now at startProcess: returned from zygote!
04-06 02:10:05.285 1511 1615 W ActivityManager: Slow operation: 163ms so far, now at startProcess: done updating battery stats
04-06 02:10:05.285 1511 1615 I am_proc_start: [0,2212,1000,vendor.qti.qesdk.sysservice,added application,vendor.qti.qesdk.sysservice]
04-06 02:10:05.285 1511 1615 W ActivityManager: Slow operation: 164ms so far, now at startProcess: building log message
04-06 02:10:05.285 1511 1615 I ActivityManager: Start proc 2212:vendor.qti.qesdk.sysservice/1000 for added application vendor.qti.qesdk.sysservice
01-01 08:12:44.236 0 0 E init : Control message: Could not find 'vendor.qti.hardware.iop@2.0::IIop/default' for ctl.interface_start from pid: 506 (/system/bin/hwservicemanager)
04-06 02:10:05.285 1511 1615 W ActivityManager: Slow operation: 164ms so far, now at startProcess: starting to update pids map
04-06 02:10:05.285 1511 1615 W ActivityManager: Slow operation: 164ms so far, now at startProcess: done updating pids map
04-06 02:10:05.285 1511 1615 W ActivityManager: Slow operation: 162ms so far, now at startProcess: asking zygote to start proc
04-06 02:10:05.285 1511 1615 D CompatibilityChangeReporter: Compat change id reported: 143937733; UID 10086; state: DISABLED
01-01 08:12:44.238 0 0 I binder : 2190:2190 ioctl 40046210 7fe5c1ab14 returned -22
04-06 02:10:05.294 1511 1990 I am_proc_bound: [0,2190,com.thundercomm.tcsetupwizard]
04-06 02:10:05.296 1511 1990 D CompatibilityChangeReporter: Compat change id reported: 168419799; UID 1000; state: DISABLED
04-06 02:10:05.298 1511 2090 I am_proc_bound: [0,2170,com.android.networkstack.process]
04-06 02:10:05.299 1511 2090 D CompatibilityChangeReporter: Compat change id reported: 168419799; UID 1073; state: DISABLED
04-06 02:10:05.300 1511 2090 I am_uid_active: 1073
04-06 02:10:05.304 1511 2090 D CompatibilityChangeReporter: Compat change id reported: 168419799; UID 1073; state: DISABLED
01-01 08:12:44.239 0 0 I binder : 2152:2152 ioctl 40046210 7fe5c1ab14 returned -22
01-01 08:12:44.239 0 0 I binder : 2170:2170 ioctl 40046210 7fe5c1ab14 returned -22
01-01 08:12:44.250 0 0 I binder : 2140:2140 ioctl 40046210 7fe5c1ab14 returned -22
04-06 02:10:05.310 1511 2090 I am_proc_bound: [0,2152,com.tc.logclient]
04-06 02:10:05.311 1511 2090 D CompatibilityChangeReporter: Compat change id reported: 168419799; UID 1000; state: DISABLED
04-06 02:10:05.311 1933 2150 I bt_config_source: 1
04-06 02:10:05.312 1511 1615 W ActivityManager: Slow operation: 188ms so far, now at startProcess: returned from zygote!
04-06 02:10:05.312 1511 1615 W ActivityManager: Slow operation: 189ms so far, now at startProcess: done updating battery stats
04-06 02:10:05.313 1511 1615 I am_proc_start: [0,2267,10086,com.qti.qualcomm.mstatssystemservice,added application,com.qti.qualcomm.mstatssystemservice]
04-06 02:10:05.313 1511 1615 W ActivityManager: Slow operation: 189ms so far, now at startProcess: building log message
04-06 02:10:05.313 1511 1615 I ActivityManager: Start proc 2267:com.qti.qualcomm.mstatssystemservice/u0a86 for added application com.qti.qualcomm.mstatssystemservice
04-06 02:10:05.313 1511 1615 W ActivityManager: Slow operation: 189ms so far, now at startProcess: starting to update pids map
04-06 02:10:05.313 1511 1615 W ActivityManager: Slow operation: 190ms so far, now at startProcess: done updating pids map
04-06 02:10:05.313 1511 1615 W ActivityManager: Slow operation: 189ms so far, now at startProcess: asking zygote to start proc
01-01 08:12:44.264 0 0 I binder : 2212:2212 ioctl 40046210 7fe5c1ab14 returned -22
04-06 02:10:05.314 1933 2150 I bt_config_source: 3
01-01 08:12:44.267 0 0 E init : Control message: Could not find 'vendor.qti.hardware.iop@2.0::IIop/default' for ctl.interface_start from pid: 506 (/system/bin/hwservicemanager)
01-01 08:12:44.278 0 0 I : [MAX975X:max96755x_drm_notifier_callback] *INFO* receives EARLY_BLANK:UNBLANK
01-01 08:12:44.278 0 0 I atmel_mxt_ts 0-004a: FB event:2,blank:0
01-01 08:12:44.278 0 0 I atmel_mxt_ts 0-004a: suspend: event = 2, blank = 0, not care
01-01 08:12:44.278 0 0 I [drm:dsi_display_set_mode] [msm-dsi-info]: mdp_transfer_time_us=0 us
01-01 08:12:44.278 0 0 I [drm:dsi_display_set_mode] [msm-dsi-info]: hactive= 2560,vactive= 1080,fps=60
01-01 08:12:44.278 0 0 I [drm:dsi_ctrl_isr_configure] [msm-dsi-info]: dsi-ctrl-0: IRQ 402 registered
01-01 08:12:44.284 0 0 E init : Control message: Could not find 'vendor.qti.hardware.iop@2.0::IIop/default' for ctl.interface_start from pid: 506 (/system/bin/hwservicemanager)
01-01 08:12:44.290 0 0 E init : Control message: Could not find 'vendor.qti.hardware.iop@2.0::IIop/default' for ctl.interface_start from pid: 506 (/system/bin/hwservicemanager)
01-01 08:12:44.299 0 0 I binder : 2267:2267 ioctl 40046210 7fe5c1ab14 returned -22
01-01 08:12:44.306 0 0 E init : Control message: Could not find 'vendor.qti.hardware.iop@2.0::IIop/default' for ctl.interface_start from pid: 506 (/system/bin/hwservicemanager)
04-06 02:10:05.324 1511 2056 I am_proc_bound: [0,2212,vendor.qti.qesdk.sysservice]
04-06 02:10:05.326 1511 2056 D CompatibilityChangeReporter: Compat change id reported: 168419799; UID 1000; state: DISABLED
04-06 02:10:05.327 1933 2150 I liblog : 15
04-06 02:10:05.327 1933 2150 I liblog : 2
04-06 02:10:05.329 1511 1990 I am_proc_bound: [0,2140,com.thundercomm.tchttpserver]
04-06 02:10:05.331 1511 2090 D CompatibilityChangeReporter: Compat change id reported: 171306433; UID 1000; state: ENABLED
04-06 02:10:05.332 1511 1990 D CompatibilityChangeReporter: Compat change id reported: 168419799; UID 1000; state: DISABLED
04-06 02:10:05.333 1511 1777 I ActivityManager: Process WebViewLoader-arm64-v8a (pid 2005) has died: psvc PER
04-06 02:10:05.334 1511 1777 I am_proc_died: [0,2005,WebViewLoader-arm64-v8a,-700,0]
04-06 02:10:05.334 1511 1777 I am_uid_stopped: 1037
04-06 02:10:05.334 1511 1777 I am_low_memory: 13
04-06 02:10:05.336 1511 1511 I PackageWatchdog: Syncing health check requests for packages: {}
04-06 02:10:05.336 1511 1511 I ExplicitHealthCheckController: Service not ready to get health check supported packages. Binding...
04-06 02:10:05.338 1511 1511 I ExplicitHealthCheckController: Explicit health check service is bound
04-06 02:10:05.355 1511 2078 I am_proc_bound: [0,2267,com.qti.qualcomm.mstatssystemservice]
04-06 02:10:05.355 1511 2078 D CompatibilityChangeReporter: Compat change id reported: 168419799; UID 10086; state: DISABLED
04-06 02:10:05.356 1511 2078 I am_uid_active: 10086
04-06 02:10:05.364 1959 1959 W OneHandedController: Device doesn't support OneHanded feature
04-06 02:10:05.376 1511 1511 I SystemServerTiming: ManagedServices.unbindOtherUserServices_current0
04-06 02:10:05.377 1511 1511 I SystemServerTiming: ManagedServices.unbindOtherUserServices_current0
04-06 02:10:05.377 1511 1511 I SystemServerTiming: ManagedServices.unbindOtherUserServices_current0
04-06 02:10:05.377 1511 1511 V NotificationAssistants: enabling notification assistant for 0: ComponentInfo{android.ext.services/android.ext.services.notification.Assistant}
04-06 02:10:05.377 1511 1511 V NotificationAssistants: binding: Intent { act=android.service.notification.NotificationAssistantService cmp=android.ext.services/.notification.Assistant (has extras) }
04-06 02:10:05.379 1511 1615 W ActivityManager: Slow operation: 254ms so far, now at startProcess: returned from zygote!
04-06 02:10:05.379 1511 1615 W ActivityManager: Slow operation: 255ms so far, now at startProcess: done updating battery stats
04-06 02:10:05.379 1511 1615 I am_proc_start: [0,2333,1068,com.android.se,added application,com.android.se]
04-06 02:10:05.379 1511 1615 W ActivityManager: Slow operation: 255ms so far, now at startProcess: building log message
04-06 02:10:05.379 1511 1615 I ActivityManager: Start proc 2333:com.android.se/1068 for added application com.android.se
04-06 02:10:05.379 1511 1615 W ActivityManager: Slow operation: 255ms so far, now at startProcess: starting to update pids map
04-06 02:10:05.379 1511 1615 W ActivityManager: Slow operation: 255ms so far, now at startProcess: done updating pids map
04-06 02:10:05.379 1511 1615 W ActivityManager: Slow operation: 255ms so far, now at startProcess: asking zygote to start proc
01-01 08:12:44.332 0 0 W : [drm:programmable_fetch_get_num_lines:228] low vbp+vfp may lead to perf issues in some cases
01-01 08:12:44.333 0 0 I : [MAX975X:max96755x_drm_notifier_callback] *INFO* receives BLANK:UNBLANK
01-01 08:12:44.334 0 0 I atmel_mxt_ts 0-004a: FB event:1,blank:0
01-01 08:12:44.334 0 0 I atmel_mxt_ts 0-004a: drm_notifier_callback: UNBLANK! Resume by drm notifier.
01-01 08:12:44.335 0 0 I binder : 2129:2339 ioctl 40046210 705d1a19e4 returned -22
01-01 08:12:44.337 0 0 I binder : 1933:1933 ioctl 40046210 7fe5c1a184 returned -22
04-06 02:10:05.398 1511 1615 W ActivityManager: Slow operation: 274ms so far, now at startProcess: returned from zygote!
04-06 02:10:05.398 1511 1615 W ActivityManager: Slow operation: 274ms so far, now at startProcess: done updating battery stats
04-06 02:10:05.398 1511 1615 I am_proc_start: [0,2354,1000,com.thundercomm.remotecontrolservice,added application,com.thundercomm.remotecontrolservice]
04-06 02:10:05.398 1511 1615 W ActivityManager: Slow operation: 274ms so far, now at startProcess: building log message
04-06 02:10:05.398 1511 1615 I ActivityManager: Start proc 2354:com.thundercomm.remotecontrolservice/1000 for added application com.thundercomm.remotecontrolservice
04-06 02:10:05.398 1511 1615 W ActivityManager: Slow operation: 274ms so far, now at startProcess: starting to update pids map
04-06 02:10:05.398 1511 1615 W ActivityManager: Slow operation: 274ms so far, now at startProcess: done updating pids map
04-06 02:10:05.398 1511 1615 W ActivityManager: Slow operation: 273ms so far, now at startProcess: asking zygote to start proc
04-06 02:10:05.407 2111 2111 W ContextImpl: Calling a method in the system process without a qualified user: android.app.ContextImpl.startService:1816 android.content.ContextWrapper.startService:774 com.thundercomm.microsettings.service.SettingsApplication.onCreate:30 android.app.Instrumentation.callApplicationOnCreate:1212 android.app.ActivityThread.handleBindApplication:6744
04-06 02:10:05.407 1511 1777 W ActivityManager: Unable to start service Intent { act=com.thundercomm.microsettings.SETTING_SERVICE pkg=com.thundercomm.microsettings } U=0: not found
04-06 02:10:05.408 2111 2111 W ContextImpl: Calling a method in the system process without a qualified user: android.app.ContextImpl.startService:1816 android.content.ContextWrapper.startService:774 com.thundercomm.microsettings.service.SettingsApplication.onCreate:36 android.app.Instrumentation.callApplicationOnCreate:1212 android.app.ActivityThread.handleBindApplication:6744
01-01 08:12:44.356 0 0 I binder : 2333:2333 ioctl 40046210 7fe5c1ab14 returned -22
04-06 02:10:05.408 1511 1777 W ActivityManager: Unable to start service Intent { act=com.thundercomm.microsettings.EOL_SERVICE pkg=com.thundercomm.microsettings } U=0: not found
04-06 02:10:05.413 1511 1615 W ActivityManager: Slow operation: 287ms so far, now at startProcess: returned from zygote!
04-06 02:10:05.413 1511 1777 I am_proc_bound: [0,2333,com.android.se]
04-06 02:10:05.414 1511 1777 D CompatibilityChangeReporter: Compat change id reported: 168419799; UID 1068; state: DISABLED
04-06 02:10:05.414 1511 1777 I am_uid_active: 1068
01-01 08:12:44.367 0 0 I binder : 2354:2354 ioctl 40046210 7fe5c1ab14 returned -22
04-06 02:10:05.415 1511 1615 W ActivityManager: Slow operation: 290ms so far, now at startProcess: done updating battery stats
04-06 02:10:05.415 1511 1615 I am_proc_start: [0,2375,1000,com.thundercomm.tcservice,added application,com.thundercomm.tcservice]
04-06 02:10:05.415 1511 1615 W ActivityManager: Slow operation: 290ms so far, now at startProcess: building log message
04-06 02:10:05.415 1511 1615 I ActivityManager: Start proc 2375:com.thundercomm.tcservice/1000 for added application com.thundercomm.tcservice
04-06 02:10:05.415 1511 1615 W ActivityManager: Slow operation: 290ms so far, now at startProcess: starting to update pids map
04-06 02:10:05.415 2111 2111 D MicroServiceManager: add linkToDeath
04-06 02:10:05.416 1511 1615 W ActivityManager: Slow operation: 290ms so far, now at startProcess: done updating pids map
04-06 02:10:05.416 1511 1615 W ActivityManager: Slow operation: 289ms so far, now at startProcess: asking zygote to start proc
04-06 02:10:05.416 2111 2111 D MicroServiceManager: bindMicroService: called already get service
04-06 02:10:05.416 1511 1615 D CompatibilityChangeReporter: Compat change id reported: 143937733; UID 10067; state: ENABLED
04-06 02:10:05.416 2111 2111 I MicroServiceManager: addCommonCallbackListener add listener
04-06 02:10:05.416 2111 2111 I MicroServiceManager: addConnectChangedListener add listener
04-06 02:10:05.421 1511 1615 W ActivityManager: Slow operation: 294ms so far, now at startProcess: returned from zygote!
04-06 02:10:05.421 1511 1615 W ActivityManager: Slow operation: 294ms so far, now at startProcess: done updating battery stats
04-06 02:10:05.421 1511 1615 I am_proc_start: [0,2390,10067,com.qualcomm.qti.devicestatisticsservice,added application,com.qualcomm.qti.devicestatisticsservice]
04-06 02:10:05.421 1511 1615 W ActivityManager: Slow operation: 295ms so far, now at startProcess: building log message
04-06 02:10:05.421 1511 1615 I ActivityManager: Start proc 2390:com.qualcomm.qti.devicestatisticsservice/u0a67 for added application com.qualcomm.qti.devicestatisticsservice
04-06 02:10:05.421 1511 1615 W ActivityManager: Slow operation: 295ms so far, now at startProcess: starting to update pids map
04-06 02:10:05.421 1511 1615 W ActivityManager: Slow operation: 295ms so far, now at startProcess: done updating pids map
04-06 02:10:05.421 1511 1615 W ActivityManager: Slow operation: 294ms so far, now at startProcess: asking zygote to start proc
04-06 02:10:05.426 1511 1676 I commit_sys_config_file: [settings-0-0,3]
04-06 02:10:05.426 1511 1615 W ActivityManager: Slow operation: 299ms so far, now at startProcess: returned from zygote!
04-06 02:10:05.426 1511 1615 W ActivityManager: Slow operation: 299ms so far, now at startProcess: done updating battery stats
04-06 02:10:05.426 1511 1615 I am_proc_start: [0,2399,1000,com.qualcomm.qti.qdma,added application,com.qualcomm.qti.qdma]
04-06 02:10:05.426 1511 1615 W ActivityManager: Slow operation: 299ms so far, now at startProcess: building log message
04-06 02:10:05.426 1511 1615 I ActivityManager: Start proc 2399:com.qualcomm.qti.qdma/1000 for added application com.qualcomm.qti.qdma
04-06 02:10:05.426 1511 1615 W ActivityManager: Slow operation: 299ms so far, now at startProcess: starting to update pids map
04-06 02:10:05.427 1511 1615 W ActivityManager: Slow operation: 299ms so far, now at startProcess: done updating pids map
04-06 02:10:05.427 1511 1615 W ActivityManager: Slow operation: 227ms so far, now at startProcess: asking zygote to start proc
01-01 08:12:44.376 0 0 I binder : 2375:2375 ioctl 40046210 7fe5c1ab14 returned -22
04-06 02:10:05.427 912 912 I auditd : type=1400 audit(0.0:244): avc: denied { read write } for comm="sensors.qti" name="diag" dev="tmpfs" ino=2145 scontext=u:r:vendor_sensors_qti:s0 tcontext=u:object_r:vendor_diag_device:s0 tclass=chr_file permissive=0
04-06 02:10:05.431 1511 2090 I am_proc_bound: [0,2354,com.thundercomm.remotecontrolservice]
04-06 02:10:05.432 1511 2090 D CompatibilityChangeReporter: Compat change id reported: 168419799; UID 1000; state: DISABLED
01-01 08:12:44.392 0 0 I binder : 2399:2399 ioctl 40046210 7fe5c1ab14 returned -22
04-06 02:10:05.442 1511 1990 I am_proc_bound: [0,2375,com.thundercomm.tcservice]
04-06 02:10:05.443 1511 1990 D CompatibilityChangeReporter: Compat change id reported: 168419799; UID 1000; state: DISABLED
04-06 02:10:05.443 1511 1615 W ActivityManager: Slow operation: 244ms so far, now at startProcess: returned from zygote!
04-06 02:10:05.445 1511 1700 D TelephonyRegistry: listen oscl: mHasNotifySubscriptionInfoChangedOccurred==false no callback
04-06 02:10:05.447 1511 1615 W ActivityManager: Slow operation: 247ms so far, now at startProcess: done updating battery stats
04-06 02:10:05.447 1511 1615 I am_proc_start: [0,2416,1000,com.android.settings,top-activity,{com.android.settings/com.android.settings.FallbackHome}]
04-06 02:10:05.447 1511 1615 W ActivityManager: Slow operation: 248ms so far, now at startProcess: building log message
04-06 02:10:05.447 1511 1615 I ActivityManager: Start proc 2416:com.android.settings/1000 for top-activity {com.android.settings/com.android.settings.FallbackHome}
04-06 02:10:05.447 1511 1615 W ActivityManager: Slow operation: 248ms so far, now at startProcess: starting to update pids map
04-06 02:10:05.447 1511 1615 W ActivityManager: Slow operation: 248ms so far, now at startProcess: done updating pids map
04-06 02:10:05.447 1511 1615 W ActivityManager: Slow operation: 220ms so far, now at startProcess: asking zygote to start proc
04-06 02:10:05.448 1511 1615 D CompatibilityChangeReporter: Compat change id reported: 143937733; UID 10098; state: ENABLED
04-06 02:10:05.449 1511 1990 I am_proc_bound: [0,2399,com.qualcomm.qti.qdma]
04-06 02:10:05.451 1511 1990 D CompatibilityChangeReporter: Compat change id reported: 168419799; UID 1000; state: DISABLED
04-06 02:10:05.460 1511 1615 W ActivityManager: Slow operation: 233ms so far, now at startProcess: returned from zygote!
04-06 02:10:05.460 1511 1615 W ActivityManager: Slow operation: 233ms so far, now at startProcess: done updating battery stats
04-06 02:10:05.460 1511 1615 I am_proc_start: [0,2429,10098,android.ext.services,service,{android.ext.services/android.ext.services.autofill.InlineSuggestionRenderServiceImpl}]
04-06 02:10:05.460 1511 1615 W ActivityManager: Slow operation: 233ms so far, now at startProcess: building log message
04-06 02:10:05.460 1511 1615 I ActivityManager: Start proc 2429:android.ext.services/u0a98 for service {android.ext.services/android.ext.services.autofill.InlineSuggestionRenderServiceImpl}
04-06 02:10:05.460 1511 1615 W ActivityManager: Slow operation: 233ms so far, now at startProcess: starting to update pids map
04-06 02:10:05.460 1511 1615 W ActivityManager: Slow operation: 233ms so far, now at startProcess: done updating pids map
04-06 02:10:05.460 1511 1615 W ActivityManager: Slow operation: 194ms so far, now at startProcess: asking zygote to start proc
04-06 02:10:05.460 1511 1615 D CompatibilityChangeReporter: Compat change id reported: 143937733; UID 10072; state: ENABLED
04-06 02:10:05.462 1511 1700 D CompatibilityChangeReporter: Compat change id reported: 182478738; UID 1073; state: DISABLED
04-06 02:10:05.469 1511 1615 W ActivityManager: Slow operation: 203ms so far, now at startProcess: returned from zygote!
04-06 02:10:05.469 1511 1615 W ActivityManager: Slow operation: 203ms so far, now at startProcess: done updating battery stats
04-06 02:10:05.469 1511 1615 I am_proc_start: [0,2439,10072,com.thundercomm.gamemode.provider,content provider,{com.thundercomm.gamemode.provider/com.thundercomm.gamemode.provider.SettingsProvider}]
04-06 02:10:05.469 1511 1615 W ActivityManager: Slow operation: 203ms so far, now at startProcess: building log message
04-06 02:10:05.469 1511 1615 I ActivityManager: Start proc 2439:com.thundercomm.gamemode.provider/u0a72 for content provider {com.thundercomm.gamemode.provider/com.thundercomm.gamemode.provider.SettingsProvider}
04-06 02:10:05.469 1511 1615 W ActivityManager: Slow operation: 203ms so far, now at startProcess: starting to update pids map
04-06 02:10:05.469 1511 1615 W ActivityManager: Slow operation: 203ms so far, now at startProcess: done updating pids map
04-06 02:10:05.470 1511 2090 D CompatibilityChangeReporter: Compat change id reported: 157233955; UID 10084; state: ENABLED
01-01 08:12:44.422 0 0 I binder : 2390:2390 ioctl 40046210 7fe5c1ab14 returned -22
04-06 02:10:05.475 1511 1990 I am_proc_bound: [0,2390,com.qualcomm.qti.devicestatisticsservice]
01-01 08:12:44.425 0 0 I binder : 2416:2416 ioctl 40046210 7fe5c1ab14 returned -22
04-06 02:10:05.476 1511 1990 D CompatibilityChangeReporter: Compat change id reported: 168419799; UID 10067; state: DISABLED
04-06 02:10:05.476 1511 1990 I am_uid_active: 10067
01-01 08:12:44.426 0 0 I input : Remote Mouse Controller as /devices/virtual/input/input4
01-01 08:12:44.428 0 0 I input : Remote Keyboard Controller as /devices/virtual/input/input5
01-01 08:12:44.431 0 0 I binder : 2333:2333 ioctl 40046210 7fe5c19ac4 returned -22
04-06 02:10:05.483 1511 1990 I am_proc_bound: [0,2416,com.android.settings]
04-06 02:10:05.488 1511 1990 D CompatibilityChangeReporter: Compat change id reported: 168419799; UID 1000; state: DISABLED
04-06 02:10:05.489 1511 1990 I wm_restart_activity: [0,155854808,4,com.android.settings/.FallbackHome]
04-06 02:10:05.490 1511 1990 I wm_set_resumed_activity: [0,com.android.settings/.FallbackHome,minimalResumeActivityLocked]
01-01 08:12:44.440 0 0 I binder : 2439:2439 ioctl 40046210 7fe5c1ab14 returned -22
01-01 08:12:44.440 0 0 I binder : 2429:2429 ioctl 40046210 7fe5c1ab14 returned -22
04-06 02:10:05.496 1511 1545 I am_proc_bound: [0,2429,android.ext.services]
04-06 02:10:05.498 1511 1545 D CompatibilityChangeReporter: Compat change id reported: 168419799; UID 10098; state: DISABLED
04-06 02:10:05.499 1511 1545 I am_uid_active: 10098
04-06 02:10:05.505 1511 2078 I am_proc_bound: [0,2439,com.thundercomm.gamemode.provider]
04-06 02:10:05.505 1511 2078 D CompatibilityChangeReporter: Compat change id reported: 168419799; UID 10072; state: DISABLED
04-06 02:10:05.506 1511 2078 I am_uid_active: 10072
04-06 02:10:05.507 1511 1511 W Looper : Slow dispatch took 129ms main h=android.app.ActivityThread$H c=android.app.LoadedApk$ReceiverDispatcher$Args$$ExternalSyntheticLambda0@8e9dce2 m=0
04-06 02:10:05.511 1511 1511 D ConditionProviders.SCP: onSubscribe condition://android/schedule?days=1.2.3.4.5.6.7&start=22.0&end=7.0&exitAtAlarm=true
04-06 02:10:05.512 1511 1604 D UsbDeviceManager: push notification:正在通过 USB 为此设备充电
04-06 02:10:05.512 1511 1511 D ConditionProviders.SCP: setRegistered true
01-01 08:12:44.463 0 0 I binder : 2375:2375 ioctl 40046210 7fe5c19684 returned -22
04-06 02:10:05.514 1511 1725 W ActivityThread: Failed to find provider info for com.android.calendar (user not unlocked)
04-06 02:10:05.515 1511 1511 D ConditionProviders.SCP: evaluateSubscriptionLocked cal=ScheduleCalendar[mDays={1, 2, 3, 4, 5, 6, 7}, mSchedule=ScheduleInfo{days=[1, 2, 3, 4, 5, 6, 7], startHour=22, startMinute=0, endHour=7, endMinute=0, exitAtAlarm=true, nextAlarm=Thu Jan 01 08:00:00 GMT+08:00 1970 (0)}], now=Thu Apr 06 02:10:05 GMT+08:00 2023 (1680718205512), nextUserAlarmTime=Thu Jan 01 08:00:00 GMT+08:00 1970 (0)
04-06 02:10:05.516 1511 1511 D ConditionProviders.SCP: notifyCondition condition://android/schedule?days=1.2.3.4.5.6.7&start=22.0&end=7.0&exitAtAlarm=true STATE_TRUE reason=meetsSchedule
04-06 02:10:05.516 1511 1511 D ConditionProviders.SCP: Scheduling evaluate for Thu Apr 06 07:00:00 GMT+08:00 2023 (1680735600000), in +4h49m54s488ms, now=Thu Apr 06 02:10:05 GMT+08:00 2023 (1680718205512)
04-06 02:10:05.519 1511 1725 W ActivityThread: Failed to find provider info for com.android.calendar (user not unlocked)
04-06 02:10:05.522 2375 2375 W ContextImpl: Calling a method in the system process without a qualified user: android.app.ContextImpl.startService:1816 android.content.ContextWrapper.startService:774 com.thundercomm.tcservice.TCService.init:46 com.thundercomm.tcservice.TCService.onCreate:33 android.app.ActivityThread.handleCreateService:4488
04-06 02:10:05.533 1511 1511 W BluetoothManagerService: bindBluetoothProfileService:Trying to bind to profile: 1, while Bluetooth is disabled
04-06 02:10:05.535 1511 1511 I Telecom : SystemStateHelper: Registering broadcast receiver: android.content.IntentFilter@cdc9803: TS.init@AAA
04-06 02:10:05.535 1511 1511 I Telecom : SystemStateHelper: Registering broadcast receiver: android.content.IntentFilter@58fd380: TS.init@AAA
04-06 02:10:05.535 1511 2514 I Telecom : BluetoothRouteManager: getBluetoothAudioConnectedDevice: no service available.
04-06 02:10:05.539 1511 2516 I Telecom : Logging.Events: Non-call EVENT: AUDIO_ROUTE, Entering state QuiescentEarpieceRoute
04-06 02:10:05.539 1511 2516 I Telecom : BluetoothRouteManager: getBluetoothAudioConnectedDevice: no service available.
04-06 02:10:05.544 1511 2519 I Telecom : CallAudioModeStateMachine: Message received: null.: TS.init->CAMSM.pM_1@AAA
04-06 02:10:05.545 1511 1511 I Telecom : MissedCallNotifierImpl: reloadFromDatabase: Boot not yet complete -- call log db may not be available. Deferring loading until boot complete for user 0: TS.init@AAA
04-06 02:10:05.546 1511 1511 D TelephonyRegistry: listen oscl: mHasNotifySubscriptionInfoChangedOccurred==false no callback
04-06 02:10:05.546 1511 1511 I Telecom : MissedCallNotifierImpl: reloadFromDatabase: Boot not yet complete -- call log db may not be available. Deferring loading until boot complete for user 0: TS.init@AAA
04-06 02:10:05.547 1511 1511 I Telecom : Class: TelecomSystem.INSTANCE being set
04-06 02:10:05.548 1511 1511 D BluetoothManagerService: Bluetooth Adapter name changed to 高合娱乐副屏 by android
04-06 02:10:05.548 1511 1511 D BluetoothManagerService: Stored Bluetooth name: 高合娱乐副屏
04-06 02:10:05.548 1511 1511 I AutofillManagerService: Updating for user 0: disabled=false
04-06 02:10:05.549 1511 1511 I ConnectivityModuleConnector: Networking module service connected
01-01 08:12:44.504 0 0 I binder : 2399:2399 ioctl 40046210 7fe5c18af4 returned -22
04-06 02:10:05.556 1511 1511 D BluetoothManagerService: BluetoothServiceConnection: com.android.bluetooth.btservice.AdapterService
04-06 02:10:05.556 1511 1606 D BluetoothManagerService: MESSAGE_BLUETOOTH_SERVICE_CONNECTED: 1
04-06 02:10:05.556 1511 1511 I ConnectivityModuleConnector: Networking module service connected
04-06 02:10:05.559 1511 1606 D BluetoothManagerService: MESSAGE_INFORM_ADAPTER_SERVICE_UP
04-06 02:10:05.559 1511 1606 D BluetoothManagerService: Broadcasting onBluetoothServiceUp() to 3 receivers.
04-06 02:10:05.559 1511 1606 D BluetoothManagerService: MESSAGE_BLUETOOTH_STATE_CHANGE: OFF > BLE_TURNING_ON
04-06 02:10:05.559 1511 1606 D BluetoothManagerService: Sending BLE State Change: OFF > BLE_TURNING_ON
04-06 02:10:05.560 1511 1511 D TelephonyRegistry: notifyCellLocationForSubscriber: subId=2147483647 cellIdentity=null
04-06 02:10:05.566 1511 1511 I notification_enqueue: [1000,1511,android,32,NULL,-1,Notification(channel=USB shortcut=null contentView=null vibrate=null sound=null tick defaults=0x0 flags=0x2 color=0x00000000 vis=PUBLIC),0]
04-06 02:10:05.566 1511 1511 I Telecom : WiredHeadsetManager: ACTION_HEADSET_PLUG event, plugged in: false, : WHC.oADA@AAE
04-06 02:10:05.566 1511 1511 I ExplicitHealthCheckController: Explicit health check service is connected ComponentInfo{android.ext.services/android.ext.services.watchdog.ExplicitHealthCheckServiceImpl}
04-06 02:10:05.567 1511 1511 I ExplicitHealthCheckController: Service initialized, syncing requests
04-06 02:10:05.567 1511 1511 V NotificationAssistants: 0 notification assistant service connected: ComponentInfo{android.ext.services/android.ext.services.notification.Assistant}
04-06 02:10:05.568 1511 1511 I notification_enqueue: [10084,1959,com.android.systemui,1,empty_media,0,Notification(channel=empty_media_style_id shortcut=null contentView=null vibrate=null sound=null defaults=0x0 flags=0x20 color=0x00000000 category=transport groupKey=empty_media actions=5 vis=PRIVATE),0]
04-06 02:10:05.568 1511 1544 D CompatibilityChangeReporter: Compat change id reported: 168419799; UID 1002; state: DISABLED
04-06 02:10:05.569 1511 1511 D CompanionDeviceManagerService: Received BT state transition broadcast: OFF -> BLE_TURNING_ON
04-06 02:10:05.569 1511 1511 W Looper : Drained
04-06 02:10:05.570 1511 1511 I sysui_multi_action: [757,1501,758,1,793,59,794,0,795,59,796,32,806,android,857,USB,858,1,947,0,1500,0]
04-06 02:10:05.570 1511 1511 I sysui_multi_action: [757,804,799,note_interruptive,801,0,802,1]
04-06 02:10:05.570 1511 1511 I GameModeConfig: isGameModeOn = false
04-06 02:10:05.573 1511 1511 W NotificationHistory: Attempted to add notif for locked/gone/disabled user 0
04-06 02:10:05.573 1511 1511 I PackageWatchdog: Syncing health check requests for packages: {}
04-06 02:10:05.573 1511 1511 D ExplicitHealthCheckController: Getting health check supported packages
04-06 02:10:05.576 1511 1724 I GameModeConfig: isGameModeOn = false
04-06 02:10:05.576 1511 2523 I ExplicitHealthCheckController: Explicit health check supported packages [PackageConfig{com.android.networkstack, 86400000}]
04-06 02:10:05.576 1511 2523 D PackageWatchdog: Received supported packages [PackageConfig{com.android.networkstack, 86400000}]
04-06 02:10:05.576 1511 2523 D ExplicitHealthCheckController: Getting health check requested packages
04-06 02:10:05.577 1511 1990 I ExplicitHealthCheckController: Explicit health check requested packages []
04-06 02:10:05.577 1511 1990 I ExplicitHealthCheckController: No more health check requests, unbinding...
04-06 02:10:05.578 1511 1990 I ExplicitHealthCheckController: Explicit health check service is unbound
04-06 02:10:05.580 1511 1511 I notification_cancel_all: [1000,1511,com.android.systemui,0,0,0,20,NULL]
04-06 02:10:05.588 2416 2416 I wm_on_create_called: [155854808,com.android.settings.FallbackHome,performCreate]
04-06 02:10:05.589 2416 2416 I wm_on_start_called: [155854808,com.android.settings.FallbackHome,handleStartActivity]
01-01 08:12:44.538 0 0 E bt_ioctl: BT_CMD_PWR_CTRL pwr_cntrl:0
01-01 08:12:44.538 0 0 E bt_ioctl: BT state already:0 no change done
01-01 08:12:44.538 0 0 E bt_ioctl: BT_CMD_PWR_CTRL pwr_cntrl:1
01-01 08:12:44.538 0 0 I bt_power vendor: bt_qca6390: Linked as a consumer to regulator.9
01-01 08:12:44.538 0 0 E bt_vreg_enable: vreg_en successful for : qca,bt-vdd-aon
01-01 08:12:44.538 0 0 I bt_power vendor: bt_qca6390: Linked as a consumer to regulator.51
04-06 02:10:05.590 2416 2416 I wm_on_resume_called: [155854808,com.android.settings.FallbackHome,RESUME_ACTIVITY]
01-01 08:12:44.539 0 0 E bt_vreg_enable: vreg_en successful for : qca,bt-vdd-dig
01-01 08:12:44.539 0 0 I bt_power vendor: bt_qca6390: Linked as a consumer to regulator.8
01-01 08:12:44.539 0 0 E bt_vreg_enable: vreg_en successful for : qca,bt-vdd-rfa1
01-01 08:12:44.539 0 0 I bt_power vendor: bt_qca6390: Linked as a consumer to regulator.36
01-01 08:12:44.539 0 0 E bt_vreg_enable: vreg_en successful for : qca,bt-vdd-rfa2
01-01 08:12:44.539 0 0 I bt_power vendor: bt_qca6390: Linked as a consumer to regulator.27
04-06 02:10:05.593 1511 1990 W WindowManager: Failed looking up window session=Session{5ef41bc 2416:1000} callers=com.android.server.wm.WindowManagerService.windowForClientLocked:5628 com.android.server.wm.Session.insetsModified:629 android.view.IWindowSession$Stub.onTransact:1151
04-06 02:10:05.595 2416 2416 I wm_on_top_resumed_gained_called: [155854808,com.android.settings.FallbackHome,topStateChangedWhenResumed]
01-01 08:12:44.542 0 0 E bt_vreg_enable: vreg_en successful for : qca,bt-vdd-asd
04-06 02:10:05.605 1511 1608 I input_focus: [Focus request 884a3bb com.android.settings/com.android.settings.FallbackHome,reason=UpdateInputWindows]
04-06 02:10:05.605 1511 1544 I am_uid_running: 10075
04-06 02:10:05.605 1511 1544 D CompatibilityChangeReporter: Compat change id reported: 135634846; UID 10075; state: DISABLED
04-06 02:10:05.606 1511 1544 D CompatibilityChangeReporter: Compat change id reported: 177438394; UID 10075; state: DISABLED
04-06 02:10:05.606 1511 1544 D CompatibilityChangeReporter: Compat change id reported: 135772972; UID 10075; state: DISABLED
04-06 02:10:05.606 1511 1544 D CompatibilityChangeReporter: Compat change id reported: 135754954; UID 10075; state: ENABLED
04-06 02:10:05.606 1511 1615 D CompatibilityChangeReporter: Compat change id reported: 143937733; UID 10075; state: ENABLED
04-06 02:10:05.606 1511 1990 I am_uid_running: 10089
04-06 02:10:05.607 1511 1990 D CompatibilityChangeReporter: Compat change id reported: 135634846; UID 10089; state: DISABLED
04-06 02:10:05.607 1511 1990 D CompatibilityChangeReporter: Compat change id reported: 177438394; UID 10089; state: DISABLED
04-06 02:10:05.607 1511 1990 D CompatibilityChangeReporter: Compat change id reported: 135772972; UID 10089; state: DISABLED
04-06 02:10:05.607 1511 1990 D CompatibilityChangeReporter: Compat change id reported: 135754954; UID 10089; state: ENABLED
04-06 02:10:05.612 1511 1615 I am_proc_start: [0,2558,10075,com.android.launcher3,service,{com.android.launcher3/com.android.quickstep.TouchInteractionService}]
04-06 02:10:05.612 1511 1615 I ActivityManager: Start proc 2558:com.android.launcher3/u0a75 for service {com.android.launcher3/com.android.quickstep.TouchInteractionService}
04-06 02:10:05.612 1511 1615 D CompatibilityChangeReporter: Compat change id reported: 143937733; UID 10089; state: ENABLED
01-01 08:12:44.566 0 0 I binder : 1959:2559 ioctl 40046210 704c40b124 returned -22
04-06 02:10:05.618 1511 1615 I am_proc_start: [0,2561,10089,com.qualcomm.qti.qccauthmgr,content provider,{com.qualcomm.qti.qccauthmgr/com.qualcomm.qti.qccauthmgr.providers.SMQContentProvider}]
04-06 02:10:05.618 1511 1615 I ActivityManager: Start proc 2561:com.qualcomm.qti.qccauthmgr/u0a89 for content provider {com.qualcomm.qti.qccauthmgr/com.qualcomm.qti.qccauthmgr.providers.SMQContentProvider}
01-01 08:12:44.573 0 0 I binder : 2416:2527 ioctl 40046210 70604041f4 returned -22
01-01 08:12:44.576 0 0 I binder : 2558:2558 ioctl 40046210 7fe5c1ab14 returned -22
01-01 08:12:44.578 0 0 I binder : 2561:2561 ioctl 40046210 7fe5c1ab14 returned -22
04-06 02:10:05.627 912 912 I auditd : type=1400 audit(0.0:245): avc: denied { read write } for comm="sensors.qti" name="diag" dev="tmpfs" ino=2145 scontext=u:r:vendor_sensors_qti:s0 tcontext=u:object_r:vendor_diag_device:s0 tclass=chr_file permissive=0
04-06 02:10:05.633 1511 1700 I am_proc_bound: [0,2561,com.qualcomm.qti.qccauthmgr]
04-06 02:10:05.634 1511 1700 D CompatibilityChangeReporter: Compat change id reported: 168419799; UID 10089; state: DISABLED
04-06 02:10:05.636 1511 1700 I am_uid_active: 10089
04-06 02:10:05.637 1511 2078 I am_proc_bound: [0,2558,com.android.launcher3]
04-06 02:10:05.638 1511 1607 I ActivityManagerTiming: FinishBooting
04-06 02:10:05.640 1511 2078 D CompatibilityChangeReporter: Compat change id reported: 168419799; UID 10075; state: DISABLED
04-06 02:10:05.641 1511 2078 I am_uid_active: 10075
04-06 02:10:05.642 1511 1607 I boot_progress_enable_screen: 9739
04-06 02:10:05.643 1511 1607 I screen_toggled: 1
04-06 02:10:05.643 1511 1607 W KeyguardServiceDelegate: onScreenTurningOn(): no keyguard service!
01-01 08:12:44.596 0 0 I bt_configure_gpios: BTON:Turn Bt Off bt-reset-gpio(1121) value(0)
01-01 08:12:44.596 0 0 I bt_configure_gpios: BTON:Turn Bt Off
01-01 08:12:44.596 0 0 I bt_configure_gpios: bt-sw-ctrl-gpio(1224) value(1)
01-01 08:12:44.596 0 0 I bt_enable_bt_reset_gpios_safely: bt_enable_bt_reset_gpios_safely: BTON:Turn Bt On
01-01 08:12:44.596 0 0 I bt_enable_bt_reset_gpios_safely: bt_enable_bt_reset_gpios_safely: wl-reset-gpio(1120) value(1)
01-01 08:12:44.596 0 0 I bt_enable_bt_reset_gpios_safely: bt_enable_bt_reset_gpios_safely: BTON: Asserting BT_EN
04-06 02:10:05.671 1959 2557 I sysui_multi_action: [757,213,758,4,759,-1]
04-06 02:10:05.680 1511 2523 D CompatibilityChangeReporter: Compat change id reported: 171306433; UID 1000; state: ENABLED
04-06 02:10:05.700 1959 1959 W CarrierConfigManager: Error getting config for subId -1 ICarrierConfigLoader is null
01-01 08:12:44.656 0 0 I bt_configure_gpios: BTON:Turn Bt On bt-reset-gpio(1121) value(1)
01-01 08:12:44.656 0 0 I bt_configure_gpios: BTON:Turn Bt On
01-01 08:12:44.656 0 0 I bt_configure_gpios: bt-sw-ctrl-gpio(1224) value(1)
01-01 08:12:44.656 0 0 I bt_configure_gpios: bt_gpio= 1121 on: 1 is successful
04-06 02:10:05.709 1511 1990 D TelephonyRegistry: listen oscl: mHasNotifySubscriptionInfoChangedOccurred==false no callback
01-01 08:12:44.683 0 0 E bt_ioctl: unified Current SOC Version : 400a0200
04-06 02:10:05.742 1511 1700 I StatusBarManagerService: registerStatusBar bar=com.android.internal.statusbar.IStatusBar$Stub$Proxy@d044683
04-06 02:10:05.769 1511 1511 I sysui_multi_action: [757,1501,758,1,793,224,794,0,795,224,796,1,797,empty_media,806,com.android.systemui,857,empty_media_style_id,858,4,946,empty_media,947,0,1500,0,1641,transport,1688,1,1745,1043716538]
04-06 02:10:05.769 1511 1511 I sysui_multi_action: [757,804,799,note_interruptive,801,0,802,1]
04-06 02:10:05.769 1511 1511 I GameModeConfig: isGameModeOn = false
04-06 02:10:05.771 1511 1511 W NotificationHistory: Attempted to add notif for locked/gone/disabled user 0
04-06 02:10:05.827 912 912 I auditd : type=1400 audit(0.0:246): avc: denied { read write } for comm="sensors.qti" name="diag" dev="tmpfs" ino=2145 scontext=u:r:vendor_sensors_qti:s0 tcontext=u:object_r:vendor_diag_device:s0 tclass=chr_file permissive=0
04-06 02:10:05.932 1959 2518 W ActivityThread: Failed to find provider info for com.android.contacts (user not unlocked)
04-06 02:10:06.005 1163 1163 I iorapd : iorapd (the prefetchening) readied up
04-06 02:10:06.019 1959 2555 W ActivityThread: Failed to find provider info for com.android.contacts (user not unlocked)
04-06 02:10:06.027 912 912 I auditd : type=1400 audit(0.0:247): avc: denied { read write } for comm="sensors.qti" name="diag" dev="tmpfs" ino=2145 scontext=u:r:vendor_sensors_qti:s0 tcontext=u:object_r:vendor_diag_device:s0 tclass=chr_file permissive=0
04-06 02:10:06.035 1959 2555 W ActivityThread: Failed to find provider info for com.android.contacts (user not unlocked)
04-06 02:10:06.044 1959 2555 W ActivityThread: Failed to find provider info for com.android.contacts (user not unlocked)
04-06 02:10:06.227 912 912 I auditd : type=1400 audit(0.0:248): avc: denied { read write } for comm="sensors.qti" name="diag" dev="tmpfs" ino=2145 scontext=u:r:vendor_sensors_qti:s0 tcontext=u:object_r:vendor_diag_device:s0 tclass=chr_file permissive=0
04-06 02:10:06.267 1511 1607 I wm_boot_animation_done: 10364
04-06 02:10:06.267 1511 1607 I ActivityManagerTiming: FinishBooting
04-06 02:10:06.268 1511 1607 I ActivityManager: About to commit checkpoint
04-06 02:10:06.268 1511 1607 W ActivityManager: FinishBooting sync begin
04-06 02:10:06.270 1511 1607 W ActivityManager: FinishBooting sync end
04-06 02:10:06.270 1511 1607 I SystemServiceManager: Starting phase 1000
04-06 02:10:06.270 1511 1607 I ActivityManagerTiming: OnBootPhase_1000
04-06 02:10:06.270 1511 1607 I ActivityManagerTiming: OnBootPhase_1000_com.android.server.security.FileIntegrityService
04-06 02:10:06.270 1511 1607 I ActivityManagerTiming: OnBootPhase_1000_com.android.server.pm.Installer
04-06 02:10:06.270 1511 1607 I ActivityManagerTiming: OnBootPhase_1000_com.android.server.os.DeviceIdentifiersPolicyService
04-06 02:10:06.270 1511 1607 I ActivityManagerTiming: OnBootPhase_1000_com.android.server.uri.UriGrantsManagerService$Lifecycle
04-06 02:10:06.270 1511 1607 I ActivityManagerTiming: OnBootPhase_1000_com.android.server.powerstats.PowerStatsService
04-06 02:10:06.270 1511 1607 E PowerStatsService: Failed to start PowerStatsService loggers
04-06 02:10:06.270 1511 1607 I ActivityManagerTiming: OnBootPhase_1000_com.android.server.wm.ActivityTaskManagerService$Lifecycle
04-06 02:10:06.270 1511 1607 I ActivityManagerTiming: OnBootPhase_1000_com.android.server.am.ActivityManagerService$Lifecycle
04-06 02:10:06.270 1511 1607 I ActivityManagerTiming: OnBootPhase_1000_com.android.server.pm.DataLoaderManagerService
04-06 02:10:06.270 1511 1607 I ActivityManagerTiming: OnBootPhase_1000_com.android.server.power.PowerManagerService
04-06 02:10:06.271 1511 1607 I ActivityManagerTiming: OnBootPhase_1000_com.android.server.power.ThermalManagerService
04-06 02:10:06.271 1511 1607 I ActivityManagerTiming: OnBootPhase_1000_com.android.server.power.hint.HintManagerService
04-06 02:10:06.271 1511 1607 I ActivityManagerTiming: OnBootPhase_1000_com.android.server.recoverysystem.RecoverySystemService$Lifecycle
04-06 02:10:06.271 1511 1607 I ActivityManagerTiming: OnBootPhase_1000_com.android.server.lights.LightsService
04-06 02:10:06.271 1511 1607 I ActivityManagerTiming: OnBootPhase_1000_com.android.server.display.DisplayManagerService
04-06 02:10:06.271 1511 1630 V DisplayPowerController[0]: Brightness [1.0] reason changing to: 'manual', previous reason: 'override'.
04-06 02:10:06.271 1511 1607 I ActivityManagerTiming: OnBootPhase_1000_com.android.server.pm.verify.domain.DomainVerificationService
04-06 02:10:06.271 1511 1607 I ActivityManagerTiming: OnBootPhase_1000_com.android.server.pm.PackageInstallerService$Lifecycle
04-06 02:10:06.271 1511 1607 I ActivityManagerTiming: OnBootPhase_1000_com.android.server.pm.UserManagerService$LifeCycle
04-06 02:10:06.271 1511 1607 I ActivityManagerTiming: OnBootPhase_1000_com.android.server.om.OverlayManagerService
04-06 02:10:06.271 1511 1607 I ActivityManagerTiming: OnBootPhase_1000_com.android.server.SensorPrivacyService
04-06 02:10:06.271 1511 1607 I ActivityManagerTiming: OnBootPhase_1000_com.android.server.thunderperf.ThunderBoostPerfService
04-06 02:10:06.271 1511 1607 I ActivityManagerTiming: OnBootPhase_1000_com.android.server.sensors.SensorService
04-06 02:10:06.271 1511 1607 I ActivityManagerTiming: OnBootPhase_1000_com.android.server.SystemConfigService
04-06 02:10:06.271 1511 1607 I ActivityManagerTiming: OnBootPhase_1000_com.android.server.BatteryService
04-06 02:10:06.271 1511 1607 I ActivityManagerTiming: OnBootPhase_1000_com.android.server.usage.UsageStatsService
04-06 02:10:06.271 1511 1607 I ActivityManagerTiming: OnBootPhase_1000_com.android.server.webkit.WebViewUpdateService
04-06 02:10:06.271 1511 1607 I ActivityManagerTiming: OnBootPhase_1000_com.android.server.CachedDeviceStateService
04-06 02:10:06.271 1511 1607 I ActivityManagerTiming: OnBootPhase_1000_com.android.server.BinderCallsStatsService$LifeCycle
04-06 02:10:06.271 1511 1607 I ActivityManagerTiming: OnBootPhase_1000_com.android.server.LooperStatsService$Lifecycle
04-06 02:10:06.271 1511 1607 I ActivityManagerTiming: OnBootPhase_1000_com.android.server.rollback.RollbackManagerService
