04-06 02:10:05.077 1511 1511 I SystemServerTiming: ssm.onStartUser-0_com.android.server.BatteryService
04-06 02:10:05.077 1511 1511 I SystemServerTiming: ssm.onStartUser-0_com.android.server.usage.UsageStatsService
04-06 02:10:05.077 1511 1511 I SystemServerTiming: ssm.onStartUser-0_com.android.server.webkit.WebViewUpdateService
04-06 02:10:05.077 1511 1511 I SystemServerTiming: ssm.onStartUser-0_com.android.server.CachedDeviceStateService
04-06 02:10:05.077 1511 1511 I SystemServerTiming: ssm.onStartUser-0_com.android.server.BinderCallsStatsService$LifeCycle
04-06 02:10:05.077 1511 1511 I SystemServerTiming: ssm.onStartUser-0_com.android.server.LooperStatsService$Lifecycle
04-06 02:10:05.077 1511 1511 I SystemServerTiming: ssm.onStartUser-0_com.android.server.rollback.RollbackManagerService
04-06 02:10:05.078 1511 1511 I SystemServerTiming: ssm.onStartUser-0_com.android.server.os.NativeTombstoneManagerService
04-06 02:10:05.078 1511 1511 I SystemServerTiming: ssm.onStartUser-0_com.android.server.os.BugreportManagerService
04-06 02:10:05.078 1511 1511 I SystemServerTiming: ssm.onStartUser-0_com.android.server.gpu.GpuService
04-06 02:10:05.078 1511 1511 I SystemServerTiming: ssm.onStartUser-0_com.android.server.security.KeyChainSystemService
04-06 02:10:05.078 1511 1511 I SystemServerTiming: ssm.onStartUser-0_com.android.server.telecom.TelecomLoaderService
04-06 02:10:05.078 1511 1511 I SystemServerTiming: ssm.onStartUser-0_com.android.server.accounts.AccountManagerService$Lifecycle
04-06 02:10:05.078 1511 1511 I SystemServerTiming: ssm.onStartUser-0_com.android.server.content.ContentService$Lifecycle
04-06 02:10:05.078 1511 1511 I SystemServerTiming: ssm.onStartUser-0_com.android.server.DropBoxManagerService
04-06 02:10:05.078 1511 1511 I SystemServerTiming: ssm.onStartUser-0_com.android.role.RoleService
04-06 02:10:05.079 1511 1511 I SystemServerTiming: ssm.onStartUser-0_com.android.server.vibrator.VibratorManagerService$Lifecycle
04-06 02:10:05.079 1511 1511 I SystemServerTiming: ssm.onStartUser-0_com.android.server.alarm.AlarmManagerService
04-06 02:10:05.079 1511 1511 I SystemServerTiming: ssm.onStartUser-0_com.android.server.devicestate.DeviceStateManagerService
04-06 02:10:05.079 1511 1511 I SystemServerTiming: ssm.onStartUser-0_com.android.server.camera.CameraServiceProxy
04-06 02:10:05.080 1511 1615 W ActivityManager: Slow operation: 120ms so far, now at startProcess: returned from zygote!
04-06 02:10:05.080 1511 1615 W ActivityManager: Slow operation: 120ms so far, now at startProcess: done updating battery stats
04-06 02:10:05.080 1511 1615 I am_proc_start: [0,2005,1037,WebViewLoader-arm64-v8a,NULL,]
04-06 02:10:05.080 1511 1615 W ActivityManager: Slow operation: 120ms so far, now at startProcess: building log message
04-06 02:10:05.080 1511 1615 I ActivityManager: Start proc 2005:WebViewLoader-arm64-v8a/1037 [android.webkit.WebViewLibraryLoader$RelroFileCreator] for null
04-06 02:10:05.080 1511 1615 W ActivityManager: Slow operation: 120ms so far, now at startProcess: starting to update pids map
04-06 02:10:05.080 1511 1615 W ActivityManager: Slow operation: 120ms so far, now at startProcess: done updating pids map
04-06 02:10:05.081 1511 1511 I SystemServerTiming: ssm.onStartUser-0_com.android.server.BluetoothService
04-06 02:10:05.081 1511 1511 I SystemServerTiming: ssm.onStartUser-0_com.android.server.connectivity.IpConnectivityMetrics
04-06 02:10:05.081 1511 1511 I SystemServerTiming: ssm.onStartUser-0_com.android.server.net.watchlist.NetworkWatchlistService$Lifecycle
04-06 02:10:05.081 1511 1511 I SystemServerTiming: ssm.onStartUser-0_com.android.server.PinnerService
04-06 02:10:05.081 1511 1511 I SystemServerTiming: ssm.onStartUser-0_com.google.android.startop.iorap.IorapForwardingService
04-06 02:10:05.081 1511 1511 I SystemServerTiming: ssm.onStartUser-0_com.android.server.ActivityTriggerService
04-06 02:10:05.081 1511 1511 I SystemServerTiming: ssm.onStartUser-0_com.android.server.integrity.AppIntegrityManagerService
04-06 02:10:05.081 1511 1511 I SystemServerTiming: ssm.onStartUser-0_com.android.server.inputmethod.InputMethodManagerService$Lifecycle
04-06 02:10:05.081 1511 1511 I SystemServerTiming: ssm.onStartUser-0_com.android.server.accessibility.AccessibilityManagerService$Lifecycle
04-06 02:10:05.081 1511 1511 I SystemServerTiming: ssm.onStartUser-0_com.android.server.StorageManagerService$Lifecycle
04-06 02:10:05.081 1511 1511 V StorageManagerService: Package com.sohu.inputmethod.sogou.car has legacy storage
04-06 02:10:05.081 1511 1511 V StorageManagerService: Package android.frameworkres.overlay does not have legacy storage
04-06 02:10:05.082 1511 1511 V StorageManagerService: Package com.android.cts.priv.ctsshim does not have legacy storage
04-06 02:10:05.082 1511 1511 V StorageManagerService: Package com.thundercomm.gamemode.provider does not have legacy storage
04-06 02:10:05.082 1511 1511 V StorageManagerService: Package com.thundercomm.gamemode does not have legacy storage
04-06 02:10:05.082 1511 1511 V StorageManagerService: Package com.thundercomm.microservice does not have legacy storage
04-06 02:10:05.082 1511 1511 V StorageManagerService: Package com.android.dynsystem does not have legacy storage
04-06 02:10:05.082 1511 1511 V StorageManagerService: Package com.hht.lebocast does not have legacy storage
04-06 02:10:05.082 1511 1511 V StorageManagerService: Package com.android.providers.calendar does not have legacy storage
04-06 02:10:05.082 1511 1511 V StorageManagerService: Package com.android.providers.media does not have legacy storage
04-06 02:10:05.082 1511 1511 V StorageManagerService: Package com.android.internal.systemui.navbar.gestural_wide_back does not have legacy storage
04-06 02:10:05.082 1511 1511 V StorageManagerService: Package com.android.wallpapercropper does not have legacy storage
04-06 02:10:05.082 1511 1511 V StorageManagerService: Package com.thundercomm.microsettings does not have legacy storage
04-06 02:10:05.082 1511 1511 V StorageManagerService: Package com.qualcomm.qti.gpudrivers.kona.api30 does not have legacy storage
04-06 02:10:05.082 1511 1511 V StorageManagerService: Package com.android.documentsui does not have legacy storage
04-06 02:10:05.082 1511 1511 V StorageManagerService: Package com.android.externalstorage does not have legacy storage
04-06 02:10:05.082 1511 1511 V StorageManagerService: Package com.android.htmlviewer does not have legacy storage
04-06 02:10:05.082 1511 1511 V StorageManagerService: Package com.qualcomm.qti.uceShimService does not have legacy storage
04-06 02:10:05.082 1511 1511 V StorageManagerService: Package com.android.companiondevicemanager does not have legacy storage
04-06 02:10:05.082 1511 1511 V StorageManagerService: Package com.qualcomm.qti.qms.service.connectionsecurity does not have legacy storage
04-06 02:10:05.082 1511 1511 V StorageManagerService: Package com.android.providers.downloads does not have legacy storage
04-06 02:10:05.082 1511 1511 V StorageManagerService: Package com.android.internal.systemui.onehanded.gestural does not have legacy storage
04-06 02:10:05.082 1511 1511 V StorageManagerService: Package vendor.qti.hardware.cacert.server does not have legacy storage
04-06 02:10:05.082 1511 1511 V StorageManagerService: Package com.thundercomm.tchttpserver does not have legacy storage
04-06 02:10:05.082 1511 1511 V StorageManagerService: Package vendor.qti.iwlan does not have legacy storage
04-06 02:10:05.082 1511 1511 V StorageManagerService: Package com.tc.logclient does not have legacy storage
04-06 02:10:05.082 1511 1511 V StorageManagerService: Package android.qvaoverlay.common does not have legacy storage
04-06 02:10:05.082 1511 1511 V StorageManagerService: Package com.android.providers.downloads.ui does not have legacy storage
04-06 02:10:05.082 1511 1511 V StorageManagerService: Package com.android.pacprocessor does not have legacy storage
04-06 02:10:05.082 1511 1511 V StorageManagerService: Package com.android.networkstack does not have legacy storage
04-06 02:10:05.082 1511 1511 V StorageManagerService: Package android.overlay.common does not have legacy storage
04-06 02:10:05.082 1511 1511 V StorageManagerService: Package com.android.connectivity.resources does not have legacy storage
04-06 02:10:05.082 1511 1511 V StorageManagerService: Package com.android.modulemetadata does not have legacy storage
04-06 02:10:05.083 1511 1511 V StorageManagerService: Package com.android.certinstaller does not have legacy storage
04-06 02:10:05.083 1511 1511 V StorageManagerService: Package android does not have legacy storage
04-06 02:10:05.083 1511 1511 V StorageManagerService: Package com.qualcomm.wfd.service does not have legacy storage
04-06 02:10:05.083 1511 1511 V StorageManagerService: Package com.thundercomm.tcsetupwizard does not have legacy storage
04-06 02:10:05.083 1511 1511 V StorageManagerService: Package ts.car.uart does not have legacy storage
04-06 02:10:05.083 1511 1511 V StorageManagerService: Package com.android.egg does not have legacy storage
04-06 02:10:05.083 1511 1511 V StorageManagerService: Package com.android.mtp does not have legacy storage
04-06 02:10:05.083 1511 1511 V StorageManagerService: Package com.android.nfc does not have legacy storage
04-06 02:10:05.083 1511 1511 V StorageManagerService: Package com.android.launcher3 does not have legacy storage
04-06 02:10:05.083 1511 1511 V StorageManagerService: Package com.android.backupconfirm does not have legacy storage
04-06 02:10:05.083 1511 1511 V StorageManagerService: Package vendor.qti.qesdk.sysservice does not have legacy storage
04-06 02:10:05.083 1511 1511 V StorageManagerService: Package com.hryt.hiphishowfsecontrol does not have legacy storage
04-06 02:10:05.083 1511 1511 V StorageManagerService: Package com.android.provision does not have legacy storage
04-06 02:10:05.083 1511 1511 V StorageManagerService: Package com.thundercomm.debugtools does not have legacy storage
04-06 02:10:05.083 1511 1511 V StorageManagerService: Package android.overlay.target does not have legacy storage
04-06 02:10:05.083 1511 1511 V StorageManagerService: Package com.microsoft.emmx does not have legacy storage
04-06 02:10:05.083 1511 1511 V StorageManagerService: Package com.qti.pasrservice does not have legacy storage
04-06 02:10:05.083 1511 1511 V StorageManagerService: Package com.android.settings.intelligence does not have legacy storage
04-06 02:10:05.083 1511 1511 V StorageManagerService: Package com.android.internal.systemui.navbar.gestural_extra_wide_back does not have legacy storage
04-06 02:10:05.083 1511 1511 V StorageManagerService: Package com.qualcomm.qti.dynamicddsservice does not have legacy storage
04-06 02:10:05.083 1511 1511 V StorageManagerService: Package com.qualcomm.qti.xrvd.service does not have legacy storage
04-06 02:10:05.083 1511 1511 V StorageManagerService: Package com.android.providers.settings does not have legacy storage
04-06 02:10:05.083 1511 1511 V StorageManagerService: Package com.android.sharedstoragebackup does not have legacy storage
04-06 02:10:05.083 1511 1511 V StorageManagerService: Package com.android.printspooler does not have legacy storage
04-06 02:10:05.083 1511 1511 V StorageManagerService: Package com.qti.qualcomm.mstatssystemservice does not have legacy storage
04-06 02:10:05.083 1511 1511 V StorageManagerService: Package com.qualcomm.qti.services.systemhelper does not have legacy storage
04-06 02:10:05.083 1511 1511 V StorageManagerService: Package com.android.wifi.resources.overlay.common does not have legacy storage
04-06 02:10:05.083 1511 1511 V StorageManagerService: Package com.android.dreams.basic does not have legacy storage
04-06 02:10:05.083 1511 1511 V StorageManagerService: Package com.android.webview does not have legacy storage
04-06 02:10:05.083 1511 1511 V StorageManagerService: Package com.android.se does not have legacy storage
04-06 02:10:05.083 1511 1511 V StorageManagerService: Package com.android.inputdevices does not have legacy storage
04-06 02:10:05.083 1511 1511 V StorageManagerService: Package com.android.bips does not have legacy storage
04-06 02:10:05.083 1511 1511 V StorageManagerService: Package com.qti.dpmserviceapp does not have legacy storage
04-06 02:10:05.083 1511 1511 V StorageManagerService: Package com.thundercomm.remotecontrolservice does not have legacy storage
04-06 02:10:05.083 1511 1511 V StorageManagerService: Package com.android.musicfx does not have legacy storage
04-06 02:10:05.083 1511 1511 V StorageManagerService: Package com.android.settings.overlay.common does not have legacy storage
04-06 02:10:05.083 1511 1511 V StorageManagerService: Package com.qualcomm.qti.qccnetstat does not have legacy storage
04-06 02:10:05.084 1511 1511 V StorageManagerService: Package android.ext.shared does not have legacy storage
04-06 02:10:05.084 1511 1511 V StorageManagerService: Package com.android.onetimeinitializer does not have legacy storage
04-06 02:10:05.084 1511 1511 V StorageManagerService: Package com.android.server.telecom does not have legacy storage
04-06 02:10:05.084 1511 1511 V StorageManagerService: Package com.android.keychain does not have legacy storage
04-06 02:10:05.084 1511 1511 V StorageManagerService: Package com.qti.snapdragon.qdcm_ff does not have legacy storage
04-06 02:10:05.084 1511 1511 V StorageManagerService: Package com.android.wifi.resources.overlay.target does not have legacy storage
04-06 02:10:05.084 1511 1511 V StorageManagerService: Package com.android.printservice.recommendation does not have legacy storage
04-06 02:10:05.084 1511 1511 V StorageManagerService: Package com.android.gallery3d has legacy storage
04-06 02:10:05.084 1511 1511 V StorageManagerService: Package android.ext.services does not have legacy storage
04-06 02:10:05.084 1511 1511 V StorageManagerService: Package com.android.wifi.resources does not have legacy storage
04-06 02:10:05.084 1511 1511 V StorageManagerService: Package com.baidu.input does not have legacy storage
04-06 02:10:05.084 1511 1511 V StorageManagerService: Package com.android.systemui.overlay.common does not have legacy storage
04-06 02:10:05.084 1511 1511 V StorageManagerService: Package com.android.cameraextensions does not have legacy storage
04-06 02:10:05.084 1511 1511 V StorageManagerService: Package com.thundercomm.tcservice does not have legacy storage
04-06 02:10:05.084 1511 1511 V StorageManagerService: Package com.android.localtransport does not have legacy storage
04-06 02:10:05.084 1511 1511 V StorageManagerService: Package com.android.packageinstaller does not have legacy storage
04-06 02:10:05.084 1511 1511 V StorageManagerService: Package com.qualcomm.qti.devicestatisticsservice does not have legacy storage
04-06 02:10:05.084 1511 1511 V StorageManagerService: Package com.android.theme.font.notoserifsource does not have legacy storage
04-06 02:10:05.084 1511 1511 V StorageManagerService: Package com.android.proxyhandler does not have legacy storage
04-06 02:10:05.084 1511 1511 V StorageManagerService: Package com.android.internal.display.cutout.emulation.waterfall does not have legacy storage
04-06 02:10:05.084 1511 1511 V StorageManagerService: Package com.qualcomm.qti.workloadclassifier does not have legacy storage
04-06 02:10:05.084 1511 1511 V StorageManagerService: Package com.android.inputmethod.latin does not have legacy storage
04-06 02:10:05.084 1511 1511 V StorageManagerService: Package com.android.providers.settings.overlay does not have legacy storage
04-06 02:10:05.084 1511 1511 V StorageManagerService: Package com.android.managedprovisioning does not have legacy storage
04-06 02:10:05.084 1511 1511 V StorageManagerService: Package com.android.networkstack.tethering does not have legacy storage
04-06 02:10:05.084 1511 1511 V StorageManagerService: Package com.android.soundpicker does not have legacy storage
04-06 02:10:05.084 1511 1511 V StorageManagerService: Package com.android.dreams.phototable does not have legacy storage
04-06 02:10:05.084 1511 1511 V StorageManagerService: Package com.thundercomm.screensaver does not have legacy storage
04-06 02:10:05.084 1511 1511 V StorageManagerService: Package com.android.wallpaper.livepicker does not have legacy storage
04-06 02:10:05.084 1511 1511 V StorageManagerService: Package com.android.apps.tag does not have legacy storage
04-06 02:10:05.084 1511 1511 V StorageManagerService: Package com.android.storagemanager does not have legacy storage
04-06 02:10:05.084 1511 1511 V StorageManagerService: Package com.android.bookmarkprovider does not have legacy storage
04-06 02:10:05.084 1511 1511 V StorageManagerService: Package com.android.settings does not have legacy storage
04-06 02:10:05.084 1511 1511 V StorageManagerService: Package com.android.networkstack.permissionconfig does not have legacy storage
04-06 02:10:05.084 1511 1511 V StorageManagerService: Package com.qualcomm.location does not have legacy storage
04-06 02:10:05.084 1511 1511 V StorageManagerService: Package com.android.cts.ctsshim does not have legacy storage
04-06 02:10:05.084 1511 1511 V StorageManagerService: Package com.qti.diagservices does not have legacy storage
04-06 02:10:05.085 1511 1511 V StorageManagerService: Package com.android.vpndialogs does not have legacy storage
04-06 02:10:05.085 1511 1511 V StorageManagerService: Package com.qualcomm.location.XT does not have legacy storage
04-06 02:10:05.085 1511 1511 V StorageManagerService: Package com.android.music does not have legacy storage
04-06 02:10:05.085 1511 1511 V StorageManagerService: Package com.android.shell does not have legacy storage
04-06 02:10:05.085 1511 1511 V StorageManagerService: Package com.android.wallpaperbackup does not have legacy storage
04-06 02:10:05.085 1511 1511 V StorageManagerService: Package com.android.providers.userdictionary does not have legacy storage
04-06 02:10:05.085 1511 1511 V StorageManagerService: Package com.android.providers.media.module does not have legacy storage
04-06 02:10:05.085 1511 1511 V StorageManagerService: Package com.android.emergency does not have legacy storage
04-06 02:10:05.085 1511 1615 I am_proc_start: [0,2006,1073,com.android.networkstack.process,service,{com.android.networkstack/com.android.server.NetworkStackService}]
04-06 02:10:05.085 1511 1615 I ActivityManager: Start proc 2006:com.android.networkstack.process/1073 for service {com.android.networkstack/com.android.server.NetworkStackService}
04-06 02:10:05.085 1511 1511 V StorageManagerService: Package com.android.hotspot2.osulogin does not have legacy storage
04-06 02:10:05.085 1511 1511 V StorageManagerService: Package com.qualcomm.qti.qdma does not have legacy storage
04-06 02:10:05.086 1511 1511 V StorageManagerService: Package com.qualcomm.qti.xrcb does not have legacy storage
04-06 02:10:05.086 1511 1511 V StorageManagerService: Package com.android.internal.systemui.navbar.gestural does not have legacy storage
04-06 02:10:05.086 1511 1511 V StorageManagerService: Package com.android.location.fused does not have legacy storage
04-06 02:10:05.086 1511 1511 V StorageManagerService: Package com.android.systemui does not have legacy storage
04-06 02:10:05.086 1511 1511 V StorageManagerService: Package com.android.bluetoothmidiservice does not have legacy storage
04-06 02:10:05.086 1511 1511 V StorageManagerService: Package com.qti.ltebc does not have legacy storage
04-06 02:10:05.086 1511 1511 V StorageManagerService: Package com.android.permissioncontroller does not have legacy storage
04-06 02:10:05.086 1511 1511 V StorageManagerService: Package com.android.traceur does not have legacy storage
04-06 02:10:05.086 1511 1511 V StorageManagerService: Package com.qualcomm.qti.qccauthmgr does not have legacy storage
04-06 02:10:05.086 1511 1511 V StorageManagerService: Package com.qualcomm.qti.qms.service.trustzoneaccess does not have legacy storage
04-06 02:10:05.086 1511 1511 V StorageManagerService: Package com.qualcomm.qtil.aptxui does not have legacy storage
04-06 02:10:05.086 1511 1511 V StorageManagerService: Package com.android.bluetooth does not have legacy storage
04-06 02:10:05.086 1511 1511 V StorageManagerService: Package com.qualcomm.timeservice does not have legacy storage
04-06 02:10:05.086 1511 1511 V StorageManagerService: Package com.qualcomm.embms does not have legacy storage
04-06 02:10:05.086 1511 1511 V StorageManagerService: Package com.android.providers.contacts does not have legacy storage
04-06 02:10:05.086 1511 1511 V StorageManagerService: Package com.android.captiveportallogin does not have legacy storage
04-06 02:10:05.086 1511 1511 V StorageManagerService: Package com.android.internal.systemui.navbar.gestural_narrow_back does not have legacy storage
04-06 02:10:05.086 1511 1511 V StorageManagerService: Package com.android.cellbroadcastreceiver.overlay.common does not have legacy storage
04-06 02:10:05.086 1511 1511 I SystemServerTiming: ssm.onStartUser-0_com.android.server.usage.StorageStatsService$Lifecycle
04-06 02:10:05.087 1511 1511 I SystemServerTiming: ssm.onStartUser-0_com.android.server.UiModeManagerService
04-06 02:10:05.087 1511 1511 I SystemServerTiming: ssm.onStartUser-0_com.android.server.locksettings.LockSettingsService$Lifecycle
04-06 02:10:05.087 1511 1511 I SystemServerTiming: ssm.onStartUser-0_com.android.server.PersistentDataBlockService
04-06 02:10:05.087 1511 1511 I SystemServerTiming: ssm.onStartUser-0_com.android.server.testharness.TestHarnessModeService
04-06 02:10:05.087 1511 1511 I SystemServerTiming: ssm.onStartUser-0_com.android.server.oemlock.OemLockService
04-06 02:10:05.087 1511 1511 I SystemServerTiming: ssm.onStartUser-0_com.android.server.DeviceIdleController
04-06 02:10:05.087 1511 1511 I SystemServerTiming: ssm.onStartUser-0_com.android.server.devicepolicy.DevicePolicyManagerService$Lifecycle
04-06 02:10:05.087 1511 1511 I SystemServerTiming: ssm.onStartUser-0_com.android.server.texttospeech.TextToSpeechManagerService
04-06 02:10:05.087 1511 1511 I SystemServerTiming: ssm.onStartUser-0_com.android.server.speech.SpeechRecognitionManagerService
04-06 02:10:05.087 1511 1511 I SystemServerTiming: ssm.onStartUser-0_com.android.server.searchui.SearchUiManagerService
04-06 02:10:05.087 1511 1511 I SystemServerTiming: ssm.onStartUser-0_com.android.server.smartspace.SmartspaceManagerService
04-06 02:10:05.087 1511 1511 I SystemServerTiming: ssm.onStartUser-0_com.android.server.graphics.fonts.FontManagerService$Lifecycle
04-06 02:10:05.087 1511 1511 I SystemServerTiming: ssm.onStartUser-0_com.android.server.textservices.TextServicesManagerService$Lifecycle
04-06 02:10:05.088 1511 1511 I SystemServerTiming: ssm.onStartUser-0_com.android.server.textclassifier.TextClassificationManagerService$Lifecycle
04-06 02:10:05.088 1511 1604 D CompatibilityChangeReporter: Compat change id reported: 168936375; UID 1000; state: ENABLED
04-06 02:10:05.088 1511 1604 D CompatibilityChangeReporter: Compat change id reported: 168936375; UID 1000; state: DISABLED
04-06 02:10:05.089 1511 1511 I SystemServerTiming: ssm.onStartUser-0_com.android.server.NetworkScoreService$Lifecycle
04-06 02:10:05.089 1511 1511 I SystemServerTiming: ssm.onStartUser-0_com.android.server.wifi.WifiService
04-06 02:10:05.089 1511 1511 I SystemServerTiming: ssm.onStartUser-0_com.android.server.wifi.scanner.WifiScanningService
04-06 02:10:05.089 1511 1511 I SystemServerTiming: ssm.onStartUser-0_com.android.server.wifi.rtt.RttService
04-06 02:10:05.089 1511 1511 I SystemServerTiming: ssm.onStartUser-0_com.android.server.wifi.aware.WifiAwareService
04-06 02:10:05.089 1511 1511 I SystemServerTiming: ssm.onStartUser-0_com.android.server.wifi.p2p.WifiP2pService
04-06 02:10:05.089 1511 1511 I SystemServerTiming: ssm.onStartUser-0_com.android.server.ethernet.EthernetService
04-06 02:10:05.089 1511 1511 I SystemServerTiming: ssm.onStartUser-0_com.android.server.ConnectivityServiceInitializer
04-06 02:10:05.089 1511 1511 I SystemServerTiming: ssm.onStartUser-0_com.android.server.notification.NotificationManagerService
04-06 02:10:05.089 1511 1511 I SystemServerTiming: ssm.onStartUser-0_com.android.server.storage.DeviceStorageMonitorService
04-06 02:10:05.089 1511 1511 I SystemServerTiming: ssm.onStartUser-0_com.android.server.location.LocationManagerService$Lifecycle
04-06 02:10:05.092 1511 1613 I netstats_mobile_sample: [0,0,0,0,0,0,0,0,0,0,0,0,1680718205092]
04-06 02:10:05.092 1511 1613 I netstats_wifi_sample: [0,0,0,0,0,0,0,0,0,0,0,0,1680718205092]
04-06 02:10:05.094 1511 1511 I SystemServerTiming: ssm.onStartUser-0_com.android.server.timedetector.TimeDetectorService$Lifecycle
04-06 02:10:05.094 1511 1511 I SystemServerTiming: ssm.onStartUser-0_com.android.server.timezonedetector.TimeZoneDetectorService$Lifecycle
04-06 02:10:05.095 1511 1511 I SystemServerTiming: ssm.onStartUser-0_com.android.server.timezonedetector.location.LocationTimeZoneManagerService$Lifecycle
04-06 02:10:05.095 1511 1511 I SystemServerTiming: ssm.onStartUser-0_com.android.server.search.SearchManagerService$Lifecycle
04-06 02:10:05.095 1511 1511 I SystemServerTiming: ssm.onStartUser-0_com.android.server.wallpaper.WallpaperManagerService$Lifecycle
04-06 02:10:05.095 1511 1511 I SystemServerTiming: ssm.onStartUser-0_com.android.server.audio.AudioService$Lifecycle
04-06 02:10:05.095 1511 1511 I SystemServerTiming: ssm.onStartUser-0_com.android.server.soundtrigger_middleware.SoundTriggerMiddlewareService$Lifecycle
04-06 02:10:05.095 1511 1511 I SystemServerTiming: ssm.onStartUser-0_com.android.server.DockObserver
04-06 02:10:05.095 1511 1511 I SystemServerTiming: ssm.onStartUser-0_com.android.server.midi.MidiService$Lifecycle
04-06 02:10:05.095 1511 1511 I SystemServerTiming: ssm.onStartUser-0_com.android.server.adb.AdbService$Lifecycle
04-06 02:10:05.095 1511 1511 I SystemServerTiming: ssm.onStartUser-0_com.android.server.usb.UsbService$Lifecycle
04-06 02:10:05.095 1511 1511 I SystemServerTiming: ssm.onStartUser-0_com.android.server.twilight.TwilightService
04-06 02:10:05.095 1511 1511 I SystemServerTiming: ssm.onStartUser-0_com.android.server.display.color.ColorDisplayService
04-06 02:10:05.095 1511 1511 I SystemServerTiming: ssm.onStartUser-0_com.android.server.job.JobSchedulerService
04-06 02:10:05.095 1511 1511 I SystemServerTiming: ssm.onStartUser-0_com.android.server.soundtrigger.SoundTriggerService
04-06 02:10:05.095 1511 1511 I SystemServerTiming: ssm.onStartUser-0_com.android.server.trust.TrustManagerService
04-06 02:10:05.095 1511 1511 I SystemServerTiming: ssm.onStartUser-0_com.android.server.backup.BackupManagerService$Lifecycle
04-06 02:10:05.095 1511 1511 I SystemServerTiming: ssm.onStartUser-0_com.android.server.appwidget.AppWidgetService
04-06 02:10:05.095 1511 1511 I SystemServerTiming: ssm.onStartUser-0_com.android.server.voiceinteraction.VoiceInteractionManagerService
04-06 02:10:05.096 1511 1511 W VoiceInteractionManager: no available voice recognition services found for user 0
04-06 02:10:05.096 1511 1511 I SystemServerTiming: ssm.onStartUser-0_com.android.server.apphibernation.AppHibernationService
04-06 02:10:05.096 1511 1511 I SystemServerTiming: ssm.onStartUser-0_com.android.server.SensorNotificationService
04-06 02:10:05.096 1511 1511 I SystemServerTiming: ssm.onStartUser-0_com.android.server.emergency.EmergencyAffordanceService
04-06 02:10:05.096 1511 1511 I SystemServerTiming: ssm.onStartUser-0_com.android.server.blob.BlobStoreManagerService
04-06 02:10:05.096 1511 1511 I SystemServerTiming: ssm.onStartUser-0_com.android.server.dreams.DreamManagerService
04-06 02:10:05.096 1511 1511 I SystemServerTiming: ssm.onStartUser-0_com.android.server.companion.CompanionDeviceManagerService
04-06 02:10:05.096 1511 1511 I SystemServerTiming: ssm.onStartUser-0_com.android.server.restrictions.RestrictionsManagerService
04-06 02:10:05.096 1511 1511 I SystemServerTiming: ssm.onStartUser-0_com.android.server.media.MediaSessionService
04-06 02:10:05.096 1511 1511 I SystemServerTiming: ssm.onStartUser-0_com.android.server.media.MediaResourceMonitorService
04-06 02:10:05.096 1511 1511 I SystemServerTiming: ssm.onStartUser-0_com.android.server.biometrics.sensors.fingerprint.FingerprintService
04-06 02:10:05.096 1511 1511 I SystemServerTiming: ssm.onStartUser-0_com.android.server.biometrics.BiometricService
04-06 02:10:05.096 1511 1511 I SystemServerTiming: ssm.onStartUser-0_com.android.server.biometrics.AuthService
04-06 02:10:05.096 1511 1511 I SystemServerTiming: ssm.onStartUser-0_com.android.server.pm.ShortcutService$Lifecycle
04-06 02:10:05.096 1511 1511 I SystemServerTiming: ssm.onStartUser-0_com.android.server.pm.LauncherAppsService
04-06 02:10:05.096 1511 1511 I SystemServerTiming: ssm.onStartUser-0_com.android.server.pm.CrossProfileAppsService
04-06 02:10:05.096 1511 1511 I SystemServerTiming: ssm.onStartUser-0_com.android.server.people.PeopleService
04-06 02:10:05.096 1511 1511 I SystemServerTiming: ssm.onStartUser-0_com.android.server.media.metrics.MediaMetricsManagerService
04-06 02:10:05.096 1511 1511 I SystemServerTiming: ssm.onStartUser-0_com.android.server.media.projection.MediaProjectionManagerService
04-06 02:10:05.096 1511 1511 I SystemServerTiming: ssm.onStartUser-0_com.android.server.slice.SliceManagerService$Lifecycle
04-06 02:10:05.096 1511 1511 I SystemServerTiming: ssm.onStartUser-0_com.android.server.stats.StatsCompanion$Lifecycle
04-06 02:10:05.096 1511 1511 I SystemServerTiming: ssm.onStartUser-0_com.android.server.scheduling.RebootReadinessManagerService$Lifecycle
04-06 02:10:05.096 1511 1511 I SystemServerTiming: ssm.onStartUser-0_com.android.server.stats.pull.StatsPullAtomService
04-06 02:10:05.096 1511 1511 I SystemServerTiming: ssm.onStartUser-0_com.android.server.incident.IncidentCompanionService
04-06 02:10:05.096 1511 1511 I SystemServerTiming: ssm.onStartUser-0_com.android.server.MmsServiceBroker
04-06 02:10:05.096 1511 1511 I SystemServerTiming: ssm.onStartUser-0_com.android.server.autofill.AutofillManagerService
04-06 02:10:05.096 1511 1511 I SystemServerTiming: ssm.onStartUser-0_com.android.server.clipboard.ClipboardService
04-06 02:10:05.096 1511 1511 I SystemServerTiming: ssm.onStartUser-0_com.android.server.appbinding.AppBindingService$Lifecycle
04-06 02:10:05.097 1511 1511 W AppBindingService: [Default SMS app] u0 Target package not found
04-06 02:10:05.097 1511 1511 I SystemServerTiming: ssm.onStartUser-0_com.android.server.tracing.TracingServiceProxy
04-06 02:10:05.097 1511 1511 I SystemServerTiming: ssm.onStartUser-0_com.android.server.policy.PermissionPolicyService
04-06 02:10:05.097 1511 1511 I SystemServerTiming: ssm.onStartUser-0_com.android.server.pm.StagingManager$Lifecycle
04-06 02:10:05.097 1511 1511 I SystemServerTiming: ssm.onStartUser-0_com.android.server.app.GameManagerService$Lifecycle
01-01 08:12:44.047 0 0 I binder : 2004:2004 ioctl 40046210 ffbe8758 returned -22
04-06 02:10:05.101 1511 1990 I am_proc_bound: [0,2004,WebViewLoader-armeabi-v7a]
04-06 02:10:05.102 1511 1990 I am_uid_active: 1037
01-01 08:12:44.055 0 0 I binder : 2005:2005 ioctl 40046210 7fe5c1ab14 returned -22
04-06 02:10:05.106 1511 1511 V GameManagerService: Settings file doesn't exists, skip reading
04-06 02:10:05.106 1511 1511 I SystemServerTiming: ssm.onStartUser-0_com.android.server.appsearch.AppSearchManagerService
04-06 02:10:05.106 1511 1511 I SystemServerTiming: ssm.onStartUser-0_com.android.server.media.MediaCommunicationService
01-01 08:12:44.058 0 0 I binder : 2006:2006 ioctl 40046210 7fe5c1ab14 returned -22
04-06 02:10:05.110 1511 1990 I wm_task_created: [2,-1]
04-06 02:10:05.111 1511 1511 I SystemServerTiming: startPersistentApps
01-01 08:12:44.062 0 0 I binder : 1204:1204 ioctl 40046210 7fc639a0e4 returned -22
04-06 02:10:05.113 1511 1990 I wm_task_created: [3,-1]
04-06 02:10:05.113 1511 1613 I netstats_mobile_sample: [0,0,0,0,0,0,0,0,0,0,0,0,1680718205113]
04-06 02:10:05.113 1511 1613 I netstats_wifi_sample: [0,0,0,0,0,0,0,0,0,0,0,0,1680718205113]
04-06 02:10:05.114 1511 1511 D CompatibilityChangeReporter: Compat change id reported: 135634846; UID 1000; state: DISABLED
04-06 02:10:05.114 1511 1511 D CompatibilityChangeReporter: Compat change id reported: 177438394; UID 1000; state: DISABLED
04-06 02:10:05.114 1511 1511 D CompatibilityChangeReporter: Compat change id reported: 135772972; UID 1000; state: DISABLED
04-06 02:10:05.114 1511 1511 D CompatibilityChangeReporter: Compat change id reported: 135754954; UID 1000; state: ENABLED
04-06 02:10:05.116 1511 1511 I am_uid_running: 1001
04-06 02:10:05.116 1511 1511 D CompatibilityChangeReporter: Compat change id reported: 135634846; UID 1001; state: DISABLED
04-06 02:10:05.116 1511 1511 D CompatibilityChangeReporter: Compat change id reported: 177438394; UID 1001; state: DISABLED
04-06 02:10:05.116 1511 1511 D CompatibilityChangeReporter: Compat change id reported: 135772972; UID 1001; state: DISABLED
04-06 02:10:05.117 1511 1511 D CompatibilityChangeReporter: Compat change id reported: 135754954; UID 1001; state: ENABLED
04-06 02:10:05.117 1511 1511 I am_uid_running: 10054
04-06 02:10:05.117 1511 1511 D CompatibilityChangeReporter: Compat change id reported: 135634846; UID 10054; state: DISABLED
04-06 02:10:05.117 1511 1511 D CompatibilityChangeReporter: Compat change id reported: 177438394; UID 10054; state: DISABLED
04-06 02:10:05.117 1511 1511 D CompatibilityChangeReporter: Compat change id reported: 135772972; UID 10054; state: DISABLED
04-06 02:10:05.117 1511 1511 D CompatibilityChangeReporter: Compat change id reported: 135754954; UID 10054; state: DISABLED
01-01 08:12:44.067 0 0 E init : Control message: Could not find 'vendor.qti.hardware.iop@2.0::IIop/default' for ctl.interface_start from pid: 506 (/system/bin/hwservicemanager)
04-06 02:10:05.120 1511 1545 W PackageManager: Loading a package that does not exist for the calling user. package=null, user=0
04-06 02:10:05.122 1511 1511 I am_uid_running: 10086
04-06 02:10:05.124 1511 1511 D CompatibilityChangeReporter: Compat change id reported: 135634846; UID 10086; state: DISABLED
04-06 02:10:05.124 1511 1511 D CompatibilityChangeReporter: Compat change id reported: 177438394; UID 10086; state: DISABLED
04-06 02:10:05.124 1511 1511 D CompatibilityChangeReporter: Compat change id reported: 135772972; UID 10086; state: DISABLED
04-06 02:10:05.124 1511 1511 D CompatibilityChangeReporter: Compat change id reported: 135754954; UID 10086; state: DISABLED
04-06 02:10:05.124 1511 1511 I am_uid_running: 1068
04-06 02:10:05.124 1511 1511 D CompatibilityChangeReporter: Compat change id reported: 135634846; UID 1068; state: DISABLED
04-06 02:10:05.126 1511 1511 I am_uid_running: 10067
04-06 02:10:05.127 1511 1511 D CompatibilityChangeReporter: Compat change id reported: 135634846; UID 10067; state: DISABLED
04-06 02:10:05.127 1511 1511 D CompatibilityChangeReporter: Compat change id reported: 177438394; UID 10067; state: DISABLED
04-06 02:10:05.127 1511 1511 D CompatibilityChangeReporter: Compat change id reported: 135772972; UID 10067; state: DISABLED
04-06 02:10:05.127 1511 1511 D CompatibilityChangeReporter: Compat change id reported: 135754954; UID 10067; state: ENABLED
04-06 02:10:05.127 1511 1613 I netstats_mobile_sample: [0,0,0,0,0,0,0,0,0,0,0,0,1680718205127]
04-06 02:10:05.127 1511 1613 I netstats_wifi_sample: [0,0,0,0,0,0,0,0,0,0,0,0,1680718205127]
04-06 02:10:05.128 1511 1511 I SystemServerTiming: startHomeOnAllDisplays
04-06 02:10:05.129 1511 1511 I ActivityTaskManager: START u0 {act=android.intent.action.MAIN cat=[android.intent.category.HOME] flg=0x10000100 cmp=com.android.settings/.FallbackHome (has extras)} from uid 0
04-06 02:10:05.132 1511 1613 I netstats_mobile_sample: [0,0,0,0,0,0,0,0,0,0,0,0,1680718205132]
04-06 02:10:05.132 1511 1613 I netstats_wifi_sample: [0,0,0,0,0,0,0,0,0,0,0,0,1680718205132]
04-06 02:10:05.138 1511 1511 D CompatibilityChangeReporter: Compat change id reported: 174042980; UID 1000; state: DISABLED
01-01 08:12:44.089 0 0 I binder : 2054:2054 ioctl 40046210 7fe5c1ab14 returned -22
04-06 02:10:05.140 1511 1613 I netstats_mobile_sample: [0,0,0,0,0,0,0,0,0,0,0,0,1680718205140]
04-06 02:10:05.140 1511 1613 I netstats_wifi_sample: [0,0,0,0,0,0,0,0,0,0,0,0,1680718205140]
04-06 02:10:05.141 1511 1511 I wm_task_created: [4,-1]
04-06 02:10:05.142 1511 1511 I wm_task_moved: [4,1,2147483647]
04-06 02:10:05.142 1511 1511 I wm_task_moved: [1,1,2]
04-06 02:10:05.143 1511 1511 I wm_create_task: [0,4]
04-06 02:10:05.143 1511 1511 I wm_create_activity: [0,155854808,4,com.android.settings/.FallbackHome,android.intent.action.MAIN,NULL,NULL,276824320]
04-06 02:10:05.143 1511 1511 I wm_task_moved: [1,1,2]
04-06 02:10:05.143 1511 1511 I wm_task_moved: [4,1,2147483647]
04-06 02:10:05.143 1511 1511 I wm_task_to_front: [0,4]
01-01 08:12:44.093 0 0 E init : Control message: Could not find 'vendor.qti.hardware.iop@2.0::IIop/default' for ctl.interface_start from pid: 506 (/system/bin/hwservicemanager)
04-06 02:10:05.147 1511 1613 I netstats_mobile_sample: [0,0,0,0,0,0,0,0,0,0,0,0,1680718205146]
04-06 02:10:05.147 1511 1613 I netstats_wifi_sample: [0,0,0,0,0,0,0,0,0,0,0,0,1680718205146]
04-06 02:10:05.148 1511 2079 W ContextImpl: Calling a method in the system process without a qualified user: android.app.ContextImpl.bindService:1895 android.content.ContextWrapper.bindService:810 com.qualcomm.qti.activityextension.ActivityNotifier.bindToDynamicDDSService:103 com.qualcomm.qti.activityextension.ActivityNotifier.handleSendActivityInvokeNotification:184 com.qualcomm.qti.activityextension.ActivityNotifier.access$300:26
04-06 02:10:05.149 1511 1511 D CompatibilityChangeReporter: Compat change id reported: 168419799; UID 1000; state: DISABLED
04-06 02:10:05.149 1511 1613 I netstats_mobile_sample: [0,0,0,0,0,0,0,0,0,0,0,0,1680718205149]
04-06 02:10:05.149 1511 1613 I netstats_wifi_sample: [0,0,0,0,0,0,0,0,0,0,0,0,1680718205149]
04-06 02:10:05.149 1511 1511 I ActivityTaskManager: FOREGROUND_APPLICATION_CHANGED to com.android.settings.FallbackHome
04-06 02:10:05.150 1511 1511 I SystemServerTiming: showSystemReadyErrorDialogs
04-06 02:10:05.152 1511 1613 I netstats_mobile_sample: [0,0,0,0,0,0,0,0,0,0,0,0,1680718205152]
04-06 02:10:05.152 1511 1613 I netstats_wifi_sample: [0,0,0,0,0,0,0,0,0,0,0,0,1680718205152]
04-06 02:10:05.154 1511 1613 I netstats_mobile_sample: [0,0,0,0,0,0,0,0,0,0,0,0,1680718205154]
04-06 02:10:05.154 1511 1613 I netstats_wifi_sample: [0,0,0,0,0,0,0,0,0,0,0,0,1680718205154]
04-06 02:10:05.156 1511 1613 I netstats_mobile_sample: [0,0,0,0,0,0,0,0,0,0,0,0,1680718205156]
04-06 02:10:05.156 1511 1613 I netstats_wifi_sample: [0,0,0,0,0,0,0,0,0,0,0,0,1680718205156]
04-06 02:10:05.157 1511 1613 I netstats_mobile_sample: [0,0,0,0,0,0,0,0,0,0,0,0,1680718205157]
04-06 02:10:05.157 1511 1613 I netstats_wifi_sample: [0,0,0,0,0,0,0,0,0,0,0,0,1680718205157]
04-06 02:10:05.162 1511 1613 I netstats_mobile_sample: [0,0,0,0,0,0,0,0,0,0,0,0,1680718205162]
04-06 02:10:05.162 1511 1613 I netstats_wifi_sample: [0,0,0,0,0,0,0,0,0,0,0,0,1680718205162]
04-06 02:10:05.164 1511 1613 I netstats_mobile_sample: [0,0,0,0,0,0,0,0,0,0,0,0,1680718205164]
04-06 02:10:05.164 1511 1613 I netstats_wifi_sample: [0,0,0,0,0,0,0,0,0,0,0,0,1680718205164]
04-06 02:10:05.173 1511 1613 I netstats_mobile_sample: [0,0,0,0,0,0,0,0,0,0,0,0,1680718205173]
04-06 02:10:05.173 1511 1613 I netstats_wifi_sample: [0,0,0,0,0,0,0,0,0,0,0,0,1680718205173]
04-06 02:10:05.173 1511 1613 D TelephonyRegistry: listen oscl: mHasNotifySubscriptionInfoChangedOccurred==false no callback
04-06 02:10:05.174 1511 1613 D CountryDetector: Using custom country detector class: com.android.server.location.ComprehensiveCountryDetector
04-06 02:10:05.174 1511 1613 E CountryDetector: Could not instantiate the custom country detector class
04-06 02:10:05.174 1511 1613 D CountryDetector: Using default country detector
04-06 02:10:05.178 1511 1511 I SystemServerTiming: sendUserStartBroadcast
04-06 02:10:05.178 1511 1511 I SystemServerTiming: resumeTopActivities
04-06 02:10:05.179 1511 1511 I SystemServerTiming: sendUserSwitchBroadcasts
04-06 02:10:05.179 1511 1511 I uc_send_user_broadcast: [0,android.intent.action.USER_FOREGROUND]
04-06 02:10:05.179 1511 1511 I uc_send_user_broadcast: [0,android.intent.action.USER_SWITCHED]
04-06 02:10:05.179 1511 1511 I SystemServerTiming: setBinderProxies
04-06 02:10:05.179 1511 1511 I SystemServerTiming: StartSystemUI
04-06 02:10:05.180 1511 1777 W ActivityManager: No pending application record for pid 2006 (IApplicationThread android.app.IApplicationThread$Stub$Proxy@cf0f3dd); dropping process
04-06 02:10:05.180 1511 1777 I am_drop_process: 2006
04-06 02:10:05.181 1511 1615 W ActivityManager: Slow operation: 69ms so far, now at startProcess: done updating battery stats
04-06 02:10:05.181 1511 1615 I am_proc_start: [0,2054,1000,com.thundercomm.gamemode,added application,com.thundercomm.gamemode]
04-06 02:10:05.181 1511 1615 W ActivityManager: Slow operation: 69ms so far, now at startProcess: building log message
04-06 02:10:05.181 1511 1615 I ActivityManager: Start proc 2054:com.thundercomm.gamemode/1000 for added application com.thundercomm.gamemode
04-06 02:10:05.181 1511 1615 W ActivityManager: Slow operation: 69ms so far, now at startProcess: starting to update pids map
04-06 02:10:05.181 1511 1615 W ActivityManager: Slow operation: 69ms so far, now at startProcess: done updating pids map
04-06 02:10:05.181 1511 1615 W ActivityManager: Slow operation: 67ms so far, now at startProcess: asking zygote to start proc
04-06 02:10:05.183 1511 2056 I am_proc_bound: [0,2054,com.thundercomm.gamemode]
04-06 02:10:05.184 1511 1615 W ActivityManager: Slow operation: 70ms so far, now at startProcess: returned from zygote!
04-06 02:10:05.179 1178 1178 I auditd : type=1400 audit(0.0:240): avc: denied { getattr } for comm="cnss_diag" path="/data/vendor/wifi/wlan_logs" dev="dm-10" ino=373 scontext=u:r:vendor_wcnss_service:s0 tcontext=u:object_r:vendor_wifi_vendor_log_data_file:s0 tclass=dir permissive=0
04-06 02:10:05.183 1178 1178 I auditd : type=1400 audit(0.0:241): avc: denied { read } for comm="cnss_diag" name="wlan_logs" dev="dm-10" ino=373 scontext=u:r:vendor_wcnss_service:s0 tcontext=u:object_r:vendor_wifi_vendor_log_data_file:s0 tclass=dir permissive=0
04-06 02:10:05.183 1178 1178 I auditd : type=1400 audit(0.0:242): avc: denied { search } for comm="cnss_diag" name="wlan_logs" dev="dm-10" ino=373 scontext=u:r:vendor_wcnss_service:s0 tcontext=u:object_r:vendor_wifi_vendor_log_data_file:s0 tclass=dir permissive=0
04-06 02:10:05.189 1511 2078 I ActivityManager: Process WebViewLoader-armeabi-v7a (pid 2004) has died: psvc PER
04-06 02:10:05.189 1511 2078 I am_proc_died: [0,2004,WebViewLoader-armeabi-v7a,-700,0]
04-06 02:10:05.190 1511 2079 W ContextImpl: Calling a method in the system process without a qualified user: android.app.ContextImpl.bindService:1895 android.content.ContextWrapper.bindService:810 com.qualcomm.qti.activityextension.ActivityNotifier.bindToDynamicDDSService:103 com.qualcomm.qti.activityextension.ActivityNotifier.handleSendActivityInvokeNotification:184 com.qualcomm.qti.activityextension.ActivityNotifier.access$300:26
04-06 02:10:05.191 1511 2078 I am_low_memory: 4
04-06 02:10:05.193 1511 1544 I am_proc_bound: [0,2005,WebViewLoader-arm64-v8a]
04-06 02:10:05.194 1511 1544 D CompatibilityChangeReporter: Compat change id reported: 181136395; UID 1000; state: DISABLED
04-06 02:10:05.194 1511 1544 D CompatibilityChangeReporter: Compat change id reported: 174042936; UID 1000; state: DISABLED
01-01 08:12:44.144 0 0 I msm_vidc: high: 00000001: ....d: Opening video instance: 0000000000000000, 1
01-01 08:12:44.144 0 0 I msm_vidc: err : 00000001: ....d: Failed to create debugfs for msm_vidc
01-01 08:12:44.144 0 0 I binder : undelivered TRANSACTION_COMPLETE
01-01 08:12:44.144 0 0 I binder : undelivered transaction 16623, process died.
01-01 08:12:44.145 0 0 E init : Control message: Could not find 'vendor.qti.hardware.iop@2.0::IIop/default' for ctl.interface_start from pid: 506 (/system/bin/hwservicemanager)
04-06 02:10:05.197 1511 1511 I SystemServerTiming: startMicroService
04-06 02:10:05.198 1511 1511 I SystemServerTiming: startRemoteControlService
04-06 02:10:05.198 1511 1511 I SystemServerTiming: startTcService
04-06 02:10:05.198 1511 1511 I SystemServerTiming: startBoostPerfService
04-06 02:10:05.198 1511 1615 W ActivityManager: Slow operation: 84ms so far, now at startProcess: done updating battery stats
04-06 02:10:05.198 1511 1615 I am_proc_start: [0,2097,1000,com.thundercomm.microservice,added application,com.thundercomm.microservice]
04-06 02:10:05.198 1511 1615 W ActivityManager: Slow operation: 84ms so far, now at startProcess: building log message
04-06 02:10:05.198 1511 1615 I ActivityManager: Start proc 2097:com.thundercomm.microservice/1000 for added application com.thundercomm.microservice
04-06 02:10:05.198 1511 1615 W ActivityManager: Slow operation: 84ms so far, now at startProcess: starting to update pids map
04-06 02:10:05.199 1511 1615 W ActivityManager: Slow operation: 84ms so far, now at startProcess: done updating pids map
04-06 02:10:05.199 1511 1615 W ActivityManager: Slow operation: 83ms so far, now at startProcess: asking zygote to start proc
04-06 02:10:05.200 1511 2079 W ContextImpl: Calling a method in the system process without a qualified user: android.app.ContextImpl.bindService:1895 android.content.ContextWrapper.bindService:810 com.qualcomm.qti.activityextension.ActivityNotifier.bindToDynamicDDSService:103 com.qualcomm.qti.activityextension.ActivityNotifier.handleSendActivityInvokeNotification:184 com.qualcomm.qti.activityextension.ActivityNotifier.access$300:26
04-06 02:10:05.200 1511 1607 D CompatibilityChangeReporter: Compat change id reported: 135634846; UID 1000; state: DISABLED
04-06 02:10:05.200 1511 1607 D CompatibilityChangeReporter: Compat change id reported: 177438394; UID 1000; state: DISABLED
04-06 02:10:05.200 1511 1607 D CompatibilityChangeReporter: Compat change id reported: 135772972; UID 1000; state: DISABLED
04-06 02:10:05.200 1511 1607 D CompatibilityChangeReporter: Compat change id reported: 135754954; UID 1000; state: ENABLED
04-06 02:10:05.206 1511 1545 W PackageManager: Loading a package that does not exist for the calling user. package=null, user=0
04-06 02:10:05.208 1511 1615 W ActivityManager: Slow operation: 93ms so far, now at startProcess: returned from zygote!
04-06 02:10:05.208 1511 1615 W ActivityManager: Slow operation: 93ms so far, now at startProcess: done updating battery stats
04-06 02:10:05.208 1511 1615 I am_proc_start: [0,2111,1000,com.thundercomm.microsettings,added application,com.thundercomm.microsettings]
04-06 02:10:05.208 1511 1615 W ActivityManager: Slow operation: 93ms so far, now at startProcess: building log message
04-06 02:10:05.208 1511 1615 I ActivityManager: Start proc 2111:com.thundercomm.microsettings/1000 for added application com.thundercomm.microsettings
04-06 02:10:05.208 1511 1615 W ActivityManager: Slow operation: 93ms so far, now at startProcess: starting to update pids map
04-06 02:10:05.209 1511 1615 W ActivityManager: Slow operation: 94ms so far, now at startProcess: done updating pids map
04-06 02:10:05.209 1511 1615 W ActivityManager: Slow operation: 93ms so far, now at startProcess: asking zygote to start proc
04-06 02:10:05.211 1511 1511 W Looper : Slow delivery took 1920ms main h=android.app.PropertyInvalidatedCache$AutoCorker$1 c=null m=0
01-01 08:12:44.162 0 0 I binder : 2097:2097 ioctl 40046210 7fe5c1ab14 returned -22
04-06 02:10:05.216 1511 1777 I am_proc_bound: [0,2097,com.thundercomm.microservice]
04-06 02:10:05.216 1511 1777 D CompatibilityChangeReporter: Compat change id reported: 168419799; UID 1000; state: DISABLED
04-06 02:10:05.216 1511 1676 I commit_sys_config_file: [settings-0-0,10]
04-06 02:10:05.222 1511 1511 D ConditionProviders.SCP: onConnected
04-06 02:10:05.223 1511 1615 W ActivityManager: Slow operation: 107ms so far, now at startProcess: returned from zygote!
04-06 02:10:05.223 1511 1511 I GameModeConfig: isGameModeOn = false
04-06 02:10:05.223 1511 1615 W ActivityManager: Slow operation: 107ms so far, now at startProcess: done updating battery stats
04-06 02:10:05.223 1511 1615 I am_proc_start: [0,2129,1001,.dataservices,added application,.dataservices]
04-06 02:10:05.223 1511 1615 W ActivityManager: Slow operation: 107ms so far, now at startProcess: building log message
04-06 02:10:05.223 1511 1615 I ActivityManager: Start proc 2129:.dataservices/1001 for added application .dataservices
04-06 02:10:05.223 1511 1615 W ActivityManager: Slow operation: 107ms so far, now at startProcess: starting to update pids map
04-06 02:10:05.223 1511 1615 W ActivityManager: Slow operation: 107ms so far, now at startProcess: done updating pids map
04-06 02:10:05.223 1511 1615 W ActivityManager: Slow operation: 106ms so far, now at startProcess: asking zygote to start proc
04-06 02:10:05.223 1511 1615 D CompatibilityChangeReporter: Compat change id reported: 143937733; UID 10054; state: DISABLED
04-06 02:10:05.223 1511 1511 D ConditionProviders: Subscribing to condition://android/event?userId=-10000&calendar=&reply=1 with ComponentInfo{android/com.android.server.notification.EventConditionProvider}
04-06 02:10:05.224 1511 1511 D ConditionProviders: Subscribing to condition://android/schedule?days=1.2.3.4.5.6.7&start=22.0&end=7.0&exitAtAlarm=true with ComponentInfo{android/com.android.server.notification.ScheduleConditionProvider}
04-06 02:10:05.224 1511 1511 I notification_cancel_all: [1000,1511,android,0,0,0,20,NULL]
04-06 02:10:05.228 1511 1511 I am_uid_running: 10098
04-06 02:10:05.228 1511 1615 W ActivityManager: Slow operation: 111ms so far, now at startProcess: returned from zygote!
04-06 02:10:05.228 1511 1511 D CompatibilityChangeReporter: Compat change id reported: 135634846; UID 10098; state: DISABLED
04-06 02:10:05.228 1511 1511 D CompatibilityChangeReporter: Compat change id reported: 177438394; UID 10098; state: DISABLED
