04-06 02:11:51.557 1511 1613 I am_pss : [2439,10072,com.thundercomm.gamemode.provider,7670784,5767168,0,96231424,0,19,5]
04-06 02:11:51.562 1511 1613 I am_pss : [2845,10085,com.qualcomm.qti.workloadclassifier,8449024,6799360,0,94052352,0,0,5]
04-06 02:11:51.568 1511 1613 I am_pss : [2831,10092,com.qualcomm.qti.qccnetstat,5947392,4259840,0,92041216,0,0,5]
04-06 02:11:51.573 1511 1613 I am_pss : [2819,10080,com.qualcomm.qti.services.systemhelper:systemhelper_service,6245376,4472832,0,94232576,0,0,5]
04-06 02:11:51.579 1511 1613 I am_pss : [2791,10055,.pasr,5226496,3637248,0,89559040,0,0,5]
04-06 02:11:51.584 1511 1613 I am_pss : [2738,1000,com.hryt.hiphishowfsecontrol,14537728,12320768,0,106745856,0,0,5]
04-06 02:11:51.591 1511 1613 I am_pss : [2728,10091,com.hht.lebocast,34903040,15503360,0,111091712,0,0,6]
04-06 02:11:51.597 1511 1613 I am_pss : [2735,10060,ts.car.uart,6045696,4452352,0,90779648,0,0,5]
01-01 08:14:30.547 0 0 I init : starting service 'hht_ota_mgr_service'...
04-06 02:11:51.602 1511 1613 I am_pss : [3054,10067,com.qualcomm.qti.devicestatisticsservice,5213184,3624960,0,89419776,0,0,5]
04-06 02:11:51.609 1511 1613 I am_pss : [2399,1000,com.qualcomm.qti.qdma,9546752,6524928,0,106283008,0,0,6]
04-06 02:11:51.613 3842 3842 I Perf : Connecting to perf service.
04-06 02:11:51.615 1511 1613 I am_pss : [2375,1000,com.thundercomm.tcservice,8257536,6410240,0,96813056,0,0,5]
04-06 02:11:51.617 3842 3842 V GraphicsEnvironment: ANGLE Developer option for 'com.thundercomm.screensaver' set to: 'default'
04-06 02:11:51.618 3842 3842 V GraphicsEnvironment: ANGLE GameManagerService for com.thundercomm.screensaver: false
04-06 02:11:51.618 3842 3842 D NetworkSecurityConfig: Using Network Security Config from resource network_security_config debugBuild: false
04-06 02:11:51.620 3842 3842 D NetworkSecurityConfig: Using Network Security Config from resource network_security_config debugBuild: false
04-06 02:11:51.620 1511 1613 I am_pss : [2354,1000,com.thundercomm.remotecontrolservice,9584640,7258112,0,102129664,0,0,5]
04-06 02:11:51.623 3842 3842 I ScreenSaver_12: [ScreenSaverApplication] onCreate
04-06 02:11:51.626 1511 1613 I am_pss : [2333,1068,com.android.se,5643264,3993600,0,91860992,0,0,5]
04-06 02:11:51.629 3856 3856 E vota : [fdded4f8]: [vota]: init: ..
04-06 02:11:51.629 3856 3856 E vota : [fdded4f8]: [vota]: [warning]: the java machine be not inited, please pass it to the tb_init function! at tb_android_init_env(): 43, src/vota/platform/android/android.c
04-06 02:11:51.630 3856 3856 E vota : [fdded4f8]: [vota]: version: tbox_v1_6_7_202302251411_arm64-v8a_elf by Android (8481493, based on r416183c2) Clang 12.0.9 (https://android.googlesource.com/toolchain/llvm-project c935d99d7cf2016289302412d708641d52d2f7ee)
04-06 02:11:51.630 3856 3856 E vota : [fdded4f8]: [vota]: init: ok
04-06 02:11:51.630 3856 3856 E vota : [fdded4f8]: [vota]: [scheduler]: start ..
04-06 02:11:51.630 3856 3856 E vota : [fdded4f8]: [vota]: [coroutine]: init 0x70fc808158
04-06 02:11:51.630 3856 3856 E vota : [fdded4f8]: [vota]: [scheduler]: start ok
04-06 02:11:51.630 3856 3856 E vota : [fdded4f8]: [vota]: [scheduler]: switch to coroutine(0x70fc808158) from coroutine(0x70fc8fdca0)
04-06 02:11:51.630 3856 3856 E vota : [fdded4f8]: [vota]: [coroutine]: entry: 0x70fc808158 stack: 0x70fc8081b8 - 0x70fc8481b8 from coroutine(0x70fc8fdca0)
04-06 02:11:51.631 3856 3856 I hiphi_update_api: Hh_GetVersion calling ......
04-06 02:11:51.631 3856 3856 I hiphi_update_api: get version:01.00.0089.C102
04-06 02:11:51.631 3856 3856 I hiphi_update_api: Hh_GetVersion ret:0
04-06 02:11:51.632 1511 1613 I am_pss : [2267,10086,com.qti.qualcomm.mstatssystemservice,5339136,3743744,0,90275840,0,0,6]
04-06 02:11:51.638 1511 1613 I am_pss : [2140,1000,com.thundercomm.tchttpserver,7745536,5992448,0,94793728,0,0,5]
04-06 02:11:51.640 3842 3842 D ScreenSaver_12: [ScreensaverManager] connect:109 start connect screensaver service...
04-06 02:11:51.640 3842 3842 D ScreenSaver_12: [ScreensaverManager] bindService:114 start bindService
04-06 02:11:51.642 1511 1700 D CompatibilityInfo: mCompatibilityFlags - 4
04-06 02:11:51.642 1511 1700 D CompatibilityInfo: applicationDensity - 240
04-06 02:11:51.642 1511 1700 D CompatibilityInfo: applicationScale - 1.0
04-06 02:11:51.643 3842 3842 D ScreenSaver_12: [ScreensaverManager] bindService:121 bindService mIsBind: true
04-06 02:11:51.644 1511 1613 I am_pss : [2212,1000,vendor.qti.qesdk.sysservice,5472256,3780608,0,91918336,0,0,5]
04-06 02:11:51.647 3842 3842 I ScreenSaver_12: [AlbumSettings] readSubscribedThemesLocked readSubscribedThemesLocked.size: 0
04-06 02:11:51.647 3842 3842 I ScreenSaver_12: [AlbumSettings] readMoreThemesLocked mMoreThemes.size: 0
04-06 02:11:51.649 1511 1613 I am_pss : [2152,1000,com.tc.logclient,7612416,5574656,0,99553280,0,0,5]
04-06 02:11:51.651 3842 3842 I ScreenSaver_12: [ScreensaverService] started
04-06 02:11:51.653 3842 3842 D MicroServiceManager: add linkToDeath
04-06 02:11:51.653 3842 3842 D MicroServiceManager: bindMicroService: called already get service
04-06 02:11:51.654 2097 2126 I MicroService: registerCommonListener: 3
04-06 02:11:51.654 3842 3842 D ScreenSaver_12: [ScreensaverMicroService] getInstance:38 getInstance
04-06 02:11:51.654 2097 2126 I MicroService: registerConnectListener: 3
04-06 02:11:51.654 2097 2126 I MicroService: onConnectStateChanged: -1
04-06 02:11:51.654 2097 2126 I MicroService: onConnectStateChanged count = 3
04-06 02:11:51.654 3842 3842 I ScreenSaver_12: [ScreensaverMicroService] ScreensaverMicroService
04-06 02:11:51.654 3842 3842 I ScreenSaver_12: [ScreensaverMicroService] initMicroService
04-06 02:11:51.654 2111 2184 D SettingMicroservices: onNettyConnectState: -1mLastNettyState: -1
04-06 02:11:51.655 3842 3842 I MicroServiceManager: addCommonCallbackListener add listener
04-06 02:11:51.655 3842 3842 I MicroServiceManager: addConnectChangedListener add listener
04-06 02:11:51.655 1511 1613 I am_pss : [2190,1000,com.thundercomm.tcsetupwizard,6800384,5197824,0,91783168,0,0,5]
04-06 02:11:51.655 3842 3842 D ScreenSaver_12: [ScreensaverMicroService] onBindStatus:162 connect micro service ok!!!
04-06 02:11:51.655 3842 3842 I ScreenSaver_12: [ScreensaverService] onBind
04-06 02:11:51.655 3842 3842 D ScreenSaver_12: [ScreensaverService] getBinder:39 getBinder
04-06 02:11:51.655 3842 3842 D ScreenSaver_12: [ScreensaverService] getBinder:43 action: com.thundercomm.serviceserver.microservice.IBinderScreensaverService
04-06 02:11:51.658 1511 1700 I ActivityTaskManager: START u0 {flg=0x10000000 pkg=com.thundercomm.screensaver cmp=com.thundercomm.screensaver/android.service.dreams.DreamActivity (has extras)} from uid 10052
04-06 02:11:51.659 1511 1607 I EventSequenceValidator: inc AccIntentStartedEvents to 2
04-06 02:11:51.661 1511 1613 I am_pss : [2133,10054,.qtidataservices,5788672,4145152,0,91938816,0,0,5]
04-06 02:11:51.662 1511 1700 D CompatibilityChangeReporter: Compat change id reported: 184838306; UID 10052; state: DISABLED
04-06 02:11:51.663 1511 1700 D CompatibilityChangeReporter: Compat change id reported: 185004937; UID 10052; state: DISABLED
04-06 02:11:51.663 1511 1700 D CompatibilityChangeReporter: Compat change id reported: 181136395; UID 10052; state: DISABLED
04-06 02:11:51.663 1511 1700 D CompatibilityChangeReporter: Compat change id reported: 174042936; UID 10052; state: DISABLED
04-06 02:11:51.664 1511 1700 D CompatibilityChangeReporter: Compat change id reported: 174042980; UID 10052; state: DISABLED
04-06 02:11:51.664 1511 1700 I wm_task_created: [9,-1]
04-06 02:11:51.665 1511 1700 W ActivityTaskManager: Can't find TaskDisplayArea to determine support for multi window. Task id=9 attached=false
04-06 02:11:51.667 1511 1613 I am_pss : [2111,1000,com.thundercomm.microsettings,26280960,23461888,0,116281344,0,0,5]
04-06 02:11:51.668 1511 1700 I wm_task_moved: [9,1,6]
04-06 02:11:51.668 1511 1700 I wm_task_to_front: [0,9]
04-06 02:11:51.669 1511 1700 I wm_create_task: [0,9]
04-06 02:11:51.669 1511 1700 I wm_create_activity: [0,16849732,9,com.thundercomm.screensaver/android.service.dreams.DreamActivity,NULL,NULL,NULL,276824064]
04-06 02:11:51.669 1511 1700 I wm_task_moved: [9,1,6]
04-06 02:11:51.669 1959 1959 I wm_on_top_resumed_lost_called: [248052437,com.android.systemui.usb.UsbDebuggingActivity,topStateChangedWhenResumed]
04-06 02:11:51.669 1511 1700 D CompatibilityInfo: mCompatibilityFlags - 4
04-06 02:11:51.669 1511 1700 D CompatibilityInfo: applicationDensity - 240
04-06 02:11:51.669 1511 1700 D CompatibilityInfo: applicationScale - 1.0
04-06 02:11:51.669 1511 1700 D ActivityTrigger: ActivityTrigger activityPauseTrigger
04-06 02:11:51.669 1511 1700 I wm_pause_activity: [0,248052437,com.android.systemui/.usb.UsbDebuggingActivity,userLeaving=true,pauseBackTasks]
04-06 02:11:51.671 3842 3842 D ScreenSaver_12: [ScreensaverManager] onServiceConnected:130 ScreensaverManager onServiceConnected
04-06 02:11:51.671 3842 3842 D ScreenSaver_12: [ScreensaverManager] onServiceConnected:135 onServiceConnected: iBinder is success!
04-06 02:11:51.671 3842 3842 D ScreenSaver_12: [ScreensaverServiceBinder] registerScreensaverCallback:172 registerScreensaverCallback:
04-06 02:11:51.671 3842 3842 I ScreenSaver_12: [ScreensaverManager] subscribe screensaverService and mode Callback ok!
04-06 02:11:51.671 3842 3842 D ScreenSaver_12: [ScreensaverManager] requestRemoteThemeMoreData:306 requestRemoteThemeMoreData
04-06 02:11:51.671 3842 3842 I MicroServiceManager: requestResult(requestOperationInfo) parameters isnull.
04-06 02:11:51.671 1959 1959 I wm_on_paused_called: [248052437,com.android.systemui.usb.UsbDebuggingActivity,performPause]
04-06 02:11:51.672 2097 2126 E MicroService: Client is not connected.
04-06 02:11:51.672 2097 2126 E MicroService: Client is not connected.
04-06 02:11:51.672 1511 2056 I ActivityTaskManager: FOREGROUND_APPLICATION_CHANGED to android.service.dreams.DreamActivity
04-06 02:11:51.672 1511 2056 I ActivityTaskManager: The Process com.thundercomm.screensaver Already Exists in BG. So sending its PID: 3842
04-06 02:11:51.672 1511 2056 I wm_add_to_stopping: [0,248052437,com.android.systemui/.usb.UsbDebuggingActivity,makeInvisible]
04-06 02:11:51.673 1511 1613 I am_pss : [2097,1000,com.thundercomm.microservice,9013248,7286784,0,96325632,0,0,5]
04-06 02:11:51.673 1511 2056 I wm_restart_activity: [0,16849732,9,com.thundercomm.screensaver/android.service.dreams.DreamActivity]
04-06 02:11:51.673 1511 2056 D CompatibilityInfo: mCompatibilityFlags - 4
04-06 02:11:51.673 1511 2056 D CompatibilityInfo: applicationDensity - 240
04-06 02:11:51.673 1511 2056 D CompatibilityInfo: applicationScale - 1.0
04-06 02:11:51.673 1511 2056 I wm_set_resumed_activity: [0,com.thundercomm.screensaver/android.service.dreams.DreamActivity,minimalResumeActivityLocked]
04-06 02:11:51.677 1511 1607 I sysui_multi_action: [757,803,799,window_time_0,802,105]
04-06 02:11:51.677 2054 3630 I GameMode_ActivityMonitoringService: onActivityLaunch: com.thundercomm.screensaver, isGameApp: false
04-06 02:11:51.677 3856 3856 E vota : [fdded4f8]: [vota]: [scheduler]: finish coroutine(0x70fc808158)
04-06 02:11:51.677 3856 3856 E vota : [fdded4f8]: [vota]: [scheduler]: switch to original coroutine
04-06 02:11:51.677 3856 3856 E vota : [fdded4f8]: [vota]: [scheduler]: switch to coroutine(0x70fc8fdca0) from coroutine(0x70fc808158)
04-06 02:11:51.677 3856 3856 E vota : [fdded4f8]: [vota]: [scheduler]: [loop]: ready 0
04-06 02:11:51.677 3856 3856 E vota : [fdded4f8]: [vota]: [coroutine]: exit: 0x70fc808158
04-06 02:11:51.677 2054 3630 V GameMode_GpuUtils: fps:60
04-06 02:11:51.677 3856 3856 E vota : [fdded4f8]: [vota]: [lock_profiler]:
04-06 02:11:51.677 3856 3856 E vota : [fdded4f8]: [vota]: [lock_profiler]: lock: 0xb400006e9d69df8c, name: allocator, occupied: 0
04-06 02:11:51.677 3856 3856 E vota : [fdded4f8]: [vota]: [lock_profiler]: lock: 0xb400006e8d6a6f94, name: native_large_allocator, occupied: 0
04-06 02:11:51.677 3856 3856 E vota : [fdded4f8]: [vota]: [small_allocator]:
04-06 02:11:51.677 3856 3856 E vota : [fdded4f8]: [vota]: [static_fixed_pool]: [16]: peak_size: 288, wast_rate: 4074/10000, pred_failed: 0, item_maxn: 245, free_count: 18, malloc_count: 18
04-06 02:11:51.677 3856 3856 E vota : [fdded4f8]: [vota]: [static_fixed_pool]: [96]: peak_size: 2208, wast_rate: 1028/10000, pred_failed: 0, item_maxn: 248, free_count: 23, malloc_count: 23
04-06 02:11:51.677 3856 3856 E vota : [fdded4f8]: [vota]: [static_fixed_pool]: [128]: peak_size: 9216, wast_rate: 791/10000, pred_failed: 0, item_maxn: 249, free_count: 72, malloc_count: 72
04-06 02:11:51.677 3856 3856 E vota : [fdded4f8]: [vota]: [static_fixed_pool]: [192]: peak_size: 2112, wast_rate: 541/10000, pred_failed: 0, item_maxn: 250, free_count: 11, malloc_count: 11
04-06 02:11:51.677 3856 3856 E vota : [fdded4f8]: [vota]: [static_fixed_pool]: [256]: peak_size: 256, wast_rate: 411/10000, pred_failed: 0, item_maxn: 251, free_count: 1, malloc_count: 1
04-06 02:11:51.677 3856 3856 E vota : [fdded4f8]: [vota]: [static_fixed_pool]: [384]: peak_size: 5376, wast_rate: 278/10000, pred_failed: 0, item_maxn: 252, free_count: 14, malloc_count: 14
04-06 02:11:51.677 3856 3856 E vota : [fdded4f8]: [vota]: [static_fixed_pool]: [512]: peak_size: 5632, wast_rate: 210/10000, pred_failed: 0, item_maxn: 253, free_count: 11, malloc_count: 11
04-06 02:11:51.677 3856 3856 E vota : [fdded4f8]: [vota]: [static_fixed_pool]: [1024]: peak_size: 2048, wast_rate: 106/10000, pred_failed: 0, item_maxn: 254, free_count: 2, malloc_count: 2
04-06 02:11:51.678 3856 3856 E vota : [fdded4f8]: [vota]: [native_large_allocator]:
04-06 02:11:51.678 3856 3856 E vota : [fdded4f8]: [vota]: [native_large_allocator]: peak_size: 3373986
04-06 02:11:51.678 3856 3856 E vota : [fdded4f8]: [vota]: [native_large_allocator]: wast_rate: 4/10000
04-06 02:11:51.678 3856 3856 E vota : [fdded4f8]: [vota]: [native_large_allocator]: free_count: 52
04-06 02:11:51.678 3856 3856 E vota : [fdded4f8]: [vota]: [native_large_allocator]: malloc_count: 52
04-06 02:11:51.678 3856 3856 E vota : [fdded4f8]: [vota]: [native_large_allocator]: ralloc_count: 0
04-06 02:11:51.678 3856 3856 E vota : [fdded4f8]: [vota]: exit: ok
04-06 02:11:51.671 3856 3856 I auditd : type=1400 audit(0.0:413): avc: denied { read append } for comm="hht_ota_mgr" name="NvmSim_yy.dat" dev="dm-10" ino=379 scontext=u:r:hht_ota_mgr:s0 tcontext=u:object_r:system_data_file:s0 tclass=file permissive=0
04-06 02:11:51.671 3856 3856 W hht_ota_mgr: type=1400 audit(0.0:413): avc: denied { read append } for name="NvmSim_yy.dat" dev="dm-10" ino=379 scontext=u:r:hht_ota_mgr:s0 tcontext=u:object_r:system_data_file:s0 tclass=file permissive=0
04-06 02:11:51.679 1511 1613 I am_pss : [2054,1000,com.thundercomm.gamemode,27249664,19828736,0,134180864,0,0,6]
04-06 02:11:51.679 2054 3630 D GameModeIF_GameModeSettings: getUriFor setting_content_uri_root = content://com.thundercomm.gamemode.api/gamemode_settings , name = gamemode_enable
04-06 02:11:51.679 1511 1990 I am_uid_active: 10072
01-01 08:14:30.631 0 0 I init : Service 'hht_ota_mgr_service' (pid 3856) exited with status 0
01-01 08:14:30.631 0 0 I init : Sending signal 9 to service 'hht_ota_mgr_service' (pid 3856) process group...
01-01 08:14:30.631 0 0 I libprocessgroup: Successfully killed process cgroup uid 0 pid 3856 in 0ms
04-06 02:11:51.684 3842 3842 I wm_on_create_called: [16849732,android.service.dreams.DreamActivity,performCreate]
04-06 02:11:51.684 3842 3842 I wm_on_start_called: [16849732,android.service.dreams.DreamActivity,handleStartActivity]
04-06 02:11:51.685 3842 3842 I wm_on_resume_called: [16849732,android.service.dreams.DreamActivity,RESUME_ACTIVITY]
04-06 02:11:51.688 1511 2056 W WindowManager: Failed looking up window session=Session{9df74f 3842:u0a10052} callers=com.android.server.wm.WindowManagerService.windowForClientLocked:5628 com.android.server.wm.Session.insetsModified:629 android.view.IWindowSession$Stub.onTransact:1151
04-06 02:11:51.689 1959 3863 D KeyguardViewMediator: setOccluded true
04-06 02:11:51.689 904 904 I BpBinder: onLastStrongRef automatically unlinking death recipients:
04-06 02:11:51.690 3842 3842 I wm_on_top_resumed_gained_called: [16849732,android.service.dreams.DreamActivity,topStateChangedWhenResumed]
04-06 02:11:51.690 1959 1959 V KeyguardUpdateMonitor: startListeningForFingerprint()
04-06 02:11:51.690 1959 1959 D KeyguardViewMediator: adjustStatusBarLocked: mShowing=false mOccluded=true isSecure=false force=false --> flags=0x0
04-06 02:11:51.696 3842 3842 W Glide : Failed to find GeneratedAppGlideModule. You should include an annotationProcessor compile dependency on com.github.bumptech.glide:compiler in your application and a @GlideModule annotated AppGlideModule implementation or LibraryGlideModules will be silently ignored
04-06 02:11:51.706 1511 1608 I input_focus: [Focus request 9e506ba com.thundercomm.screensaver/android.service.dreams.DreamActivity,reason=UpdateInputWindows]
04-06 02:11:51.707 904 1128 W ServiceManager: Permission failure: android.permission.ACCESS_SURFACE_FLINGER from uid=10052 pid=3842
04-06 02:11:51.707 904 1128 D PermissionCache: checking android.permission.ACCESS_SURFACE_FLINGER for uid=10052 => denied (173 us)
04-06 02:11:51.707 904 1128 W ServiceManager: Permission failure: android.permission.ROTATE_SURFACE_FLINGER from uid=10052 pid=3842
04-06 02:11:51.707 904 1128 D PermissionCache: checking android.permission.ROTATE_SURFACE_FLINGER for uid=10052 => denied (104 us)
04-06 02:11:51.707 1959 1959 E KeyguardBouncer: onFullyShown when view was null
04-06 02:11:51.708 1511 1700 I am_wtf : [0,1959,com.android.systemui,818462221,KeyguardBouncer,onFullyShown when view was null]
04-06 02:11:51.708 3842 3867 I AdrenoGLES-0: QUALCOMM build : 47421dbee6, I139f36ad46
04-06 02:11:51.708 3842 3867 I AdrenoGLES-0: Build Date : 02/18/22
04-06 02:11:51.708 3842 3867 I AdrenoGLES-0: OpenGL ES Shader Compiler Version: EV031.32.02.17
04-06 02:11:51.708 3842 3867 I AdrenoGLES-0: Local Branch :
04-06 02:11:51.708 3842 3867 I AdrenoGLES-0: Remote Branch :
04-06 02:11:51.708 3842 3867 I AdrenoGLES-0: Remote Branch :
04-06 02:11:51.708 3842 3867 I AdrenoGLES-0: Reconstruct Branch :
04-06 02:11:51.708 3842 3867 I AdrenoGLES-0: Build Config : S P 10.0.7 AArch64
04-06 02:11:51.708 3842 3867 I AdrenoGLES-0: Driver Path : /vendor/lib64/egl/libGLESv2_adreno.so
04-06 02:11:51.708 506 506 I hwservicemanager: getTransport: Cannot find entry android.hardware.graphics.mapper@4.0::IMapper/default in either framework or device VINTF manifest.
04-06 02:11:51.709 1959 1959 D StatusBar: disable disable2
04-06 02:11:51.710 1959 1959 D KeyguardUpdateMonitor: onKeyguardVisibilityChanged(false)
04-06 02:11:51.711 1959 1959 V KeyguardUpdateMonitor: startListeningForFingerprint()
04-06 02:11:51.711 1959 1959 D KeyguardUpdateMonitor: sendKeyguardBouncerChanged(false)
04-06 02:11:51.711 3842 3867 I AdrenoGLES-0: PFP: 0x016dd093, ME: 0x00000000
04-06 02:11:51.711 1959 1959 I sysui_multi_action: [757,196,758,2,759,0]
04-06 02:11:51.711 1959 1959 I sysui_status_bar_state: [0,0,1,0,0,1]
04-06 02:11:51.712 904 1128 I BpBinder: onLastStrongRef automatically unlinking death recipients:
04-06 02:11:51.712 1511 3869 I DropBoxManagerService: add tag=system_app_wtf isTagEnabled=true flags=0x2
04-06 02:11:51.714 1959 1959 D KeyguardUpdateMonitor: handleKeyguardBouncerChanged(0)
04-06 02:11:51.715 1959 1959 V KeyguardUpdateMonitor: startListeningForFingerprint()
04-06 02:11:51.715 3842 3867 D libEGL : MSAA-->msaa:0 gamemode:0 4x_msaa:0
04-06 02:11:51.716 3842 3867 D libEGL : MSAA-->msaa:0 gamemode:0 4x_msaa:0
04-06 02:11:51.716 3842 3867 D libEGL : MSAA-->msaa:0 gamemode:0 4x_msaa:0
04-06 02:11:51.719 838 838 I SDM : HWCDisplay::GetColorModeCount: Supported color mode count = 1
04-06 02:11:51.719 838 838 I SDM : HWCDisplay::GetColorModes: Color mode = 0 is supported
04-06 02:11:51.719 904 2713 E HWComposer: getSupportedContentTypes: getSupportedContentTypes failed for display 4630946816427681409: Unsupported (8)
04-06 02:11:51.720 3842 3867 D hw-ProcessState: Binder ioctl to enable oneway spam detection failed: Invalid argument
01-01 08:14:30.669 0 0 I binder : 3842:3867 ioctl 40046210 705a2b31f4 returned -22
04-06 02:11:51.720 506 506 I hwservicemanager: getTransport: Cannot find entry android.hardware.graphics.mapper@4.0::IMapper/default in either framework or device VINTF manifest.
04-06 02:11:51.720 3842 3871 I Gralloc4: mapper 4.x is not supported
04-06 02:11:51.721 506 506 I hwservicemanager: getTransport: Cannot find entry android.hardware.graphics.allocator@4.0::IAllocator/default in either framework or device VINTF manifest.
04-06 02:11:51.721 3842 3871 W Gralloc4: allocator 4.x is not supported
04-06 02:11:51.726 1511 1700 D ConnectivityService: requestNetwork for uid/pid:10052/3842 activeRequest: null callbackRequest: 32 [NetworkRequest [ REQUEST id=33, [ Capabilities: INTERNET&NOT_RESTRICTED&TRUSTED&NOT_VCN_MANAGED Uid: 10052 RequestorUid: 10052 RequestorPkg: com.thundercomm.screensaver] ]] callback flags: 0 priority: 2147483647
04-06 02:11:51.726 1511 1719 D ConnectivityService: NetReassign [no changes]
04-06 02:11:51.727 1511 1864 D Ethernet: got request NetworkRequest [ REQUEST id=33, [ Capabilities: INTERNET&NOT_RESTRICTED&TRUSTED&NOT_VCN_MANAGED Uid: 10052 RequestorUid: 10052 RequestorPkg: com.thundercomm.screensaver] ]
04-06 02:11:51.727 1511 1864 D EthernetNetworkFactory: acceptRequest, request: NetworkRequest [ REQUEST id=33, [ Capabilities: INTERNET&NOT_RESTRICTED&TRUSTED&NOT_VCN_MANAGED Uid: 10052 RequestorUid: 10052 RequestorPkg: com.thundercomm.screensaver] ]
04-06 02:11:51.727 1511 1864 I EthernetNetworkFactory: networkForRequest, request: NetworkRequest [ REQUEST id=33, [ Capabilities: INTERNET&NOT_RESTRICTED&TRUSTED&NOT_VCN_MANAGED Uid: 10052 RequestorUid: 10052 RequestorPkg: com.thundercomm.screensaver] ], network: null
04-06 02:11:51.727 1511 1712 D WifiNetworkFactory: got request NetworkRequest [ REQUEST id=33, [ Capabilities: INTERNET&NOT_RESTRICTED&TRUSTED&NOT_VCN_MANAGED Uid: 10052 RequestorUid: 10052 RequestorPkg: com.thundercomm.screensaver] ]
04-06 02:11:51.727 1511 1712 D UntrustedWifiNetworkFactory: got request NetworkRequest [ REQUEST id=33, [ Capabilities: INTERNET&NOT_RESTRICTED&TRUSTED&NOT_VCN_MANAGED Uid: 10052 RequestorUid: 10052 RequestorPkg: com.thundercomm.screensaver] ]
04-06 02:11:51.727 1511 1712 D OemPaidWifiNetworkFactory: got request NetworkRequest [ REQUEST id=33, [ Capabilities: INTERNET&NOT_RESTRICTED&TRUSTED&NOT_VCN_MANAGED Uid: 10052 RequestorUid: 10052 RequestorPkg: com.thundercomm.screensaver] ]
04-06 02:11:51.728 904 2627 D PermissionCache: checking android.permission.READ_FRAME_BUFFER for uid=1000 => granted (333 us)
04-06 02:11:51.731 506 506 I hwservicemanager: getTransport: Cannot find entry android.hardware.graphics.mapper@4.0::IMapper/default in either framework or device VINTF manifest.
04-06 02:11:51.731 1511 1700 I Gralloc4: mapper 4.x is not supported
04-06 02:11:51.733 1959 1959 D StatusBar: disable disable2
04-06 02:11:51.734 1511 1604 I sysui_multi_action: [319,74,322,68,325,115,757,761,758,8,759,2,806,com.thundercomm.screensaver,871,android.service.dreams.DreamActivity,904,com.thundercomm.screensaver,905,0,1320,4,1321,2]
04-06 02:11:51.734 1511 1604 I wm_activity_launch_time: [0,16849732,com.thundercomm.screensaver/android.service.dreams.DreamActivity,68]
04-06 02:11:51.734 1511 1604 I ActivityTaskManager: Displayed com.thundercomm.screensaver/android.service.dreams.DreamActivity: +68ms
04-06 02:11:51.735 1511 1630 V DisplayPowerController[0]: Brightness [1.0] reason changing to: 'manual', previous reason: 'manual [ dim ]'.
04-06 02:11:51.735 1511 1630 I sysui_multi_action: [757,1696,758,6,759,3]
04-06 02:11:51.736 1511 1607 I EventSequenceValidator: dec AccIntentStartedEvents to 1
04-06 02:11:51.736 506 506 I hwservicemanager: getTransport: Cannot find entry android.hardware.graphics.mapper@4.0::IMapper/default in either framework or device VINTF manifest.
04-06 02:11:51.736 2558 2600 D hw-ProcessState: Binder ioctl to enable oneway spam detection failed: Invalid argument
04-06 02:11:51.736 2054 3679 I Gralloc4: mapper 4.x is not supported
04-06 02:11:51.737 506 506 I hwservicemanager: getTransport: Cannot find entry android.hardware.graphics.mapper@4.0::IMapper/default in either framework or device VINTF manifest.
04-06 02:11:51.737 2558 2600 I Gralloc4: mapper 4.x is not supported
01-01 08:14:30.686 0 0 I binder : 2558:2600 ioctl 40046210 70615ff854 returned -22
04-06 02:11:51.740 1511 1895 E DisplayDeviceConfig: requesting nits when no mapping exists.
04-06 02:11:51.740 1511 1895 E DisplayDeviceConfig: requesting nits when no mapping exists.
04-06 02:11:51.740 1511 1614 I am_wtf : [0,1511,system_server,-1,DisplayDeviceConfig,requesting nits when no mapping exists.]
04-06 02:11:51.740 1511 1614 I DropBoxManagerService: add tag=system_server_wtf isTagEnabled=true flags=0x2
04-06 02:11:51.741 1511 1614 I am_wtf : [0,1511,system_server,-1,DisplayDeviceConfig,requesting nits when no mapping exists.]
04-06 02:11:51.741 1511 1614 I DropBoxManagerService: add tag=system_server_wtf isTagEnabled=true flags=0x2
04-06 02:11:51.757 1511 1895 E DisplayDeviceConfig: requesting nits when no mapping exists.
04-06 02:11:51.757 1511 1895 E DisplayDeviceConfig: requesting nits when no mapping exists.
04-06 02:11:51.757 1511 1614 I am_wtf : [0,1511,system_server,-1,DisplayDeviceConfig,requesting nits when no mapping exists.]
04-06 02:11:51.757 1511 1614 I am_wtf : [0,1511,system_server,-1,DisplayDeviceConfig,requesting nits when no mapping exists.]
04-06 02:11:51.773 1511 1895 E DisplayDeviceConfig: requesting nits when no mapping exists.
04-06 02:11:51.773 1511 1895 E DisplayDeviceConfig: requesting nits when no mapping exists.
04-06 02:11:51.773 1511 1614 I am_wtf : [0,1511,system_server,-1,DisplayDeviceConfig,requesting nits when no mapping exists.]
04-06 02:11:51.774 1511 1614 I am_wtf : [0,1511,system_server,-1,DisplayDeviceConfig,requesting nits when no mapping exists.]
04-06 02:11:51.790 1511 1895 E DisplayDeviceConfig: requesting nits when no mapping exists.
04-06 02:11:51.790 1511 1895 E DisplayDeviceConfig: requesting nits when no mapping exists.
04-06 02:11:51.790 1511 1614 I am_wtf : [0,1511,system_server,-1,DisplayDeviceConfig,requesting nits when no mapping exists.]
04-06 02:11:51.791 1511 1614 I am_wtf : [0,1511,system_server,-1,DisplayDeviceConfig,requesting nits when no mapping exists.]
04-06 02:11:51.807 1511 1895 E DisplayDeviceConfig: requesting nits when no mapping exists.
04-06 02:11:51.807 1511 1895 E DisplayDeviceConfig: requesting nits when no mapping exists.
04-06 02:11:51.807 1511 1614 I am_wtf : [0,1511,system_server,-1,DisplayDeviceConfig,requesting nits when no mapping exists.]
04-06 02:11:51.807 1511 1614 I am_wtf : [0,1511,system_server,-1,DisplayDeviceConfig,requesting nits when no mapping exists.]
04-06 02:11:51.823 1511 1895 E DisplayDeviceConfig: requesting nits when no mapping exists.
04-06 02:11:51.823 1511 1895 E DisplayDeviceConfig: requesting nits when no mapping exists.
04-06 02:11:51.823 1511 1614 I am_wtf : [0,1511,system_server,-1,DisplayDeviceConfig,requesting nits when no mapping exists.]
04-06 02:11:51.824 1511 1614 I am_wtf : [0,1511,system_server,-1,DisplayDeviceConfig,requesting nits when no mapping exists.]
04-06 02:11:51.840 1511 1895 E DisplayDeviceConfig: requesting nits when no mapping exists.
04-06 02:11:51.840 1511 1895 E DisplayDeviceConfig: requesting nits when no mapping exists.
04-06 02:11:51.840 1511 1614 I am_wtf : [0,1511,system_server,-1,DisplayDeviceConfig,requesting nits when no mapping exists.]
04-06 02:11:51.840 1511 1614 I am_wtf : [0,1511,system_server,-1,DisplayDeviceConfig,requesting nits when no mapping exists.]
04-06 02:11:51.857 1511 1895 E DisplayDeviceConfig: requesting nits when no mapping exists.
04-06 02:11:51.857 1511 1895 E DisplayDeviceConfig: requesting nits when no mapping exists.
04-06 02:11:51.857 1511 1614 I am_wtf : [0,1511,system_server,-1,DisplayDeviceConfig,requesting nits when no mapping exists.]
04-06 02:11:51.857 1511 1614 I am_wtf : [0,1511,system_server,-1,DisplayDeviceConfig,requesting nits when no mapping exists.]
04-06 02:11:51.873 1511 1895 E DisplayDeviceConfig: requesting nits when no mapping exists.
04-06 02:11:51.874 1511 1895 E DisplayDeviceConfig: requesting nits when no mapping exists.
04-06 02:11:51.874 1511 1614 I am_wtf : [0,1511,system_server,-1,DisplayDeviceConfig,requesting nits when no mapping exists.]
04-06 02:11:51.874 1511 1614 I am_wtf : [0,1511,system_server,-1,DisplayDeviceConfig,requesting nits when no mapping exists.]
04-06 02:11:51.883 2728 2728 W hpplay-java: [main]:IPManager:getActiveNets invalid networkInfo:null
04-06 02:11:51.883 2728 2728 I hpplay-java: [main]:IPManager:getActiveNets eth0:false wifi:false mobile:false ap:false
04-06 02:11:51.883 2728 2728 I hpplay-java: [main]:ServerTaskManager:get local ip:null
04-06 02:11:51.890 1511 1895 E DisplayDeviceConfig: requesting nits when no mapping exists.
04-06 02:11:51.890 1511 1895 E DisplayDeviceConfig: requesting nits when no mapping exists.
04-06 02:11:51.890 1511 1614 I am_wtf : [0,1511,system_server,-1,DisplayDeviceConfig,requesting nits when no mapping exists.]
04-06 02:11:51.891 1511 1614 I am_wtf : [0,1511,system_server,-1,DisplayDeviceConfig,requesting nits when no mapping exists.]
04-06 02:11:51.907 1511 1895 E DisplayDeviceConfig: requesting nits when no mapping exists.
04-06 02:11:51.907 1511 1895 E DisplayDeviceConfig: requesting nits when no mapping exists.
04-06 02:11:51.907 1511 1614 I am_wtf : [0,1511,system_server,-1,DisplayDeviceConfig,requesting nits when no mapping exists.]
04-06 02:11:51.907 1511 1614 I am_wtf : [0,1511,system_server,-1,DisplayDeviceConfig,requesting nits when no mapping exists.]
04-06 02:11:51.924 1511 1895 E DisplayDeviceConfig: requesting nits when no mapping exists.
04-06 02:11:51.924 1511 1895 E DisplayDeviceConfig: requesting nits when no mapping exists.
04-06 02:11:51.924 1511 1614 I am_wtf : [0,1511,system_server,-1,DisplayDeviceConfig,requesting nits when no mapping exists.]
04-06 02:11:51.924 1511 1614 I am_wtf : [0,1511,system_server,-1,DisplayDeviceConfig,requesting nits when no mapping exists.]
04-06 02:11:51.940 1511 1895 E DisplayDeviceConfig: requesting nits when no mapping exists.
04-06 02:11:51.940 1511 1895 E DisplayDeviceConfig: requesting nits when no mapping exists.
04-06 02:11:51.940 1511 1614 I am_wtf : [0,1511,system_server,-1,DisplayDeviceConfig,requesting nits when no mapping exists.]
04-06 02:11:51.941 1511 1614 I am_wtf : [0,1511,system_server,-1,DisplayDeviceConfig,requesting nits when no mapping exists.]
04-06 02:11:51.957 1511 1895 E DisplayDeviceConfig: requesting nits when no mapping exists.
04-06 02:11:51.957 1511 1614 I am_wtf : [0,1511,system_server,-1,DisplayDeviceConfig,requesting nits when no mapping exists.]
04-06 02:11:51.957 1511 1895 E DisplayDeviceConfig: requesting nits when no mapping exists.
04-06 02:11:51.957 1511 1614 I am_wtf : [0,1511,system_server,-1,DisplayDeviceConfig,requesting nits when no mapping exists.]
04-06 02:11:51.974 1511 1895 E DisplayDeviceConfig: requesting nits when no mapping exists.
04-06 02:11:51.974 1511 1614 I am_wtf : [0,1511,system_server,-1,DisplayDeviceConfig,requesting nits when no mapping exists.]
04-06 02:11:51.974 1511 1895 E DisplayDeviceConfig: requesting nits when no mapping exists.
04-06 02:11:51.974 1511 1614 I am_wtf : [0,1511,system_server,-1,DisplayDeviceConfig,requesting nits when no mapping exists.]
04-06 02:11:51.990 1511 1895 E DisplayDeviceConfig: requesting nits when no mapping exists.
04-06 02:11:51.990 1511 1895 E DisplayDeviceConfig: requesting nits when no mapping exists.
04-06 02:11:51.990 1511 1614 I am_wtf : [0,1511,system_server,-1,DisplayDeviceConfig,requesting nits when no mapping exists.]
04-06 02:11:51.991 1511 1614 I am_wtf : [0,1511,system_server,-1,DisplayDeviceConfig,requesting nits when no mapping exists.]
04-06 02:11:52.007 1511 1895 E DisplayDeviceConfig: requesting nits when no mapping exists.
04-06 02:11:52.007 1511 1895 E DisplayDeviceConfig: requesting nits when no mapping exists.
04-06 02:11:52.007 1511 1614 I am_wtf : [0,1511,system_server,-1,DisplayDeviceConfig,requesting nits when no mapping exists.]
04-06 02:11:52.007 1511 1614 I am_wtf : [0,1511,system_server,-1,DisplayDeviceConfig,requesting nits when no mapping exists.]
04-06 02:11:52.024 1511 1895 E DisplayDeviceConfig: requesting nits when no mapping exists.
04-06 02:11:52.024 1511 1895 E DisplayDeviceConfig: requesting nits when no mapping exists.
04-06 02:11:52.024 1511 1614 I am_wtf : [0,1511,system_server,-1,DisplayDeviceConfig,requesting nits when no mapping exists.]
04-06 02:11:52.024 1511 1614 I am_wtf : [0,1511,system_server,-1,DisplayDeviceConfig,requesting nits when no mapping exists.]
04-06 02:11:52.040 1511 1895 E DisplayDeviceConfig: requesting nits when no mapping exists.
04-06 02:11:52.040 1511 1895 E DisplayDeviceConfig: requesting nits when no mapping exists.
04-06 02:11:52.040 1511 1614 I am_wtf : [0,1511,system_server,-1,DisplayDeviceConfig,requesting nits when no mapping exists.]
04-06 02:11:52.041 1511 1614 I am_wtf : [0,1511,system_server,-1,DisplayDeviceConfig,requesting nits when no mapping exists.]
04-06 02:11:52.057 1511 1895 E DisplayDeviceConfig: requesting nits when no mapping exists.
04-06 02:11:52.057 1511 1895 E DisplayDeviceConfig: requesting nits when no mapping exists.
04-06 02:11:52.057 1511 1614 I am_wtf : [0,1511,system_server,-1,DisplayDeviceConfig,requesting nits when no mapping exists.]
04-06 02:11:52.057 1511 1614 I am_wtf : [0,1511,system_server,-1,DisplayDeviceConfig,requesting nits when no mapping exists.]
04-06 02:11:52.074 1511 1895 E DisplayDeviceConfig: requesting nits when no mapping exists.
04-06 02:11:52.074 1511 1895 E DisplayDeviceConfig: requesting nits when no mapping exists.
04-06 02:11:52.074 1511 1614 I am_wtf : [0,1511,system_server,-1,DisplayDeviceConfig,requesting nits when no mapping exists.]
04-06 02:11:52.074 1511 1614 I am_wtf : [0,1511,system_server,-1,DisplayDeviceConfig,requesting nits when no mapping exists.]
04-06 02:11:52.090 1511 1895 E DisplayDeviceConfig: requesting nits when no mapping exists.
04-06 02:11:52.091 1511 1895 E DisplayDeviceConfig: requesting nits when no mapping exists.
04-06 02:11:52.091 1511 1614 I am_wtf : [0,1511,system_server,-1,DisplayDeviceConfig,requesting nits when no mapping exists.]
04-06 02:11:52.091 1511 1614 I am_wtf : [0,1511,system_server,-1,DisplayDeviceConfig,requesting nits when no mapping exists.]
04-06 02:11:52.107 1511 1895 E DisplayDeviceConfig: requesting nits when no mapping exists.
04-06 02:11:52.107 1511 1895 E DisplayDeviceConfig: requesting nits when no mapping exists.
04-06 02:11:52.107 1511 1614 I am_wtf : [0,1511,system_server,-1,DisplayDeviceConfig,requesting nits when no mapping exists.]
04-06 02:11:52.107 1511 1614 I am_wtf : [0,1511,system_server,-1,DisplayDeviceConfig,requesting nits when no mapping exists.]
04-06 02:11:52.124 1511 1895 E DisplayDeviceConfig: requesting nits when no mapping exists.
04-06 02:11:52.124 1511 1895 E DisplayDeviceConfig: requesting nits when no mapping exists.
04-06 02:11:52.124 1511 1614 I am_wtf : [0,1511,system_server,-1,DisplayDeviceConfig,requesting nits when no mapping exists.]
04-06 02:11:52.124 1511 1614 I am_wtf : [0,1511,system_server,-1,DisplayDeviceConfig,requesting nits when no mapping exists.]
04-06 02:11:52.141 1511 1895 E DisplayDeviceConfig: requesting nits when no mapping exists.
04-06 02:11:52.141 1511 1895 E DisplayDeviceConfig: requesting nits when no mapping exists.
04-06 02:11:52.141 1511 1614 I am_wtf : [0,1511,system_server,-1,DisplayDeviceConfig,requesting nits when no mapping exists.]
04-06 02:11:52.141 1511 1614 I am_wtf : [0,1511,system_server,-1,DisplayDeviceConfig,requesting nits when no mapping exists.]
04-06 02:11:52.157 1511 1895 E DisplayDeviceConfig: requesting nits when no mapping exists.
04-06 02:11:52.157 1511 1895 E DisplayDeviceConfig: requesting nits when no mapping exists.
04-06 02:11:52.157 1511 1614 I am_wtf : [0,1511,system_server,-1,DisplayDeviceConfig,requesting nits when no mapping exists.]
04-06 02:11:52.158 1511 1614 I am_wtf : [0,1511,system_server,-1,DisplayDeviceConfig,requesting nits when no mapping exists.]
04-06 02:11:52.174 1511 1895 E DisplayDeviceConfig: requesting nits when no mapping exists.
04-06 02:11:52.174 1511 1614 I am_wtf : [0,1511,system_server,-1,DisplayDeviceConfig,requesting nits when no mapping exists.]
04-06 02:11:52.174 1511 1895 E DisplayDeviceConfig: requesting nits when no mapping exists.
04-06 02:11:52.174 1511 1614 I am_wtf : [0,1511,system_server,-1,DisplayDeviceConfig,requesting nits when no mapping exists.]
04-06 02:11:52.191 1511 1895 E DisplayDeviceConfig: requesting nits when no mapping exists.
04-06 02:11:52.191 1511 1614 I am_wtf : [0,1511,system_server,-1,DisplayDeviceConfig,requesting nits when no mapping exists.]
04-06 02:11:52.191 1511 1895 E DisplayDeviceConfig: requesting nits when no mapping exists.
04-06 02:11:52.191 1511 1614 I am_wtf : [0,1511,system_server,-1,DisplayDeviceConfig,requesting nits when no mapping exists.]
04-06 02:11:52.207 1511 1895 E DisplayDeviceConfig: requesting nits when no mapping exists.
04-06 02:11:52.207 1511 1895 E DisplayDeviceConfig: requesting nits when no mapping exists.
04-06 02:11:52.207 1511 1614 I am_wtf : [0,1511,system_server,-1,DisplayDeviceConfig,requesting nits when no mapping exists.]
04-06 02:11:52.208 1511 1614 I am_wtf : [0,1511,system_server,-1,DisplayDeviceConfig,requesting nits when no mapping exists.]
04-06 02:11:52.224 1511 1895 E DisplayDeviceConfig: requesting nits when no mapping exists.
04-06 02:11:52.224 1511 1895 E DisplayDeviceConfig: requesting nits when no mapping exists.
04-06 02:11:52.224 1511 1614 I am_wtf : [0,1511,system_server,-1,DisplayDeviceConfig,requesting nits when no mapping exists.]
04-06 02:11:52.224 1511 1614 I am_wtf : [0,1511,system_server,-1,DisplayDeviceConfig,requesting nits when no mapping exists.]
04-06 02:11:52.241 1511 1895 E DisplayDeviceConfig: requesting nits when no mapping exists.
04-06 02:11:52.241 1511 1895 E DisplayDeviceConfig: requesting nits when no mapping exists.
04-06 02:11:52.241 1511 1614 I am_wtf : [0,1511,system_server,-1,DisplayDeviceConfig,requesting nits when no mapping exists.]
04-06 02:11:52.241 1511 1607 I wm_stop_activity: [0,248052437,com.android.systemui/.usb.UsbDebuggingActivity]
04-06 02:11:52.242 1511 1614 I am_wtf : [0,1511,system_server,-1,DisplayDeviceConfig,requesting nits when no mapping exists.]
04-06 02:11:52.258 1511 1895 E DisplayDeviceConfig: requesting nits when no mapping exists.
04-06 02:11:52.258 1511 1895 E DisplayDeviceConfig: requesting nits when no mapping exists.
04-06 02:11:52.258 1511 1614 I am_wtf : [0,1511,system_server,-1,DisplayDeviceConfig,requesting nits when no mapping exists.]
04-06 02:11:52.258 1511 1614 I am_wtf : [0,1511,system_server,-1,DisplayDeviceConfig,requesting nits when no mapping exists.]
04-06 02:11:52.260 1959 1959 I wm_on_stop_called: [248052437,com.android.systemui.usb.UsbDebuggingActivity,STOP_ACTIVITY_ITEM]
04-06 02:11:52.261 1511 3882 I AdrenoGLES-0: QUALCOMM build : 47421dbee6, I139f36ad46
04-06 02:11:52.261 1511 3882 I AdrenoGLES-0: Build Date : 02/18/22
04-06 02:11:52.261 1511 3882 I AdrenoGLES-0: OpenGL ES Shader Compiler Version: EV031.32.02.17
04-06 02:11:52.261 1511 3882 I AdrenoGLES-0: Local Branch :
04-06 02:11:52.261 1511 3882 I AdrenoGLES-0: Remote Branch :
04-06 02:11:52.261 1511 3882 I AdrenoGLES-0: Remote Branch :
04-06 02:11:52.261 1511 3882 I AdrenoGLES-0: Reconstruct Branch :
04-06 02:11:52.261 1511 3882 I AdrenoGLES-0: Build Config : S P 10.0.7 AArch64
04-06 02:11:52.261 1511 3882 I AdrenoGLES-0: Driver Path : /vendor/lib64/egl/libGLESv2_adreno.so
04-06 02:11:52.261 506 506 I hwservicemanager: getTransport: Cannot find entry android.hardware.graphics.mapper@4.0::IMapper/default in either framework or device VINTF manifest.
04-06 02:11:52.263 1511 3882 I AdrenoGLES-0: PFP: 0x016dd093, ME: 0x00000000
04-06 02:11:52.266 1511 3882 D libEGL : MSAA-->msaa:0 gamemode:0 4x_msaa:0
04-06 02:11:52.266 1511 3882 D libEGL : MSAA-->msaa:0 gamemode:0 4x_msaa:0
04-06 02:11:52.266 1511 3882 D libEGL : MSAA-->msaa:0 gamemode:0 4x_msaa:0
04-06 02:11:52.275 1511 1895 E DisplayDeviceConfig: requesting nits when no mapping exists.
04-06 02:11:52.275 1511 1895 E DisplayDeviceConfig: requesting nits when no mapping exists.
04-06 02:11:52.275 1511 1614 I am_wtf : [0,1511,system_server,-1,DisplayDeviceConfig,requesting nits when no mapping exists.]
04-06 02:11:52.276 1511 1614 I am_wtf : [0,1511,system_server,-1,DisplayDeviceConfig,requesting nits when no mapping exists.]
04-06 02:11:52.291 1511 1895 E DisplayDeviceConfig: requesting nits when no mapping exists.
04-06 02:11:52.292 1511 1895 E DisplayDeviceConfig: requesting nits when no mapping exists.
04-06 02:11:52.292 1511 1614 I am_wtf : [0,1511,system_server,-1,DisplayDeviceConfig,requesting nits when no mapping exists.]
04-06 02:11:52.292 1511 1614 I am_wtf : [0,1511,system_server,-1,DisplayDeviceConfig,requesting nits when no mapping exists.]
04-06 02:11:52.308 1511 1630 W Choreographer: Frame time is 0.152256 ms in the future! Check that graphics HAL is generating vsync timestamps using the correct timebase.
04-06 02:11:52.308 1511 1608 W Choreographer: Frame time is 0.153194 ms in the future! Check that graphics HAL is generating vsync timestamps using the correct timebase.
04-06 02:11:52.308 1511 1895 E DisplayDeviceConfig: requesting nits when no mapping exists.
04-06 02:11:52.308 1511 1895 E DisplayDeviceConfig: requesting nits when no mapping exists.
04-06 02:11:52.308 1511 1614 I am_wtf : [0,1511,system_server,-1,DisplayDeviceConfig,requesting nits when no mapping exists.]
04-06 02:11:52.308 1511 1614 I am_wtf : [0,1511,system_server,-1,DisplayDeviceConfig,requesting nits when no mapping exists.]
04-06 02:11:52.325 1511 1895 E DisplayDeviceConfig: requesting nits when no mapping exists.
04-06 02:11:52.325 1511 1895 E DisplayDeviceConfig: requesting nits when no mapping exists.
04-06 02:11:52.325 1511 1614 I am_wtf : [0,1511,system_server,-1,DisplayDeviceConfig,requesting nits when no mapping exists.]
04-06 02:11:52.326 1511 1614 I am_wtf : [0,1511,system_server,-1,DisplayDeviceConfig,requesting nits when no mapping exists.]
04-06 02:11:52.342 1511 1895 E DisplayDeviceConfig: requesting nits when no mapping exists.
04-06 02:11:52.342 1511 1895 E DisplayDeviceConfig: requesting nits when no mapping exists.
04-06 02:11:52.342 1511 1614 I am_wtf : [0,1511,system_server,-1,DisplayDeviceConfig,requesting nits when no mapping exists.]
04-06 02:11:52.342 1511 1614 I am_wtf : [0,1511,system_server,-1,DisplayDeviceConfig,requesting nits when no mapping exists.]
04-06 02:11:52.343 1511 1541 W System : A resource failed to call release.
04-06 02:11:52.358 1511 1895 E DisplayDeviceConfig: requesting nits when no mapping exists.
04-06 02:11:52.358 1511 1895 E DisplayDeviceConfig: requesting nits when no mapping exists.
04-06 02:11:52.358 1511 1614 I am_wtf : [0,1511,system_server,-1,DisplayDeviceConfig,requesting nits when no mapping exists.]
04-06 02:11:52.359 1511 1614 I am_wtf : [0,1511,system_server,-1,DisplayDeviceConfig,requesting nits when no mapping exists.]
04-06 02:11:52.367 647 662 I mpu_uart: [MSG-P:RECV]:No message received in 1000 ms
04-06 02:11:52.375 1511 1895 E DisplayDeviceConfig: requesting nits when no mapping exists.
04-06 02:11:52.375 1511 1895 E DisplayDeviceConfig: requesting nits when no mapping exists.
04-06 02:11:52.375 1511 1614 I am_wtf : [0,1511,system_server,-1,DisplayDeviceConfig,requesting nits when no mapping exists.]
04-06 02:11:52.375 1511 1614 I am_wtf : [0,1511,system_server,-1,DisplayDeviceConfig,requesting nits when no mapping exists.]
04-06 02:11:52.378 1251 1359 E tlogd : [TzLogger](isPathReadable) file /sys/kernel/debug/tzdbg/qsee_log isn't exist or no permission, err: No such file or directory
04-06 02:11:52.378 1251 1359 E tlogd : [TzLogger](saveTzlogAsync) /sys/kernel/debug/tzdbg/qsee_log can not read.
04-06 02:11:52.378 1251 1359 E tlogd : [TzLogger](isPathReadable) file /sys/kernel/debug/tzdbg/log isn't exist or no permission, err: No such file or directory
04-06 02:11:52.378 1251 1359 E tlogd : [TzLogger](saveTzlogAsync) /sys/kernel/debug/tzdbg/log can not read.
04-06 02:11:52.392 1511 1895 E DisplayDeviceConfig: requesting nits when no mapping exists.
04-06 02:11:52.392 1511 1895 E DisplayDeviceConfig: requesting nits when no mapping exists.
04-06 02:11:52.392 1511 1614 I am_wtf : [0,1511,system_server,-1,DisplayDeviceConfig,requesting nits when no mapping exists.]
04-06 02:11:52.392 1511 1614 I am_wtf : [0,1511,system_server,-1,DisplayDeviceConfig,requesting nits when no mapping exists.]
04-06 02:11:52.408 1511 1895 E DisplayDeviceConfig: requesting nits when no mapping exists.
04-06 02:11:52.408 1511 1895 E DisplayDeviceConfig: requesting nits when no mapping exists.
04-06 02:11:52.408 1511 1614 I am_wtf : [0,1511,system_server,-1,DisplayDeviceConfig,requesting nits when no mapping exists.]
04-06 02:11:52.409 1511 1614 I am_wtf : [0,1511,system_server,-1,DisplayDeviceConfig,requesting nits when no mapping exists.]
04-06 02:11:52.425 1511 1895 E DisplayDeviceConfig: requesting nits when no mapping exists.
04-06 02:11:52.425 1511 1895 E DisplayDeviceConfig: requesting nits when no mapping exists.
04-06 02:11:52.425 1511 1614 I am_wtf : [0,1511,system_server,-1,DisplayDeviceConfig,requesting nits when no mapping exists.]
04-06 02:11:52.425 1511 1614 I am_wtf : [0,1511,system_server,-1,DisplayDeviceConfig,requesting nits when no mapping exists.]
04-06 02:11:52.442 1511 1895 E DisplayDeviceConfig: requesting nits when no mapping exists.
04-06 02:11:52.442 1511 1895 E DisplayDeviceConfig: requesting nits when no mapping exists.
04-06 02:11:52.442 1511 1614 I am_wtf : [0,1511,system_server,-1,DisplayDeviceConfig,requesting nits when no mapping exists.]
04-06 02:11:52.442 1511 1614 I am_wtf : [0,1511,system_server,-1,DisplayDeviceConfig,requesting nits when no mapping exists.]
04-06 02:11:52.458 1511 1895 E DisplayDeviceConfig: requesting nits when no mapping exists.
04-06 02:11:52.458 1511 1895 E DisplayDeviceConfig: requesting nits when no mapping exists.
04-06 02:11:52.458 1511 1614 I am_wtf : [0,1511,system_server,-1,DisplayDeviceConfig,requesting nits when no mapping exists.]
04-06 02:11:52.459 1511 1614 I service_manager_stats: [100,17,61712]
04-06 02:11:52.459 1511 1614 I am_wtf : [0,1511,system_server,-1,DisplayDeviceConfig,requesting nits when no mapping exists.]
04-06 02:11:52.475 1511 1895 E DisplayDeviceConfig: requesting nits when no mapping exists.
04-06 02:11:52.475 1511 1895 E DisplayDeviceConfig: requesting nits when no mapping exists.
04-06 02:11:52.475 1511 1614 I am_wtf : [0,1511,system_server,-1,DisplayDeviceConfig,requesting nits when no mapping exists.]
04-06 02:11:52.475 1511 1614 I am_wtf : [0,1511,system_server,-1,DisplayDeviceConfig,requesting nits when no mapping exists.]
04-06 02:11:52.492 1511 1895 E DisplayDeviceConfig: requesting nits when no mapping exists.
04-06 02:11:52.492 1511 1895 E DisplayDeviceConfig: requesting nits when no mapping exists.
04-06 02:11:52.492 1511 1614 I am_wtf : [0,1511,system_server,-1,DisplayDeviceConfig,requesting nits when no mapping exists.]
04-06 02:11:52.492 1511 1614 I am_wtf : [0,1511,system_server,-1,DisplayDeviceConfig,requesting nits when no mapping exists.]
04-06 02:11:52.509 1511 1895 E DisplayDeviceConfig: requesting nits when no mapping exists.
04-06 02:11:52.509 1511 1895 E DisplayDeviceConfig: requesting nits when no mapping exists.
04-06 02:11:52.509 1511 1614 I am_wtf : [0,1511,system_server,-1,DisplayDeviceConfig,requesting nits when no mapping exists.]
04-06 02:11:52.509 1511 1614 I am_wtf : [0,1511,system_server,-1,DisplayDeviceConfig,requesting nits when no mapping exists.]
04-06 02:11:52.525 1511 1895 E DisplayDeviceConfig: requesting nits when no mapping exists.
04-06 02:11:52.525 1511 1895 E DisplayDeviceConfig: requesting nits when no mapping exists.
04-06 02:11:52.525 1511 1614 I am_wtf : [0,1511,system_server,-1,DisplayDeviceConfig,requesting nits when no mapping exists.]
04-06 02:11:52.525 1511 1614 I am_wtf : [0,1511,system_server,-1,DisplayDeviceConfig,requesting nits when no mapping exists.]
04-06 02:11:52.542 1511 1895 E DisplayDeviceConfig: requesting nits when no mapping exists.
04-06 02:11:52.542 1511 1614 I am_wtf : [0,1511,system_server,-1,DisplayDeviceConfig,requesting nits when no mapping exists.]
04-06 02:11:52.542 1511 1895 E DisplayDeviceConfig: requesting nits when no mapping exists.
04-06 02:11:52.542 1511 1614 I am_wtf : [0,1511,system_server,-1,DisplayDeviceConfig,requesting nits when no mapping exists.]
04-06 02:11:52.559 1511 1895 E DisplayDeviceConfig: requesting nits when no mapping exists.
04-06 02:11:52.559 1511 1895 E DisplayDeviceConfig: requesting nits when no mapping exists.
04-06 02:11:52.559 1511 1614 I am_wtf : [0,1511,system_server,-1,DisplayDeviceConfig,requesting nits when no mapping exists.]
04-06 02:11:52.559 1511 1614 I am_wtf : [0,1511,system_server,-1,DisplayDeviceConfig,requesting nits when no mapping exists.]
04-06 02:11:52.575 1511 1895 E DisplayDeviceConfig: requesting nits when no mapping exists.
04-06 02:11:52.575 1511 1895 E DisplayDeviceConfig: requesting nits when no mapping exists.
04-06 02:11:52.575 1511 1614 I am_wtf : [0,1511,system_server,-1,DisplayDeviceConfig,requesting nits when no mapping exists.]
04-06 02:11:52.576 1511 1614 I am_wtf : [0,1511,system_server,-1,DisplayDeviceConfig,requesting nits when no mapping exists.]
04-06 02:11:52.592 1511 1895 E DisplayDeviceConfig: requesting nits when no mapping exists.
04-06 02:11:52.592 1511 1895 E DisplayDeviceConfig: requesting nits when no mapping exists.
