04-06 02:12:07.263 1511 2643 D ConnectivityService: requestNetwork for uid/pid:1000/2416 activeRequest: null callbackRequest: 34 [NetworkRequest [ REQUEST id=35, [ Capabilities: INTERNET&NOT_RESTRICTED&TRUSTED&NOT_VCN_MANAGED Uid: 1000 RequestorUid: 1000 RequestorPkg: com.android.settings] ]] callback flags: 0 priority: 2147483647
04-06 02:12:07.263 1511 1719 D ConnectivityService: NetReassign [no changes]
04-06 02:12:07.263 1511 1864 D Ethernet: got request NetworkRequest [ REQUEST id=35, [ Capabilities: INTERNET&NOT_RESTRICTED&TRUSTED&NOT_VCN_MANAGED Uid: 1000 RequestorUid: 1000 RequestorPkg: com.android.settings] ]
04-06 02:12:07.263 1511 1864 D EthernetNetworkFactory: acceptRequest, request: NetworkRequest [ REQUEST id=35, [ Capabilities: INTERNET&NOT_RESTRICTED&TRUSTED&NOT_VCN_MANAGED Uid: 1000 RequestorUid: 1000 RequestorPkg: com.android.settings] ]
04-06 02:12:07.263 1511 1864 I EthernetNetworkFactory: networkForRequest, request: NetworkRequest [ REQUEST id=35, [ Capabilities: INTERNET&NOT_RESTRICTED&TRUSTED&NOT_VCN_MANAGED Uid: 1000 RequestorUid: 1000 RequestorPkg: com.android.settings] ], network: null
04-06 02:12:07.263 1511 1712 D WifiNetworkFactory: got request NetworkRequest [ REQUEST id=35, [ Capabilities: INTERNET&NOT_RESTRICTED&TRUSTED&NOT_VCN_MANAGED Uid: 1000 RequestorUid: 1000 RequestorPkg: com.android.settings] ]
04-06 02:12:07.263 1511 1712 D UntrustedWifiNetworkFactory: got request NetworkRequest [ REQUEST id=35, [ Capabilities: INTERNET&NOT_RESTRICTED&TRUSTED&NOT_VCN_MANAGED Uid: 1000 RequestorUid: 1000 RequestorPkg: com.android.settings] ]
04-06 02:12:07.263 1511 1712 D OemPaidWifiNetworkFactory: got request NetworkRequest [ REQUEST id=35, [ Capabilities: INTERNET&NOT_RESTRICTED&TRUSTED&NOT_VCN_MANAGED Uid: 1000 RequestorUid: 1000 RequestorPkg: com.android.settings] ]
04-06 02:12:07.264 1511 1719 D ConnectivityService: NetReassign [no changes]
04-06 02:12:07.264 1511 2524 D ConnectivityService: requestNetwork for uid/pid:1000/2416 activeRequest: null callbackRequest: 37 [NetworkRequest [ REQUEST id=38, [ Capabilities: INTERNET&NOT_RESTRICTED&TRUSTED&NOT_VCN_MANAGED Uid: 1000 RequestorUid: 1000 RequestorPkg: com.android.settings] ]] callback flags: 0 priority: 2147483647
04-06 02:12:07.264 1511 1719 D ConnectivityService: NetReassign [no changes]
04-06 02:12:07.264 1511 1864 D Ethernet: got request NetworkRequest [ REQUEST id=38, [ Capabilities: INTERNET&NOT_RESTRICTED&TRUSTED&NOT_VCN_MANAGED Uid: 1000 RequestorUid: 1000 RequestorPkg: com.android.settings] ]
04-06 02:12:07.264 1511 1864 D EthernetNetworkFactory: acceptRequest, request: NetworkRequest [ REQUEST id=38, [ Capabilities: INTERNET&NOT_RESTRICTED&TRUSTED&NOT_VCN_MANAGED Uid: 1000 RequestorUid: 1000 RequestorPkg: com.android.settings] ]
04-06 02:12:07.264 1511 1864 I EthernetNetworkFactory: networkForRequest, request: NetworkRequest [ REQUEST id=38, [ Capabilities: INTERNET&NOT_RESTRICTED&TRUSTED&NOT_VCN_MANAGED Uid: 1000 RequestorUid: 1000 RequestorPkg: com.android.settings] ], network: null
04-06 02:12:07.264 1511 1712 D WifiNetworkFactory: got request NetworkRequest [ REQUEST id=38, [ Capabilities: INTERNET&NOT_RESTRICTED&TRUSTED&NOT_VCN_MANAGED Uid: 1000 RequestorUid: 1000 RequestorPkg: com.android.settings] ]
04-06 02:12:07.264 1511 1712 D UntrustedWifiNetworkFactory: got request NetworkRequest [ REQUEST id=38, [ Capabilities: INTERNET&NOT_RESTRICTED&TRUSTED&NOT_VCN_MANAGED Uid: 1000 RequestorUid: 1000 RequestorPkg: com.android.settings] ]
04-06 02:12:07.265 1511 1712 D OemPaidWifiNetworkFactory: got request NetworkRequest [ REQUEST id=38, [ Capabilities: INTERNET&NOT_RESTRICTED&TRUSTED&NOT_VCN_MANAGED Uid: 1000 RequestorUid: 1000 RequestorPkg: com.android.settings] ]
04-06 02:12:07.265 2416 2416 I TetheringManager: registerTetheringEventCallback caller:com.android.settings
04-06 02:12:07.268 1511 1719 D ConnectivityService: NetReassign [no changes]
04-06 02:12:07.268 1511 2643 D ConnectivityService: requestNetwork for uid/pid:1000/2416 activeRequest: null callbackRequest: 40 [NetworkRequest [ REQUEST id=41, [ Capabilities: INTERNET&NOT_RESTRICTED&TRUSTED&NOT_VCN_MANAGED Uid: 1000 RequestorUid: 1000 RequestorPkg: com.android.settings] ]] callback flags: 1 priority: 2147483647
04-06 02:12:07.268 1511 1719 D ConnectivityService: NetReassign [no changes]
04-06 02:12:07.269 1511 1864 D Ethernet: got request NetworkRequest [ REQUEST id=41, [ Capabilities: INTERNET&NOT_RESTRICTED&TRUSTED&NOT_VCN_MANAGED Uid: 1000 RequestorUid: 1000 RequestorPkg: com.android.settings] ]
04-06 02:12:07.269 1511 1864 D EthernetNetworkFactory: acceptRequest, request: NetworkRequest [ REQUEST id=41, [ Capabilities: INTERNET&NOT_RESTRICTED&TRUSTED&NOT_VCN_MANAGED Uid: 1000 RequestorUid: 1000 RequestorPkg: com.android.settings] ]
04-06 02:12:07.269 1511 1864 I EthernetNetworkFactory: networkForRequest, request: NetworkRequest [ REQUEST id=41, [ Capabilities: INTERNET&NOT_RESTRICTED&TRUSTED&NOT_VCN_MANAGED Uid: 1000 RequestorUid: 1000 RequestorPkg: com.android.settings] ], network: null
04-06 02:12:07.269 1511 1712 D WifiNetworkFactory: got request NetworkRequest [ REQUEST id=41, [ Capabilities: INTERNET&NOT_RESTRICTED&TRUSTED&NOT_VCN_MANAGED Uid: 1000 RequestorUid: 1000 RequestorPkg: com.android.settings] ]
04-06 02:12:07.269 1511 1712 D UntrustedWifiNetworkFactory: got request NetworkRequest [ REQUEST id=41, [ Capabilities: INTERNET&NOT_RESTRICTED&TRUSTED&NOT_VCN_MANAGED Uid: 1000 RequestorUid: 1000 RequestorPkg: com.android.settings] ]
04-06 02:12:07.269 1511 1712 D OemPaidWifiNetworkFactory: got request NetworkRequest [ REQUEST id=41, [ Capabilities: INTERNET&NOT_RESTRICTED&TRUSTED&NOT_VCN_MANAGED Uid: 1000 RequestorUid: 1000 RequestorPkg: com.android.settings] ]
04-06 02:12:07.269 1511 1719 D ConnectivityService: NetReassign [no changes]
04-06 02:12:07.269 2416 2416 D BluetoothPan: Binding service...
04-06 02:12:07.271 2416 2416 I sysui_multi_action: [757,746,758,1,833,0,1089,39]
04-06 02:12:07.271 2416 2416 D SubscriptionsChangeListener: Start
04-06 02:12:07.272 1511 2524 D TelephonyRegistry: listen oscl: mHasNotifySubscriptionInfoChangedOccurred==false no callback
04-06 02:12:07.272 2416 2416 D MobileNetworkSummaryStatus: network summary query
04-06 02:12:07.273 2416 4049 E TelephonyManager: Error in getUiccCardsInfo: unable to connect to Telephony service.
04-06 02:12:07.273 2416 4046 W MobileNetworkUtils: EuiccManager is not enabled.
04-06 02:12:07.275 2416 2416 W SelectableSubscriptions: Fail to request subIdList
04-06 02:12:07.275 2416 2416 W SelectableSubscriptions: java.lang.NullPointerException: Attempt to invoke interface method 'int java.util.List.size()' on a null object reference
04-06 02:12:07.275 2416 2416 W SelectableSubscriptions: at com.android.settings.network.helper.SelectableSubscriptions.call(SelectableSubscriptions.java:128)
04-06 02:12:07.275 2416 2416 W SelectableSubscriptions: at com.android.settings.network.MobileNetworkSummaryStatus.getSubscriptions(MobileNetworkSummaryStatus.java:158)
04-06 02:12:07.275 2416 2416 W SelectableSubscriptions: at com.android.settings.network.MobileNetworkSummaryStatus.update(MobileNetworkSummaryStatus.java:88)
04-06 02:12:07.275 2416 2416 W SelectableSubscriptions: at com.android.settings.network.MobileNetworkSummaryController.update(MobileNetworkSummaryController.java:170)
04-06 02:12:07.275 2416 2416 W SelectableSubscriptions: at com.android.settings.network.MobileNetworkSummaryController.onResume(MobileNetworkSummaryController.java:95)
04-06 02:12:07.275 2416 2416 W SelectableSubscriptions: at java.lang.reflect.Method.invoke(Native Method)
04-06 02:12:07.275 2416 2416 W SelectableSubscriptions: at androidx.lifecycle.ClassesInfoCache$MethodReference.invokeCallback(ClassesInfoCache.java:216)
04-06 02:12:07.275 2416 2416 W SelectableSubscriptions: at androidx.lifecycle.ClassesInfoCache$CallbackInfo.invokeMethodsForEvent(ClassesInfoCache.java:194)
04-06 02:12:07.275 2416 2416 W SelectableSubscriptions: at androidx.lifecycle.ClassesInfoCache$CallbackInfo.invokeCallbacks(ClassesInfoCache.java:185)
04-06 02:12:07.275 2416 2416 W SelectableSubscriptions: at androidx.lifecycle.ReflectiveGenericLifecycleObserver.onStateChanged(ReflectiveGenericLifecycleObserver.java:37)
04-06 02:12:07.275 2416 2416 W SelectableSubscriptions: at androidx.lifecycle.LifecycleRegistry$ObserverWithState.dispatchEvent(LifecycleRegistry.java:354)
04-06 02:12:07.275 2416 2416 W SelectableSubscriptions: at androidx.lifecycle.LifecycleRegistry.forwardPass(LifecycleRegistry.java:265)
04-06 02:12:07.275 2416 2416 W SelectableSubscriptions: at androidx.lifecycle.LifecycleRegistry.sync(LifecycleRegistry.java:307)
04-06 02:12:07.275 2416 2416 W SelectableSubscriptions: at androidx.lifecycle.LifecycleRegistry.moveToState(LifecycleRegistry.java:148)
04-06 02:12:07.275 2416 2416 W SelectableSubscriptions: at androidx.lifecycle.LifecycleRegistry.handleLifecycleEvent(LifecycleRegistry.java:134)
04-06 02:12:07.275 2416 2416 W SelectableSubscriptions: at com.android.settingslib.core.lifecycle.ObservablePreferenceFragment.onResume(ObservablePreferenceFragment.java:87)
04-06 02:12:07.275 2416 2416 W SelectableSubscriptions: at com.android.settings.core.InstrumentedPreferenceFragment.onResume(InstrumentedPreferenceFragment.java:77)
04-06 02:12:07.275 2416 2416 W SelectableSubscriptions: at com.android.settings.SettingsPreferenceFragment.onResume(SettingsPreferenceFragment.java:198)
04-06 02:12:07.275 2416 2416 W SelectableSubscriptions: at com.android.settings.dashboard.DashboardFragment.onResume(DashboardFragment.java:222)
04-06 02:12:07.275 2416 2416 W SelectableSubscriptions: at androidx.fragment.app.Fragment.performResume(Fragment.java:3029)
04-06 02:12:07.275 2416 2416 W SelectableSubscriptions: at androidx.fragment.app.FragmentStateManager.resume(FragmentStateManager.java:583)
04-06 02:12:07.275 2416 2416 W SelectableSubscriptions: at androidx.fragment.app.FragmentStateManager.moveToExpectedState(FragmentStateManager.java:282)
04-06 02:12:07.275 2416 2416 W SelectableSubscriptions: at androidx.fragment.app.SpecialEffectsController$FragmentStateManagerOperation.complete(SpecialEffectsController.java:742)
04-06 02:12:07.275 2416 2416 W SelectableSubscriptions: at androidx.fragment.app.SpecialEffectsController$Operation.completeSpecialEffect(SpecialEffectsController.java:669)
04-06 02:12:07.275 2416 2416 W SelectableSubscriptions: at androidx.fragment.app.DefaultSpecialEffectsController$SpecialEffectsInfo.completeSpecialEffect(DefaultSpecialEffectsController.java:755)
04-06 02:12:07.275 2416 2416 W SelectableSubscriptions: at androidx.fragment.app.DefaultSpecialEffectsController.startAnimations(DefaultSpecialEffectsController.java:147)
04-06 02:12:07.275 2416 2416 W SelectableSubscriptions: at androidx.fragment.app.DefaultSpecialEffectsController.executeOperations(DefaultSpecialEffectsController.java:120)
04-06 02:12:07.275 2416 2416 W SelectableSubscriptions: at androidx.fragment.app.SpecialEffectsController.executePendingOperations(SpecialEffectsController.java:294)
04-06 02:12:07.275 2416 2416 W SelectableSubscriptions: at androidx.fragment.app.FragmentManager.executeOpsTogether(FragmentManager.java:2222)
04-06 02:12:07.275 2416 2416 W SelectableSubscriptions: at androidx.fragment.app.FragmentManager.removeRedundantOperationsAndExecute(FragmentManager.java:2120)
04-06 02:12:07.275 2416 2416 W SelectableSubscriptions: at androidx.fragment.app.FragmentManager.execPendingActions(FragmentManager.java:2022)
04-06 02:12:07.275 2416 2416 W SelectableSubscriptions: at androidx.fragment.app.FragmentManager.executePendingTransactions(FragmentManager.java:603)
04-06 02:12:07.275 2416 2416 W SelectableSubscriptions: at com.android.settings.homepage.SettingsHomepageActivity.addFragment(SettingsHomepageActivity.java:454)
04-06 02:12:07.275 2416 2416 W SelectableSubscriptions: at com.android.settings.homepage.SettingsHomepageActivity.lambda$changeSettingsDetailsFragment$3(SettingsHomepageActivity.java:444)
04-06 02:12:07.275 2416 2416 W SelectableSubscriptions: at com.android.settings.homepage.SettingsHomepageActivity.$r8$lambda$GDM2RdS1ITQZQUFBqNf1SBHxq9k(Unknown Source:0)
04-06 02:12:07.275 2416 2416 W SelectableSubscriptions: at com.android.settings.homepage.SettingsHomepageActivity$$ExternalSyntheticLambda3.run(Unknown Source:10)
04-06 02:12:07.275 2416 2416 W SelectableSubscriptions: at android.os.Handler.handleCallback(Handler.java:938)
04-06 02:12:07.275 2416 2416 W SelectableSubscriptions: at android.os.Handler.dispatchMessage(Handler.java:99)
04-06 02:12:07.275 2416 2416 W SelectableSubscriptions: at android.os.Looper.loopOnce(Looper.java:201)
04-06 02:12:07.275 2416 2416 W SelectableSubscriptions: at android.os.Looper.loop(Looper.java:288)
04-06 02:12:07.275 2416 2416 W SelectableSubscriptions: at android.app.ActivityThread.main(ActivityThread.java:7880)
04-06 02:12:07.275 2416 2416 W SelectableSubscriptions: at java.lang.reflect.Method.invoke(Native Method)
04-06 02:12:07.275 2416 2416 W SelectableSubscriptions: at com.android.internal.os.RuntimeInit$MethodAndArgsCaller.run(RuntimeInit.java:548)
04-06 02:12:07.275 2416 2416 W SelectableSubscriptions: at com.android.internal.os.ZygoteInit.main(ZygoteInit.java:1009)
04-06 02:12:07.275 2416 2416 D MobileNetworkSummaryStatus: network summary query ignored
04-06 02:12:07.275 2416 2416 D SubscriptionsChangeListener: Start
04-06 02:12:07.275 1511 2643 D TelephonyRegistry: listen oscl: mHasNotifySubscriptionInfoChangedOccurred==false no callback
04-06 02:12:07.277 1511 1719 D ConnectivityService: NetReassign [no changes]
04-06 02:12:07.280 2416 2416 I sysui_multi_action: [757,1729,758,4,854,isParalleledControllers:false,1089,49]
04-06 02:12:07.295 1511 2078 I WifiService: startScan uid=1000
04-06 02:12:07.298 1369 3364 D LOWI-9.0.0.87.a: [LOWI-Scan] wait_event:Wait done with Cmd 33
04-06 02:12:07.298 1369 3364 D LOWI-9.0.0.87.a: [LOWI-Scan] do_listen_events: Rcvd valid Netlink Cmd 0 Err 0
04-06 02:12:07.323 2416 2416 D BluetoothPan: Proxy object connected
04-06 02:12:07.325 2416 2416 D BluetoothPan: Proxy object connected
01-01 08:14:46.295 0 0 I [schedu][0x98f65559][02:12:07.346001] wlan: [3347:I:OSIF] scan start scan id 40964
04-06 02:12:07.379 647 662 I mpu_uart: [MSG-P:RECV]:No message received in 1000 ms
04-06 02:12:07.380 1251 1359 E tlogd : [TzLogger](isPathReadable) file /sys/kernel/debug/tzdbg/qsee_log isn't exist or no permission, err: No such file or directory
04-06 02:12:07.380 1251 1359 E tlogd : [TzLogger](saveTzlogAsync) /sys/kernel/debug/tzdbg/qsee_log can not read.
04-06 02:12:07.380 1251 1359 E tlogd : [TzLogger](isPathReadable) file /sys/kernel/debug/tzdbg/log isn't exist or no permission, err: No such file or directory
04-06 02:12:07.380 1251 1359 E tlogd : [TzLogger](saveTzlogAsync) /sys/kernel/debug/tzdbg/log can not read.
04-06 02:12:07.497 1511 1607 I wm_stop_activity: [0,81224896,com.android.launcher3/.uioverrides.QuickstepLauncher]
04-06 02:12:07.513 2558 2558 D StateManager: goToState: Normal
04-06 02:12:07.514 2558 2558 I wm_on_stop_called: [81224896,com.android.launcher3.uioverrides.QuickstepLauncher,STOP_ACTIVITY_ITEM]
04-06 02:12:07.561 1511 1608 W Choreographer: Frame time is 0.349211 ms in the future! Check that graphics HAL is generating vsync timestamps using the correct timebase.
04-06 02:12:07.561 2416 2416 W Choreographer: Frame time is 0.324055 ms in the future! Check that graphics HAL is generating vsync timestamps using the correct timebase.
04-06 02:12:07.561 2558 2558 W Choreographer: Frame time is 0.310773 ms in the future! Check that graphics HAL is generating vsync timestamps using the correct timebase.
04-06 02:12:07.561 1959 2124 W Choreographer: Frame time is 0.220565 ms in the future! Check that graphics HAL is generating vsync timestamps using the correct timebase.
04-06 02:12:07.598 1511 2078 W InputManager-JNI: Input channel object '1ea1ab9 Splash Screen com.android.settings (client)' was disposed without first being removed with the input manager!
04-06 02:12:07.921 2728 2728 W hpplay-java: [main]:IPManager:getActiveNets invalid networkInfo:null
04-06 02:12:07.921 2728 2728 I hpplay-java: [main]:IPManager:getActiveNets eth0:false wifi:false mobile:false ap:false
04-06 02:12:07.921 2728 2728 I hpplay-java: [main]:ServerTaskManager:get local ip:null
04-06 02:12:08.120 2558 2558 E Launcher: Check mcu protect state
04-06 02:12:08.133 1511 1604 D CompanionDeviceManagerService: onPackageModified(packageName = com.android.settings)
04-06 02:12:08.133 1933 1933 D Avrcp_ext: AvrcpServiceBroadcastReceiver-> Action: android.intent.action.PACKAGE_CHANGED
04-06 02:12:08.133 1933 1933 D Avrcp_ext: AvrcpServiceBroadcastReceiver-> packageName: com.android.settings
04-06 02:12:08.134 1933 1933 D Avrcp_ext: packageName: com.android.settings removed: false
04-06 02:12:08.134 1511 1681 I RoleService: Granting default roles...
04-06 02:12:08.134 1511 1511 I Telecom : DefaultDialerCache: Refreshing default dialer for user 0: now null: DDC.oR@ABg
01-01 08:14:47.083 0 0 I init : starting service 'idmap2d'...
04-06 02:12:08.136 1511 1681 D CompatibilityInfo: mCompatibilityFlags - 4
04-06 02:12:08.136 1511 1681 D CompatibilityInfo: applicationDensity - 240
04-06 02:12:08.136 1511 1681 D CompatibilityInfo: applicationScale - 1.0
04-06 02:12:08.136 1511 1692 I InputReader: Reconfiguring input devices, changes=KEYBOARD_LAYOUTS |
04-06 02:12:08.137 1933 1933 D Avrcp_ext: isBrowsableListUpdated: browsable list size mismatch, true
04-06 02:12:08.137 1933 1933 D Avrcp_ext: buildBrowsablePlayerList
04-06 02:12:08.137 1933 1933 V Avrcp_ext: getMediaPlayerInfo: Found com.android.bluetooth
04-06 02:12:08.137 1933 1933 V Avrcp_ext: isBrowseSupported for com.android.bluetooth: false
04-06 02:12:08.137 1933 1933 D Avrcp_ext: Adding media player info for com.android.bluetooth with id 1
04-06 02:12:08.137 1933 1933 D Avrcp_ext: update #1:MediaPlayerInfo com.android.bluetooth (as '蓝牙') Type = 1, SubType = 0, Status = 0 Feature Bits [40 41 42 44 45 47 48 58] Controller: null
04-06 02:12:08.137 1933 1933 D Avrcp_ext: Added MediaPlayerController/MediaPlayerPackage
04-06 02:12:08.137 1933 1933 V Avrcp_ext: getMediaPlayerInfo: Found com.microsoft.emmx
04-06 02:12:08.137 1933 1933 V Avrcp_ext: isBrowseSupported for com.microsoft.emmx: false
04-06 02:12:08.137 1933 1933 D Avrcp_ext: Adding media player info for com.microsoft.emmx with id 2
04-06 02:12:08.138 1933 1933 D Avrcp_ext: update #2:MediaPlayerInfo com.microsoft.emmx (as 'Edge') Type = 1, SubType = 0, Status = 0 Feature Bits [40 41 42 44 45 47 48 58] Controller: null
04-06 02:12:08.138 1933 1933 D Avrcp_ext: Added MediaPlayerController/MediaPlayerPackage
04-06 02:12:08.138 1933 1933 V Avrcp_ext: updateCurrentMediaState: mMediaController: null
04-06 02:12:08.138 1933 1933 W Avrcp_ext: isMusicActive: false getBluetoothPlayState: 2 A2dp State: 11 mAudioPlaybackIsActive: false
04-06 02:12:08.138 1933 1933 W Avrcp_ext: updateCurrentMediaState: isPlaying = false
04-06 02:12:08.138 1933 1933 V Avrcp_ext: Media update: id -1➡-1? [MediaAttributes: none] : [MediaAttributes: none]
04-06 02:12:08.138 1933 1933 D Avrcp_ext: isPackageNameValid: browsedPackage = isValid = false
04-06 02:12:08.138 1933 1933 V Avrcp_ext: updatePlaybackState, state: PlaybackState {state=2, position=-1, buffered position=0, speed=0.0, updated=132235, actions=0, custom actions=[], active item id=-1, error=null} device: null
04-06 02:12:08.138 1933 1933 V Avrcp_ext: Device: no name:
04-06 02:12:08.138 1933 1933 V Avrcp_ext: Device: no name:
04-06 02:12:08.138 1933 1933 V Avrcp_ext: Device: no name:
04-06 02:12:08.138 1933 1933 V Avrcp_ext: Device: no name:
04-06 02:12:08.138 1933 1933 V Avrcp_ext: Device: no name:
04-06 02:12:08.138 1933 1933 V Avrcp_ext: updatePlayerStateAndPosition, old=PlaybackState {state=2, position=-1, buffered position=0, speed=0.0, updated=11267, actions=0, custom actions=[], active item id=-1, error=null}, state=PlaybackState {state=2, position=-1, buffered position=0, speed=0.0, updated=132235, actions=0, custom actions=[], active item id=-1, error=null}
04-06 02:12:08.138 1933 1933 V Avrcp_ext: old state = PlaybackState {state=2, position=-1, buffered position=0, speed=0.0, updated=11267, actions=0, custom actions=[], active item id=-1, error=null}, new state= PlaybackState {state=2, position=-1, buffered position=0, speed=0.0, updated=132235, actions=0, custom actions=[], active item id=-1, error=null}
04-06 02:12:08.138 1933 1933 D HeadsetService: getHeadsetService(): returning com.android.bluetooth.hfp.HeadsetService@c988341
04-06 02:12:08.138 1933 1933 D HeadsetService: isAudioOn: The number of audio connected devices 0
04-06 02:12:08.138 1933 1933 D HeadsetService: isScoOrCallActive(): Call Active:falseCall is Ringing:falseSCO is Active:false
04-06 02:12:08.138 1933 1933 D HeadsetService: isAudioOn: The number of audio connected devices 0
04-06 02:12:08.138 1933 1933 I Avrcp_ext: updatePlayStatusForDevice: device: null
04-06 02:12:08.138 1933 1933 V Avrcp_ext: updatePlaybackState (1): old=PlaybackState {state=2, position=-1, buffered position=0, speed=0.0, updated=11267, actions=0, custom actions=[], active item id=-1, error=null}(2), new=PlaybackState {state=2, position=-1, buffered position=0, speed=0.0, updated=132235, actions=0, custom actions=[], active item id=-1, error=null}(2)
04-06 02:12:08.138 1933 1933 I Avrcp_ext: Exit updatePlayStatusForDevice
04-06 02:12:08.138 1933 1933 D HeadsetService: isAudioOn: The number of audio connected devices 0
04-06 02:12:08.138 1933 1933 D HeadsetService: isScoOrCallActive(): Call Active:falseCall is Ringing:falseSCO is Active:false
04-06 02:12:08.138 1933 1933 D HeadsetService: isAudioOn: The number of audio connected devices 0
04-06 02:12:08.138 1933 1933 I Avrcp_ext: updatePlayStatusForDevice: device: null
04-06 02:12:08.138 1933 1933 V Avrcp_ext: updatePlaybackState (1): old=PlaybackState {state=2, position=-1, buffered position=0, speed=0.0, updated=11267, actions=0, custom actions=[], active item id=-1, error=null}(2), new=PlaybackState {state=2, position=-1, buffered position=0, speed=0.0, updated=132235, actions=0, custom actions=[], active item id=-1, error=null}(2)
04-06 02:12:08.138 1933 1933 I Avrcp_ext: Exit updatePlayStatusForDevice
04-06 02:12:08.138 1933 1933 D HeadsetService: isAudioOn: The number of audio connected devices 0
04-06 02:12:08.138 1933 1933 D HeadsetService: isScoOrCallActive(): Call Active:falseCall is Ringing:falseSCO is Active:false
04-06 02:12:08.138 1933 1933 D HeadsetService: isAudioOn: The number of audio connected devices 0
04-06 02:12:08.138 1933 1933 I Avrcp_ext: updatePlayStatusForDevice: device: null
04-06 02:12:08.138 1933 1933 V Avrcp_ext: updatePlaybackState (1): old=PlaybackState {state=2, position=-1, buffered position=0, speed=0.0, updated=11267, actions=0, custom actions=[], active item id=-1, error=null}(2), new=PlaybackState {state=2, position=-1, buffered position=0, speed=0.0, updated=132235, actions=0, custom actions=[], active item id=-1, error=null}(2)
04-06 02:12:08.138 1933 1933 I Avrcp_ext: Exit updatePlayStatusForDevice
04-06 02:12:08.138 1933 1933 D HeadsetService: isAudioOn: The number of audio connected devices 0
04-06 02:12:08.138 1933 1933 D HeadsetService: isScoOrCallActive(): Call Active:falseCall is Ringing:falseSCO is Active:false
04-06 02:12:08.138 1933 1933 D HeadsetService: isAudioOn: The number of audio connected devices 0
04-06 02:12:08.138 1933 1933 I Avrcp_ext: updatePlayStatusForDevice: device: null
04-06 02:12:08.138 1933 1933 V Avrcp_ext: updatePlaybackState (1): old=PlaybackState {state=2, position=-1, buffered position=0, speed=0.0, updated=11267, actions=0, custom actions=[], active item id=-1, error=null}(2), new=PlaybackState {state=2, position=-1, buffered position=0, speed=0.0, updated=132235, actions=0, custom actions=[], active item id=-1, error=null}(2)
04-06 02:12:08.138 1933 1933 I Avrcp_ext: Exit updatePlayStatusForDevice
04-06 02:12:08.138 1933 1933 D HeadsetService: isAudioOn: The number of audio connected devices 0
04-06 02:12:08.138 1933 1933 D HeadsetService: isScoOrCallActive(): Call Active:falseCall is Ringing:falseSCO is Active:false
04-06 02:12:08.138 1933 1933 D HeadsetService: isAudioOn: The number of audio connected devices 0
04-06 02:12:08.138 1933 1933 I Avrcp_ext: updatePlayStatusForDevice: device: null
04-06 02:12:08.138 1933 1933 V Avrcp_ext: updatePlaybackState (1): old=PlaybackState {state=2, position=-1, buffered position=0, speed=0.0, updated=11267, actions=0, custom actions=[], active item id=-1, error=null}(2), new=PlaybackState {state=2, position=-1, buffered position=0, speed=0.0, updated=132235, actions=0, custom actions=[], active item id=-1, error=null}(2)
04-06 02:12:08.138 1933 1933 I Avrcp_ext: Exit updatePlayStatusForDevice
04-06 02:12:08.138 1933 1933 D Avrcp_ext: Enter sendPlayPosNotificationRsp
04-06 02:12:08.138 1511 1613 W Searchables: No global search activity found
04-06 02:12:08.138 1933 1933 D Avrcp_ext: sendPlayPosNotificationRsp: Not registered or requesting.
04-06 02:12:08.138 1933 1933 D Avrcp_ext: Enter sendPlayPosNotificationRsp
04-06 02:12:08.138 1933 1933 D Avrcp_ext: sendPlayPosNotificationRsp: Not registered or requesting.
04-06 02:12:08.138 1933 1933 D Avrcp_ext: Enter sendPlayPosNotificationRsp
04-06 02:12:08.138 1933 1933 D Avrcp_ext: sendPlayPosNotificationRsp: Not registered or requesting.
04-06 02:12:08.138 1933 1933 D Avrcp_ext: Enter sendPlayPosNotificationRsp
04-06 02:12:08.138 1933 1933 D Avrcp_ext: sendPlayPosNotificationRsp: Not registered or requesting.
04-06 02:12:08.138 1933 1933 D Avrcp_ext: Enter sendPlayPosNotificationRsp
04-06 02:12:08.138 1933 1933 D Avrcp_ext: sendPlayPosNotificationRsp: Not registered or requesting.
04-06 02:12:08.138 1933 1933 V Avrcp_ext: Exit updatePlayerStateAndPosition
04-06 02:12:08.138 1933 1933 D Avrcp_ext: Exit handlePackageModified
01-01 08:14:47.088 0 0 I init : Control message: Processed ctl.start for 'idmap2d' from pid: 1511 (system_server)
04-06 02:12:08.139 1511 1613 W VoiceInteractionManager: no available voice recognition services found for user 0
04-06 02:12:08.141 2558 2558 D BaseModelUpdateTask: BaseModelUpdateTask constructor
04-06 02:12:08.141 2558 2558 D BaseModelUpdateTask: java.lang.Exception
04-06 02:12:08.141 2558 2558 D BaseModelUpdateTask: at com.android.launcher3.model.BaseModelUpdateTask.(BaseModelUpdateTask.java:57)
04-06 02:12:08.141 2558 2558 D BaseModelUpdateTask: at com.android.launcher3.model.PackageUpdatedTask.(PackageUpdatedTask.java:88)
04-06 02:12:08.141 2558 2558 D BaseModelUpdateTask: at com.android.launcher3.LauncherModel.onPackageChanged(LauncherModel.java:156)
04-06 02:12:08.141 2558 2558 D BaseModelUpdateTask: at android.content.pm.LauncherApps$CallbackMessageHandler.handleMessage(LauncherApps.java:1805)
04-06 02:12:08.141 2558 2558 D BaseModelUpdateTask: at android.os.Handler.dispatchMessage(Handler.java:106)
04-06 02:12:08.141 2558 2558 D BaseModelUpdateTask: at android.os.Looper.loopOnce(Looper.java:201)
04-06 02:12:08.141 2558 2558 D BaseModelUpdateTask: at android.os.Looper.loop(Looper.java:288)
04-06 02:12:08.141 2558 2558 D BaseModelUpdateTask: at android.app.ActivityThread.main(ActivityThread.java:7880)
04-06 02:12:08.141 2558 2558 D BaseModelUpdateTask: at java.lang.reflect.Method.invoke(Native Method)
04-06 02:12:08.141 2558 2558 D BaseModelUpdateTask: at com.android.internal.os.RuntimeInit$MethodAndArgsCaller.run(RuntimeInit.java:548)
04-06 02:12:08.141 2558 2558 D BaseModelUpdateTask: at com.android.internal.os.ZygoteInit.main(ZygoteInit.java:1009)
04-06 02:12:08.141 4053 4053 D ProcessState: Binder ioctl to enable oneway spam detection failed: Invalid argument
04-06 02:12:08.142 3508 4055 W Role : Cannot get ApplicationInfo for default holder: com.android.contacts
04-06 02:12:08.142 2558 2558 D PackageUpdatedTask: PackageUpdatedTask constructor: op=2,user=UserHandle{0},packages=[com.android.settings]
04-06 02:12:08.142 2558 2558 D PackageUpdatedTask: java.lang.Exception
04-06 02:12:08.142 2558 2558 D PackageUpdatedTask: at com.android.launcher3.model.PackageUpdatedTask.(PackageUpdatedTask.java:93)
04-06 02:12:08.142 2558 2558 D PackageUpdatedTask: at com.android.launcher3.LauncherModel.onPackageChanged(LauncherModel.java:156)
04-06 02:12:08.142 2558 2558 D PackageUpdatedTask: at android.content.pm.LauncherApps$CallbackMessageHandler.handleMessage(LauncherApps.java:1805)
04-06 02:12:08.142 2558 2558 D PackageUpdatedTask: at android.os.Handler.dispatchMessage(Handler.java:106)
04-06 02:12:08.142 2558 2558 D PackageUpdatedTask: at android.os.Looper.loopOnce(Looper.java:201)
04-06 02:12:08.142 2558 2558 D PackageUpdatedTask: at android.os.Looper.loop(Looper.java:288)
04-06 02:12:08.142 2558 2558 D PackageUpdatedTask: at android.app.ActivityThread.main(ActivityThread.java:7880)
04-06 02:12:08.142 2558 2558 D PackageUpdatedTask: at java.lang.reflect.Method.invoke(Native Method)
04-06 02:12:08.142 2558 2558 D PackageUpdatedTask: at com.android.internal.os.RuntimeInit$MethodAndArgsCaller.run(RuntimeInit.java:548)
04-06 02:12:08.142 2558 2558 D PackageUpdatedTask: at com.android.internal.os.ZygoteInit.main(ZygoteInit.java:1009)
01-01 08:14:47.091 0 0 I binder : 4053:4053 ioctl 40046210 7feb7a0294 returned -22
04-06 02:12:08.145 2558 2620 D BaseIconFactory: normalizeAndWrapToAdaptiveIcon: scale=0.8096529
04-06 02:12:08.145 4053 4056 W idmap2d : failed to parse idmap header of '/data/resource-cache/product@overlay@SettingsResCommon_Sys.apk@idmap'
04-06 02:12:08.146 4053 4053 W idmap2d : overlay '/product/overlay/SettingsResCommon_Sys.apk' is not allowed to overlay resource 'array/config_color_mode_options_strings' in target: target resource has no overlayable declaration
04-06 02:12:08.147 4053 4053 W idmap2d : overlay '/product/overlay/SettingsResCommon_Sys.apk' is not allowed to overlay resource 'array/config_color_mode_options_values' in target: target resource has no overlayable declaration
04-06 02:12:08.147 4053 4053 E idmap2d : no resources were overlaid
04-06 02:12:08.148 2558 2620 D BaseModelUpdateTask: BaseModelUpdateTask constructor
04-06 02:12:08.148 2558 2620 D BaseModelUpdateTask: java.lang.Exception
04-06 02:12:08.148 2558 2620 D BaseModelUpdateTask: at com.android.launcher3.model.BaseModelUpdateTask.(BaseModelUpdateTask.java:57)
04-06 02:12:08.148 2558 2620 D BaseModelUpdateTask: at com.android.launcher3.LauncherModel$6.(LauncherModel.java:605)
04-06 02:12:08.148 2558 2620 D BaseModelUpdateTask: at com.android.launcher3.LauncherModel.refreshAndBindWidgetsAndShortcuts(LauncherModel.java:605)
04-06 02:12:08.148 2558 2620 D BaseModelUpdateTask: at com.android.launcher3.Launcher.refreshAndBindWidgetsForPackageUser(Launcher.java:2878)
04-06 02:12:08.148 2558 2620 D BaseModelUpdateTask: at com.android.launcher3.model.PackageUpdatedTask.execute(PackageUpdatedTask.java:139)
04-06 02:12:08.148 2558 2620 D BaseModelUpdateTask: at com.android.launcher3.model.BaseModelUpdateTask.run(BaseModelUpdateTask.java:80)
04-06 02:12:08.148 2558 2620 D BaseModelUpdateTask: at android.os.Handler.handleCallback(Handler.java:938)
04-06 02:12:08.148 2558 2620 D BaseModelUpdateTask: at android.os.Handler.dispatchMessage(Handler.java:99)
04-06 02:12:08.148 2558 2620 D BaseModelUpdateTask: at android.os.Looper.loopOnce(Looper.java:201)
04-06 02:12:08.148 2558 2620 D BaseModelUpdateTask: at android.os.Looper.loop(Looper.java:288)
04-06 02:12:08.148 2558 2620 D BaseModelUpdateTask: at android.os.HandlerThread.run(HandlerThread.java:67)
04-06 02:12:08.149 2558 2620 D BaseIconFactory: normalizeAndWrapToAdaptiveIcon: scale=0.8096529
04-06 02:12:08.155 2558 2620 I WidgetsModel: found whitelist widget: com.android.gallery3d, label: 照片, sectionName:T
04-06 02:12:08.155 2558 2620 I WidgetsModel: found whitelist widget: com.android.settings, label: 设置快捷方式, sectionName:S
04-06 02:12:08.155 2558 2620 I WidgetsModel: found whitelist widget: com.android.systemui, label: 对话, sectionName:D
04-06 02:12:08.155 2558 2620 I WidgetsModel: found whitelist widget: com.android.music, label: 音乐, sectionName:Y
04-06 02:12:08.156 2558 2620 D ModelWriter: updateItemInDatabase: WorkspaceItemInfo(id=3 type=APP container=# com.android.launcher3.logger.LauncherAtom$ContainerInfo@1a1bf6a
04-06 02:12:08.156 2558 2620 D ModelWriter: hotseat {
04-06 02:12:08.156 2558 2620 D ModelWriter: index: 0
04-06 02:12:08.156 2558 2620 D ModelWriter: }(-101) targetComponent=ComponentInfo{com.android.settings/com.android.settings.Settings} screen=0 cell(0,0) span(1,1) minSpan(1,1) rank=0 user=UserHandle{0} title=设置)
04-06 02:12:08.161 3508 4055 W Role : Cannot get ApplicationInfo for default holder: com.android.messaging
04-06 02:12:08.163 2558 2620 D BaseModelUpdateTask: BaseModelUpdateTask constructor
04-06 02:12:08.163 2558 2620 D BaseModelUpdateTask: java.lang.Exception
04-06 02:12:08.163 2558 2620 D BaseModelUpdateTask: at com.android.launcher3.model.BaseModelUpdateTask.(BaseModelUpdateTask.java:57)
04-06 02:12:08.163 2558 2620 D BaseModelUpdateTask: at com.android.launcher3.model.AddWorkspaceItemsTask.(AddWorkspaceItemsTask.java:58)
04-06 02:12:08.163 2558 2620 D BaseModelUpdateTask: at com.android.launcher3.LauncherModel.addAndBindAddedWorkspaceItems(LauncherModel.java:145)
04-06 02:12:08.163 2558 2620 D BaseModelUpdateTask: at com.android.launcher3.model.PackageUpdatedTask.updateToWorkSpace(PackageUpdatedTask.java:406)
04-06 02:12:08.163 2558 2620 D BaseModelUpdateTask: at com.android.launcher3.model.PackageUpdatedTask.execute(PackageUpdatedTask.java:370)
04-06 02:12:08.163 2558 2620 D BaseModelUpdateTask: at com.android.launcher3.model.BaseModelUpdateTask.run(BaseModelUpdateTask.java:80)
04-06 02:12:08.163 2558 2620 D BaseModelUpdateTask: at android.os.Handler.handleCallback(Handler.java:938)
04-06 02:12:08.163 2558 2620 D BaseModelUpdateTask: at android.os.Handler.dispatchMessage(Handler.java:99)
04-06 02:12:08.163 2558 2620 D BaseModelUpdateTask: at android.os.Looper.loopOnce(Looper.java:201)
04-06 02:12:08.163 2558 2620 D BaseModelUpdateTask: at android.os.Looper.loop(Looper.java:288)
04-06 02:12:08.163 2558 2620 D BaseModelUpdateTask: at android.os.HandlerThread.run(HandlerThread.java:67)
04-06 02:12:08.224 1178 1178 I CNSS : cnss_open_log_file: create directory /data/vendor/wifi/wlan_logs/ ret = -1 errno= 17
04-06 02:12:08.224 1178 1178 I CNSS : failed to open file a+ mode or file size 0 is less than max_file_size 31457280
04-06 02:12:08.224 1178 1178 I CNSS : Failed to open file /data/vendor/wifi/wlan_logs/cnss_fw_logs_current.txt: 13
04-06 02:12:08.223 1178 1178 I auditd : type=1400 audit(0.0:435): avc: denied { getattr } for comm="cnss_diag" path="/data/vendor/wifi/wlan_logs" dev="dm-10" ino=373 scontext=u:r:vendor_wcnss_service:s0 tcontext=u:object_r:vendor_wifi_vendor_log_data_file:s0 tclass=dir permissive=0
04-06 02:12:08.223 1178 1178 W cnss_diag: type=1400 audit(0.0:435): avc: denied { getattr } for path="/data/vendor/wifi/wlan_logs" dev="dm-10" ino=373 scontext=u:r:vendor_wcnss_service:s0 tcontext=u:object_r:vendor_wifi_vendor_log_data_file:s0 tclass=dir permissive=0
04-06 02:12:08.223 1178 1178 I auditd : type=1400 audit(0.0:436): avc: denied { read } for comm="cnss_diag" name="wlan_logs" dev="dm-10" ino=373 scontext=u:r:vendor_wcnss_service:s0 tcontext=u:object_r:vendor_wifi_vendor_log_data_file:s0 tclass=dir permissive=0
04-06 02:12:08.223 1178 1178 W cnss_diag: type=1400 audit(0.0:436): avc: denied { read } for name="wlan_logs" dev="dm-10" ino=373 scontext=u:r:vendor_wcnss_service:s0 tcontext=u:object_r:vendor_wifi_vendor_log_data_file:s0 tclass=dir permissive=0
04-06 02:12:08.223 1178 1178 I auditd : type=1400 audit(0.0:437): avc: denied { search } for comm="cnss_diag" name="wlan_logs" dev="dm-10" ino=373 scontext=u:r:vendor_wcnss_service:s0 tcontext=u:object_r:vendor_wifi_vendor_log_data_file:s0 tclass=dir permissive=0
04-06 02:12:08.223 1178 1178 W cnss_diag: type=1400 audit(0.0:437): avc: denied { search } for name="wlan_logs" dev="dm-10" ino=373 scontext=u:r:vendor_wcnss_service:s0 tcontext=u:object_r:vendor_wifi_vendor_log_data_file:s0 tclass=dir permissive=0
04-06 02:12:08.379 647 662 I mpu_uart: [MSG-P:RECV]:No message received in 1000 ms
04-06 02:12:08.512 1369 3364 D LOWI-9.0.0.87.a: [LOWI-Scan] wait_event:Wait done with Cmd 34
04-06 02:12:08.512 1369 3364 D LOWI-9.0.0.87.a: [LOWI-Scan] do_listen_events: Rcvd valid Netlink Cmd 34 Err 0
01-01 08:14:47.462 0 0 I [schedu][0x9a4c29aa][02:12:08.512778] wlan: [3347:I:OSIF] vdev 0, scan id 40964 type COMPLETED(1) reason COMPLETED(1) scan found 31 bss
04-06 02:12:08.512 1511 2078 D WifiNl80211Manager: Scan result ready event
04-06 02:12:08.512 1511 2078 D WifiNative: Scan result ready event
04-06 02:12:08.512 1369 3364 D LOWI-9.0.0.87.a: [LOWI-Scan]
04-06 02:12:08.512 1369 3364 D LOWI-9.0.0.87.a: [LOWI-Scan] print_bss_handler: Report beacon TSF 131528679 as it greater than probe TSF 131528679
04-06 02:12:08.512 1369 3364 D LOWI-9.0.0.87.a: [LOWI-Scan] decode_rsn_wpa_ie: LOWI_ENCRYPTION_TYPE_WPA_PSK
04-06 02:12:08.512 1369 3364 D LOWI-9.0.0.87.a: [LOWI-Scan] is_qcom_ie, bss_age: 0
04-06 02:12:08.512 1369 3364 D LOWI-9.0.0.87.a: [LOWI-Scan] BSS 98:97:cc:80:04:88 LOWI_PHY_MODE_11AC_VHT40_2G(12), Beacon Interval: 100, LOWI_ENCRYPTION_TYPE_WPA_PSK 11mcRanging: No, ANQP: No, LCI: No, Civic: No, capability(0x1411): ESS Privacy ShortSlotTime
04-06 02:12:08.512 1369 3364 D LOWI-9.0.0.87.a: [LOWI-Scan] BSS 98:97:cc:80:04:88 FREQ: 2412, cFreq1[40:80:160] = [2422:0:0] cFreq2 = 0 Country Code = CN
04-06 02:12:08.512 1369 3364 D LOWI-9.0.0.87.a: [LOWI-Scan] BSS 98:97:cc:80:04:88 (wlan0) ASSO: NO AddInfo: 0x1, TSF 0, 00:02:11.528, RSSI: -184, CPL: 127, AGE: 1080, SSID TP-LINK-TS, TSFDelta: 0x994b12bc, TXRate: 0
04-06 02:12:08.512 1369 3364 D LOWI-9.0.0.87.a: [LOWI-Scan]
04-06 02:12:08.512 1369 3364 D LOWI-9.0.0.87.a: [LOWI-Scan] print_bss_handler: Report Probe TSF 131491778 as it greater than Beacon TSF 118818138
04-06 02:12:08.512 1369 3364 D LOWI-9.0.0.87.a: [LOWI-Scan] decode_rsn_wpa_ie: LOWI_ENCRYPTION_TYPE_WPA_PSK
04-06 02:12:08.512 1369 3364 D LOWI-9.0.0.87.a: [LOWI-Scan] is_qcom_ie, bss_age: 0
04-06 02:12:08.512 1369 3364 D LOWI-9.0.0.87.a: [LOWI-Scan] BSS ec:60:73:e8:b0:00 LOWI_PHY_MODE_11AC_VHT80(10), Beacon Interval: 100, LOWI_ENCRYPTION_TYPE_WPA_PSK 11mcRanging: No, ANQP: No, LCI: No, Civic: No, capability(0x1011): ESS Privacy
04-06 02:12:08.512 1369 3364 D LOWI-9.0.0.87.a: [LOWI-Scan] BSS ec:60:73:e8:b0:00 FREQ: 5180, cFreq1[40:80:160] = [5190:5210:0] cFreq2 = 0 Country Code = CN
04-06 02:12:08.512 1369 3364 D LOWI-9.0.0.87.a: [LOWI-Scan] BSS ec:60:73:e8:b0:00 (wlan0) ASSO: NO AddInfo: 0x0, TSF 0, 00:02:11.491, RSSI: -150, CPL: 127, AGE: 1120, SSID TP-LINK_AFFE, TSFDelta: 0xef93d115, TXRate: 0
04-06 02:12:08.512 1369 3364 D LOWI-9.0.0.87.a: [LOWI-Scan]
04-06 02:12:08.512 1369 3364 D LOWI-9.0.0.87.a: [LOWI-Scan] print_bss_handler: Report beacon TSF 131551384 as it greater than probe TSF 131551384
04-06 02:12:08.512 1369 3364 D LOWI-9.0.0.87.a: [LOWI-Scan] decode_rsn_wpa_ie: LOWI_ENCRYPTION_TYPE_WPA_PSK
04-06 02:12:08.512 1369 3364 D LOWI-9.0.0.87.a: [LOWI-Scan] is_qcom_ie, bss_age: 0
04-06 02:12:08.512 1369 3364 D LOWI-9.0.0.87.a: [LOWI-Scan] BSS 9a:97:cc:a0:04:88 LOWI_PHY_MODE_11AC_VHT40_2G(12), Beacon Interval: 100, LOWI_ENCRYPTION_TYPE_WPA_PSK 11mcRanging: No, ANQP: No, LCI: No, Civic: No, capability(0x0411): ESS Privacy ShortSlotTime
04-06 02:12:08.512 1369 3364 D LOWI-9.0.0.87.a: [LOWI-Scan] BSS 9a:97:cc:a0:04:88 FREQ: 2412, cFreq1[40:80:160] = [2422:0:0] cFreq2 = 0 Country Code = CN
04-06 02:12:08.512 1369 3364 D LOWI-9.0.0.87.a: [LOWI-Scan] BSS 9a:97:cc:a0:04:88 (wlan0) ASSO: NO AddInfo: 0x1, TSF 0, 00:02:11.551, RSSI: -182, CPL: 127, AGE: 1060, SSID , TSFDelta: 0x99872750, TXRate: 0
04-06 02:12:08.512 1369 3364 D LOWI-9.0.0.87.a: [LOWI-Scan]
04-06 02:12:08.512 1369 3364 D LOWI-9.0.0.87.a: [LOWI-Scan] print_bss_handler: Report beacon TSF 118798157 as it greater than probe TSF 118798157
04-06 02:12:08.512 1369 3364 D LOWI-9.0.0.87.a: [LOWI-Scan] decode_rsn_wpa_ie: LOWI_ENCRYPTION_TYPE_WPA_PSK
04-06 02:12:08.512 1369 3364 D LOWI-9.0.0.87.a: [LOWI-Scan] is_qcom_ie, bss_age: 0
04-06 02:12:08.512 1369 3364 D LOWI-9.0.0.87.a: [LOWI-Scan] adjust_age:AP AGE upper limit reached. Dont store
04-06 02:12:08.513 1369 3364 D LOWI-9.0.0.87.a: [LOWI-Scan] BSS 18:6f:2d:81:16:e4 LOWI_PHY_MODE_11NG_HT20(5), Beacon Interval: 100, LOWI_ENCRYPTION_TYPE_WPA_PSK 11mcRanging: No, ANQP: No, LCI: No, Civic: No, capability(0x0531): ESS Privacy ShortPreamble SpectrumMgmt ShortSlotTime
04-06 02:12:08.513 1369 3364 D LOWI-9.0.0.87.a: [LOWI-Scan] BSS 18:6f:2d:81:16:e4 FREQ: 2412, cFreq1[40:80:160] = [2412:0:0] cFreq2 = 0 Country Code = CN
04-06 02:12:08.513 1369 3364 D LOWI-9.0.0.87.a: [LOWI-Scan] BSS 18:6f:2d:81:16:e4 (wlan0) ASSO: NO AddInfo: 0x1, TSF 0, 00:01:58.798, RSSI: -178, CPL: 127, AGE: 13812, SSID Fanya, TSFDelta: 0xa1b32c2a, TXRate: 0
04-06 02:12:08.513 1369 3364 D LOWI-9.0.0.87.a: [LOWI-Scan]
04-06 02:12:08.513 1369 3364 D LOWI-9.0.0.87.a: [LOWI-Scan] print_bss_handler: Report Probe TSF 131680397 as it greater than Beacon TSF 131679867
04-06 02:12:08.513 1369 3364 D LOWI-9.0.0.87.a: [LOWI-Scan] decode_rsn_wpa_ie: LOWI_ENCRYPTION_TYPE_WPA_PSK
04-06 02:12:08.513 1369 3364 D LOWI-9.0.0.87.a: [LOWI-Scan] is_qcom_ie, bss_age: 0
04-06 02:12:08.513 1369 3364 D LOWI-9.0.0.87.a: [LOWI-Scan] BSS 1a:51:7e:52:1a:24 LOWI_PHY_MODE_11AC_VHT40(9), Beacon Interval: 100, LOWI_ENCRYPTION_TYPE_WPA_PSK 11mcRanging: No, ANQP: Yes, LCI: No, Civic: No, capability(0x0131): ESS Privacy ShortPreamble SpectrumMgmt
04-06 02:12:08.513 1369 3364 D LOWI-9.0.0.87.a: [LOWI-Scan] BSS 1a:51:7e:52:1a:24 FREQ: 5745, cFreq1[40:80:160] = [5755:0:0] cFreq2 = 0 Country Code = CN
04-06 02:12:08.513 1369 3364 D LOWI-9.0.0.87.a: [LOWI-Scan] BSS 1a:51:7e:52:1a:24 (wlan0) ASSO: NO AddInfo: 0x0, TSF 0, 00:02:11.680, RSSI: -156, CPL: 127, AGE: 928, SSID H3C_EPOCH, TSFDelta: 0x9c3a4aed, TXRate: 0
04-06 02:12:08.513 1369 3364 D LOWI-9.0.0.87.a: [LOWI-Scan]
04-06 02:12:08.513 1369 3364 D LOWI-9.0.0.87.a: [LOWI-Scan] print_bss_handler: Report beacon TSF 118965617 as it greater than probe TSF 118965617
04-06 02:12:08.513 1369 3364 D LOWI-9.0.0.87.a: [LOWI-Scan] decode_rsn_wpa_ie: LOWI_ENCRYPTION_TYPE_WPA_PSK
04-06 02:12:08.513 1369 3364 D LOWI-9.0.0.87.a: [LOWI-Scan] is_qcom_ie, bss_age: 0
04-06 02:12:08.513 1369 3364 D LOWI-9.0.0.87.a: [LOWI-Scan] adjust_age:AP AGE upper limit reached. Dont store
04-06 02:12:08.513 1369 3364 D LOWI-9.0.0.87.a: [LOWI-Scan] BSS 68:db:54:a1:05:ff LOWI_PHY_MODE_11NG_HT20(5), Beacon Interval: 100, LOWI_ENCRYPTION_TYPE_WPA_PSK 11mcRanging: No, ANQP: No, LCI: No, Civic: No, capability(0x0c11): ESS Privacy ShortSlotTime APSD
04-06 02:12:08.513 1369 3364 D LOWI-9.0.0.87.a: [LOWI-Scan] BSS 68:db:54:a1:05:ff FREQ: 2422, cFreq1[40:80:160] = [2422:0:0] cFreq2 = 0 Country Code = CN
04-06 02:12:08.513 1369 3364 D LOWI-9.0.0.87.a: [LOWI-Scan] BSS 68:db:54:a1:05:ff (wlan0) ASSO: NO AddInfo: 0x1, TSF 0, 00:01:58.965, RSSI: -178, CPL: 127, AGE: 13644, SSID @PHICOMM_FD, TSFDelta: 0xd47ed763, TXRate: 0
04-06 02:12:08.513 1369 3364 D LOWI-9.0.0.87.a: [LOWI-Scan]
04-06 02:12:08.513 1369 3364 D LOWI-9.0.0.87.a: [LOWI-Scan] print_bss_handler: Report beacon TSF 131775731 as it greater than probe TSF 131766975
04-06 02:12:08.513 1369 3364 D LOWI-9.0.0.87.a: [LOWI-Scan] decode_rsn_wpa_ie: LOWI_ENCRYPTION_TYPE_WPA_PSK
04-06 02:12:08.513 1369 3364 D LOWI-9.0.0.87.a: [LOWI-Scan] is_qcom_ie, bss_age: 0
04-06 02:12:08.513 1369 3364 D LOWI-9.0.0.87.a: [LOWI-Scan] BSS 64:6e:97:5a:7e:e2 LOWI_PHY_MODE_11AC_VHT80(10), Beacon Interval: 100, LOWI_ENCRYPTION_TYPE_WPA_PSK 11mcRanging: No, ANQP: No, LCI: No, Civic: No, capability(0x1011): ESS Privacy
04-06 02:12:08.513 1369 3364 D LOWI-9.0.0.87.a: [LOWI-Scan] BSS 64:6e:97:5a:7e:e2 FREQ: 5785, cFreq1[40:80:160] = [5795:5775:0] cFreq2 = 0 Country Code = CN
04-06 02:12:08.513 1369 3364 D LOWI-9.0.0.87.a: [LOWI-Scan] BSS 64:6e:97:5a:7e:e2 (wlan0) ASSO: NO AddInfo: 0x1, TSF 0, 00:02:11.775, RSSI: -158, CPL: 127, AGE: 836, SSID DMC, TSFDelta: 0x67a6c64c, TXRate: 0
04-06 02:12:08.513 1369 3364 D LOWI-9.0.0.87.a: [LOWI-Scan]
04-06 02:12:08.513 1369 3364 D LOWI-9.0.0.87.a: [LOWI-Scan] print_bss_handler: Report Probe TSF 131837573 as it greater than Beacon TSF 119147716
04-06 02:12:08.513 1369 3364 D LOWI-9.0.0.87.a: [LOWI-Scan] decode_rsn_wpa_ie: LOWI_ENCRYPTION_TYPE_WPA_PSK
04-06 02:12:08.513 1369 3364 D LOWI-9.0.0.87.a: [LOWI-Scan] is_qcom_ie, bss_age: 0
04-06 02:12:08.513 1369 3364 D LOWI-9.0.0.87.a: [LOWI-Scan] BSS 98:97:cc:80:04:8a LOWI_PHY_MODE_11AC_VHT80(10), Beacon Interval: 100, LOWI_ENCRYPTION_TYPE_WPA_PSK 11mcRanging: No, ANQP: No, LCI: No, Civic: No, capability(0x1011): ESS Privacy
04-06 02:12:08.513 1369 3364 D LOWI-9.0.0.87.a: [LOWI-Scan] BSS 98:97:cc:80:04:8a FREQ: 5805, cFreq1[40:80:160] = [5795:5775:0] cFreq2 = 0 Country Code = CN
04-06 02:12:08.513 1369 3364 D LOWI-9.0.0.87.a: [LOWI-Scan] BSS 98:97:cc:80:04:8a (wlan0) ASSO: NO AddInfo: 0x0, TSF 0, 00:02:11.837, RSSI: -154, CPL: 127, AGE: 772, SSID TP-LINK-TS, TSFDelta: 0xa258c73b, TXRate: 0
04-06 02:12:08.513 1369 3364 D LOWI-9.0.0.87.a: [LOWI-Scan]
04-06 02:12:08.513 1369 3364 D LOWI-9.0.0.87.a: [LOWI-Scan] print_bss_handler: Report Probe TSF 131885694 as it greater than Beacon TSF 119235600
04-06 02:12:08.513 1369 3364 D LOWI-9.0.0.87.a: [LOWI-Scan] decode_rsn_wpa_ie: LOWI_ENCRYPTION_TYPE_WPA_PSK
04-06 02:12:08.513 1369 3364 D LOWI-9.0.0.87.a: [LOWI-Scan] is_qcom_ie, bss_age: 0
04-06 02:12:08.513 1369 3364 D LOWI-9.0.0.87.a: [LOWI-Scan] BSS 18:6f:2d:80:62:f0 LOWI_PHY_MODE_11AC_VHT20(8), Beacon Interval: 100, LOWI_ENCRYPTION_TYPE_WPA_PSK 11mcRanging: No, ANQP: No, LCI: No, Civic: No, capability(0x0111): ESS Privacy SpectrumMgmt
04-06 02:12:08.513 1369 3364 D LOWI-9.0.0.87.a: [LOWI-Scan] BSS 18:6f:2d:80:62:f0 FREQ: 5825, cFreq1[40:80:160] = [5825:0:0] cFreq2 = 0 Country Code = CN
04-06 02:12:08.513 1369 3364 D LOWI-9.0.0.87.a: [LOWI-Scan] BSS 18:6f:2d:80:62:f0 (wlan0) ASSO: NO AddInfo: 0x0, TSF 0, 00:02:11.885, RSSI: -170, CPL: 127, AGE: 724, SSID Testing , TSFDelta: 0x91d1a55d, TXRate: 0
04-06 02:12:08.513 1369 3364 D LOWI-9.0.0.87.a: [LOWI-Scan]
04-06 02:12:08.513 1369 3364 D LOWI-9.0.0.87.a: [LOWI-Scan] print_bss_handler: Report Probe TSF 131887117 as it greater than Beacon TSF 119235737
04-06 02:12:08.513 1369 3364 D LOWI-9.0.0.87.a: [LOWI-Scan] decode_rsn_wpa_ie: LOWI_ENCRYPTION_TYPE_WPA_PSK
04-06 02:12:08.513 1369 3364 D LOWI-9.0.0.87.a: [LOWI-Scan] is_qcom_ie, bss_age: 0
04-06 02:12:08.513 1369 3364 D LOWI-9.0.0.87.a: [LOWI-Scan] BSS 18:6f:2d:80:62:f2 LOWI_PHY_MODE_11AC_VHT20(8), Beacon Interval: 100, LOWI_ENCRYPTION_TYPE_WPA_PSK 11mcRanging: No, ANQP: No, LCI: No, Civic: No, capability(0x0111): ESS Privacy SpectrumMgmt
04-06 02:12:08.513 1369 3364 D LOWI-9.0.0.87.a: [LOWI-Scan] BSS 18:6f:2d:80:62:f2 FREQ: 5825, cFreq1[40:80:160] = [5825:0:0] cFreq2 = 0 Country Code = CN
04-06 02:12:08.513 1369 3364 D LOWI-9.0.0.87.a: [LOWI-Scan] BSS 18:6f:2d:80:62:f2 (wlan0) ASSO: NO AddInfo: 0x0, TSF 0, 00:02:11.887, RSSI: -174, CPL: 127, AGE: 724, SSID ZXHY, TSFDelta: 0x91dc8b73, TXRate: 0
04-06 02:12:08.513 1369 3364 D LOWI-9.0.0.87.a: [LOWI-Scan]
04-06 02:12:08.513 1369 3364 D LOWI-9.0.0.87.a: [LOWI-Scan] print_bss_handler: Report Probe TSF 131887861 as it greater than Beacon TSF 119236198
04-06 02:12:08.513 1369 3364 D LOWI-9.0.0.87.a: [LOWI-Scan] decode_rsn_wpa_ie: LOWI_ENCRYPTION_TYPE_WPA_PSK
04-06 02:12:08.513 1369 3364 D LOWI-9.0.0.87.a: [LOWI-Scan] is_qcom_ie, bss_age: 0
04-06 02:12:08.513 1369 3364 D LOWI-9.0.0.87.a: [LOWI-Scan] BSS 18:6f:2d:80:62:f3 LOWI_PHY_MODE_11AC_VHT20(8), Beacon Interval: 100, LOWI_ENCRYPTION_TYPE_WPA_PSK 11mcRanging: No, ANQP: No, LCI: No, Civic: No, capability(0x0111): ESS Privacy SpectrumMgmt
04-06 02:12:08.513 1369 3364 D LOWI-9.0.0.87.a: [LOWI-Scan] BSS 18:6f:2d:80:62:f3 FREQ: 5825, cFreq1[40:80:160] = [5825:0:0] cFreq2 = 0 Country Code = CN
04-06 02:12:08.513 1369 3364 D LOWI-9.0.0.87.a: [LOWI-Scan] BSS 18:6f:2d:80:62:f3 (wlan0) ASSO: NO AddInfo: 0x0, TSF 0, 00:02:11.887, RSSI: -168, CPL: 127, AGE: 724, SSID Fanya, TSFDelta: 0x91e1f82d, TXRate: 0
04-06 02:12:08.513 1369 3364 D LOWI-9.0.0.87.a: [LOWI-Scan]
04-06 02:12:08.513 1369 3364 D LOWI-9.0.0.87.a: [LOWI-Scan] print_bss_handler: Report Probe TSF 131905811 as it greater than Beacon TSF 119236274
04-06 02:12:08.513 1369 3364 D LOWI-9.0.0.87.a: [LOWI-Scan] decode_rsn_wpa_ie: LOWI_ENCRYPTION_TYPE_WPA_PSK
04-06 02:12:08.513 1369 3364 D LOWI-9.0.0.87.a: [LOWI-Scan] is_qcom_ie, bss_age: 0
04-06 02:12:08.513 1369 3364 D LOWI-9.0.0.87.a: [LOWI-Scan] BSS 18:6f:2d:80:62:f4 LOWI_PHY_MODE_11AC_VHT20(8), Beacon Interval: 100, LOWI_ENCRYPTION_TYPE_WPA_PSK 11mcRanging: No, ANQP: No, LCI: No, Civic: No, capability(0x0111): ESS Privacy SpectrumMgmt
04-06 02:12:08.513 1369 3364 D LOWI-9.0.0.87.a: [LOWI-Scan] BSS 18:6f:2d:80:62:f4 FREQ: 5825, cFreq1[40:80:160] = [5825:0:0] cFreq2 = 0 Country Code = CN
04-06 02:12:08.513 1369 3364 D LOWI-9.0.0.87.a: [LOWI-Scan] BSS 18:6f:2d:80:62:f4 (wlan0) ASSO: NO AddInfo: 0x0, TSF 0, 00:02:11.905, RSSI: -172, CPL: 127, AGE: 704, SSID ThunderSoft, TSFDelta: 0x91e740b1, TXRate: 0
04-06 02:12:08.513 1369 3364 D LOWI-9.0.0.87.a: [LOWI-Scan]
04-06 02:12:08.513 1369 3364 D LOWI-9.0.0.87.a: [LOWI-Scan] print_bss_handler: Report Probe TSF 131905861 as it greater than Beacon TSF 119236673
04-06 02:12:08.513 1369 3364 D LOWI-9.0.0.87.a: [LOWI-Scan] decode_rsn_wpa_ie: LOWI_ENCRYPTION_TYPE_WPA_PSK
04-06 02:12:08.513 1369 3364 D LOWI-9.0.0.87.a: [LOWI-Scan] is_qcom_ie, bss_age: 0
04-06 02:12:08.513 1369 3364 D LOWI-9.0.0.87.a: [LOWI-Scan] BSS 18:6f:2d:80:62:f5 LOWI_PHY_MODE_11AC_VHT20(8), Beacon Interval: 100, LOWI_ENCRYPTION_TYPE_WPA_PSK 11mcRanging: No, ANQP: No, LCI: No, Civic: No, capability(0x0111): ESS Privacy SpectrumMgmt
