04-06 02:10:04.722 1511 1511 I SystemServerTiming: OnBootPhase_480_com.android.server.trust.TrustManagerService
04-06 02:10:04.722 1511 1511 I SystemServerTiming: OnBootPhase_480_com.android.server.backup.BackupManagerService$Lifecycle
04-06 02:10:04.722 1511 1511 I SystemServerTiming: OnBootPhase_480_com.android.server.appwidget.AppWidgetService
04-06 02:10:04.722 1511 1511 I SystemServerTiming: OnBootPhase_480_com.android.server.voiceinteraction.VoiceInteractionManagerService
04-06 02:10:04.722 1511 1511 I SystemServerTiming: OnBootPhase_480_com.android.server.apphibernation.AppHibernationService
04-06 02:10:04.722 1511 1511 I SystemServerTiming: OnBootPhase_480_com.android.server.SensorNotificationService
04-06 02:10:04.722 1511 1511 I SystemServerTiming: OnBootPhase_480_com.android.server.emergency.EmergencyAffordanceService
04-06 02:10:04.722 1511 1511 I SystemServerTiming: OnBootPhase_480_com.android.server.blob.BlobStoreManagerService
04-06 02:10:04.722 1511 1511 I SystemServerTiming: OnBootPhase_480_com.android.server.dreams.DreamManagerService
04-06 02:10:04.722 1511 1511 I SystemServerTiming: OnBootPhase_480_com.android.server.companion.CompanionDeviceManagerService
04-06 02:10:04.722 1511 1511 I SystemServerTiming: OnBootPhase_480_com.android.server.restrictions.RestrictionsManagerService
04-06 02:10:04.722 1511 1511 I SystemServerTiming: OnBootPhase_480_com.android.server.media.MediaSessionService
04-06 02:10:04.722 1511 1511 I SystemServerTiming: OnBootPhase_480_com.android.server.media.MediaResourceMonitorService
04-06 02:10:04.722 1511 1511 I SystemServerTiming: OnBootPhase_480_com.android.server.biometrics.sensors.fingerprint.FingerprintService
04-06 02:10:04.722 1511 1511 I SystemServerTiming: OnBootPhase_480_com.android.server.biometrics.BiometricService
04-06 02:10:04.722 1511 1511 I SystemServerTiming: OnBootPhase_480_com.android.server.biometrics.AuthService
04-06 02:10:04.722 1511 1511 I SystemServerTiming: OnBootPhase_480_com.android.server.pm.ShortcutService$Lifecycle
04-06 02:10:04.723 1511 1511 W ShortcutService: Clock rewound
04-06 02:10:04.723 1511 1511 I SystemServerTiming: OnBootPhase_480_com.android.server.pm.LauncherAppsService
04-06 02:10:04.723 1511 1511 I SystemServerTiming: OnBootPhase_480_com.android.server.pm.CrossProfileAppsService
04-06 02:10:04.723 1511 1511 I SystemServerTiming: OnBootPhase_480_com.android.server.people.PeopleService
04-06 02:10:04.723 1511 1511 I SystemServerTiming: OnBootPhase_480_com.android.server.media.metrics.MediaMetricsManagerService
04-06 02:10:04.723 1511 1511 I SystemServerTiming: OnBootPhase_480_com.android.server.media.projection.MediaProjectionManagerService
04-06 02:10:04.723 1511 1511 I SystemServerTiming: OnBootPhase_480_com.android.server.slice.SliceManagerService$Lifecycle
04-06 02:10:04.723 1511 1511 I SystemServerTiming: OnBootPhase_480_com.android.server.stats.StatsCompanion$Lifecycle
04-06 02:10:04.723 1511 1511 I SystemServerTiming: OnBootPhase_480_com.android.server.scheduling.RebootReadinessManagerService$Lifecycle
04-06 02:10:04.723 1511 1511 I SystemServerTiming: OnBootPhase_480_com.android.server.stats.pull.StatsPullAtomService
04-06 02:10:04.723 1511 1511 I SystemServerTiming: OnBootPhase_480_com.android.server.incident.IncidentCompanionService
04-06 02:10:04.723 1511 1511 I SystemServerTiming: OnBootPhase_480_com.android.server.MmsServiceBroker
04-06 02:10:04.723 1511 1511 I SystemServerTiming: OnBootPhase_480_com.android.server.autofill.AutofillManagerService
04-06 02:10:04.723 1511 1511 I SystemServerTiming: OnBootPhase_480_com.android.server.clipboard.ClipboardService
04-06 02:10:04.723 1511 1511 I SystemServerTiming: OnBootPhase_480_com.android.server.appbinding.AppBindingService$Lifecycle
04-06 02:10:04.723 1511 1511 I SystemServerTiming: OnBootPhase_480_com.android.server.tracing.TracingServiceProxy
04-06 02:10:04.723 1511 1511 I SystemServerTiming: StartBootPhaseSystemServicesReady
04-06 02:10:04.723 1511 1511 I SystemServiceManager: Starting phase 500
04-06 02:10:04.723 1511 1511 I SystemServerTiming: OnBootPhase_500
04-06 02:10:04.723 1511 1511 I SystemServerTiming: OnBootPhase_500_com.android.server.security.FileIntegrityService
04-06 02:10:04.723 1511 1511 I SystemServerTiming: OnBootPhase_500_com.android.server.pm.Installer
04-06 02:10:04.723 1511 1511 I SystemServerTiming: OnBootPhase_500_com.android.server.os.DeviceIdentifiersPolicyService
04-06 02:10:04.723 1511 1511 I SystemServerTiming: OnBootPhase_500_com.android.server.uri.UriGrantsManagerService$Lifecycle
04-06 02:10:04.723 1511 1511 I SystemServerTiming: OnBootPhase_500_com.android.server.powerstats.PowerStatsService
04-06 02:10:04.724 1511 1511 E StatsPullAtomCallbackImpl: Failed to start PowerStatsService statsd pullers
04-06 02:10:04.724 1511 1511 I SystemServerTiming: OnBootPhase_500_com.android.server.wm.ActivityTaskManagerService$Lifecycle
04-06 02:10:04.724 1511 1511 I SystemServerTiming: OnBootPhase_500_com.android.server.am.ActivityManagerService$Lifecycle
04-06 02:10:04.725 1511 1511 E BatteryStatsService: Could not register PowerStatsInternal
04-06 02:10:04.728 1511 1511 I SystemServerTiming: OnBootPhase_500_com.android.server.pm.DataLoaderManagerService
04-06 02:10:04.728 1511 1511 I SystemServerTiming: OnBootPhase_500_com.android.server.power.PowerManagerService
04-06 02:10:04.728 1511 1511 I SystemServerTiming: OnBootPhase_500_com.android.server.power.ThermalManagerService
04-06 02:10:04.728 1511 1511 I SystemServerTiming: OnBootPhase_500_com.android.server.power.hint.HintManagerService
04-06 02:10:04.728 1511 1511 V HintManagerService: Initializing HintManager service...
04-06 02:10:04.728 1511 1511 V HistoricalRegistry: Interaction before persistence initialized
04-06 02:10:04.728 1511 1511 I SystemServerTiming: OnBootPhase_500_com.android.server.recoverysystem.RecoverySystemService$Lifecycle
04-06 02:10:04.728 1511 1511 I SystemServerTiming: OnBootPhase_500_com.android.server.lights.LightsService
04-06 02:10:04.728 1511 1511 I SystemServerTiming: OnBootPhase_500_com.android.server.display.DisplayManagerService
04-06 02:10:04.728 1511 1511 I SystemServerTiming: OnBootPhase_500_com.android.server.pm.verify.domain.DomainVerificationService
04-06 02:10:04.728 1511 1511 I SystemServerTiming: OnBootPhase_500_com.android.server.pm.PackageInstallerService$Lifecycle
04-06 02:10:04.728 1511 1511 I SystemServerTiming: OnBootPhase_500_com.android.server.pm.UserManagerService$LifeCycle
04-06 02:10:04.728 1511 1511 I SystemServerTiming: OnBootPhase_500_com.android.server.om.OverlayManagerService
04-06 02:10:04.728 1511 1511 I SystemServerTiming: OnBootPhase_500_com.android.server.SensorPrivacyService
04-06 02:10:04.730 1511 1511 I SystemServerTiming: OnBootPhase_500_com.android.server.thunderperf.ThunderBoostPerfService
04-06 02:10:04.730 1511 1511 I SystemServerTiming: OnBootPhase_500_com.android.server.sensors.SensorService
04-06 02:10:04.730 1511 1511 I SystemServerTiming: OnBootPhase_500_com.android.server.SystemConfigService
04-06 02:10:04.730 1511 1511 I SystemServerTiming: OnBootPhase_500_com.android.server.BatteryService
04-06 02:10:04.730 1511 1511 I SystemServerTiming: OnBootPhase_500_com.android.server.usage.UsageStatsService
01-01 08:12:43.680 0 0 I msm_vidc: high: 00000001: ....e: Opening video instance: 0000000000000000, 0
04-06 02:10:04.730 1511 1511 D AppStandbyController: Setting app idle enabled state
01-01 08:12:43.680 0 0 I msm_vidc: err : 00000001: ....e: Failed to create debugfs for msm_vidc
04-06 02:10:04.732 1511 1511 V HistoricalRegistry: Interaction before persistence initialized
04-06 02:10:04.732 1511 1511 I SystemServerTiming: OnBootPhase_500_com.android.server.webkit.WebViewUpdateService
04-06 02:10:04.732 1511 1511 I SystemServerTiming: OnBootPhase_500_com.android.server.CachedDeviceStateService
04-06 02:10:04.732 1511 1511 I SystemServerTiming: OnBootPhase_500_com.android.server.BinderCallsStatsService$LifeCycle
04-06 02:10:04.733 1511 1511 I SystemServerTiming: OnBootPhase_500_com.android.server.LooperStatsService$Lifecycle
04-06 02:10:04.733 1511 1511 I SystemServerTiming: OnBootPhase_500_com.android.server.rollback.RollbackManagerService
04-06 02:10:04.733 1511 1511 I SystemServerTiming: OnBootPhase_500_com.android.server.os.NativeTombstoneManagerService
04-06 02:10:04.733 1511 1511 I SystemServerTiming: OnBootPhase_500_com.android.server.os.BugreportManagerService
04-06 02:10:04.733 1511 1511 I SystemServerTiming: OnBootPhase_500_com.android.server.gpu.GpuService
04-06 02:10:04.733 1511 1511 I SystemServerTiming: OnBootPhase_500_com.android.server.security.KeyChainSystemService
04-06 02:10:04.733 1511 1511 I SystemServerTiming: OnBootPhase_500_com.android.server.telecom.TelecomLoaderService
04-06 02:10:04.733 1511 1511 I SystemServerTiming: OnBootPhase_500_com.android.server.accounts.AccountManagerService$Lifecycle
04-06 02:10:04.733 1511 1511 I SystemServerTiming: OnBootPhase_500_com.android.server.content.ContentService$Lifecycle
04-06 02:10:04.733 1511 1511 I SystemServerTiming: OnBootPhase_500_com.android.server.DropBoxManagerService
04-06 02:10:04.733 1511 1511 I SystemServerTiming: OnBootPhase_500_com.android.role.RoleService
04-06 02:10:04.733 1511 1511 I SystemServerTiming: OnBootPhase_500_com.android.server.vibrator.VibratorManagerService$Lifecycle
04-06 02:10:04.733 1511 1511 V VibratorManagerService: Initializing VibratorManager service...
04-06 02:10:04.734 1511 1511 V HistoricalRegistry: Interaction before persistence initialized
04-06 02:10:04.734 1511 1511 V VibratorManagerService: VibratorManager service initialized
04-06 02:10:04.734 1511 1511 I SystemServerTiming: OnBootPhase_500_com.android.server.alarm.AlarmManagerService
04-06 02:10:04.734 1511 1511 E LazyAlarmStore: Removed TIME_TICK alarm
04-06 02:10:04.734 1511 1614 I am_wtf : [0,1511,system_server,-1,LazyAlarmStore,Removed TIME_TICK alarm]
04-06 02:10:04.735 1511 1614 I DropBoxManagerService: add tag=system_server_wtf isTagEnabled=true flags=0x2
04-06 02:10:04.735 1511 1511 I SystemServerTiming: OnBootPhase_500_com.android.server.devicestate.DeviceStateManagerService
04-06 02:10:04.736 1511 1511 I SystemServerTiming: OnBootPhase_500_com.android.server.camera.CameraServiceProxy
04-06 02:10:04.736 1511 1511 I SystemServerTiming: OnBootPhase_500_com.android.server.BluetoothService
01-01 08:12:43.685 0 0 I msm_vidc: high: 00000001: h265e: Closed video instance: 0000000000000000
04-06 02:10:04.736 1511 1511 I SystemServerTiming: OnBootPhase_500_com.android.server.connectivity.IpConnectivityMetrics
04-06 02:10:04.737 1511 1511 I SystemServerTiming: OnBootPhase_500_com.android.server.net.watchlist.NetworkWatchlistService$Lifecycle
04-06 02:10:04.737 1511 1511 I SystemServerTiming: OnBootPhase_500_com.android.server.PinnerService
04-06 02:10:04.737 1511 1511 I SystemServerTiming: OnBootPhase_500_com.google.android.startop.iorap.IorapForwardingService
04-06 02:10:04.737 1511 1511 I SystemServerTiming: OnBootPhase_500_com.android.server.ActivityTriggerService
04-06 02:10:04.737 1511 1511 I SystemServerTiming: OnBootPhase_500_com.android.server.integrity.AppIntegrityManagerService
04-06 02:10:04.737 1511 1511 I SystemServerTiming: OnBootPhase_500_com.android.server.inputmethod.InputMethodManagerService$Lifecycle
04-06 02:10:04.737 1511 1511 I SystemServerTiming: OnBootPhase_500_com.android.server.accessibility.AccessibilityManagerService$Lifecycle
04-06 02:10:04.737 1511 1511 I SystemServerTiming: OnBootPhase_500_com.android.server.StorageManagerService$Lifecycle
04-06 02:10:04.737 1511 1511 I SystemServerTiming: OnBootPhase_500_com.android.server.usage.StorageStatsService$Lifecycle
04-06 02:10:04.737 1511 1511 I SystemServerTiming: OnBootPhase_500_com.android.server.UiModeManagerService
04-06 02:10:04.738 1511 1511 I configuration_changed: 512
04-06 02:10:04.738 1511 1511 I ActivityTaskManager: Config changes=200 {1.0 ?mcc?mnc [zh_CN] ldltr sw720dp w1706dp h652dp 240dpi lrg long land finger -keyb/v/h -nav/h winConfig={ mBounds=Rect(0, 0 - 2560, 1080) mAppBounds=Rect(0, 0 - 2560, 1014) mMaxBounds=Rect(0, 0 - 2560, 1080) mWindowingMode=fullscreen mDisplayWindowingMode=fullscreen mActivityType=undefined mAlwaysOnTop=undefined mRotation=ROTATION_0} s.6 ?fontWeightAdjustment}
04-06 02:10:04.738 1511 1511 I WindowManager: Override config changes=200 {1.0 ?mcc?mnc [zh_CN] ldltr sw720dp w1706dp h652dp 240dpi lrg long land finger -keyb/v/h -nav/h winConfig={ mBounds=Rect(0, 0 - 2560, 1080) mAppBounds=Rect(0, 0 - 2560, 1014) mMaxBounds=Rect(0, 0 - 2560, 1080) mWindowingMode=fullscreen mDisplayWindowingMode=fullscreen mActivityType=undefined mAlwaysOnTop=undefined mRotation=ROTATION_0} s.6 ?fontWeightAdjustment} for displayId=0
04-06 02:10:04.739 1511 1511 I SystemServerTiming: OnBootPhase_500_com.android.server.locksettings.LockSettingsService$Lifecycle
04-06 02:10:04.739 1511 1511 I SystemServerTiming: OnBootPhase_500_com.android.server.PersistentDataBlockService
04-06 02:10:04.739 1511 1511 I SystemServerTiming: OnBootPhase_500_com.android.server.testharness.TestHarnessModeService
04-06 02:10:04.739 1511 1511 D TestHarnessModeService: Setting up test harness mode
04-06 02:10:04.739 1511 1511 D TestHarnessModeService: Getting PersistentDataBlockManagerInternal from LocalServices
04-06 02:10:04.744 1511 1511 I SystemServerTiming: OnBootPhase_500_com.android.server.oemlock.OemLockService
04-06 02:10:04.744 1511 1511 I SystemServerTiming: OnBootPhase_500_com.android.server.DeviceIdleController
04-06 02:10:04.745 1511 1511 V HistoricalRegistry: Interaction before persistence initialized
04-06 02:10:04.745 1511 1511 I SystemServerTiming: OnBootPhase_500_com.android.server.devicepolicy.DevicePolicyManagerService$Lifecycle
04-06 02:10:04.745 1511 1511 I SystemServerTiming: OnBootPhase_500_com.android.server.texttospeech.TextToSpeechManagerService
04-06 02:10:04.745 1511 1511 I SystemServerTiming: OnBootPhase_500_com.android.server.speech.SpeechRecognitionManagerService
04-06 02:10:04.745 1511 1511 I SystemServerTiming: OnBootPhase_500_com.android.server.searchui.SearchUiManagerService
04-06 02:10:04.745 1511 1511 I SystemServerTiming: OnBootPhase_500_com.android.server.smartspace.SmartspaceManagerService
04-06 02:10:04.745 1511 1511 I SystemServerTiming: OnBootPhase_500_com.android.server.graphics.fonts.FontManagerService$Lifecycle
04-06 02:10:04.745 1511 1511 I SystemServerTiming: OnBootPhase_500_com.android.server.textservices.TextServicesManagerService$Lifecycle
04-06 02:10:04.745 1511 1511 I SystemServerTiming: OnBootPhase_500_com.android.server.textclassifier.TextClassificationManagerService$Lifecycle
04-06 02:10:04.745 1511 1511 I SystemServerTiming: OnBootPhase_500_com.android.server.NetworkScoreService$Lifecycle
04-06 02:10:04.745 1511 1511 I SystemServerTiming: OnBootPhase_500_com.android.server.wifi.WifiService
04-06 02:10:04.745 1511 1511 I SystemServerTiming: OnBootPhase_500_com.android.server.wifi.scanner.WifiScanningService
04-06 02:10:04.745 1511 1511 I SystemServerTiming: OnBootPhase_500_com.android.server.wifi.rtt.RttService
01-01 08:12:43.695 0 0 I msm_vidc: high: 00000001: ....d: Opening video instance: 0000000000000000, 1
01-01 08:12:43.695 0 0 I msm_vidc: err : 00000001: ....d: Failed to create debugfs for msm_vidc
04-06 02:10:04.747 1511 1511 I SystemServerTiming: OnBootPhase_500_com.android.server.wifi.aware.WifiAwareService
04-06 02:10:04.750 1511 1511 I SystemServerTiming: OnBootPhase_500_com.android.server.wifi.p2p.WifiP2pService
04-06 02:10:04.750 1511 1511 I SystemServerTiming: OnBootPhase_500_com.android.server.ethernet.EthernetService
01-01 08:12:43.699 0 0 I msm_vidc: high: 00000001: h264d: Closed video instance: 0000000000000000
04-06 02:10:04.752 1511 1511 I SystemServerTiming: OnBootPhase_500_com.android.server.ConnectivityServiceInitializer
04-06 02:10:04.753 1511 1511 I SystemServerTiming: OnBootPhase_500_com.android.server.notification.NotificationManagerService
01-01 08:12:43.705 0 0 I msm_vidc: high: 00000001: ....d: Opening video instance: 0000000000000000, 1
01-01 08:12:43.705 0 0 I msm_vidc: err : 00000001: ....d: Failed to create debugfs for msm_vidc
01-01 08:12:43.708 0 0 I msm_vidc: high: 00000001: h264d: Closed video instance: 0000000000000000
04-06 02:10:04.762 1511 1544 E ActivityManager: Attempt to launch receivers of broadcast intent Intent { act=android.app.action.STATSD_STARTED flg=0x1000000 } before boot completion
01-01 08:12:43.713 0 0 I : Wifi Turning On from UI
04-06 02:10:04.774 1511 1511 I GameModeConfig: isGameModeOn = false
04-06 02:10:04.775 1511 1511 I SystemServerTiming: OnBootPhase_500_com.android.server.storage.DeviceStorageMonitorService
04-06 02:10:04.775 1511 1511 I SystemServerTiming: OnBootPhase_500_com.android.server.location.LocationManagerService$Lifecycle
01-01 08:12:43.724 0 0 I msm_vidc: high: 00000001: ....d: Opening video instance: 0000000000000000, 1
01-01 08:12:43.724 0 0 I msm_vidc: err : 00000001: ....d: Failed to create debugfs for msm_vidc
01-01 08:12:43.728 0 0 I msm_vidc: high: 00000001: h265d: Closed video instance: 0000000000000000
04-06 02:10:04.776 1511 1511 V HistoricalRegistry: Interaction before persistence initialized
04-06 02:10:04.776 1511 1511 I SystemServerTiming: OnBootPhase_500_com.android.server.timedetector.TimeDetectorService$Lifecycle
04-06 02:10:04.776 1511 1511 I SystemServerTiming: OnBootPhase_500_com.android.server.timezonedetector.TimeZoneDetectorService$Lifecycle
04-06 02:10:04.776 1511 1511 I SystemServerTiming: OnBootPhase_500_com.android.server.timezonedetector.location.LocationTimeZoneManagerService$Lifecycle
04-06 02:10:04.776 1511 1511 I SystemServerTiming: OnBootPhase_500_com.android.server.search.SearchManagerService$Lifecycle
04-06 02:10:04.776 1511 1511 I SystemServerTiming: OnBootPhase_500_com.android.server.wallpaper.WallpaperManagerService$Lifecycle
04-06 02:10:04.776 1511 1511 I SystemServerTiming: OnBootPhase_500_com.android.server.audio.AudioService$Lifecycle
04-06 02:10:04.776 1511 1511 I SystemServerTiming: OnBootPhase_500_com.android.server.soundtrigger_middleware.SoundTriggerMiddlewareService$Lifecycle
04-06 02:10:04.776 1511 1511 I SystemServerTiming: OnBootPhase_500_com.android.server.DockObserver
04-06 02:10:04.776 1511 1511 I SystemServerTiming: OnBootPhase_500_com.android.server.midi.MidiService$Lifecycle
04-06 02:10:04.776 1511 1511 I SystemServerTiming: OnBootPhase_500_com.android.server.adb.AdbService$Lifecycle
04-06 02:10:04.776 1511 1511 I SystemServerTiming: OnBootPhase_500_com.android.server.usb.UsbService$Lifecycle
04-06 02:10:04.776 1511 1511 I SystemServerTiming: OnBootPhase_500_com.android.server.twilight.TwilightService
04-06 02:10:04.776 1511 1511 I SystemServerTiming: OnBootPhase_500_com.android.server.display.color.ColorDisplayService
04-06 02:10:04.776 1511 1511 I SystemServerTiming: OnBootPhase_500_com.android.server.job.JobSchedulerService
04-06 02:10:04.778 1511 1511 V HistoricalRegistry: Interaction before persistence initialized
04-06 02:10:04.778 1511 1511 I SystemServerTiming: OnBootPhase_500_com.android.server.soundtrigger.SoundTriggerService
04-06 02:10:04.778 1511 1511 D SoundTriggerService: onBootPhase: 500 : false
04-06 02:10:04.778 1511 1511 I SystemServerTiming: OnBootPhase_500_com.android.server.trust.TrustManagerService
04-06 02:10:04.778 1511 1511 I SystemServerTiming: OnBootPhase_500_com.android.server.backup.BackupManagerService$Lifecycle
04-06 02:10:04.778 1511 1511 I SystemServerTiming: OnBootPhase_500_com.android.server.appwidget.AppWidgetService
04-06 02:10:04.778 1511 1511 I SystemServerTiming: OnBootPhase_500_com.android.server.voiceinteraction.VoiceInteractionManagerService
04-06 02:10:04.778 1511 1511 I SystemServerTiming: OnBootPhase_500_com.android.server.apphibernation.AppHibernationService
04-06 02:10:04.779 1511 1511 I SystemServerTiming: OnBootPhase_500_com.android.server.SensorNotificationService
04-06 02:10:04.779 1511 1511 I SystemServerTiming: OnBootPhase_500_com.android.server.emergency.EmergencyAffordanceService
04-06 02:10:04.779 1511 1511 I SystemServerTiming: OnBootPhase_500_com.android.server.blob.BlobStoreManagerService
04-06 02:10:04.779 1511 1511 I SystemServerTiming: OnBootPhase_500_com.android.server.dreams.DreamManagerService
04-06 02:10:04.779 1511 1511 I SystemServerTiming: OnBootPhase_500_com.android.server.companion.CompanionDeviceManagerService
04-06 02:10:04.779 1511 1511 I CompanionDeviceManagerService: initBleScanning()
04-06 02:10:04.779 1511 1511 I SystemServerTiming: OnBootPhase_500_com.android.server.restrictions.RestrictionsManagerService
04-06 02:10:04.779 1511 1511 I SystemServerTiming: OnBootPhase_500_com.android.server.media.MediaSessionService
04-06 02:10:04.779 1511 1511 I SystemServerTiming: OnBootPhase_500_com.android.server.media.MediaResourceMonitorService
04-06 02:10:04.779 1511 1511 I SystemServerTiming: OnBootPhase_500_com.android.server.biometrics.sensors.fingerprint.FingerprintService
04-06 02:10:04.779 1511 1511 I SystemServerTiming: OnBootPhase_500_com.android.server.biometrics.BiometricService
04-06 02:10:04.780 1511 1511 I SystemServerTiming: OnBootPhase_500_com.android.server.biometrics.AuthService
04-06 02:10:04.780 1511 1511 I SystemServerTiming: OnBootPhase_500_com.android.server.pm.ShortcutService$Lifecycle
04-06 02:10:04.780 1511 1511 I SystemServerTiming: OnBootPhase_500_com.android.server.pm.LauncherAppsService
04-06 02:10:04.780 1511 1511 I SystemServerTiming: OnBootPhase_500_com.android.server.pm.CrossProfileAppsService
04-06 02:10:04.780 1511 1511 I SystemServerTiming: OnBootPhase_500_com.android.server.people.PeopleService
04-06 02:10:04.780 1511 1511 I SystemServerTiming: OnBootPhase_500_com.android.server.media.metrics.MediaMetricsManagerService
04-06 02:10:04.780 1511 1511 I SystemServerTiming: OnBootPhase_500_com.android.server.media.projection.MediaProjectionManagerService
04-06 02:10:04.780 1511 1511 I SystemServerTiming: OnBootPhase_500_com.android.server.slice.SliceManagerService$Lifecycle
04-06 02:10:04.780 1511 1511 I SystemServerTiming: OnBootPhase_500_com.android.server.stats.StatsCompanion$Lifecycle
04-06 02:10:04.780 1511 1511 I SystemServerTiming: OnBootPhase_500_com.android.server.scheduling.RebootReadinessManagerService$Lifecycle
04-06 02:10:04.780 1511 1511 I SystemServerTiming: OnBootPhase_500_com.android.server.stats.pull.StatsPullAtomService
04-06 02:10:04.780 1511 1511 I SystemServerTiming: OnBootPhase_500_com.android.server.incident.IncidentCompanionService
04-06 02:10:04.780 1511 1511 I SystemServerTiming: OnBootPhase_500_com.android.server.MmsServiceBroker
04-06 02:10:04.780 1511 1511 I SystemServerTiming: OnBootPhase_500_com.android.server.autofill.AutofillManagerService
04-06 02:10:04.780 1511 1511 I SystemServerTiming: OnBootPhase_500_com.android.server.clipboard.ClipboardService
04-06 02:10:04.780 1511 1511 I SystemServerTiming: OnBootPhase_500_com.android.server.appbinding.AppBindingService$Lifecycle
04-06 02:10:04.780 1511 1511 I SystemServerTiming: OnBootPhase_500_com.android.server.tracing.TracingServiceProxy
04-06 02:10:04.780 1511 1511 I SystemServerTiming: MakeWindowManagerServiceReady
01-01 08:12:43.731 0 0 I msm_vidc: high: 00000001: ....d: Opening video instance: 0000000000000000, 1
01-01 08:12:43.731 0 0 I msm_vidc: err : 00000001: ....d: Failed to create debugfs for msm_vidc
04-06 02:10:04.784 1511 1511 I SystemServerTiming: MakePowerManagerServiceReady
04-06 02:10:04.784 1511 1613 I HealthServiceWrapper: health: HealthServiceWrapper listening to instance default
04-06 02:10:04.784 1511 1511 I AttentionDetector: readValuesFromDeviceConfig():
04-06 02:10:04.784 1511 1511 I AttentionDetector: mMaximumExtensionMillis=900000
04-06 02:10:04.784 1511 1511 I AttentionDetector: mPreDimCheckDurationMillis=2000
04-06 02:10:04.784 1511 1511 I AttentionDetector: mRequestedPostDimTimeoutMillis=0
04-06 02:10:04.784 1511 1892 I DropBoxManagerService: add tag=system_server_wtf isTagEnabled=true flags=0x2
04-06 02:10:04.785 1511 1613 D StatsPullAtomService: Registering pullers with statsd
04-06 02:10:04.785 1511 1511 E DisplayPowerController[0]: failed to set up display white-balance: java.lang.IllegalStateException: cannot find light sensor
04-06 02:10:04.785 1511 1511 W DisplayPowerController[0]: Screen brightness nits configuration is unavailable; falling back
04-06 02:10:04.786 1511 1893 I DropBoxManagerService: add tag=system_server_wtf isTagEnabled=true flags=0x2
01-01 08:12:43.735 0 0 I msm_vidc: high: 00000001: h265d: Closed video instance: 0000000000000000
04-06 02:10:04.788 1511 1630 W KeyguardServiceDelegate: onScreenTurningOn(): no keyguard service!
04-06 02:10:04.788 1511 1630 V DisplayPowerController[0]: Brightness [1.0] reason changing to: 'override', previous reason: '0'.
04-06 02:10:04.789 1511 1511 I FaceDownDetector: readValuesFromDeviceConfig():
04-06 02:10:04.789 1511 1511 I FaceDownDetector: mAccelerationThreshold=0.2
04-06 02:10:04.789 1511 1511 I FaceDownDetector: mZAccelerationThreshold=-9.5
04-06 02:10:04.789 1511 1511 I FaceDownDetector: mTimeThreshold=PT1S
04-06 02:10:04.789 1511 1511 I FaceDownDetector: mIsEnabled=true
04-06 02:10:04.789 1511 1511 I ScreenUndimDetector: readValuesFromDeviceConfig():
04-06 02:10:04.789 1511 1511 I ScreenUndimDetector: mKeepScreenOnForMillis=600000
04-06 02:10:04.789 1511 1511 I ScreenUndimDetector: mKeepScreenOnNotificationEnabled=false
04-06 02:10:04.789 1511 1511 I ScreenUndimDetector: mUndimsRequired=2
04-06 02:10:04.789 1511 1622 E KernelCpuSpeedReader: Failed to read cpu-freq: /sys/devices/system/cpu/cpu4/cpufreq/stats/time_in_state: open failed: ENOENT (No such file or directory)
04-06 02:10:04.790 1511 1622 E KernelCpuSpeedReader: Failed to read cpu-freq: /sys/devices/system/cpu/cpu0/cpufreq/stats/time_in_state: open failed: ENOENT (No such file or directory)
04-06 02:10:04.790 1511 1511 I SystemServerTiming: StartPermissionPolicyService
04-06 02:10:04.790 1511 1511 I SystemServiceManager: Starting com.android.server.policy.PermissionPolicyService
04-06 02:10:04.791 1511 1511 I SystemServerTiming: MakePackageManagerServiceReady
01-01 08:12:43.747 0 0 I msm_vidc: high: 00000001: ....d: Opening video instance: 0000000000000000, 1
01-01 08:12:43.747 0 0 I msm_vidc: err : 00000001: ....d: Failed to create debugfs for msm_vidc
01-01 08:12:43.749 0 0 I msm_vidc: high: 00000001: mpg2d: Closed video instance: 0000000000000000
01-01 08:12:43.752 0 0 I msm_vidc: high: 00000001: ....d: Opening video instance: 0000000000000000, 1
01-01 08:12:43.752 0 0 I msm_vidc: err : 00000001: ....d: Failed to create debugfs for msm_vidc
04-06 02:10:04.805 1511 1511 I service_manager_slow: [13,appops]
04-06 02:10:04.805 1511 1613 I StatsPullAtomService: register thermal listener successfully
04-06 02:10:04.807 1511 1511 I commit_sys_config_file: [package-session,1]
04-06 02:10:04.807 1511 1511 V UserDataPreparer: Found /data/user_de/0 with serial number 0
04-06 02:10:04.807 1511 1511 V UserDataPreparer: Found /data/user/0 with serial number 0
04-06 02:10:04.807 1511 1511 V UserDataPreparer: Found /data/system_de/0 with serial number 0
04-06 02:10:04.807 1511 1511 W UserDataPreparer: Invalid user directory /data/system_de/usagestats
04-06 02:10:04.807 1511 1511 V UserDataPreparer: Found /data/system_ce/0 with serial number 0
04-06 02:10:04.807 1511 1511 V UserDataPreparer: Found /data/misc_ce/0 with serial number 0
04-06 02:10:04.807 1511 1511 I PackageManager: Permission ownership changed. Updating all permissions.
01-01 08:12:43.758 0 0 I msm_vidc: high: 00000001: mpg2d: Closed video instance: 0000000000000000
04-06 02:10:04.822 1511 1511 I SystemServerTiming: MakeDisplayManagerServiceReady
04-06 02:10:04.823 1511 1607 E DisplayModeDirector: Asked about unknown display, returning empty display mode specs!(id=0)
04-06 02:10:04.824 1511 1607 E DisplayModeDirector: Asked about unknown display, returning empty display mode specs!(id=0)
04-06 02:10:04.825 1511 1511 I SystemServerTiming: StartDeviceSpecificServices
04-06 02:10:04.825 1511 1511 I SystemServerTiming: GameManagerService
04-06 02:10:04.825 1511 1511 I SystemServiceManager: Starting com.android.server.app.GameManagerService$Lifecycle
04-06 02:10:04.819 1511 1511 I auditd : type=1400 audit(0.0:236): avc: denied { read } for comm="android.display" name="u:object_r:vendor_wfd_sys_debug_prop:s0" dev="tmpfs" ino=13109 scontext=u:r:system_server:s0 tcontext=u:object_r:vendor_wfd_sys_debug_prop:s0 tclass=file permissive=0
04-06 02:10:04.819 1511 1511 I auditd : type=1400 audit(0.0:237): avc: denied { read } for comm="android.display" name="u:object_r:vendor_wfd_sys_debug_prop:s0" dev="tmpfs" ino=13109 scontext=u:r:system_server:s0 tcontext=u:object_r:vendor_wfd_sys_debug_prop:s0 tclass=file permissive=0
04-06 02:10:04.827 1511 1511 I SystemServerTiming: StartBootPhaseDeviceSpecificServicesReady
04-06 02:10:04.827 1511 1511 I SystemServiceManager: Starting phase 520
04-06 02:10:04.827 1511 1511 I SystemServerTiming: OnBootPhase_520
04-06 02:10:04.827 1511 1511 I SystemServerTiming: OnBootPhase_520_com.android.server.security.FileIntegrityService
04-06 02:10:04.827 1511 1511 I SystemServerTiming: OnBootPhase_520_com.android.server.pm.Installer
04-06 02:10:04.827 1511 1511 I SystemServerTiming: OnBootPhase_520_com.android.server.os.DeviceIdentifiersPolicyService
04-06 02:10:04.827 1511 1511 I SystemServerTiming: OnBootPhase_520_com.android.server.uri.UriGrantsManagerService$Lifecycle
04-06 02:10:04.827 1511 1511 I SystemServerTiming: OnBootPhase_520_com.android.server.powerstats.PowerStatsService
04-06 02:10:04.827 1511 1511 I SystemServerTiming: OnBootPhase_520_com.android.server.wm.ActivityTaskManagerService$Lifecycle
04-06 02:10:04.827 1511 1511 I SystemServerTiming: OnBootPhase_520_com.android.server.am.ActivityManagerService$Lifecycle
04-06 02:10:04.827 1511 1511 I SystemServerTiming: OnBootPhase_520_com.android.server.pm.DataLoaderManagerService
04-06 02:10:04.827 1511 1511 I SystemServerTiming: OnBootPhase_520_com.android.server.power.PowerManagerService
04-06 02:10:04.827 1511 1511 I SystemServerTiming: OnBootPhase_520_com.android.server.power.ThermalManagerService
04-06 02:10:04.827 1511 1511 I SystemServerTiming: OnBootPhase_520_com.android.server.power.hint.HintManagerService
04-06 02:10:04.827 1511 1511 I SystemServerTiming: OnBootPhase_520_com.android.server.recoverysystem.RecoverySystemService$Lifecycle
04-06 02:10:04.827 1511 1511 I SystemServerTiming: OnBootPhase_520_com.android.server.lights.LightsService
04-06 02:10:04.827 1511 1511 I SystemServerTiming: OnBootPhase_520_com.android.server.display.DisplayManagerService
04-06 02:10:04.827 1511 1511 I SystemServerTiming: OnBootPhase_520_com.android.server.pm.verify.domain.DomainVerificationService
04-06 02:10:04.827 1511 1511 I SystemServerTiming: OnBootPhase_520_com.android.server.pm.PackageInstallerService$Lifecycle
04-06 02:10:04.827 1511 1511 I SystemServerTiming: OnBootPhase_520_com.android.server.pm.UserManagerService$LifeCycle
04-06 02:10:04.827 1511 1511 I SystemServerTiming: OnBootPhase_520_com.android.server.om.OverlayManagerService
04-06 02:10:04.827 1511 1511 I SystemServerTiming: OnBootPhase_520_com.android.server.SensorPrivacyService
04-06 02:10:04.827 1511 1511 I SystemServerTiming: OnBootPhase_520_com.android.server.thunderperf.ThunderBoostPerfService
04-06 02:10:04.827 1511 1511 I SystemServerTiming: OnBootPhase_520_com.android.server.sensors.SensorService
04-06 02:10:04.827 1511 1511 I SystemServerTiming: OnBootPhase_520_com.android.server.SystemConfigService
04-06 02:10:04.827 1511 1511 I SystemServerTiming: OnBootPhase_520_com.android.server.BatteryService
04-06 02:10:04.827 1511 1511 I SystemServerTiming: OnBootPhase_520_com.android.server.usage.UsageStatsService
04-06 02:10:04.827 1511 1511 I SystemServerTiming: OnBootPhase_520_com.android.server.webkit.WebViewUpdateService
04-06 02:10:04.827 1511 1511 I SystemServerTiming: OnBootPhase_520_com.android.server.CachedDeviceStateService
04-06 02:10:04.827 1511 1511 I SystemServerTiming: OnBootPhase_520_com.android.server.BinderCallsStatsService$LifeCycle
04-06 02:10:04.827 1511 1511 I SystemServerTiming: OnBootPhase_520_com.android.server.LooperStatsService$Lifecycle
04-06 02:10:04.827 1511 1511 I SystemServerTiming: OnBootPhase_520_com.android.server.rollback.RollbackManagerService
04-06 02:10:04.827 1511 1511 I SystemServerTiming: OnBootPhase_520_com.android.server.os.NativeTombstoneManagerService
04-06 02:10:04.827 1511 1511 I SystemServerTiming: OnBootPhase_520_com.android.server.os.BugreportManagerService
04-06 02:10:04.827 1511 1511 I SystemServerTiming: OnBootPhase_520_com.android.server.gpu.GpuService
04-06 02:10:04.828 1511 1511 I SystemServerTiming: OnBootPhase_520_com.android.server.security.KeyChainSystemService
04-06 02:10:04.828 1511 1511 I SystemServerTiming: OnBootPhase_520_com.android.server.telecom.TelecomLoaderService
04-06 02:10:04.828 1511 1511 I SystemServerTiming: OnBootPhase_520_com.android.server.accounts.AccountManagerService$Lifecycle
04-06 02:10:04.828 1511 1511 I SystemServerTiming: OnBootPhase_520_com.android.server.content.ContentService$Lifecycle
04-06 02:10:04.828 1511 1511 I SystemServerTiming: OnBootPhase_520_com.android.server.DropBoxManagerService
04-06 02:10:04.828 1511 1511 I SystemServerTiming: OnBootPhase_520_com.android.role.RoleService
04-06 02:10:04.828 1511 1511 I SystemServerTiming: OnBootPhase_520_com.android.server.vibrator.VibratorManagerService$Lifecycle
04-06 02:10:04.828 1511 1511 I SystemServerTiming: OnBootPhase_520_com.android.server.alarm.AlarmManagerService
04-06 02:10:04.828 1511 1511 I SystemServerTiming: OnBootPhase_520_com.android.server.devicestate.DeviceStateManagerService
04-06 02:10:04.828 1511 1511 I SystemServerTiming: OnBootPhase_520_com.android.server.camera.CameraServiceProxy
04-06 02:10:04.828 1511 1511 I SystemServerTiming: OnBootPhase_520_com.android.server.BluetoothService
04-06 02:10:04.828 1511 1511 I SystemServerTiming: OnBootPhase_520_com.android.server.connectivity.IpConnectivityMetrics
04-06 02:10:04.828 1511 1511 I SystemServerTiming: OnBootPhase_520_com.android.server.net.watchlist.NetworkWatchlistService$Lifecycle
04-06 02:10:04.828 1511 1511 I SystemServerTiming: OnBootPhase_520_com.android.server.PinnerService
04-06 02:10:04.828 1511 1511 I SystemServerTiming: OnBootPhase_520_com.google.android.startop.iorap.IorapForwardingService
04-06 02:10:04.828 1511 1511 I SystemServerTiming: OnBootPhase_520_com.android.server.ActivityTriggerService
04-06 02:10:04.828 1511 1511 I SystemServerTiming: OnBootPhase_520_com.android.server.integrity.AppIntegrityManagerService
04-06 02:10:04.828 1511 1511 I SystemServerTiming: OnBootPhase_520_com.android.server.inputmethod.InputMethodManagerService$Lifecycle
04-06 02:10:04.828 1511 1511 I SystemServerTiming: OnBootPhase_520_com.android.server.accessibility.AccessibilityManagerService$Lifecycle
04-06 02:10:04.828 1511 1511 I SystemServerTiming: OnBootPhase_520_com.android.server.StorageManagerService$Lifecycle
04-06 02:10:04.828 1511 1511 I SystemServerTiming: OnBootPhase_520_com.android.server.usage.StorageStatsService$Lifecycle
04-06 02:10:04.828 1511 1511 I SystemServerTiming: OnBootPhase_520_com.android.server.UiModeManagerService
04-06 02:10:04.828 1511 1511 I SystemServerTiming: OnBootPhase_520_com.android.server.locksettings.LockSettingsService$Lifecycle
04-06 02:10:04.828 1511 1511 I SystemServerTiming: OnBootPhase_520_com.android.server.PersistentDataBlockService
04-06 02:10:04.828 1511 1511 I SystemServerTiming: OnBootPhase_520_com.android.server.testharness.TestHarnessModeService
04-06 02:10:04.828 1511 1511 I SystemServerTiming: OnBootPhase_520_com.android.server.oemlock.OemLockService
04-06 02:10:04.828 1511 1511 I SystemServerTiming: OnBootPhase_520_com.android.server.DeviceIdleController
04-06 02:10:04.828 1511 1511 I SystemServerTiming: OnBootPhase_520_com.android.server.devicepolicy.DevicePolicyManagerService$Lifecycle
04-06 02:10:04.828 1511 1511 I SystemServerTiming: OnBootPhase_520_com.android.server.texttospeech.TextToSpeechManagerService
04-06 02:10:04.828 1511 1511 I SystemServerTiming: OnBootPhase_520_com.android.server.speech.SpeechRecognitionManagerService
04-06 02:10:04.828 1511 1511 I SystemServerTiming: OnBootPhase_520_com.android.server.searchui.SearchUiManagerService
04-06 02:10:04.828 1511 1511 I SystemServerTiming: OnBootPhase_520_com.android.server.smartspace.SmartspaceManagerService
04-06 02:10:04.828 1511 1511 I SystemServerTiming: OnBootPhase_520_com.android.server.graphics.fonts.FontManagerService$Lifecycle
04-06 02:10:04.828 1511 1511 I SystemServerTiming: OnBootPhase_520_com.android.server.textservices.TextServicesManagerService$Lifecycle
04-06 02:10:04.828 1511 1511 I SystemServerTiming: OnBootPhase_520_com.android.server.textclassifier.TextClassificationManagerService$Lifecycle
04-06 02:10:04.828 1511 1511 I SystemServerTiming: OnBootPhase_520_com.android.server.NetworkScoreService$Lifecycle
04-06 02:10:04.828 1511 1511 I SystemServerTiming: OnBootPhase_520_com.android.server.wifi.WifiService
04-06 02:10:04.828 1511 1511 I SystemServerTiming: OnBootPhase_520_com.android.server.wifi.scanner.WifiScanningService
04-06 02:10:04.828 1511 1511 I SystemServerTiming: OnBootPhase_520_com.android.server.wifi.rtt.RttService
04-06 02:10:04.828 1511 1511 I SystemServerTiming: OnBootPhase_520_com.android.server.wifi.aware.WifiAwareService
04-06 02:10:04.828 1511 1511 I SystemServerTiming: OnBootPhase_520_com.android.server.wifi.p2p.WifiP2pService
04-06 02:10:04.828 1511 1511 I SystemServerTiming: OnBootPhase_520_com.android.server.ethernet.EthernetService
04-06 02:10:04.828 1511 1511 I SystemServerTiming: OnBootPhase_520_com.android.server.ConnectivityServiceInitializer
04-06 02:10:04.828 1511 1511 I SystemServerTiming: OnBootPhase_520_com.android.server.notification.NotificationManagerService
04-06 02:10:04.828 1511 1511 I SystemServerTiming: OnBootPhase_520_com.android.server.storage.DeviceStorageMonitorService
04-06 02:10:04.828 1511 1511 I SystemServerTiming: OnBootPhase_520_com.android.server.location.LocationManagerService$Lifecycle
04-06 02:10:04.828 1511 1511 I SystemServerTiming: OnBootPhase_520_com.android.server.timedetector.TimeDetectorService$Lifecycle
04-06 02:10:04.828 1511 1511 I SystemServerTiming: OnBootPhase_520_com.android.server.timezonedetector.TimeZoneDetectorService$Lifecycle
04-06 02:10:04.828 1511 1511 I SystemServerTiming: OnBootPhase_520_com.android.server.timezonedetector.location.LocationTimeZoneManagerService$Lifecycle
04-06 02:10:04.828 1511 1511 I SystemServerTiming: OnBootPhase_520_com.android.server.search.SearchManagerService$Lifecycle
04-06 02:10:04.828 1511 1511 I SystemServerTiming: OnBootPhase_520_com.android.server.wallpaper.WallpaperManagerService$Lifecycle
04-06 02:10:04.828 1511 1511 I SystemServerTiming: OnBootPhase_520_com.android.server.audio.AudioService$Lifecycle
04-06 02:10:04.828 1511 1511 I SystemServerTiming: OnBootPhase_520_com.android.server.soundtrigger_middleware.SoundTriggerMiddlewareService$Lifecycle
04-06 02:10:04.828 1511 1511 I SystemServerTiming: OnBootPhase_520_com.android.server.DockObserver
04-06 02:10:04.828 1511 1511 I SystemServerTiming: OnBootPhase_520_com.android.server.midi.MidiService$Lifecycle
04-06 02:10:04.828 1511 1511 I SystemServerTiming: OnBootPhase_520_com.android.server.adb.AdbService$Lifecycle
04-06 02:10:04.828 1511 1511 I SystemServerTiming: OnBootPhase_520_com.android.server.usb.UsbService$Lifecycle
04-06 02:10:04.828 1511 1511 I SystemServerTiming: OnBootPhase_520_com.android.server.twilight.TwilightService
04-06 02:10:04.828 1511 1511 I SystemServerTiming: OnBootPhase_520_com.android.server.display.color.ColorDisplayService
04-06 02:10:04.828 1511 1511 I SystemServerTiming: OnBootPhase_520_com.android.server.job.JobSchedulerService
04-06 02:10:04.829 1511 1511 I SystemServerTiming: OnBootPhase_520_com.android.server.soundtrigger.SoundTriggerService
04-06 02:10:04.829 1511 1511 D SoundTriggerService: onBootPhase: 520 : false
04-06 02:10:04.829 1511 1511 I SystemServerTiming: OnBootPhase_520_com.android.server.trust.TrustManagerService
04-06 02:10:04.829 1511 1511 I SystemServerTiming: OnBootPhase_520_com.android.server.backup.BackupManagerService$Lifecycle
04-06 02:10:04.829 1511 1511 I SystemServerTiming: OnBootPhase_520_com.android.server.appwidget.AppWidgetService
04-06 02:10:04.829 1511 1511 I SystemServerTiming: OnBootPhase_520_com.android.server.voiceinteraction.VoiceInteractionManagerService
04-06 02:10:04.829 1511 1511 I SystemServerTiming: OnBootPhase_520_com.android.server.apphibernation.AppHibernationService
04-06 02:10:04.829 1511 1511 I SystemServerTiming: OnBootPhase_520_com.android.server.SensorNotificationService
04-06 02:10:04.829 1511 1511 I SystemServerTiming: OnBootPhase_520_com.android.server.emergency.EmergencyAffordanceService
04-06 02:10:04.829 1511 1511 I SystemServerTiming: OnBootPhase_520_com.android.server.blob.BlobStoreManagerService
04-06 02:10:04.829 1511 1511 I SystemServerTiming: OnBootPhase_520_com.android.server.dreams.DreamManagerService
04-06 02:10:04.829 1511 1511 I SystemServerTiming: OnBootPhase_520_com.android.server.companion.CompanionDeviceManagerService
04-06 02:10:04.829 1511 1511 I SystemServerTiming: OnBootPhase_520_com.android.server.restrictions.RestrictionsManagerService
04-06 02:10:04.829 1511 1511 I SystemServerTiming: OnBootPhase_520_com.android.server.media.MediaSessionService
04-06 02:10:04.829 1511 1511 I SystemServerTiming: OnBootPhase_520_com.android.server.media.MediaResourceMonitorService
04-06 02:10:04.829 1511 1511 I SystemServerTiming: OnBootPhase_520_com.android.server.biometrics.sensors.fingerprint.FingerprintService
04-06 02:10:04.829 1511 1511 I SystemServerTiming: OnBootPhase_520_com.android.server.biometrics.BiometricService
04-06 02:10:04.829 1511 1511 I SystemServerTiming: OnBootPhase_520_com.android.server.biometrics.AuthService
04-06 02:10:04.829 1511 1511 I SystemServerTiming: OnBootPhase_520_com.android.server.pm.ShortcutService$Lifecycle
04-06 02:10:04.829 1511 1511 I SystemServerTiming: OnBootPhase_520_com.android.server.pm.LauncherAppsService
04-06 02:10:04.829 1511 1511 I SystemServerTiming: OnBootPhase_520_com.android.server.pm.CrossProfileAppsService
04-06 02:10:04.829 1511 1511 I SystemServerTiming: OnBootPhase_520_com.android.server.people.PeopleService
04-06 02:10:04.829 1511 1511 I SystemServerTiming: OnBootPhase_520_com.android.server.media.metrics.MediaMetricsManagerService
04-06 02:10:04.829 1511 1511 I SystemServerTiming: OnBootPhase_520_com.android.server.media.projection.MediaProjectionManagerService
04-06 02:10:04.829 1511 1511 I SystemServerTiming: OnBootPhase_520_com.android.server.slice.SliceManagerService$Lifecycle
04-06 02:10:04.829 1511 1511 I SystemServerTiming: OnBootPhase_520_com.android.server.stats.StatsCompanion$Lifecycle
04-06 02:10:04.829 1511 1511 I SystemServerTiming: OnBootPhase_520_com.android.server.scheduling.RebootReadinessManagerService$Lifecycle
04-06 02:10:04.829 1511 1511 I SystemServerTiming: OnBootPhase_520_com.android.server.stats.pull.StatsPullAtomService
04-06 02:10:04.829 1511 1511 I SystemServerTiming: OnBootPhase_520_com.android.server.incident.IncidentCompanionService
04-06 02:10:04.829 1511 1511 I SystemServerTiming: OnBootPhase_520_com.android.server.MmsServiceBroker
04-06 02:10:04.829 1511 1511 I SystemServerTiming: OnBootPhase_520_com.android.server.autofill.AutofillManagerService
04-06 02:10:04.829 1511 1511 I SystemServerTiming: OnBootPhase_520_com.android.server.clipboard.ClipboardService
04-06 02:10:04.829 1511 1511 I SystemServerTiming: OnBootPhase_520_com.android.server.appbinding.AppBindingService$Lifecycle
04-06 02:10:04.829 1511 1511 I SystemServerTiming: OnBootPhase_520_com.android.server.tracing.TracingServiceProxy
04-06 02:10:04.829 1511 1511 I SystemServerTiming: OnBootPhase_520_com.android.server.policy.PermissionPolicyService
04-06 02:10:04.829 1511 1511 I SystemServerTiming: OnBootPhase_520_com.android.server.pm.StagingManager$Lifecycle
04-06 02:10:04.829 1511 1511 I SystemServerTiming: OnBootPhase_520_com.android.server.app.GameManagerService$Lifecycle
04-06 02:10:04.829 1511 1511 I SystemServerTiming: AppSearchManagerService
04-06 02:10:04.823 912 912 I auditd : type=1400 audit(0.0:238): avc: denied { read write } for comm="sensors.qti" name="diag" dev="tmpfs" ino=2145 scontext=u:r:vendor_sensors_qti:s0 tcontext=u:object_r:vendor_diag_device:s0 tclass=chr_file permissive=0
04-06 02:10:04.833 1511 1636 E DefaultPermGrantPolicy: Package not found: com.qualcomm.qti.cne
01-01 08:12:43.782 0 0 I msm_vidc: high: 00000001: ....d: Opening video instance: 0000000000000000, 1
01-01 08:12:43.782 0 0 I msm_vidc: err : 00000001: ....d: Failed to create debugfs for msm_vidc
01-01 08:12:43.786 0 0 I msm_vidc: high: 00000001: vp8d: Closed video instance: 0000000000000000
01-01 08:12:43.801 0 0 I msm_vidc: high: 00000001: ....d: Opening video instance: 0000000000000000, 1
01-01 08:12:43.801 0 0 I msm_vidc: err : 00000001: ....d: Failed to create debugfs for msm_vidc
04-06 02:10:04.853 1511 1511 I SystemServiceManager: Starting com.android.server.appsearch.AppSearchManagerService
04-06 02:10:04.854 1511 1511 I SystemServerTiming: StartMediaCommunicationService
04-06 02:10:04.854 1511 1511 I SystemServiceManager: Starting com.android.server.media.MediaCommunicationService
04-06 02:10:04.855 1511 1511 I SystemServerTiming: PhaseActivityManagerReady
04-06 02:10:04.855 1511 1511 I SystemServerTiming: controllersReady
01-01 08:12:43.805 0 0 I msm_vidc: high: 00000001: vp9d: Closed video instance: 0000000000000000
04-06 02:10:04.857 1511 1672 I SystemServerTimingAsync: InitThreadPoolExec:Update app-ops uidState in case package com.android.providers.media.module changed
04-06 02:10:04.857 1511 1690 I SystemServerTimingAsync: InitThreadPoolExec:Update app-ops uidState in case package com.hht.lebocast changed
04-06 02:10:04.857 1511 1705 I SystemServerTimingAsync: InitThreadPoolExec:Update app-ops uidState in case package com.qualcomm.qtil.aptxui changed
04-06 02:10:04.857 1511 1707 I SystemServerTimingAsync: InitThreadPoolExec:Update app-ops uidState in case package com.qualcomm.qti.workloadclassifier changed
04-06 02:10:04.857 1511 1656 I SystemServerTimingAsync: InitThreadPoolExec:Update app-ops uidState in case package com.android.systemui changed
04-06 02:10:04.857 1511 1671 I SystemServerTimingAsync: InitThreadPoolExec:Update app-ops uidState in case package com.qti.ltebc changed
04-06 02:10:04.857 1511 1690 I SystemServerTimingAsync: InitThreadPoolExec:Update app-ops uidState in case package com.qualcomm.location changed
04-06 02:10:04.857 1511 1671 I SystemServerTimingAsync: InitThreadPoolExec:Update app-ops uidState in case package com.android.providers.calendar changed
04-06 02:10:04.857 1511 1690 I SystemServerTimingAsync: InitThreadPoolExec:Update app-ops uidState in case package com.baidu.input changed
04-06 02:10:04.857 1511 1671 I SystemServerTimingAsync: InitThreadPoolExec:Update app-ops uidState in case package com.android.providers.contacts changed
04-06 02:10:04.857 1511 1707 I SystemServerTimingAsync: InitThreadPoolExec:Update app-ops uidState in case package com.android.providers.downloads changed
04-06 02:10:04.857 1511 1672 I SystemServerTimingAsync: InitThreadPoolExec:Update app-ops uidState in case package com.thundercomm.tcsetupwizard changed
04-06 02:10:04.857 1511 1672 I SystemServerTimingAsync: InitThreadPoolExec:Update app-ops uidState in case package com.android.server.telecom changed
04-06 02:10:04.857 1511 1690 I SystemServerTimingAsync: InitThreadPoolExec:Update app-ops uidState in case package com.android.bluetooth changed
04-06 02:10:04.857 1511 1671 I SystemServerTimingAsync: InitThreadPoolExec:Update app-ops uidState in case package android changed
04-06 02:10:04.857 1511 1611 I SystemServerTimingAsync: InitThreadPoolExec:Update app-ops uidState in case package com.android.settings changed
04-06 02:10:04.859 1511 1511 I SystemServerTiming: killProcesses
04-06 02:10:04.859 1511 1511 I ActivityManager: System now ready
04-06 02:10:04.859 1511 1511 I boot_progress_ams_ready: 8956
04-06 02:10:04.859 1511 1511 I SystemServerTiming: updateTopComponentForFactoryTest
04-06 02:10:04.859 1511 1511 I SystemServerTiming: registerActivityLaunchObserver
04-06 02:10:04.859 1511 1511 I SystemServerTiming: watchDeviceProvisioning
04-06 02:10:04.860 1511 1511 I SystemServerTiming: retrieveSettings
01-01 08:12:43.810 0 0 I msm_vidc: high: 00000001: ....d: Opening video instance: 0000000000000000, 1
01-01 08:12:43.810 0 0 I msm_vidc: err : 00000001: ....d: Failed to create debugfs for msm_vidc
04-06 02:10:04.861 1511 1511 I configuration_changed: 268435456
04-06 02:10:04.861 1511 1511 I ActivityTaskManager: Config changes=10000000 {1.0 ?mcc?mnc [zh_CN] ldltr sw720dp w1706dp h652dp 240dpi lrg long land finger -keyb/v/h -nav/h winConfig={ mBounds=Rect(0, 0 - 2560, 1080) mAppBounds=Rect(0, 0 - 2560, 1014) mMaxBounds=Rect(0, 0 - 2560, 1080) mWindowingMode=fullscreen mDisplayWindowingMode=fullscreen mActivityType=undefined mAlwaysOnTop=undefined mRotation=ROTATION_0} s.8 fontWeightAdjustment=0}
04-06 02:10:04.863 1511 1511 I WindowManager: Override config changes=10000000 {1.0 ?mcc?mnc [zh_CN] ldltr sw720dp w1706dp h652dp 240dpi lrg long land finger -keyb/v/h -nav/h winConfig={ mBounds=Rect(0, 0 - 2560, 1080) mAppBounds=Rect(0, 0 - 2560, 1014) mMaxBounds=Rect(0, 0 - 2560, 1080) mWindowingMode=fullscreen mDisplayWindowingMode=fullscreen mActivityType=undefined mAlwaysOnTop=undefined mRotation=ROTATION_0} s.8 fontWeightAdjustment=0} for displayId=0
01-01 08:12:43.813 0 0 I msm_vidc: high: 00000001: vp9d: Closed video instance: 0000000000000000
04-06 02:10:04.863 1511 1511 I SystemServerTiming: Ugm.onSystemReady
04-06 02:10:04.864 1511 1511 I SystemServerTiming: updateForceBackgroundCheck
