04-06 02:13:26.239 1178 1178 W cnss_diag: type=1400 audit(0.0:528): avc: denied { getattr } for path="/data/vendor/wifi/wlan_logs" dev="dm-10" ino=373 scontext=u:r:vendor_wcnss_service:s0 tcontext=u:object_r:vendor_wifi_vendor_log_data_file:s0 tclass=dir permissive=0
04-06 02:13:26.239 1178 1178 I auditd : type=1400 audit(0.0:529): avc: denied { read } for comm="cnss_diag" name="wlan_logs" dev="dm-10" ino=373 scontext=u:r:vendor_wcnss_service:s0 tcontext=u:object_r:vendor_wifi_vendor_log_data_file:s0 tclass=dir permissive=0
04-06 02:13:26.239 1178 1178 W cnss_diag: type=1400 audit(0.0:529): avc: denied { read } for name="wlan_logs" dev="dm-10" ino=373 scontext=u:r:vendor_wcnss_service:s0 tcontext=u:object_r:vendor_wifi_vendor_log_data_file:s0 tclass=dir permissive=0
04-06 02:13:26.239 1178 1178 I auditd : type=1400 audit(0.0:530): avc: denied { search } for comm="cnss_diag" name="wlan_logs" dev="dm-10" ino=373 scontext=u:r:vendor_wcnss_service:s0 tcontext=u:object_r:vendor_wifi_vendor_log_data_file:s0 tclass=dir permissive=0
04-06 02:13:26.239 1178 1178 W cnss_diag: type=1400 audit(0.0:530): avc: denied { search } for name="wlan_logs" dev="dm-10" ino=373 scontext=u:r:vendor_wcnss_service:s0 tcontext=u:object_r:vendor_wifi_vendor_log_data_file:s0 tclass=dir permissive=0
04-06 02:13:26.418 647 662 I mpu_uart: [MSG-P:RECV]:No message received in 1000 ms
01-01 08:16:05.680 0 0 I init : starting service 'hht_ota_mgr_service'...
04-06 02:13:26.776 4161 4161 E vota : [ba23e4f8]: [vota]: init: ..
04-06 02:13:26.777 4161 4161 E vota : [ba23e4f8]: [vota]: [warning]: the java machine be not inited, please pass it to the tb_init function! at tb_android_init_env(): 43, src/vota/platform/android/android.c
04-06 02:13:26.777 4161 4161 E vota : [ba23e4f8]: [vota]: version: tbox_v1_6_7_202302251411_arm64-v8a_elf by Android (8481493, based on r416183c2) Clang 12.0.9 (https://android.googlesource.com/toolchain/llvm-project c935d99d7cf2016289302412d708641d52d2f7ee)
04-06 02:13:26.777 4161 4161 E vota : [ba23e4f8]: [vota]: init: ok
04-06 02:13:26.777 4161 4161 E vota : [ba23e4f8]: [vota]: [scheduler]: start ..
04-06 02:13:26.777 4161 4161 E vota : [ba23e4f8]: [vota]: [coroutine]: init 0x76b8c45158
04-06 02:13:26.777 4161 4161 E vota : [ba23e4f8]: [vota]: [scheduler]: start ok
04-06 02:13:26.777 4161 4161 E vota : [ba23e4f8]: [vota]: [scheduler]: switch to coroutine(0x76b8c45158) from coroutine(0x76b8d4eca0)
04-06 02:13:26.777 4161 4161 E vota : [ba23e4f8]: [vota]: [coroutine]: entry: 0x76b8c45158 stack: 0x76b8c451b8 - 0x76b8c851b8 from coroutine(0x76b8d4eca0)
04-06 02:13:26.777 4161 4161 I hiphi_update_api: Hh_GetVersion calling ......
04-06 02:13:26.777 4161 4161 I hiphi_update_api: get version:01.00.0089.C102
04-06 02:13:26.778 4161 4161 I hiphi_update_api: Hh_GetVersion ret:0
04-06 02:13:26.820 4161 4161 E vota : [ba23e4f8]: [vota]: [scheduler]: finish coroutine(0x76b8c45158)
04-06 02:13:26.815 4161 4161 I auditd : type=1400 audit(0.0:531): avc: denied { read append } for comm="hht_ota_mgr" name="NvmSim_yy.dat" dev="dm-10" ino=379 scontext=u:r:hht_ota_mgr:s0 tcontext=u:object_r:system_data_file:s0 tclass=file permissive=0
04-06 02:13:26.820 4161 4161 E vota : [ba23e4f8]: [vota]: [scheduler]: switch to original coroutine
04-06 02:13:26.820 4161 4161 E vota : [ba23e4f8]: [vota]: [scheduler]: switch to coroutine(0x76b8d4eca0) from coroutine(0x76b8c45158)
04-06 02:13:26.820 4161 4161 E vota : [ba23e4f8]: [vota]: [scheduler]: [loop]: ready 0
04-06 02:13:26.820 4161 4161 E vota : [ba23e4f8]: [vota]: [coroutine]: exit: 0x76b8c45158
04-06 02:13:26.820 4161 4161 E vota : [ba23e4f8]: [vota]: [lock_profiler]:
04-06 02:13:26.820 4161 4161 E vota : [ba23e4f8]: [vota]: [lock_profiler]: lock: 0xb400007460d9422c, name: allocator, occupied: 0
04-06 02:13:26.820 4161 4161 E vota : [ba23e4f8]: [vota]: [lock_profiler]: lock: 0xb400007450d90534, name: native_large_allocator, occupied: 0
04-06 02:13:26.820 4161 4161 E vota : [ba23e4f8]: [vota]: [small_allocator]:
04-06 02:13:26.820 4161 4161 E vota : [ba23e4f8]: [vota]: [static_fixed_pool]: [16]: peak_size: 288, wast_rate: 4074/10000, pred_failed: 0, item_maxn: 245, free_count: 18, malloc_count: 18
04-06 02:13:26.820 4161 4161 E vota : [ba23e4f8]: [vota]: [static_fixed_pool]: [96]: peak_size: 2208, wast_rate: 1028/10000, pred_failed: 0, item_maxn: 248, free_count: 23, malloc_count: 23
04-06 02:13:26.820 4161 4161 E vota : [ba23e4f8]: [vota]: [static_fixed_pool]: [128]: peak_size: 9216, wast_rate: 791/10000, pred_failed: 0, item_maxn: 249, free_count: 72, malloc_count: 72
04-06 02:13:26.820 4161 4161 E vota : [ba23e4f8]: [vota]: [static_fixed_pool]: [192]: peak_size: 2112, wast_rate: 541/10000, pred_failed: 0, item_maxn: 250, free_count: 11, malloc_count: 11
04-06 02:13:26.820 4161 4161 E vota : [ba23e4f8]: [vota]: [static_fixed_pool]: [256]: peak_size: 256, wast_rate: 411/10000, pred_failed: 0, item_maxn: 251, free_count: 1, malloc_count: 1
04-06 02:13:26.820 4161 4161 E vota : [ba23e4f8]: [vota]: [static_fixed_pool]: [384]: peak_size: 5376, wast_rate: 278/10000, pred_failed: 0, item_maxn: 252, free_count: 14, malloc_count: 14
04-06 02:13:26.820 4161 4161 E vota : [ba23e4f8]: [vota]: [static_fixed_pool]: [512]: peak_size: 5632, wast_rate: 210/10000, pred_failed: 0, item_maxn: 253, free_count: 11, malloc_count: 11
04-06 02:13:26.820 4161 4161 E vota : [ba23e4f8]: [vota]: [static_fixed_pool]: [1024]: peak_size: 2048, wast_rate: 106/10000, pred_failed: 0, item_maxn: 254, free_count: 2, malloc_count: 2
04-06 02:13:26.820 4161 4161 E vota : [ba23e4f8]: [vota]: [native_large_allocator]:
04-06 02:13:26.820 4161 4161 E vota : [ba23e4f8]: [vota]: [native_large_allocator]: peak_size: 3373986
04-06 02:13:26.820 4161 4161 E vota : [ba23e4f8]: [vota]: [native_large_allocator]: wast_rate: 4/10000
04-06 02:13:26.820 4161 4161 E vota : [ba23e4f8]: [vota]: [native_large_allocator]: free_count: 52
04-06 02:13:26.820 4161 4161 E vota : [ba23e4f8]: [vota]: [native_large_allocator]: malloc_count: 52
04-06 02:13:26.820 4161 4161 E vota : [ba23e4f8]: [vota]: [native_large_allocator]: ralloc_count: 0
04-06 02:13:26.820 4161 4161 E vota : [ba23e4f8]: [vota]: exit: ok
04-06 02:13:26.815 4161 4161 W hht_ota_mgr: type=1400 audit(0.0:531): avc: denied { read append } for name="NvmSim_yy.dat" dev="dm-10" ino=379 scontext=u:r:hht_ota_mgr:s0 tcontext=u:object_r:system_data_file:s0 tclass=file permissive=0
01-01 08:16:05.770 0 0 I init : Service 'hht_ota_mgr_service' (pid 4161) exited with status 0
01-01 08:16:05.770 0 0 I init : Sending signal 9 to service 'hht_ota_mgr_service' (pid 4161) process group...
01-01 08:16:05.771 0 0 I libprocessgroup: Successfully killed process cgroup uid 0 pid 4161 in 0ms
04-06 02:13:27.110 2728 2728 W hpplay-java: [main]:IPManager:getActiveNets invalid networkInfo:null
04-06 02:13:27.110 2728 2728 I hpplay-java: [main]:IPManager:getActiveNets eth0:false wifi:false mobile:false ap:false
04-06 02:13:27.110 2728 2728 I hpplay-java: [main]:ServerTaskManager:get local ip:null
04-06 02:13:27.391 1251 1359 E tlogd : [TzLogger](isPathReadable) file /sys/kernel/debug/tzdbg/qsee_log isn't exist or no permission, err: No such file or directory
04-06 02:13:27.391 1251 1359 E tlogd : [TzLogger](saveTzlogAsync) /sys/kernel/debug/tzdbg/qsee_log can not read.
04-06 02:13:27.391 1251 1359 E tlogd : [TzLogger](isPathReadable) file /sys/kernel/debug/tzdbg/log isn't exist or no permission, err: No such file or directory
04-06 02:13:27.391 1251 1359 E tlogd : [TzLogger](saveTzlogAsync) /sys/kernel/debug/tzdbg/log can not read.
04-06 02:13:27.418 647 662 I mpu_uart: [MSG-P:RECV]:No message received in 1000 ms
04-06 02:13:27.519 647 661 I mpu_uart: [MSG-P:R]:recv sync frame timeout
01-01 08:16:07.044 0 0 E DTC_ETH,link_delay_work_func: 3003, SQI=0, link=0
04-06 02:13:28.112 2728 2728 W hpplay-java: [main]:IPManager:getActiveNets invalid networkInfo:null
04-06 02:13:28.112 2728 2728 I hpplay-java: [main]:IPManager:getActiveNets eth0:false wifi:false mobile:false ap:false
04-06 02:13:28.113 2728 2728 I hpplay-java: [main]:ServerTaskManager:get local ip:null
04-06 02:13:28.419 647 662 I mpu_uart: [MSG-P:RECV]:No message received in 1000 ms
04-06 02:13:29.114 2728 2728 W hpplay-java: [main]:IPManager:getActiveNets invalid networkInfo:null
04-06 02:13:29.114 2728 2728 I hpplay-java: [main]:IPManager:getActiveNets eth0:false wifi:false mobile:false ap:false
04-06 02:13:29.114 2728 2728 I hpplay-java: [main]:ServerTaskManager:get local ip:null
04-06 02:13:29.239 1178 1178 I auditd : type=1400 audit(0.0:532): avc: denied { getattr } for comm="cnss_diag" path="/data/vendor/wifi/wlan_logs" dev="dm-10" ino=373 scontext=u:r:vendor_wcnss_service:s0 tcontext=u:object_r:vendor_wifi_vendor_log_data_file:s0 tclass=dir permissive=0
04-06 02:13:29.239 1178 1178 W cnss_diag: type=1400 audit(0.0:532): avc: denied { getattr } for path="/data/vendor/wifi/wlan_logs" dev="dm-10" ino=373 scontext=u:r:vendor_wcnss_service:s0 tcontext=u:object_r:vendor_wifi_vendor_log_data_file:s0 tclass=dir permissive=0
04-06 02:13:29.239 1178 1178 I auditd : type=1400 audit(0.0:533): avc: denied { read } for comm="cnss_diag" name="wlan_logs" dev="dm-10" ino=373 scontext=u:r:vendor_wcnss_service:s0 tcontext=u:object_r:vendor_wifi_vendor_log_data_file:s0 tclass=dir permissive=0
04-06 02:13:29.239 1178 1178 W cnss_diag: type=1400 audit(0.0:533): avc: denied { read } for name="wlan_logs" dev="dm-10" ino=373 scontext=u:r:vendor_wcnss_service:s0 tcontext=u:object_r:vendor_wifi_vendor_log_data_file:s0 tclass=dir permissive=0
04-06 02:13:29.239 1178 1178 I auditd : type=1400 audit(0.0:534): avc: denied { search } for comm="cnss_diag" name="wlan_logs" dev="dm-10" ino=373 scontext=u:r:vendor_wcnss_service:s0 tcontext=u:object_r:vendor_wifi_vendor_log_data_file:s0 tclass=dir permissive=0
04-06 02:13:29.239 1178 1178 W cnss_diag: type=1400 audit(0.0:534): avc: denied { search } for name="wlan_logs" dev="dm-10" ino=373 scontext=u:r:vendor_wcnss_service:s0 tcontext=u:object_r:vendor_wifi_vendor_log_data_file:s0 tclass=dir permissive=0
04-06 02:13:29.243 1178 1178 I CNSS : failed to open file a+ mode or file size 0 is less than max_file_size 31457280
04-06 02:13:29.243 1178 1178 I CNSS : Failed to open file /data/vendor/wifi/wlan_logs/cnss_fw_logs_current.txt: 13
04-06 02:13:29.419 647 662 I mpu_uart: [MSG-P:RECV]:No message received in 1000 ms
04-06 02:13:30.117 2728 2728 W hpplay-java: [main]:IPManager:getActiveNets invalid networkInfo:null
04-06 02:13:30.117 2728 2728 I hpplay-java: [main]:IPManager:getActiveNets eth0:false wifi:false mobile:false ap:false
04-06 02:13:30.117 2728 2728 I hpplay-java: [main]:ServerTaskManager:get local ip:null
04-06 02:13:30.419 647 662 I mpu_uart: [MSG-P:RECV]:No message received in 1000 ms
04-06 02:13:30.523 647 661 I mpu_uart: [MSG-P:R]:recv sync frame timeout
04-06 02:13:30.941 2354 2354 D RemoteControlService: startVlanDispatchThread
04-06 02:13:31.119 2728 2728 W hpplay-java: [main]:IPManager:getActiveNets invalid networkInfo:null
04-06 02:13:31.119 2728 2728 I hpplay-java: [main]:IPManager:getActiveNets eth0:false wifi:false mobile:false ap:false
04-06 02:13:31.119 2728 2728 I hpplay-java: [main]:ServerTaskManager:get local ip:null
04-06 02:13:31.420 647 662 I mpu_uart: [MSG-P:RECV]:No message received in 1000 ms
01-01 08:16:10.685 0 0 I init : starting service 'hht_ota_mgr_service'...
04-06 02:13:31.785 4165 4165 E vota : [6cafb4f8]: [vota]: init: ..
04-06 02:13:31.785 4165 4165 E vota : [6cafb4f8]: [vota]: [warning]: the java machine be not inited, please pass it to the tb_init function! at tb_android_init_env(): 43, src/vota/platform/android/android.c
04-06 02:13:31.786 4165 4165 E vota : [6cafb4f8]: [vota]: version: tbox_v1_6_7_202302251411_arm64-v8a_elf by Android (8481493, based on r416183c2) Clang 12.0.9 (https://android.googlesource.com/toolchain/llvm-project c935d99d7cf2016289302412d708641d52d2f7ee)
04-06 02:13:31.786 4165 4165 E vota : [6cafb4f8]: [vota]: init: ok
04-06 02:13:31.786 4165 4165 E vota : [6cafb4f8]: [vota]: [scheduler]: start ..
04-06 02:13:31.786 4165 4165 E vota : [6cafb4f8]: [vota]: [coroutine]: init 0x766b509158
04-06 02:13:31.786 4165 4165 E vota : [6cafb4f8]: [vota]: [scheduler]: start ok
04-06 02:13:31.786 4165 4165 E vota : [6cafb4f8]: [vota]: [scheduler]: switch to coroutine(0x766b509158) from coroutine(0x766b60bca0)
04-06 02:13:31.786 4165 4165 E vota : [6cafb4f8]: [vota]: [coroutine]: entry: 0x766b509158 stack: 0x766b5091b8 - 0x766b5491b8 from coroutine(0x766b60bca0)
04-06 02:13:31.786 4165 4165 I hiphi_update_api: Hh_GetVersion calling ......
04-06 02:13:31.787 4165 4165 I hiphi_update_api: get version:01.00.0089.C102
04-06 02:13:31.787 4165 4165 I hiphi_update_api: Hh_GetVersion ret:0
04-06 02:13:31.828 4165 4165 E vota : [6cafb4f8]: [vota]: [scheduler]: finish coroutine(0x766b509158)
04-06 02:13:31.823 4165 4165 I auditd : type=1400 audit(0.0:535): avc: denied { read append } for comm="hht_ota_mgr" name="NvmSim_yy.dat" dev="dm-10" ino=379 scontext=u:r:hht_ota_mgr:s0 tcontext=u:object_r:system_data_file:s0 tclass=file permissive=0
04-06 02:13:31.828 4165 4165 E vota : [6cafb4f8]: [vota]: [scheduler]: switch to original coroutine
04-06 02:13:31.828 4165 4165 E vota : [6cafb4f8]: [vota]: [scheduler]: switch to coroutine(0x766b60bca0) from coroutine(0x766b509158)
04-06 02:13:31.828 4165 4165 E vota : [6cafb4f8]: [vota]: [scheduler]: [loop]: ready 0
04-06 02:13:31.828 4165 4165 E vota : [6cafb4f8]: [vota]: [coroutine]: exit: 0x766b509158
04-06 02:13:31.829 4165 4165 E vota : [6cafb4f8]: [vota]: [lock_profiler]:
04-06 02:13:31.829 4165 4165 E vota : [6cafb4f8]: [vota]: [lock_profiler]: lock: 0xb400007410c6cf8c, name: allocator, occupied: 0
04-06 02:13:31.829 4165 4165 E vota : [6cafb4f8]: [vota]: [lock_profiler]: lock: 0xb400007400c73c74, name: native_large_allocator, occupied: 0
04-06 02:13:31.829 4165 4165 E vota : [6cafb4f8]: [vota]: [small_allocator]:
04-06 02:13:31.829 4165 4165 E vota : [6cafb4f8]: [vota]: [static_fixed_pool]: [16]: peak_size: 288, wast_rate: 4074/10000, pred_failed: 0, item_maxn: 245, free_count: 18, malloc_count: 18
04-06 02:13:31.829 4165 4165 E vota : [6cafb4f8]: [vota]: [static_fixed_pool]: [96]: peak_size: 2208, wast_rate: 1028/10000, pred_failed: 0, item_maxn: 248, free_count: 23, malloc_count: 23
04-06 02:13:31.829 4165 4165 E vota : [6cafb4f8]: [vota]: [static_fixed_pool]: [128]: peak_size: 9216, wast_rate: 791/10000, pred_failed: 0, item_maxn: 249, free_count: 72, malloc_count: 72
04-06 02:13:31.829 4165 4165 E vota : [6cafb4f8]: [vota]: [static_fixed_pool]: [192]: peak_size: 2112, wast_rate: 541/10000, pred_failed: 0, item_maxn: 250, free_count: 11, malloc_count: 11
04-06 02:13:31.829 4165 4165 E vota : [6cafb4f8]: [vota]: [static_fixed_pool]: [256]: peak_size: 256, wast_rate: 411/10000, pred_failed: 0, item_maxn: 251, free_count: 1, malloc_count: 1
04-06 02:13:31.829 4165 4165 E vota : [6cafb4f8]: [vota]: [static_fixed_pool]: [384]: peak_size: 5376, wast_rate: 278/10000, pred_failed: 0, item_maxn: 252, free_count: 14, malloc_count: 14
04-06 02:13:31.829 4165 4165 E vota : [6cafb4f8]: [vota]: [static_fixed_pool]: [512]: peak_size: 5632, wast_rate: 210/10000, pred_failed: 0, item_maxn: 253, free_count: 11, malloc_count: 11
04-06 02:13:31.829 4165 4165 E vota : [6cafb4f8]: [vota]: [static_fixed_pool]: [1024]: peak_size: 2048, wast_rate: 106/10000, pred_failed: 0, item_maxn: 254, free_count: 2, malloc_count: 2
04-06 02:13:31.829 4165 4165 E vota : [6cafb4f8]: [vota]: [native_large_allocator]:
04-06 02:13:31.829 4165 4165 E vota : [6cafb4f8]: [vota]: [native_large_allocator]: peak_size: 3373986
04-06 02:13:31.829 4165 4165 E vota : [6cafb4f8]: [vota]: [native_large_allocator]: wast_rate: 4/10000
04-06 02:13:31.829 4165 4165 E vota : [6cafb4f8]: [vota]: [native_large_allocator]: free_count: 52
04-06 02:13:31.829 4165 4165 E vota : [6cafb4f8]: [vota]: [native_large_allocator]: malloc_count: 52
04-06 02:13:31.829 4165 4165 E vota : [6cafb4f8]: [vota]: [native_large_allocator]: ralloc_count: 0
04-06 02:13:31.829 4165 4165 E vota : [6cafb4f8]: [vota]: exit: ok
04-06 02:13:31.823 4165 4165 W hht_ota_mgr: type=1400 audit(0.0:535): avc: denied { read append } for name="NvmSim_yy.dat" dev="dm-10" ino=379 scontext=u:r:hht_ota_mgr:s0 tcontext=u:object_r:system_data_file:s0 tclass=file permissive=0
01-01 08:16:10.784 0 0 I init : Service 'hht_ota_mgr_service' (pid 4165) exited with status 0
01-01 08:16:10.784 0 0 I init : Sending signal 9 to service 'hht_ota_mgr_service' (pid 4165) process group...
01-01 08:16:10.784 0 0 I libprocessgroup: Successfully killed process cgroup uid 0 pid 4165 in 0ms
04-06 02:13:32.122 2728 2728 W hpplay-java: [main]:IPManager:getActiveNets invalid networkInfo:null
04-06 02:13:32.123 2728 2728 I hpplay-java: [main]:IPManager:getActiveNets eth0:false wifi:false mobile:false ap:false
04-06 02:13:32.123 2728 2728 I hpplay-java: [main]:ServerTaskManager:get local ip:null
04-06 02:13:32.239 1178 1178 I auditd : type=1400 audit(0.0:536): avc: denied { getattr } for comm="cnss_diag" path="/data/vendor/wifi/wlan_logs" dev="dm-10" ino=373 scontext=u:r:vendor_wcnss_service:s0 tcontext=u:object_r:vendor_wifi_vendor_log_data_file:s0 tclass=dir permissive=0
04-06 02:13:32.244 1178 1178 I CNSS : cnss_open_log_file: create directory /data/vendor/wifi/wlan_logs/ ret = -1 errno= 17
04-06 02:13:32.239 1178 1178 W cnss_diag: type=1400 audit(0.0:536): avc: denied { getattr } for path="/data/vendor/wifi/wlan_logs" dev="dm-10" ino=373 scontext=u:r:vendor_wcnss_service:s0 tcontext=u:object_r:vendor_wifi_vendor_log_data_file:s0 tclass=dir permissive=0
04-06 02:13:32.244 1178 1178 I CNSS : failed to open file a+ mode or file size 0 is less than max_file_size 31457280
04-06 02:13:32.244 1178 1178 I CNSS : Failed to open file /data/vendor/wifi/wlan_logs/cnss_fw_logs_current.txt: 13
04-06 02:13:32.239 1178 1178 I auditd : type=1400 audit(0.0:537): avc: denied { read } for comm="cnss_diag" name="wlan_logs" dev="dm-10" ino=373 scontext=u:r:vendor_wcnss_service:s0 tcontext=u:object_r:vendor_wifi_vendor_log_data_file:s0 tclass=dir permissive=0
04-06 02:13:32.239 1178 1178 W cnss_diag: type=1400 audit(0.0:537): avc: denied { read } for name="wlan_logs" dev="dm-10" ino=373 scontext=u:r:vendor_wcnss_service:s0 tcontext=u:object_r:vendor_wifi_vendor_log_data_file:s0 tclass=dir permissive=0
04-06 02:13:32.239 1178 1178 I auditd : type=1400 audit(0.0:538): avc: denied { search } for comm="cnss_diag" name="wlan_logs" dev="dm-10" ino=373 scontext=u:r:vendor_wcnss_service:s0 tcontext=u:object_r:vendor_wifi_vendor_log_data_file:s0 tclass=dir permissive=0
04-06 02:13:32.239 1178 1178 W cnss_diag: type=1400 audit(0.0:538): avc: denied { search } for name="wlan_logs" dev="dm-10" ino=373 scontext=u:r:vendor_wcnss_service:s0 tcontext=u:object_r:vendor_wifi_vendor_log_data_file:s0 tclass=dir permissive=0
04-06 02:13:32.392 1251 1359 E tlogd : [TzLogger](isPathReadable) file /sys/kernel/debug/tzdbg/qsee_log isn't exist or no permission, err: No such file or directory
04-06 02:13:32.392 1251 1359 E tlogd : [TzLogger](saveTzlogAsync) /sys/kernel/debug/tzdbg/qsee_log can not read.
04-06 02:13:32.392 1251 1359 E tlogd : [TzLogger](isPathReadable) file /sys/kernel/debug/tzdbg/log isn't exist or no permission, err: No such file or directory
04-06 02:13:32.392 1251 1359 E tlogd : [TzLogger](saveTzlogAsync) /sys/kernel/debug/tzdbg/log can not read.
04-06 02:13:32.420 647 662 I mpu_uart: [MSG-P:RECV]:No message received in 1000 ms
04-06 02:13:32.472 1196 1243 I selfinstaller: create socket failed: Network is unreachable 101
04-06 02:13:32.619 1511 1511 I service_manager_stats: [100,62,40855]
04-06 02:13:33.125 2728 2728 W hpplay-java: [main]:IPManager:getActiveNets invalid networkInfo:null
04-06 02:13:33.125 2728 2728 I hpplay-java: [main]:IPManager:getActiveNets eth0:false wifi:false mobile:false ap:false
04-06 02:13:33.125 2728 2728 I hpplay-java: [main]:ServerTaskManager:get local ip:null
01-01 08:16:12.164 0 0 E DTC_ETH,link_delay_work_func: 3003, SQI=0, link=0
04-06 02:13:33.420 647 662 I mpu_uart: [MSG-P:RECV]:No message received in 1000 ms
04-06 02:13:33.526 647 661 I mpu_uart: [MSG-P:R]:recv sync frame timeout
04-06 02:13:34.128 2728 2728 W hpplay-java: [main]:IPManager:getActiveNets invalid networkInfo:null
04-06 02:13:34.128 2728 2728 I hpplay-java: [main]:IPManager:getActiveNets eth0:false wifi:false mobile:false ap:false
04-06 02:13:34.128 2728 2728 I hpplay-java: [main]:ServerTaskManager:get local ip:null
04-06 02:13:34.420 647 662 I mpu_uart: [MSG-P:RECV]:No message received in 1000 ms
04-06 02:13:35.130 2728 2728 W hpplay-java: [main]:IPManager:getActiveNets invalid networkInfo:null
04-06 02:13:35.130 2728 2728 I hpplay-java: [main]:IPManager:getActiveNets eth0:false wifi:false mobile:false ap:false
04-06 02:13:35.130 2728 2728 I hpplay-java: [main]:ServerTaskManager:get local ip:null
04-06 02:13:35.149 2416 2452 I OpenGLRenderer: Davey! duration=9223371817635ms; Flags=0, FrameTimelineVsyncId=7293, IntendedVsync=219218752607, Vsync=219218752607, InputEventId=344962719, HandleInputStart=219219057884, AnimationStart=219220132363, PerformTraversalsStart=219220134186, DrawStart=219220215800, FrameDeadline=219252085939, FrameInterval=219219055852, FrameStartTime=16666666, SyncQueued=219223013925, SyncStart=219223074550, IssueDrawCommandsStart=219223663404, SwapBuffers=219226337311, FrameCompleted=9223372036854775807, DequeueBufferDuration=36667, QueueBufferDuration=829479, GpuCompleted=9223372036854775807, SwapBuffersCompleted=219227615748, DisplayPresentTime=0,
04-06 02:13:35.244 1178 1178 I CNSS : cnss_open_log_file: create directory /data/vendor/wifi/wlan_logs/ ret = -1 errno= 17
04-06 02:13:35.244 1178 1178 I CNSS : failed to open file a+ mode or file size 0 is less than max_file_size 31457280
04-06 02:13:35.244 1178 1178 I CNSS : Failed to open file /data/vendor/wifi/wlan_logs/cnss_fw_logs_current.txt: 13
04-06 02:13:35.239 1178 1178 I auditd : type=1400 audit(0.0:539): avc: denied { getattr } for comm="cnss_diag" path="/data/vendor/wifi/wlan_logs" dev="dm-10" ino=373 scontext=u:r:vendor_wcnss_service:s0 tcontext=u:object_r:vendor_wifi_vendor_log_data_file:s0 tclass=dir permissive=0
04-06 02:13:35.239 1178 1178 W cnss_diag: type=1400 audit(0.0:539): avc: denied { getattr } for path="/data/vendor/wifi/wlan_logs" dev="dm-10" ino=373 scontext=u:r:vendor_wcnss_service:s0 tcontext=u:object_r:vendor_wifi_vendor_log_data_file:s0 tclass=dir permissive=0
04-06 02:13:35.239 1178 1178 I auditd : type=1400 audit(0.0:540): avc: denied { read } for comm="cnss_diag" name="wlan_logs" dev="dm-10" ino=373 scontext=u:r:vendor_wcnss_service:s0 tcontext=u:object_r:vendor_wifi_vendor_log_data_file:s0 tclass=dir permissive=0
04-06 02:13:35.239 1178 1178 W cnss_diag: type=1400 audit(0.0:540): avc: denied { read } for name="wlan_logs" dev="dm-10" ino=373 scontext=u:r:vendor_wcnss_service:s0 tcontext=u:object_r:vendor_wifi_vendor_log_data_file:s0 tclass=dir permissive=0
04-06 02:13:35.239 1178 1178 I auditd : type=1400 audit(0.0:541): avc: denied { search } for comm="cnss_diag" name="wlan_logs" dev="dm-10" ino=373 scontext=u:r:vendor_wcnss_service:s0 tcontext=u:object_r:vendor_wifi_vendor_log_data_file:s0 tclass=dir permissive=0
04-06 02:13:35.239 1178 1178 W cnss_diag: type=1400 audit(0.0:541): avc: denied { search } for name="wlan_logs" dev="dm-10" ino=373 scontext=u:r:vendor_wcnss_service:s0 tcontext=u:object_r:vendor_wifi_vendor_log_data_file:s0 tclass=dir permissive=0
04-06 02:13:35.421 647 662 I mpu_uart: [MSG-P:RECV]:No message received in 1000 ms
04-06 02:13:35.950 2354 2354 D RemoteControlService: startVlanDispatchThread
04-06 02:13:36.133 2728 2728 W hpplay-java: [main]:IPManager:getActiveNets invalid networkInfo:null
04-06 02:13:36.133 2728 2728 I hpplay-java: [main]:IPManager:getActiveNets eth0:false wifi:false mobile:false ap:false
04-06 02:13:36.133 2728 2728 I hpplay-java: [main]:ServerTaskManager:get local ip:null
04-06 02:13:36.421 647 662 I mpu_uart: [MSG-P:RECV]:No message received in 1000 ms
04-06 02:13:36.529 647 661 I mpu_uart: [MSG-P:R]:recv sync frame timeout
01-01 08:16:15.695 0 0 I init : starting service 'hht_ota_mgr_service'...
04-06 02:13:36.792 4179 4179 E vota : [72e614f8]: [vota]: init: ..
04-06 02:13:36.792 4179 4179 E vota : [72e614f8]: [vota]: [warning]: the java machine be not inited, please pass it to the tb_init function! at tb_android_init_env(): 43, src/vota/platform/android/android.c
04-06 02:13:36.793 4179 4179 E vota : [72e614f8]: [vota]: version: tbox_v1_6_7_202302251411_arm64-v8a_elf by Android (8481493, based on r416183c2) Clang 12.0.9 (https://android.googlesource.com/toolchain/llvm-project c935d99d7cf2016289302412d708641d52d2f7ee)
04-06 02:13:36.793 4179 4179 E vota : [72e614f8]: [vota]: init: ok
04-06 02:13:36.793 4179 4179 E vota : [72e614f8]: [vota]: [scheduler]: start ..
04-06 02:13:36.793 4179 4179 E vota : [72e614f8]: [vota]: [coroutine]: init 0x7071876158
04-06 02:13:36.793 4179 4179 E vota : [72e614f8]: [vota]: [scheduler]: start ok
04-06 02:13:36.793 4179 4179 E vota : [72e614f8]: [vota]: [scheduler]: switch to coroutine(0x7071876158) from coroutine(0x7071971ca0)
04-06 02:13:36.793 4179 4179 E vota : [72e614f8]: [vota]: [coroutine]: entry: 0x7071876158 stack: 0x70718761b8 - 0x70718b61b8 from coroutine(0x7071971ca0)
04-06 02:13:36.793 4179 4179 I hiphi_update_api: Hh_GetVersion calling ......
04-06 02:13:36.793 4179 4179 I hiphi_update_api: get version:01.00.0089.C102
04-06 02:13:36.793 4179 4179 I hiphi_update_api: Hh_GetVersion ret:0
04-06 02:13:36.835 4179 4179 E vota : [72e614f8]: [vota]: [scheduler]: finish coroutine(0x7071876158)
04-06 02:13:36.835 4179 4179 E vota : [72e614f8]: [vota]: [scheduler]: switch to original coroutine
04-06 02:13:36.835 4179 4179 E vota : [72e614f8]: [vota]: [scheduler]: switch to coroutine(0x7071971ca0) from coroutine(0x7071876158)
04-06 02:13:36.835 4179 4179 E vota : [72e614f8]: [vota]: [scheduler]: [loop]: ready 0
04-06 02:13:36.835 4179 4179 E vota : [72e614f8]: [vota]: [coroutine]: exit: 0x7071876158
04-06 02:13:36.835 4179 4179 E vota : [72e614f8]: [vota]: [lock_profiler]:
04-06 02:13:36.835 4179 4179 E vota : [72e614f8]: [vota]: [lock_profiler]: lock: 0xb400006e0c8bc2cc, name: allocator, occupied: 0
04-06 02:13:36.835 4179 4179 E vota : [72e614f8]: [vota]: [lock_profiler]: lock: 0xb400006dfc8b6134, name: native_large_allocator, occupied: 0
04-06 02:13:36.835 4179 4179 E vota : [72e614f8]: [vota]: [small_allocator]:
04-06 02:13:36.835 4179 4179 E vota : [72e614f8]: [vota]: [static_fixed_pool]: [16]: peak_size: 288, wast_rate: 4074/10000, pred_failed: 0, item_maxn: 245, free_count: 18, malloc_count: 18
04-06 02:13:36.835 4179 4179 E vota : [72e614f8]: [vota]: [static_fixed_pool]: [96]: peak_size: 2208, wast_rate: 1028/10000, pred_failed: 0, item_maxn: 248, free_count: 23, malloc_count: 23
04-06 02:13:36.835 4179 4179 E vota : [72e614f8]: [vota]: [static_fixed_pool]: [128]: peak_size: 9216, wast_rate: 791/10000, pred_failed: 0, item_maxn: 249, free_count: 72, malloc_count: 72
04-06 02:13:36.835 4179 4179 E vota : [72e614f8]: [vota]: [static_fixed_pool]: [192]: peak_size: 2112, wast_rate: 541/10000, pred_failed: 0, item_maxn: 250, free_count: 11, malloc_count: 11
04-06 02:13:36.835 4179 4179 E vota : [72e614f8]: [vota]: [static_fixed_pool]: [256]: peak_size: 256, wast_rate: 411/10000, pred_failed: 0, item_maxn: 251, free_count: 1, malloc_count: 1
04-06 02:13:36.835 4179 4179 E vota : [72e614f8]: [vota]: [static_fixed_pool]: [384]: peak_size: 5376, wast_rate: 278/10000, pred_failed: 0, item_maxn: 252, free_count: 14, malloc_count: 14
04-06 02:13:36.835 4179 4179 E vota : [72e614f8]: [vota]: [static_fixed_pool]: [512]: peak_size: 5632, wast_rate: 210/10000, pred_failed: 0, item_maxn: 253, free_count: 11, malloc_count: 11
04-06 02:13:36.835 4179 4179 E vota : [72e614f8]: [vota]: [static_fixed_pool]: [1024]: peak_size: 2048, wast_rate: 106/10000, pred_failed: 0, item_maxn: 254, free_count: 2, malloc_count: 2
04-06 02:13:36.835 4179 4179 E vota : [72e614f8]: [vota]: [native_large_allocator]:
04-06 02:13:36.835 4179 4179 E vota : [72e614f8]: [vota]: [native_large_allocator]: peak_size: 3373986
04-06 02:13:36.835 4179 4179 E vota : [72e614f8]: [vota]: [native_large_allocator]: wast_rate: 4/10000
04-06 02:13:36.835 4179 4179 E vota : [72e614f8]: [vota]: [native_large_allocator]: free_count: 52
04-06 02:13:36.827 4179 4179 I auditd : type=1400 audit(0.0:542): avc: denied { read append } for comm="hht_ota_mgr" name="NvmSim_yy.dat" dev="dm-10" ino=379 scontext=u:r:hht_ota_mgr:s0 tcontext=u:object_r:system_data_file:s0 tclass=file permissive=0
04-06 02:13:36.835 4179 4179 E vota : [72e614f8]: [vota]: [native_large_allocator]: malloc_count: 52
04-06 02:13:36.827 4179 4179 W hht_ota_mgr: type=1400 audit(0.0:542): avc: denied { read append } for name="NvmSim_yy.dat" dev="dm-10" ino=379 scontext=u:r:hht_ota_mgr:s0 tcontext=u:object_r:system_data_file:s0 tclass=file permissive=0
04-06 02:13:36.835 4179 4179 E vota : [72e614f8]: [vota]: [native_large_allocator]: ralloc_count: 0
04-06 02:13:36.835 4179 4179 E vota : [72e614f8]: [vota]: exit: ok
01-01 08:16:15.785 0 0 I init : Service 'hht_ota_mgr_service' (pid 4179) exited with status 0
01-01 08:16:15.785 0 0 I init : Sending signal 9 to service 'hht_ota_mgr_service' (pid 4179) process group...
01-01 08:16:15.786 0 0 I libprocessgroup: Successfully killed process cgroup uid 0 pid 4179 in 0ms
04-06 02:13:37.135 2728 2728 W hpplay-java: [main]:IPManager:getActiveNets invalid networkInfo:null
04-06 02:13:37.136 2728 2728 I hpplay-java: [main]:IPManager:getActiveNets eth0:false wifi:false mobile:false ap:false
04-06 02:13:37.136 2728 2728 I hpplay-java: [main]:ServerTaskManager:get local ip:null
04-06 02:13:37.393 1251 1359 E tlogd : [TzLogger](isPathReadable) file /sys/kernel/debug/tzdbg/qsee_log isn't exist or no permission, err: No such file or directory
04-06 02:13:37.393 1251 1359 E tlogd : [TzLogger](saveTzlogAsync) /sys/kernel/debug/tzdbg/qsee_log can not read.
04-06 02:13:37.393 1251 1359 E tlogd : [TzLogger](isPathReadable) file /sys/kernel/debug/tzdbg/log isn't exist or no permission, err: No such file or directory
04-06 02:13:37.393 1251 1359 E tlogd : [TzLogger](saveTzlogAsync) /sys/kernel/debug/tzdbg/log can not read.
04-06 02:13:37.422 647 662 I mpu_uart: [MSG-P:RECV]:No message received in 1000 ms
04-06 02:13:38.138 2728 2728 W hpplay-java: [main]:IPManager:getActiveNets invalid networkInfo:null
04-06 02:13:38.138 2728 2728 I hpplay-java: [main]:IPManager:getActiveNets eth0:false wifi:false mobile:false ap:false
04-06 02:13:38.138 2728 2728 I hpplay-java: [main]:ServerTaskManager:get local ip:null
04-06 02:13:38.245 1178 1178 I CNSS : cnss_open_log_file: create directory /data/vendor/wifi/wlan_logs/ ret = -1 errno= 17
04-06 02:13:38.245 1178 1178 I CNSS : failed to open file a+ mode or file size 0 is less than max_file_size 31457280
04-06 02:13:38.245 1178 1178 I CNSS : Failed to open file /data/vendor/wifi/wlan_logs/cnss_fw_logs_current.txt: 13
04-06 02:13:38.243 1178 1178 I auditd : type=1400 audit(0.0:543): avc: denied { getattr } for comm="cnss_diag" path="/data/vendor/wifi/wlan_logs" dev="dm-10" ino=373 scontext=u:r:vendor_wcnss_service:s0 tcontext=u:object_r:vendor_wifi_vendor_log_data_file:s0 tclass=dir permissive=0
04-06 02:13:38.243 1178 1178 W cnss_diag: type=1400 audit(0.0:543): avc: denied { getattr } for path="/data/vendor/wifi/wlan_logs" dev="dm-10" ino=373 scontext=u:r:vendor_wcnss_service:s0 tcontext=u:object_r:vendor_wifi_vendor_log_data_file:s0 tclass=dir permissive=0
04-06 02:13:38.243 1178 1178 I auditd : type=1400 audit(0.0:544): avc: denied { read } for comm="cnss_diag" name="wlan_logs" dev="dm-10" ino=373 scontext=u:r:vendor_wcnss_service:s0 tcontext=u:object_r:vendor_wifi_vendor_log_data_file:s0 tclass=dir permissive=0
04-06 02:13:38.243 1178 1178 W cnss_diag: type=1400 audit(0.0:544): avc: denied { read } for name="wlan_logs" dev="dm-10" ino=373 scontext=u:r:vendor_wcnss_service:s0 tcontext=u:object_r:vendor_wifi_vendor_log_data_file:s0 tclass=dir permissive=0
04-06 02:13:38.243 1178 1178 I auditd : type=1400 audit(0.0:545): avc: denied { search } for comm="cnss_diag" name="wlan_logs" dev="dm-10" ino=373 scontext=u:r:vendor_wcnss_service:s0 tcontext=u:object_r:vendor_wifi_vendor_log_data_file:s0 tclass=dir permissive=0
04-06 02:13:38.243 1178 1178 W cnss_diag: type=1400 audit(0.0:545): avc: denied { search } for name="wlan_logs" dev="dm-10" ino=373 scontext=u:r:vendor_wcnss_service:s0 tcontext=u:object_r:vendor_wifi_vendor_log_data_file:s0 tclass=dir permissive=0
01-01 08:16:17.285 0 0 E DTC_ETH,link_delay_work_func: 3003, SQI=0, link=0
04-06 02:13:38.422 647 662 I mpu_uart: [MSG-P:RECV]:No message received in 1000 ms
04-06 02:13:39.140 2728 2728 W hpplay-java: [main]:IPManager:getActiveNets invalid networkInfo:null
04-06 02:13:39.140 2728 2728 I hpplay-java: [main]:IPManager:getActiveNets eth0:false wifi:false mobile:false ap:false
04-06 02:13:39.140 2728 2728 I hpplay-java: [main]:ServerTaskManager:get local ip:null
04-06 02:13:39.422 647 662 I mpu_uart: [MSG-P:RECV]:No message received in 1000 ms
04-06 02:13:39.532 647 661 I mpu_uart: [MSG-P:R]:recv sync frame timeout
04-06 02:13:40.142 2728 2728 W hpplay-java: [main]:IPManager:getActiveNets invalid networkInfo:null
04-06 02:13:40.142 2728 2728 I hpplay-java: [main]:IPManager:getActiveNets eth0:false wifi:false mobile:false ap:false
04-06 02:13:40.142 2728 2728 I hpplay-java: [main]:ServerTaskManager:get local ip:null
04-06 02:13:40.423 647 662 I mpu_uart: [MSG-P:RECV]:No message received in 1000 ms
04-06 02:13:40.963 2354 2354 D RemoteControlService: startVlanDispatchThread
04-06 02:13:41.144 2728 2728 W hpplay-java: [main]:IPManager:getActiveNets invalid networkInfo:null
04-06 02:13:41.144 2728 2728 I hpplay-java: [main]:IPManager:getActiveNets eth0:false wifi:false mobile:false ap:false
04-06 02:13:41.144 2728 2728 I hpplay-java: [main]:ServerTaskManager:get local ip:null
04-06 02:13:41.245 1178 1178 I CNSS : cnss_open_log_file: create directory /data/vendor/wifi/wlan_logs/ ret = -1 errno= 17
04-06 02:13:41.246 1178 1178 I CNSS : failed to open file a+ mode or file size 0 is less than max_file_size 31457280
04-06 02:13:41.246 1178 1178 I CNSS : Failed to open file /data/vendor/wifi/wlan_logs/cnss_fw_logs_current.txt: 13
04-06 02:13:41.239 1178 1178 I auditd : type=1400 audit(0.0:546): avc: denied { getattr } for comm="cnss_diag" path="/data/vendor/wifi/wlan_logs" dev="dm-10" ino=373 scontext=u:r:vendor_wcnss_service:s0 tcontext=u:object_r:vendor_wifi_vendor_log_data_file:s0 tclass=dir permissive=0
04-06 02:13:41.239 1178 1178 W cnss_diag: type=1400 audit(0.0:546): avc: denied { getattr } for path="/data/vendor/wifi/wlan_logs" dev="dm-10" ino=373 scontext=u:r:vendor_wcnss_service:s0 tcontext=u:object_r:vendor_wifi_vendor_log_data_file:s0 tclass=dir permissive=0
04-06 02:13:41.239 1178 1178 I auditd : type=1400 audit(0.0:547): avc: denied { read } for comm="cnss_diag" name="wlan_logs" dev="dm-10" ino=373 scontext=u:r:vendor_wcnss_service:s0 tcontext=u:object_r:vendor_wifi_vendor_log_data_file:s0 tclass=dir permissive=0
04-06 02:13:41.239 1178 1178 W cnss_diag: type=1400 audit(0.0:547): avc: denied { read } for name="wlan_logs" dev="dm-10" ino=373 scontext=u:r:vendor_wcnss_service:s0 tcontext=u:object_r:vendor_wifi_vendor_log_data_file:s0 tclass=dir permissive=0
04-06 02:13:41.239 1178 1178 I auditd : type=1400 audit(0.0:548): avc: denied { search } for comm="cnss_diag" name="wlan_logs" dev="dm-10" ino=373 scontext=u:r:vendor_wcnss_service:s0 tcontext=u:object_r:vendor_wifi_vendor_log_data_file:s0 tclass=dir permissive=0
04-06 02:13:41.239 1178 1178 W cnss_diag: type=1400 audit(0.0:548): avc: denied { search } for name="wlan_logs" dev="dm-10" ino=373 scontext=u:r:vendor_wcnss_service:s0 tcontext=u:object_r:vendor_wifi_vendor_log_data_file:s0 tclass=dir permissive=0
04-06 02:13:41.423 647 662 I mpu_uart: [MSG-P:RECV]:No message received in 1000 ms
01-01 08:16:20.706 0 0 I init : starting service 'hht_ota_mgr_service'...
04-06 02:13:41.800 4180 4180 E vota : [b4d174f8]: [vota]: init: ..
04-06 02:13:41.800 4180 4180 E vota : [b4d174f8]: [vota]: [warning]: the java machine be not inited, please pass it to the tb_init function! at tb_android_init_env(): 43, src/vota/platform/android/android.c
04-06 02:13:41.801 4180 4180 E vota : [b4d174f8]: [vota]: version: tbox_v1_6_7_202302251411_arm64-v8a_elf by Android (8481493, based on r416183c2) Clang 12.0.9 (https://android.googlesource.com/toolchain/llvm-project c935d99d7cf2016289302412d708641d52d2f7ee)
04-06 02:13:41.801 4180 4180 E vota : [b4d174f8]: [vota]: init: ok
04-06 02:13:41.801 4180 4180 E vota : [b4d174f8]: [vota]: [scheduler]: start ..
04-06 02:13:41.801 4180 4180 E vota : [b4d174f8]: [vota]: [coroutine]: init 0x7cb374a158
04-06 02:13:41.801 4180 4180 E vota : [b4d174f8]: [vota]: [scheduler]: start ok
04-06 02:13:41.801 4180 4180 E vota : [b4d174f8]: [vota]: [scheduler]: switch to coroutine(0x7cb374a158) from coroutine(0x7cb3827ca0)
04-06 02:13:41.801 4180 4180 E vota : [b4d174f8]: [vota]: [coroutine]: entry: 0x7cb374a158 stack: 0x7cb374a1b8 - 0x7cb378a1b8 from coroutine(0x7cb3827ca0)
04-06 02:13:41.801 4180 4180 I hiphi_update_api: Hh_GetVersion calling ......
04-06 02:13:41.801 4180 4180 I hiphi_update_api: get version:01.00.0089.C102
04-06 02:13:41.801 4180 4180 I hiphi_update_api: Hh_GetVersion ret:0
04-06 02:13:41.839 4180 4180 I auditd : type=1400 audit(0.0:549): avc: denied { read append } for comm="hht_ota_mgr" name="NvmSim_yy.dat" dev="dm-10" ino=379 scontext=u:r:hht_ota_mgr:s0 tcontext=u:object_r:system_data_file:s0 tclass=file permissive=0
04-06 02:13:41.839 4180 4180 W hht_ota_mgr: type=1400 audit(0.0:549): avc: denied { read append } for name="NvmSim_yy.dat" dev="dm-10" ino=379 scontext=u:r:hht_ota_mgr:s0 tcontext=u:object_r:system_data_file:s0 tclass=file permissive=0
04-06 02:13:41.844 4180 4180 E vota : [b4d174f8]: [vota]: [scheduler]: finish coroutine(0x7cb374a158)
04-06 02:13:41.844 4180 4180 E vota : [b4d174f8]: [vota]: [scheduler]: switch to original coroutine
04-06 02:13:41.844 4180 4180 E vota : [b4d174f8]: [vota]: [scheduler]: switch to coroutine(0x7cb3827ca0) from coroutine(0x7cb374a158)
04-06 02:13:41.844 4180 4180 E vota : [b4d174f8]: [vota]: [scheduler]: [loop]: ready 0
04-06 02:13:41.844 4180 4180 E vota : [b4d174f8]: [vota]: [coroutine]: exit: 0x7cb374a158
04-06 02:13:41.844 4180 4180 E vota : [b4d174f8]: [vota]: [lock_profiler]:
04-06 02:13:41.844 4180 4180 E vota : [b4d174f8]: [vota]: [lock_profiler]: lock: 0xb400007a49c407f4, name: native_large_allocator, occupied: 0
04-06 02:13:41.844 4180 4180 E vota : [b4d174f8]: [vota]: [lock_profiler]: lock: 0xb400007a59c4150c, name: allocator, occupied: 0
04-06 02:13:41.844 4180 4180 E vota : [b4d174f8]: [vota]: [small_allocator]:
04-06 02:13:41.844 4180 4180 E vota : [b4d174f8]: [vota]: [static_fixed_pool]: [16]: peak_size: 288, wast_rate: 4074/10000, pred_failed: 0, item_maxn: 245, free_count: 18, malloc_count: 18
04-06 02:13:41.844 4180 4180 E vota : [b4d174f8]: [vota]: [static_fixed_pool]: [96]: peak_size: 2208, wast_rate: 1028/10000, pred_failed: 0, item_maxn: 248, free_count: 23, malloc_count: 23
04-06 02:13:41.844 4180 4180 E vota : [b4d174f8]: [vota]: [static_fixed_pool]: [128]: peak_size: 9216, wast_rate: 791/10000, pred_failed: 0, item_maxn: 249, free_count: 72, malloc_count: 72
04-06 02:13:41.844 4180 4180 E vota : [b4d174f8]: [vota]: [static_fixed_pool]: [192]: peak_size: 2112, wast_rate: 541/10000, pred_failed: 0, item_maxn: 250, free_count: 11, malloc_count: 11
04-06 02:13:41.844 4180 4180 E vota : [b4d174f8]: [vota]: [static_fixed_pool]: [256]: peak_size: 256, wast_rate: 411/10000, pred_failed: 0, item_maxn: 251, free_count: 1, malloc_count: 1
04-06 02:13:41.844 4180 4180 E vota : [b4d174f8]: [vota]: [static_fixed_pool]: [384]: peak_size: 5376, wast_rate: 278/10000, pred_failed: 0, item_maxn: 252, free_count: 14, malloc_count: 14
04-06 02:13:41.844 4180 4180 E vota : [b4d174f8]: [vota]: [static_fixed_pool]: [512]: peak_size: 5632, wast_rate: 210/10000, pred_failed: 0, item_maxn: 253, free_count: 11, malloc_count: 11
04-06 02:13:41.844 4180 4180 E vota : [b4d174f8]: [vota]: [static_fixed_pool]: [1024]: peak_size: 2048, wast_rate: 106/10000, pred_failed: 0, item_maxn: 254, free_count: 2, malloc_count: 2
04-06 02:13:41.844 4180 4180 E vota : [b4d174f8]: [vota]: [native_large_allocator]:
04-06 02:13:41.844 4180 4180 E vota : [b4d174f8]: [vota]: [native_large_allocator]: peak_size: 3373986
04-06 02:13:41.844 4180 4180 E vota : [b4d174f8]: [vota]: [native_large_allocator]: wast_rate: 4/10000
04-06 02:13:41.844 4180 4180 E vota : [b4d174f8]: [vota]: [native_large_allocator]: free_count: 52
04-06 02:13:41.844 4180 4180 E vota : [b4d174f8]: [vota]: [native_large_allocator]: malloc_count: 52
04-06 02:13:41.844 4180 4180 E vota : [b4d174f8]: [vota]: [native_large_allocator]: ralloc_count: 0
04-06 02:13:41.844 4180 4180 E vota : [b4d174f8]: [vota]: exit: ok
01-01 08:16:20.795 0 0 I init : Service 'hht_ota_mgr_service' (pid 4180) exited with status 0
01-01 08:16:20.795 0 0 I init : Sending signal 9 to service 'hht_ota_mgr_service' (pid 4180) process group...
01-01 08:16:20.795 0 0 I libprocessgroup: Successfully killed process cgroup uid 0 pid 4180 in 0ms
04-06 02:13:42.147 2728 2728 W hpplay-java: [main]:IPManager:getActiveNets invalid networkInfo:null
04-06 02:13:42.147 2728 2728 I hpplay-java: [main]:IPManager:getActiveNets eth0:false wifi:false mobile:false ap:false
04-06 02:13:42.147 2728 2728 I hpplay-java: [main]:ServerTaskManager:get local ip:null
04-06 02:13:42.393 1251 1359 E tlogd : [TzLogger](isPathReadable) file /sys/kernel/debug/tzdbg/qsee_log isn't exist or no permission, err: No such file or directory
04-06 02:13:42.393 1251 1359 E tlogd : [TzLogger](saveTzlogAsync) /sys/kernel/debug/tzdbg/qsee_log can not read.
04-06 02:13:42.393 1251 1359 E tlogd : [TzLogger](isPathReadable) file /sys/kernel/debug/tzdbg/log isn't exist or no permission, err: No such file or directory
04-06 02:13:42.393 1251 1359 E tlogd : [TzLogger](saveTzlogAsync) /sys/kernel/debug/tzdbg/log can not read.
04-06 02:13:42.424 647 662 I mpu_uart: [MSG-P:RECV]:No message received in 1000 ms
04-06 02:13:42.535 647 661 I mpu_uart: [MSG-P:R]:recv sync frame timeout
04-06 02:13:43.149 2728 2728 W hpplay-java: [main]:IPManager:getActiveNets invalid networkInfo:null
04-06 02:13:43.150 2728 2728 I hpplay-java: [main]:IPManager:getActiveNets eth0:false wifi:false mobile:false ap:false
04-06 02:13:43.150 2728 2728 I hpplay-java: [main]:ServerTaskManager:get local ip:null
04-06 02:13:43.424 647 662 I mpu_uart: [MSG-P:RECV]:No message received in 1000 ms
01-01 08:16:22.405 0 0 E DTC_ETH,link_delay_work_func: 3003, SQI=0, link=0
04-06 02:13:44.152 2728 2728 W hpplay-java: [main]:IPManager:getActiveNets invalid networkInfo:null
04-06 02:13:44.152 2728 2728 I hpplay-java: [main]:IPManager:getActiveNets eth0:false wifi:false mobile:false ap:false
04-06 02:13:44.152 2728 2728 I hpplay-java: [main]:ServerTaskManager:get local ip:null
04-06 02:13:44.246 1178 1178 I CNSS : cnss_open_log_file: create directory /data/vendor/wifi/wlan_logs/ ret = -1 errno= 17
04-06 02:13:44.243 1178 1178 I auditd : type=1400 audit(0.0:550): avc: denied { getattr } for comm="cnss_diag" path="/data/vendor/wifi/wlan_logs" dev="dm-10" ino=373 scontext=u:r:vendor_wcnss_service:s0 tcontext=u:object_r:vendor_wifi_vendor_log_data_file:s0 tclass=dir permissive=0
04-06 02:13:44.243 1178 1178 W cnss_diag: type=1400 audit(0.0:550): avc: denied { getattr } for path="/data/vendor/wifi/wlan_logs" dev="dm-10" ino=373 scontext=u:r:vendor_wcnss_service:s0 tcontext=u:object_r:vendor_wifi_vendor_log_data_file:s0 tclass=dir permissive=0
04-06 02:13:44.246 1178 1178 I CNSS : Failed to open file /data/vendor/wifi/wlan_logs/cnss_fw_logs_current.txt: 13
04-06 02:13:44.243 1178 1178 I auditd : type=1400 audit(0.0:551): avc: denied { read } for comm="cnss_diag" name="wlan_logs" dev="dm-10" ino=373 scontext=u:r:vendor_wcnss_service:s0 tcontext=u:object_r:vendor_wifi_vendor_log_data_file:s0 tclass=dir permissive=0
04-06 02:13:44.243 1178 1178 W cnss_diag: type=1400 audit(0.0:551): avc: denied { read } for name="wlan_logs" dev="dm-10" ino=373 scontext=u:r:vendor_wcnss_service:s0 tcontext=u:object_r:vendor_wifi_vendor_log_data_file:s0 tclass=dir permissive=0
04-06 02:13:44.243 1178 1178 I auditd : type=1400 audit(0.0:552): avc: denied { search } for comm="cnss_diag" name="wlan_logs" dev="dm-10" ino=373 scontext=u:r:vendor_wcnss_service:s0 tcontext=u:object_r:vendor_wifi_vendor_log_data_file:s0 tclass=dir permissive=0
04-06 02:13:44.243 1178 1178 W cnss_diag: type=1400 audit(0.0:552): avc: denied { search } for name="wlan_logs" dev="dm-10" ino=373 scontext=u:r:vendor_wcnss_service:s0 tcontext=u:object_r:vendor_wifi_vendor_log_data_file:s0 tclass=dir permissive=0
04-06 02:13:44.424 647 662 I mpu_uart: [MSG-P:RECV]:No message received in 1000 ms
04-06 02:13:45.154 2728 2728 W hpplay-java: [main]:IPManager:getActiveNets invalid networkInfo:null
04-06 02:13:45.154 2728 2728 I hpplay-java: [main]:IPManager:getActiveNets eth0:false wifi:false mobile:false ap:false
04-06 02:13:45.154 2728 2728 I hpplay-java: [main]:ServerTaskManager:get local ip:null
04-06 02:13:45.425 647 662 I mpu_uart: [MSG-P:RECV]:No message received in 1000 ms
04-06 02:13:45.538 647 661 I mpu_uart: [MSG-P:R]:recv sync frame timeout
04-06 02:13:45.973 2354 2354 D RemoteControlService: startVlanDispatchThread
04-06 02:13:46.156 2728 2728 W hpplay-java: [main]:IPManager:getActiveNets invalid networkInfo:null
04-06 02:13:46.156 2728 2728 I hpplay-java: [main]:IPManager:getActiveNets eth0:false wifi:false mobile:false ap:false
04-06 02:13:46.156 2728 2728 I hpplay-java: [main]:ServerTaskManager:get local ip:null
04-06 02:13:46.425 647 662 I mpu_uart: [MSG-P:RECV]:No message received in 1000 ms
01-01 08:16:25.717 0 0 I init : starting service 'hht_ota_mgr_service'...
04-06 02:13:46.809 4181 4181 E vota : [6db924f8]: [vota]: init: ..
04-06 02:13:46.809 4181 4181 E vota : [6db924f8]: [vota]: [warning]: the java machine be not inited, please pass it to the tb_init function! at tb_android_init_env(): 43, src/vota/platform/android/android.c
04-06 02:13:46.810 4181 4181 E vota : [6db924f8]: [vota]: version: tbox_v1_6_7_202302251411_arm64-v8a_elf by Android (8481493, based on r416183c2) Clang 12.0.9 (https://android.googlesource.com/toolchain/llvm-project c935d99d7cf2016289302412d708641d52d2f7ee)
04-06 02:13:46.810 4181 4181 E vota : [6db924f8]: [vota]: init: ok
04-06 02:13:46.810 4181 4181 E vota : [6db924f8]: [vota]: [scheduler]: start ..
04-06 02:13:46.810 4181 4181 E vota : [6db924f8]: [vota]: [coroutine]: init 0x726c5ca158
04-06 02:13:46.810 4181 4181 E vota : [6db924f8]: [vota]: [scheduler]: start ok
04-06 02:13:46.810 4181 4181 E vota : [6db924f8]: [vota]: [scheduler]: switch to coroutine(0x726c5ca158) from coroutine(0x726c6a2ca0)
04-06 02:13:46.810 4181 4181 E vota : [6db924f8]: [vota]: [coroutine]: entry: 0x726c5ca158 stack: 0x726c5ca1b8 - 0x726c60a1b8 from coroutine(0x726c6a2ca0)
04-06 02:13:46.810 4181 4181 I hiphi_update_api: Hh_GetVersion calling ......
04-06 02:13:46.810 4181 4181 I hiphi_update_api: get version:01.00.0089.C102
04-06 02:13:46.810 4181 4181 I hiphi_update_api: Hh_GetVersion ret:0
04-06 02:13:46.847 4181 4181 I auditd : type=1400 audit(0.0:553): avc: denied { read append } for comm="hht_ota_mgr" name="NvmSim_yy.dat" dev="dm-10" ino=379 scontext=u:r:hht_ota_mgr:s0 tcontext=u:object_r:system_data_file:s0 tclass=file permissive=0
04-06 02:13:46.847 4181 4181 W hht_ota_mgr: type=1400 audit(0.0:553): avc: denied { read append } for name="NvmSim_yy.dat" dev="dm-10" ino=379 scontext=u:r:hht_ota_mgr:s0 tcontext=u:object_r:system_data_file:s0 tclass=file permissive=0
04-06 02:13:46.852 4181 4181 E vota : [6db924f8]: [vota]: [scheduler]: finish coroutine(0x726c5ca158)
04-06 02:13:46.852 4181 4181 E vota : [6db924f8]: [vota]: [scheduler]: switch to original coroutine
04-06 02:13:46.852 4181 4181 E vota : [6db924f8]: [vota]: [scheduler]: switch to coroutine(0x726c6a2ca0) from coroutine(0x726c5ca158)
04-06 02:13:46.852 4181 4181 E vota : [6db924f8]: [vota]: [scheduler]: [loop]: ready 0
04-06 02:13:46.852 4181 4181 E vota : [6db924f8]: [vota]: [coroutine]: exit: 0x726c5ca158
04-06 02:13:46.852 4181 4181 E vota : [6db924f8]: [vota]: [lock_profiler]:
04-06 02:13:46.852 4181 4181 E vota : [6db924f8]: [vota]: [lock_profiler]: lock: 0xb40000701070fe8c, name: allocator, occupied: 0
04-06 02:13:46.852 4181 4181 E vota : [6db924f8]: [vota]: [lock_profiler]: lock: 0xb400007000711254, name: native_large_allocator, occupied: 0
04-06 02:13:46.852 4181 4181 E vota : [6db924f8]: [vota]: [small_allocator]:
04-06 02:13:46.852 4181 4181 E vota : [6db924f8]: [vota]: [static_fixed_pool]: [16]: peak_size: 288, wast_rate: 4074/10000, pred_failed: 0, item_maxn: 245, free_count: 18, malloc_count: 18
04-06 02:13:46.852 4181 4181 E vota : [6db924f8]: [vota]: [static_fixed_pool]: [96]: peak_size: 2208, wast_rate: 1028/10000, pred_failed: 0, item_maxn: 248, free_count: 23, malloc_count: 23
04-06 02:13:46.852 4181 4181 E vota : [6db924f8]: [vota]: [static_fixed_pool]: [128]: peak_size: 9216, wast_rate: 791/10000, pred_failed: 0, item_maxn: 249, free_count: 72, malloc_count: 72
04-06 02:13:46.852 4181 4181 E vota : [6db924f8]: [vota]: [static_fixed_pool]: [192]: peak_size: 2112, wast_rate: 541/10000, pred_failed: 0, item_maxn: 250, free_count: 11, malloc_count: 11
04-06 02:13:46.852 4181 4181 E vota : [6db924f8]: [vota]: [static_fixed_pool]: [256]: peak_size: 256, wast_rate: 411/10000, pred_failed: 0, item_maxn: 251, free_count: 1, malloc_count: 1
04-06 02:13:46.852 4181 4181 E vota : [6db924f8]: [vota]: [static_fixed_pool]: [384]: peak_size: 5376, wast_rate: 278/10000, pred_failed: 0, item_maxn: 252, free_count: 14, malloc_count: 14
