04-06 02:10:06.709 1511 1511 V BiometricScheduler/Fingerprint21: Not idle, current operation: {[0] FingerprintUpdateActiveUserClient, proto=1, owner=android, cookie=0, requestId=-1, userId=0}, State: 2
04-06 02:10:06.709 1511 1511 D BiometricScheduler/Fingerprint21: [Added] {[2] FingerprintInternalCleanupClient, proto=7, owner=android, cookie=0, requestId=-1, userId=0}, new queue size: 2
04-06 02:10:06.709 1511 1511 V BiometricScheduler/Fingerprint21: Not idle, current operation: {[0] FingerprintUpdateActiveUserClient, proto=1, owner=android, cookie=0, requestId=-1, userId=0}, State: 2
04-06 02:10:06.709 1511 1511 W Looper : Slow delivery took 375ms main h=android.os.Handler c=com.android.server.biometrics.sensors.fingerprint.hidl.Fingerprint21$$ExternalSyntheticLambda12@8011bee m=0
01-01 08:12:45.658 0 0 W QSEECOM : __qseecom_unload_app: App (7) is unloaded
01-01 08:12:45.658 0 0 D qbt : qbt_release: entry minor_no=0 fd_available=0
01-01 08:12:45.658 0 0 D qbt : qbt_release: Releasing wakelock
01-01 08:12:45.658 0 0 D qbt : qbt_release: exit : fd_available=1
01-01 08:12:45.658 0 0 D qbt : qbt_release: entry minor_no=1 fd_available=1
01-01 08:12:45.658 0 0 D qbt : qbt_release: exit : fd_available=1
04-06 02:10:06.716 1511 1511 I NotificationHistory: Attempted to unlock gone/disabled user 0
04-06 02:10:06.717 1511 1511 V NotificationAssistants: disabling notification assistant for user 0: ComponentInfo{android.ext.services/android.ext.services.notification.Assistant}
04-06 02:10:06.717 1511 1511 D NotificationListeners: Removing active service ComponentInfo{android.ext.services/android.ext.services.notification.Assistant}
04-06 02:10:06.718 1511 1511 V NotificationAssistants: enabling notification assistant for 0: ComponentInfo{android.ext.services/android.ext.services.notification.Assistant}
04-06 02:10:06.718 1511 1511 V NotificationAssistants: binding: Intent { act=android.service.notification.NotificationAssistantService cmp=android.ext.services/.notification.Assistant (has extras) }
04-06 02:10:06.719 1511 1511 D CompatibilityChangeReporter: Compat change id reported: 168419799; UID 10098; state: DISABLED
01-01 08:12:45.670 0 0 I binder : 2882:2971 ioctl 40046210 705f403944 returned -22
04-06 02:10:06.728 1511 1724 I GameModeConfig: isGameModeOn = false
04-06 02:10:06.728 1511 1724 I GameModeConfig: isGameModeOn = false
04-06 02:10:06.728 1511 1724 I GameModeConfig: isGameModeOn = false
04-06 02:10:06.728 1511 1724 I GameModeConfig: isGameModeOn = false
04-06 02:10:06.741 1511 1930 I SyncManager: Loaded persisted syncs: 0 periodic syncs, 0 oneshot syncs, 16 total system server jobs, JobStats: FirstLoad: 6/5/0 LastSave: -1/-1/-1
01-01 08:12:45.689 0 0 I zram0 : detected capacity change from 0 to 4294967296
04-06 02:10:06.744 1511 1511 I sysui_multi_action: [757,1501,758,1,793,449,794,0,795,449,796,26,806,android,857,DEVELOPER_IMPORTANT,858,4,947,0,1500,0]
04-06 02:10:06.744 1511 1511 I sysui_multi_action: [757,804,799,note_interruptive,801,0,802,1]
04-06 02:10:06.744 1511 1511 I GameModeConfig: isGameModeOn = false
04-06 02:10:06.745 1511 1511 W NotificationHistory: Attempted to add notif for locked/gone/disabled user 0
04-06 02:10:06.745 1511 2796 I StorageUserConnection: Service: [ComponentInfo{com.android.providers.media.module/com.android.providers.media.fuse.ExternalStorageServiceImpl}] connected. User [0]
04-06 02:10:06.746 1511 1511 D BiometricScheduler/Fingerprint21: [Finishing] {[0] FingerprintUpdateActiveUserClient, proto=1, owner=android, cookie=0, requestId=-1, userId=0}, success: true
04-06 02:10:06.746 1511 1511 D BiometricScheduler/Fingerprint21: [Polled] {[1] FingerprintUpdateActiveUserClient, proto=1, owner=android, cookie=0, requestId=-1, userId=0}, State: 0
04-06 02:10:06.746 1511 1511 D BiometricScheduler/Fingerprint21: [Starting] {[1] FingerprintUpdateActiveUserClient, proto=1, owner=android, cookie=0, requestId=-1, userId=0}, State: 0
04-06 02:10:06.746 1511 1511 D BiometricScheduler/Fingerprint21: [Started] {[1] FingerprintUpdateActiveUserClient, proto=1, owner=android, cookie=0, requestId=-1, userId=0}
01-01 08:12:45.696 0 0 D qbt : qbt_open: entry minor_no=0 fd_available=1
01-01 08:12:45.696 0 0 D qbt : qbt_open: exit : 0 fd_available=0
01-01 08:12:45.696 0 0 D qbt : qbt_open: entry minor_no=1 fd_available=0
01-01 08:12:45.696 0 0 D qbt : qbt_open: exit : 0 fd_available=0
01-01 08:12:45.696 0 0 D qbt : qbt_ioctl: cmd received 107
01-01 08:12:45.696 0 0 D qbt : qbt_ioctl: Acquiring wakelock
04-06 02:10:06.743 816 816 I auditd : type=1400 audit(0.0:252): avc: denied { read } for comm="Loc_hal_worker" name="u:object_r:vendor_pd_locater_dbg_prop:s0" dev="tmpfs" ino=13073 scontext=u:r:vendor_hal_gnss_qti:s0 tcontext=u:object_r:vendor_pd_locater_dbg_prop:s0 tclass=file permissive=0
01-01 08:12:45.702 0 0 I binder : 2133:2133 ioctl 40046210 7fe5c1a4a4 returned -22
04-06 02:10:06.749 1511 2056 D CompatibilityChangeReporter: Compat change id reported: 168419799; UID 10054; state: DISABLED
04-06 02:10:06.754 1511 1544 D CompatibilityChangeReporter: Compat change id reported: 168419799; UID 1000; state: DISABLED
04-06 02:10:06.756 2212 2212 W ContextImpl: Calling a method in the system process without a qualified user: android.app.ContextImpl.startService:1816 android.content.ContextWrapper.startService:774 android.content.ContextWrapper.startService:774 vendor.qti.qesdk.sysservice.QesdkSysReceiver.onReceive:42 android.app.ActivityThread.handleReceiver:4309
04-06 02:10:06.759 1511 1544 I am_uid_running: 10022
04-06 02:10:06.759 1511 1544 D CompatibilityChangeReporter: Compat change id reported: 135634846; UID 10022; state: DISABLED
04-06 02:10:06.759 1511 1544 D CompatibilityChangeReporter: Compat change id reported: 177438394; UID 10022; state: DISABLED
04-06 02:10:06.759 1511 1544 D CompatibilityChangeReporter: Compat change id reported: 135772972; UID 10022; state: DISABLED
04-06 02:10:06.759 1511 1544 D CompatibilityChangeReporter: Compat change id reported: 135754954; UID 10022; state: ENABLED
04-06 02:10:06.759 1511 1615 D CompatibilityChangeReporter: Compat change id reported: 143937733; UID 10022; state: ENABLED
01-01 08:12:45.712 0 0 W QSEECOM : qseecom_load_app: App (fingerpr) does'nt exist, loading apps for first time
01-01 08:12:45.714 0 0 I : Adding 4194300k swap on /dev/block/zram0. Priority:32758 extents:1 across:4194300k SS
01-01 08:12:45.715 0 0 E msm-dwc3 a600000.ssusb: Could not get usb psy
04-06 02:10:06.768 1511 1615 I am_proc_start: [0,3003,10022,com.android.traceur,broadcast,{com.android.traceur/com.android.traceur.Receiver}]
04-06 02:10:06.768 1511 1615 I ActivityManager: Start proc 3003:com.android.traceur/u0a22 for broadcast {com.android.traceur/com.android.traceur.Receiver}
04-06 02:10:06.768 1511 1544 D TelephonyRegistry: listen oscl: mHasNotifySubscriptionInfoChangedOccurred==false no callback
01-01 08:12:45.729 0 0 I binder : 3003:3003 ioctl 40046210 7fe5c1ab14 returned -22
04-06 02:10:06.786 1511 1544 I am_proc_bound: [0,3003,com.android.traceur]
04-06 02:10:06.788 1511 1544 D CompatibilityChangeReporter: Compat change id reported: 168419799; UID 10022; state: DISABLED
04-06 02:10:06.790 1511 1544 I am_uid_active: 10022
04-06 02:10:06.799 809 809 I auditd : type=1400 audit(0.0:253): avc: denied { read write } for comm="bluetooth@1.0-s" name="diag" dev="tmpfs" ino=2145 scontext=u:r:hal_bluetooth_default:s0 tcontext=u:object_r:vendor_diag_device:s0 tclass=chr_file permissive=0
01-01 08:12:45.754 0 0 E bt_ioctl: BT_CMD_PWR_CTRL pwr_cntrl:2
01-01 08:12:45.754 0 0 E bt_vreg_unvote: vreg_unvote successful for : qca,bt-vdd-rfa2
01-01 08:12:45.754 0 0 E bt_vreg_unvote: vreg_unvote successful for : qca,bt-vdd-rfa1
01-01 08:12:45.754 0 0 E bt_vreg_unvote: vreg_unvote successful for : qca,bt-vdd-dig
01-01 08:12:45.754 0 0 E bt_vreg_unvote: vreg_unvote successful for : qca,bt-vdd-aon
04-06 02:10:06.835 3037 3037 I auditd : type=1400 audit(0.0:254): avc: denied { read } for comm="ip" name="rt_tables" dev="dm-10" ino=344 scontext=u:r:ethernet:s0 tcontext=u:object_r:net_data_file:s0 tclass=file permissive=0
04-06 02:10:06.847 3039 3039 I auditd : type=1400 audit(0.0:255): avc: denied { read } for comm="ip" name="rt_tables" dev="dm-10" ino=344 scontext=u:r:ethernet:s0 tcontext=u:object_r:net_data_file:s0 tclass=file permissive=0
04-06 02:10:06.868 1511 1606 D BluetoothManagerService: MESSAGE_BLUETOOTH_STATE_CHANGE: BLE_TURNING_ON > BLE_ON
04-06 02:10:06.868 1511 1606 D BluetoothManagerService: Bluetooth is in LE only mode
04-06 02:10:06.868 1511 1606 D BluetoothManagerService: Binding Bluetooth GATT service
04-06 02:10:06.869 1511 1724 I GameModeConfig: isGameModeOn = false
04-06 02:10:06.869 1511 1724 I GameModeConfig: isGameModeOn = false
04-06 02:10:06.869 1511 1724 I GameModeConfig: isGameModeOn = false
04-06 02:10:06.869 1511 1724 I GameModeConfig: isGameModeOn = false
04-06 02:10:06.869 1511 1724 I GameModeConfig: isGameModeOn = false
04-06 02:10:06.869 1511 1724 I GameModeConfig: isGameModeOn = false
04-06 02:10:06.870 1511 1606 D BluetoothManagerService: Sending BLE State Change: BLE_TURNING_ON > BLE_ON
01-01 08:12:45.817 0 0 W QSEECOM : qseecom_load_app: App with id 8 (fingerpr) now loaded
01-01 08:12:45.824 0 0 E msm-dwc3 a600000.ssusb: Could not get usb psy
01-01 08:12:45.824 0 0 I android_work: did not send uevent (0 0 0000000000000000)
04-06 02:10:06.885 1511 2056 D CompatibilityChangeReporter: Compat change id reported: 168419799; UID 10067; state: DISABLED
04-06 02:10:06.888 2390 2390 E AndroidRuntime: FATAL EXCEPTION: main
04-06 02:10:06.888 2390 2390 E AndroidRuntime: Process: com.qualcomm.qti.devicestatisticsservice, PID: 2390
04-06 02:10:06.888 2390 2390 E AndroidRuntime: java.lang.NoClassDefFoundError: Failed resolution of: Landroid/hidl/manager/V1_0/IServiceNotification$Stub;
04-06 02:10:06.888 2390 2390 E AndroidRuntime: at com.qualcomm.qti.devicestatisticsservice.DeviceStatisticsService.onStartCommand(DeviceStatisticsService.java:83)
04-06 02:10:06.888 2390 2390 E AndroidRuntime: at android.app.ActivityThread.handleServiceArgs(ActivityThread.java:4640)
04-06 02:10:06.888 2390 2390 E AndroidRuntime: at android.app.ActivityThread.access$2000(ActivityThread.java:248)
04-06 02:10:06.888 2390 2390 E AndroidRuntime: at android.app.ActivityThread$H.handleMessage(ActivityThread.java:2092)
04-06 02:10:06.888 2390 2390 E AndroidRuntime: at android.os.Handler.dispatchMessage(Handler.java:106)
04-06 02:10:06.888 2390 2390 E AndroidRuntime: at android.os.Looper.loopOnce(Looper.java:201)
04-06 02:10:06.888 2390 2390 E AndroidRuntime: at android.os.Looper.loop(Looper.java:288)
04-06 02:10:06.888 2390 2390 E AndroidRuntime: at android.app.ActivityThread.main(ActivityThread.java:7880)
04-06 02:10:06.888 2390 2390 E AndroidRuntime: at java.lang.reflect.Method.invoke(Native Method)
04-06 02:10:06.888 2390 2390 E AndroidRuntime: at com.android.internal.os.RuntimeInit$MethodAndArgsCaller.run(RuntimeInit.java:548)
04-06 02:10:06.888 2390 2390 E AndroidRuntime: at com.android.internal.os.ZygoteInit.main(ZygoteInit.java:1009)
04-06 02:10:06.888 2390 2390 E AndroidRuntime: Caused by: java.lang.ClassNotFoundException: android.hidl.manager.V1_0.IServiceNotification$Stub
04-06 02:10:06.888 2390 2390 E AndroidRuntime: ... 11 more
04-06 02:10:06.889 1511 2523 I am_crash: [2390,0,com.qualcomm.qti.devicestatisticsservice,814235213,java.lang.ClassNotFoundException,android.hidl.manager.V1_0.IServiceNotification$Stub,DeviceStatisticsService.java,83]
04-06 02:10:06.891 1511 2523 I sysui_multi_action: [757,316,758,4,759,-1]
04-06 02:10:06.892 1511 3051 I DropBoxManagerService: add tag=system_app_crash isTagEnabled=true flags=0x2
04-06 02:10:06.912 1511 2056 I ActivityManager: Process com.qualcomm.qti.devicestatisticsservice (pid 2390) has died: pers PER
04-06 02:10:06.912 1511 2056 I am_proc_died: [0,2390,com.qualcomm.qti.devicestatisticsservice,-800,0]
04-06 02:10:06.913 1511 2056 W ActivityManager: Scheduling restart of crashed service com.qualcomm.qti.devicestatisticsservice/.DeviceStatisticsService in 0ms for persistent
04-06 02:10:06.913 1511 2056 I am_schedule_service_restart: [0,com.qualcomm.qti.devicestatisticsservice/.DeviceStatisticsService,0]
04-06 02:10:06.913 1511 2056 I am_uid_stopped: 10067
04-06 02:10:06.913 1511 2056 W ActivityManager: Re-adding persistent process ProcessRecord{eb968ec 2390:com.qualcomm.qti.devicestatisticsservice/u0a67}
04-06 02:10:06.913 1511 2056 I am_uid_running: 10067
04-06 02:10:06.914 1511 2056 D CompatibilityChangeReporter: Compat change id reported: 135634846; UID 10067; state: DISABLED
04-06 02:10:06.914 1511 2056 D CompatibilityChangeReporter: Compat change id reported: 177438394; UID 10067; state: DISABLED
04-06 02:10:06.914 1511 2056 D CompatibilityChangeReporter: Compat change id reported: 135772972; UID 10067; state: DISABLED
04-06 02:10:06.915 1511 2056 D CompatibilityChangeReporter: Compat change id reported: 135754954; UID 10067; state: ENABLED
04-06 02:10:06.915 1511 1615 D CompatibilityChangeReporter: Compat change id reported: 143937733; UID 10067; state: ENABLED
04-06 02:10:06.915 1511 2056 I am_uid_active: 10067
04-06 02:10:06.922 1511 1615 I am_proc_start: [0,3054,10067,com.qualcomm.qti.devicestatisticsservice,restart,com.qualcomm.qti.devicestatisticsservice]
04-06 02:10:06.922 1511 1615 I ActivityManager: Start proc 3054:com.qualcomm.qti.devicestatisticsservice/u0a67 for restart com.qualcomm.qti.devicestatisticsservice
01-01 08:12:45.885 0 0 I binder : 3054:3054 ioctl 40046210 7fe5c1ab14 returned -22
04-06 02:10:06.945 1511 2056 I am_proc_bound: [0,3054,com.qualcomm.qti.devicestatisticsservice]
01-01 08:12:45.916 0 0 I android_work: sent uevent USB_STATE=CONNECTED
01-01 08:12:45.921 0 0 E msm-dwc3 a600000.ssusb: Could not get usb psy
01-01 08:12:45.921 0 0 I android_work: sent uevent USB_STATE=DISCONNECTED
04-06 02:10:06.969 1511 1614 I am_uid_running: 10020
04-06 02:10:06.969 1511 1614 D CompatibilityChangeReporter: Compat change id reported: 135634846; UID 10020; state: DISABLED
04-06 02:10:06.969 1511 1614 D CompatibilityChangeReporter: Compat change id reported: 177438394; UID 10020; state: DISABLED
04-06 02:10:06.969 1511 1614 D CompatibilityChangeReporter: Compat change id reported: 135772972; UID 10020; state: DISABLED
04-06 02:10:06.969 1511 1614 D CompatibilityChangeReporter: Compat change id reported: 135754954; UID 10020; state: ENABLED
04-06 02:10:06.969 1511 1615 D CompatibilityChangeReporter: Compat change id reported: 143937733; UID 10020; state: ENABLED
04-06 02:10:06.976 1511 1615 I am_proc_start: [0,3077,10020,android.process.media,broadcast,{com.android.mtp/com.android.mtp.MtpReceiver}]
04-06 02:10:06.976 1511 1615 I ActivityManager: Start proc 3077:android.process.media/u0a20 for broadcast {com.android.mtp/com.android.mtp.MtpReceiver}
01-01 08:12:45.928 0 0 D cnss : MHI status cb is called with reason MISSION_MODE(6)
01-01 08:12:45.928 0 0 D cnss : Completed event: REGISTER_DRIVER(7), state: 0x10, ret: 0/0
01-01 08:12:45.928 0 0 D cnss : PM relax, state: 0x10, count: 0
01-01 08:12:45.931 0 0 E : [drm:dp_display_init_aux_switch][msm-dp-err][79 ]failed to register notifier (-22)
01-01 08:12:45.931 0 0 E register_client_adhoc: find path.src 1 dest 589
01-01 08:12:45.931 0 0 E register_client_adhoc: Failed to find path.src 1 dest 589
01-01 08:12:45.941 0 0 E swr-wcd rx_swr_ctrl: swrm_get_logical_dev_num: device 0xd01170224 is not ready
01-01 08:12:45.941 0 0 E swr_get_logical_dev_num: Error -22 to get logical addr for device d01170224
01-01 08:12:45.941 0 0 E swr-wcd rx_swr_ctrl: swrm_get_logical_dev_num: device 0xd01170224 is not ready
01-01 08:12:45.941 0 0 E swr_get_logical_dev_num: Error -22 to get logical addr for device d01170224
01-01 08:12:45.941 0 0 E swr-wcd rx_swr_ctrl: swrm_get_logical_dev_num: device 0xd01170224 is not ready
01-01 08:12:45.941 0 0 E swr_get_logical_dev_num: Error -22 to get logical addr for device d01170224
01-01 08:12:45.941 0 0 E swr-wcd rx_swr_ctrl: swrm_get_logical_dev_num: device 0xd01170224 is not ready
01-01 08:12:45.941 0 0 E swr_get_logical_dev_num: Error -22 to get logical addr for device d01170224
01-01 08:12:45.942 0 0 E swr-wcd rx_swr_ctrl: swrm_get_logical_dev_num: device 0xd01170224 is not ready
01-01 08:12:45.942 0 0 E swr_get_logical_dev_num: Error -22 to get logical addr for device d01170224
01-01 08:12:45.942 0 0 E wcd938x_codec wcd938x-codec: wcd938x_bind: Slave bind failed, ret = -517
01-01 08:12:45.942 0 0 E : [drm:dp_display_init_aux_switch][msm-dp-err][79 ]failed to register notifier (-22)
01-01 08:12:45.942 0 0 E register_client_adhoc: find path.src 1 dest 589
01-01 08:12:45.942 0 0 E register_client_adhoc: Failed to find path.src 1 dest 589
01-01 08:12:45.943 0 0 I binder : 3077:3077 ioctl 40046210 7fe5c1ab14 returned -22
04-06 02:10:06.997 1511 2643 I am_proc_bound: [0,3077,android.process.media]
01-01 08:12:45.948 0 0 E swr-wcd rx_swr_ctrl: swrm_get_logical_dev_num: device 0xd01170224 is not ready
01-01 08:12:45.948 0 0 E swr_get_logical_dev_num: Error -22 to get logical addr for device d01170224
04-06 02:10:06.999 1511 2643 D CompatibilityChangeReporter: Compat change id reported: 168419799; UID 10020; state: DISABLED
01-01 08:12:45.948 0 0 E swr-wcd rx_swr_ctrl: swrm_get_logical_dev_num: device 0xd01170224 is not ready
01-01 08:12:45.948 0 0 E swr_get_logical_dev_num: Error -22 to get logical addr for device d01170224
01-01 08:12:45.949 0 0 E swr-wcd rx_swr_ctrl: swrm_get_logical_dev_num: device 0xd01170224 is not ready
01-01 08:12:45.949 0 0 E swr_get_logical_dev_num: Error -22 to get logical addr for device d01170224
01-01 08:12:45.949 0 0 E swr-wcd rx_swr_ctrl: swrm_get_logical_dev_num: device 0xd01170224 is not ready
01-01 08:12:45.949 0 0 E swr_get_logical_dev_num: Error -22 to get logical addr for device d01170224
01-01 08:12:45.949 0 0 E swr-wcd rx_swr_ctrl: swrm_get_logical_dev_num: device 0xd01170224 is not ready
01-01 08:12:45.949 0 0 E swr_get_logical_dev_num: Error -22 to get logical addr for device d01170224
01-01 08:12:45.949 0 0 E wcd938x_codec wcd938x-codec: wcd938x_bind: Slave bind failed, ret = -517
04-06 02:10:07.005 1511 1608 I wm_task_removed: [4,cleanUpResourcesForDestroy]
04-06 02:10:07.006 1511 1608 I wm_task_removed: [1,removeChild:removeChild last r=Task{32f7175 #4 type=home A=1000:com.android.settings.FallbackHome U=0 visible=false mode=fullscreen translucent=true sz=0} in t=Task{53acf40 #1 type=home ?? U=0 visible=true mode=fullscreen translucent=true sz=0}]
04-06 02:10:07.006 1511 1608 I wm_task_removed: [1,removeChild]
04-06 02:10:07.007 1511 1608 I wm_task_removed: [4,removeChild:removeChild last r=ActivityRecord{94a27d8 u0 com.android.settings/.FallbackHome t-1 f}} in t=Task{32f7175 #4 type=home A=1000:com.android.settings.FallbackHome U=0 visible=false mode=fullscreen translucent=true sz=0}]
04-06 02:10:07.007 1511 1608 I wm_task_removed: [4,removeChild]
04-06 02:10:07.008 1511 1608 W ActivityTaskManager: Can't find TaskDisplayArea to determine support for multi window. Task id=1 attached=false
04-06 02:10:07.008 1511 1608 W ActivityTaskManager: Can't find TaskDisplayArea to determine support for multi window. Task id=1 attached=false
04-06 02:10:07.026 1511 1511 W Looper : Slow dispatch took 280ms main h=android.os.Handler c=com.android.server.biometrics.sensors.BiometricScheduler$InternalCallback$$ExternalSyntheticLambda0@f85ccb1 m=0
01-01 08:12:45.975 0 0 W QSEECOM : __qseecom_unload_app: App (8) is unloaded
01-01 08:12:45.975 0 0 D qbt : qbt_release: entry minor_no=0 fd_available=0
01-01 08:12:45.975 0 0 D qbt : qbt_release: Releasing wakelock
01-01 08:12:45.975 0 0 D qbt : qbt_release: exit : fd_available=1
01-01 08:12:45.975 0 0 D qbt : qbt_release: entry minor_no=1 fd_available=1
01-01 08:12:45.975 0 0 D qbt : qbt_release: exit : fd_available=1
04-06 02:10:07.027 1511 1511 V NotificationAssistants: 0 notification assistant service connected: ComponentInfo{android.ext.services/android.ext.services.notification.Assistant}
04-06 02:10:07.029 1511 1511 D BluetoothManagerService: Bluetooth Adapter address changed to F0:74:E4:41:13:02
04-06 02:10:07.030 1511 1511 D BluetoothManagerService: Stored Bluetoothaddress: F0:74:E4:41:13:02
04-06 02:10:07.030 1511 1511 D BluetoothManagerService: Bluetooth Adapter name changed to 高合娱乐副屏 by android
04-06 02:10:07.030 1511 1511 D BluetoothManagerService: Stored Bluetooth name: 高合娱乐副屏
04-06 02:10:07.030 1511 1511 D BluetoothManagerService: Bluetooth Adapter address changed to F0:74:E4:41:13:02
04-06 02:10:07.030 1511 1511 D BluetoothManagerService: Stored Bluetoothaddress: F0:74:E4:41:13:02
04-06 02:10:07.030 1511 1511 D BluetoothManagerService: BluetoothServiceConnection: com.android.bluetooth.gatt.GattService
04-06 02:10:07.030 1511 1511 D CompanionDeviceManagerService: Received BT state transition broadcast: BLE_TURNING_ON -> BLE_ON
04-06 02:10:07.030 1511 1606 D BluetoothManagerService: MESSAGE_BLUETOOTH_SERVICE_CONNECTED: 2
04-06 02:10:07.030 1511 1606 D BluetoothManagerService: continueFromBleOnState()
04-06 02:10:07.031 1511 1511 I CompanionDeviceManagerService: startBleScan()
04-06 02:10:07.033 1511 1511 D BiometricScheduler/Fingerprint21: [Finishing] {[1] FingerprintUpdateActiveUserClient, proto=1, owner=android, cookie=0, requestId=-1, userId=0}, success: true
04-06 02:10:07.033 1511 1511 D BiometricScheduler/Fingerprint21: [Polled] {[2] FingerprintInternalCleanupClient, proto=7, owner=android, cookie=0, requestId=-1, userId=0}, State: 0
04-06 02:10:07.033 1511 1511 D BiometricScheduler/Fingerprint21: [Starting] {[2] FingerprintInternalCleanupClient, proto=7, owner=android, cookie=0, requestId=-1, userId=0}, State: 0
04-06 02:10:07.033 1511 1511 D BiometricScheduler/Fingerprint21: [Started] {[2] FingerprintInternalCleanupClient, proto=7, owner=android, cookie=0, requestId=-1, userId=0}
04-06 02:10:07.033 1511 1511 D Biometrics/InternalCleanupClient: Starting enumerate: {[3] FingerprintInternalEnumerateClient, proto=6, owner=android, cookie=0, requestId=-1, userId=0}
04-06 02:10:07.033 1511 1606 D BluetoothManagerService: Persisting Bluetooth Setting: 1
04-06 02:10:07.034 1511 1511 W Looper : Drained
04-06 02:10:07.035 1511 1606 D BluetoothManagerService: MESSAGE_BLUETOOTH_STATE_CHANGE: BLE_ON > TURNING_ON
04-06 02:10:07.035 1511 1606 D BluetoothManagerService: Sending BLE State Change: BLE_ON > TURNING_ON
01-01 08:12:45.983 0 0 D qbt : qbt_open: entry minor_no=0 fd_available=1
01-01 08:12:45.983 0 0 D qbt : qbt_open: exit : 0 fd_available=0
01-01 08:12:45.983 0 0 D qbt : qbt_open: entry minor_no=1 fd_available=0
01-01 08:12:45.983 0 0 D qbt : qbt_open: exit : 0 fd_available=0
01-01 08:12:45.983 0 0 D qbt : qbt_ioctl: cmd received 107
01-01 08:12:45.983 0 0 D qbt : qbt_ioctl: Acquiring wakelock
04-06 02:10:07.037 1511 1724 I GameModeConfig: isGameModeOn = false
04-06 02:10:07.037 1511 1724 I GameModeConfig: isGameModeOn = false
04-06 02:10:07.037 1511 1724 I GameModeConfig: isGameModeOn = false
04-06 02:10:07.040 1511 1606 D BluetoothManagerService: Sending State Change: OFF > TURNING_ON
04-06 02:10:07.042 1511 2056 D TelephonyRegistry: listen oscl: mHasNotifySubscriptionInfoChangedOccurred==false no callback
01-01 08:12:45.993 0 0 D cnss : WLFW server arriving: node 7 port 1
01-01 08:12:45.993 0 0 D cnss : Posting event: SERVER_ARRIVE(0), state: 0x10 flags: 0x0
01-01 08:12:45.993 0 0 D cnss : PM stay awake, state: 0x10, count: 1
01-01 08:12:45.993 0 0 D cnss : PM relax, state: 0x10, count: 0
01-01 08:12:45.993 0 0 D cnss : PM stay awake, state: 0x10, count: 1
01-01 08:12:45.993 0 0 D cnss : Processing driver event: SERVER_ARRIVE(0), state: 0x10
01-01 08:12:45.993 0 0 I cnss : QMI WLFW service connected, state: 0x11
01-01 08:12:45.993 0 0 D cnss : Sending indication register message, state: 0x11
01-01 08:12:45.996 0 0 D cnss : Sending host capability message, state: 0x11
01-01 08:12:45.996 0 0 D cnss : Number of clients is 2
01-01 08:12:45.996 0 0 D cnss : Assign MSI to user: WAKE, num_vectors: 1, user_base_data: 813, base_vector: 13
01-01 08:12:45.996 0 0 D cnss : WAKE MSI base data is 813
01-01 08:12:45.996 0 0 D cnss : Calibration done is 1
01-01 08:12:45.996 0 0 D cnss : Sending iova starting 0xa0000000 with size 0x10010000
04-06 02:10:07.042 1511 1511 D CompanionDeviceManagerService: Received BT state transition broadcast: BLE_ON -> TURNING_ON
04-06 02:10:07.052 1511 1511 E BootReceiver: Could not open /sys/kernel/tracing/instances/bootreceiver/trace_pipe
04-06 02:10:07.052 1511 1511 E BootReceiver: android.system.ErrnoException: open failed: ENOENT (No such file or directory)
04-06 02:10:07.052 1511 1511 E BootReceiver: at libcore.io.Linux.open(Native Method)
04-06 02:10:07.052 1511 1511 E BootReceiver: at libcore.io.ForwardingOs.open(ForwardingOs.java:567)
04-06 02:10:07.052 1511 1511 E BootReceiver: at libcore.io.BlockGuardOs.open(BlockGuardOs.java:273)
04-06 02:10:07.052 1511 1511 E BootReceiver: at android.system.Os.open(Os.java:501)
04-06 02:10:07.052 1511 1511 E BootReceiver: at com.android.server.BootReceiver.onReceive(BootReceiver.java:167)
04-06 02:10:07.052 1511 1511 E BootReceiver: at android.app.ActivityThread.handleReceiver(ActivityThread.java:4309)
04-06 02:10:07.052 1511 1511 E BootReceiver: at android.app.ActivityThread.access$1600(ActivityThread.java:248)
04-06 02:10:07.052 1511 1511 E BootReceiver: at android.app.ActivityThread$H.handleMessage(ActivityThread.java:2065)
04-06 02:10:07.052 1511 1511 E BootReceiver: at android.os.Handler.dispatchMessage(Handler.java:106)
04-06 02:10:07.052 1511 1511 E BootReceiver: at android.os.Looper.loopOnce(Looper.java:201)
04-06 02:10:07.052 1511 1511 E BootReceiver: at android.os.Looper.loop(Looper.java:288)
04-06 02:10:07.052 1511 1511 E BootReceiver: at com.android.server.SystemServer.run(SystemServer.java:909)
04-06 02:10:07.052 1511 1511 E BootReceiver: at com.android.server.SystemServer.main(SystemServer.java:616)
04-06 02:10:07.052 1511 1511 E BootReceiver: at java.lang.reflect.Method.invoke(Native Method)
04-06 02:10:07.052 1511 1511 E BootReceiver: at com.android.internal.os.RuntimeInit$MethodAndArgsCaller.run(RuntimeInit.java:548)
04-06 02:10:07.052 1511 1511 E BootReceiver: at com.android.internal.os.ZygoteInit.main(ZygoteInit.java:987)
04-06 02:10:07.052 1511 1614 I am_wtf : [0,1511,system_server,-1,BootReceiver,open failed: ENOENT (No such file or directory)]
04-06 02:10:07.053 1511 1614 I DropBoxManagerService: add tag=system_server_wtf isTagEnabled=true flags=0x2
01-01 08:12:45.997 0 0 W QSEECOM : qseecom_load_app: App (fingerpr) does'nt exist, loading apps for first time
01-01 08:12:45.998 0 0 D cnss : PM relax, state: 0x11, count: 0
04-06 02:10:07.072 1511 3120 I DropBoxManagerService: add tag=SYSTEM_BOOT isTagEnabled=true flags=0x2
04-06 02:10:07.074 1511 3120 I BootReceiver: Copying audit failures to DropBox
04-06 02:10:07.067 3122 3122 I auditd : type=1400 audit(0.0:256): avc: denied { read } for comm="ip" name="rt_tables" dev="dm-10" ino=344 scontext=u:r:ethernet:s0 tcontext=u:object_r:net_data_file:s0 tclass=file permissive=0
04-06 02:10:07.075 1511 1724 I GameModeConfig: isGameModeOn = false
04-06 02:10:07.075 1511 1724 I GameModeConfig: isGameModeOn = false
04-06 02:10:07.076 1511 1724 I GameModeConfig: isGameModeOn = false
04-06 02:10:07.076 1511 3120 I BootReceiver: Checking for fsck errors
04-06 02:10:07.077 1511 3120 I BootReceiver: fs_stat, partition:dsp_a stat:0x3
04-06 02:10:07.078 1511 3120 I BootReceiver: fs_stat, partition:persist stat:0x40b
01-01 08:12:46.027 0 0 I android_work: sent uevent USB_STATE=CONNECTED
04-06 02:10:07.081 1511 3120 I sysui_multi_action: [757,804,799,shutdown_activity_manager,801,97,802,1]
04-06 02:10:07.082 1511 3120 I sysui_multi_action: [757,804,799,shutdown_radios,801,1,802,1]
04-06 02:10:07.082 1511 3120 I sysui_multi_action: [757,804,799,shutdown_send_shutdown_broadcast,801,141,802,1]
04-06 02:10:07.083 1511 3120 I sysui_multi_action: [757,804,799,shutdown_system_server,801,246,802,1]
04-06 02:10:07.083 1511 3120 I sysui_multi_action: [757,804,799,shutdown_package_manager,801,5,802,1]
04-06 02:10:07.087 3125 3125 I auditd : type=1400 audit(0.0:257): avc: denied { read } for comm="ip" name="rt_tables" dev="dm-10" ino=344 scontext=u:r:ethernet:s0 tcontext=u:object_r:net_data_file:s0 tclass=file permissive=0
04-06 02:10:07.094 1511 3120 I commit_sys_config_file: [log-files,11]
04-06 02:10:07.096 1511 3120 I am_uid_active: 10020
04-06 02:10:07.104 1511 2078 D TelephonyRegistry: listen oscl: mHasNotifySubscriptionInfoChangedOccurred==false no callback
01-01 08:12:46.056 0 0 I binder : 2819:3132 ioctl 40046210 705f2f7604 returned -22
04-06 02:10:07.107 1511 1544 D CompatibilityChangeReporter: Compat change id reported: 135634846; UID 1000; state: DISABLED
04-06 02:10:07.107 1511 1544 D CompatibilityChangeReporter: Compat change id reported: 177438394; UID 1000; state: DISABLED
04-06 02:10:07.107 1511 1544 D CompatibilityChangeReporter: Compat change id reported: 135772972; UID 1000; state: DISABLED
04-06 02:10:07.107 1511 1544 D CompatibilityChangeReporter: Compat change id reported: 135754954; UID 1000; state: ENABLED
04-06 02:10:07.122 1511 1615 I am_proc_start: [0,3140,1000,com.qti.diagservices,broadcast,{com.qti.diagservices/com.qti.diagservices.Diag_OnBoot}]
04-06 02:10:07.122 1511 1615 I ActivityManager: Start proc 3140:com.qti.diagservices/1000 for broadcast {com.qti.diagservices/com.qti.diagservices.Diag_OnBoot}
01-01 08:12:46.072 0 0 W ALERT : changing window size from 20000000 to 16000000 at 11220030619
04-06 02:10:07.131 1511 1724 I GameModeConfig: isGameModeOn = false
04-06 02:10:07.131 1511 1724 I GameModeConfig: isGameModeOn = false
04-06 02:10:07.131 1511 1724 I GameModeConfig: isGameModeOn = false
01-01 08:12:46.083 0 0 I binder : 3140:3140 ioctl 40046210 7fe5c1ab14 returned -22
04-06 02:10:07.135 1933 3147 I liblog : 189
04-06 02:10:07.137 1511 2056 I am_proc_bound: [0,3140,com.qti.diagservices]
01-01 08:12:46.110 0 0 I configfs-gadget gadget: high-speed config #1: b
01-01 08:12:46.110 0 0 E msm-dwc3 a600000.ssusb: Could not get usb psy
01-01 08:12:46.110 0 0 I android_work: sent uevent USB_STATE=CONFIGURED
04-06 02:10:07.166 1511 1511 I Telecom : BluetoothDeviceManager: Got BluetoothHearingAid: android.bluetooth.BluetoothHearingAid@c036723: BMSL.oSC@AAs
01-01 08:12:46.124 0 0 W QSEECOM : qseecom_load_app: App with id 9 (fingerpr) now loaded
04-06 02:10:07.173 1511 1606 D BluetoothManagerService: MESSAGE_BLUETOOTH_STATE_CHANGE: TURNING_ON > ON
04-06 02:10:07.173 1511 1606 D BluetoothManagerService: Broadcasting onBluetoothStateChange(true) to 10 receivers.
04-06 02:10:07.173 1511 1606 D BluetoothManagerService: Creating new ProfileServiceConnections object for profile: 1
04-06 02:10:07.176 1511 1606 W BluetoothManagerService: psc is not null in bindBluetoothProfileService
04-06 02:10:07.176 1511 1606 D BluetoothManagerService: Sending BLE State Change: TURNING_ON > ON
04-06 02:10:07.176 1511 1606 D BluetoothManagerService: Sending State Change: TURNING_ON > ON
04-06 02:10:07.177 1511 1511 D CompanionDeviceManagerService: Received BT state transition broadcast: TURNING_ON -> ON
04-06 02:10:07.178 1511 1511 I CompanionDeviceManagerService: startBleScan()
04-06 02:10:07.179 1511 1544 I am_uid_running: 10026
04-06 02:10:07.179 1511 1544 D CompatibilityChangeReporter: Compat change id reported: 135634846; UID 10026; state: DISABLED
04-06 02:10:07.179 1511 1544 D CompatibilityChangeReporter: Compat change id reported: 177438394; UID 10026; state: DISABLED
04-06 02:10:07.179 1511 1544 D CompatibilityChangeReporter: Compat change id reported: 135772972; UID 10026; state: DISABLED
04-06 02:10:07.179 1511 1544 D CompatibilityChangeReporter: Compat change id reported: 135754954; UID 10026; state: ENABLED
04-06 02:10:07.179 1511 1615 D CompatibilityChangeReporter: Compat change id reported: 143937733; UID 10026; state: ENABLED
04-06 02:10:07.187 1511 1615 I am_proc_start: [0,3185,10026,android.process.acore,content provider,{com.android.providers.contacts/com.android.providers.contacts.ContactsProvider2}]
04-06 02:10:07.187 1511 1615 I ActivityManager: Start proc 3185:android.process.acore/u0a26 for content provider {com.android.providers.contacts/com.android.providers.contacts.ContactsProvider2}
01-01 08:12:46.149 0 0 I binder : 3185:3185 ioctl 40046210 7fe5c1ab14 returned -22
04-06 02:10:07.198 3140 3140 W ContextImpl: Calling a method in the system process without a qualified user: android.app.ContextImpl.startService:1816 android.content.ContextWrapper.startService:774 android.content.ContextWrapper.startService:774 com.qti.diagservices.Diag_OnBoot.onReceive:40 android.app.ActivityThread.handleReceiver:4309
04-06 02:10:07.203 1511 1544 I am_proc_bound: [0,3185,android.process.acore]
04-06 02:10:07.205 1511 1544 D CompatibilityChangeReporter: Compat change id reported: 168419799; UID 10026; state: DISABLED
04-06 02:10:07.206 1511 1544 I am_uid_active: 10026
04-06 02:10:07.203 3140 3140 I auditd : type=1400 audit(0.0:258): avc: denied { read write } for comm="ti.diagservices" name="diag" dev="tmpfs" ino=2145 scontext=u:r:system_app:s0 tcontext=u:object_r:vendor_diag_device:s0 tclass=chr_file permissive=0
04-06 02:10:07.248 1511 1545 D CountryDetector: The first listener is added
04-06 02:10:07.263 3218 3218 I auditd : type=1400 audit(0.0:259): avc: denied { read } for comm="ip" name="rt_tables" dev="dm-10" ino=344 scontext=u:r:ethernet:s0 tcontext=u:object_r:net_data_file:s0 tclass=file permissive=0
04-06 02:10:07.271 1511 1613 I am_meminfo: [954261504,4932558848,12288,310177792,598303744]
04-06 02:10:07.277 1511 1613 I am_pss : [2439,10072,com.thundercomm.gamemode.provider,8114176,5668864,0,95731712,2,5,6]
04-06 02:10:07.283 1511 1613 I am_pss : [2429,10098,android.ext.services,10074112,4947968,0,103321600,2,5,5]
01-01 08:12:46.237 0 0 W audit : audit_lost=1 audit_rate_limit=5 audit_backlog_limit=64
01-01 08:12:46.237 0 0 E audit : rate limit exceeded
04-06 02:10:07.289 1511 1613 I am_pss : [2561,10089,com.qualcomm.qti.qccauthmgr,6761472,4251648,0,95580160,2,5,5]
04-06 02:10:07.296 1511 1613 I am_pss : [2558,10075,com.android.launcher3,18086912,13955072,0,114409472,2,5,6]
04-06 02:10:07.304 1511 1613 I am_pss : [1933,1002,com.android.bluetooth,32116736,26935296,0,138223616,2,0,7]
04-06 02:10:07.310 1511 1511 D Fingerprint21: handleError, client: FingerprintInternalCleanupClient, error: 2, vendorCode: 0
04-06 02:10:07.310 1511 1511 E Fingerprint21: onError for non-error consumer: FingerprintInternalCleanupClient
04-06 02:10:07.310 1511 1613 I am_pss : [2399,1000,com.qualcomm.qti.qdma,11163648,7397376,0,106745856,2,0,6]
01-01 08:12:46.258 0 0 W QSEECOM : __qseecom_unload_app: App (9) is unloaded
01-01 08:12:46.259 0 0 D qbt : qbt_release: entry minor_no=0 fd_available=0
01-01 08:12:46.259 0 0 D qbt : qbt_release: Releasing wakelock
01-01 08:12:46.259 0 0 D qbt : qbt_release: exit : fd_available=1
01-01 08:12:46.259 0 0 D qbt : qbt_release: entry minor_no=1 fd_available=1
01-01 08:12:46.259 0 0 D qbt : qbt_release: exit : fd_available=1
04-06 02:10:07.316 1511 1613 I am_pss : [2375,1000,com.thundercomm.tcservice,8232960,5894144,0,95297536,2,0,5]
04-06 02:10:07.322 1511 1613 I am_pss : [2354,1000,com.thundercomm.remotecontrolservice,9823232,6942720,0,101285888,2,0,5]
04-06 02:10:07.328 1511 1613 I am_pss : [2333,1068,com.android.se,6053888,3895296,0,91308032,2,0,4]
04-06 02:10:07.332 1511 1613 I am_pss : [2267,10086,com.qti.qualcomm.mstatssystemservice,5692416,3596288,0,89686016,2,0,4]
04-06 02:10:07.338 1511 1613 I am_pss : [2140,1000,com.thundercomm.tchttpserver,7682048,5582848,0,92061696,2,0,5]
04-06 02:10:07.343 1511 1613 I am_pss : [2212,1000,vendor.qti.qesdk.sysservice,6073344,3833856,0,91832320,2,0,4]
04-06 02:10:07.348 1511 1613 I am_pss : [2152,1000,com.tc.logclient,6942720,4829184,0,91160576,2,0,4]
04-06 02:10:07.354 1511 1613 I am_pss : [2170,1073,com.android.networkstack.process,10733568,7569408,0,103661568,2,0,5]
04-06 02:10:07.360 1511 1613 I am_pss : [2190,1000,com.thundercomm.tcsetupwizard,7373824,5255168,0,91705344,2,0,5]
04-06 02:10:07.366 1511 1613 I am_pss : [2129,1001,.dataservices,8346624,6033408,0,94646272,2,0,5]
04-06 02:10:07.372 1511 1613 I am_pss : [2133,10054,.qtidataservices,6379520,4210688,0,91865088,2,0,5]
04-06 02:10:07.378 1511 1613 I am_pss : [2111,1000,com.thundercomm.microsettings,26932224,23515136,0,116195328,2,0,6]
04-06 02:10:07.383 1511 1613 I am_pss : [2097,1000,com.thundercomm.microservice,9310208,7045120,0,95571968,2,0,5]
04-06 02:10:07.389 1511 1613 I am_pss : [2054,1000,com.thundercomm.gamemode,8978432,6750208,0,95186944,2,0,4]
04-06 02:10:07.399 1511 1613 I am_pss : [1959,10084,com.android.systemui,176092160,152870912,0,327958528,2,1,10]
04-06 02:10:07.417 1511 1613 I am_pss : [1511,1000,system,197452800,101261312,0,503771136,2,0,16]
04-06 02:10:07.662 1511 1511 D MicroServiceManager: add linkToDeath
04-06 02:10:07.663 1511 1511 D MicroServiceManager: bindMicroService: called already get service
04-06 02:10:07.761 520 520 I vold : Bind mounting /mnt/runtime/default/emulated/0/Android/data on /mnt/user/0/emulated/0/Android/data
04-06 02:10:07.763 520 520 I vold : Bind mounted /mnt/runtime/default/emulated/0/Android/data on /mnt/user/0/emulated/0/Android/data
04-06 02:10:07.763 520 520 I vold : Bind mounting /mnt/runtime/default/emulated/0/Android/obb on /mnt/user/0/emulated/0/Android/obb
04-06 02:10:07.764 520 520 I vold : Bind mounted /mnt/runtime/default/emulated/0/Android/obb on /mnt/user/0/emulated/0/Android/obb
04-06 02:10:07.764 520 520 I vold : Bind mounting /mnt/runtime/write/emulated/0/Android/obb on /mnt/installer/0/emulated/0/Android/obb
04-06 02:10:07.765 520 520 I vold : Bind mounted /mnt/runtime/write/emulated/0/Android/obb on /mnt/installer/0/emulated/0/Android/obb
04-06 02:10:07.765 520 520 I vold : Configuring read_ahead of /mnt/user/0/emulated fuse filesystem to 256kb
04-06 02:10:07.765 520 520 I vold : Writing 256 to /sys/class/bdi/0:89/read_ahead_kb
04-06 02:10:07.765 520 520 I vold : Configuring max_ratio of /mnt/user/0/emulated fuse filesystem to 40
04-06 02:10:07.765 520 520 I vold : Writing 40 to /sys/class/bdi/0:89/max_ratio
04-06 02:10:07.766 1511 1704 I StorageManagerService: Mounted volume VolumeInfo{emulated;0}:
04-06 02:10:07.766 1511 1704 I StorageManagerService: type=EMULATED diskId=null partGuid= mountFlags=PRIMARY|VISIBLE
04-06 02:10:07.766 1511 1704 I StorageManagerService: mountUserId=0 state=MOUNTED
04-06 02:10:07.766 1511 1704 I StorageManagerService: fsType=null fsUuid=null fsLabel=null
04-06 02:10:07.766 1511 1704 I StorageManagerService: path=/storage/emulated internalPath=/data/media
04-06 02:10:07.767 1511 1704 I StorageSessionController: Notifying volume state changed for session with id: emulated;0
04-06 02:10:07.773 1511 1704 I StorageSessionController: Notifying volume state changed for session with id: emulated;0
04-06 02:10:07.776 1511 1704 I StorageSessionController: Notifying volume state changed for session with id: emulated;0
04-06 02:10:07.789 1511 1704 D StorageManagerService: Volume emulated;0 broadcasting checking to UserHandle{0}
04-06 02:10:07.790 1511 1704 D StorageManagerService: Volume emulated;0 broadcasting mounted to UserHandle{0}
04-06 02:10:07.828 1511 1777 D CompatibilityChangeReporter: Compat change id reported: 149924527; UID 10097; state: ENABLED
04-06 02:10:07.828 1511 1777 D CompatibilityChangeReporter: Compat change id reported: 132649864; UID 10097; state: DISABLED
04-06 02:10:07.829 1511 1777 D CompatibilityChangeReporter: Compat change id reported: 182734110; UID 10097; state: DISABLED
04-06 02:10:07.914 1511 2523 D CompatibilityChangeReporter: Compat change id reported: 172100307; UID 10097; state: DISABLED
04-06 02:10:07.911 3335 3335 I auditd : type=1400 audit(0.0:267): avc: denied { read } for comm="ip" name="rt_tables" dev="dm-10" ino=344 scontext=u:r:ethernet:s0 tcontext=u:object_r:net_data_file:s0 tclass=file permissive=0
04-06 02:10:07.927 3336 3336 I auditd : type=1400 audit(0.0:268): avc: denied { read } for comm="ip" name="rt_tables" dev="dm-10" ino=344 scontext=u:r:ethernet:s0 tcontext=u:object_r:net_data_file:s0 tclass=file permissive=0
04-06 02:10:07.927 2817 2817 I auditd : type=1400 audit(0.0:269): avc: denied { write } for comm="sh" name="ip_forward" dev="proc" ino=1888 scontext=u:r:ethernet:s0 tcontext=u:object_r:proc_net:s0 tclass=file permissive=0
04-06 02:10:07.927 2817 2817 I auditd : type=1400 audit(0.0:270): avc: denied { write } for comm="sh" name="ip_default_ttl" dev="proc" ino=26222 scontext=u:r:ethernet:s0 tcontext=u:object_r:proc_net:s0 tclass=file permissive=0
04-06 02:10:07.927 2817 2817 I auditd : type=1400 audit(0.0:271): avc: denied { write } for comm="sh" name="tcp_keepalive_probes" dev="proc" ino=26223 scontext=u:r:ethernet:s0 tcontext=u:object_r:proc_net:s0 tclass=file permissive=0
01-01 08:12:47.320 0 0 W cnss-daemon: DMS thread joined succesfully
01-01 08:12:47.320 0 0 W cnss-daemon: wlfw_stop: Stop done: 0
01-01 08:12:47.320 0 0 W cnss-daemon: wlfw_start: Starting
01-01 08:12:47.321 0 0 W cnss-daemon: wlfw_service_request: Start the pthread: 0x0K
01-01 08:12:47.323 0 0 W cnss-daemon: ro.baseband : [apq]
01-01 08:12:47.323 0 0 W cnss-daemon: Hardware supports external modem
01-01 08:12:47.330 0 0 W cnss-daemon: pm_release_vote: pm_handle is NULL
01-01 08:12:47.330 0 0 W cnss-daemon: pm_release_vote: pm_handle is NULL
01-01 08:12:47.330 0 0 W cnss-daemon: wlfw_build_cal_table: not read /data/vendor/wifi/wlfw_cal_00.bin
01-01 08:12:47.333 0 0 W cnss-daemon: wlfw_build_cal_table: not read /data/vendor/wifi/wlfw_cal_02.bin
01-01 08:12:47.339 0 0 D cnss : Received QMI WLFW request memory indication
01-01 08:12:47.339 0 0 D cnss : FW requests for memory, size: 0x5e0000, type: 1
01-01 08:12:47.339 0 0 D cnss : FW requests for memory, size: 0xd8000, type: 4
01-01 08:12:47.339 0 0 D cnss : Posting event: REQUEST_MEM(2), state: 0x11 flags: 0x0
01-01 08:12:47.339 0 0 D cnss : PM stay awake, state: 0x11, count: 1
01-01 08:12:47.339 0 0 D cnss : PM relax, state: 0x11, count: 0
01-01 08:12:47.339 0 0 D cnss : PM stay awake, state: 0x11, count: 1
01-01 08:12:47.339 0 0 D cnss : Processing driver event: REQUEST_MEM(2), state: 0x11
01-01 08:12:47.339 0 0 D cnss : Sending respond memory message, state: 0x11
01-01 08:12:47.339 0 0 D cnss : Memory for FW, va: 0x0000000000000000, pa: 0x00000000a1000000, size: 0x5e0000, type: 1
01-01 08:12:47.339 0 0 D cnss : Memory for FW, va: 0x0000000000000000, pa: 0x00000000a1600000, size: 0xd8000, type: 4
01-01 08:12:47.343 0 0 D cnss : PM relax, state: 0x11, count: 0
01-01 08:12:47.344 0 0 D cnss : Received QMI WLFW FW memory ready indication
01-01 08:12:47.344 0 0 D cnss : Posting event: FW_MEM_READY(3), state: 0x11 flags: 0x0
01-01 08:12:47.344 0 0 D cnss : PM stay awake, state: 0x11, count: 1
01-01 08:12:47.344 0 0 D cnss : PM relax, state: 0x11, count: 0
01-01 08:12:47.344 0 0 D cnss : PM stay awake, state: 0x11, count: 1
01-01 08:12:47.344 0 0 D cnss : Processing driver event: FW_MEM_READY(3), state: 0x11
01-01 08:12:47.344 0 0 D cnss : Sending target capability message, state: 0x13
01-01 08:12:47.357 0 0 D cnss : Voltage for CPR: 948mV
01-01 08:12:47.357 0 0 D cnss : Update TCS CMD data address 0x000000000b2e5844 with voltage 950mV
01-01 08:12:47.357 0 0 D cnss : Device frequency is 24000000 HZ
01-01 08:12:47.357 0 0 D cnss : Target capability: chip_id: 0x0, chip_family: 0xb, board_id: 0xff, soc_id: 0xffffffff, fw_version: 0x101a0521, fw_build_timestamp: 2021-12-20 07:54, fw_build_id: QC_IMAGE_VERSION_STRING=WLAN.HST.1.0.1.r1-01313-QCAHSTSWPL_SILICONZ-1, otp_version: 0x480020
01-01 08:12:47.357 0 0 D cnss : Sending BDF download message, state: 0x13, type: 4
01-01 08:12:47.357 0 0 D cnss : FW name added with prefix: qca6390/regdb.bin
01-01 08:12:47.357 0 0 W cnss2 b0000000.qcom,cnss-qca6390: Falling back to syfs fallback for: qca6390/regdb.bin
01-01 08:12:47.366 0 0 E DTC_ETH,link_delay_work_func: 3003, SQI=0, link=0
01-01 08:12:47.366 0 0 I ueventd : firmware: loading 'qca6390/regdb.bin' for '/devices/platform/soc/b0000000.qcom,cnss-qca6390/firmware/qca6390!regdb.bin'
01-01 08:12:47.368 0 0 E ueventd : firmware: could not find firmware for qca6390/regdb.bin
01-01 08:12:47.368 0 0 E ueventd : firmware: attempted /etc/firmware/qca6390/regdb.bin, open failed: No such file or directory
01-01 08:12:47.368 0 0 E ueventd : firmware: attempted /odm/firmware/qca6390/regdb.bin, open failed: No such file or directory
01-01 08:12:47.368 0 0 E ueventd : firmware: attempted /vendor/firmware/qca6390/regdb.bin, open failed: No such file or directory
01-01 08:12:47.368 0 0 E ueventd : firmware: attempted /firmware/image/qca6390/regdb.bin, open failed: No such file or directory
01-01 08:12:47.368 0 0 E ueventd : firmware: attempted /vendor/firmware_mnt/image/qca6390/regdb.bin, open failed: No such file or directory
01-01 08:12:47.369 0 0 I ueventd : loading /devices/platform/soc/b0000000.qcom,cnss-qca6390/firmware/qca6390!regdb.bin took 2ms
01-01 08:12:47.369 0 0 E cnss : Failed to load BDF: qca6390/regdb.bin
01-01 08:12:47.369 0 0 D cnss : Sending BDF download message, state: 0x13, type: 1
01-01 08:12:47.369 0 0 D cnss : FW name added with prefix: qca6390/bdwlan.elf
01-01 08:12:47.369 0 0 W cnss2 b0000000.qcom,cnss-qca6390: Falling back to syfs fallback for: qca6390/bdwlan.elf
01-01 08:12:47.376 0 0 D cnss : Downloading BDF: qca6390/bdwlan.elf, size: 57908
01-01 08:12:47.406 0 0 D cnss : Sending M3 information message, state: 0x13
01-01 08:12:47.406 0 0 D cnss : M3 memory, va: 0x0000000000000000, pa: 0x00000000a1800000, size: 0x411bc
01-01 08:12:47.409 0 0 D cnss : PM relax, state: 0x13, count: 0
01-01 08:12:47.409 0 0 D cnss : Received QMI WLFW FW initialization done indication
01-01 08:12:47.409 0 0 D cnss : Posting event: FW_READY(4), state: 0x13 flags: 0x0
01-01 08:12:47.409 0 0 D cnss : PM stay awake, state: 0x13, count: 1
01-01 08:12:47.409 0 0 D cnss : PM relax, state: 0x13, count: 0
01-01 08:12:47.409 0 0 D cnss : PM stay awake, state: 0x13, count: 1
01-01 08:12:47.409 0 0 D cnss : Processing driver event: FW_READY(4), state: 0x13
01-01 08:12:47.409 0 0 D cnss : PCIE Gen speed not setup
04-06 02:10:08.464 1511 1606 I commit_sys_config_file: [jobs,7]
01-01 08:12:47.429 0 0 W : (NULL device *): Falling back to syfs fallback for: wlan/qca_cld/qca6390/WCNSS_qcom_cfg.ini
01-01 08:12:47.445 0 0 I [kworke][0x10f30706][02:10:08.496103] wlan: [329:I:HDD] hdd_pm_qos_add_request: 9360: Set cpu_mask 0f for affine_cores
01-01 08:12:47.445 0 0 I [kworke][0x10f3081d][02:10:08.496118] wlan: [329:I:HDD] hdd_pm_qos_add_request: 9362: Set cpu_mask 0f for affine_cores
01-01 08:12:47.445 0 0 D cnss : Sending ini sync request, state: 0x17, fw_log_mode: 1
01-01 08:12:47.450 0 0 I [kworke][0x10f473dc][02:10:08.500968] wlan: [329:I:HIF] Initializing Runtime PM wakelock &sc->prevent_linkdown_lock
01-01 08:12:47.450 0 0 I [kworke][0x10f47527][02:10:08.500985] wlan: [329:I:HIF] hif_pci_enable_bus: con_mode = 0x0, WLAN_SOC_device_id = 0x1101
01-01 08:12:47.450 0 0 I [kworke][0x10f4763a][02:10:08.500999] wlan: [329:I:HIF] hif_pci_enable_bus: hif_enable_pci done
01-01 08:12:47.450 0 0 I [kworke][0x10f4882a][02:10:08.501238] wlan: [329:I:HIF] *********** QCA6390 *************
01-01 08:12:47.450 0 0 I [kworke][0x10f489e1][02:10:08.501261] wlan: [329:I:HIF] hif_pci_enable_bus: hif_type = 0x12, target_type = 0x17
01-01 08:12:47.450 0 0 I [kworke][0x10f48a94][02:10:08.501271] wlan: [329:I:HIF] hif_register_tbl_attach: HIF_TYPE_QCA6390
01-01 08:12:47.450 0 0 I [kworke][0x10f48b39][02:10:08.501279] wlan: [329:I:HIF] hif_target_register_tbl_attach: TARGET_TYPE_QCA6390
01-01 08:12:47.450 0 0 I [kworke][0x10f48bd6][02:10:08.501287] wlan: [329:I:HIF] hif_pci_enable_bus:Skip tgt_wake up for srng devices
01-01 08:12:47.451 0 0 E [kworke][0x10f4b088][02:10:08.501777] wlan: [329:E:TXRX] hif_print_hal_shadow_register_cfg: num_config 28
01-01 08:12:47.451 0 0 I [kworke][0x10f4b20f][02:10:08.501797] wlan: [329:I:TXRX] hif_print_hal_shadow_register_cfg: i 0, val a3b034
01-01 08:12:47.451 0 0 I [kworke][0x10f4b2a9][02:10:08.501805] wlan: [329:I:TXRX] hif_print_hal_shadow_register_cfg: i 1, val a3b03c
01-01 08:12:47.451 0 0 I [kworke][0x10f4b3f6][02:10:08.501822] wlan: [329:I:TXRX] hif_print_hal_shadow_register_cfg: i 2, val a3b044
01-01 08:12:47.451 0 0 I [kworke][0x10f4b492][02:10:08.501831] wlan: [329:I:TXRX] hif_print_hal_shadow_register_cfg: i 3, val a3b04c
01-01 08:12:47.451 0 0 I [kworke][0x10f4b52d][02:10:08.501839] wlan: [329:I:TXRX] hif_print_hal_shadow_register_cfg: i 4, val a3b054
01-01 08:12:47.451 0 0 I [kworke][0x10f4b5c4][02:10:08.501846] wlan: [329:I:TXRX] hif_print_hal_shadow_register_cfg: i 5, val a3b028
01-01 08:12:47.451 0 0 I [kworke][0x10f4b65a][02:10:08.501854] wlan: [329:I:TXRX] hif_print_hal_shadow_register_cfg: i 6, val a3b020
01-01 08:12:47.451 0 0 I [kworke][0x10f4b6ea][02:10:08.501862] wlan: [329:I:TXRX] hif_print_hal_shadow_register_cfg: i 7, val a3b06c
01-01 08:12:47.451 0 0 I [kworke][0x10f4b77b][02:10:08.501869] wlan: [329:I:TXRX] hif_print_hal_shadow_register_cfg: i 8, val a46000
01-01 08:12:47.451 0 0 I [kworke][0x10f4b80a][02:10:08.501877] wlan: [329:I:TXRX] hif_print_hal_shadow_register_cfg: i 9, val a46008
01-01 08:12:47.451 0 0 I [kworke][0x10f4b89b][02:10:08.501884] wlan: [329:I:TXRX] hif_print_hal_shadow_register_cfg: i 10, val a46010
01-01 08:12:47.451 0 0 I [kworke][0x10f4b92e][02:10:08.501892] wlan: [329:I:TXRX] hif_print_hal_shadow_register_cfg: i 11, val a46018
01-01 08:12:47.451 0 0 I [kworke][0x10f4b9c1][02:10:08.501900] wlan: [329:I:TXRX] hif_print_hal_shadow_register_cfg: i 12, val a46034
01-01 08:12:47.451 0 0 I [kworke][0x10f4ba56][02:10:08.501907] wlan: [329:I:TXRX] hif_print_hal_shadow_register_cfg: i 13, val a370b0
01-01 08:12:47.451 0 0 I [kworke][0x10f4bae7][02:10:08.501915] wlan: [329:I:TXRX] hif_print_hal_shadow_register_cfg: i 14, val a37018
