04-06 02:14:52.403 1251 1359 E tlogd : [TzLogger](saveTzlogAsync) /sys/kernel/debug/tzdbg/log can not read.
04-06 02:14:52.451 647 662 I mpu_uart: [MSG-P:RECV]:No message received in 1000 ms
04-06 02:14:53.266 1178 1178 I CNSS : cnss_open_log_file: create directory /data/vendor/wifi/wlan_logs/ ret = -1 errno= 17
04-06 02:14:53.259 1178 1178 I auditd : type=1400 audit(0.0:636): avc: denied { getattr } for comm="cnss_diag" path="/data/vendor/wifi/wlan_logs" dev="dm-10" ino=373 scontext=u:r:vendor_wcnss_service:s0 tcontext=u:object_r:vendor_wifi_vendor_log_data_file:s0 tclass=dir permissive=0
04-06 02:14:53.259 1178 1178 W cnss_diag: type=1400 audit(0.0:636): avc: denied { getattr } for path="/data/vendor/wifi/wlan_logs" dev="dm-10" ino=373 scontext=u:r:vendor_wcnss_service:s0 tcontext=u:object_r:vendor_wifi_vendor_log_data_file:s0 tclass=dir permissive=0
04-06 02:14:53.266 1178 1178 I CNSS : Failed to open file /data/vendor/wifi/wlan_logs/txrx_pktlog_current.dat: 13
04-06 02:14:53.259 1178 1178 I auditd : type=1400 audit(0.0:637): avc: denied { read } for comm="cnss_diag" name="wlan_logs" dev="dm-10" ino=373 scontext=u:r:vendor_wcnss_service:s0 tcontext=u:object_r:vendor_wifi_vendor_log_data_file:s0 tclass=dir permissive=0
04-06 02:14:53.259 1178 1178 W cnss_diag: type=1400 audit(0.0:637): avc: denied { read } for name="wlan_logs" dev="dm-10" ino=373 scontext=u:r:vendor_wcnss_service:s0 tcontext=u:object_r:vendor_wifi_vendor_log_data_file:s0 tclass=dir permissive=0
04-06 02:14:53.259 1178 1178 I auditd : type=1400 audit(0.0:638): avc: denied { search } for comm="cnss_diag" name="wlan_logs" dev="dm-10" ino=373 scontext=u:r:vendor_wcnss_service:s0 tcontext=u:object_r:vendor_wifi_vendor_log_data_file:s0 tclass=dir permissive=0
04-06 02:14:53.259 1178 1178 W cnss_diag: type=1400 audit(0.0:638): avc: denied { search } for name="wlan_logs" dev="dm-10" ino=373 scontext=u:r:vendor_wcnss_service:s0 tcontext=u:object_r:vendor_wifi_vendor_log_data_file:s0 tclass=dir permissive=0
04-06 02:14:53.309 2728 2728 W hpplay-java: [main]:IPManager:getActiveNets invalid networkInfo:null
04-06 02:14:53.310 2728 2728 I hpplay-java: [main]:IPManager:getActiveNets eth0:false wifi:false mobile:false ap:false
04-06 02:14:53.310 2728 2728 I hpplay-java: [main]:ServerTaskManager:get local ip:null
04-06 02:14:53.452 647 662 I mpu_uart: [MSG-P:RECV]:No message received in 1000 ms
04-06 02:14:54.312 2728 2728 W hpplay-java: [main]:IPManager:getActiveNets invalid networkInfo:null
04-06 02:14:54.312 2728 2728 I hpplay-java: [main]:IPManager:getActiveNets eth0:false wifi:false mobile:false ap:false
04-06 02:14:54.312 2728 2728 I hpplay-java: [main]:ServerTaskManager:get local ip:null
04-06 02:14:54.452 647 662 I mpu_uart: [MSG-P:RECV]:No message received in 1000 ms
04-06 02:14:54.614 647 661 I mpu_uart: [MSG-P:R]:recv sync frame timeout
01-01 08:17:34.084 0 0 E DTC_ETH,link_delay_work_func: 3003, SQI=0, link=0
04-06 02:14:55.314 2728 2728 W hpplay-java: [main]:IPManager:getActiveNets invalid networkInfo:null
04-06 02:14:55.314 2728 2728 I hpplay-java: [main]:IPManager:getActiveNets eth0:false wifi:false mobile:false ap:false
04-06 02:14:55.314 2728 2728 I hpplay-java: [main]:ServerTaskManager:get local ip:null
04-06 02:14:55.453 647 662 I mpu_uart: [MSG-P:RECV]:No message received in 1000 ms
04-06 02:14:56.144 2354 2354 D RemoteControlService: startVlanDispatchThread
04-06 02:14:56.263 1178 1178 I auditd : type=1400 audit(0.0:639): avc: denied { getattr } for comm="cnss_diag" path="/data/vendor/wifi/wlan_logs" dev="dm-10" ino=373 scontext=u:r:vendor_wcnss_service:s0 tcontext=u:object_r:vendor_wifi_vendor_log_data_file:s0 tclass=dir permissive=0
04-06 02:14:56.267 1178 1178 I CNSS : cnss_open_log_file: create directory /data/vendor/wifi/wlan_logs/ ret = -1 errno= 17
04-06 02:14:56.263 1178 1178 W cnss_diag: type=1400 audit(0.0:639): avc: denied { getattr } for path="/data/vendor/wifi/wlan_logs" dev="dm-10" ino=373 scontext=u:r:vendor_wcnss_service:s0 tcontext=u:object_r:vendor_wifi_vendor_log_data_file:s0 tclass=dir permissive=0
04-06 02:14:56.267 1178 1178 I CNSS : failed to open file a+ mode or file size 0 is less than max_file_size 31457280
04-06 02:14:56.267 1178 1178 I CNSS : Failed to open file /data/vendor/wifi/wlan_logs/txrx_pktlog_current.dat: 13
04-06 02:14:56.263 1178 1178 I auditd : type=1400 audit(0.0:640): avc: denied { read } for comm="cnss_diag" name="wlan_logs" dev="dm-10" ino=373 scontext=u:r:vendor_wcnss_service:s0 tcontext=u:object_r:vendor_wifi_vendor_log_data_file:s0 tclass=dir permissive=0
04-06 02:14:56.263 1178 1178 W cnss_diag: type=1400 audit(0.0:640): avc: denied { read } for name="wlan_logs" dev="dm-10" ino=373 scontext=u:r:vendor_wcnss_service:s0 tcontext=u:object_r:vendor_wifi_vendor_log_data_file:s0 tclass=dir permissive=0
04-06 02:14:56.263 1178 1178 I auditd : type=1400 audit(0.0:641): avc: denied { search } for comm="cnss_diag" name="wlan_logs" dev="dm-10" ino=373 scontext=u:r:vendor_wcnss_service:s0 tcontext=u:object_r:vendor_wifi_vendor_log_data_file:s0 tclass=dir permissive=0
04-06 02:14:56.263 1178 1178 W cnss_diag: type=1400 audit(0.0:641): avc: denied { search } for name="wlan_logs" dev="dm-10" ino=373 scontext=u:r:vendor_wcnss_service:s0 tcontext=u:object_r:vendor_wifi_vendor_log_data_file:s0 tclass=dir permissive=0
04-06 02:14:56.315 2728 2728 W hpplay-java: [main]:IPManager:getActiveNets invalid networkInfo:null
04-06 02:14:56.316 2728 2728 I hpplay-java: [main]:IPManager:getActiveNets eth0:false wifi:false mobile:false ap:false
04-06 02:14:56.316 2728 2728 I hpplay-java: [main]:ServerTaskManager:get local ip:null
04-06 02:14:56.453 647 662 I mpu_uart: [MSG-P:RECV]:No message received in 1000 ms
01-01 08:17:35.859 0 0 I init : starting service 'hht_ota_mgr_service'...
04-06 02:14:56.952 4214 4214 E vota : [046c04f8]: [vota]: init: ..
04-06 02:14:56.953 4214 4214 E vota : [046c04f8]: [vota]: [warning]: the java machine be not inited, please pass it to the tb_init function! at tb_android_init_env(): 43, src/vota/platform/android/android.c
04-06 02:14:56.954 4214 4214 E vota : [046c04f8]: [vota]: version: tbox_v1_6_7_202302251411_arm64-v8a_elf by Android (8481493, based on r416183c2) Clang 12.0.9 (https://android.googlesource.com/toolchain/llvm-project c935d99d7cf2016289302412d708641d52d2f7ee)
04-06 02:14:56.954 4214 4214 E vota : [046c04f8]: [vota]: init: ok
04-06 02:14:56.954 4214 4214 E vota : [046c04f8]: [vota]: [scheduler]: start ..
04-06 02:14:56.954 4214 4214 E vota : [046c04f8]: [vota]: [coroutine]: init 0x7603153158
04-06 02:14:56.954 4214 4214 E vota : [046c04f8]: [vota]: [scheduler]: start ok
04-06 02:14:56.954 4214 4214 E vota : [046c04f8]: [vota]: [scheduler]: switch to coroutine(0x7603153158) from coroutine(0x76031d0ca0)
04-06 02:14:56.954 4214 4214 E vota : [046c04f8]: [vota]: [coroutine]: entry: 0x7603153158 stack: 0x76031531b8 - 0x76031931b8 from coroutine(0x76031d0ca0)
04-06 02:14:56.954 4214 4214 I hiphi_update_api: Hh_GetVersion calling ......
04-06 02:14:56.954 4214 4214 I hiphi_update_api: get version:01.00.0089.C102
04-06 02:14:56.954 4214 4214 I hiphi_update_api: Hh_GetVersion ret:0
04-06 02:14:56.995 4214 4214 E vota : [046c04f8]: [vota]: [scheduler]: finish coroutine(0x7603153158)
04-06 02:14:56.995 4214 4214 E vota : [046c04f8]: [vota]: [scheduler]: switch to original coroutine
04-06 02:14:56.995 4214 4214 E vota : [046c04f8]: [vota]: [scheduler]: switch to coroutine(0x76031d0ca0) from coroutine(0x7603153158)
04-06 02:14:56.995 4214 4214 E vota : [046c04f8]: [vota]: [scheduler]: [loop]: ready 0
04-06 02:14:56.995 4214 4214 E vota : [046c04f8]: [vota]: [coroutine]: exit: 0x7603153158
04-06 02:14:56.995 4214 4214 E vota : [046c04f8]: [vota]: [lock_profiler]:
04-06 02:14:56.995 4214 4214 E vota : [046c04f8]: [vota]: [lock_profiler]: lock: 0xb4000073aed568ac, name: allocator, occupied: 0
04-06 02:14:56.995 4214 4214 E vota : [046c04f8]: [vota]: [lock_profiler]: lock: 0xb40000739ed5ce34, name: native_large_allocator, occupied: 0
04-06 02:14:56.995 4214 4214 E vota : [046c04f8]: [vota]: [small_allocator]:
04-06 02:14:56.995 4214 4214 E vota : [046c04f8]: [vota]: [static_fixed_pool]: [16]: peak_size: 288, wast_rate: 4074/10000, pred_failed: 0, item_maxn: 245, free_count: 18, malloc_count: 18
04-06 02:14:56.995 4214 4214 E vota : [046c04f8]: [vota]: [static_fixed_pool]: [96]: peak_size: 2208, wast_rate: 1028/10000, pred_failed: 0, item_maxn: 248, free_count: 23, malloc_count: 23
04-06 02:14:56.991 4214 4214 I auditd : type=1400 audit(0.0:642): avc: denied { read append } for comm="hht_ota_mgr" name="NvmSim_yy.dat" dev="dm-10" ino=379 scontext=u:r:hht_ota_mgr:s0 tcontext=u:object_r:system_data_file:s0 tclass=file permissive=0
04-06 02:14:56.995 4214 4214 E vota : [046c04f8]: [vota]: [static_fixed_pool]: [128]: peak_size: 9216, wast_rate: 791/10000, pred_failed: 0, item_maxn: 249, free_count: 72, malloc_count: 72
04-06 02:14:56.991 4214 4214 W hht_ota_mgr: type=1400 audit(0.0:642): avc: denied { read append } for name="NvmSim_yy.dat" dev="dm-10" ino=379 scontext=u:r:hht_ota_mgr:s0 tcontext=u:object_r:system_data_file:s0 tclass=file permissive=0
04-06 02:14:56.995 4214 4214 E vota : [046c04f8]: [vota]: [static_fixed_pool]: [192]: peak_size: 2112, wast_rate: 541/10000, pred_failed: 0, item_maxn: 250, free_count: 11, malloc_count: 11
04-06 02:14:56.995 4214 4214 E vota : [046c04f8]: [vota]: [static_fixed_pool]: [256]: peak_size: 256, wast_rate: 411/10000, pred_failed: 0, item_maxn: 251, free_count: 1, malloc_count: 1
04-06 02:14:56.995 4214 4214 E vota : [046c04f8]: [vota]: [static_fixed_pool]: [384]: peak_size: 5376, wast_rate: 278/10000, pred_failed: 0, item_maxn: 252, free_count: 14, malloc_count: 14
04-06 02:14:56.995 4214 4214 E vota : [046c04f8]: [vota]: [static_fixed_pool]: [512]: peak_size: 5632, wast_rate: 210/10000, pred_failed: 0, item_maxn: 253, free_count: 11, malloc_count: 11
04-06 02:14:56.995 4214 4214 E vota : [046c04f8]: [vota]: [static_fixed_pool]: [1024]: peak_size: 2048, wast_rate: 106/10000, pred_failed: 0, item_maxn: 254, free_count: 2, malloc_count: 2
04-06 02:14:56.996 4214 4214 E vota : [046c04f8]: [vota]: [native_large_allocator]:
04-06 02:14:56.996 4214 4214 E vota : [046c04f8]: [vota]: [native_large_allocator]: peak_size: 3373986
04-06 02:14:56.996 4214 4214 E vota : [046c04f8]: [vota]: [native_large_allocator]: wast_rate: 4/10000
04-06 02:14:56.996 4214 4214 E vota : [046c04f8]: [vota]: [native_large_allocator]: free_count: 52
04-06 02:14:56.996 4214 4214 E vota : [046c04f8]: [vota]: [native_large_allocator]: malloc_count: 52
04-06 02:14:56.996 4214 4214 E vota : [046c04f8]: [vota]: [native_large_allocator]: ralloc_count: 0
04-06 02:14:56.996 4214 4214 E vota : [046c04f8]: [vota]: exit: ok
01-01 08:17:35.946 0 0 I init : Service 'hht_ota_mgr_service' (pid 4214) exited with status 0
01-01 08:17:35.946 0 0 I init : Sending signal 9 to service 'hht_ota_mgr_service' (pid 4214) process group...
01-01 08:17:35.947 0 0 I libprocessgroup: Successfully killed process cgroup uid 0 pid 4214 in 0ms
04-06 02:14:57.319 2728 2728 W hpplay-java: [main]:IPManager:getActiveNets invalid networkInfo:null
04-06 02:14:57.319 2728 2728 I hpplay-java: [main]:IPManager:getActiveNets eth0:false wifi:false mobile:false ap:false
04-06 02:14:57.319 2728 2728 I hpplay-java: [main]:ServerTaskManager:get local ip:null
04-06 02:14:57.403 1251 1359 E tlogd : [TzLogger](isPathReadable) file /sys/kernel/debug/tzdbg/qsee_log isn't exist or no permission, err: No such file or directory
04-06 02:14:57.403 1251 1359 E tlogd : [TzLogger](saveTzlogAsync) /sys/kernel/debug/tzdbg/qsee_log can not read.
04-06 02:14:57.403 1251 1359 E tlogd : [TzLogger](isPathReadable) file /sys/kernel/debug/tzdbg/log isn't exist or no permission, err: No such file or directory
04-06 02:14:57.403 1251 1359 E tlogd : [TzLogger](saveTzlogAsync) /sys/kernel/debug/tzdbg/log can not read.
04-06 02:14:57.454 647 662 I mpu_uart: [MSG-P:RECV]:No message received in 1000 ms
04-06 02:14:57.617 647 661 I mpu_uart: [MSG-P:R]:recv sync frame timeout
04-06 02:14:58.321 2728 2728 W hpplay-java: [main]:IPManager:getActiveNets invalid networkInfo:null
04-06 02:14:58.321 2728 2728 I hpplay-java: [main]:IPManager:getActiveNets eth0:false wifi:false mobile:false ap:false
04-06 02:14:58.321 2728 2728 I hpplay-java: [main]:ServerTaskManager:get local ip:null
04-06 02:14:58.454 647 662 I mpu_uart: [MSG-P:RECV]:No message received in 1000 ms
04-06 02:14:59.268 1178 1178 I CNSS : cnss_open_log_file: create directory /data/vendor/wifi/wlan_logs/ ret = -1 errno= 17
04-06 02:14:59.268 1178 1178 I CNSS : failed to open file a+ mode or file size 0 is less than max_file_size 31457280
04-06 02:14:59.268 1178 1178 I CNSS : Failed to open file /data/vendor/wifi/wlan_logs/txrx_pktlog_current.dat: 13
04-06 02:14:59.263 1178 1178 I auditd : type=1400 audit(0.0:643): avc: denied { getattr } for comm="cnss_diag" path="/data/vendor/wifi/wlan_logs" dev="dm-10" ino=373 scontext=u:r:vendor_wcnss_service:s0 tcontext=u:object_r:vendor_wifi_vendor_log_data_file:s0 tclass=dir permissive=0
04-06 02:14:59.263 1178 1178 W cnss_diag: type=1400 audit(0.0:643): avc: denied { getattr } for path="/data/vendor/wifi/wlan_logs" dev="dm-10" ino=373 scontext=u:r:vendor_wcnss_service:s0 tcontext=u:object_r:vendor_wifi_vendor_log_data_file:s0 tclass=dir permissive=0
04-06 02:14:59.263 1178 1178 I auditd : type=1400 audit(0.0:644): avc: denied { read } for comm="cnss_diag" name="wlan_logs" dev="dm-10" ino=373 scontext=u:r:vendor_wcnss_service:s0 tcontext=u:object_r:vendor_wifi_vendor_log_data_file:s0 tclass=dir permissive=0
04-06 02:14:59.263 1178 1178 W cnss_diag: type=1400 audit(0.0:644): avc: denied { read } for name="wlan_logs" dev="dm-10" ino=373 scontext=u:r:vendor_wcnss_service:s0 tcontext=u:object_r:vendor_wifi_vendor_log_data_file:s0 tclass=dir permissive=0
04-06 02:14:59.263 1178 1178 I auditd : type=1400 audit(0.0:645): avc: denied { search } for comm="cnss_diag" name="wlan_logs" dev="dm-10" ino=373 scontext=u:r:vendor_wcnss_service:s0 tcontext=u:object_r:vendor_wifi_vendor_log_data_file:s0 tclass=dir permissive=0
04-06 02:14:59.263 1178 1178 W cnss_diag: type=1400 audit(0.0:645): avc: denied { search } for name="wlan_logs" dev="dm-10" ino=373 scontext=u:r:vendor_wcnss_service:s0 tcontext=u:object_r:vendor_wifi_vendor_log_data_file:s0 tclass=dir permissive=0
04-06 02:14:59.323 2728 2728 W hpplay-java: [main]:IPManager:getActiveNets invalid networkInfo:null
04-06 02:14:59.323 2728 2728 I hpplay-java: [main]:IPManager:getActiveNets eth0:false wifi:false mobile:false ap:false
04-06 02:14:59.323 2728 2728 I hpplay-java: [main]:ServerTaskManager:get local ip:null
04-06 02:14:59.455 647 662 I mpu_uart: [MSG-P:RECV]:No message received in 1000 ms
04-06 02:15:00.000 1511 1691 I input_interaction: Interaction with: 66b6a80 com.thundercomm.screensaver/android.service.dreams.DreamActivity (server), edge-swipe (server), swipe-up (server), PointerEventDispatcher0 (server),
04-06 02:15:00.003 1511 2643 I wm_finish_activity: [0,72372500,13,com.thundercomm.screensaver/android.service.dreams.DreamActivity,finish-activity]
04-06 02:15:00.004 1511 2643 I wm_task_moved: [12,1,6]
04-06 02:15:00.004 1511 2643 I wm_task_to_front: [0,12]
04-06 02:15:00.005 1511 2643 I wm_focused_root_task: [0,0,12,13,finish-top adjustFocusToNextFocusableTask]
04-06 02:15:00.005 1511 2643 D ActivityTrigger: ActivityTrigger activityPauseTrigger
04-06 02:15:00.006 1959 1959 D KeyguardUpdateMonitor: received broadcast android.intent.action.TIME_TICK
04-06 02:15:00.006 1511 2643 I wm_pause_activity: [0,72372500,com.thundercomm.screensaver/android.service.dreams.DreamActivity,userLeaving=false,finish]
04-06 02:15:00.007 1959 1959 D KeyguardUpdateMonitor: handleTimeUpdate
04-06 02:15:00.013 1511 2643 I DreamManagerService: Gently waking up from dream.
04-06 02:15:00.014 1511 1607 I sysui_multi_action: [757,803,799,window_time_0,802,25]
04-06 02:15:00.014 3842 3842 I wm_on_top_resumed_lost_called: [72372500,android.service.dreams.DreamActivity,topStateChangedWhenResumed]
04-06 02:15:00.014 1511 1604 I DreamManagerService: Performing gentle wake from dream.
04-06 02:15:00.014 3842 3842 I wm_on_paused_called: [72372500,android.service.dreams.DreamActivity,performPause]
04-06 02:15:00.015 1511 2056 I wm_add_to_stopping: [0,72372500,com.thundercomm.screensaver/android.service.dreams.DreamActivity,completeFinishing]
04-06 02:15:00.016 1511 2056 I ActivityTaskManager: FOREGROUND_APPLICATION_CHANGED to com.android.settings.homepage.SettingsHomepageActivity
04-06 02:15:00.018 1511 2056 I wm_set_resumed_activity: [0,com.android.settings/.Settings,resumeTopActivityInnerLocked]
04-06 02:15:00.018 1959 2211 D KeyguardViewMediator: setOccluded false
04-06 02:15:00.019 1511 2056 I wm_resume_activity: [0,255585539,12,com.android.settings/.Settings]
04-06 02:15:00.029 2416 2416 I wm_on_restart_called: [255585539,com.android.settings.Settings,performRestartActivity]
04-06 02:15:00.029 1511 1607 I sysui_multi_action: [757,803,799,window_time_0,802,0]
04-06 02:15:00.030 2416 2416 W BatteryBroadcastRcvr: Problem reading the battery meter.
04-06 02:15:00.031 2416 2416 I wm_on_start_called: [255585539,com.android.settings.Settings,handleStartActivity]
04-06 02:15:00.031 2054 3630 I GameMode_ActivityMonitoringService: onActivityLaunch: com.android.settings, isGameApp: false
04-06 02:15:00.032 2054 3630 V GameMode_GpuUtils: fps:60
04-06 02:15:00.032 2416 2416 I snet_event_log: [120484087,-1,]
04-06 02:15:00.032 2416 2416 I wm_on_resume_called: [255585539,com.android.settings.Settings,RESUME_ACTIVITY]
04-06 02:15:00.032 2416 2416 I sysui_multi_action: [757,35,758,1,833,0,1089,0]
04-06 02:15:00.033 2416 4216 D UsageGraph: No enabled state changed, skipping updateCategory call
04-06 02:15:00.033 2054 3630 D GameModeIF_GameModeSettings: getUriFor setting_content_uri_root = content://com.thundercomm.gamemode.api/gamemode_settings , name = gamemode_enable
04-06 02:15:00.034 2416 2416 I sysui_multi_action: [757,744,758,1,833,0,1089,0]
04-06 02:15:00.034 2416 2416 D AssistGesture: mAssistOnly:false, isSupported:false, isSensorAvailable:false
04-06 02:15:00.035 2416 2416 D DashboardFragment: Cannot find preference with key system_update_settings in Controller SystemUpdatePreferenceController
04-06 02:15:00.036 2416 2416 I wm_on_top_resumed_gained_called: [255585539,com.android.settings.Settings,topWhenResuming]
04-06 02:15:00.036 3842 3842 I view_enqueue_input_event: [Motion - Cancel,com.thundercomm.screensaver/android.service.dreams.DreamActivity]
04-06 02:15:00.038 2558 2558 E MCUUtil : saveLastActivity activityName=com.android.settings.homepage.SettingsHomepageActivity packageName=com.android.settings
04-06 02:15:00.039 1959 1959 D StatusBar: disable disable2
04-06 02:15:00.040 1511 1691 I input_focus: [Focus leaving 66b6a80 com.thundercomm.screensaver/android.service.dreams.DreamActivity (server),reason=NO_WINDOW]
04-06 02:15:00.040 1959 1959 D KeyguardViewMediator: adjustStatusBarLocked: mShowing=false mOccluded=false isSecure=false force=false --> flags=0x0
04-06 02:15:00.042 904 904 I BpBinder: onLastStrongRef automatically unlinking death recipients:
04-06 02:15:00.042 1511 1608 I input_focus: [Focus request feadf47 com.android.settings/com.android.settings.Settings,reason=UpdateInputWindows]
04-06 02:15:00.049 2416 2416 W BatteryBroadcastRcvr: Problem reading the battery meter.
04-06 02:15:00.051 2416 2543 D BatteryInfo: time for getStats: 0ms
04-06 02:15:00.054 2416 2543 D BatteryInfo: time for regular BatteryInfo: 3ms
04-06 02:15:00.055 2416 2543 D BatteryInfo: time for getBatteryInfo: 0ms
04-06 02:15:00.055 2416 2416 D BatteryInfo: time for callback: 0ms
04-06 02:15:00.055 2416 4031 D BatteryTipLoader: BatteryInfoLoader post query: 0ms
04-06 02:15:00.056 2416 4031 D BatteryInfo: time for getBatteryInfo: 0ms
04-06 02:15:00.056 2416 4031 D BatteryTipLoader: BatteryInfoLoader.loadInBackground: 1ms
04-06 02:15:00.057 1511 1630 I PowerManagerService: Powering on display group fromDreaming (groupId=0, uid=1000, reason=WAKE_REASON_UNKNOWN, details=android.server.power:DREAM_FINISHED)...
04-06 02:15:00.057 1511 1630 I PowerManagerService: Waking up from Dreaming (uid=1000, reason=WAKE_REASON_UNKNOWN, details=android.server.power:DREAM_FINISHED)...
04-06 02:15:00.062 1511 1691 I input_focus: [Focus entering feadf47 com.android.settings/com.android.settings.Settings (server),reason=setFocusedWindow]
04-06 02:15:00.066 2416 4216 D BatteryInfo: time for getStats: 0ms
04-06 02:15:00.066 2416 4047 D BatteryTipLoader: BatteryInfoLoader post query: 5ms
04-06 02:15:00.067 2416 4047 D BatteryInfo: time for getBatteryInfo: 1ms
04-06 02:15:00.067 2416 4047 D BatteryTipLoader: BatteryInfoLoader.loadInBackground: 6ms
04-06 02:15:00.067 2416 4216 D BatteryInfo: time for regular BatteryInfo: 1ms
04-06 02:15:00.067 2416 4216 D BatteryInfo: time for getBatteryInfo: 0ms
04-06 02:15:00.076 2416 2416 D BatteryInfo: time for callback: 0ms
04-06 02:15:00.076 1511 1691 I input_interaction: Interaction with: edge-swipe (server), swipe-up (server), PointerEventDispatcher0 (server),
04-06 02:15:00.120 1511 1990 W FreeFormWindowHelper: Current Display FreeFormTask is null
01-01 08:17:39.204 0 0 E DTC_ETH,link_delay_work_func: 3003, SQI=0, link=0
04-06 02:15:00.325 2728 2728 W hpplay-java: [main]:IPManager:getActiveNets invalid networkInfo:null
04-06 02:15:00.325 2728 2728 I hpplay-java: [main]:IPManager:getActiveNets eth0:false wifi:false mobile:false ap:false
04-06 02:15:00.326 2728 2728 I hpplay-java: [main]:ServerTaskManager:get local ip:null
04-06 02:15:00.455 647 662 I mpu_uart: [MSG-P:RECV]:No message received in 1000 ms
04-06 02:15:00.563 1511 1607 I wm_destroy_activity: [0,72372500,13,com.thundercomm.screensaver/android.service.dreams.DreamActivity,finish-imm:idle]
04-06 02:15:00.584 3842 3842 I wm_on_stop_called: [72372500,android.service.dreams.DreamActivity,LIFECYCLER_STOP_ACTIVITY]
04-06 02:15:00.586 3842 3842 I wm_on_destroy_called: [72372500,android.service.dreams.DreamActivity,performDestroy]
04-06 02:15:00.586 1511 2524 I DreamManagerService: Leaving dreamland.
04-06 02:15:00.588 1511 1604 I DreamManagerService: Performing gentle wake from dream.
04-06 02:15:00.588 1511 1604 I DreamController: Stopping dream: name=ComponentInfo{com.thundercomm.screensaver/com.thundercomm.screensaver.service.SystemDream}, isTest=false, canDoze=false, userId=0, reason='finished self'(from 'finished self')
04-06 02:15:00.588 1511 1604 I sysui_multi_action: [757,222,758,2]
04-06 02:15:00.588 1511 1604 I sysui_multi_action: [757,804,799,dreaming_minutes,801,0,802,1]
04-06 02:15:00.589 1511 2524 W InputManager-JNI: Input channel object '66b6a80 com.thundercomm.screensaver/android.service.dreams.DreamActivity (client)' was disposed without first being removed with the input manager!
04-06 02:15:00.602 1511 2090 I wm_task_removed: [13,removeChild:removeChild last r=ActivityRecord{4505114 u0 com.thundercomm.screensaver/android.service.dreams.DreamActivity t-1 f}} in t=Task{7cb330a #13 type=dream A=10052:android:com.thundercomm.screensaver/dream U=0 visible=false mode=fullscreen translucent=true sz=0}]
04-06 02:15:00.602 1511 2090 I wm_task_removed: [13,removeChild]
04-06 02:15:00.604 1511 1608 W ActivityTaskManager: Can't find TaskDisplayArea to determine support for multi window. Task id=13 attached=false
04-06 02:15:00.621 647 661 I mpu_uart: [MSG-P:R]:recv sync frame timeout
04-06 02:15:00.627 1511 1608 W Choreographer: Frame time is 0.261149 ms in the future! Check that graphics HAL is generating vsync timestamps using the correct timebase.
04-06 02:15:00.627 1959 1959 W Choreographer: Frame time is 0.09667 ms in the future! Check that graphics HAL is generating vsync timestamps using the correct timebase.
04-06 02:15:01.157 2354 2354 D RemoteControlService: startVlanDispatchThread
04-06 02:15:01.217 1511 1691 I input_interaction: Interaction with: feadf47 com.android.settings/com.android.settings.Settings (server), edge-swipe (server), swipe-up (server), PointerEventDispatcher0 (server),
04-06 02:15:01.328 2728 2728 W hpplay-java: [main]:IPManager:getActiveNets invalid networkInfo:null
04-06 02:15:01.328 2728 2728 I hpplay-java: [main]:IPManager:getActiveNets eth0:false wifi:false mobile:false ap:false
04-06 02:15:01.328 2728 2728 I hpplay-java: [main]:ServerTaskManager:get local ip:null
04-06 02:15:01.455 647 662 I mpu_uart: [MSG-P:RECV]:No message received in 1000 ms
01-01 08:17:40.865 0 0 I init : starting service 'hht_ota_mgr_service'...
04-06 02:15:01.959 4229 4229 E vota : [4344e4f8]: [vota]: init: ..
04-06 02:15:01.959 4229 4229 E vota : [4344e4f8]: [vota]: [warning]: the java machine be not inited, please pass it to the tb_init function! at tb_android_init_env(): 43, src/vota/platform/android/android.c
04-06 02:15:01.960 4229 4229 E vota : [4344e4f8]: [vota]: version: tbox_v1_6_7_202302251411_arm64-v8a_elf by Android (8481493, based on r416183c2) Clang 12.0.9 (https://android.googlesource.com/toolchain/llvm-project c935d99d7cf2016289302412d708641d52d2f7ee)
04-06 02:15:01.960 4229 4229 E vota : [4344e4f8]: [vota]: init: ok
04-06 02:15:01.960 4229 4229 E vota : [4344e4f8]: [vota]: [scheduler]: start ..
04-06 02:15:01.960 4229 4229 E vota : [4344e4f8]: [vota]: [coroutine]: init 0x7c41e64158
04-06 02:15:01.960 4229 4229 E vota : [4344e4f8]: [vota]: [scheduler]: start ok
04-06 02:15:01.960 4229 4229 E vota : [4344e4f8]: [vota]: [scheduler]: switch to coroutine(0x7c41e64158) from coroutine(0x7c41f5eca0)
04-06 02:15:01.960 4229 4229 E vota : [4344e4f8]: [vota]: [coroutine]: entry: 0x7c41e64158 stack: 0x7c41e641b8 - 0x7c41ea41b8 from coroutine(0x7c41f5eca0)
04-06 02:15:01.960 4229 4229 I hiphi_update_api: Hh_GetVersion calling ......
04-06 02:15:01.960 4229 4229 I hiphi_update_api: get version:01.00.0089.C102
04-06 02:15:01.960 4229 4229 I hiphi_update_api: Hh_GetVersion ret:0
04-06 02:15:02.002 4229 4229 E vota : [4344e4f8]: [vota]: [scheduler]: finish coroutine(0x7c41e64158)
04-06 02:15:02.002 4229 4229 E vota : [4344e4f8]: [vota]: [scheduler]: switch to original coroutine
04-06 02:15:02.002 4229 4229 E vota : [4344e4f8]: [vota]: [scheduler]: switch to coroutine(0x7c41f5eca0) from coroutine(0x7c41e64158)
04-06 02:15:02.002 4229 4229 E vota : [4344e4f8]: [vota]: [scheduler]: [loop]: ready 0
04-06 02:15:01.995 4229 4229 I auditd : type=1400 audit(0.0:646): avc: denied { read append } for comm="hht_ota_mgr" name="NvmSim_yy.dat" dev="dm-10" ino=379 scontext=u:r:hht_ota_mgr:s0 tcontext=u:object_r:system_data_file:s0 tclass=file permissive=0
04-06 02:15:02.002 4229 4229 E vota : [4344e4f8]: [vota]: [coroutine]: exit: 0x7c41e64158
04-06 02:15:01.995 4229 4229 W hht_ota_mgr: type=1400 audit(0.0:646): avc: denied { read append } for name="NvmSim_yy.dat" dev="dm-10" ino=379 scontext=u:r:hht_ota_mgr:s0 tcontext=u:object_r:system_data_file:s0 tclass=file permissive=0
04-06 02:15:02.003 4229 4229 E vota : [4344e4f8]: [vota]: [lock_profiler]:
04-06 02:15:02.003 4229 4229 E vota : [4344e4f8]: [vota]: [lock_profiler]: lock: 0xb4000079e1c6164c, name: allocator, occupied: 0
04-06 02:15:02.003 4229 4229 E vota : [4344e4f8]: [vota]: [lock_profiler]: lock: 0xb4000079d1c64254, name: native_large_allocator, occupied: 0
04-06 02:15:02.003 4229 4229 E vota : [4344e4f8]: [vota]: [small_allocator]:
04-06 02:15:02.003 4229 4229 E vota : [4344e4f8]: [vota]: [static_fixed_pool]: [16]: peak_size: 288, wast_rate: 4074/10000, pred_failed: 0, item_maxn: 245, free_count: 18, malloc_count: 18
04-06 02:15:02.003 4229 4229 E vota : [4344e4f8]: [vota]: [static_fixed_pool]: [96]: peak_size: 2208, wast_rate: 1028/10000, pred_failed: 0, item_maxn: 248, free_count: 23, malloc_count: 23
04-06 02:15:02.003 4229 4229 E vota : [4344e4f8]: [vota]: [static_fixed_pool]: [128]: peak_size: 9216, wast_rate: 791/10000, pred_failed: 0, item_maxn: 249, free_count: 72, malloc_count: 72
04-06 02:15:02.003 4229 4229 E vota : [4344e4f8]: [vota]: [static_fixed_pool]: [192]: peak_size: 2112, wast_rate: 541/10000, pred_failed: 0, item_maxn: 250, free_count: 11, malloc_count: 11
04-06 02:15:02.003 4229 4229 E vota : [4344e4f8]: [vota]: [static_fixed_pool]: [256]: peak_size: 256, wast_rate: 411/10000, pred_failed: 0, item_maxn: 251, free_count: 1, malloc_count: 1
04-06 02:15:02.003 4229 4229 E vota : [4344e4f8]: [vota]: [static_fixed_pool]: [384]: peak_size: 5376, wast_rate: 278/10000, pred_failed: 0, item_maxn: 252, free_count: 14, malloc_count: 14
04-06 02:15:02.003 4229 4229 E vota : [4344e4f8]: [vota]: [static_fixed_pool]: [512]: peak_size: 5632, wast_rate: 210/10000, pred_failed: 0, item_maxn: 253, free_count: 11, malloc_count: 11
04-06 02:15:02.003 4229 4229 E vota : [4344e4f8]: [vota]: [static_fixed_pool]: [1024]: peak_size: 2048, wast_rate: 106/10000, pred_failed: 0, item_maxn: 254, free_count: 2, malloc_count: 2
04-06 02:15:02.003 4229 4229 E vota : [4344e4f8]: [vota]: [native_large_allocator]:
04-06 02:15:02.003 4229 4229 E vota : [4344e4f8]: [vota]: [native_large_allocator]: peak_size: 3373986
04-06 02:15:02.003 4229 4229 E vota : [4344e4f8]: [vota]: [native_large_allocator]: wast_rate: 4/10000
04-06 02:15:02.003 4229 4229 E vota : [4344e4f8]: [vota]: [native_large_allocator]: free_count: 52
04-06 02:15:02.003 4229 4229 E vota : [4344e4f8]: [vota]: [native_large_allocator]: malloc_count: 52
04-06 02:15:02.003 4229 4229 E vota : [4344e4f8]: [vota]: [native_large_allocator]: ralloc_count: 0
04-06 02:15:02.003 4229 4229 E vota : [4344e4f8]: [vota]: exit: ok
01-01 08:17:40.953 0 0 I init : Service 'hht_ota_mgr_service' (pid 4229) exited with status 0
01-01 08:17:40.954 0 0 I init : Sending signal 9 to service 'hht_ota_mgr_service' (pid 4229) process group...
01-01 08:17:40.954 0 0 I libprocessgroup: Successfully killed process cgroup uid 0 pid 4229 in 0ms
04-06 02:15:02.263 1178 1178 I auditd : type=1400 audit(0.0:647): avc: denied { getattr } for comm="cnss_diag" path="/data/vendor/wifi/wlan_logs" dev="dm-10" ino=373 scontext=u:r:vendor_wcnss_service:s0 tcontext=u:object_r:vendor_wifi_vendor_log_data_file:s0 tclass=dir permissive=0
04-06 02:15:02.263 1178 1178 W cnss_diag: type=1400 audit(0.0:647): avc: denied { getattr } for path="/data/vendor/wifi/wlan_logs" dev="dm-10" ino=373 scontext=u:r:vendor_wcnss_service:s0 tcontext=u:object_r:vendor_wifi_vendor_log_data_file:s0 tclass=dir permissive=0
04-06 02:15:02.263 1178 1178 I auditd : type=1400 audit(0.0:648): avc: denied { read } for comm="cnss_diag" name="wlan_logs" dev="dm-10" ino=373 scontext=u:r:vendor_wcnss_service:s0 tcontext=u:object_r:vendor_wifi_vendor_log_data_file:s0 tclass=dir permissive=0
04-06 02:15:02.263 1178 1178 W cnss_diag: type=1400 audit(0.0:648): avc: denied { read } for name="wlan_logs" dev="dm-10" ino=373 scontext=u:r:vendor_wcnss_service:s0 tcontext=u:object_r:vendor_wifi_vendor_log_data_file:s0 tclass=dir permissive=0
04-06 02:15:02.263 1178 1178 I auditd : type=1400 audit(0.0:649): avc: denied { search } for comm="cnss_diag" name="wlan_logs" dev="dm-10" ino=373 scontext=u:r:vendor_wcnss_service:s0 tcontext=u:object_r:vendor_wifi_vendor_log_data_file:s0 tclass=dir permissive=0
04-06 02:15:02.263 1178 1178 W cnss_diag: type=1400 audit(0.0:649): avc: denied { search } for name="wlan_logs" dev="dm-10" ino=373 scontext=u:r:vendor_wcnss_service:s0 tcontext=u:object_r:vendor_wifi_vendor_log_data_file:s0 tclass=dir permissive=0
04-06 02:15:02.269 1178 1178 I CNSS : cnss_open_log_file: create directory /data/vendor/wifi/wlan_logs/ ret = -1 errno= 17
04-06 02:15:02.269 1178 1178 I CNSS : failed to open file a+ mode or file size 0 is less than max_file_size 31457280
04-06 02:15:02.269 1178 1178 I CNSS : Failed to open file /data/vendor/wifi/wlan_logs/txrx_pktlog_current.dat: 13
04-06 02:15:02.330 2728 2728 W hpplay-java: [main]:IPManager:getActiveNets invalid networkInfo:null
04-06 02:15:02.330 2728 2728 I hpplay-java: [main]:IPManager:getActiveNets eth0:false wifi:false mobile:false ap:false
04-06 02:15:02.330 2728 2728 I hpplay-java: [main]:ServerTaskManager:get local ip:null
04-06 02:15:02.403 1251 1359 E tlogd : [TzLogger](isPathReadable) file /sys/kernel/debug/tzdbg/qsee_log isn't exist or no permission, err: No such file or directory
04-06 02:15:02.404 1251 1359 E tlogd : [TzLogger](saveTzlogAsync) /sys/kernel/debug/tzdbg/qsee_log can not read.
04-06 02:15:02.404 1251 1359 E tlogd : [TzLogger](isPathReadable) file /sys/kernel/debug/tzdbg/log isn't exist or no permission, err: No such file or directory
04-06 02:15:02.404 1251 1359 E tlogd : [TzLogger](saveTzlogAsync) /sys/kernel/debug/tzdbg/log can not read.
04-06 02:15:02.455 647 662 I mpu_uart: [MSG-P:RECV]:No message received in 1000 ms
04-06 02:15:02.526 1196 1243 I selfinstaller: create socket failed: Network is unreachable 101
04-06 02:15:03.333 2728 2728 W hpplay-java: [main]:IPManager:getActiveNets invalid networkInfo:null
04-06 02:15:03.333 2728 2728 I hpplay-java: [main]:IPManager:getActiveNets eth0:false wifi:false mobile:false ap:false
04-06 02:15:03.333 2728 2728 I hpplay-java: [main]:ServerTaskManager:get local ip:null
04-06 02:15:03.455 647 662 I mpu_uart: [MSG-P:RECV]:No message received in 1000 ms
04-06 02:15:03.625 647 661 I mpu_uart: [MSG-P:R]:recv sync frame timeout
04-06 02:15:04.335 2728 2728 W hpplay-java: [main]:IPManager:getActiveNets invalid networkInfo:null
04-06 02:15:04.336 2728 2728 I hpplay-java: [main]:IPManager:getActiveNets eth0:false wifi:false mobile:false ap:false
04-06 02:15:04.336 2728 2728 I hpplay-java: [main]:ServerTaskManager:get local ip:null
04-06 02:15:04.456 647 662 I mpu_uart: [MSG-P:RECV]:No message received in 1000 ms
04-06 02:15:05.270 1178 1178 I CNSS : cnss_open_log_file: create directory /data/vendor/wifi/wlan_logs/ ret = -1 errno= 17
04-06 02:15:05.270 1178 1178 I CNSS : failed to open file a+ mode or file size 0 is less than max_file_size 31457280
04-06 02:15:05.270 1178 1178 I CNSS : Failed to open file /data/vendor/wifi/wlan_logs/txrx_pktlog_current.dat: 13
04-06 02:15:05.263 1178 1178 I auditd : type=1400 audit(0.0:650): avc: denied { getattr } for comm="cnss_diag" path="/data/vendor/wifi/wlan_logs" dev="dm-10" ino=373 scontext=u:r:vendor_wcnss_service:s0 tcontext=u:object_r:vendor_wifi_vendor_log_data_file:s0 tclass=dir permissive=0
04-06 02:15:05.263 1178 1178 W cnss_diag: type=1400 audit(0.0:650): avc: denied { getattr } for path="/data/vendor/wifi/wlan_logs" dev="dm-10" ino=373 scontext=u:r:vendor_wcnss_service:s0 tcontext=u:object_r:vendor_wifi_vendor_log_data_file:s0 tclass=dir permissive=0
04-06 02:15:05.263 1178 1178 I auditd : type=1400 audit(0.0:651): avc: denied { read } for comm="cnss_diag" name="wlan_logs" dev="dm-10" ino=373 scontext=u:r:vendor_wcnss_service:s0 tcontext=u:object_r:vendor_wifi_vendor_log_data_file:s0 tclass=dir permissive=0
04-06 02:15:05.263 1178 1178 W cnss_diag: type=1400 audit(0.0:651): avc: denied { read } for name="wlan_logs" dev="dm-10" ino=373 scontext=u:r:vendor_wcnss_service:s0 tcontext=u:object_r:vendor_wifi_vendor_log_data_file:s0 tclass=dir permissive=0
04-06 02:15:05.263 1178 1178 I auditd : type=1400 audit(0.0:652): avc: denied { search } for comm="cnss_diag" name="wlan_logs" dev="dm-10" ino=373 scontext=u:r:vendor_wcnss_service:s0 tcontext=u:object_r:vendor_wifi_vendor_log_data_file:s0 tclass=dir permissive=0
04-06 02:15:05.263 1178 1178 W cnss_diag: type=1400 audit(0.0:652): avc: denied { search } for name="wlan_logs" dev="dm-10" ino=373 scontext=u:r:vendor_wcnss_service:s0 tcontext=u:object_r:vendor_wifi_vendor_log_data_file:s0 tclass=dir permissive=0
04-06 02:15:05.338 2728 2728 W hpplay-java: [main]:IPManager:getActiveNets invalid networkInfo:null
04-06 02:15:05.338 2728 2728 I hpplay-java: [main]:IPManager:getActiveNets eth0:false wifi:false mobile:false ap:false
04-06 02:15:05.338 2728 2728 I hpplay-java: [main]:ServerTaskManager:get local ip:null
01-01 08:17:44.326 0 0 E DTC_ETH,link_delay_work_func: 3003, SQI=0, link=0
04-06 02:15:05.456 647 662 I mpu_uart: [MSG-P:RECV]:No message received in 1000 ms
04-06 02:15:06.168 2354 2354 D RemoteControlService: startVlanDispatchThread
04-06 02:15:06.210 1511 1691 I input_interaction: Interaction with: e83df19 NavigationBar0 (server), edge-swipe (server), swipe-up (server), PointerEventDispatcher0 (server),
04-06 02:15:06.214 1959 1959 I sysui_multi_action: [757,931,758,4,759,4,932,0,933,0]
04-06 02:15:06.215 1959 1959 I KeyButtonView: Back button event: ACTION_DOWN
04-06 02:15:06.217 1511 1691 I input_interaction: Interaction with: feadf47 com.android.settings/com.android.settings.Settings (server), PointerEventDispatcher0 (server),
04-06 02:15:06.221 1511 1990 I ActivityTaskManager: moveTaskToBack: Task{97de8ac #12 type=standard A=1000:com.android.settings.root U=0 visible=true mode=fullscreen translucent=false sz=1}
04-06 02:15:06.221 1511 1990 I wm_task_moved: [12,0,0]
04-06 02:15:06.224 1511 1990 I wm_focused_root_task: [0,0,10,12,moveTaskToBackLocked]
04-06 02:15:06.225 1511 1990 I wm_add_to_stopping: [0,255585539,com.android.settings/.Settings,makeInvisible]
04-06 02:15:06.226 1511 1990 D ActivityTrigger: ActivityTrigger activityPauseTrigger
04-06 02:15:06.227 1511 1990 I wm_pause_activity: [0,255585539,com.android.settings/.Settings,userLeaving=false,pauseBackTasks]
04-06 02:15:06.228 1511 1990 I ActivityTaskManager: FOREGROUND_APPLICATION_CHANGED to com.android.launcher3.uioverrides.QuickstepLauncher
04-06 02:15:06.230 1511 1990 I wm_set_resumed_activity: [0,com.android.launcher3/.uioverrides.QuickstepLauncher,resumeTopActivityInnerLocked]
04-06 02:15:06.234 1511 1990 I wm_resume_activity: [0,81224896,11,com.android.launcher3/.uioverrides.QuickstepLauncher]
04-06 02:15:06.235 2416 2416 I wm_on_top_resumed_lost_called: [255585539,com.android.settings.Settings,topStateChangedWhenResumed]
04-06 02:15:06.240 2558 2558 I wm_on_restart_called: [81224896,com.android.launcher3.uioverrides.QuickstepLauncher,performRestartActivity]
04-06 02:15:06.241 2558 2558 I wm_on_start_called: [81224896,com.android.launcher3.uioverrides.QuickstepLauncher,handleStartActivity]
04-06 02:15:06.241 904 904 I BpBinder: onLastStrongRef automatically unlinking death recipients:
04-06 02:15:06.242 2558 2558 I wm_on_resume_called: [81224896,com.android.launcher3.uioverrides.QuickstepLauncher,RESUME_ACTIVITY]
04-06 02:15:06.242 2558 2558 I wm_on_top_resumed_gained_called: [81224896,com.android.launcher3.uioverrides.QuickstepLauncher,topStateChangedWhenResumed]
04-06 02:15:06.245 2416 2416 I sysui_multi_action: [757,35,758,2,1089,6213]
04-06 02:15:06.246 2416 2416 I sysui_multi_action: [757,744,758,2,1089,6213]
04-06 02:15:06.247 2416 2416 I wm_on_paused_called: [255585539,com.android.settings.Settings,performPause]
04-06 02:15:06.247 2416 2416 I view_enqueue_input_event: [Key - Cancel,com.android.settings/com.android.settings.Settings]
04-06 02:15:06.248 1511 1691 I input_focus: [Focus leaving feadf47 com.android.settings/com.android.settings.Settings (server),reason=NO_WINDOW]
04-06 02:15:06.248 1511 1607 I sysui_multi_action: [757,803,799,window_time_0,802,6]
04-06 02:15:06.250 2416 2416 W ViewRootImpl[Settings]: Cancelling event (no window focus):KeyEvent { action=ACTION_UP, keyCode=KEYCODE_BACK, scanCode=0, metaState=0, flags=0x68, repeatCount=0, eventTime=310339, downTime=310309, deviceId=-1, source=0x101, displayId=0 }
04-06 02:15:06.250 2416 2416 W ViewRootImpl[Settings]: Cancelling event (no window focus):KeyEvent { action=ACTION_UP, keyCode=KEYCODE_BACK, scanCode=0, metaState=0, flags=0x68, repeatCount=0, eventTime=310339, downTime=310309, deviceId=-1, source=0x101, displayId=0 }
04-06 02:15:06.250 2416 2416 W ViewRootImpl[Settings]: Cancelling event (no window focus):KeyEvent { action=ACTION_UP, keyCode=KEYCODE_BACK, scanCode=0, metaState=0, flags=0x68, repeatCount=0, eventTime=310339, downTime=310309, deviceId=-1, source=0x101, displayId=0 }
04-06 02:15:06.250 2416 2416 W ViewRootImpl[Settings]: Cancelling event (no window focus):KeyEvent { action=ACTION_UP, keyCode=KEYCODE_BACK, scanCode=0, metaState=0, flags=0x68, repeatCount=0, eventTime=310339, downTime=310309, deviceId=-1, source=0x101, displayId=0 }
04-06 02:15:06.250 2416 2416 W ViewRootImpl[Settings]: Cancelling event (no window focus):KeyEvent { action=ACTION_UP, keyCode=KEYCODE_BACK, scanCode=0, metaState=0, flags=0x68, repeatCount=0, eventTime=310339, downTime=310309, deviceId=-1, source=0x101, displayId=0 }
04-06 02:15:06.251 2416 2416 W ViewRootImpl[Settings]: Cancelling event (no window focus):KeyEvent { action=ACTION_UP, keyCode=KEYCODE_BACK, scanCode=0, metaState=0, flags=0x68, repeatCount=0, eventTime=310339, downTime=310309, deviceId=-1, source=0x101, displayId=0 }
04-06 02:15:06.251 2054 3630 I GameMode_ActivityMonitoringService: onActivityLaunch: com.android.launcher3, isGameApp: false
04-06 02:15:06.251 2054 3630 V GameMode_GpuUtils: fps:60
04-06 02:15:06.253 2054 3630 D GameModeIF_GameModeSettings: getUriFor setting_content_uri_root = content://com.thundercomm.gamemode.api/gamemode_settings , name = gamemode_enable
04-06 02:15:06.265 1511 1608 I input_focus: [Focus request 32446aa com.android.launcher3/com.android.launcher3.uioverrides.QuickstepLauncher,reason=UpdateInputWindows]
04-06 02:15:06.274 2558 2558 E MCUUtil : saveLastActivity activityName=com.android.launcher3.uioverrides.QuickstepLauncher packageName=com.android.launcher3
04-06 02:15:06.297 2558 2558 D EditModeHelper: setHotseatVisibility: 0
04-06 02:15:06.309 1511 1691 I input_focus: [Focus entering 32446aa com.android.launcher3/com.android.launcher3.uioverrides.QuickstepLauncher (server),reason=Window became focusable. Previous reason: NOT_VISIBLE]
04-06 02:15:06.320 2558 2581 W System : A resource failed to call release.
04-06 02:15:06.329 1511 2524 W FreeFormWindowHelper: Current Display FreeFormTask is null
04-06 02:15:06.338 1959 1959 I sysui_multi_action: [757,931,758,4,759,4,932,0,933,1]
04-06 02:15:06.338 855 855 D vendor.qti.vibrator: Vibrator perform effect 0
04-06 02:15:06.338 1959 1959 I KeyButtonView: Back button event: ACTION_UP
04-06 02:15:06.339 855 855 D vendor.qti.vibrator: Vibrator on for timeoutMs: 10
04-06 02:15:06.339 1511 1990 I sysui_multi_action: [757,803,799,key_back_press,802,1]
04-06 02:15:06.339 2728 2728 W hpplay-java: [main]:IPManager:getActiveNets invalid networkInfo:null
04-06 02:15:06.339 2728 2728 I hpplay-java: [main]:IPManager:getActiveNets eth0:false wifi:false mobile:false ap:false
04-06 02:15:06.339 2728 2728 I hpplay-java: [main]:ServerTaskManager:get local ip:null
04-06 02:15:06.339 855 4247 D vendor.qti.vibrator: Starting on on another thread
04-06 02:15:06.342 1511 1614 W ProcessCpuTracker: Failed to stat(/proc/4244): android.system.ErrnoException: stat failed: ENOENT (No such file or directory)
04-06 02:15:06.342 1511 1614 W ProcessCpuTracker: Skipping unknown process pid 4244
04-06 02:15:06.348 855 855 D vendor.qti.vibrator: QTI Vibrator off
04-06 02:15:06.350 855 4247 D vendor.qti.vibrator: Notifying on complete
04-06 02:15:06.368 855 855 D vendor.qti.vibrator: Vibrator on for timeoutMs: 30
04-06 02:15:06.369 855 4248 D vendor.qti.vibrator: Starting on on another thread
04-06 02:15:06.399 855 4248 D vendor.qti.vibrator: Notifying on complete
04-06 02:15:06.400 855 855 D vendor.qti.vibrator: QTI Vibrator off
04-06 02:15:06.456 647 662 I mpu_uart: [MSG-P:RECV]:No message received in 1000 ms
04-06 02:15:06.629 647 661 I mpu_uart: [MSG-P:R]:recv sync frame timeout
04-06 02:15:06.649 1511 1607 I wm_stop_activity: [0,255585539,com.android.settings/.Settings]
04-06 02:15:06.676 2416 2416 I wm_on_stop_called: [255585539,com.android.settings.Settings,STOP_ACTIVITY_ITEM]
01-01 08:17:45.874 0 0 I init : starting service 'hht_ota_mgr_service'...
04-06 02:15:06.933 1511 1691 I input_interaction: Interaction with: e83df19 NavigationBar0 (server), edge-swipe (server), swipe-up (server), PointerEventDispatcher0 (server),
04-06 02:15:06.939 1959 1959 I sysui_multi_action: [757,931,758,4,759,4,932,0,933,0]
04-06 02:15:06.939 1959 1959 I KeyButtonView: Back button event: ACTION_DOWN
04-06 02:15:06.944 1511 1691 I input_interaction: Interaction with: 32446aa com.android.launcher3/com.android.launcher3.uioverrides.QuickstepLauncher (server), PointerEventDispatcher0 (server),
04-06 02:15:06.967 4249 4249 E vota : [73d544f8]: [vota]: init: ..
04-06 02:15:06.968 4249 4249 E vota : [73d544f8]: [vota]: [warning]: the java machine be not inited, please pass it to the tb_init function! at tb_android_init_env(): 43, src/vota/platform/android/android.c
04-06 02:15:06.968 4249 4249 E vota : [73d544f8]: [vota]: version: tbox_v1_6_7_202302251411_arm64-v8a_elf by Android (8481493, based on r416183c2) Clang 12.0.9 (https://android.googlesource.com/toolchain/llvm-project c935d99d7cf2016289302412d708641d52d2f7ee)
04-06 02:15:06.968 4249 4249 E vota : [73d544f8]: [vota]: init: ok
04-06 02:15:06.968 4249 4249 E vota : [73d544f8]: [vota]: [scheduler]: start ..
04-06 02:15:06.969 4249 4249 E vota : [73d544f8]: [vota]: [coroutine]: init 0x747276f158
04-06 02:15:06.969 4249 4249 E vota : [73d544f8]: [vota]: [scheduler]: start ok
04-06 02:15:06.969 4249 4249 E vota : [73d544f8]: [vota]: [scheduler]: switch to coroutine(0x747276f158) from coroutine(0x7472864ca0)
04-06 02:15:06.969 4249 4249 E vota : [73d544f8]: [vota]: [coroutine]: entry: 0x747276f158 stack: 0x747276f1b8 - 0x74727af1b8 from coroutine(0x7472864ca0)
04-06 02:15:06.969 4249 4249 I hiphi_update_api: Hh_GetVersion calling ......
04-06 02:15:06.969 4249 4249 I hiphi_update_api: get version:01.00.0089.C102
04-06 02:15:06.969 4249 4249 I hiphi_update_api: Hh_GetVersion ret:0
04-06 02:15:07.010 4249 4249 E vota : [73d544f8]: [vota]: [scheduler]: finish coroutine(0x747276f158)
04-06 02:15:07.010 4249 4249 E vota : [73d544f8]: [vota]: [scheduler]: switch to original coroutine
04-06 02:15:07.010 4249 4249 E vota : [73d544f8]: [vota]: [scheduler]: switch to coroutine(0x7472864ca0) from coroutine(0x747276f158)
04-06 02:15:07.010 4249 4249 E vota : [73d544f8]: [vota]: [scheduler]: [loop]: ready 0
04-06 02:15:07.010 4249 4249 E vota : [73d544f8]: [vota]: [coroutine]: exit: 0x747276f158
04-06 02:15:07.003 4249 4249 I auditd : type=1400 audit(0.0:653): avc: denied { read append } for comm="hht_ota_mgr" name="NvmSim_yy.dat" dev="dm-10" ino=379 scontext=u:r:hht_ota_mgr:s0 tcontext=u:object_r:system_data_file:s0 tclass=file permissive=0
04-06 02:15:07.011 4249 4249 E vota : [73d544f8]: [vota]: [lock_profiler]:
04-06 02:15:07.011 4249 4249 E vota : [73d544f8]: [vota]: [lock_profiler]: lock: 0xb40000721106d58c, name: allocator, occupied: 0
04-06 02:15:07.011 4249 4249 E vota : [73d544f8]: [vota]: [lock_profiler]: lock: 0xb400007201069414, name: native_large_allocator, occupied: 0
04-06 02:15:07.011 4249 4249 E vota : [73d544f8]: [vota]: [small_allocator]:
04-06 02:15:07.011 4249 4249 E vota : [73d544f8]: [vota]: [static_fixed_pool]: [16]: peak_size: 288, wast_rate: 4074/10000, pred_failed: 0, item_maxn: 245, free_count: 18, malloc_count: 18
04-06 02:15:07.011 4249 4249 E vota : [73d544f8]: [vota]: [static_fixed_pool]: [96]: peak_size: 2208, wast_rate: 1028/10000, pred_failed: 0, item_maxn: 248, free_count: 23, malloc_count: 23
04-06 02:15:07.011 4249 4249 E vota : [73d544f8]: [vota]: [static_fixed_pool]: [128]: peak_size: 9216, wast_rate: 791/10000, pred_failed: 0, item_maxn: 249, free_count: 72, malloc_count: 72
04-06 02:15:07.011 4249 4249 E vota : [73d544f8]: [vota]: [static_fixed_pool]: [192]: peak_size: 2112, wast_rate: 541/10000, pred_failed: 0, item_maxn: 250, free_count: 11, malloc_count: 11
04-06 02:15:07.011 4249 4249 E vota : [73d544f8]: [vota]: [static_fixed_pool]: [256]: peak_size: 256, wast_rate: 411/10000, pred_failed: 0, item_maxn: 251, free_count: 1, malloc_count: 1
04-06 02:15:07.011 4249 4249 E vota : [73d544f8]: [vota]: [static_fixed_pool]: [384]: peak_size: 5376, wast_rate: 278/10000, pred_failed: 0, item_maxn: 252, free_count: 14, malloc_count: 14
04-06 02:15:07.011 4249 4249 E vota : [73d544f8]: [vota]: [static_fixed_pool]: [512]: peak_size: 5632, wast_rate: 210/10000, pred_failed: 0, item_maxn: 253, free_count: 11, malloc_count: 11
04-06 02:15:07.011 4249 4249 E vota : [73d544f8]: [vota]: [static_fixed_pool]: [1024]: peak_size: 2048, wast_rate: 106/10000, pred_failed: 0, item_maxn: 254, free_count: 2, malloc_count: 2
04-06 02:15:07.011 4249 4249 E vota : [73d544f8]: [vota]: [native_large_allocator]:
04-06 02:15:07.011 4249 4249 E vota : [73d544f8]: [vota]: [native_large_allocator]: peak_size: 3373986
04-06 02:15:07.011 4249 4249 E vota : [73d544f8]: [vota]: [native_large_allocator]: wast_rate: 4/10000
04-06 02:15:07.011 4249 4249 E vota : [73d544f8]: [vota]: [native_large_allocator]: free_count: 52
04-06 02:15:07.011 4249 4249 E vota : [73d544f8]: [vota]: [native_large_allocator]: malloc_count: 52
04-06 02:15:07.011 4249 4249 E vota : [73d544f8]: [vota]: [native_large_allocator]: ralloc_count: 0
04-06 02:15:07.011 4249 4249 E vota : [73d544f8]: [vota]: exit: ok
04-06 02:15:07.003 4249 4249 W hht_ota_mgr: type=1400 audit(0.0:653): avc: denied { read append } for name="NvmSim_yy.dat" dev="dm-10" ino=379 scontext=u:r:hht_ota_mgr:s0 tcontext=u:object_r:system_data_file:s0 tclass=file permissive=0
01-01 08:17:45.968 0 0 I init : Service 'hht_ota_mgr_service' (pid 4249) exited with status 0
01-01 08:17:45.968 0 0 I init : Sending signal 9 to service 'hht_ota_mgr_service' (pid 4249) process group...
01-01 08:17:45.968 0 0 I libprocessgroup: Successfully killed process cgroup uid 0 pid 4249 in 0ms
04-06 02:15:07.020 855 855 D vendor.qti.vibrator: Vibrator perform effect 0
04-06 02:15:07.020 1959 1959 I sysui_multi_action: [757,931,758,4,759,4,932,0,933,1]
04-06 02:15:07.020 855 855 D vendor.qti.vibrator: Vibrator on for timeoutMs: 10
04-06 02:15:07.021 855 4251 D vendor.qti.vibrator: Starting on on another thread
04-06 02:15:07.021 1959 1959 I KeyButtonView: Back button event: ACTION_UP
04-06 02:15:07.021 1511 2056 I sysui_multi_action: [757,803,799,key_back_press,802,1]
