04-06 02:11:59.219 1178 1178 W cnss_diag: type=1400 audit(0.0:423): avc: denied { search } for name="wlan_logs" dev="dm-10" ino=373 scontext=u:r:vendor_wcnss_service:s0 tcontext=u:object_r:vendor_wifi_vendor_log_data_file:s0 tclass=dir permissive=0
04-06 02:11:59.370 647 662 I mpu_uart: [MSG-P:RECV]:No message received in 1000 ms
04-06 02:11:59.887 2558 3890 I AdrenoGLES-0: QUALCOMM build : 47421dbee6, I139f36ad46
04-06 02:11:59.887 2558 3890 I AdrenoGLES-0: Build Date : 02/18/22
04-06 02:11:59.887 2558 3890 I AdrenoGLES-0: OpenGL ES Shader Compiler Version: EV031.32.02.17
04-06 02:11:59.887 2558 3890 I AdrenoGLES-0: Local Branch :
04-06 02:11:59.887 2558 3890 I AdrenoGLES-0: Remote Branch :
04-06 02:11:59.887 2558 3890 I AdrenoGLES-0: Remote Branch :
04-06 02:11:59.887 2558 3890 I AdrenoGLES-0: Reconstruct Branch :
04-06 02:11:59.887 2558 3890 I AdrenoGLES-0: Build Config : S P 10.0.7 AArch64
04-06 02:11:59.887 2558 3890 I AdrenoGLES-0: Driver Path : /vendor/lib64/egl/libGLESv2_adreno.so
04-06 02:11:59.887 506 506 I hwservicemanager: getTransport: Cannot find entry android.hardware.graphics.mapper@4.0::IMapper/default in either framework or device VINTF manifest.
04-06 02:11:59.893 2558 3890 I AdrenoGLES-0: PFP: 0x016dd093, ME: 0x00000000
04-06 02:11:59.903 2728 2728 W hpplay-java: [main]:IPManager:getActiveNets invalid networkInfo:null
04-06 02:11:59.904 2728 2728 I hpplay-java: [main]:IPManager:getActiveNets eth0:false wifi:false mobile:false ap:false
04-06 02:11:59.904 2728 2728 I hpplay-java: [main]:ServerTaskManager:get local ip:null
04-06 02:11:59.906 2558 3890 D libEGL : MSAA-->msaa:0 gamemode:0 4x_msaa:0
04-06 02:11:59.907 2558 3890 D libEGL : MSAA-->msaa:0 gamemode:0 4x_msaa:0
04-06 02:11:59.907 2558 3890 D libEGL : MSAA-->msaa:0 gamemode:0 4x_msaa:0
04-06 02:11:59.915 838 838 I SDM : HWCDisplay::GetColorModeCount: Supported color mode count = 1
04-06 02:11:59.915 838 838 I SDM : HWCDisplay::GetColorModes: Color mode = 0 is supported
04-06 02:11:59.916 904 1063 E HWComposer: getSupportedContentTypes: getSupportedContentTypes failed for display 4630946816427681409: Unsupported (8)
04-06 02:11:59.917 506 506 I hwservicemanager: getTransport: Cannot find entry android.hardware.graphics.allocator@4.0::IAllocator/default in either framework or device VINTF manifest.
04-06 02:11:59.917 2558 3890 W Gralloc4: allocator 4.x is not supported
04-06 02:11:59.940 2558 3890 E FrameEvents: updateAcquireFence: Did not find frame.
04-06 02:11:59.954 2558 3890 E FrameEvents: updateAcquireFence: Did not find frame.
04-06 02:11:59.961 2558 3890 E FrameEvents: updateAcquireFence: Did not find frame.
04-06 02:11:59.963 2558 3890 E FrameEvents: updateAcquireFence: Did not find frame.
04-06 02:11:59.984 1511 1700 I ActivityTaskManager: START u0 {act=android.intent.action.MAIN cat=[android.intent.category.HOME] flg=0x10010000 pkg=com.android.launcher3 cmp=com.android.launcher3/.uioverrides.QuickstepLauncher (has extras)} from uid 10075
04-06 02:11:59.984 1511 1607 I EventSequenceValidator: inc AccIntentStartedEvents to 2
04-06 02:11:59.986 1511 1607 I EventSequenceValidator: inc AccIntentStartedEvents to 3
04-06 02:11:59.989 1511 1700 D CompatibilityChangeReporter: Compat change id reported: 184838306; UID 10075; state: DISABLED
04-06 02:11:59.989 1511 1700 D CompatibilityChangeReporter: Compat change id reported: 185004937; UID 10075; state: DISABLED
04-06 02:11:59.989 1511 1700 D CompatibilityChangeReporter: Compat change id reported: 181136395; UID 10075; state: DISABLED
04-06 02:11:59.990 1511 1700 D CompatibilityChangeReporter: Compat change id reported: 174042936; UID 10075; state: DISABLED
04-06 02:11:59.990 1511 1700 D CompatibilityChangeReporter: Compat change id reported: 174042980; UID 10075; state: DISABLED
04-06 02:11:59.993 1511 1700 E ANDR-PERF-JNI: com_qualcomm_qtiperformance_native_perf_io_prefetch_start
04-06 02:11:59.994 1511 1700 I wm_task_created: [10,-1]
04-06 02:11:59.994 1511 1700 W ActivityTaskManager: Can't find TaskDisplayArea to determine support for multi window. Task id=10 attached=false
04-06 02:11:59.994 841 3142 E ANDR-IOP: io prefetch is disabled
04-06 02:11:59.994 1511 1700 I wm_task_created: [11,-1]
04-06 02:11:59.995 1511 1700 I wm_task_moved: [11,0,-2147483648]
04-06 02:11:59.995 1511 1700 I wm_create_task: [0,11]
04-06 02:11:59.995 1511 1700 I wm_create_activity: [0,81224896,11,com.android.launcher3/.uioverrides.QuickstepLauncher,android.intent.action.MAIN,NULL,NULL,268500992]
04-06 02:11:59.995 1511 1700 I wm_task_moved: [10,0,0]
04-06 02:11:59.996 1511 1700 I wm_task_moved: [10,0,6]
04-06 02:11:59.996 1511 1700 I ActivityTaskManager: The Process com.android.launcher3 Already Exists in BG. So sending its PID: 2558
04-06 02:11:59.997 1511 1700 I wm_restart_activity: [0,81224896,11,com.android.launcher3/.uioverrides.QuickstepLauncher]
04-06 02:11:59.997 1511 1700 D CompatibilityInfo: mCompatibilityFlags - 4
04-06 02:11:59.997 1511 1700 D CompatibilityInfo: applicationDensity - 240
04-06 02:11:59.997 1511 1700 D CompatibilityInfo: applicationScale - 1.0
04-06 02:11:59.999 1511 1700 I wm_add_to_stopping: [0,81224896,com.android.launcher3/.uioverrides.QuickstepLauncher,makeInvisible]
04-06 02:11:59.999 1511 1700 W WindowManager: performLayoutAndPlaceSurfacesLocked called while in layout. Callers=com.android.server.wm.WindowSurfacePlacer.performSurfacePlacement:126 com.android.server.wm.WindowSurfacePlacer.performSurfacePlacement:115 com.android.server.wm.WindowSurfacePlacer.continueLayout:97
04-06 02:12:00.001 1511 1607 I sysui_multi_action: [757,1144,758,8,806,com.android.launcher3,871,com.android.launcher3.uioverrides.QuickstepLauncher]
04-06 02:12:00.002 1959 1959 D KeyguardUpdateMonitor: received broadcast android.intent.action.TIME_TICK
04-06 02:12:00.002 1511 1607 I wm_stop_activity: [0,81224896,com.android.launcher3/.uioverrides.QuickstepLauncher]
04-06 02:12:00.002 1959 1959 D KeyguardUpdateMonitor: handleTimeUpdate
04-06 02:12:00.002 1511 1607 I EventSequenceValidator: dec AccIntentStartedEvents to 2
04-06 02:12:00.013 2558 2558 V Launcher: LauncherAppState initiated
04-06 02:12:00.018 2558 2558 D DeviceProfile: updateIconDrawableOffset: folderIconSizePx=80
04-06 02:12:00.025 2558 2558 D CompatibilityChangeReporter: Compat change id reported: 171228096; UID 10075; state: ENABLED
04-06 02:12:00.026 1511 1990 D libEGL : MSAA-->msaa:0 gamemode:0 4x_msaa:0
04-06 02:12:00.028 1959 1959 I ThemeOverlayController: Allowing color events again
04-06 02:12:00.092 1511 1700 W FreeFormWindowHelper: Current Display FreeFormTask is null
04-06 02:12:00.094 2558 2558 E ThemeUtils: View class com.android.quickstep.views.ClearAllImageView is an AppCompat widget that can only be used with a Theme.AppCompat theme (or descendant).
04-06 02:12:00.103 2558 2558 D EditModeHelper: setHotseatVisibility: 0
04-06 02:12:00.106 2558 2558 D Launcher.Model: startLoader
04-06 02:12:00.106 2558 2558 D Launcher.Model: java.lang.Exception
04-06 02:12:00.106 2558 2558 D Launcher.Model: at com.android.launcher3.LauncherModel.startLoader(LauncherModel.java:353)
04-06 02:12:00.106 2558 2558 D Launcher.Model: at com.android.launcher3.LauncherModel.addCallbacksAndLoad(LauncherModel.java:333)
04-06 02:12:00.106 2558 2558 D Launcher.Model: at com.android.launcher3.Launcher.onCreate(Launcher.java:529)
04-06 02:12:00.106 2558 2558 D Launcher.Model: at com.android.launcher3.BaseQuickstepLauncher.onCreate(BaseQuickstepLauncher.java:147)
04-06 02:12:00.106 2558 2558 D Launcher.Model: at android.app.Activity.performCreate(Activity.java:8085)
04-06 02:12:00.106 2558 2558 D Launcher.Model: at android.app.Activity.performCreate(Activity.java:8065)
04-06 02:12:00.106 2558 2558 D Launcher.Model: at android.app.Instrumentation.callActivityOnCreate(Instrumentation.java:1330)
04-06 02:12:00.106 2558 2558 D Launcher.Model: at android.app.ActivityThread.performLaunchActivity(ActivityThread.java:3609)
04-06 02:12:00.106 2558 2558 D Launcher.Model: at android.app.ActivityThread.handleLaunchActivity(ActivityThread.java:3793)
04-06 02:12:00.106 2558 2558 D Launcher.Model: at android.app.servertransaction.LaunchActivityItem.execute(LaunchActivityItem.java:103)
04-06 02:12:00.106 2558 2558 D Launcher.Model: at android.app.servertransaction.TransactionExecutor.executeCallbacks(TransactionExecutor.java:135)
04-06 02:12:00.106 2558 2558 D Launcher.Model: at android.app.servertransaction.TransactionExecutor.execute(TransactionExecutor.java:95)
04-06 02:12:00.106 2558 2558 D Launcher.Model: at android.app.ActivityThread$H.handleMessage(ActivityThread.java:2211)
04-06 02:12:00.106 2558 2558 D Launcher.Model: at android.os.Handler.dispatchMessage(Handler.java:106)
04-06 02:12:00.106 2558 2558 D Launcher.Model: at android.os.Looper.loopOnce(Looper.java:201)
04-06 02:12:00.106 2558 2558 D Launcher.Model: at android.os.Looper.loop(Looper.java:288)
04-06 02:12:00.106 2558 2558 D Launcher.Model: at android.app.ActivityThread.main(ActivityThread.java:7880)
04-06 02:12:00.106 2558 2558 D Launcher.Model: at java.lang.reflect.Method.invoke(Native Method)
04-06 02:12:00.106 2558 2558 D Launcher.Model: at com.android.internal.os.RuntimeInit$MethodAndArgsCaller.run(RuntimeInit.java:548)
04-06 02:12:00.106 2558 2558 D Launcher.Model: at com.android.internal.os.ZygoteInit.main(ZygoteInit.java:1009)
04-06 02:12:00.108 2558 2620 D LoaderTask: loadWorkspace: loading default favorites
04-06 02:12:00.108 2558 2620 D LauncherProvider: call: method=load_default_favorites,arg=null,extras=null
04-06 02:12:00.110 2558 2558 D TCServiceManager: add linkToDeath
04-06 02:12:00.111 2558 2558 D TCServiceManager: TCServiceManager bind TcService, status=success
04-06 02:12:00.111 2375 2419 D ProtectUartService: received RegisterListener token:LAUNCHER_VOLTAGE_PROTECT
04-06 02:12:00.111 2558 2558 I wm_on_create_called: [81224896,com.android.launcher3.uioverrides.QuickstepLauncher,performCreate]
04-06 02:12:00.112 2558 2558 I wm_on_start_called: [81224896,com.android.launcher3.uioverrides.QuickstepLauncher,handleStartActivity]
04-06 02:12:00.112 2558 2558 I wm_on_resume_called: [81224896,com.android.launcher3.uioverrides.QuickstepLauncher,LIFECYCLER_RESUME_ACTIVITY]
04-06 02:12:00.113 2558 2620 D LauncherProvider: loading default workspace
04-06 02:12:00.115 2558 2558 I wm_on_paused_called: [81224896,com.android.launcher3.uioverrides.QuickstepLauncher,performPause]
04-06 02:12:00.115 2558 2620 D DefaultLayoutParser: Can't find widget provider: com.android.alarmclock.AnalogAppWidgetProvider
04-06 02:12:00.116 2558 2620 E AutoInstalls: Favorite not found: com.android.calendar/com.android.calendar.AllInOneActivity
04-06 02:12:00.116 2558 2620 E AutoInstalls: Favorite not found: com.android.deskclock/com.android.deskclock.DeskClock
04-06 02:12:00.116 2558 2558 D StateManager: goToState: Normal
04-06 02:12:00.117 2558 2558 I wm_on_stop_called: [81224896,com.android.launcher3.uioverrides.QuickstepLauncher,STOP_ACTIVITY_ITEM]
04-06 02:12:00.118 2558 2558 D TouchInteractionService: Touch service connected: user=0
04-06 02:12:00.121 1511 2056 W FreeFormWindowHelper: Current Display FreeFormTask is null
04-06 02:12:00.121 2558 2558 D FreeWindowContainer: reloadTask: null
04-06 02:12:00.123 2558 2558 D EditModeHelper: setHotseatVisibility: 0
04-06 02:12:00.124 2558 2620 W DefaultLayoutParser: No preference or single system activity found for Intent { act=android.intent.action.MAIN cat=[android.intent.category.APP_EMAIL] }
04-06 02:12:00.124 2558 2620 W DefaultLayoutParser: No preference or single system activity found for Intent { act=android.intent.action.VIEW dat=mailto: }
04-06 02:12:00.124 2558 2620 W DefaultLayoutParser: No preference or single system activity found for Intent { act=android.intent.action.MAIN cat=[android.intent.category.APP_MARKET] }
04-06 02:12:00.125 2558 2620 W DefaultLayoutParser: No preference or single system activity found for Intent { act=android.intent.action.VIEW dat=market://details?id=com.android.launcher }
04-06 02:12:00.128 1511 1777 I wm_finish_activity: [0,248052437,8,com.android.systemui/.usb.UsbDebuggingActivity,recent-task-trimmed]
04-06 02:12:00.128 2558 2620 E ShortcutRequest: Failed to query for shortcuts
04-06 02:12:00.128 2558 2620 E ShortcutRequest: java.lang.SecurityException: Caller can't access shortcut information
04-06 02:12:00.128 2558 2620 E ShortcutRequest: at android.os.Parcel.createExceptionOrNull(Parcel.java:2425)
04-06 02:12:00.128 2558 2620 E ShortcutRequest: at android.os.Parcel.createException(Parcel.java:2409)
04-06 02:12:00.128 2558 2620 E ShortcutRequest: at android.os.Parcel.readException(Parcel.java:2392)
04-06 02:12:00.128 2558 2620 E ShortcutRequest: at android.os.Parcel.readException(Parcel.java:2334)
04-06 02:12:00.128 2558 2620 E ShortcutRequest: at android.content.pm.ILauncherApps$Stub$Proxy.getShortcuts(ILauncherApps.java:1554)
04-06 02:12:00.128 2558 2620 E ShortcutRequest: at android.content.pm.LauncherApps.getShortcuts(LauncherApps.java:1146)
04-06 02:12:00.128 2558 2620 E ShortcutRequest: at com.android.launcher3.shortcuts.ShortcutRequest.query(ShortcutRequest.java:102)
04-06 02:12:00.128 2558 2620 E ShortcutRequest: at com.android.launcher3.model.LoaderTask.loadWorkspace(LoaderTask.java:400)
04-06 02:12:00.128 2558 2620 E ShortcutRequest: at com.android.launcher3.model.LoaderTask.loadWorkspace(LoaderTask.java:317)
04-06 02:12:00.128 2558 2620 E ShortcutRequest: at com.android.launcher3.model.LoaderTask.run(LoaderTask.java:198)
04-06 02:12:00.128 2558 2620 E ShortcutRequest: at android.os.Handler.handleCallback(Handler.java:938)
04-06 02:12:00.128 2558 2620 E ShortcutRequest: at android.os.Handler.dispatchMessage(Handler.java:99)
04-06 02:12:00.128 2558 2620 E ShortcutRequest: at android.os.Looper.loopOnce(Looper.java:201)
04-06 02:12:00.128 2558 2620 E ShortcutRequest: at android.os.Looper.loop(Looper.java:288)
04-06 02:12:00.128 2558 2620 E ShortcutRequest: at android.os.HandlerThread.run(HandlerThread.java:67)
04-06 02:12:00.128 2558 2620 E ShortcutRequest: Caused by: android.os.RemoteException: Remote stack trace:
04-06 02:12:00.128 2558 2620 E ShortcutRequest: at com.android.server.pm.LauncherAppsService$LauncherAppsImpl.ensureShortcutPermission(LauncherAppsService.java:784)
04-06 02:12:00.128 2558 2620 E ShortcutRequest: at com.android.server.pm.LauncherAppsService$LauncherAppsImpl.getShortcuts(LauncherAppsService.java:824)
04-06 02:12:00.128 2558 2620 E ShortcutRequest: at android.content.pm.ILauncherApps$Stub.onTransact(ILauncherApps.java:674)
04-06 02:12:00.128 2558 2620 E ShortcutRequest: at android.os.Binder.execTransactInternal(Binder.java:1179)
04-06 02:12:00.128 2558 2620 E ShortcutRequest: at android.os.Binder.execTransact(Binder.java:1143)
04-06 02:12:00.128 2558 2620 E ShortcutRequest:
04-06 02:12:00.128 1511 1777 I wm_destroy_activity: [0,248052437,8,com.android.systemui/.usb.UsbDebuggingActivity,finish-imm:finishIfPossible]
04-06 02:12:00.129 1511 1607 I sysui_multi_action: [757,803,799,window_time_0,802,9]
04-06 02:12:00.129 1511 1604 W AdbDebuggingManager: Denying adb confirmation
04-06 02:12:00.130 1511 1604 D AdbDebuggingManager: Logging key null, state = 3, alwaysAllow = false, lastConnectionTime = 0, authWindow = 604800000
04-06 02:12:00.130 2693 2697 I adbd : adbd_auth: received packet: NO
04-06 02:12:00.130 2693 2697 I adbd : adbd_auth: no prompts to send
04-06 02:12:00.130 1959 1959 I wm_on_destroy_called: [248052437,com.android.systemui.usb.UsbDebuggingActivity,performDestroy]
04-06 02:12:00.130 1511 1777 W InputManager-JNI: Input channel object 'a2f138e com.android.systemui/com.android.systemui.usb.UsbDebuggingActivity (client)' was disposed without first being removed with the input manager!
04-06 02:12:00.131 2558 2620 D BaseIconFactory: normalizeAndWrapToAdaptiveIcon: scale=0.8096529
04-06 02:12:00.132 1511 2523 I wm_task_removed: [8,removeChild:removeChild last r=ActivityRecord{ec8fad5 u0 com.android.systemui/.usb.UsbDebuggingActivity t-1 f}} in t=Task{2c21254 #8 type=standard A=10084:com.android.systemui U=0 visible=false mode=fullscreen translucent=true sz=0}]
04-06 02:12:00.132 1511 2523 I wm_task_removed: [8,removeChild]
04-06 02:12:00.132 1511 1613 W UsageStatsService: Unexpected activity event reported! (com.android.systemui/com.android.systemui.usb.UsbDebuggingActivity event : 23 instanceId : 39401182)
04-06 02:12:00.132 1511 1608 W ActivityTaskManager: Can't find TaskDisplayArea to determine support for multi window. Task id=8 attached=false
04-06 02:12:00.133 1511 1608 W ActivityTaskManager: Can't find TaskDisplayArea to determine support for multi window. Task id=8 attached=false
04-06 02:12:00.146 2558 2620 D BaseIconFactory: normalizeAndWrapToAdaptiveIcon: scale=0.8096529
04-06 02:12:00.148 2558 2620 D BaseIconFactory: normalizeAndWrapToAdaptiveIcon: scale=0.8096529
04-06 02:12:00.150 2558 2620 D BaseIconFactory: normalizeAndWrapToAdaptiveIcon: scale=0.8096529
04-06 02:12:00.151 2558 2620 D BaseIconFactory: normalizeAndWrapToAdaptiveIcon: scale=0.8096529
04-06 02:12:00.152 2558 2620 D BaseIconFactory: normalizeAndWrapToAdaptiveIcon: scale=0.8096529
04-06 02:12:00.154 2558 2620 D LoaderTask: loadWorkspace
04-06 02:12:00.154 2558 2620 D LauncherProvider: call: method=remove_ghost_widgets,arg=null,extras=null
04-06 02:12:00.155 2558 2620 E ShortcutRequest: Failed to query for shortcuts
04-06 02:12:00.155 2558 2620 E ShortcutRequest: java.lang.SecurityException: Caller can't access shortcut information
04-06 02:12:00.155 2558 2620 E ShortcutRequest: at android.os.Parcel.createExceptionOrNull(Parcel.java:2425)
04-06 02:12:00.155 2558 2620 E ShortcutRequest: at android.os.Parcel.createException(Parcel.java:2409)
04-06 02:12:00.155 2558 2620 E ShortcutRequest: at android.os.Parcel.readException(Parcel.java:2392)
04-06 02:12:00.155 2558 2620 E ShortcutRequest: at android.os.Parcel.readException(Parcel.java:2334)
04-06 02:12:00.155 2558 2620 E ShortcutRequest: at android.content.pm.ILauncherApps$Stub$Proxy.getShortcuts(ILauncherApps.java:1554)
04-06 02:12:00.155 2558 2620 E ShortcutRequest: at android.content.pm.LauncherApps.getShortcuts(LauncherApps.java:1146)
04-06 02:12:00.155 2558 2620 E ShortcutRequest: at com.android.launcher3.shortcuts.ShortcutRequest.query(ShortcutRequest.java:102)
04-06 02:12:00.155 2558 2620 E ShortcutRequest: at com.android.launcher3.model.BgDataModel.updateShortcutPinnedState(BgDataModel.java:275)
04-06 02:12:00.155 2558 2620 E ShortcutRequest: at com.android.launcher3.model.BgDataModel.updateShortcutPinnedState(BgDataModel.java:260)
04-06 02:12:00.155 2558 2620 E ShortcutRequest: at com.android.launcher3.model.LoaderTask.sanitizeData(LoaderTask.java:899)
04-06 02:12:00.155 2558 2620 E ShortcutRequest: at com.android.launcher3.model.LoaderTask.run(LoaderTask.java:207)
04-06 02:12:00.155 2558 2620 E ShortcutRequest: at android.os.Handler.handleCallback(Handler.java:938)
04-06 02:12:00.155 2558 2620 E ShortcutRequest: at android.os.Handler.dispatchMessage(Handler.java:99)
04-06 02:12:00.155 2558 2620 E ShortcutRequest: at android.os.Looper.loopOnce(Looper.java:201)
04-06 02:12:00.155 2558 2620 E ShortcutRequest: at android.os.Looper.loop(Looper.java:288)
04-06 02:12:00.155 2558 2620 E ShortcutRequest: at android.os.HandlerThread.run(HandlerThread.java:67)
04-06 02:12:00.155 2558 2620 D LoaderTask: sanitizeData
04-06 02:12:00.155 2558 2620 D LoaderTask: bindWorkspace
04-06 02:12:00.156 2558 2620 D LoaderTask: sendFirstScreenActiveInstallsBroadcast
04-06 02:12:00.159 2558 2558 D HotseatController: clearEmptyGrid: size=4
04-06 02:12:00.163 2558 2620 D LoaderTask: step 1 complete
04-06 02:12:00.170 2558 2620 D BaseIconFactory: normalizeAndWrapToAdaptiveIcon: scale=0.8096529
04-06 02:12:00.174 2558 2620 D BaseIconFactory: normalizeAndWrapToAdaptiveIcon: scale=0.8085681
04-06 02:12:00.178 2558 2620 D BaseIconFactory: normalizeAndWrapToAdaptiveIcon: scale=0.81813693
04-06 02:12:00.179 2558 2620 D LoaderTask: loadAllApps
04-06 02:12:00.180 2558 2620 D LoaderTask: apps.size 8
04-06 02:12:00.180 2558 2620 D LoaderTask: app pkg com.android.gallery3d
04-06 02:12:00.181 2558 2620 D LoaderTask: app pkg com.android.music
04-06 02:12:00.181 2558 2620 D LoaderTask: app pkg com.android.music
04-06 02:12:00.181 2558 2620 D LoaderTask: app pkg com.android.settings
04-06 02:12:00.182 2558 2620 D LoaderTask: app pkg com.microsoft.emmx
04-06 02:12:00.182 2558 2620 D LoaderTask: app pkg com.android.documentsui
04-06 02:12:00.182 2558 2620 D LoaderTask: app pkg com.hht.lebocast
04-06 02:12:00.182 2558 2620 D LoaderTask: app pkg com.sohu.inputmethod.sogou.car
04-06 02:12:00.182 2558 2620 D LoaderTask: installQueue.size 8
04-06 02:12:00.183 2558 2620 D BaseModelUpdateTask: BaseModelUpdateTask constructor
04-06 02:12:00.183 2558 2620 D BaseModelUpdateTask: java.lang.Exception
04-06 02:12:00.183 2558 2620 D BaseModelUpdateTask: at com.android.launcher3.model.BaseModelUpdateTask.(BaseModelUpdateTask.java:57)
04-06 02:12:00.183 2558 2620 D BaseModelUpdateTask: at com.android.launcher3.model.AddWorkspaceItemsTask.(AddWorkspaceItemsTask.java:58)
04-06 02:12:00.183 2558 2620 D BaseModelUpdateTask: at com.android.launcher3.LauncherModel.addAndBindAddedWorkspaceItems(LauncherModel.java:145)
04-06 02:12:00.183 2558 2620 D BaseModelUpdateTask: at com.android.launcher3.model.LoaderTask.verifyApplications(LoaderTask.java:1061)
04-06 02:12:00.183 2558 2620 D BaseModelUpdateTask: at com.android.launcher3.model.LoaderTask.run(LoaderTask.java:229)
04-06 02:12:00.183 2558 2620 D BaseModelUpdateTask: at android.os.Handler.handleCallback(Handler.java:938)
04-06 02:12:00.183 2558 2620 D BaseModelUpdateTask: at android.os.Handler.dispatchMessage(Handler.java:99)
04-06 02:12:00.183 2558 2620 D BaseModelUpdateTask: at android.os.Looper.loopOnce(Looper.java:201)
04-06 02:12:00.183 2558 2620 D BaseModelUpdateTask: at android.os.Looper.loop(Looper.java:288)
04-06 02:12:00.183 2558 2620 D BaseModelUpdateTask: at android.os.HandlerThread.run(HandlerThread.java:67)
04-06 02:12:00.183 2558 2620 D LauncherProvider: call: method=generate_new_item_id,arg=null,extras=null
04-06 02:12:00.185 2558 2620 D ModelWriter: addItemToDatabase: WorkspaceItemInfo(id=7 type=APP container=# com.android.launcher3.logger.LauncherAtom$ContainerInfo@1a1bf6a
04-06 02:12:00.185 2558 2620 D ModelWriter: workspace {
04-06 02:12:00.185 2558 2620 D ModelWriter: grid_x: 0
04-06 02:12:00.185 2558 2620 D ModelWriter: grid_y: 0
04-06 02:12:00.185 2558 2620 D ModelWriter: page_index: 0
04-06 02:12:00.185 2558 2620 D ModelWriter: }(-100) targetComponent=ComponentInfo{com.microsoft.emmx/com.microsoft.ruby.Main} screen=0 cell(0,0) span(1,1) minSpan(1,1) rank=0 user=UserHandle{0} title=Edge)
04-06 02:12:00.189 2558 2620 D AddWorkspaceItemsTask: Adding item info to workspace: WorkspaceItemInfo(id=7 type=APP container=# com.android.launcher3.logger.LauncherAtom$ContainerInfo@1a1bf6a
04-06 02:12:00.189 2558 2620 D AddWorkspaceItemsTask: workspace {
04-06 02:12:00.189 2558 2620 D AddWorkspaceItemsTask: grid_x: 0
04-06 02:12:00.189 2558 2620 D AddWorkspaceItemsTask: grid_y: 0
04-06 02:12:00.189 2558 2620 D AddWorkspaceItemsTask: page_index: 0
04-06 02:12:00.189 2558 2620 D AddWorkspaceItemsTask: }(-100) targetComponent=ComponentInfo{com.microsoft.emmx/com.microsoft.ruby.Main} screen=0 cell(0,0) span(1,1) minSpan(1,1) rank=0 user=UserHandle{0} title=Edge)
04-06 02:12:00.189 2558 2620 D LauncherProvider: call: method=generate_new_item_id,arg=null,extras=null
04-06 02:12:00.190 2558 2620 D ModelWriter: addItemToDatabase: WorkspaceItemInfo(id=8 type=APP container=# com.android.launcher3.logger.LauncherAtom$ContainerInfo@1a404f7
04-06 02:12:00.190 2558 2620 D ModelWriter: workspace {
04-06 02:12:00.190 2558 2620 D ModelWriter: grid_x: 1
04-06 02:12:00.190 2558 2620 D ModelWriter: grid_y: 0
04-06 02:12:00.190 2558 2620 D ModelWriter: page_index: 0
04-06 02:12:00.190 2558 2620 D ModelWriter: }(-100) targetComponent=ComponentInfo{com.hht.lebocast/com.hht.lebocast.GuidanceActivity} screen=0 cell(1,0) span(1,1) minSpan(1,1) rank=0 user=UserHandle{0} title=智联投屏)
04-06 02:12:00.192 2558 2620 D AddWorkspaceItemsTask: Adding item info to workspace: WorkspaceItemInfo(id=8 type=APP container=# com.android.launcher3.logger.LauncherAtom$ContainerInfo@1a404f7
04-06 02:12:00.192 2558 2620 D AddWorkspaceItemsTask: workspace {
04-06 02:12:00.192 2558 2620 D AddWorkspaceItemsTask: grid_x: 1
04-06 02:12:00.192 2558 2620 D AddWorkspaceItemsTask: grid_y: 0
04-06 02:12:00.192 2558 2620 D AddWorkspaceItemsTask: page_index: 0
04-06 02:12:00.192 2558 2620 D AddWorkspaceItemsTask: }(-100) targetComponent=ComponentInfo{com.hht.lebocast/com.hht.lebocast.GuidanceActivity} screen=0 cell(1,0) span(1,1) minSpan(1,1) rank=0 user=UserHandle{0} title=智联投屏)
04-06 02:12:00.193 2558 2620 D LauncherProvider: call: method=generate_new_item_id,arg=null,extras=null
04-06 02:12:00.193 2558 2620 D ModelWriter: addItemToDatabase: WorkspaceItemInfo(id=9 type=APP container=# com.android.launcher3.logger.LauncherAtom$ContainerInfo@1a64a84
04-06 02:12:00.193 2558 2620 D ModelWriter: workspace {
04-06 02:12:00.193 2558 2620 D ModelWriter: grid_x: 2
04-06 02:12:00.193 2558 2620 D ModelWriter: grid_y: 0
04-06 02:12:00.193 2558 2620 D ModelWriter: page_index: 0
04-06 02:12:00.193 2558 2620 D ModelWriter: }(-100) targetComponent=ComponentInfo{com.sohu.inputmethod.sogou.car/com.sohu.inputmethod.sogou.car.settingsui.SogouSettingsActivity} screen=0 cell(2,0) span(1,1) minSpan(1,1) rank=0 user=UserHandle{0} title=搜狗输入法)
04-06 02:12:00.196 1511 2523 W FreeFormWindowHelper: Current Display FreeFormTask is null
04-06 02:12:00.196 1511 1777 W FreeFormWindowHelper: Current Display FreeFormTask is null
04-06 02:12:00.197 1511 1700 W FreeFormWindowHelper: Current Display FreeFormTask is null
04-06 02:12:00.197 2558 2620 D AddWorkspaceItemsTask: Adding item info to workspace: WorkspaceItemInfo(id=9 type=APP container=# com.android.launcher3.logger.LauncherAtom$ContainerInfo@1a64a84
04-06 02:12:00.197 2558 2620 D AddWorkspaceItemsTask: workspace {
04-06 02:12:00.197 2558 2620 D AddWorkspaceItemsTask: grid_x: 2
04-06 02:12:00.197 2558 2620 D AddWorkspaceItemsTask: grid_y: 0
04-06 02:12:00.197 2558 2620 D AddWorkspaceItemsTask: page_index: 0
04-06 02:12:00.197 2558 2620 D AddWorkspaceItemsTask: }(-100) targetComponent=ComponentInfo{com.sohu.inputmethod.sogou.car/com.sohu.inputmethod.sogou.car.settingsui.SogouSettingsActivity} screen=0 cell(2,0) span(1,1) minSpan(1,1) rank=0 user=UserHandle{0} title=搜狗输入法)
04-06 02:12:00.197 2558 2620 D LoaderTask: bindAllApps
04-06 02:12:00.198 1511 2090 I InputDispatcher: Monitor swipe-up (server) is stealing touch from []
04-06 02:12:00.198 1511 2056 I wm_task_moved: [10,0,0]
04-06 02:12:00.198 1511 2056 I wm_task_moved: [10,0,5]
04-06 02:12:00.198 1511 1607 I EventSequenceValidator: inc AccIntentStartedEvents to 3
04-06 02:12:00.201 2558 2558 D HotseatController: clearEmptyGrid: size=4
04-06 02:12:00.201 2558 2620 D LoaderTask: update icon cache
04-06 02:12:00.201 2558 2620 D LoaderTask: save shortcuts in icon cache
04-06 02:12:00.201 1511 1777 W FreeFormWindowHelper: Current Display FreeFormTask is null
04-06 02:12:00.202 1959 1959 V ShadeControllerImpl: NotificationShadeWindow: com.android.systemui.statusbar.phone.NotificationShadeWindowView{21020ec I.E...... ......ID 0,0-2560,1080} canPanelBeCollapsed(): false
04-06 02:12:00.203 2558 2558 V GameTypeUtils: judge isGame:com.android.gallery3d
04-06 02:12:00.203 2558 2558 V GameTypeUtils: judge isGame:com.android.music
04-06 02:12:00.203 2558 2558 V GameTypeUtils: judge isGame:com.android.music
04-06 02:12:00.204 2558 2558 V GameTypeUtils: judge isGame:com.microsoft.emmx
04-06 02:12:00.204 2558 2558 V GameTypeUtils: judge isGame:com.android.documentsui
04-06 02:12:00.204 2558 2558 V GameTypeUtils: judge isGame:com.sohu.inputmethod.sogou.car
04-06 02:12:00.204 1511 1700 W FreeFormWindowHelper: Current Display FreeFormTask is null
04-06 02:12:00.204 1511 2056 W FreeFormWindowHelper: Current Display FreeFormTask is null
04-06 02:12:00.204 2558 2558 I wm_on_restart_called: [81224896,com.android.launcher3.uioverrides.QuickstepLauncher,performRestartActivity]
04-06 02:12:00.205 2558 2558 D StateManager: goToState: Background
04-06 02:12:00.205 1511 1990 W FreeFormWindowHelper: Current Display FreeFormTask is null
04-06 02:12:00.205 2558 2558 D FreeWindowContainer: reloadTask: null
04-06 02:12:00.206 2558 2558 V GameTypeUtils: judge isGame:com.android.gallery3d
04-06 02:12:00.206 2558 2558 V GameTypeUtils: judge isGame:com.android.music
04-06 02:12:00.206 2558 2558 V GameTypeUtils: judge isGame:com.android.music
04-06 02:12:00.206 2558 2558 V GameTypeUtils: judge isGame:com.microsoft.emmx
04-06 02:12:00.206 2558 2558 V GameTypeUtils: judge isGame:com.android.documentsui
04-06 02:12:00.207 2558 2558 V GameTypeUtils: judge isGame:com.sohu.inputmethod.sogou.car
04-06 02:12:00.210 2558 2558 D EditModeHelper: setHotseatVisibility: 8
04-06 02:12:00.211 1511 2056 W FreeFormWindowHelper: Current Display FreeFormTask is null
04-06 02:12:00.212 2558 2558 I wm_on_start_called: [81224896,com.android.launcher3.uioverrides.QuickstepLauncher,handleStartActivity]
04-06 02:12:00.213 1511 2056 W FreeFormWindowHelper: Current Display FreeFormTask is null
04-06 02:12:00.213 1511 1777 W FreeFormWindowHelper: Current Display FreeFormTask is null
04-06 02:12:00.217 904 2713 W ServiceManager: Permission failure: android.permission.ACCESS_SURFACE_FLINGER from uid=10075 pid=2558
04-06 02:12:00.217 904 2713 D PermissionCache: checking android.permission.ACCESS_SURFACE_FLINGER for uid=10075 => denied (115 us)
04-06 02:12:00.217 904 2713 D PermissionCache: checking android.permission.ROTATE_SURFACE_FLINGER for uid=10075 => granted (72 us)
04-06 02:12:00.219 1511 2056 W FreeFormWindowHelper: Current Display FreeFormTask is null
04-06 02:12:00.224 2558 2558 W View : requestLayout() improperly called by com.android.launcher3.views.NoInsetView{bfa1bf6 V.ED..... ......ID 0,0-342,1080 #7f09007c app:id/bg_hotseat} during layout: running second layout pass
04-06 02:12:00.226 2558 2558 I LatencyTracker: ACTION_TOGGLE_RECENTS latency=31
04-06 02:12:00.226 2558 2558 I sysui_latency: [1,31]
04-06 02:12:00.227 904 904 I BpBinder: onLastStrongRef automatically unlinking death recipients:
04-06 02:12:00.250 1511 1608 I ActivityRecord: real home.....com.android.launcher3/.uioverrides.QuickstepLauncher
04-06 02:12:00.250 1511 1608 I WindowManager: ******* TELLING SURFACE FLINGER WE ARE BOOTED!
04-06 02:12:00.250 904 1063 I SurfaceFlinger: Boot is finished (118496 ms)
04-06 02:12:00.251 1511 1604 I sysui_multi_action: [319,30,322,51,325,124,757,761,758,9,759,5,806,com.android.launcher3,871,com.android.launcher3.uioverrides.QuickstepLauncher,904,com.android.launcher3,905,0,1320,4,1321,1]
04-06 02:12:00.251 904 1063 I sf_stop_bootanim: 124348
04-06 02:12:00.251 904 1063 I SurfaceFlinger: Early Wakeup: 0, Dynamic SF Idle: 0
04-06 02:12:00.253 1511 1607 I EventSequenceValidator: dec AccIntentStartedEvents to 2
04-06 02:12:00.255 2558 2558 D StateManager: goToState: Background
04-06 02:12:00.255 1511 2524 I wm_task_moved: [10,0,5]
04-06 02:12:00.255 2558 2558 D StateManager: goToState: QuickSwitch
04-06 02:12:00.256 2558 2558 D EditModeHelper: setHotseatVisibility: 8
04-06 02:12:00.256 1511 2524 I wm_add_to_stopping: [0,81224896,com.android.launcher3/.uioverrides.QuickstepLauncher,makeInvisible]
04-06 02:12:00.256 1511 2056 W FreeFormWindowHelper: Current Display FreeFormTask is null
04-06 02:12:00.257 1511 1545 W FreeFormWindowHelper: Current Display FreeFormTask is null
04-06 02:12:00.257 1511 1607 I sysui_multi_action: [757,1144,758,8,806,com.android.launcher3,871,com.android.launcher3.uioverrides.QuickstepLauncher]
04-06 02:12:00.258 1511 1607 I wm_stop_activity: [0,81224896,com.android.launcher3/.uioverrides.QuickstepLauncher]
04-06 02:12:00.258 1511 1607 I EventSequenceValidator: dec AccIntentStartedEvents to 1
04-06 02:12:00.260 1511 3300 W FreeFormWindowHelper: Current Display FreeFormTask is null
04-06 02:12:00.261 505 505 I servicemanager: Found android.hardware.power.IPower/default in device VINTF manifest.
04-06 02:12:00.261 904 1063 I PowerAdvisor: Loaded AIDL Power HAL service
04-06 02:12:00.261 825 825 I QTI PowerHAL: Power isModeSupported: 6
04-06 02:12:00.261 825 825 I QTI PowerHAL: Power isBoostSupported: 1
04-06 02:12:00.261 1511 3300 W FreeFormWindowHelper: Current Display FreeFormTask is null
04-06 02:12:00.261 1511 2524 W FreeFormWindowHelper: Current Display FreeFormTask is null
04-06 02:12:00.262 1511 3300 W FreeFormWindowHelper: Current Display FreeFormTask is null
04-06 02:12:00.262 2558 2558 D FreeWindowContainer: reloadTask: null
04-06 02:12:00.262 1511 1691 I input_focus: [Focus entering 9e506ba com.thundercomm.screensaver/android.service.dreams.DreamActivity (server),reason=setFocusedWindow]
04-06 02:12:00.263 2558 2558 V GameTypeUtils: judge isGame:com.android.gallery3d
04-06 02:12:00.263 2558 2558 V GameTypeUtils: judge isGame:com.android.music
04-06 02:12:00.264 1511 1777 I am_uid_running: 10028
04-06 02:12:00.264 2558 2558 V GameTypeUtils: judge isGame:com.android.music
04-06 02:12:00.264 2558 2558 V GameTypeUtils: judge isGame:com.microsoft.emmx
04-06 02:12:00.264 1511 1777 D CompatibilityChangeReporter: Compat change id reported: 135634846; UID 10028; state: DISABLED
04-06 02:12:00.264 1511 1777 D CompatibilityChangeReporter: Compat change id reported: 177438394; UID 10028; state: DISABLED
04-06 02:12:00.264 2558 2558 V GameTypeUtils: judge isGame:com.android.documentsui
04-06 02:12:00.264 1511 1777 D CompatibilityChangeReporter: Compat change id reported: 135772972; UID 10028; state: DISABLED
04-06 02:12:00.264 1511 1777 D CompatibilityChangeReporter: Compat change id reported: 135754954; UID 10028; state: DISABLED
04-06 02:12:00.264 2558 2558 V GameTypeUtils: judge isGame:com.sohu.inputmethod.sogou.car
04-06 02:12:00.264 1511 1615 D CompatibilityChangeReporter: Compat change id reported: 143937733; UID 10028; state: DISABLED
04-06 02:12:00.266 2558 2558 D StateManager: goToState: Normal
04-06 02:12:00.266 2558 2558 D FreeWindowHelper: enterOrExitRecentTasks: isEnterRecentTasks=false,mExitFlag=0
04-06 02:12:00.266 1511 1990 W FreeFormWindowHelper: exitRecentTasks type=0
04-06 02:12:00.266 904 3912 I SmoMo : DisplayExtnImpl::HandleTid: Successfully sent SF TID:1063. ret = -2
04-06 02:12:00.267 904 3912 I SmoMo : DisplayExtnImpl::HandleTid: Successfully sent RE TID:1065. ret = -2
04-06 02:12:00.267 2558 2558 D EditModeHelper: setHotseatVisibility: 0
04-06 02:12:00.268 2558 2558 I wm_on_stop_called: [81224896,com.android.launcher3.uioverrides.QuickstepLauncher,STOP_ACTIVITY_ITEM]
04-06 02:12:00.269 668 668 D Zygote : Forked child process 3913
04-06 02:12:00.270 1511 1615 I am_proc_start: [0,3913,10028,com.baidu.input,service,{com.baidu.input/com.baidu.input.ImeService}]
04-06 02:12:00.270 1511 1615 I ActivityManager: Start proc 3913:com.baidu.input/u0a28 for service {com.baidu.input/com.baidu.input.ImeService}
04-06 02:12:00.272 3913 3913 I libc : SetHeapTaggingLevel: tag level set to 0
04-06 02:12:00.274 3913 3913 E com.baidu.inpu: Not starting debugger since process cannot load the jdwp agent.
04-06 02:12:00.275 3913 3913 D ProcessState: Binder ioctl to enable oneway spam detection failed: Invalid argument
04-06 02:12:00.277 1511 1777 I am_proc_bound: [0,3913,com.baidu.input]
01-01 08:14:39.225 0 0 I binder : 3913:3913 ioctl 40046210 7fe5c1ab14 returned -22
04-06 02:12:00.278 1511 1777 D CompatibilityChangeReporter: Compat change id reported: 168419799; UID 10028; state: DISABLED
04-06 02:12:00.278 1511 1777 D CompatibilityInfo: mCompatibilityFlags - 4
04-06 02:12:00.278 1511 1777 D CompatibilityInfo: applicationDensity - 240
04-06 02:12:00.278 1511 1777 D CompatibilityInfo: applicationScale - 1.0
04-06 02:12:00.279 2558 2620 D LoaderTask: step 2 complete
04-06 02:12:00.279 2558 2620 D LoaderTask: loadDeepShortcuts
04-06 02:12:00.279 2558 2620 D LoaderTask: bindDeepShortcuts
04-06 02:12:00.279 2558 2620 D LoaderTask: save deep shortcuts in icon cache
04-06 02:12:00.279 2558 2620 D LoaderTask: step 3 complete
04-06 02:12:00.279 1511 1613 W UsageStatsService: Unexpected activity event reported! (com.android.launcher3/com.android.launcher3.uioverrides.QuickstepLauncher event : 23 instanceId : 24004263)
04-06 02:12:00.280 1511 1777 I am_uid_active: 10028
04-06 02:12:00.280 1511 1777 D CompatibilityInfo: mCompatibilityFlags - 4
04-06 02:12:00.280 1511 1777 D CompatibilityInfo: applicationDensity - 240
04-06 02:12:00.280 1511 1777 D CompatibilityInfo: applicationScale - 1.0
04-06 02:12:00.282 3913 3913 D CompatibilityChangeReporter: Compat change id reported: 171979766; UID 10028; state: DISABLED
04-06 02:12:00.283 3913 3913 D ApplicationLoaders: Returning zygote-cached class loader: /system/framework/android.test.base.jar
04-06 02:12:00.290 2558 2620 D BaseIconFactory: normalizeAndWrapToAdaptiveIcon: scale=0.8096529
04-06 02:12:00.292 2558 2620 D BaseIconFactory: normalizeAndWrapToAdaptiveIcon: scale=0.8096529
04-06 02:12:00.295 2558 2620 D BaseIconFactory: normalizeAndWrapToAdaptiveIcon: scale=0.8096529
04-06 02:12:00.298 2558 2620 D BaseIconFactory: normalizeAndWrapToAdaptiveIcon: scale=0.8096529
04-06 02:12:00.300 2558 2620 D LoaderTask: load widgets
04-06 02:12:00.303 2558 2620 I WidgetsModel: found whitelist widget: com.android.settings, label: 设置快捷方式, sectionName:S
04-06 02:12:00.304 2558 2620 I WidgetsModel: found whitelist widget: com.android.gallery3d, label: 照片, sectionName:T
04-06 02:12:00.304 2558 2620 I WidgetsModel: found whitelist widget: com.android.systemui, label: 对话, sectionName:D
04-06 02:12:00.304 2558 2620 I WidgetsModel: found whitelist widget: com.android.music, label: 音乐, sectionName:Y
04-06 02:12:00.304 2558 2620 D LoaderTask: bindWidgets
04-06 02:12:00.305 2558 2620 D LoaderTask: save widgets in icon cache
04-06 02:12:00.305 2558 2620 D LoaderTask: finish icon update
04-06 02:12:00.305 1511 1676 I commit_sys_config_file: [settings-1-0,1]
04-06 02:12:00.306 2558 2620 D LauncherProvider: call: method=new_db_transaction,arg=null,extras=null
04-06 02:12:00.309 3913 3913 I Perf : Connecting to perf service.
04-06 02:12:00.310 2558 2620 D BaseIconFactory: normalizeAndWrapToAdaptiveIcon: scale=0.8096529
04-06 02:12:00.310 1511 1608 W Choreographer: Frame time is 0.260258 ms in the future! Check that graphics HAL is generating vsync timestamps using the correct timebase.
04-06 02:12:00.310 2558 2558 W Choreographer: Frame time is 0.203852 ms in the future! Check that graphics HAL is generating vsync timestamps using the correct timebase.
04-06 02:12:00.311 3913 3913 V GraphicsEnvironment: ANGLE Developer option for 'com.baidu.input' set to: 'default'
04-06 02:12:00.311 3913 3913 V GraphicsEnvironment: ANGLE GameManagerService for com.baidu.input: false
04-06 02:12:00.312 3913 3913 D NetworkSecurityConfig: Using Network Security Config from resource network_security_config debugBuild: false
04-06 02:12:00.312 3913 3913 D NetworkSecurityConfig: Using Network Security Config from resource network_security_config debugBuild: false
04-06 02:12:00.316 2558 2620 D BaseIconFactory: normalizeAndWrapToAdaptiveIcon: scale=0.8096529
04-06 02:12:00.321 2558 2620 D BaseIconFactory: normalizeAndWrapToAdaptiveIcon: scale=0.8096529
04-06 02:12:00.325 3913 3913 I MultiDex: VM with version 2.1.0 has multidex support
04-06 02:12:00.325 3913 3913 I MultiDex: Installing application
04-06 02:12:00.325 3913 3913 I MultiDex: VM has multidex support, MultiDex support library is disabled.
04-06 02:12:00.325 3913 3913 I MultiDex: Installing application
04-06 02:12:00.325 3913 3913 I MultiDex: VM has multidex support, MultiDex support library is disabled.
04-06 02:12:00.326 2558 2620 D BaseIconFactory: normalizeAndWrapToAdaptiveIcon: scale=0.8096529
04-06 02:12:00.329 2558 2620 D BaseIconFactory: normalizeAndWrapToAdaptiveIcon: scale=0.8096529
04-06 02:12:00.333 2558 2620 D BaseIconFactory: normalizeAndWrapToAdaptiveIcon: scale=0.91217864
04-06 02:12:00.337 2558 2620 D BaseIconFactory: normalizeAndWrapToAdaptiveIcon: scale=0.8096529
04-06 02:12:00.341 2558 2620 D BaseIconFactory: normalizeAndWrapToAdaptiveIcon: scale=0.8096529
04-06 02:12:00.345 2558 2620 D BaseIconFactory: normalizeAndWrapToAdaptiveIcon: scale=0.8096529
04-06 02:12:00.350 2558 2620 D BaseIconFactory: normalizeAndWrapToAdaptiveIcon: scale=0.8096529
04-06 02:12:00.362 3913 3931 I MMKV : page size:4096
04-06 02:12:00.363 3913 3931 I MMKV : root dir: /data/user/0/com.baidu.input/files/mmkv
04-06 02:12:00.363 3913 3931 I MMKV : loading [mmkv.default] with 1726 size in total, file size is 4096
04-06 02:12:00.363 3913 3931 I MMKV : loading [mmkv.default] with crc 4023683896 sequence 2
04-06 02:12:00.363 3913 3931 I MMKV : loaded [mmkv.default] with 25 values
04-06 02:12:00.370 647 662 I mpu_uart: [MSG-P:RECV]:No message received in 1000 ms
04-06 02:12:00.375 1511 1691 I input_interaction: Interaction with: 9e506ba com.thundercomm.screensaver/android.service.dreams.DreamActivity (server), edge-swipe (server), swipe-up (server), PointerEventDispatcher0 (server),
04-06 02:12:00.376 1511 2090 I wm_finish_activity: [0,16849732,9,com.thundercomm.screensaver/android.service.dreams.DreamActivity,finish-activity]
04-06 02:12:00.376 1511 2090 I wm_task_moved: [10,1,5]
04-06 02:12:00.377 1511 2090 I wm_task_moved: [11,1,2147483647]
04-06 02:12:00.377 1511 2090 I wm_task_to_front: [0,11]
04-06 02:12:00.377 1511 2090 I wm_focused_root_task: [0,0,10,9,finish-top adjustFocusToNextFocusableTask]
04-06 02:12:00.377 1511 2090 I wm_set_resumed_activity: [0,com.android.launcher3/.uioverrides.QuickstepLauncher,finish-top adjustFocusToNextFocusableTask]
04-06 02:12:00.377 1511 2090 D ActivityTrigger: ActivityTrigger activityPauseTrigger
04-06 02:12:00.377 1511 2090 I wm_pause_activity: [0,16849732,com.thundercomm.screensaver/android.service.dreams.DreamActivity,userLeaving=false,finish]
04-06 02:12:00.379 1511 2090 I DreamManagerService: Gently waking up from dream.
04-06 02:12:00.379 1511 1604 I DreamManagerService: Performing gentle wake from dream.
04-06 02:12:00.379 3842 3842 I wm_on_top_resumed_lost_called: [16849732,android.service.dreams.DreamActivity,topStateChangedWhenResumed]
04-06 02:12:00.379 3842 3842 I wm_on_paused_called: [16849732,android.service.dreams.DreamActivity,performPause]
04-06 02:12:00.380 1511 2524 I wm_add_to_stopping: [0,16849732,com.thundercomm.screensaver/android.service.dreams.DreamActivity,completeFinishing]
04-06 02:12:00.380 1511 2524 I ActivityTaskManager: FOREGROUND_APPLICATION_CHANGED to com.android.launcher3.uioverrides.QuickstepLauncher
04-06 02:12:00.381 1511 2524 I wm_set_resumed_activity: [0,com.android.launcher3/.uioverrides.QuickstepLauncher,resumeTopActivityInnerLocked]
04-06 02:12:00.381 1959 1983 D KeyguardViewMediator: setOccluded false
04-06 02:12:00.381 1511 2524 I wm_resume_activity: [0,81224896,11,com.android.launcher3/.uioverrides.QuickstepLauncher]
04-06 02:12:00.382 1959 1959 D StatusBar: disable disable2
04-06 02:12:00.382 1959 1959 D KeyguardViewMediator: adjustStatusBarLocked: mShowing=false mOccluded=false isSecure=false force=false --> flags=0x0
04-06 02:12:00.383 1511 1607 I sysui_multi_action: [757,803,799,window_time_0,802,0]
04-06 02:12:00.384 1511 1607 I sysui_multi_action: [757,803,799,window_time_0,802,0]
04-06 02:12:00.385 2054 3630 I GameMode_ActivityMonitoringService: onActivityLaunch: com.android.launcher3, isGameApp: false
04-06 02:12:00.385 2054 3630 V GameMode_GpuUtils: fps:60
04-06 02:12:00.386 2054 3630 D GameModeIF_GameModeSettings: getUriFor setting_content_uri_root = content://com.thundercomm.gamemode.api/gamemode_settings , name = gamemode_enable
04-06 02:12:00.391 3913 3913 I Helios : provider onCreate
04-06 02:12:00.395 3842 3842 I view_enqueue_input_event: [Motion - Cancel,com.thundercomm.screensaver/android.service.dreams.DreamActivity]
04-06 02:12:00.395 1511 1691 I input_focus: [Focus leaving 9e506ba com.thundercomm.screensaver/android.service.dreams.DreamActivity (server),reason=NO_WINDOW]
04-06 02:12:00.396 2558 2558 I wm_on_restart_called: [81224896,com.android.launcher3.uioverrides.QuickstepLauncher,performRestartActivity]
04-06 02:12:00.396 2558 2558 I wm_on_start_called: [81224896,com.android.launcher3.uioverrides.QuickstepLauncher,handleStartActivity]
04-06 02:12:00.396 2558 2558 I wm_on_resume_called: [81224896,com.android.launcher3.uioverrides.QuickstepLauncher,RESUME_ACTIVITY]
04-06 02:12:00.396 2558 2558 I wm_on_top_resumed_gained_called: [81224896,com.android.launcher3.uioverrides.QuickstepLauncher,topWhenResuming]
04-06 02:12:00.411 904 904 I BpBinder: onLastStrongRef automatically unlinking death recipients:
04-06 02:12:00.413 1511 1608 I input_focus: [Focus request 32446aa com.android.launcher3/com.android.launcher3.uioverrides.QuickstepLauncher,reason=UpdateInputWindows]
04-06 02:12:00.414 1511 2524 W FreeFormWindowHelper: Current Display FreeFormTask is null
04-06 02:12:00.415 2558 2558 W View : requestLayout() improperly called by com.android.launcher3.views.NoInsetView{bfa1bf6 V.ED..... ......ID 2218,0-2560,1080 #7f09007c app:id/bg_hotseat} during layout: running second layout pass
04-06 02:12:00.417 3913 3913 W UnsafeUtil: platform method missing - proto runtime falling back to safer methods: java.lang.NoSuchMethodException: sun.misc.Unsafe.copyMemory [class java.lang.Object, long, class java.lang.Object, long, long]
04-06 02:12:00.430 2558 2558 E MCUUtil : saveLastActivity activityName=com.android.launcher3.uioverrides.QuickstepLauncher packageName=com.android.launcher3
04-06 02:12:00.433 647 661 I mpu_uart: [MSG-P:R]:recv sync frame timeout
04-06 02:12:00.446 1511 1630 I PowerManagerService: Powering on display group fromDreaming (groupId=0, uid=1000, reason=WAKE_REASON_UNKNOWN, details=android.server.power:DREAM_FINISHED)...
04-06 02:12:00.446 1511 1691 I input_focus: [Focus entering 32446aa com.android.launcher3/com.android.launcher3.uioverrides.QuickstepLauncher (server),reason=setFocusedWindow]
04-06 02:12:00.446 1511 1630 I PowerManagerService: Waking up from Dreaming (uid=1000, reason=WAKE_REASON_UNKNOWN, details=android.server.power:DREAM_FINISHED)...
04-06 02:12:00.454 3913 3970 I MMKV : loading [noti_center_version] with 0 size in total, file size is 4096
04-06 02:12:00.454 3913 3970 I MMKV : loaded [noti_center_version] with 0 values
04-06 02:12:00.455 3913 3970 I MMKV : loading [noti_center_md5] with 0 size in total, file size is 4096
04-06 02:12:00.455 3913 3970 I MMKV : loaded [noti_center_md5] with 0 values
04-06 02:12:00.461 2558 2558 D HotseatController: clearEmptyGrid: size=4
04-06 02:12:00.461 2558 2558 D HotseatController: adjustPadding: height=800,size=4
04-06 02:12:00.463 2558 2558 E libprocessgroup: set_timerslack_ns write failed: Operation not permitted
04-06 02:12:00.481 3913 3978 W linker : Warning: "/system/priv-app/baidu_ime-mainLine-release/baidu_ime-mainLine-release.apk!/lib/arm64-v8a/libpaddle_light_api_shared.so" unused DT entry: DT_RPATH (type 0xf arg 0xb01e) (ignoring)
04-06 02:12:00.482 2558 2558 W View : requestLayout() improperly called by com.android.launcher3.views.NoInsetView{bfa1bf6 V.ED..... ......I. 2218,0-2560,1080 #7f09007c app:id/bg_hotseat} during layout: running second layout pass
04-06 02:12:00.484 1511 2524 W FreeFormWindowHelper: Current Display FreeFormTask is null
04-06 02:12:00.496 3913 3977 D MicroMsg.PaySdk.WXFactory: createWXAPI, appId = wxb42cca62c3f838b9, checkSignature = false
04-06 02:12:00.496 3913 3977 D MicroMsg.SDK.WXApiImplV10: , appId = wxb42cca62c3f838b9, checkSignature = false
04-06 02:12:00.496 3913 3977 D MicroMsg.SDK.WXMsgImplComm: ignore wechat app signature validation
04-06 02:12:00.496 3913 3977 D MicroMsg.SDK.WXApiImplV10: registerApp, appId = wxb42cca62c3f838b9
04-06 02:12:00.496 3913 3977 D MicroMsg.SDK.WXApiImplV10: registerApp, appId = wxb42cca62c3f838b9
04-06 02:12:00.496 3913 3977 D MicroMsg.SDK.WXApiImplV10: register app com.baidu.input
04-06 02:12:00.497 3913 3977 D MicroMsg.SDK.MMessage: send mm message, intent=Intent { act=com.tencent.mm.plugin.openapi.Intent.ACTION_HANDLE_APP_REGISTER (has extras) }, perm=com.tencent.mm.permission.MM_MESSAGE
04-06 02:12:00.506 3913 3913 E ThemeUtils: View class androidx.appcompat.widget.SwitchCompat is an AppCompat widget that can only be used with a Theme.AppCompat theme (or descendant).
04-06 02:12:00.511 3913 3913 E ThemeUtils: View class com.baidu.input.ime.cand.view.MinorWordTextView is an AppCompat widget that can only be used with a Theme.AppCompat theme (or descendant).
04-06 02:12:00.622 1511 1691 I input_interaction: Interaction with: e83df19 NavigationBar0 (server), edge-swipe (server), swipe-up (server), PointerEventDispatcher0 (server),
04-06 02:12:00.680 1511 1607 I wm_destroy_activity: [0,16849732,9,com.thundercomm.screensaver/android.service.dreams.DreamActivity,finish-imm:idle]
04-06 02:12:00.697 3842 3842 I wm_on_stop_called: [16849732,android.service.dreams.DreamActivity,LIFECYCLER_STOP_ACTIVITY]
04-06 02:12:00.698 3842 3842 I wm_on_destroy_called: [16849732,android.service.dreams.DreamActivity,performDestroy]
04-06 02:12:00.698 1511 2078 I DreamManagerService: Leaving dreamland.
04-06 02:12:00.698 1511 1604 I DreamManagerService: Performing gentle wake from dream.
04-06 02:12:00.698 1511 1604 I DreamController: Stopping dream: name=ComponentInfo{com.thundercomm.screensaver/com.thundercomm.screensaver.service.SystemDream}, isTest=false, canDoze=false, userId=0, reason='finished self'(from 'finished self')
04-06 02:12:00.698 1511 1604 I sysui_multi_action: [757,222,758,2]
04-06 02:12:00.698 1511 1604 I sysui_multi_action: [757,804,799,dreaming_minutes,801,0,802,1]
04-06 02:12:00.698 1511 2078 W InputManager-JNI: Input channel object '9e506ba com.thundercomm.screensaver/android.service.dreams.DreamActivity (client)' was disposed without first being removed with the input manager!
