04-06 02:10:04.864 1511 1511 I SystemServer: Making services ready
04-06 02:10:04.864 1511 1511 I SystemServerTiming: StartActivityManagerReadyPhase
04-06 02:10:04.864 1511 1511 I SystemServiceManager: Starting phase 550
04-06 02:10:04.864 1511 1511 I SystemServerTiming: OnBootPhase_550
04-06 02:10:04.864 1511 1511 I SystemServerTiming: OnBootPhase_550_com.android.server.security.FileIntegrityService
04-06 02:10:04.864 1511 1511 I SystemServerTiming: OnBootPhase_550_com.android.server.pm.Installer
04-06 02:10:04.864 1511 1511 I SystemServerTiming: OnBootPhase_550_com.android.server.os.DeviceIdentifiersPolicyService
04-06 02:10:04.864 1511 1511 I SystemServerTiming: OnBootPhase_550_com.android.server.uri.UriGrantsManagerService$Lifecycle
04-06 02:10:04.864 1511 1511 I SystemServerTiming: OnBootPhase_550_com.android.server.powerstats.PowerStatsService
04-06 02:10:04.864 1511 1511 I SystemServerTiming: OnBootPhase_550_com.android.server.wm.ActivityTaskManagerService$Lifecycle
04-06 02:10:04.864 1511 1511 I SystemServerTiming: OnBootPhase_550_com.android.server.am.ActivityManagerService$Lifecycle
04-06 02:10:04.864 1511 1511 I SystemServerTiming: OnBootPhase_550_com.android.server.pm.DataLoaderManagerService
04-06 02:10:04.864 1511 1511 I SystemServerTiming: OnBootPhase_550_com.android.server.power.PowerManagerService
04-06 02:10:04.864 1511 1511 I SystemServerTiming: OnBootPhase_550_com.android.server.power.ThermalManagerService
04-06 02:10:04.867 1511 1511 I ThermalHalWrapper: Thermal HAL 2.0 service connected.
04-06 02:10:04.867 1511 1511 E ThermalHalWrapper: Couldn't get temperatures because of HAL error: ThermalHAL not initialized properly.
04-06 02:10:04.867 1511 1511 W ThermalManagerService: Thermal HAL reported invalid data, abort connection
04-06 02:10:04.867 1511 1511 E ThermalHalWrapper: Couldn't get temperature thresholds because of HAL error: ThermalHAL not initialized properly.
04-06 02:10:04.867 1511 1511 I SystemServerTiming: OnBootPhase_550_com.android.server.power.hint.HintManagerService
04-06 02:10:04.867 1511 1511 I SystemServerTiming: OnBootPhase_550_com.android.server.recoverysystem.RecoverySystemService$Lifecycle
04-06 02:10:04.867 1511 1511 I SystemServerTiming: OnBootPhase_550_com.android.server.lights.LightsService
04-06 02:10:04.867 1511 1511 I SystemServerTiming: OnBootPhase_550_com.android.server.display.DisplayManagerService
04-06 02:10:04.867 1511 1511 I SystemServerTiming: OnBootPhase_550_com.android.server.pm.verify.domain.DomainVerificationService
04-06 02:10:04.867 1511 1511 I SystemServerTiming: OnBootPhase_550_com.android.server.pm.PackageInstallerService$Lifecycle
04-06 02:10:04.867 1511 1511 I SystemServerTiming: OnBootPhase_550_com.android.server.pm.UserManagerService$LifeCycle
04-06 02:10:04.867 1511 1511 I SystemServerTiming: OnBootPhase_550_com.android.server.om.OverlayManagerService
04-06 02:10:04.867 1511 1511 I SystemServerTiming: OnBootPhase_550_com.android.server.SensorPrivacyService
04-06 02:10:04.867 1511 1511 I SystemServerTiming: OnBootPhase_550_com.android.server.thunderperf.ThunderBoostPerfService
04-06 02:10:04.867 1511 1511 I SystemServerTiming: OnBootPhase_550_com.android.server.sensors.SensorService
04-06 02:10:04.867 1511 1511 I SystemServerTiming: OnBootPhase_550_com.android.server.SystemConfigService
04-06 02:10:04.867 1511 1511 I SystemServerTiming: OnBootPhase_550_com.android.server.BatteryService
04-06 02:10:04.868 1511 1511 I SystemServerTiming: OnBootPhase_550_com.android.server.usage.UsageStatsService
04-06 02:10:04.868 1511 1511 I SystemServerTiming: OnBootPhase_550_com.android.server.webkit.WebViewUpdateService
04-06 02:10:04.868 1511 1511 I SystemServerTiming: OnBootPhase_550_com.android.server.CachedDeviceStateService
04-06 02:10:04.868 1511 1511 I SystemServerTiming: OnBootPhase_550_com.android.server.BinderCallsStatsService$LifeCycle
04-06 02:10:04.868 1511 1511 I SystemServerTiming: OnBootPhase_550_com.android.server.LooperStatsService$Lifecycle
04-06 02:10:04.868 1511 1511 I SystemServerTiming: OnBootPhase_550_com.android.server.rollback.RollbackManagerService
04-06 02:10:04.868 1511 1511 I SystemServerTiming: OnBootPhase_550_com.android.server.os.NativeTombstoneManagerService
04-06 02:10:04.868 1511 1511 I SystemServerTiming: OnBootPhase_550_com.android.server.os.BugreportManagerService
04-06 02:10:04.868 1511 1511 I SystemServerTiming: OnBootPhase_550_com.android.server.gpu.GpuService
04-06 02:10:04.868 1511 1511 I SystemServerTiming: OnBootPhase_550_com.android.server.security.KeyChainSystemService
04-06 02:10:04.868 1511 1511 I SystemServerTiming: OnBootPhase_550_com.android.server.telecom.TelecomLoaderService
04-06 02:10:04.874 1511 1511 W ActivityManager: Too early to start/bind service in system_server: Phase=550 ComponentInfo{com.android.server.telecom/com.android.server.telecom.components.TelecomService}
04-06 02:10:04.875 1511 1511 D CompatibilityChangeReporter: Compat change id reported: 168419799; UID 1000; state: DISABLED
04-06 02:10:04.875 1511 1511 W ActivityManager: Too early to start/bind service in system_server: Phase=550 ComponentInfo{com.android.server.telecom/com.android.server.telecom.components.TelecomService}
04-06 02:10:04.875 1511 1511 I SystemServerTiming: OnBootPhase_550_com.android.server.accounts.AccountManagerService$Lifecycle
04-06 02:10:04.875 1511 1511 I SystemServerTiming: OnBootPhase_550_com.android.server.content.ContentService$Lifecycle
01-01 08:12:43.822 0 0 I msm_vidc: high: 00000001: ....e: Opening video instance: 0000000000000000, 0
01-01 08:12:43.822 0 0 I msm_vidc: err : 00000001: ....e: Failed to create debugfs for msm_vidc
04-06 02:10:04.876 1511 1511 I SyncManager: No initial accounts
04-06 02:10:04.879 1511 1511 I SystemServerTiming: OnBootPhase_550_com.android.server.DropBoxManagerService
04-06 02:10:04.879 1511 1511 I SystemServerTiming: OnBootPhase_550_com.android.role.RoleService
04-06 02:10:04.879 1511 1511 I SystemServerTiming: OnBootPhase_550_com.android.server.vibrator.VibratorManagerService$Lifecycle
04-06 02:10:04.879 1511 1511 I SystemServerTiming: OnBootPhase_550_com.android.server.alarm.AlarmManagerService
04-06 02:10:04.879 1511 1511 I SystemServerTiming: OnBootPhase_550_com.android.server.devicestate.DeviceStateManagerService
04-06 02:10:04.879 1511 1511 I SystemServerTiming: OnBootPhase_550_com.android.server.camera.CameraServiceProxy
04-06 02:10:04.879 1511 1511 I SystemServerTiming: OnBootPhase_550_com.android.server.BluetoothService
04-06 02:10:04.879 1511 1511 D BluetoothManagerService: Bluetooth boot completed
04-06 02:10:04.879 1511 1511 D BluetoothManagerService: Auto-enabling Bluetooth.
04-06 02:10:04.879 1511 1606 D BluetoothManagerService: MESSAGE_ENABLE(0): mBluetooth = null
04-06 02:10:04.879 1511 1606 D BluetoothManagerService: MESSAGE_ENABLE: handleEnable
04-06 02:10:04.879 1511 1606 D BluetoothManagerService: binding Bluetooth service
01-01 08:12:43.826 0 0 I msm_vidc: high: 00000001: h264e: Closed video instance: 0000000000000000
04-06 02:10:04.880 1511 1606 I am_uid_running: 1002
04-06 02:10:04.881 1511 1606 D CompatibilityChangeReporter: Compat change id reported: 135634846; UID 1002; state: DISABLED
04-06 02:10:04.881 1511 1606 D CompatibilityChangeReporter: Compat change id reported: 177438394; UID 1002; state: DISABLED
04-06 02:10:04.881 1511 1606 D CompatibilityChangeReporter: Compat change id reported: 135772972; UID 1002; state: DISABLED
04-06 02:10:04.881 1511 1606 D CompatibilityChangeReporter: Compat change id reported: 135754954; UID 1002; state: ENABLED
04-06 02:10:04.881 1511 1606 D BluetoothManagerService: Binding BT service. Current user: 0
04-06 02:10:04.884 1511 1511 I SystemServerTiming: OnBootPhase_550_com.android.server.connectivity.IpConnectivityMetrics
04-06 02:10:04.884 1511 1511 I SystemServerTiming: OnBootPhase_550_com.android.server.net.watchlist.NetworkWatchlistService$Lifecycle
04-06 02:10:04.885 1511 1511 I SystemServerTiming: OnBootPhase_550_com.android.server.PinnerService
04-06 02:10:04.885 1511 1511 I SystemServerTiming: OnBootPhase_550_com.google.android.startop.iorap.IorapForwardingService
04-06 02:10:04.885 1511 1511 I SystemServerTiming: OnBootPhase_550_com.android.server.ActivityTriggerService
04-06 02:10:04.885 1511 1511 I SystemServerTiming: OnBootPhase_550_com.android.server.integrity.AppIntegrityManagerService
04-06 02:10:04.885 1511 1511 I SystemServerTiming: OnBootPhase_550_com.android.server.inputmethod.InputMethodManagerService$Lifecycle
04-06 02:10:04.887 1511 1615 I am_proc_start: [0,1933,1002,com.android.bluetooth,service,{com.android.bluetooth/com.android.bluetooth.btservice.AdapterService}]
04-06 02:10:04.887 1511 1615 I ActivityManager: Start proc 1933:com.android.bluetooth/1002 for service {com.android.bluetooth/com.android.bluetooth.btservice.AdapterService}
04-06 02:10:04.897 1511 1511 W InputMethodManagerService: Default IME is uninstalled. Choose new default IME.
01-01 08:12:43.851 0 0 I binder : 1933:1933 ioctl 40046210 7fe5c1ab14 returned -22
04-06 02:10:04.904 1511 1544 I am_proc_bound: [0,1933,com.android.bluetooth]
04-06 02:10:04.905 1511 1544 D CompatibilityChangeReporter: Compat change id reported: 168419799; UID 1002; state: DISABLED
04-06 02:10:04.910 1511 1511 I SystemServerTiming: OnBootPhase_550_com.android.server.accessibility.AccessibilityManagerService$Lifecycle
04-06 02:10:04.910 1511 1511 I SystemServerTiming: OnBootPhase_550_com.android.server.StorageManagerService$Lifecycle
04-06 02:10:04.910 1511 1511 I SystemServerTiming: OnBootPhase_550_com.android.server.usage.StorageStatsService$Lifecycle
04-06 02:10:04.910 1511 1511 I SystemServerTiming: OnBootPhase_550_com.android.server.UiModeManagerService
04-06 02:10:04.910 1511 1511 I SystemServerTiming: OnBootPhase_550_com.android.server.locksettings.LockSettingsService$Lifecycle
04-06 02:10:04.910 1511 1544 I am_uid_active: 1002
04-06 02:10:04.911 1511 1511 I RebootEscrowManager: No reboot escrow data found for users, skipping loading escrow data
04-06 02:10:04.911 1511 1511 I SystemServerTiming: OnBootPhase_550_com.android.server.PersistentDataBlockService
04-06 02:10:04.911 1511 1511 I SystemServerTiming: OnBootPhase_550_com.android.server.testharness.TestHarnessModeService
04-06 02:10:04.911 1511 1511 I SystemServerTiming: OnBootPhase_550_com.android.server.oemlock.OemLockService
04-06 02:10:04.911 1511 1511 I SystemServerTiming: OnBootPhase_550_com.android.server.DeviceIdleController
04-06 02:10:04.911 1511 1511 I SystemServerTiming: OnBootPhase_550_com.android.server.devicepolicy.DevicePolicyManagerService$Lifecycle
04-06 02:10:04.912 1511 1511 I SystemServerTiming: OnBootPhase_550_com.android.server.texttospeech.TextToSpeechManagerService
04-06 02:10:04.912 1511 1511 I SystemServerTiming: OnBootPhase_550_com.android.server.speech.SpeechRecognitionManagerService
04-06 02:10:04.912 1511 1511 I SystemServerTiming: OnBootPhase_550_com.android.server.searchui.SearchUiManagerService
04-06 02:10:04.912 1511 1511 I SystemServerTiming: OnBootPhase_550_com.android.server.smartspace.SmartspaceManagerService
01-01 08:12:43.863 0 0 I msm_vidc: high: 00000001: ....e: Opening video instance: 0000000000000000, 0
01-01 08:12:43.863 0 0 I msm_vidc: err : 00000001: ....e: Failed to create debugfs for msm_vidc
04-06 02:10:04.912 1511 1511 I SystemServerTiming: OnBootPhase_550_com.android.server.graphics.fonts.FontManagerService$Lifecycle
04-06 02:10:04.912 1511 1511 I SystemServerTiming: OnBootPhase_550_com.android.server.textservices.TextServicesManagerService$Lifecycle
04-06 02:10:04.912 1511 1511 I SystemServerTiming: OnBootPhase_550_com.android.server.textclassifier.TextClassificationManagerService$Lifecycle
04-06 02:10:04.912 1511 1511 I SystemServerTiming: OnBootPhase_550_com.android.server.NetworkScoreService$Lifecycle
04-06 02:10:04.912 1511 1511 I SystemServerTiming: OnBootPhase_550_com.android.server.wifi.WifiService
04-06 02:10:04.912 1511 1511 I SystemServerTiming: OnBootPhase_550_com.android.server.wifi.scanner.WifiScanningService
04-06 02:10:04.912 1511 1511 I SystemServerTiming: OnBootPhase_550_com.android.server.wifi.rtt.RttService
04-06 02:10:04.912 1511 1511 I SystemServerTiming: OnBootPhase_550_com.android.server.wifi.aware.WifiAwareService
04-06 02:10:04.912 1511 1511 I SystemServerTiming: OnBootPhase_550_com.android.server.wifi.p2p.WifiP2pService
04-06 02:10:04.912 1511 1511 I SystemServerTiming: OnBootPhase_550_com.android.server.ethernet.EthernetService
04-06 02:10:04.912 1511 1511 I SystemServerTiming: OnBootPhase_550_com.android.server.ConnectivityServiceInitializer
04-06 02:10:04.912 1511 1511 I SystemServerTiming: OnBootPhase_550_com.android.server.notification.NotificationManagerService
04-06 02:10:04.912 1511 1511 I SystemServerTiming: OnBootPhase_550_com.android.server.storage.DeviceStorageMonitorService
04-06 02:10:04.912 1511 1511 I SystemServerTiming: OnBootPhase_550_com.android.server.location.LocationManagerService$Lifecycle
04-06 02:10:04.912 1511 1511 I SystemServerTiming: OnBootPhase_550_com.android.server.timedetector.TimeDetectorService$Lifecycle
04-06 02:10:04.912 1511 1511 I SystemServerTiming: OnBootPhase_550_com.android.server.timezonedetector.TimeZoneDetectorService$Lifecycle
04-06 02:10:04.912 1511 1511 I SystemServerTiming: OnBootPhase_550_com.android.server.timezonedetector.location.LocationTimeZoneManagerService$Lifecycle
04-06 02:10:04.912 1511 1511 I SystemServerTiming: OnBootPhase_550_com.android.server.search.SearchManagerService$Lifecycle
04-06 02:10:04.912 1511 1511 I SystemServerTiming: OnBootPhase_550_com.android.server.wallpaper.WallpaperManagerService$Lifecycle
04-06 02:10:04.913 1511 1511 I WallpaperManagerService: No static wallpaper imagery; defaults will be shown
04-06 02:10:04.913 1511 1511 V WallpaperManagerService: bindWallpaperComponentLocked: componentName=ComponentInfo{com.android.systemui/com.android.systemui.ImageWallpaper}
04-06 02:10:04.915 1511 1511 I am_uid_running: 10084
04-06 02:10:04.916 1511 1511 D CompatibilityChangeReporter: Compat change id reported: 135634846; UID 10084; state: DISABLED
04-06 02:10:04.916 1511 1511 D CompatibilityChangeReporter: Compat change id reported: 177438394; UID 10084; state: DISABLED
04-06 02:10:04.916 1511 1511 D CompatibilityChangeReporter: Compat change id reported: 135772972; UID 10084; state: DISABLED
04-06 02:10:04.916 1511 1511 D CompatibilityChangeReporter: Compat change id reported: 135754954; UID 10084; state: ENABLED
04-06 02:10:04.916 1511 1615 D CompatibilityChangeReporter: Compat change id reported: 143937733; UID 10084; state: ENABLED
04-06 02:10:04.919 1511 1511 W WallpaperManagerService: Invalid wallpaper data
04-06 02:10:04.919 1511 1511 E WallpaperManagerService: Unable to apply new wallpaper
04-06 02:10:04.919 1511 1511 I SystemServerTiming: OnBootPhase_550_com.android.server.audio.AudioService$Lifecycle
04-06 02:10:04.919 1511 1511 I SystemServerTiming: OnBootPhase_550_com.android.server.soundtrigger_middleware.SoundTriggerMiddlewareService$Lifecycle
04-06 02:10:04.919 1511 1511 I SystemServerTiming: OnBootPhase_550_com.android.server.DockObserver
04-06 02:10:04.919 1511 1511 I SystemServerTiming: OnBootPhase_550_com.android.server.midi.MidiService$Lifecycle
04-06 02:10:04.919 1511 1511 I SystemServerTiming: OnBootPhase_550_com.android.server.adb.AdbService$Lifecycle
04-06 02:10:04.919 1511 1511 I SystemServerTiming: OnBootPhase_550_com.android.server.usb.UsbService$Lifecycle
04-06 02:10:04.919 1511 1511 I SystemServerTiming: OnBootPhase_550_com.android.server.twilight.TwilightService
04-06 02:10:04.919 1511 1511 I SystemServerTiming: OnBootPhase_550_com.android.server.display.color.ColorDisplayService
04-06 02:10:04.919 1511 1511 I SystemServerTiming: OnBootPhase_550_com.android.server.job.JobSchedulerService
04-06 02:10:04.919 1511 1511 I SystemServerTiming: OnBootPhase_550_com.android.server.soundtrigger.SoundTriggerService
04-06 02:10:04.919 1511 1511 D SoundTriggerService: onBootPhase: 550 : false
04-06 02:10:04.919 1511 1672 I SystemServerTimingAsync: InitThreadPoolExec:UsbService$Lifecycle#onBootPhase
04-06 02:10:04.919 1511 1511 I SystemServerTiming: OnBootPhase_550_com.android.server.trust.TrustManagerService
04-06 02:10:04.919 1511 1511 I SystemServerTiming: OnBootPhase_550_com.android.server.backup.BackupManagerService$Lifecycle
04-06 02:10:04.919 1511 1511 I SystemServerTiming: OnBootPhase_550_com.android.server.appwidget.AppWidgetService
04-06 02:10:04.919 1511 1511 I SystemServerTiming: OnBootPhase_550_com.android.server.voiceinteraction.VoiceInteractionManagerService
04-06 02:10:04.919 1511 1511 I SystemServerTiming: OnBootPhase_550_com.android.server.apphibernation.AppHibernationService
04-06 02:10:04.919 1511 1511 I SystemServerTiming: OnBootPhase_550_com.android.server.SensorNotificationService
04-06 02:10:04.919 1511 1511 I SystemServerTiming: OnBootPhase_550_com.android.server.emergency.EmergencyAffordanceService
04-06 02:10:04.919 1511 1511 I SystemServerTiming: OnBootPhase_550_com.android.server.blob.BlobStoreManagerService
04-06 02:10:04.920 1511 1511 I SystemServerTiming: OnBootPhase_550_com.android.server.dreams.DreamManagerService
04-06 02:10:04.920 1511 1511 I SystemServerTiming: OnBootPhase_550_com.android.server.companion.CompanionDeviceManagerService
04-06 02:10:04.920 1511 1511 I SystemServerTiming: OnBootPhase_550_com.android.server.restrictions.RestrictionsManagerService
04-06 02:10:04.920 1511 1511 I SystemServerTiming: OnBootPhase_550_com.android.server.media.MediaSessionService
04-06 02:10:04.920 1511 1511 I SystemServerTiming: OnBootPhase_550_com.android.server.media.MediaResourceMonitorService
04-06 02:10:04.920 1511 1511 I SystemServerTiming: OnBootPhase_550_com.android.server.biometrics.sensors.fingerprint.FingerprintService
04-06 02:10:04.920 1511 1511 I SystemServerTiming: OnBootPhase_550_com.android.server.biometrics.BiometricService
04-06 02:10:04.920 1511 1511 I SystemServerTiming: OnBootPhase_550_com.android.server.biometrics.AuthService
04-06 02:10:04.920 1511 1511 I SystemServerTiming: OnBootPhase_550_com.android.server.pm.ShortcutService$Lifecycle
04-06 02:10:04.920 1511 1511 I SystemServerTiming: OnBootPhase_550_com.android.server.pm.LauncherAppsService
04-06 02:10:04.920 1511 1511 I SystemServerTiming: OnBootPhase_550_com.android.server.pm.CrossProfileAppsService
04-06 02:10:04.920 1511 1511 I SystemServerTiming: OnBootPhase_550_com.android.server.people.PeopleService
04-06 02:10:04.920 1511 1511 I SystemServerTiming: OnBootPhase_550_com.android.server.media.metrics.MediaMetricsManagerService
04-06 02:10:04.920 1511 1511 I SystemServerTiming: OnBootPhase_550_com.android.server.media.projection.MediaProjectionManagerService
04-06 02:10:04.920 1511 1511 I SystemServerTiming: OnBootPhase_550_com.android.server.slice.SliceManagerService$Lifecycle
04-06 02:10:04.920 1511 1511 I SystemServerTiming: OnBootPhase_550_com.android.server.stats.StatsCompanion$Lifecycle
04-06 02:10:04.920 1511 1511 I SystemServerTiming: OnBootPhase_550_com.android.server.scheduling.RebootReadinessManagerService$Lifecycle
04-06 02:10:04.920 1511 1511 I SystemServerTiming: OnBootPhase_550_com.android.server.stats.pull.StatsPullAtomService
04-06 02:10:04.920 1511 1511 I SystemServerTiming: OnBootPhase_550_com.android.server.incident.IncidentCompanionService
04-06 02:10:04.920 1511 1511 I SystemServerTiming: OnBootPhase_550_com.android.server.MmsServiceBroker
04-06 02:10:04.920 1511 1511 I SystemServerTiming: OnBootPhase_550_com.android.server.autofill.AutofillManagerService
04-06 02:10:04.920 1511 1511 I SystemServerTiming: OnBootPhase_550_com.android.server.clipboard.ClipboardService
04-06 02:10:04.920 1511 1511 I SystemServerTiming: OnBootPhase_550_com.android.server.appbinding.AppBindingService$Lifecycle
04-06 02:10:04.920 1511 1615 I am_proc_start: [0,1959,10084,com.android.systemui,service,{com.android.systemui/com.android.systemui.ImageWallpaper}]
04-06 02:10:04.920 1511 1615 I ActivityManager: Start proc 1959:com.android.systemui/u0a84 for service {com.android.systemui/com.android.systemui.ImageWallpaper}
04-06 02:10:04.921 1511 1511 I AppBindingService: Updating constants with: null
04-06 02:10:04.921 1511 1511 I SystemServerTiming: OnBootPhase_550_com.android.server.tracing.TracingServiceProxy
04-06 02:10:04.921 1511 1511 I SystemServerTiming: OnBootPhase_550_com.android.server.policy.PermissionPolicyService
04-06 02:10:04.922 1511 1798 I UsbPortManager: ClientCallback V1_2:
04-06 02:10:04.924 1511 1604 I UsbPortManager: USB port added: port=UsbPort{id=, supportedModes=nonesupportedContaminantProtectionModes=0supportsEnableContaminantPresenceProtection=falsesupportsEnableContaminantPresenceDetection=false, status=UsbPortStatus{connected=false, currentMode=none, currentPowerRole=no-power, currentDataRole=no-data, supportedRoleCombinations=[no-power:no-data], contaminantDetectionStatus=0, contaminantProtectionStatus=0}, canChangeMode=false, canChangePowerRole=false, canChangeDataRole=false, connectedAtMillis=0, lastConnectDurationMillis=0
01-01 08:12:43.870 0 0 I msm_vidc: high: 00000001: h265e: Closed video instance: 0000000000000000
01-01 08:12:43.880 0 0 I msm_vidc: high: 00000001: ....e: Opening video instance: 0000000000000000, 0
01-01 08:12:43.880 0 0 I msm_vidc: err : 00000001: ....e: Failed to create debugfs for msm_vidc
01-01 08:12:43.884 0 0 I msm_vidc: high: 00000001: h265e: Closed video instance: 0000000000000000
04-06 02:10:04.934 1511 1511 I PackageManager: Permission ownership changed. Updating all permissions.
01-01 08:12:43.892 0 0 I binder : 1959:1959 ioctl 40046210 7fe5c1ab14 returned -22
04-06 02:10:04.954 1511 1511 I SystemServerTiming: OnBootPhase_550_com.android.server.pm.StagingManager$Lifecycle
04-06 02:10:04.954 1511 1511 I SystemServerTiming: OnBootPhase_550_com.android.server.app.GameManagerService$Lifecycle
04-06 02:10:04.954 1511 1511 I SystemServerTiming: OnBootPhase_550_com.android.server.appsearch.AppSearchManagerService
04-06 02:10:04.954 1511 1511 I SystemServerTiming: OnBootPhase_550_com.android.server.media.MediaCommunicationService
04-06 02:10:04.954 1511 1511 I SystemServerTiming: StartObservingNativeCrashes
04-06 02:10:04.954 1511 1511 I SystemServerTiming: RegisterAppOpsPolicy
04-06 02:10:04.955 1511 1544 I am_proc_bound: [0,1959,com.android.systemui]
04-06 02:10:04.956 1511 1544 D CompatibilityChangeReporter: Compat change id reported: 168419799; UID 10084; state: DISABLED
04-06 02:10:04.957 1511 1544 I am_uid_active: 10084
04-06 02:10:04.958 1511 1511 I SystemServerTiming: MakeNetworkManagementServiceReady
04-06 02:10:04.958 1511 1690 I SystemServerTimingAsync: InitThreadPoolExec:WebViewFactoryPreparation
04-06 02:10:04.958 1511 1690 I SystemServer: WebViewFactoryPreparation
04-06 02:10:04.958 1511 1690 I SystemServerTimingAsync: WebViewFactoryPreparation
04-06 02:10:04.960 1511 1690 I am_uid_running: 1037
04-06 02:10:04.960 1511 1690 D CompatibilityChangeReporter: Compat change id reported: 135634846; UID 1000; state: DISABLED
04-06 02:10:04.960 1511 1690 D CompatibilityChangeReporter: Compat change id reported: 177438394; UID 1000; state: DISABLED
04-06 02:10:04.960 1511 1690 D CompatibilityChangeReporter: Compat change id reported: 135772972; UID 1000; state: DISABLED
04-06 02:10:04.960 1511 1690 D CompatibilityChangeReporter: Compat change id reported: 178038272; UID 1000; state: DISABLED
04-06 02:10:04.963 1511 1775 W BluetoothManagerService: bindBluetoothProfileService:Trying to bind to profile: 1, while Bluetooth is disabled
01-01 08:12:43.919 0 0 I msm_vidc: high: 00000001: ....e: Opening video instance: 0000000000000000, 0
01-01 08:12:43.919 0 0 I msm_vidc: err : 00000001: ....e: Failed to create debugfs for msm_vidc
01-01 08:12:43.919 0 0 I msm_vidc: err : 00000001: ....e: msm_vidc_comm_update_ctrl: failed: control name Ltr Count, min 0, max 0, step 0, default_value 0
04-06 02:10:04.973 1511 1511 I SystemServerTiming: MakeIpSecServiceReady
04-06 02:10:04.975 1511 1511 D IpSecService: IpSecService is ready
04-06 02:10:04.975 1511 1511 I SystemServerTiming: MakeNetworkStatsServiceReady
04-06 02:10:04.980 1511 1710 I commit_sys_config_file: [net-policy,1]
04-06 02:10:04.980 1511 1710 W NetworkPolicy: setRestrictBackgroundUL: already false
01-01 08:12:43.934 0 0 I msm_vidc: high: 00000001: vp8e: Closed video instance: 0000000000000000
04-06 02:10:04.988 1511 1709 D TelephonyRegistry: listen oscl: mHasNotifySubscriptionInfoChangedOccurred==false no callback
04-06 02:10:04.989 1511 1511 I SystemServerTiming: MakeConnectivityServiceReady
04-06 02:10:04.994 1511 1511 I SystemServerTiming: MakeVpnManagerServiceReady
04-06 02:10:04.997 1511 1511 I SystemServerTiming: MakeVcnManagementServiceReady
04-06 02:10:04.997 1511 1511 D TelephonyRegistry: listen oscl: mHasNotifySubscriptionInfoChangedOccurred==false no callback
04-06 02:10:04.998 1511 1511 I SystemServerTiming: MakeNetworkPolicyServiceReady
04-06 02:10:05.002 1511 1710 D TelephonyRegistry: listen oscl: mHasNotifySubscriptionInfoChangedOccurred==false no callback
04-06 02:10:05.003 1511 1511 I SystemServerTiming: PhaseThirdPartyAppsCanStart
04-06 02:10:05.003 1511 1511 I SystemServiceManager: Starting phase 600
04-06 02:10:05.003 1511 1511 I SystemServerTiming: OnBootPhase_600
04-06 02:10:05.003 1511 1511 I SystemServerTiming: OnBootPhase_600_com.android.server.security.FileIntegrityService
04-06 02:10:05.003 1511 1511 I SystemServerTiming: OnBootPhase_600_com.android.server.pm.Installer
04-06 02:10:05.003 1511 1511 I SystemServerTiming: OnBootPhase_600_com.android.server.os.DeviceIdentifiersPolicyService
04-06 02:10:05.003 1511 1511 I SystemServerTiming: OnBootPhase_600_com.android.server.uri.UriGrantsManagerService$Lifecycle
04-06 02:10:05.003 1511 1511 I SystemServerTiming: OnBootPhase_600_com.android.server.powerstats.PowerStatsService
04-06 02:10:05.003 1511 1511 I SystemServerTiming: OnBootPhase_600_com.android.server.wm.ActivityTaskManagerService$Lifecycle
04-06 02:10:05.003 1511 1511 I SystemServerTiming: OnBootPhase_600_com.android.server.am.ActivityManagerService$Lifecycle
04-06 02:10:05.003 1163 1163 W iorapd : Readahead disabled by system property
04-06 02:10:05.004 1511 1511 I ExplicitHealthCheckController: Explicit health checks enabled.
04-06 02:10:05.004 1511 1511 I PackageWatchdog: Syncing state, reason: health check state enabled
04-06 02:10:05.004 1511 1511 I PackageWatchdog: Discarding observer rollback-observer. All packages expired
04-06 02:10:05.004 1163 1163 W iorapd : Reconnect to package manager service: 1 times
04-06 02:10:05.004 1511 1613 I PackageWatchdog: Saving observer state to file
04-06 02:10:05.004 1511 1511 I SystemServerTiming: OnBootPhase_600_com.android.server.pm.DataLoaderManagerService
04-06 02:10:05.004 1511 1511 I SystemServerTiming: OnBootPhase_600_com.android.server.power.PowerManagerService
04-06 02:10:05.005 1511 1511 I SystemServerTiming: OnBootPhase_600_com.android.server.power.ThermalManagerService
04-06 02:10:05.005 1511 1511 I SystemServerTiming: OnBootPhase_600_com.android.server.power.hint.HintManagerService
04-06 02:10:05.005 1511 1511 I SystemServerTiming: OnBootPhase_600_com.android.server.recoverysystem.RecoverySystemService$Lifecycle
04-06 02:10:05.005 1511 1511 I SystemServerTiming: OnBootPhase_600_com.android.server.lights.LightsService
04-06 02:10:05.005 1511 1511 I SystemServerTiming: OnBootPhase_600_com.android.server.display.DisplayManagerService
04-06 02:10:05.005 1511 1511 I SystemServerTiming: OnBootPhase_600_com.android.server.pm.verify.domain.DomainVerificationService
04-06 02:10:05.005 1511 1511 I SystemServerTiming: OnBootPhase_600_com.android.server.pm.PackageInstallerService$Lifecycle
04-06 02:10:05.005 1511 1511 I SystemServerTiming: OnBootPhase_600_com.android.server.pm.UserManagerService$LifeCycle
04-06 02:10:05.005 1511 1511 I SystemServerTiming: OnBootPhase_600_com.android.server.om.OverlayManagerService
04-06 02:10:05.005 1511 1511 I SystemServerTiming: OnBootPhase_600_com.android.server.SensorPrivacyService
04-06 02:10:05.005 1511 1511 I SystemServerTiming: OnBootPhase_600_com.android.server.thunderperf.ThunderBoostPerfService
04-06 02:10:05.005 1511 1511 I SystemServerTiming: OnBootPhase_600_com.android.server.sensors.SensorService
04-06 02:10:05.005 1511 1511 I SystemServerTiming: OnBootPhase_600_com.android.server.SystemConfigService
04-06 02:10:05.005 1511 1511 I SystemServerTiming: OnBootPhase_600_com.android.server.BatteryService
04-06 02:10:05.005 1511 1511 I SystemServerTiming: OnBootPhase_600_com.android.server.usage.UsageStatsService
04-06 02:10:05.005 1511 1511 I SystemServerTiming: OnBootPhase_600_com.android.server.webkit.WebViewUpdateService
04-06 02:10:05.005 1511 1511 I SystemServerTiming: OnBootPhase_600_com.android.server.CachedDeviceStateService
04-06 02:10:05.005 1511 1511 I SystemServerTiming: OnBootPhase_600_com.android.server.BinderCallsStatsService$LifeCycle
04-06 02:10:05.005 1511 1511 I SystemServerTiming: OnBootPhase_600_com.android.server.LooperStatsService$Lifecycle
04-06 02:10:05.005 1511 1511 I SystemServerTiming: OnBootPhase_600_com.android.server.rollback.RollbackManagerService
04-06 02:10:05.005 1511 1511 I SystemServerTiming: OnBootPhase_600_com.android.server.os.NativeTombstoneManagerService
04-06 02:10:05.005 1511 1511 I SystemServerTiming: OnBootPhase_600_com.android.server.os.BugreportManagerService
04-06 02:10:05.005 1511 1511 I SystemServerTiming: OnBootPhase_600_com.android.server.gpu.GpuService
04-06 02:10:05.005 1511 1511 I SystemServerTiming: OnBootPhase_600_com.android.server.security.KeyChainSystemService
04-06 02:10:05.005 1511 1511 I SystemServerTiming: OnBootPhase_600_com.android.server.telecom.TelecomLoaderService
04-06 02:10:05.005 1511 1511 I SystemServerTiming: OnBootPhase_600_com.android.server.accounts.AccountManagerService$Lifecycle
04-06 02:10:05.005 1511 1511 I SystemServerTiming: OnBootPhase_600_com.android.server.content.ContentService$Lifecycle
04-06 02:10:05.005 1511 1511 I SystemServerTiming: OnBootPhase_600_com.android.server.DropBoxManagerService
04-06 02:10:05.005 1511 1511 I SystemServerTiming: OnBootPhase_600_com.android.role.RoleService
04-06 02:10:05.005 1511 1511 I SystemServerTiming: OnBootPhase_600_com.android.server.vibrator.VibratorManagerService$Lifecycle
04-06 02:10:05.005 1511 1511 I SystemServerTiming: OnBootPhase_600_com.android.server.alarm.AlarmManagerService
04-06 02:10:05.006 1511 1511 I SystemServerTiming: OnBootPhase_600_com.android.server.devicestate.DeviceStateManagerService
04-06 02:10:05.006 1511 1511 I SystemServerTiming: OnBootPhase_600_com.android.server.camera.CameraServiceProxy
04-06 02:10:05.006 1511 1511 I SystemServerTiming: OnBootPhase_600_com.android.server.BluetoothService
04-06 02:10:05.006 1511 1511 I SystemServerTiming: OnBootPhase_600_com.android.server.connectivity.IpConnectivityMetrics
04-06 02:10:05.006 1511 1511 I SystemServerTiming: OnBootPhase_600_com.android.server.net.watchlist.NetworkWatchlistService$Lifecycle
04-06 02:10:05.006 1511 1511 I SystemServerTiming: OnBootPhase_600_com.android.server.PinnerService
04-06 02:10:05.006 1511 1511 I SystemServerTiming: OnBootPhase_600_com.google.android.startop.iorap.IorapForwardingService
04-06 02:10:05.006 1511 1511 I SystemServerTiming: OnBootPhase_600_com.android.server.ActivityTriggerService
04-06 02:10:05.006 1511 1511 I SystemServerTiming: OnBootPhase_600_com.android.server.integrity.AppIntegrityManagerService
04-06 02:10:05.006 1511 1511 I SystemServerTiming: OnBootPhase_600_com.android.server.inputmethod.InputMethodManagerService$Lifecycle
04-06 02:10:05.006 1511 1511 I SystemServerTiming: OnBootPhase_600_com.android.server.accessibility.AccessibilityManagerService$Lifecycle
04-06 02:10:05.006 1511 1511 I SystemServerTiming: OnBootPhase_600_com.android.server.StorageManagerService$Lifecycle
04-06 02:10:05.006 1511 1511 I SystemServerTiming: OnBootPhase_600_com.android.server.usage.StorageStatsService$Lifecycle
04-06 02:10:05.006 1511 1511 I SystemServerTiming: OnBootPhase_600_com.android.server.UiModeManagerService
04-06 02:10:05.006 1511 1511 I SystemServerTiming: OnBootPhase_600_com.android.server.locksettings.LockSettingsService$Lifecycle
04-06 02:10:05.006 1511 1511 I SystemServerTiming: OnBootPhase_600_com.android.server.PersistentDataBlockService
04-06 02:10:05.006 1511 1511 I SystemServerTiming: OnBootPhase_600_com.android.server.testharness.TestHarnessModeService
04-06 02:10:05.006 1511 1511 I SystemServerTiming: OnBootPhase_600_com.android.server.oemlock.OemLockService
04-06 02:10:05.006 1511 1511 I SystemServerTiming: OnBootPhase_600_com.android.server.DeviceIdleController
04-06 02:10:05.006 1511 1511 I SystemServerTiming: OnBootPhase_600_com.android.server.devicepolicy.DevicePolicyManagerService$Lifecycle
04-06 02:10:05.006 1511 1511 I SystemServerTiming: OnBootPhase_600_com.android.server.texttospeech.TextToSpeechManagerService
04-06 02:10:05.006 1511 1511 I SystemServerTiming: OnBootPhase_600_com.android.server.speech.SpeechRecognitionManagerService
04-06 02:10:05.006 1511 1511 I SystemServerTiming: OnBootPhase_600_com.android.server.searchui.SearchUiManagerService
04-06 02:10:05.006 1511 1511 I SystemServerTiming: OnBootPhase_600_com.android.server.smartspace.SmartspaceManagerService
04-06 02:10:05.007 1511 1511 I SystemServerTiming: OnBootPhase_600_com.android.server.graphics.fonts.FontManagerService$Lifecycle
04-06 02:10:05.007 1511 1511 I SystemServerTiming: OnBootPhase_600_com.android.server.textservices.TextServicesManagerService$Lifecycle
04-06 02:10:05.007 1511 1511 I SystemServerTiming: OnBootPhase_600_com.android.server.textclassifier.TextClassificationManagerService$Lifecycle
04-06 02:10:05.007 1511 1511 I SystemServerTiming: OnBootPhase_600_com.android.server.NetworkScoreService$Lifecycle
04-06 02:10:05.007 1511 1511 I SystemServerTiming: OnBootPhase_600_com.android.server.wifi.WifiService
04-06 02:10:05.007 1511 1511 I SystemServerTiming: OnBootPhase_600_com.android.server.wifi.scanner.WifiScanningService
04-06 02:10:05.007 1511 1511 I SystemServerTiming: OnBootPhase_600_com.android.server.wifi.rtt.RttService
04-06 02:10:05.007 1511 1511 I SystemServerTiming: OnBootPhase_600_com.android.server.wifi.aware.WifiAwareService
04-06 02:10:05.007 1511 1511 I SystemServerTiming: OnBootPhase_600_com.android.server.wifi.p2p.WifiP2pService
04-06 02:10:05.007 1511 1511 I SystemServerTiming: OnBootPhase_600_com.android.server.ethernet.EthernetService
04-06 02:10:05.007 1511 1511 I SystemServerTiming: OnBootPhase_600_com.android.server.ConnectivityServiceInitializer
04-06 02:10:05.007 1511 1511 I SystemServerTiming: OnBootPhase_600_com.android.server.notification.NotificationManagerService
04-06 02:10:05.010 1511 1511 I SystemServerTiming: OnBootPhase_600_com.android.server.storage.DeviceStorageMonitorService
04-06 02:10:05.010 1511 1511 I SystemServerTiming: OnBootPhase_600_com.android.server.location.LocationManagerService$Lifecycle
04-06 02:10:05.014 1999 1999 D iorap.prefetcherd: Installing minijail
04-06 02:10:05.014 1999 1999 W iorap.prefetcherd: No seccomp filter defined for this architecture.
04-06 02:10:05.027 1511 1511 D TelephonyRegistry: listen oscl: mHasNotifySubscriptionInfoChangedOccurred==false no callback
04-06 02:10:05.023 912 912 I auditd : type=1400 audit(0.0:239): avc: denied { read write } for comm="sensors.qti" name="diag" dev="tmpfs" ino=2145 scontext=u:r:vendor_sensors_qti:s0 tcontext=u:object_r:vendor_diag_device:s0 tclass=chr_file permissive=0
04-06 02:10:05.038 1511 1511 I SystemServerTiming: OnBootPhase_600_com.android.server.timedetector.TimeDetectorService$Lifecycle
04-06 02:10:05.038 1511 1511 I SystemServerTiming: OnBootPhase_600_com.android.server.timezonedetector.TimeZoneDetectorService$Lifecycle
04-06 02:10:05.038 1511 1511 I SystemServerTiming: OnBootPhase_600_com.android.server.timezonedetector.location.LocationTimeZoneManagerService$Lifecycle
04-06 02:10:05.039 1511 1511 I SystemServerTiming: OnBootPhase_600_com.android.server.search.SearchManagerService$Lifecycle
04-06 02:10:05.039 1511 1511 I SystemServerTiming: OnBootPhase_600_com.android.server.wallpaper.WallpaperManagerService$Lifecycle
04-06 02:10:05.039 1511 1511 I WallpaperManagerService: switch-user-0
04-06 02:10:05.039 1511 1511 V WallpaperManagerService: bindWallpaperComponentLocked: componentName=ComponentInfo{com.android.systemui/com.android.systemui.ImageWallpaper}
04-06 02:10:05.039 1511 1511 I SystemServerTiming: OnBootPhase_600_com.android.server.audio.AudioService$Lifecycle
04-06 02:10:05.039 1511 1511 I SystemServerTiming: OnBootPhase_600_com.android.server.soundtrigger_middleware.SoundTriggerMiddlewareService$Lifecycle
04-06 02:10:05.039 1511 1511 I SystemServerTiming: OnBootPhase_600_com.android.server.DockObserver
04-06 02:10:05.039 1511 1511 I SystemServerTiming: OnBootPhase_600_com.android.server.midi.MidiService$Lifecycle
04-06 02:10:05.039 1511 1511 I SystemServerTiming: OnBootPhase_600_com.android.server.adb.AdbService$Lifecycle
04-06 02:10:05.039 1511 1511 I SystemServerTiming: OnBootPhase_600_com.android.server.usb.UsbService$Lifecycle
04-06 02:10:05.039 1511 1511 I SystemServerTiming: OnBootPhase_600_com.android.server.twilight.TwilightService
04-06 02:10:05.039 1511 1511 I SystemServerTiming: OnBootPhase_600_com.android.server.display.color.ColorDisplayService
04-06 02:10:05.039 1511 1511 I SystemServerTiming: OnBootPhase_600_com.android.server.job.JobSchedulerService
04-06 02:10:05.041 1511 1511 I SystemServerTiming: OnBootPhase_600_com.android.server.soundtrigger.SoundTriggerService
04-06 02:10:05.041 1511 1511 D SoundTriggerService: onBootPhase: 600 : false
04-06 02:10:05.041 1511 1511 I SystemServerTiming: OnBootPhase_600_com.android.server.trust.TrustManagerService
04-06 02:10:05.042 1511 1511 D BiometricService: Sensor ID(0), oemStrength: 15, updatedStrength: 15, modality 2, state: 0, cookie: 0, props: ID: 0, Strength: 2, Type: 1, sensorId 0, hasEnrollments: false cannot participate in Keystore operations
04-06 02:10:05.043 1511 1511 I SystemServerTiming: OnBootPhase_600_com.android.server.backup.BackupManagerService$Lifecycle
04-06 02:10:05.043 1511 1511 I SystemServerTiming: OnBootPhase_600_com.android.server.appwidget.AppWidgetService
04-06 02:10:05.043 1511 1511 I SystemServerTiming: OnBootPhase_600_com.android.server.voiceinteraction.VoiceInteractionManagerService
04-06 02:10:05.044 1511 1511 I SystemServerTiming: OnBootPhase_600_com.android.server.apphibernation.AppHibernationService
04-06 02:10:05.044 1511 1511 I SystemServerTiming: OnBootPhase_600_com.android.server.SensorNotificationService
04-06 02:10:05.045 1511 1511 I SystemServerTiming: OnBootPhase_600_com.android.server.emergency.EmergencyAffordanceService
04-06 02:10:05.045 1511 1511 I SystemServerTiming: OnBootPhase_600_com.android.server.blob.BlobStoreManagerService
04-06 02:10:05.045 1511 1777 W StorageManagerService: No primary storage defined yet; hacking together a stub
04-06 02:10:05.048 1511 1511 I SystemServerTiming: OnBootPhase_600_com.android.server.dreams.DreamManagerService
04-06 02:10:05.049 1511 1511 I SystemServerTiming: OnBootPhase_600_com.android.server.companion.CompanionDeviceManagerService
04-06 02:10:05.050 1511 1511 I SystemServerTiming: OnBootPhase_600_com.android.server.restrictions.RestrictionsManagerService
04-06 02:10:05.050 1511 1511 I SystemServerTiming: OnBootPhase_600_com.android.server.media.MediaSessionService
04-06 02:10:05.050 1511 1511 I SystemServerTiming: OnBootPhase_600_com.android.server.media.MediaResourceMonitorService
04-06 02:10:05.050 1511 1511 I SystemServerTiming: OnBootPhase_600_com.android.server.biometrics.sensors.fingerprint.FingerprintService
04-06 02:10:05.050 1511 1511 I SystemServerTiming: OnBootPhase_600_com.android.server.biometrics.BiometricService
04-06 02:10:05.050 1511 1511 I SystemServerTiming: OnBootPhase_600_com.android.server.biometrics.AuthService
04-06 02:10:05.050 1511 1511 I SystemServerTiming: OnBootPhase_600_com.android.server.pm.ShortcutService$Lifecycle
04-06 02:10:05.050 1511 1511 I SystemServerTiming: OnBootPhase_600_com.android.server.pm.LauncherAppsService
04-06 02:10:05.050 1511 1511 I SystemServerTiming: OnBootPhase_600_com.android.server.pm.CrossProfileAppsService
04-06 02:10:05.050 1511 1511 I SystemServerTiming: OnBootPhase_600_com.android.server.people.PeopleService
04-06 02:10:05.050 1511 1511 I SystemServerTiming: OnBootPhase_600_com.android.server.media.metrics.MediaMetricsManagerService
04-06 02:10:05.050 1511 1511 I SystemServerTiming: OnBootPhase_600_com.android.server.media.projection.MediaProjectionManagerService
04-06 02:10:05.050 1511 1511 I SystemServerTiming: OnBootPhase_600_com.android.server.slice.SliceManagerService$Lifecycle
04-06 02:10:05.050 1511 1511 I SystemServerTiming: OnBootPhase_600_com.android.server.stats.StatsCompanion$Lifecycle
04-06 02:10:05.050 1511 1511 I SystemServerTiming: OnBootPhase_600_com.android.server.scheduling.RebootReadinessManagerService$Lifecycle
04-06 02:10:05.050 1511 1511 I SystemServerTiming: OnBootPhase_600_com.android.server.stats.pull.StatsPullAtomService
04-06 02:10:05.050 1511 1511 I SystemServerTiming: OnBootPhase_600_com.android.server.incident.IncidentCompanionService
04-06 02:10:05.050 1511 1511 I SystemServerTiming: OnBootPhase_600_com.android.server.MmsServiceBroker
04-06 02:10:05.050 1511 1511 I SystemServerTiming: OnBootPhase_600_com.android.server.autofill.AutofillManagerService
04-06 02:10:05.051 1511 1511 I SystemServerTiming: OnBootPhase_600_com.android.server.clipboard.ClipboardService
04-06 02:10:05.051 1511 1511 I SystemServerTiming: OnBootPhase_600_com.android.server.appbinding.AppBindingService$Lifecycle
04-06 02:10:05.051 1511 1613 D StatsPullAtomService: Registering NetworkStats pullers with statsd
04-06 02:10:05.051 1511 1511 I SystemServerTiming: OnBootPhase_600_com.android.server.tracing.TracingServiceProxy
04-06 02:10:05.051 1511 1511 I SystemServerTiming: OnBootPhase_600_com.android.server.policy.PermissionPolicyService
04-06 02:10:05.051 1511 1511 I SystemServerTiming: OnBootPhase_600_com.android.server.pm.StagingManager$Lifecycle
04-06 02:10:05.051 1511 1511 I SystemServerTiming: OnBootPhase_600_com.android.server.app.GameManagerService$Lifecycle
04-06 02:10:05.051 1511 1511 I SystemServerTiming: OnBootPhase_600_com.android.server.appsearch.AppSearchManagerService
04-06 02:10:05.051 1511 1511 I SystemServerTiming: OnBootPhase_600_com.android.server.media.MediaCommunicationService
04-06 02:10:05.051 1511 1511 I SystemServerTiming: StartNetworkStack
04-06 02:10:05.051 1511 1511 D ConnectivityModuleConnector: Starting networking module android.net.INetworkStackConnector
04-06 02:10:05.051 1511 1511 D ConnectivityModuleConnector: Starting networking module in network_stack process
04-06 02:10:05.055 1511 1511 I am_uid_running: 1073
04-06 02:10:05.056 1511 1511 D CompatibilityChangeReporter: Compat change id reported: 135634846; UID 1073; state: DISABLED
04-06 02:10:05.056 1511 1511 D CompatibilityChangeReporter: Compat change id reported: 177438394; UID 1073; state: DISABLED
04-06 02:10:05.057 1511 1511 D CompatibilityChangeReporter: Compat change id reported: 135772972; UID 1073; state: DISABLED
04-06 02:10:05.057 1511 1511 D CompatibilityChangeReporter: Compat change id reported: 135754954; UID 1073; state: ENABLED
04-06 02:10:05.057 1511 1511 D ConnectivityModuleConnector: Networking module service start requested
04-06 02:10:05.057 1511 1511 I SystemServerTiming: StartTethering
04-06 02:10:05.057 1511 1511 D ConnectivityModuleConnector: Starting networking module android.net.ITetheringConnector
04-06 02:10:05.057 1511 1511 D ConnectivityModuleConnector: Starting networking module in network_stack process
04-06 02:10:05.058 1511 1511 D ConnectivityModuleConnector: Networking module service start requested
04-06 02:10:05.058 1511 1511 I SystemServerTiming: MakeCountryDetectionServiceReady
04-06 02:10:05.058 1511 1511 I SystemServerTiming: MakeNetworkTimeUpdateReady
04-06 02:10:05.060 1511 1511 I SystemServerTiming: MakeInputManagerServiceReady
04-06 02:10:05.060 1511 1511 I configuration_changed: 16384
04-06 02:10:05.060 1511 1511 I ActivityTaskManager: Config changes=4000 {1.0 ?mcc?mnc [zh_CN] ldltr sw720dp w1706dp h652dp 240dpi lrg long hdr land finger -keyb/v/h -nav/h winConfig={ mBounds=Rect(0, 0 - 2560, 1080) mAppBounds=Rect(0, 0 - 2560, 1014) mMaxBounds=Rect(0, 0 - 2560, 1080) mWindowingMode=fullscreen mDisplayWindowingMode=fullscreen mActivityType=undefined mAlwaysOnTop=undefined mRotation=ROTATION_0} s.10 fontWeightAdjustment=0}
04-06 02:10:05.061 1511 1511 I WindowManager: Override config changes=4000 {1.0 ?mcc?mnc [zh_CN] ldltr sw720dp w1706dp h652dp 240dpi lrg long hdr land finger -keyb/v/h -nav/h winConfig={ mBounds=Rect(0, 0 - 2560, 1080) mAppBounds=Rect(0, 0 - 2560, 1014) mMaxBounds=Rect(0, 0 - 2560, 1080) mWindowingMode=fullscreen mDisplayWindowingMode=fullscreen mActivityType=undefined mAlwaysOnTop=undefined mRotation=ROTATION_0} s.10 fontWeightAdjustment=0} for displayId=0
04-06 02:10:05.067 1511 1613 I netstats_mobile_sample: [0,0,0,0,0,0,0,0,0,0,0,0,1680718205067]
04-06 02:10:05.067 1511 1613 I netstats_wifi_sample: [0,0,0,0,0,0,0,0,0,0,0,0,1680718205067]
04-06 02:10:05.074 1511 1615 W ActivityManager: Slow operation: 114ms so far, now at startProcess: returned from zygote!
04-06 02:10:05.075 1511 1511 I SystemServerTiming: MakeTelephonyRegistryReady
04-06 02:10:05.075 1511 1511 D TelephonyRegistry: systemRunning register for intents
04-06 02:10:05.075 1511 1615 W ActivityManager: Slow operation: 116ms so far, now at startProcess: done updating battery stats
04-06 02:10:05.075 1511 1615 I am_proc_start: [0,2004,1037,WebViewLoader-armeabi-v7a,NULL,]
04-06 02:10:05.075 1511 1615 W ActivityManager: Slow operation: 116ms so far, now at startProcess: building log message
04-06 02:10:05.075 1511 1615 I ActivityManager: Start proc 2004:WebViewLoader-armeabi-v7a/1037 [android.webkit.WebViewLibraryLoader$RelroFileCreator] for null
04-06 02:10:05.075 1511 1615 W ActivityManager: Slow operation: 116ms so far, now at startProcess: starting to update pids map
04-06 02:10:05.076 1511 1615 W ActivityManager: Slow operation: 116ms so far, now at startProcess: done updating pids map
04-06 02:10:05.076 1511 1615 W ActivityManager: Slow operation: 115ms so far, now at startProcess: asking zygote to start proc
04-06 02:10:05.076 1511 1511 I SystemServerTiming: MakeMediaRouterServiceReady
04-06 02:10:05.076 1511 1604 W CarrierConfigManager: Error getting config for subId -1 ICarrierConfigLoader is null
04-06 02:10:05.076 1511 1511 I SystemServerTiming: MakeMmsServiceReady
04-06 02:10:05.076 1511 1511 I MmsServiceBroker: Delay connecting to MmsService until an API is called
04-06 02:10:05.076 1511 1511 I SystemServerTiming: IncidentDaemonReady
04-06 02:10:05.077 1511 1511 I SystemServerTiming: MakeIncrementalServiceReady
04-06 02:10:05.077 1511 1511 I SystemServerTiming: getCurrentUser
04-06 02:10:05.077 1511 1511 I ActivityManager: Current user:0
04-06 02:10:05.077 1511 1511 I SystemServerTiming: ActivityManagerStartApps
04-06 02:10:05.077 1511 1511 I ssm_user_starting: 0
04-06 02:10:05.077 1511 1511 I SystemServerTiming: ssm.StartUser-0
04-06 02:10:05.077 1511 1511 I SystemServiceManager: Calling onStartUser 0
04-06 02:10:05.077 1511 1511 I SystemServerTiming: ssm.onStartUser-0_com.android.server.security.FileIntegrityService
04-06 02:10:05.077 1511 1511 I SystemServerTiming: ssm.onStartUser-0_com.android.server.pm.Installer
04-06 02:10:05.077 1511 1511 I SystemServerTiming: ssm.onStartUser-0_com.android.server.os.DeviceIdentifiersPolicyService
04-06 02:10:05.077 1511 1511 I SystemServerTiming: ssm.onStartUser-0_com.android.server.uri.UriGrantsManagerService$Lifecycle
04-06 02:10:05.077 1511 1511 I SystemServerTiming: ssm.onStartUser-0_com.android.server.powerstats.PowerStatsService
04-06 02:10:05.077 1511 1511 I SystemServerTiming: ssm.onStartUser-0_com.android.server.wm.ActivityTaskManagerService$Lifecycle
04-06 02:10:05.077 1511 1511 I SystemServerTiming: ssm.onStartUser-0_com.android.server.am.ActivityManagerService$Lifecycle
04-06 02:10:05.077 1511 1511 I SystemServerTiming: ssm.onStartUser-0_com.android.server.pm.DataLoaderManagerService
04-06 02:10:05.077 1511 1511 I SystemServerTiming: ssm.onStartUser-0_com.android.server.power.PowerManagerService
04-06 02:10:05.077 1511 1511 I SystemServerTiming: ssm.onStartUser-0_com.android.server.power.ThermalManagerService
04-06 02:10:05.077 1511 1511 I SystemServerTiming: ssm.onStartUser-0_com.android.server.power.hint.HintManagerService
04-06 02:10:05.077 1511 1511 I SystemServerTiming: ssm.onStartUser-0_com.android.server.recoverysystem.RecoverySystemService$Lifecycle
04-06 02:10:05.077 1511 1511 I SystemServerTiming: ssm.onStartUser-0_com.android.server.lights.LightsService
04-06 02:10:05.077 1511 1511 I SystemServerTiming: ssm.onStartUser-0_com.android.server.display.DisplayManagerService
04-06 02:10:05.077 1511 1511 I SystemServerTiming: ssm.onStartUser-0_com.android.server.pm.verify.domain.DomainVerificationService
04-06 02:10:05.077 1511 1511 I SystemServerTiming: ssm.onStartUser-0_com.android.server.pm.PackageInstallerService$Lifecycle
04-06 02:10:05.077 1511 1511 I SystemServerTiming: ssm.onStartUser-0_com.android.server.pm.UserManagerService$LifeCycle
04-06 02:10:05.077 1511 1511 I SystemServerTiming: ssm.onStartUser-0_com.android.server.om.OverlayManagerService
04-06 02:10:05.077 1511 1511 I SystemServerTiming: ssm.onStartUser-0_com.android.server.SensorPrivacyService
04-06 02:10:05.077 1511 1511 I SystemServerTiming: ssm.onStartUser-0_com.android.server.thunderperf.ThunderBoostPerfService
04-06 02:10:05.077 1511 1511 I SystemServerTiming: ssm.onStartUser-0_com.android.server.sensors.SensorService
04-06 02:10:05.077 1511 1511 I SystemServerTiming: ssm.onStartUser-0_com.android.server.SystemConfigService
