04-06 02:12:08.513 1369 3364 D LOWI-9.0.0.87.a: [LOWI-Scan] BSS 18:6f:2d:80:62:f5 FREQ: 5825, cFreq1[40:80:160] = [5825:0:0] cFreq2 = 0 Country Code = CN
04-06 02:12:08.513 1369 3364 D LOWI-9.0.0.87.a: [LOWI-Scan] BSS 18:6f:2d:80:62:f5 (wlan0) ASSO: NO AddInfo: 0x0, TSF 0, 00:02:11.905, RSSI: -174, CPL: 127, AGE: 704, SSID GM, TSFDelta: 0x91ec4e2f, TXRate: 0
04-06 02:12:08.513 1369 3364 D LOWI-9.0.0.87.a: [LOWI-Scan]
04-06 02:12:08.513 1369 3364 D LOWI-9.0.0.87.a: [LOWI-Scan] print_bss_handler: Report Probe TSF 131913971 as it greater than Beacon TSF 119284618
04-06 02:12:08.513 1369 3364 D LOWI-9.0.0.87.a: [LOWI-Scan] decode_rsn_wpa_ie: LOWI_ENCRYPTION_TYPE_WPA_PSK
04-06 02:12:08.513 1369 3364 D LOWI-9.0.0.87.a: [LOWI-Scan] is_qcom_ie, bss_age: 0
04-06 02:12:08.513 1369 3364 D LOWI-9.0.0.87.a: [LOWI-Scan] BSS ec:60:73:e8:af:fe LOWI_PHY_MODE_11NG_HT40(7), Beacon Interval: 100, LOWI_ENCRYPTION_TYPE_WPA_PSK 11mcRanging: No, ANQP: No, LCI: No, Civic: No, capability(0x1411): ESS Privacy ShortSlotTime
04-06 02:12:08.513 1369 3364 D LOWI-9.0.0.87.a: [LOWI-Scan] BSS ec:60:73:e8:af:fe FREQ: 2437, cFreq1[40:80:160] = [2427:0:0] cFreq2 = 0 Country Code = CN
04-06 02:12:08.513 1369 3364 D LOWI-9.0.0.87.a: [LOWI-Scan] BSS ec:60:73:e8:af:fe (wlan0) ASSO: NO AddInfo: 0x0, TSF 0, 00:02:11.913, RSSI: -158, CPL: 127, AGE: 696, SSID TP-LINK_AFFE, TSFDelta: 0xfb76edca, TXRate: 0
04-06 02:12:08.513 1369 3364 D LOWI-9.0.0.87.a: [LOWI-Scan]
04-06 02:12:08.513 1369 3364 D LOWI-9.0.0.87.a: [LOWI-Scan] print_bss_handler: Report beacon TSF 119290754 as it greater than probe TSF 119290754
04-06 02:12:08.513 1369 3364 D LOWI-9.0.0.87.a: [LOWI-Scan] is_qcom_ie, bss_age: 0
04-06 02:12:08.513 1369 3364 D LOWI-9.0.0.87.a: [LOWI-Scan] adjust_age:AP AGE upper limit reached. Dont store
04-06 02:12:08.513 1369 3364 D LOWI-9.0.0.87.a: [LOWI-Scan] BSS 14:51:7e:52:1a:23 LOWI_PHY_MODE_11AC_VHT20_2G(11), Beacon Interval: 100, LOWI_ENCRYPTION_TYPE_OPEN 11mcRanging: No, ANQP: Yes, LCI: No, Civic: No, capability(0x1c21): ESS ShortPreamble ShortSlotTime APSD
04-06 02:12:08.513 1369 3364 D LOWI-9.0.0.87.a: [LOWI-Scan] BSS 14:51:7e:52:1a:23 FREQ: 2437, cFreq1[40:80:160] = [2437:0:0] cFreq2 = 0 Country Code = CN
04-06 02:12:08.513 1369 3364 D LOWI-9.0.0.87.a: [LOWI-Scan] BSS 14:51:7e:52:1a:23 (wlan0) ASSO: NO AddInfo: 0x1, TSF 0, 00:01:59.290, RSSI: -128, CPL: 127, AGE: 13320, SSID , TSFDelta: 0xa4c2b64f, TXRate: 0
04-06 02:12:08.513 1369 3364 D LOWI-9.0.0.87.a: [LOWI-Scan]
04-06 02:12:08.513 1369 3364 D LOWI-9.0.0.87.a: [LOWI-Scan] print_bss_handler: Report Probe TSF 132121934 as it greater than Beacon TSF 132082162
04-06 02:12:08.513 1369 3364 D LOWI-9.0.0.87.a: [LOWI-Scan] decode_rsn_wpa_ie: LOWI_ENCRYPTION_TYPE_WPA_PSK
04-06 02:12:08.513 1369 3364 D LOWI-9.0.0.87.a: [LOWI-Scan] is_qcom_ie, bss_age: 0
04-06 02:12:08.513 1369 3364 D LOWI-9.0.0.87.a: [LOWI-Scan] BSS 18:6f:2d:81:1e:70 LOWI_PHY_MODE_11AC_VHT20(8), Beacon Interval: 100, LOWI_ENCRYPTION_TYPE_WPA_PSK 11mcRanging: No, ANQP: No, LCI: No, Civic: No, capability(0x0111): ESS Privacy SpectrumMgmt
04-06 02:12:08.513 1369 3364 D LOWI-9.0.0.87.a: [LOWI-Scan] BSS 18:6f:2d:81:1e:70 FREQ: 5280, cFreq1[40:80:160] = [5280:0:0] cFreq2 = 0 Country Code = CN
04-06 02:12:08.513 1369 3364 D LOWI-9.0.0.87.a: [LOWI-Scan] BSS 18:6f:2d:81:1e:70 (wlan0) ASSO: NO AddInfo: 0x0, TSF 0, 00:02:12.121, RSSI: -154, CPL: 127, AGE: 488, SSID Testing , TSFDelta: 0x45b33e05, TXRate: 0
04-06 02:12:08.513 1369 3364 D LOWI-9.0.0.87.a: [LOWI-Scan]
04-06 02:12:08.513 1369 3364 D LOWI-9.0.0.87.a: [LOWI-Scan] print_bss_handler: Report Probe TSF 132122547 as it greater than Beacon TSF 132082175
04-06 02:12:08.513 1369 3364 D LOWI-9.0.0.87.a: [LOWI-Scan] is_qcom_ie, bss_age: 0
04-06 02:12:08.513 1369 3364 D LOWI-9.0.0.87.a: [LOWI-Scan] BSS 18:6f:2d:81:1e:71 LOWI_PHY_MODE_11AC_VHT20(8), Beacon Interval: 100, LOWI_ENCRYPTION_TYPE_OPEN 11mcRanging: No, ANQP: No, LCI: No, Civic: No, capability(0x0101): ESS SpectrumMgmt
04-06 02:12:08.513 1369 3364 D LOWI-9.0.0.87.a: [LOWI-Scan] BSS 18:6f:2d:81:1e:71 FREQ: 5280, cFreq1[40:80:160] = [5280:0:0] cFreq2 = 0 Country Code = CN
04-06 02:12:08.513 1369 3364 D LOWI-9.0.0.87.a: [LOWI-Scan] BSS 18:6f:2d:81:1e:71 (wlan0) ASSO: NO AddInfo: 0x0, TSF 0, 00:02:12.122, RSSI: -156, CPL: 127, AGE: 488, SSID Guest, TSFDelta: 0x45b83456, TXRate: 0
04-06 02:12:08.513 1369 3364 D LOWI-9.0.0.87.a: [LOWI-Scan]
04-06 02:12:08.513 1369 3364 D LOWI-9.0.0.87.a: [LOWI-Scan] print_bss_handler: Report Probe TSF 132123325 as it greater than Beacon TSF 132082234
04-06 02:12:08.513 1369 3364 D LOWI-9.0.0.87.a: [LOWI-Scan] decode_rsn_wpa_ie: LOWI_ENCRYPTION_TYPE_WPA_PSK
04-06 02:12:08.513 1369 3364 D LOWI-9.0.0.87.a: [LOWI-Scan] is_qcom_ie, bss_age: 0
04-06 02:12:08.513 1369 3364 D LOWI-9.0.0.87.a: [LOWI-Scan] BSS 18:6f:2d:81:1e:72 LOWI_PHY_MODE_11AC_VHT20(8), Beacon Interval: 100, LOWI_ENCRYPTION_TYPE_WPA_PSK 11mcRanging: No, ANQP: No, LCI: No, Civic: No, capability(0x0111): ESS Privacy SpectrumMgmt
04-06 02:12:08.513 1369 3364 D LOWI-9.0.0.87.a: [LOWI-Scan] BSS 18:6f:2d:81:1e:72 FREQ: 5280, cFreq1[40:80:160] = [5280:0:0] cFreq2 = 0 Country Code = CN
04-06 02:12:08.513 1369 3364 D LOWI-9.0.0.87.a: [LOWI-Scan] BSS 18:6f:2d:81:1e:72 (wlan0) ASSO: NO AddInfo: 0x0, TSF 0, 00:02:12.123, RSSI: -154, CPL: 127, AGE: 488, SSID ZXHY, TSFDelta: 0x45bd9b24, TXRate: 0
04-06 02:12:08.513 1369 3364 D LOWI-9.0.0.87.a: [LOWI-Scan]
04-06 02:12:08.513 1369 3364 D LOWI-9.0.0.87.a: [LOWI-Scan] print_bss_handler: Report Probe TSF 132124037 as it greater than Beacon TSF 132082299
04-06 02:12:08.513 1369 3364 D LOWI-9.0.0.87.a: [LOWI-Scan] decode_rsn_wpa_ie: LOWI_ENCRYPTION_TYPE_WPA_PSK
04-06 02:12:08.513 1369 3364 D LOWI-9.0.0.87.a: [LOWI-Scan] is_qcom_ie, bss_age: 0
04-06 02:12:08.513 1369 3364 D LOWI-9.0.0.87.a: [LOWI-Scan] BSS 18:6f:2d:81:1e:73 LOWI_PHY_MODE_11AC_VHT20(8), Beacon Interval: 100, LOWI_ENCRYPTION_TYPE_WPA_PSK 11mcRanging: No, ANQP: No, LCI: No, Civic: No, capability(0x0111): ESS Privacy SpectrumMgmt
04-06 02:12:08.513 1369 3364 D LOWI-9.0.0.87.a: [LOWI-Scan] BSS 18:6f:2d:81:1e:73 FREQ: 5280, cFreq1[40:80:160] = [5280:0:0] cFreq2 = 0 Country Code = CN
04-06 02:12:08.513 1369 3364 D LOWI-9.0.0.87.a: [LOWI-Scan] BSS 18:6f:2d:81:1e:73 (wlan0) ASSO: NO AddInfo: 0x0, TSF 0, 00:02:12.124, RSSI: -154, CPL: 127, AGE: 484, SSID Fanya, TSFDelta: 0x45c2e47f, TXRate: 0
04-06 02:12:08.513 1369 3364 D LOWI-9.0.0.87.a: [LOWI-Scan]
04-06 02:12:08.513 1369 3364 D LOWI-9.0.0.87.a: [LOWI-Scan] print_bss_handler: Report Probe TSF 132124734 as it greater than Beacon TSF 132082371
04-06 02:12:08.513 1369 3364 D LOWI-9.0.0.87.a: [LOWI-Scan] decode_rsn_wpa_ie: LOWI_ENCRYPTION_TYPE_WPA_PSK
04-06 02:12:08.513 1369 3364 D LOWI-9.0.0.87.a: [LOWI-Scan] is_qcom_ie, bss_age: 0
04-06 02:12:08.513 1369 3364 D LOWI-9.0.0.87.a: [LOWI-Scan] BSS 18:6f:2d:81:1e:74 LOWI_PHY_MODE_11AC_VHT20(8), Beacon Interval: 100, LOWI_ENCRYPTION_TYPE_WPA_PSK 11mcRanging: No, ANQP: No, LCI: No, Civic: No, capability(0x0111): ESS Privacy SpectrumMgmt
04-06 02:12:08.513 1369 3364 D LOWI-9.0.0.87.a: [LOWI-Scan] BSS 18:6f:2d:81:1e:74 FREQ: 5280, cFreq1[40:80:160] = [5280:0:0] cFreq2 = 0 Country Code = CN
04-06 02:12:08.513 1369 3364 D LOWI-9.0.0.87.a: [LOWI-Scan] BSS 18:6f:2d:81:1e:74 (wlan0) ASSO: NO AddInfo: 0x0, TSF 0, 00:02:12.124, RSSI: -154, CPL: 127, AGE: 484, SSID ThunderSoft, TSFDelta: 0x45c7f2a3, TXRate: 0
04-06 02:12:08.513 1369 3364 D LOWI-9.0.0.87.a: [LOWI-Scan]
04-06 02:12:08.513 1369 3364 D LOWI-9.0.0.87.a: [LOWI-Scan] print_bss_handler: Report Probe TSF 132125480 as it greater than Beacon TSF 132082443
04-06 02:12:08.513 1369 3364 D LOWI-9.0.0.87.a: [LOWI-Scan] decode_rsn_wpa_ie: LOWI_ENCRYPTION_TYPE_WPA_PSK
04-06 02:12:08.513 1369 3364 D LOWI-9.0.0.87.a: [LOWI-Scan] is_qcom_ie, bss_age: 0
04-06 02:12:08.513 1369 3364 D LOWI-9.0.0.87.a: [LOWI-Scan] BSS 18:6f:2d:81:1e:75 LOWI_PHY_MODE_11AC_VHT20(8), Beacon Interval: 100, LOWI_ENCRYPTION_TYPE_WPA_PSK 11mcRanging: No, ANQP: No, LCI: No, Civic: No, capability(0x0111): ESS Privacy SpectrumMgmt
04-06 02:12:08.513 1369 3364 D LOWI-9.0.0.87.a: [LOWI-Scan] BSS 18:6f:2d:81:1e:75 FREQ: 5280, cFreq1[40:80:160] = [5280:0:0] cFreq2 = 0 Country Code = CN
04-06 02:12:08.513 1369 3364 D LOWI-9.0.0.87.a: [LOWI-Scan] BSS 18:6f:2d:81:1e:75 (wlan0) ASSO: NO AddInfo: 0x0, TSF 0, 00:02:12.125, RSSI: -154, CPL: 127, AGE: 484, SSID GM, TSFDelta: 0x45cd3a0b, TXRate: 0
04-06 02:12:08.513 1369 3364 D LOWI-9.0.0.87.a: [LOWI-Scan]
04-06 02:12:08.513 1369 3364 D LOWI-9.0.0.87.a: [LOWI-Scan] print_bss_handler: Report beacon TSF 118818877 as it greater than probe TSF 118818877
04-06 02:12:08.513 1369 3364 D LOWI-9.0.0.87.a: [LOWI-Scan] decode_rsn_wpa_ie: LOWI_ENCRYPTION_TYPE_WPA_PSK
04-06 02:12:08.513 1369 3364 D LOWI-9.0.0.87.a: [LOWI-Scan] is_qcom_ie, bss_age: 0
04-06 02:12:08.513 1369 3364 D LOWI-9.0.0.87.a: [LOWI-Scan] adjust_age:AP AGE upper limit reached. Dont store
04-06 02:12:08.513 1369 3364 D LOWI-9.0.0.87.a: [LOWI-Scan] BSS ee:60:73:e9:b0:00 LOWI_PHY_MODE_11AC_VHT80(10), Beacon Interval: 100, LOWI_ENCRYPTION_TYPE_WPA_PSK 11mcRanging: No, ANQP: No, LCI: No, Civic: No, capability(0x0011): ESS Privacy
04-06 02:12:08.513 1369 3364 D LOWI-9.0.0.87.a: [LOWI-Scan] BSS ee:60:73:e9:b0:00 FREQ: 5180, cFreq1[40:80:160] = [5190:5210:0] cFreq2 = 0 Country Code = CN
04-06 02:12:08.513 1369 3364 D LOWI-9.0.0.87.a: [LOWI-Scan] BSS ee:60:73:e9:b0:00 (wlan0) ASSO: NO AddInfo: 0x1, TSF 0, 00:01:58.818, RSSI: -150, CPL: 127, AGE: 13792, SSID , TSFDelta: 0xf04a1d97, TXRate: 0
04-06 02:12:08.513 1369 3364 D LOWI-9.0.0.87.a: [LOWI-Scan]
04-06 02:12:08.513 1369 3364 D LOWI-9.0.0.87.a: [LOWI-Scan] print_bss_handler: Report beacon TSF 131675943 as it greater than probe TSF 131675943
04-06 02:12:08.513 1369 3364 D LOWI-9.0.0.87.a: [LOWI-Scan] is_qcom_ie, bss_age: 0
04-06 02:12:08.513 1369 3364 D LOWI-9.0.0.87.a: [LOWI-Scan] BSS 14:51:7e:52:1a:24 LOWI_PHY_MODE_11AC_VHT40(9), Beacon Interval: 100, LOWI_ENCRYPTION_TYPE_OPEN 11mcRanging: No, ANQP: Yes, LCI: No, Civic: No, capability(0x0121): ESS ShortPreamble SpectrumMgmt
04-06 02:12:08.513 1369 3364 D LOWI-9.0.0.87.a: [LOWI-Scan] BSS 14:51:7e:52:1a:24 FREQ: 5745, cFreq1[40:80:160] = [5755:0:0] cFreq2 = 0 Country Code = CN
04-06 02:12:08.513 1369 3364 D LOWI-9.0.0.87.a: [LOWI-Scan] BSS 14:51:7e:52:1a:24 (wlan0) ASSO: NO AddInfo: 0x1, TSF 0, 00:02:11.675, RSSI: -156, CPL: 127, AGE: 936, SSID , TSFDelta: 0x9c17ec06, TXRate: 0
04-06 02:12:08.513 1369 3364 D LOWI-9.0.0.87.a: [LOWI-Scan]
04-06 02:12:08.513 1369 3364 D LOWI-9.0.0.87.a: [LOWI-Scan] print_bss_handler: Report beacon TSF 119156250 as it greater than probe TSF 119156250
04-06 02:12:08.513 1369 3364 D LOWI-9.0.0.87.a: [LOWI-Scan] decode_rsn_wpa_ie: LOWI_ENCRYPTION_TYPE_WPA_PSK
04-06 02:12:08.513 1369 3364 D LOWI-9.0.0.87.a: [LOWI-Scan] is_qcom_ie, bss_age: 0
04-06 02:12:08.513 1369 3364 D LOWI-9.0.0.87.a: [LOWI-Scan] adjust_age:AP AGE upper limit reached. Dont store
04-06 02:12:08.513 1369 3364 D LOWI-9.0.0.87.a: [LOWI-Scan] BSS 9a:97:cc:d0:04:88 LOWI_PHY_MODE_11AC_VHT80(10), Beacon Interval: 100, LOWI_ENCRYPTION_TYPE_WPA_PSK 11mcRanging: No, ANQP: No, LCI: No, Civic: No, capability(0x0011): ESS Privacy
04-06 02:12:08.513 1369 3364 D LOWI-9.0.0.87.a: [LOWI-Scan] BSS 9a:97:cc:d0:04:88 FREQ: 5805, cFreq1[40:80:160] = [5795:5775:0] cFreq2 = 0 Country Code = CN
04-06 02:12:08.513 1369 3364 D LOWI-9.0.0.87.a: [LOWI-Scan] BSS 9a:97:cc:d0:04:88 (wlan0) ASSO: NO AddInfo: 0x1, TSF 0, 00:01:59.156, RSSI: -154, CPL: 127, AGE: 13452, SSID , TSFDelta: 0xa2ced37f, TXRate: 0
04-06 02:12:08.513 1369 3364 D LOWI-9.0.0.87.a: [LOWI-Scan]
04-06 02:12:08.513 1369 3364 D LOWI-9.0.0.87.a: [LOWI-Scan] print_bss_handler: Report Probe TSF 131886378 as it greater than Beacon TSF 119235677
04-06 02:12:08.513 1369 3364 D LOWI-9.0.0.87.a: [LOWI-Scan] is_qcom_ie, bss_age: 0
04-06 02:12:08.513 1369 3364 D LOWI-9.0.0.87.a: [LOWI-Scan] BSS 18:6f:2d:80:62:f1 LOWI_PHY_MODE_11AC_VHT20(8), Beacon Interval: 100, LOWI_ENCRYPTION_TYPE_OPEN 11mcRanging: No, ANQP: No, LCI: No, Civic: No, capability(0x0101): ESS SpectrumMgmt
04-06 02:12:08.513 1369 3364 D LOWI-9.0.0.87.a: [LOWI-Scan] BSS 18:6f:2d:80:62:f1 FREQ: 5825, cFreq1[40:80:160] = [5825:0:0] cFreq2 = 0 Country Code = CN
04-06 02:12:08.513 1369 3364 D LOWI-9.0.0.87.a: [LOWI-Scan] BSS 18:6f:2d:80:62:f1 (wlan0) ASSO: NO AddInfo: 0x0, TSF 0, 00:02:11.886, RSSI: -172, CPL: 127, AGE: 724, SSID Guest, TSFDelta: 0x91d74563, TXRate: 0
04-06 02:12:08.513 1369 3364 D LOWI-9.0.0.87.a: [LOWI-Scan]
04-06 02:12:08.513 1369 3364 D LOWI-9.0.0.87.a: [LOWI-Scan] print_bss_handler: Report beacon TSF 119287025 as it greater than probe TSF 119287025
04-06 02:12:08.513 1369 3364 D LOWI-9.0.0.87.a: [LOWI-Scan] decode_rsn_wpa_ie: LOWI_ENCRYPTION_TYPE_WPA_PSK
04-06 02:12:08.513 1369 3364 D LOWI-9.0.0.87.a: [LOWI-Scan] is_qcom_ie, bss_age: 0
04-06 02:12:08.513 1369 3364 D LOWI-9.0.0.87.a: [LOWI-Scan] adjust_age:AP AGE upper limit reached. Dont store
04-06 02:12:08.513 1369 3364 D LOWI-9.0.0.87.a: [LOWI-Scan] BSS ee:60:73:e9:af:fe LOWI_PHY_MODE_11NG_HT40(7), Beacon Interval: 100, LOWI_ENCRYPTION_TYPE_WPA_PSK 11mcRanging: No, ANQP: No, LCI: No, Civic: No, capability(0x0411): ESS Privacy ShortSlotTime
04-06 02:12:08.513 1369 3364 D LOWI-9.0.0.87.a: [LOWI-Scan] BSS ee:60:73:e9:af:fe FREQ: 2437, cFreq1[40:80:160] = [2427:0:0] cFreq2 = 0 Country Code = CN
04-06 02:12:08.513 1369 3364 D LOWI-9.0.0.87.a: [LOWI-Scan] BSS ee:60:73:e9:af:fe (wlan0) ASSO: NO AddInfo: 0x1, TSF 0, 00:01:59.287, RSSI: -156, CPL: 127, AGE: 13324, SSID , TSFDelta: 0xfd792c64, TXRate: 0
04-06 02:12:08.513 1369 3364 D LOWI-9.0.0.87.a: [LOWI-Scan]
04-06 02:12:08.513 1369 3364 D LOWI-9.0.0.87.a: [LOWI-Scan] print_bss_handler: Report Probe TSF 131923686 as it greater than Beacon TSF 119293424
04-06 02:12:08.513 1369 3364 D LOWI-9.0.0.87.a: [LOWI-Scan] decode_rsn_wpa_ie: LOWI_ENCRYPTION_TYPE_WPA_PSK
04-06 02:12:08.513 1369 3364 D LOWI-9.0.0.87.a: [LOWI-Scan] is_qcom_ie, bss_age: 0
04-06 02:12:08.513 1369 3364 D LOWI-9.0.0.87.a: [LOWI-Scan] BSS 1a:51:7e:52:1a:23 LOWI_PHY_MODE_11AC_VHT20_2G(11), Beacon Interval: 100, LOWI_ENCRYPTION_TYPE_WPA_PSK 11mcRanging: No, ANQP: Yes, LCI: No, Civic: No, capability(0x1c31): ESS Privacy ShortPreamble ShortSlotTime APSD
04-06 02:12:08.513 1369 3364 D LOWI-9.0.0.87.a: [LOWI-Scan] BSS 1a:51:7e:52:1a:23 FREQ: 2437, cFreq1[40:80:160] = [0:0:0] cFreq2 = 0 Country Code = CN
04-06 02:12:08.513 1369 3364 D LOWI-9.0.0.87.a: [LOWI-Scan] BSS 1a:51:7e:52:1a:23 (wlan0) ASSO: NO AddInfo: 0x0, TSF 0, 00:02:11.923, RSSI: -128, CPL: 127, AGE: 688, SSID H3C_EPOCH, TSFDelta: 0xa2f122e5, TXRate: 0
04-06 02:12:08.513 1369 3364 D LOWI-9.0.0.87.a: [LOWI-Scan]
04-06 02:12:08.513 1369 3364 D LOWI-9.0.0.87.a: [LOWI-Scan] print_bss_handler: Report Probe TSF 131930319 as it greater than Beacon TSF 119296566
04-06 02:12:08.513 1369 3364 D LOWI-9.0.0.87.a: [LOWI-Scan] decode_rsn_wpa_ie: LOWI_ENCRYPTION_TYPE_WPA_PSK
04-06 02:12:08.513 1369 3364 D LOWI-9.0.0.87.a: [LOWI-Scan] is_qcom_ie, bss_age: 0
04-06 02:12:08.513 1369 3364 D LOWI-9.0.0.87.a: [LOWI-Scan] BSS 1c:51:7e:52:1a:23 LOWI_PHY_MODE_11AC_VHT20_2G(11), Beacon Interval: 100, LOWI_ENCRYPTION_TYPE_WPA_PSK 11mcRanging: No, ANQP: Yes, LCI: No, Civic: No, capability(0x0431): ESS Privacy ShortPreamble ShortSlotTime
04-06 02:12:08.513 1369 3364 D LOWI-9.0.0.87.a: [LOWI-Scan] BSS 1c:51:7e:52:1a:23 FREQ: 2437, cFreq1[40:80:160] = [0:0:0] cFreq2 = 0 Country Code = CN
04-06 02:12:08.513 1369 3364 D LOWI-9.0.0.87.a: [LOWI-Scan] BSS 1c:51:7e:52:1a:23 (wlan0) ASSO: NO AddInfo: 0x0, TSF 0, 00:02:11.930, RSSI: -130, CPL: 127, AGE: 680, SSID H3C_EPOCH_ETH10, TSFDelta: 0xa323ef41, TXRate: 0
04-06 02:12:08.513 1369 3364 D LOWI-9.0.0.87.a: [LOWI-Scan]
04-06 02:12:08.513 1369 3364 D LOWI-9.0.0.87.a: [LOWI-Scan] print_bss_handler: Report Probe TSF 131936921 as it greater than Beacon TSF 119300169
04-06 02:12:08.513 1369 3364 D LOWI-9.0.0.87.a: [LOWI-Scan] decode_rsn_wpa_ie: LOWI_ENCRYPTION_TYPE_WPA_PSK
04-06 02:12:08.513 1369 3364 D LOWI-9.0.0.87.a: [LOWI-Scan] is_qcom_ie, bss_age: 0
04-06 02:12:08.513 1369 3364 D LOWI-9.0.0.87.a: [LOWI-Scan] BSS 22:51:7e:52:1a:23 LOWI_PHY_MODE_11AC_VHT20_2G(11), Beacon Interval: 100, LOWI_ENCRYPTION_TYPE_WPA_PSK 11mcRanging: No, ANQP: Yes, LCI: No, Civic: No, capability(0x0431): ESS Privacy ShortPreamble ShortSlotTime
04-06 02:12:08.513 1369 3364 D LOWI-9.0.0.87.a: [LOWI-Scan] BSS 22:51:7e:52:1a:23 FREQ: 2437, cFreq1[40:80:160] = [0:0:0] cFreq2 = 0 Country Code = CN
04-06 02:12:08.513 1369 3364 D LOWI-9.0.0.87.a: [LOWI-Scan] BSS 22:51:7e:52:1a:23 (wlan0) ASSO: NO AddInfo: 0x0, TSF 0, 00:02:11.936, RSSI: -130, CPL: 127, AGE: 672, SSID H3C_EPOCH_WIFI5_4G, TSFDelta: 0xa3573bbe, TXRate: 0
04-06 02:12:08.513 1369 3364 D LOWI-9.0.0.87.a: [LOWI-Scan]
04-06 02:12:08.513 1369 3364 D LOWI-9.0.0.87.a: [LOWI-Scan] print_bss_handler: Report beacon TSF 131465348 as it greater than probe TSF 131465348
04-06 02:12:08.513 1369 3364 D LOWI-9.0.0.87.a: [LOWI-Scan] decode_rsn_wpa_ie: LOWI_ENCRYPTION_TYPE_WPA_PSK
04-06 02:12:08.513 1369 3364 D LOWI-9.0.0.87.a: [LOWI-Scan] is_qcom_ie, bss_age: 0
04-06 02:12:08.513 1369 3364 D LOWI-9.0.0.87.a: [LOWI-Scan] BSS 64:6e:97:5a:7e:e0 LOWI_PHY_MODE_11AC_VHT40_2G(12), Beacon Interval: 100, LOWI_ENCRYPTION_TYPE_WPA_PSK 11mcRanging: No, ANQP: No, LCI: No, Civic: No, capability(0x1411): ESS Privacy ShortSlotTime
04-06 02:12:08.513 1369 3364 D LOWI-9.0.0.87.a: [LOWI-Scan] BSS 64:6e:97:5a:7e:e0 FREQ: 2412, cFreq1[40:80:160] = [2422:0:0] cFreq2 = 0 Country Code = CN
04-06 02:12:08.513 1369 3364 D LOWI-9.0.0.87.a: [LOWI-Scan] BSS 64:6e:97:5a:7e:e0 (wlan0) ASSO: NO AddInfo: 0x1, TSF 0, 00:02:11.465, RSSI: -176, CPL: 127, AGE: 1144, SSID DMC, TSFDelta: 0x5ebc70e6, TXRate: 0
04-06 02:12:08.513 1369 3364 D LOWI-9.0.0.87.a: [LOWI-Scan]
04-06 02:12:08.513 1369 3364 D LOWI-9.0.0.87.a: [LOWI-Scan] print_bss_handler: Report beacon TSF 131469331 as it greater than probe TSF 131469331
04-06 02:12:08.513 1369 3364 D LOWI-9.0.0.87.a: [LOWI-Scan] is_qcom_ie, bss_age: 0
04-06 02:12:08.513 1369 3364 D LOWI-9.0.0.87.a: [LOWI-Scan] BSS 18:6f:2d:81:1e:61 LOWI_PHY_MODE_11NG_HT20(5), Beacon Interval: 100, LOWI_ENCRYPTION_TYPE_OPEN 11mcRanging: No, ANQP: No, LCI: No, Civic: No, capability(0x0521): ESS ShortPreamble SpectrumMgmt ShortSlotTime
04-06 02:12:08.513 1369 3364 D LOWI-9.0.0.87.a: [LOWI-Scan] BSS 18:6f:2d:81:1e:61 FREQ: 2412, cFreq1[40:80:160] = [2412:0:0] cFreq2 = 0 Country Code = CN
04-06 02:12:08.513 1369 3364 D LOWI-9.0.0.87.a: [LOWI-Scan] BSS 18:6f:2d:81:1e:61 (wlan0) ASSO: NO AddInfo: 0x1, TSF 0, 00:02:11.469, RSSI: -186, CPL: 127, AGE: 1140, SSID Guest, TSFDelta: 0x9fd1bae6, TXRate: 0
04-06 02:12:08.513 1369 3364 D LOWI-9.0.0.87.a: [LOWI-Scan]
04-06 02:12:08.513 1369 3364 D LOWI-9.0.0.87.a: [LOWI-Scan] print_bss_handler: Report beacon TSF 131471414 as it greater than probe TSF 131471414
04-06 02:12:08.513 1369 3364 D LOWI-9.0.0.87.a: [LOWI-Scan] decode_rsn_wpa_ie: LOWI_ENCRYPTION_TYPE_WPA_PSK
04-06 02:12:08.513 1369 3364 D LOWI-9.0.0.87.a: [LOWI-Scan] is_qcom_ie, bss_age: 0
04-06 02:12:08.513 1369 3364 D LOWI-9.0.0.87.a: [LOWI-Scan] BSS 18:6f:2d:81:1e:64 LOWI_PHY_MODE_11NG_HT20(5), Beacon Interval: 100, LOWI_ENCRYPTION_TYPE_WPA_PSK 11mcRanging: No, ANQP: No, LCI: No, Civic: No, capability(0x0531): ESS Privacy ShortPreamble SpectrumMgmt ShortSlotTime
04-06 02:12:08.513 1369 3364 D LOWI-9.0.0.87.a: [LOWI-Scan] BSS 18:6f:2d:81:1e:64 FREQ: 2412, cFreq1[40:80:160] = [2412:0:0] cFreq2 = 0 Country Code = CN
04-06 02:12:08.513 1369 3364 D LOWI-9.0.0.87.a: [LOWI-Scan] BSS 18:6f:2d:81:1e:64 (wlan0) ASSO: NO AddInfo: 0x1, TSF 0, 00:02:11.471, RSSI: -186, CPL: 127, AGE: 1140, SSID Fanya, TSFDelta: 0x9fe12a5e, TXRate: 0
04-06 02:12:08.513 1369 3364 D LOWI-9.0.0.87.a: [LOWI-Scan]
04-06 02:12:08.513 1369 3364 D LOWI-9.0.0.87.a: [LOWI-Scan] print_bss_handler: Report beacon TSF 131491769 as it greater than probe TSF 131491769
04-06 02:12:08.513 1369 3364 D LOWI-9.0.0.87.a: [LOWI-Scan] decode_rsn_wpa_ie: LOWI_ENCRYPTION_TYPE_WPA_PSK
04-06 02:12:08.513 1369 3364 D LOWI-9.0.0.87.a: [LOWI-Scan] is_qcom_ie, bss_age: 0
04-06 02:12:08.513 1369 3364 D LOWI-9.0.0.87.a: [LOWI-Scan] BSS 18:6f:2d:81:16:e0 LOWI_PHY_MODE_11NG_HT20(5), Beacon Interval: 100, LOWI_ENCRYPTION_TYPE_WPA_PSK 11mcRanging: No, ANQP: No, LCI: No, Civic: No, capability(0x0531): ESS Privacy ShortPreamble SpectrumMgmt ShortSlotTime
04-06 02:12:08.513 1369 3364 D LOWI-9.0.0.87.a: [LOWI-Scan] BSS 18:6f:2d:81:16:e0 FREQ: 2412, cFreq1[40:80:160] = [2412:0:0] cFreq2 = 0 Country Code = CN
04-06 02:12:08.513 1369 3364 D LOWI-9.0.0.87.a: [LOWI-Scan] BSS 18:6f:2d:81:16:e0 (wlan0) ASSO: NO AddInfo: 0x1, TSF 0, 00:02:11.491, RSSI: -180, CPL: 127, AGE: 1120, SSID Testing , TSFDelta: 0xa19ed708, TXRate: 0
04-06 02:12:08.513 1369 3364 D LOWI-9.0.0.87.a: [LOWI-Scan]
04-06 02:12:08.513 1369 3364 D LOWI-9.0.0.87.a: [LOWI-Scan] print_bss_handler: Report beacon TSF 131492944 as it greater than probe TSF 131492944
04-06 02:12:08.513 1369 3364 D LOWI-9.0.0.87.a: [LOWI-Scan] is_qcom_ie, bss_age: 0
04-06 02:12:08.513 1369 3364 D LOWI-9.0.0.87.a: [LOWI-Scan] BSS 18:6f:2d:81:16:e1 LOWI_PHY_MODE_11NG_HT20(5), Beacon Interval: 100, LOWI_ENCRYPTION_TYPE_OPEN 11mcRanging: No, ANQP: No, LCI: No, Civic: No, capability(0x0521): ESS ShortPreamble SpectrumMgmt ShortSlotTime
04-06 02:12:08.513 1369 3364 D LOWI-9.0.0.87.a: [LOWI-Scan] BSS 18:6f:2d:81:16:e1 FREQ: 2412, cFreq1[40:80:160] = [2412:0:0] cFreq2 = 0 Country Code = CN
04-06 02:12:08.513 1369 3364 D LOWI-9.0.0.87.a: [LOWI-Scan] BSS 18:6f:2d:81:16:e1 (wlan0) ASSO: NO AddInfo: 0x1, TSF 0, 00:02:11.492, RSSI: -180, CPL: 127, AGE: 1116, SSID Guest, TSFDelta: 0xa1ab3ac1, TXRate: 0
04-06 02:12:08.513 1369 3364 D LOWI-9.0.0.87.a: [LOWI-Scan]
04-06 02:12:08.513 1369 3364 D LOWI-9.0.0.87.a: [LOWI-Scan] print_bss_handler: Report beacon TSF 131494759 as it greater than probe TSF 131494759
04-06 02:12:08.513 1369 3364 D LOWI-9.0.0.87.a: [LOWI-Scan] decode_rsn_wpa_ie: LOWI_ENCRYPTION_TYPE_WPA_PSK
04-06 02:12:08.513 1369 3364 D LOWI-9.0.0.87.a: [LOWI-Scan] is_qcom_ie, bss_age: 0
04-06 02:12:08.513 1369 3364 D LOWI-9.0.0.87.a: [LOWI-Scan] BSS 18:6f:2d:81:16:e2 LOWI_PHY_MODE_11NG_HT20(5), Beacon Interval: 100, LOWI_ENCRYPTION_TYPE_WPA_PSK 11mcRanging: No, ANQP: No, LCI: No, Civic: No, capability(0x0531): ESS Privacy ShortPreamble SpectrumMgmt ShortSlotTime
04-06 02:12:08.513 1369 3364 D LOWI-9.0.0.87.a: [LOWI-Scan] BSS 18:6f:2d:81:16:e2 FREQ: 2412, cFreq1[40:80:160] = [2412:0:0] cFreq2 = 0 Country Code = CN
04-06 02:12:08.513 1369 3364 D LOWI-9.0.0.87.a: [LOWI-Scan] BSS 18:6f:2d:81:16:e2 (wlan0) ASSO: NO AddInfo: 0x1, TSF 0, 00:02:11.494, RSSI: -180, CPL: 127, AGE: 1116, SSID ThunderSoft_2.4G, TSFDelta: 0xa1b60469, TXRate: 0
04-06 02:12:08.513 1369 3364 D LOWI-9.0.0.87.a: [LOWI-Scan]
04-06 02:12:08.513 1369 3364 D LOWI-9.0.0.87.a: [LOWI-Scan] print_bss_handler: Report beacon TSF 131506015 as it greater than probe TSF 131506015
04-06 02:12:08.513 1369 3364 D LOWI-9.0.0.87.a: [LOWI-Scan] decode_rsn_wpa_ie: LOWI_ENCRYPTION_TYPE_WPA_PSK
04-06 02:12:08.513 1369 3364 D LOWI-9.0.0.87.a: [LOWI-Scan] is_qcom_ie, bss_age: 0
04-06 02:12:08.513 1369 3364 D LOWI-9.0.0.87.a: [LOWI-Scan] BSS 18:6f:2d:81:16:e3 LOWI_PHY_MODE_11NG_HT20(5), Beacon Interval: 100, LOWI_ENCRYPTION_TYPE_WPA_PSK 11mcRanging: No, ANQP: No, LCI: No, Civic: No, capability(0x0531): ESS Privacy ShortPreamble SpectrumMgmt ShortSlotTime
04-06 02:12:08.513 1369 3364 D LOWI-9.0.0.87.a: [LOWI-Scan] BSS 18:6f:2d:81:16:e3 FREQ: 2412, cFreq1[40:80:160] = [2412:0:0] cFreq2 = 0 Country Code = CN
04-06 02:12:08.513 1369 3364 D LOWI-9.0.0.87.a: [LOWI-Scan] BSS 18:6f:2d:81:16:e3 (wlan0) ASSO: NO AddInfo: 0x1, TSF 0, 00:02:11.506, RSSI: -180, CPL: 127, AGE: 1104, SSID ZXHY, TSFDelta: 0xa1c315fa, TXRate: 0
04-06 02:12:08.513 1369 3364 D LOWI-9.0.0.87.a: [LOWI-Scan]
04-06 02:12:08.513 1369 3364 D LOWI-9.0.0.87.a: [LOWI-Scan] print_bss_handler: Report beacon TSF 131773672 as it greater than probe TSF 131773672
04-06 02:12:08.513 1369 3364 D LOWI-9.0.0.87.a: [LOWI-Scan] decode_rsn_wpa_ie: LOWI_ENCRYPTION_TYPE_WPA_PSK
04-06 02:12:08.513 1369 3364 D LOWI-9.0.0.87.a: [LOWI-Scan] is_qcom_ie, bss_age: 0
04-06 02:12:08.513 1369 3364 D LOWI-9.0.0.87.a: [LOWI-Scan] BSS dc:fe:18:77:4e:9c LOWI_PHY_MODE_11AC_VHT80(10), Beacon Interval: 100, LOWI_ENCRYPTION_TYPE_WPA_PSK 11mcRanging: No, ANQP: No, LCI: No, Civic: No, capability(0x0511): ESS Privacy SpectrumMgmt ShortSlotTime
04-06 02:12:08.513 1369 3364 D LOWI-9.0.0.87.a: [LOWI-Scan] BSS dc:fe:18:77:4e:9c FREQ: 5785, cFreq1[40:80:160] = [5795:5775:0] cFreq2 = 0 Country Code =
04-06 02:12:08.513 1369 3364 D LOWI-9.0.0.87.a: [LOWI-Scan] BSS dc:fe:18:77:4e:9c (wlan0) ASSO: NO AddInfo: 0x1, TSF 0, 00:02:11.773, RSSI: -172, CPL: 127, AGE: 836, SSID TP-LINK_5G_4E9A, TSFDelta: 0x73e03e1d, TXRate: 0
04-06 02:12:08.513 1369 3364 D LOWI-9.0.0.87.a: [LOWIDiagLog] Log: lowiMeasResult->request: invalid null argument
04-06 02:12:08.513 1369 3364 I LOWI-9.0.0.87.a: [LOWI-Scan] lowi_close_record:Scan done in 119675ms, 37 APs in scan results
04-06 02:12:08.513 1369 3364 D LOWI-9.0.0.87.a: [LOWI-Scan] WipsScanUsingNL: passive scan cached 0, took 12654 ms, err 0
04-06 02:12:08.513 1369 3364 D LOWI-9.0.0.87.a: [LOWI-Scan] lowi_proc_req_passive_scan_with_live_meas - No WLAN Frames to be parsed
04-06 02:12:08.513 1369 3364 D LOWI-9.0.0.87.a: [LOWIScanResultReceiver] Send scan meas to listener
04-06 02:12:08.513 1369 3364 D LOWI-9.0.0.87.a: [LOWIScanResultReceiver] Enter passive listening mode
04-06 02:12:08.513 1369 3364 D LOWI-9.0.0.87.a: [LOWIWifiDriverInterface] getMeasurements - Passive listening mode
04-06 02:12:08.513 1369 1399 D LOWI-9.0.0.87.a: [LOWIEventReceiver] handleEvent:FROM:NA, TO:NA, REQ:NA, IREQ:NA, REQ_ID:0, RESP:NA, INFO:NA
04-06 02:12:08.513 1369 3364 D LOWI-9.0.0.87.a: [LOWI-Scan] WipsScanUsingNL:wait -1 sec for netlink message
04-06 02:12:08.513 1369 1399 D LOWI-9.0.0.87.a: [LOWIBackgroundScanMgr] isRspForBgScanMgr: evt(LOWI_NO_EVT) - not handled
04-06 02:12:08.513 1369 1399 D LOWI-9.0.0.87.a: [LOWIScheduler] manageMsg: NULL results or NULL request in results
04-06 02:12:08.513 1369 1399 D LOWI-9.0.0.87.a: [LOWIController] Measurements received
04-06 02:12:08.513 1369 1399 D LOWI-9.0.0.87.a: [LOWICacheManager] putInCache:Num of Meas to add: 37
04-06 02:12:08.513 1369 1399 D LOWI-9.0.0.87.a: [LOWIController] processMeasurementResults: No current Request. Cache measurements
04-06 02:12:08.513 1369 1399 D LOWI-9.0.0.87.a: [LOWIController] sendAsyncScanResponse: Request FreeWifiScanObserver_0 is from a different client.
04-06 02:12:08.513 1369 1399 D LOWI-9.0.0.87.a: [LOWIController] generateResponse: Type (ASYNC_DISCOVERY_SCAN_RESULTS) ScanStatus (1) request FreeWifiScanObserver_0
04-06 02:12:08.513 1369 1399 D LOWI-9.0.0.87.a: [LOWIEventDispatcher] sendResponse - originator = FreeWifiScanObserver
04-06 02:12:08.513 1369 1399 D LOWI-9.0.0.87.a: [LOWIUtils] injectScanMeasurements - num of APs = 37
04-06 02:12:08.514 1369 1399 I LOWI-9.0.0.87.a: [LOWIUtils] responseToOutPostcard - TO: FreeWifiScanObserver, FROM: LOWI-SERVER, RESP: LOWI_ASYNC_DISCOVERY_SCAN_RESULTS
04-06 02:12:08.514 1369 1399 D LOWI-9.0.0.87.a: [LOWIControllerExtn] sendLOWILpDiscoveryScanResponse: Not a discovery scan response
04-06 02:12:08.516 1511 1716 W IE_Capabilities: Unknown RSN cipher suite: 6ac0f00
04-06 02:12:08.517 1511 1716 D WificondScannerImpl: Filtering out 6 scan results.
04-06 02:12:08.566 2375 2375 W WifiDebugService: Can not find target wifi network : hht_test_wifi_fc4318c9
04-06 02:12:08.591 1511 1691 I input_interaction: Interaction with: feadf47 com.android.settings/com.android.settings.Settings (server), edge-swipe (server), swipe-up (server), PointerEventDispatcher0 (server),
04-06 02:12:08.922 2728 2728 W hpplay-java: [main]:IPManager:getActiveNets invalid networkInfo:null
04-06 02:12:08.922 2728 2728 I hpplay-java: [main]:IPManager:getActiveNets eth0:false wifi:false mobile:false ap:false
04-06 02:12:08.922 2728 2728 I hpplay-java: [main]:ServerTaskManager:get local ip:null
04-06 02:12:09.379 647 662 I mpu_uart: [MSG-P:RECV]:No message received in 1000 ms
04-06 02:12:09.409 2416 2454 I OpenGLRenderer: Davey! duration=9223371903375ms; Flags=0, FrameTimelineVsyncId=2875, IntendedVsync=133479491950, Vsync=133479491950, InputEventId=712076227, HandleInputStart=133479680364, AnimationStart=133481183593, PerformTraversalsStart=133481198541, DrawStart=133481271823, FrameDeadline=133496158616, FrameInterval=133479677552, FrameStartTime=16666666, SyncQueued=133482721041, SyncStart=133482777083, IssueDrawCommandsStart=133483382604, SwapBuffers=133486576666, FrameCompleted=9223372036854775807, DequeueBufferDuration=37083, QueueBufferDuration=883229, GpuCompleted=9223372036854775807, SwapBuffersCompleted=133487968906, DisplayPresentTime=72904454231687180,
04-06 02:12:09.442 647 661 I mpu_uart: [MSG-P:R]:recv sync frame timeout
04-06 02:12:09.925 2728 2728 W hpplay-java: [main]:IPManager:getActiveNets invalid networkInfo:null
04-06 02:12:09.925 2728 2728 I hpplay-java: [main]:IPManager:getActiveNets eth0:false wifi:false mobile:false ap:false
04-06 02:12:09.925 2728 2728 I hpplay-java: [main]:ServerTaskManager:get local ip:null
04-06 02:12:09.958 1511 2731 E TaskPersister: File error accessing recents directory (directory doesn't exist?).
04-06 02:12:10.380 647 662 I mpu_uart: [MSG-P:RECV]:No message received in 1000 ms
04-06 02:12:10.776 2354 2354 D RemoteControlService: startVlanDispatchThread
04-06 02:12:10.897 2416 2416 I sysui_multi_action: [757,830,758,4,833,0,854,top_level_about_device,1089,0]
04-06 02:12:10.898 2416 2480 I OpenGLRenderer: Davey! duration=9223371901948ms; Flags=0, FrameTimelineVsyncId=-1, IntendedVsync=134905945884, Vsync=134905948697, InputEventId=819077728, HandleInputStart=134905961562, AnimationStart=134905964843, PerformTraversalsStart=134905966874, DrawStart=134906071614, FrameDeadline=9223372036854775807, FrameInterval=134905948697, FrameStartTime=16666666, SyncQueued=134911980207, SyncStart=134912073332, IssueDrawCommandsStart=134912863176, SwapBuffers=134977739843, FrameCompleted=9223372036854775807, DequeueBufferDuration=39584, QueueBufferDuration=1578542, GpuCompleted=9223372036854775807, SwapBuffersCompleted=134979601353, DisplayPresentTime=4294967297,
04-06 02:12:10.899 2416 2416 I TopLevelSettings: TopLevelSettings: TopLevelSettings::com.android.settings.deviceinfo.aboutphone.MyDeviceInfoFragment
04-06 02:12:10.927 2728 2728 W hpplay-java: [main]:IPManager:getActiveNets invalid networkInfo:null
04-06 02:12:10.927 2728 2728 I hpplay-java: [main]:IPManager:getActiveNets eth0:false wifi:false mobile:false ap:false
04-06 02:12:10.927 2728 2728 I hpplay-java: [main]:ServerTaskManager:get local ip:null
04-06 02:12:11.012 2416 2416 I sysui_multi_action: [757,746,758,2,1089,3741]
04-06 02:12:11.016 2416 2416 D BluetoothPan: Unbinding service...
04-06 02:12:11.020 2416 2416 I TetheringManager: unregisterTetheringEventCallback caller:com.android.settings
04-06 02:12:11.030 2416 2416 D BluetoothPan: Unbinding service...
04-06 02:12:11.036 2416 2416 D PrefCtrlListHelper: Could not find Context-only controller for pref: com.android.settings.deviceinfo.DeviceNamePreferenceController
04-06 02:12:11.036 2416 2416 D PrefCtrlListHelper: Could not find Context-only controller for pref: com.android.settings.deviceinfo.BrandedAccountPreferenceController
04-06 02:12:11.036 2416 2416 D PrefCtrlListHelper: Could not find Context-only controller for pref: com.android.settings.deviceinfo.PhoneNumberPreferenceController
04-06 02:12:11.037 2416 2416 D PrefCtrlListHelper: Could not find Context-only controller for pref: com.android.settings.deviceinfo.HardwareInfoPreferenceController
04-06 02:12:11.037 2416 2416 D PrefCtrlListHelper: Could not find Context-only controller for pref: com.android.settings.deviceinfo.firmwareversion.FirmwareVersionPreferenceController
04-06 02:12:11.037 2416 2416 D PrefCtrlListHelper: Could not find Context-only controller for pref: com.android.settings.deviceinfo.BuildNumberPreferenceController
04-06 02:12:11.042 1511 2078 E UserRestrictionsUtils: Unknown restriction queried by uid 1000 (com.android.inputdevices et al): null
04-06 02:12:11.043 1511 2078 E UserRestrictionsUtils: Unknown restriction queried by uid 1000 (com.android.inputdevices et al): null
04-06 02:12:11.043 1511 2078 E UserRestrictionsUtils: Unknown restriction queried by uid 1000 (com.android.inputdevices et al): null
04-06 02:12:11.044 1511 2078 E UserRestrictionsUtils: Unknown restriction queried by uid 1000 (com.android.inputdevices et al): null
04-06 02:12:11.044 1511 2078 E UserRestrictionsUtils: Unknown restriction queried by uid 1000 (com.android.inputdevices et al): null
04-06 02:12:11.050 2416 2416 D MyDeviceInfoFragment: NO dashboard tiles for MyDeviceInfoFragment
04-06 02:12:11.050 2416 2416 D MyDeviceInfoFragment: All preferences added, reporting fully drawn
04-06 02:12:11.061 2416 2416 I sysui_multi_action: [757,40,758,1,833,0,1089,28]
04-06 02:12:11.062 2416 2416 W FeatureConnector: [ImsConnector, 0] connect: not supported.
04-06 02:12:11.063 2416 2416 I sysui_multi_action: [757,1729,758,4,854,isParalleledControllers:false,1089,29]
04-06 02:12:11.092 2416 2416 E ImsConnector: unregisterListener: mImsManager is null
04-06 02:12:11.159 1511 1613 I sysui_multi_action: [757,1717,758,1,759,0]
04-06 02:12:11.160 1511 1613 I sysui_multi_action: [757,1717,758,2,759,0]
04-06 02:12:11.160 1511 1613 I sysui_multi_action: [757,1717,758,3,759,0]
04-06 02:12:11.219 1178 1178 I auditd : type=1400 audit(0.0:438): avc: denied { getattr } for comm="cnss_diag" path="/data/vendor/wifi/wlan_logs" dev="dm-10" ino=373 scontext=u:r:vendor_wcnss_service:s0 tcontext=u:object_r:vendor_wifi_vendor_log_data_file:s0 tclass=dir permissive=0
04-06 02:12:11.219 1178 1178 W cnss_diag: type=1400 audit(0.0:438): avc: denied { getattr } for path="/data/vendor/wifi/wlan_logs" dev="dm-10" ino=373 scontext=u:r:vendor_wcnss_service:s0 tcontext=u:object_r:vendor_wifi_vendor_log_data_file:s0 tclass=dir permissive=0
04-06 02:12:11.224 1178 1178 I CNSS : cnss_open_log_file: create directory /data/vendor/wifi/wlan_logs/ ret = -1 errno= 17
04-06 02:12:11.225 1178 1178 I CNSS : failed to open file a+ mode or file size 0 is less than max_file_size 31457280
04-06 02:12:11.225 1178 1178 I CNSS : Failed to open file /data/vendor/wifi/wlan_logs/cnss_fw_logs_current.txt: 13
04-06 02:12:11.219 1178 1178 I auditd : type=1400 audit(0.0:439): avc: denied { read } for comm="cnss_diag" name="wlan_logs" dev="dm-10" ino=373 scontext=u:r:vendor_wcnss_service:s0 tcontext=u:object_r:vendor_wifi_vendor_log_data_file:s0 tclass=dir permissive=0
04-06 02:12:11.219 1178 1178 W cnss_diag: type=1400 audit(0.0:439): avc: denied { read } for name="wlan_logs" dev="dm-10" ino=373 scontext=u:r:vendor_wcnss_service:s0 tcontext=u:object_r:vendor_wifi_vendor_log_data_file:s0 tclass=dir permissive=0
04-06 02:12:11.219 1178 1178 I auditd : type=1400 audit(0.0:440): avc: denied { search } for comm="cnss_diag" name="wlan_logs" dev="dm-10" ino=373 scontext=u:r:vendor_wcnss_service:s0 tcontext=u:object_r:vendor_wifi_vendor_log_data_file:s0 tclass=dir permissive=0
04-06 02:12:11.219 1178 1178 W cnss_diag: type=1400 audit(0.0:440): avc: denied { search } for name="wlan_logs" dev="dm-10" ino=373 scontext=u:r:vendor_wcnss_service:s0 tcontext=u:object_r:vendor_wifi_vendor_log_data_file:s0 tclass=dir permissive=0
01-01 08:14:50.244 0 0 E DTC_ETH,link_delay_work_func: 3003, SQI=0, link=0
04-06 02:12:11.380 647 662 I mpu_uart: [MSG-P:RECV]:No message received in 1000 ms
01-01 08:14:50.568 0 0 I init : starting service 'hht_ota_mgr_service'...
04-06 02:12:11.670 4068 4068 E vota : [7040b4f8]: [vota]: init: ..
04-06 02:12:11.670 4068 4068 E vota : [7040b4f8]: [vota]: [warning]: the java machine be not inited, please pass it to the tb_init function! at tb_android_init_env(): 43, src/vota/platform/android/android.c
04-06 02:12:11.671 4068 4068 E vota : [7040b4f8]: [vota]: version: tbox_v1_6_7_202302251411_arm64-v8a_elf by Android (8481493, based on r416183c2) Clang 12.0.9 (https://android.googlesource.com/toolchain/llvm-project c935d99d7cf2016289302412d708641d52d2f7ee)
04-06 02:12:11.671 4068 4068 E vota : [7040b4f8]: [vota]: init: ok
04-06 02:12:11.671 4068 4068 E vota : [7040b4f8]: [vota]: [scheduler]: start ..
04-06 02:12:11.671 4068 4068 E vota : [7040b4f8]: [vota]: [coroutine]: init 0x746ee2a158
04-06 02:12:11.671 4068 4068 E vota : [7040b4f8]: [vota]: [scheduler]: start ok
04-06 02:12:11.671 4068 4068 E vota : [7040b4f8]: [vota]: [scheduler]: switch to coroutine(0x746ee2a158) from coroutine(0x746ef1bca0)
04-06 02:12:11.671 4068 4068 E vota : [7040b4f8]: [vota]: [coroutine]: entry: 0x746ee2a158 stack: 0x746ee2a1b8 - 0x746ee6a1b8 from coroutine(0x746ef1bca0)
04-06 02:12:11.671 4068 4068 I hiphi_update_api: Hh_GetVersion calling ......
04-06 02:12:11.671 4068 4068 I hiphi_update_api: get version:01.00.0089.C102
04-06 02:12:11.671 4068 4068 I hiphi_update_api: Hh_GetVersion ret:0
04-06 02:12:11.714 4068 4068 E vota : [7040b4f8]: [vota]: [scheduler]: finish coroutine(0x746ee2a158)
04-06 02:12:11.714 4068 4068 E vota : [7040b4f8]: [vota]: [scheduler]: switch to original coroutine
04-06 02:12:11.714 4068 4068 E vota : [7040b4f8]: [vota]: [scheduler]: switch to coroutine(0x746ef1bca0) from coroutine(0x746ee2a158)
04-06 02:12:11.707 4068 4068 I auditd : type=1400 audit(0.0:441): avc: denied { read append } for comm="hht_ota_mgr" name="NvmSim_yy.dat" dev="dm-10" ino=379 scontext=u:r:hht_ota_mgr:s0 tcontext=u:object_r:system_data_file:s0 tclass=file permissive=0
04-06 02:12:11.707 4068 4068 W hht_ota_mgr: type=1400 audit(0.0:441): avc: denied { read append } for name="NvmSim_yy.dat" dev="dm-10" ino=379 scontext=u:r:hht_ota_mgr:s0 tcontext=u:object_r:system_data_file:s0 tclass=file permissive=0
04-06 02:12:11.714 4068 4068 E vota : [7040b4f8]: [vota]: [coroutine]: exit: 0x746ee2a158
04-06 02:12:11.714 4068 4068 E vota : [7040b4f8]: [vota]: [lock_profiler]:
04-06 02:12:11.714 4068 4068 E vota : [7040b4f8]: [vota]: [lock_profiler]: lock: 0xb40000721295a2ac, name: allocator, occupied: 0
04-06 02:12:11.714 4068 4068 E vota : [7040b4f8]: [vota]: [lock_profiler]: lock: 0xb400007202950254, name: native_large_allocator, occupied: 0
04-06 02:12:11.714 4068 4068 E vota : [7040b4f8]: [vota]: [small_allocator]:
04-06 02:12:11.714 4068 4068 E vota : [7040b4f8]: [vota]: [static_fixed_pool]: [16]: peak_size: 288, wast_rate: 4074/10000, pred_failed: 0, item_maxn: 245, free_count: 18, malloc_count: 18
04-06 02:12:11.714 4068 4068 E vota : [7040b4f8]: [vota]: [static_fixed_pool]: [96]: peak_size: 2208, wast_rate: 1028/10000, pred_failed: 0, item_maxn: 248, free_count: 23, malloc_count: 23
04-06 02:12:11.714 4068 4068 E vota : [7040b4f8]: [vota]: [static_fixed_pool]: [128]: peak_size: 9216, wast_rate: 791/10000, pred_failed: 0, item_maxn: 249, free_count: 72, malloc_count: 72
04-06 02:12:11.714 4068 4068 E vota : [7040b4f8]: [vota]: [static_fixed_pool]: [192]: peak_size: 2112, wast_rate: 541/10000, pred_failed: 0, item_maxn: 250, free_count: 11, malloc_count: 11
04-06 02:12:11.714 4068 4068 E vota : [7040b4f8]: [vota]: [static_fixed_pool]: [256]: peak_size: 256, wast_rate: 411/10000, pred_failed: 0, item_maxn: 251, free_count: 1, malloc_count: 1
04-06 02:12:11.714 4068 4068 E vota : [7040b4f8]: [vota]: [static_fixed_pool]: [384]: peak_size: 5376, wast_rate: 278/10000, pred_failed: 0, item_maxn: 252, free_count: 14, malloc_count: 14
04-06 02:12:11.714 4068 4068 E vota : [7040b4f8]: [vota]: [static_fixed_pool]: [512]: peak_size: 5632, wast_rate: 210/10000, pred_failed: 0, item_maxn: 253, free_count: 11, malloc_count: 11
04-06 02:12:11.714 4068 4068 E vota : [7040b4f8]: [vota]: [static_fixed_pool]: [1024]: peak_size: 2048, wast_rate: 106/10000, pred_failed: 0, item_maxn: 254, free_count: 2, malloc_count: 2
04-06 02:12:11.714 4068 4068 E vota : [7040b4f8]: [vota]: [native_large_allocator]:
04-06 02:12:11.714 4068 4068 E vota : [7040b4f8]: [vota]: [native_large_allocator]: peak_size: 3373986
04-06 02:12:11.714 4068 4068 E vota : [7040b4f8]: [vota]: [native_large_allocator]: wast_rate: 4/10000
04-06 02:12:11.714 4068 4068 E vota : [7040b4f8]: [vota]: [native_large_allocator]: free_count: 52
04-06 02:12:11.714 4068 4068 E vota : [7040b4f8]: [vota]: [native_large_allocator]: malloc_count: 52
04-06 02:12:11.714 4068 4068 E vota : [7040b4f8]: [vota]: [native_large_allocator]: ralloc_count: 0
04-06 02:12:11.714 4068 4068 E vota : [7040b4f8]: [vota]: exit: ok
01-01 08:14:50.668 0 0 I init : Service 'hht_ota_mgr_service' (pid 4068) exited with status 0
01-01 08:14:50.668 0 0 I init : Sending signal 9 to service 'hht_ota_mgr_service' (pid 4068) process group...
01-01 08:14:50.669 0 0 I libprocessgroup: Successfully killed process cgroup uid 0 pid 4068 in 0ms
04-06 02:12:11.930 2728 2728 W hpplay-java: [main]:IPManager:getActiveNets invalid networkInfo:null
04-06 02:12:11.930 2728 2728 I hpplay-java: [main]:IPManager:getActiveNets eth0:false wifi:false mobile:false ap:false
04-06 02:12:11.930 2728 2728 I hpplay-java: [main]:ServerTaskManager:get local ip:null
04-06 02:12:12.381 647 662 I mpu_uart: [MSG-P:RECV]:No message received in 1000 ms
04-06 02:12:12.381 1251 1359 E tlogd : [TzLogger](isPathReadable) file /sys/kernel/debug/tzdbg/qsee_log isn't exist or no permission, err: No such file or directory
04-06 02:12:12.381 1251 1359 E tlogd : [TzLogger](saveTzlogAsync) /sys/kernel/debug/tzdbg/qsee_log can not read.
04-06 02:12:12.381 1251 1359 E tlogd : [TzLogger](isPathReadable) file /sys/kernel/debug/tzdbg/log isn't exist or no permission, err: No such file or directory
04-06 02:12:12.381 1251 1359 E tlogd : [TzLogger](saveTzlogAsync) /sys/kernel/debug/tzdbg/log can not read.
04-06 02:12:12.411 1511 1691 I input_interaction: Interaction with: e83df19 NavigationBar0 (server), edge-swipe (server), swipe-up (server), PointerEventDispatcher0 (server),
04-06 02:12:12.424 1511 2078 W FreeFormWindowHelper: Current Display FreeFormTask is null
04-06 02:12:12.427 1511 2078 W FreeFormWindowHelper: Current Display FreeFormTask is null
04-06 02:12:12.427 1511 2078 W FreeFormWindowHelper: Current Display FreeFormTask is null
04-06 02:12:12.429 1511 2524 W FreeFormWindowHelper: Current Display FreeFormTask is null
04-06 02:12:12.429 1511 2078 I wm_task_moved: [10,0,0]
04-06 02:12:12.429 1511 2524 W FreeFormWindowHelper: Current Display FreeFormTask is null
04-06 02:12:12.430 1511 2524 W FreeFormWindowHelper: Current Display FreeFormTask is null
04-06 02:12:12.430 1511 2078 I wm_task_moved: [10,0,5]
04-06 02:12:12.430 1511 1607 I EventSequenceValidator: inc AccIntentStartedEvents to 2
04-06 02:12:12.431 1511 2524 I InputDispatcher: Monitor swipe-up (server) is stealing touch from [e83df19 NavigationBar0 (server), ]
04-06 02:12:12.432 1959 1959 I view_enqueue_input_event: [Motion - Cancel,NavigationBar0]
04-06 02:12:12.432 1511 3300 W FreeFormWindowHelper: Current Display FreeFormTask is null
04-06 02:12:12.433 1511 2524 W FreeFormWindowHelper: Current Display FreeFormTask is null
04-06 02:12:12.433 1511 2524 W FreeFormWindowHelper: Current Display FreeFormTask is null
04-06 02:12:12.434 1511 2524 W FreeFormWindowHelper: Current Display FreeFormTask is null
04-06 02:12:12.435 1511 2524 W FreeFormWindowHelper: Current Display FreeFormTask is null
04-06 02:12:12.435 1511 2524 W FreeFormWindowHelper: Current Display FreeFormTask is null
04-06 02:12:12.435 2558 2558 I wm_on_restart_called: [81224896,com.android.launcher3.uioverrides.QuickstepLauncher,performRestartActivity]
04-06 02:12:12.435 2558 2558 D StateManager: goToState: Background
04-06 02:12:12.436 1511 2524 W FreeFormWindowHelper: Current Display FreeFormTask is null
04-06 02:12:12.436 2558 2558 D FreeWindowContainer: reloadTask: null
04-06 02:12:12.438 2558 2558 V GameTypeUtils: judge isGame:com.android.gallery3d
04-06 02:12:12.439 2558 2558 V GameTypeUtils: judge isGame:com.android.music
04-06 02:12:12.439 2558 2558 V GameTypeUtils: judge isGame:com.android.music
04-06 02:12:12.439 2558 2558 V GameTypeUtils: judge isGame:com.microsoft.emmx
04-06 02:12:12.439 2558 2558 V GameTypeUtils: judge isGame:com.android.documentsui
04-06 02:12:12.440 2558 2558 V GameTypeUtils: judge isGame:com.sohu.inputmethod.sogou.car
04-06 02:12:12.440 1511 1691 I input_interaction: Interaction with: edge-swipe (server), swipe-up (server), PointerEventDispatcher0 (server),
04-06 02:12:12.443 647 661 I mpu_uart: [MSG-P:R]:recv sync frame timeout
04-06 02:12:12.444 2558 2558 D EditModeHelper: setHotseatVisibility: 8
04-06 02:12:12.444 1959 1959 V ShadeControllerImpl: NotificationShadeWindow: com.android.systemui.statusbar.phone.NotificationShadeWindowView{21020ec I.E...... ......ID 0,0-2560,1080} canPanelBeCollapsed(): false
04-06 02:12:12.446 1511 3300 W FreeFormWindowHelper: Current Display FreeFormTask is null
04-06 02:12:12.448 2558 2558 I wm_on_start_called: [81224896,com.android.launcher3.uioverrides.QuickstepLauncher,handleStartActivity]
04-06 02:12:12.449 1511 1608 I input_focus: [Focus request recents_animation_input_consumer,reason=UpdateInputWindows]
04-06 02:12:12.456 1511 2643 W FreeFormWindowHelper: Current Display FreeFormTask is null
04-06 02:12:12.456 904 904 I BpBinder: onLastStrongRef automatically unlinking death recipients:
04-06 02:12:12.457 2558 2558 I LatencyTracker: ACTION_TOGGLE_RECENTS latency=47
04-06 02:12:12.457 2558 2558 I sysui_latency: [1,47]
04-06 02:12:12.457 1511 1691 I input_focus: [Focus leaving feadf47 com.android.settings/com.android.settings.Settings (server),reason=NOT_FOCUSABLE]
04-06 02:12:12.458 1511 1691 I input_focus: [Focus entering recents_animation_input_consumer (server),reason=setFocusedWindow]
04-06 02:12:12.470 1511 1607 I EventSequenceValidator: dec AccIntentStartedEvents to 1
04-06 02:12:12.472 1511 1604 I sysui_multi_action: [319,7,322,37,325,136,757,761,758,9,759,5,806,com.android.launcher3,871,com.android.launcher3.uioverrides.QuickstepLauncher,904,com.android.launcher3,905,0,1320,4,1321,1]
04-06 02:12:12.498 2558 2558 W OrientationEventListener: Cannot detect sensors. Invalid disable
04-06 02:12:12.501 2558 2558 D FreeWindowHelper: enterOrExitRecentTasks: isEnterRecentTasks=false,mExitFlag=0
04-06 02:12:12.501 1511 2643 W FreeFormWindowHelper: exitRecentTasks type=0
04-06 02:12:12.502 2558 2558 D EditModeHelper: setHotseatVisibility: 0
04-06 02:12:12.508 1511 2643 W FreeFormWindowHelper: Current Display FreeFormTask is null
04-06 02:12:12.508 2558 2558 W View : requestLayout() improperly called by com.android.launcher3.views.NoInsetView{bfa1bf6 V.ED..... ......ID 2218,0-2560,1080 #7f09007c app:id/bg_hotseat} during layout: running second layout pass
04-06 02:12:12.612 2728 2728 I hpplay-java: [main]:IMTask:getIMRoot
04-06 02:12:12.618 2728 4074 W hpplay-java: [AsyncTask #34]:HttpRequest:
04-06 02:12:12.619 2728 4074 W hpplay-java: [AsyncTask #34]:HttpRequest:
04-06 02:12:12.620 2728 4074 W hpplay-java: [AsyncTask #34]:HttpRequest:
04-06 02:12:12.621 2728 2728 E hpplay-java: [main]:IMTask:getIMRoot failed
04-06 02:12:12.650 1511 1676 I commit_sys_config_file: [settings-1-0,4]
04-06 02:12:12.767 1511 1613 I LatencyTracker: ACTION_START_RECENTS_ANIMATION latency=51
04-06 02:12:12.768 1511 1613 I sysui_latency: [8,51]
04-06 02:12:12.931 2728 2728 W hpplay-java: [main]:IPManager:getActiveNets invalid networkInfo:null
04-06 02:12:12.931 2728 2728 I hpplay-java: [main]:IPManager:getActiveNets eth0:false wifi:false mobile:false ap:false
04-06 02:12:12.931 2728 2728 I hpplay-java: [main]:ServerTaskManager:get local ip:null
04-06 02:12:13.122 2558 2558 D EditModeHelper: setHotseatVisibility: 0
04-06 02:12:13.131 1511 2523 W FreeFormWindowHelper: Current Display FreeFormTask is null
04-06 02:12:13.144 1511 3300 I wm_task_moved: [10,1,6]
04-06 02:12:13.145 1511 3300 I wm_task_moved: [11,1,2147483647]
04-06 02:12:13.145 1511 3300 I wm_task_to_front: [0,11]
04-06 02:12:13.145 1511 3300 I wm_focused_root_task: [0,0,10,12,RecentsAnimation.onAnimationFinished()]
04-06 02:12:13.146 2416 2416 I wm_on_top_resumed_lost_called: [255585539,com.android.settings.Settings,topStateChangedWhenResumed]
04-06 02:12:13.147 1511 3300 I wm_set_resumed_activity: [0,com.android.launcher3/.uioverrides.QuickstepLauncher,RecentsAnimation.onAnimationFinished()]
04-06 02:12:13.149 1511 3300 D ActivityTrigger: ActivityTrigger activityPauseTrigger
04-06 02:12:13.150 1511 3300 I wm_pause_activity: [0,255585539,com.android.settings/.Settings,userLeaving=true,pauseBackTasks]
04-06 02:12:13.152 1511 3300 I wm_add_to_stopping: [0,255585539,com.android.settings/.Settings,makeInvisible]
04-06 02:12:13.152 1511 3300 I ActivityTaskManager: FOREGROUND_APPLICATION_CHANGED to com.android.launcher3.uioverrides.QuickstepLauncher
04-06 02:12:13.153 1511 3300 I wm_set_resumed_activity: [0,com.android.launcher3/.uioverrides.QuickstepLauncher,resumeTopActivityInnerLocked]
04-06 02:12:13.155 1511 3300 I service_manager_stats: [100,31,20697]
04-06 02:12:13.156 1511 3300 I wm_resume_activity: [0,81224896,11,com.android.launcher3/.uioverrides.QuickstepLauncher]
04-06 02:12:13.162 2558 2558 I wm_on_resume_called: [81224896,com.android.launcher3.uioverrides.QuickstepLauncher,RESUME_ACTIVITY]
04-06 02:12:13.164 1511 1608 I input_focus: [Focus request 32446aa com.android.launcher3/com.android.launcher3.uioverrides.QuickstepLauncher,reason=UpdateInputWindows]
04-06 02:12:13.165 2558 2558 I wm_on_top_resumed_gained_called: [81224896,com.android.launcher3.uioverrides.QuickstepLauncher,topStateChangedWhenResumed]
04-06 02:12:13.167 2416 2416 I sysui_multi_action: [757,35,758,2,1089,6040]
04-06 02:12:13.169 2416 2416 I sysui_multi_action: [757,40,758,2,1089,2107]
04-06 02:12:13.169 1511 1990 I wm_stop_activity: [0,255585539,com.android.settings/.Settings]
04-06 02:12:13.170 2416 2416 I wm_on_paused_called: [255585539,com.android.settings.Settings,performPause]
