04-06 02:12:46.763 4116 4116 W hht_ota_mgr: type=1400 audit(0.0:481): avc: denied { read append } for name="NvmSim_yy.dat" dev="dm-10" ino=379 scontext=u:r:hht_ota_mgr:s0 tcontext=u:object_r:system_data_file:s0 tclass=file permissive=0
04-06 02:12:46.770 4116 4116 E vota : [aa0994f8]: [vota]: [static_fixed_pool]: [192]: peak_size: 2112, wast_rate: 541/10000, pred_failed: 0, item_maxn: 250, free_count: 11, malloc_count: 11
04-06 02:12:46.770 4116 4116 E vota : [aa0994f8]: [vota]: [static_fixed_pool]: [256]: peak_size: 256, wast_rate: 411/10000, pred_failed: 0, item_maxn: 251, free_count: 1, malloc_count: 1
04-06 02:12:46.770 4116 4116 E vota : [aa0994f8]: [vota]: [static_fixed_pool]: [384]: peak_size: 5376, wast_rate: 278/10000, pred_failed: 0, item_maxn: 252, free_count: 14, malloc_count: 14
04-06 02:12:46.770 4116 4116 E vota : [aa0994f8]: [vota]: [static_fixed_pool]: [512]: peak_size: 5632, wast_rate: 210/10000, pred_failed: 0, item_maxn: 253, free_count: 11, malloc_count: 11
04-06 02:12:46.770 4116 4116 E vota : [aa0994f8]: [vota]: [static_fixed_pool]: [1024]: peak_size: 2048, wast_rate: 106/10000, pred_failed: 0, item_maxn: 254, free_count: 2, malloc_count: 2
04-06 02:12:46.770 4116 4116 E vota : [aa0994f8]: [vota]: [native_large_allocator]:
04-06 02:12:46.770 4116 4116 E vota : [aa0994f8]: [vota]: [native_large_allocator]: peak_size: 3373986
04-06 02:12:46.770 4116 4116 E vota : [aa0994f8]: [vota]: [native_large_allocator]: wast_rate: 4/10000
04-06 02:12:46.770 4116 4116 E vota : [aa0994f8]: [vota]: [native_large_allocator]: free_count: 52
04-06 02:12:46.770 4116 4116 E vota : [aa0994f8]: [vota]: [native_large_allocator]: malloc_count: 52
04-06 02:12:46.770 4116 4116 E vota : [aa0994f8]: [vota]: [native_large_allocator]: ralloc_count: 0
04-06 02:12:46.770 4116 4116 E vota : [aa0994f8]: [vota]: exit: ok
01-01 08:15:25.720 0 0 I init : Service 'hht_ota_mgr_service' (pid 4116) exited with status 0
01-01 08:15:25.721 0 0 I init : Sending signal 9 to service 'hht_ota_mgr_service' (pid 4116) process group...
01-01 08:15:25.721 0 0 I libprocessgroup: Successfully killed process cgroup uid 0 pid 4116 in 0ms
04-06 02:12:47.013 2728 2728 W hpplay-java: [main]:IPManager:getActiveNets invalid networkInfo:null
04-06 02:12:47.013 2728 2728 I hpplay-java: [main]:IPManager:getActiveNets eth0:false wifi:false mobile:false ap:false
04-06 02:12:47.013 2728 2728 I hpplay-java: [main]:ServerTaskManager:get local ip:null
01-01 08:15:26.084 0 0 E DTC_ETH,link_delay_work_func: 3003, SQI=0, link=0
04-06 02:12:47.233 1178 1178 I CNSS : cnss_open_log_file: create directory /data/vendor/wifi/wlan_logs/ ret = -1 errno= 17
04-06 02:12:47.227 1178 1178 I auditd : type=1400 audit(0.0:482): avc: denied { getattr } for comm="cnss_diag" path="/data/vendor/wifi/wlan_logs" dev="dm-10" ino=373 scontext=u:r:vendor_wcnss_service:s0 tcontext=u:object_r:vendor_wifi_vendor_log_data_file:s0 tclass=dir permissive=0
04-06 02:12:47.233 1178 1178 I CNSS : failed to open file a+ mode or file size 0 is less than max_file_size 31457280
04-06 02:12:47.227 1178 1178 W cnss_diag: type=1400 audit(0.0:482): avc: denied { getattr } for path="/data/vendor/wifi/wlan_logs" dev="dm-10" ino=373 scontext=u:r:vendor_wcnss_service:s0 tcontext=u:object_r:vendor_wifi_vendor_log_data_file:s0 tclass=dir permissive=0
04-06 02:12:47.233 1178 1178 I CNSS : Failed to open file /data/vendor/wifi/wlan_logs/cnss_fw_logs_current.txt: 13
04-06 02:12:47.227 1178 1178 I auditd : type=1400 audit(0.0:483): avc: denied { read } for comm="cnss_diag" name="wlan_logs" dev="dm-10" ino=373 scontext=u:r:vendor_wcnss_service:s0 tcontext=u:object_r:vendor_wifi_vendor_log_data_file:s0 tclass=dir permissive=0
04-06 02:12:47.227 1178 1178 W cnss_diag: type=1400 audit(0.0:483): avc: denied { read } for name="wlan_logs" dev="dm-10" ino=373 scontext=u:r:vendor_wcnss_service:s0 tcontext=u:object_r:vendor_wifi_vendor_log_data_file:s0 tclass=dir permissive=0
04-06 02:12:47.227 1178 1178 I auditd : type=1400 audit(0.0:484): avc: denied { search } for comm="cnss_diag" name="wlan_logs" dev="dm-10" ino=373 scontext=u:r:vendor_wcnss_service:s0 tcontext=u:object_r:vendor_wifi_vendor_log_data_file:s0 tclass=dir permissive=0
04-06 02:12:47.227 1178 1178 W cnss_diag: type=1400 audit(0.0:484): avc: denied { search } for name="wlan_logs" dev="dm-10" ino=373 scontext=u:r:vendor_wcnss_service:s0 tcontext=u:object_r:vendor_wifi_vendor_log_data_file:s0 tclass=dir permissive=0
04-06 02:12:47.385 1251 1359 E tlogd : [TzLogger](isPathReadable) file /sys/kernel/debug/tzdbg/qsee_log isn't exist or no permission, err: No such file or directory
04-06 02:12:47.385 1251 1359 E tlogd : [TzLogger](saveTzlogAsync) /sys/kernel/debug/tzdbg/qsee_log can not read.
04-06 02:12:47.385 1251 1359 E tlogd : [TzLogger](isPathReadable) file /sys/kernel/debug/tzdbg/log isn't exist or no permission, err: No such file or directory
04-06 02:12:47.385 1251 1359 E tlogd : [TzLogger](saveTzlogAsync) /sys/kernel/debug/tzdbg/log can not read.
04-06 02:12:47.397 647 662 I mpu_uart: [MSG-P:RECV]:No message received in 1000 ms
04-06 02:12:48.015 2728 2728 W hpplay-java: [main]:IPManager:getActiveNets invalid networkInfo:null
04-06 02:12:48.015 2728 2728 I hpplay-java: [main]:IPManager:getActiveNets eth0:false wifi:false mobile:false ap:false
04-06 02:12:48.015 2728 2728 I hpplay-java: [main]:ServerTaskManager:get local ip:null
04-06 02:12:48.398 647 662 I mpu_uart: [MSG-P:RECV]:No message received in 1000 ms
04-06 02:12:48.481 647 661 I mpu_uart: [MSG-P:R]:recv sync frame timeout
04-06 02:12:49.017 2728 2728 W hpplay-java: [main]:IPManager:getActiveNets invalid networkInfo:null
04-06 02:12:49.018 2728 2728 I hpplay-java: [main]:IPManager:getActiveNets eth0:false wifi:false mobile:false ap:false
04-06 02:12:49.018 2728 2728 I hpplay-java: [main]:ServerTaskManager:get local ip:null
04-06 02:12:49.398 647 662 I mpu_uart: [MSG-P:RECV]:No message received in 1000 ms
04-06 02:12:50.020 2728 2728 W hpplay-java: [main]:IPManager:getActiveNets invalid networkInfo:null
04-06 02:12:50.020 2728 2728 I hpplay-java: [main]:IPManager:getActiveNets eth0:false wifi:false mobile:false ap:false
04-06 02:12:50.020 2728 2728 I hpplay-java: [main]:ServerTaskManager:get local ip:null
04-06 02:12:50.227 1178 1178 I auditd : type=1400 audit(0.0:485): avc: denied { getattr } for comm="cnss_diag" path="/data/vendor/wifi/wlan_logs" dev="dm-10" ino=373 scontext=u:r:vendor_wcnss_service:s0 tcontext=u:object_r:vendor_wifi_vendor_log_data_file:s0 tclass=dir permissive=0
04-06 02:12:50.227 1178 1178 W cnss_diag: type=1400 audit(0.0:485): avc: denied { getattr } for path="/data/vendor/wifi/wlan_logs" dev="dm-10" ino=373 scontext=u:r:vendor_wcnss_service:s0 tcontext=u:object_r:vendor_wifi_vendor_log_data_file:s0 tclass=dir permissive=0
04-06 02:12:50.233 1178 1178 I CNSS : cnss_open_log_file: create directory /data/vendor/wifi/wlan_logs/ ret = -1 errno= 17
04-06 02:12:50.234 1178 1178 I CNSS : failed to open file a+ mode or file size 0 is less than max_file_size 31457280
04-06 02:12:50.234 1178 1178 I CNSS : Failed to open file /data/vendor/wifi/wlan_logs/cnss_fw_logs_current.txt: 13
04-06 02:12:50.227 1178 1178 I auditd : type=1400 audit(0.0:486): avc: denied { read } for comm="cnss_diag" name="wlan_logs" dev="dm-10" ino=373 scontext=u:r:vendor_wcnss_service:s0 tcontext=u:object_r:vendor_wifi_vendor_log_data_file:s0 tclass=dir permissive=0
04-06 02:12:50.227 1178 1178 W cnss_diag: type=1400 audit(0.0:486): avc: denied { read } for name="wlan_logs" dev="dm-10" ino=373 scontext=u:r:vendor_wcnss_service:s0 tcontext=u:object_r:vendor_wifi_vendor_log_data_file:s0 tclass=dir permissive=0
04-06 02:12:50.227 1178 1178 I auditd : type=1400 audit(0.0:487): avc: denied { search } for comm="cnss_diag" name="wlan_logs" dev="dm-10" ino=373 scontext=u:r:vendor_wcnss_service:s0 tcontext=u:object_r:vendor_wifi_vendor_log_data_file:s0 tclass=dir permissive=0
04-06 02:12:50.227 1178 1178 W cnss_diag: type=1400 audit(0.0:487): avc: denied { search } for name="wlan_logs" dev="dm-10" ino=373 scontext=u:r:vendor_wcnss_service:s0 tcontext=u:object_r:vendor_wifi_vendor_log_data_file:s0 tclass=dir permissive=0
04-06 02:12:50.398 647 662 I mpu_uart: [MSG-P:RECV]:No message received in 1000 ms
04-06 02:12:50.861 2354 2354 D RemoteControlService: startVlanDispatchThread
04-06 02:12:51.021 2728 2728 W hpplay-java: [main]:IPManager:getActiveNets invalid networkInfo:null
04-06 02:12:51.021 2728 2728 I hpplay-java: [main]:IPManager:getActiveNets eth0:false wifi:false mobile:false ap:false
04-06 02:12:51.021 2728 2728 I hpplay-java: [main]:ServerTaskManager:get local ip:null
04-06 02:12:51.158 2416 4082 I OpenGLRenderer: Davey! duration=9223371861624ms; Flags=0, FrameTimelineVsyncId=4651, IntendedVsync=175229722302, Vsync=175229722302, InputEventId=66675657, HandleInputStart=175230006963, AnimationStart=175230009984, PerformTraversalsStart=175230012067, DrawStart=175230114723, FrameDeadline=175246388968, FrameInterval=175229997223, FrameStartTime=16666666, SyncQueued=175233349723, SyncStart=175233427848, IssueDrawCommandsStart=175234186494, SwapBuffers=175237592119, FrameCompleted=9223372036854775807, DequeueBufferDuration=53281, QueueBufferDuration=902917, GpuCompleted=9223372036854775807, SwapBuffersCompleted=175239031494, DisplayPresentTime=3419490392268079104,
04-06 02:12:51.399 647 662 I mpu_uart: [MSG-P:RECV]:No message received in 1000 ms
04-06 02:12:51.483 647 661 I mpu_uart: [MSG-P:R]:recv sync frame timeout
01-01 08:15:30.628 0 0 I init : starting service 'hht_ota_mgr_service'...
04-06 02:12:51.719 4118 4118 E vota : [7d7754f8]: [vota]: init: ..
04-06 02:12:51.719 4118 4118 E vota : [7d7754f8]: [vota]: [warning]: the java machine be not inited, please pass it to the tb_init function! at tb_android_init_env(): 43, src/vota/platform/android/android.c
04-06 02:12:51.720 4118 4118 E vota : [7d7754f8]: [vota]: version: tbox_v1_6_7_202302251411_arm64-v8a_elf by Android (8481493, based on r416183c2) Clang 12.0.9 (https://android.googlesource.com/toolchain/llvm-project c935d99d7cf2016289302412d708641d52d2f7ee)
04-06 02:12:51.720 4118 4118 E vota : [7d7754f8]: [vota]: init: ok
04-06 02:12:51.720 4118 4118 E vota : [7d7754f8]: [vota]: [scheduler]: start ..
04-06 02:12:51.720 4118 4118 E vota : [7d7754f8]: [vota]: [coroutine]: init 0x7b7c17f158
04-06 02:12:51.720 4118 4118 E vota : [7d7754f8]: [vota]: [scheduler]: start ok
04-06 02:12:51.720 4118 4118 E vota : [7d7754f8]: [vota]: [scheduler]: switch to coroutine(0x7b7c17f158) from coroutine(0x7b7c285ca0)
04-06 02:12:51.720 4118 4118 E vota : [7d7754f8]: [vota]: [coroutine]: entry: 0x7b7c17f158 stack: 0x7b7c17f1b8 - 0x7b7c1bf1b8 from coroutine(0x7b7c285ca0)
04-06 02:12:51.720 4118 4118 I hiphi_update_api: Hh_GetVersion calling ......
04-06 02:12:51.720 4118 4118 I hiphi_update_api: get version:01.00.0089.C102
04-06 02:12:51.720 4118 4118 I hiphi_update_api: Hh_GetVersion ret:0
04-06 02:12:51.762 4118 4118 E vota : [7d7754f8]: [vota]: [scheduler]: finish coroutine(0x7b7c17f158)
04-06 02:12:51.762 4118 4118 E vota : [7d7754f8]: [vota]: [scheduler]: switch to original coroutine
04-06 02:12:51.762 4118 4118 E vota : [7d7754f8]: [vota]: [scheduler]: switch to coroutine(0x7b7c285ca0) from coroutine(0x7b7c17f158)
04-06 02:12:51.762 4118 4118 E vota : [7d7754f8]: [vota]: [scheduler]: [loop]: ready 0
04-06 02:12:51.762 4118 4118 E vota : [7d7754f8]: [vota]: [coroutine]: exit: 0x7b7c17f158
04-06 02:12:51.763 4118 4118 E vota : [7d7754f8]: [vota]: [lock_profiler]:
04-06 02:12:51.763 4118 4118 E vota : [7d7754f8]: [vota]: [lock_profiler]: lock: 0xb400007905c827f4, name: native_large_allocator, occupied: 0
04-06 02:12:51.763 4118 4118 E vota : [7d7754f8]: [vota]: [lock_profiler]: lock: 0xb400007915c8616c, name: allocator, occupied: 0
04-06 02:12:51.763 4118 4118 E vota : [7d7754f8]: [vota]: [small_allocator]:
04-06 02:12:51.763 4118 4118 E vota : [7d7754f8]: [vota]: [static_fixed_pool]: [16]: peak_size: 288, wast_rate: 4074/10000, pred_failed: 0, item_maxn: 245, free_count: 18, malloc_count: 18
04-06 02:12:51.763 4118 4118 E vota : [7d7754f8]: [vota]: [static_fixed_pool]: [96]: peak_size: 2208, wast_rate: 1028/10000, pred_failed: 0, item_maxn: 248, free_count: 23, malloc_count: 23
04-06 02:12:51.763 4118 4118 E vota : [7d7754f8]: [vota]: [static_fixed_pool]: [128]: peak_size: 9216, wast_rate: 791/10000, pred_failed: 0, item_maxn: 249, free_count: 72, malloc_count: 72
04-06 02:12:51.763 4118 4118 E vota : [7d7754f8]: [vota]: [static_fixed_pool]: [192]: peak_size: 2112, wast_rate: 541/10000, pred_failed: 0, item_maxn: 250, free_count: 11, malloc_count: 11
04-06 02:12:51.763 4118 4118 E vota : [7d7754f8]: [vota]: [static_fixed_pool]: [256]: peak_size: 256, wast_rate: 411/10000, pred_failed: 0, item_maxn: 251, free_count: 1, malloc_count: 1
04-06 02:12:51.763 4118 4118 E vota : [7d7754f8]: [vota]: [static_fixed_pool]: [384]: peak_size: 5376, wast_rate: 278/10000, pred_failed: 0, item_maxn: 252, free_count: 14, malloc_count: 14
04-06 02:12:51.763 4118 4118 E vota : [7d7754f8]: [vota]: [static_fixed_pool]: [512]: peak_size: 5632, wast_rate: 210/10000, pred_failed: 0, item_maxn: 253, free_count: 11, malloc_count: 11
04-06 02:12:51.763 4118 4118 E vota : [7d7754f8]: [vota]: [static_fixed_pool]: [1024]: peak_size: 2048, wast_rate: 106/10000, pred_failed: 0, item_maxn: 254, free_count: 2, malloc_count: 2
04-06 02:12:51.763 4118 4118 E vota : [7d7754f8]: [vota]: [native_large_allocator]:
04-06 02:12:51.763 4118 4118 E vota : [7d7754f8]: [vota]: [native_large_allocator]: peak_size: 3373986
04-06 02:12:51.755 4118 4118 I auditd : type=1400 audit(0.0:488): avc: denied { read append } for comm="hht_ota_mgr" name="NvmSim_yy.dat" dev="dm-10" ino=379 scontext=u:r:hht_ota_mgr:s0 tcontext=u:object_r:system_data_file:s0 tclass=file permissive=0
04-06 02:12:51.755 4118 4118 W hht_ota_mgr: type=1400 audit(0.0:488): avc: denied { read append } for name="NvmSim_yy.dat" dev="dm-10" ino=379 scontext=u:r:hht_ota_mgr:s0 tcontext=u:object_r:system_data_file:s0 tclass=file permissive=0
04-06 02:12:51.763 4118 4118 E vota : [7d7754f8]: [vota]: [native_large_allocator]: wast_rate: 4/10000
04-06 02:12:51.763 4118 4118 E vota : [7d7754f8]: [vota]: [native_large_allocator]: free_count: 52
04-06 02:12:51.763 4118 4118 E vota : [7d7754f8]: [vota]: [native_large_allocator]: malloc_count: 52
04-06 02:12:51.763 4118 4118 E vota : [7d7754f8]: [vota]: [native_large_allocator]: ralloc_count: 0
04-06 02:12:51.763 4118 4118 E vota : [7d7754f8]: [vota]: exit: ok
04-06 02:12:51.764 1511 1511 I service_manager_stats: [100,68,38609]
01-01 08:15:30.713 0 0 I init : Service 'hht_ota_mgr_service' (pid 4118) exited with status 0
01-01 08:15:30.713 0 0 I init : Sending signal 9 to service 'hht_ota_mgr_service' (pid 4118) process group...
01-01 08:15:30.713 0 0 I libprocessgroup: Successfully killed process cgroup uid 0 pid 4118 in 0ms
04-06 02:12:52.025 2728 2728 W hpplay-java: [main]:IPManager:getActiveNets invalid networkInfo:null
04-06 02:12:52.025 2728 2728 I hpplay-java: [main]:IPManager:getActiveNets eth0:false wifi:false mobile:false ap:false
04-06 02:12:52.025 2728 2728 I hpplay-java: [main]:ServerTaskManager:get local ip:null
01-01 08:15:31.204 0 0 E DTC_ETH,link_delay_work_func: 3003, SQI=0, link=0
04-06 02:12:52.387 1251 1359 E tlogd : [TzLogger](isPathReadable) file /sys/kernel/debug/tzdbg/qsee_log isn't exist or no permission, err: No such file or directory
04-06 02:12:52.387 1251 1359 E tlogd : [TzLogger](saveTzlogAsync) /sys/kernel/debug/tzdbg/qsee_log can not read.
04-06 02:12:52.388 1251 1359 E tlogd : [TzLogger](isPathReadable) file /sys/kernel/debug/tzdbg/log isn't exist or no permission, err: No such file or directory
04-06 02:12:52.388 1251 1359 E tlogd : [TzLogger](saveTzlogAsync) /sys/kernel/debug/tzdbg/log can not read.
04-06 02:12:52.399 647 662 I mpu_uart: [MSG-P:RECV]:No message received in 1000 ms
04-06 02:12:52.947 2416 2452 I OpenGLRenderer: Davey! duration=9223371859837ms; Flags=0, FrameTimelineVsyncId=4818, IntendedVsync=177017373590, Vsync=177017373590, InputEventId=83078624, HandleInputStart=177017561598, AnimationStart=177018087848, PerformTraversalsStart=177018089670, DrawStart=177018166493, FrameDeadline=177034040256, FrameInterval=177017559306, FrameStartTime=16666666, SyncQueued=177021144358, SyncStart=177021218941, IssueDrawCommandsStart=177021782639, SwapBuffers=177024461754, FrameCompleted=9223372036854775807, DequeueBufferDuration=34011, QueueBufferDuration=839688, GpuCompleted=9223372036854775807, SwapBuffersCompleted=177025750868, DisplayPresentTime=7809649077627610439,
04-06 02:12:53.028 2728 2728 W hpplay-java: [main]:IPManager:getActiveNets invalid networkInfo:null
04-06 02:12:53.028 2728 2728 I hpplay-java: [main]:IPManager:getActiveNets eth0:false wifi:false mobile:false ap:false
04-06 02:12:53.028 2728 2728 I hpplay-java: [main]:ServerTaskManager:get local ip:null
04-06 02:12:53.227 1178 1178 I auditd : type=1400 audit(0.0:489): avc: denied { getattr } for comm="cnss_diag" path="/data/vendor/wifi/wlan_logs" dev="dm-10" ino=373 scontext=u:r:vendor_wcnss_service:s0 tcontext=u:object_r:vendor_wifi_vendor_log_data_file:s0 tclass=dir permissive=0
04-06 02:12:53.227 1178 1178 W cnss_diag: type=1400 audit(0.0:489): avc: denied { getattr } for path="/data/vendor/wifi/wlan_logs" dev="dm-10" ino=373 scontext=u:r:vendor_wcnss_service:s0 tcontext=u:object_r:vendor_wifi_vendor_log_data_file:s0 tclass=dir permissive=0
04-06 02:12:53.227 1178 1178 I auditd : type=1400 audit(0.0:490): avc: denied { read } for comm="cnss_diag" name="wlan_logs" dev="dm-10" ino=373 scontext=u:r:vendor_wcnss_service:s0 tcontext=u:object_r:vendor_wifi_vendor_log_data_file:s0 tclass=dir permissive=0
04-06 02:12:53.227 1178 1178 W cnss_diag: type=1400 audit(0.0:490): avc: denied { read } for name="wlan_logs" dev="dm-10" ino=373 scontext=u:r:vendor_wcnss_service:s0 tcontext=u:object_r:vendor_wifi_vendor_log_data_file:s0 tclass=dir permissive=0
04-06 02:12:53.227 1178 1178 I auditd : type=1400 audit(0.0:491): avc: denied { search } for comm="cnss_diag" name="wlan_logs" dev="dm-10" ino=373 scontext=u:r:vendor_wcnss_service:s0 tcontext=u:object_r:vendor_wifi_vendor_log_data_file:s0 tclass=dir permissive=0
04-06 02:12:53.227 1178 1178 W cnss_diag: type=1400 audit(0.0:491): avc: denied { search } for name="wlan_logs" dev="dm-10" ino=373 scontext=u:r:vendor_wcnss_service:s0 tcontext=u:object_r:vendor_wifi_vendor_log_data_file:s0 tclass=dir permissive=0
04-06 02:12:53.234 1178 1178 I CNSS : failed to open file a+ mode or file size 0 is less than max_file_size 31457280
04-06 02:12:53.234 1178 1178 I CNSS : Failed to open file /data/vendor/wifi/wlan_logs/cnss_fw_logs_current.txt: 13
04-06 02:12:53.399 647 662 I mpu_uart: [MSG-P:RECV]:No message received in 1000 ms
04-06 02:12:54.031 2728 2728 W hpplay-java: [main]:IPManager:getActiveNets invalid networkInfo:null
04-06 02:12:54.031 2728 2728 I hpplay-java: [main]:IPManager:getActiveNets eth0:false wifi:false mobile:false ap:false
04-06 02:12:54.031 2728 2728 I hpplay-java: [main]:ServerTaskManager:get local ip:null
04-06 02:12:54.399 647 662 I mpu_uart: [MSG-P:RECV]:No message received in 1000 ms
04-06 02:12:54.486 647 661 I mpu_uart: [MSG-P:R]:recv sync frame timeout
04-06 02:12:55.033 2728 2728 W hpplay-java: [main]:IPManager:getActiveNets invalid networkInfo:null
04-06 02:12:55.033 2728 2728 I hpplay-java: [main]:IPManager:getActiveNets eth0:false wifi:false mobile:false ap:false
04-06 02:12:55.033 2728 2728 I hpplay-java: [main]:ServerTaskManager:get local ip:null
04-06 02:12:55.400 647 662 I mpu_uart: [MSG-P:RECV]:No message received in 1000 ms
04-06 02:12:55.874 2354 2354 D RemoteControlService: startVlanDispatchThread
04-06 02:12:56.035 2728 2728 W hpplay-java: [main]:IPManager:getActiveNets invalid networkInfo:null
04-06 02:12:56.036 2728 2728 I hpplay-java: [main]:IPManager:getActiveNets eth0:false wifi:false mobile:false ap:false
04-06 02:12:56.036 2728 2728 I hpplay-java: [main]:ServerTaskManager:get local ip:null
04-06 02:12:56.235 1178 1178 I CNSS : cnss_open_log_file: create directory /data/vendor/wifi/wlan_logs/ ret = -1 errno= 17
04-06 02:12:56.235 1178 1178 I CNSS : failed to open file a+ mode or file size 0 is less than max_file_size 31457280
04-06 02:12:56.235 1178 1178 I CNSS : Failed to open file /data/vendor/wifi/wlan_logs/cnss_fw_logs_current.txt: 13
04-06 02:12:56.227 1178 1178 I auditd : type=1400 audit(0.0:492): avc: denied { getattr } for comm="cnss_diag" path="/data/vendor/wifi/wlan_logs" dev="dm-10" ino=373 scontext=u:r:vendor_wcnss_service:s0 tcontext=u:object_r:vendor_wifi_vendor_log_data_file:s0 tclass=dir permissive=0
04-06 02:12:56.227 1178 1178 W cnss_diag: type=1400 audit(0.0:492): avc: denied { getattr } for path="/data/vendor/wifi/wlan_logs" dev="dm-10" ino=373 scontext=u:r:vendor_wcnss_service:s0 tcontext=u:object_r:vendor_wifi_vendor_log_data_file:s0 tclass=dir permissive=0
04-06 02:12:56.231 1178 1178 I auditd : type=1400 audit(0.0:493): avc: denied { read } for comm="cnss_diag" name="wlan_logs" dev="dm-10" ino=373 scontext=u:r:vendor_wcnss_service:s0 tcontext=u:object_r:vendor_wifi_vendor_log_data_file:s0 tclass=dir permissive=0
04-06 02:12:56.231 1178 1178 W cnss_diag: type=1400 audit(0.0:493): avc: denied { read } for name="wlan_logs" dev="dm-10" ino=373 scontext=u:r:vendor_wcnss_service:s0 tcontext=u:object_r:vendor_wifi_vendor_log_data_file:s0 tclass=dir permissive=0
04-06 02:12:56.231 1178 1178 I auditd : type=1400 audit(0.0:494): avc: denied { search } for comm="cnss_diag" name="wlan_logs" dev="dm-10" ino=373 scontext=u:r:vendor_wcnss_service:s0 tcontext=u:object_r:vendor_wifi_vendor_log_data_file:s0 tclass=dir permissive=0
04-06 02:12:56.231 1178 1178 W cnss_diag: type=1400 audit(0.0:494): avc: denied { search } for name="wlan_logs" dev="dm-10" ino=373 scontext=u:r:vendor_wcnss_service:s0 tcontext=u:object_r:vendor_wifi_vendor_log_data_file:s0 tclass=dir permissive=0
04-06 02:12:56.400 647 662 I mpu_uart: [MSG-P:RECV]:No message received in 1000 ms
01-01 08:15:35.634 0 0 I init : starting service 'hht_ota_mgr_service'...
04-06 02:12:56.742 4127 4127 E vota : [21e284f8]: [vota]: init: ..
04-06 02:12:56.742 4127 4127 E vota : [21e284f8]: [vota]: [warning]: the java machine be not inited, please pass it to the tb_init function! at tb_android_init_env(): 43, src/vota/platform/android/android.c
04-06 02:12:56.743 4127 4127 E vota : [21e284f8]: [vota]: version: tbox_v1_6_7_202302251411_arm64-v8a_elf by Android (8481493, based on r416183c2) Clang 12.0.9 (https://android.googlesource.com/toolchain/llvm-project c935d99d7cf2016289302412d708641d52d2f7ee)
04-06 02:12:56.743 4127 4127 E vota : [21e284f8]: [vota]: init: ok
04-06 02:12:56.743 4127 4127 E vota : [21e284f8]: [vota]: [scheduler]: start ..
04-06 02:12:56.743 4127 4127 E vota : [21e284f8]: [vota]: [coroutine]: init 0x7a2085d158
04-06 02:12:56.743 4127 4127 E vota : [21e284f8]: [vota]: [scheduler]: start ok
04-06 02:12:56.743 4127 4127 E vota : [21e284f8]: [vota]: [scheduler]: switch to coroutine(0x7a2085d158) from coroutine(0x7a20938ca0)
04-06 02:12:56.743 4127 4127 E vota : [21e284f8]: [vota]: [coroutine]: entry: 0x7a2085d158 stack: 0x7a2085d1b8 - 0x7a2089d1b8 from coroutine(0x7a20938ca0)
04-06 02:12:56.743 4127 4127 I hiphi_update_api: Hh_GetVersion calling ......
04-06 02:12:56.743 4127 4127 I hiphi_update_api: get version:01.00.0089.C102
04-06 02:12:56.743 4127 4127 I hiphi_update_api: Hh_GetVersion ret:0
04-06 02:12:56.785 4127 4127 E vota : [21e284f8]: [vota]: [scheduler]: finish coroutine(0x7a2085d158)
04-06 02:12:56.785 4127 4127 E vota : [21e284f8]: [vota]: [scheduler]: switch to original coroutine
04-06 02:12:56.785 4127 4127 E vota : [21e284f8]: [vota]: [scheduler]: switch to coroutine(0x7a20938ca0) from coroutine(0x7a2085d158)
04-06 02:12:56.785 4127 4127 E vota : [21e284f8]: [vota]: [scheduler]: [loop]: ready 0
04-06 02:12:56.785 4127 4127 E vota : [21e284f8]: [vota]: [coroutine]: exit: 0x7a2085d158
04-06 02:12:56.785 4127 4127 E vota : [21e284f8]: [vota]: [lock_profiler]:
04-06 02:12:56.785 4127 4127 E vota : [21e284f8]: [vota]: [lock_profiler]: lock: 0xb4000077c2e912cc, name: allocator, occupied: 0
04-06 02:12:56.785 4127 4127 E vota : [21e284f8]: [vota]: [lock_profiler]: lock: 0xb4000077b2e8dad4, name: native_large_allocator, occupied: 0
04-06 02:12:56.785 4127 4127 E vota : [21e284f8]: [vota]: [small_allocator]:
04-06 02:12:56.779 4127 4127 I auditd : type=1400 audit(0.0:495): avc: denied { read append } for comm="hht_ota_mgr" name="NvmSim_yy.dat" dev="dm-10" ino=379 scontext=u:r:hht_ota_mgr:s0 tcontext=u:object_r:system_data_file:s0 tclass=file permissive=0
04-06 02:12:56.785 4127 4127 E vota : [21e284f8]: [vota]: [static_fixed_pool]: [16]: peak_size: 288, wast_rate: 4074/10000, pred_failed: 0, item_maxn: 245, free_count: 18, malloc_count: 18
04-06 02:12:56.779 4127 4127 W hht_ota_mgr: type=1400 audit(0.0:495): avc: denied { read append } for name="NvmSim_yy.dat" dev="dm-10" ino=379 scontext=u:r:hht_ota_mgr:s0 tcontext=u:object_r:system_data_file:s0 tclass=file permissive=0
04-06 02:12:56.785 4127 4127 E vota : [21e284f8]: [vota]: [static_fixed_pool]: [96]: peak_size: 2208, wast_rate: 1028/10000, pred_failed: 0, item_maxn: 248, free_count: 23, malloc_count: 23
04-06 02:12:56.785 4127 4127 E vota : [21e284f8]: [vota]: [static_fixed_pool]: [128]: peak_size: 9216, wast_rate: 791/10000, pred_failed: 0, item_maxn: 249, free_count: 72, malloc_count: 72
04-06 02:12:56.785 4127 4127 E vota : [21e284f8]: [vota]: [static_fixed_pool]: [192]: peak_size: 2112, wast_rate: 541/10000, pred_failed: 0, item_maxn: 250, free_count: 11, malloc_count: 11
04-06 02:12:56.785 4127 4127 E vota : [21e284f8]: [vota]: [static_fixed_pool]: [256]: peak_size: 256, wast_rate: 411/10000, pred_failed: 0, item_maxn: 251, free_count: 1, malloc_count: 1
04-06 02:12:56.785 4127 4127 E vota : [21e284f8]: [vota]: [static_fixed_pool]: [384]: peak_size: 5376, wast_rate: 278/10000, pred_failed: 0, item_maxn: 252, free_count: 14, malloc_count: 14
04-06 02:12:56.785 4127 4127 E vota : [21e284f8]: [vota]: [static_fixed_pool]: [512]: peak_size: 5632, wast_rate: 210/10000, pred_failed: 0, item_maxn: 253, free_count: 11, malloc_count: 11
04-06 02:12:56.785 4127 4127 E vota : [21e284f8]: [vota]: [static_fixed_pool]: [1024]: peak_size: 2048, wast_rate: 106/10000, pred_failed: 0, item_maxn: 254, free_count: 2, malloc_count: 2
04-06 02:12:56.785 4127 4127 E vota : [21e284f8]: [vota]: [native_large_allocator]:
04-06 02:12:56.785 4127 4127 E vota : [21e284f8]: [vota]: [native_large_allocator]: peak_size: 3373986
04-06 02:12:56.785 4127 4127 E vota : [21e284f8]: [vota]: [native_large_allocator]: wast_rate: 4/10000
04-06 02:12:56.785 4127 4127 E vota : [21e284f8]: [vota]: [native_large_allocator]: free_count: 52
04-06 02:12:56.785 4127 4127 E vota : [21e284f8]: [vota]: [native_large_allocator]: malloc_count: 52
04-06 02:12:56.785 4127 4127 E vota : [21e284f8]: [vota]: [native_large_allocator]: ralloc_count: 0
04-06 02:12:56.785 4127 4127 E vota : [21e284f8]: [vota]: exit: ok
01-01 08:15:35.736 0 0 I init : Service 'hht_ota_mgr_service' (pid 4127) exited with status 0
01-01 08:15:35.736 0 0 I init : Sending signal 9 to service 'hht_ota_mgr_service' (pid 4127) process group...
01-01 08:15:35.736 0 0 I libprocessgroup: Successfully killed process cgroup uid 0 pid 4127 in 0ms
04-06 02:12:57.038 2728 2728 W hpplay-java: [main]:IPManager:getActiveNets invalid networkInfo:null
04-06 02:12:57.038 2728 2728 I hpplay-java: [main]:IPManager:getActiveNets eth0:false wifi:false mobile:false ap:false
04-06 02:12:57.038 2728 2728 I hpplay-java: [main]:ServerTaskManager:get local ip:null
01-01 08:15:36.324 0 0 E DTC_ETH,link_delay_work_func: 3003, SQI=0, link=0
04-06 02:12:57.388 1251 1359 E tlogd : [TzLogger](isPathReadable) file /sys/kernel/debug/tzdbg/qsee_log isn't exist or no permission, err: No such file or directory
04-06 02:12:57.388 1251 1359 E tlogd : [TzLogger](saveTzlogAsync) /sys/kernel/debug/tzdbg/qsee_log can not read.
04-06 02:12:57.388 1251 1359 E tlogd : [TzLogger](isPathReadable) file /sys/kernel/debug/tzdbg/log isn't exist or no permission, err: No such file or directory
04-06 02:12:57.388 1251 1359 E tlogd : [TzLogger](saveTzlogAsync) /sys/kernel/debug/tzdbg/log can not read.
04-06 02:12:57.400 647 662 I mpu_uart: [MSG-P:RECV]:No message received in 1000 ms
04-06 02:12:57.489 647 661 I mpu_uart: [MSG-P:R]:recv sync frame timeout
04-06 02:12:58.041 2728 2728 W hpplay-java: [main]:IPManager:getActiveNets invalid networkInfo:null
04-06 02:12:58.041 2728 2728 I hpplay-java: [main]:IPManager:getActiveNets eth0:false wifi:false mobile:false ap:false
04-06 02:12:58.041 2728 2728 I hpplay-java: [main]:ServerTaskManager:get local ip:null
04-06 02:12:58.401 647 662 I mpu_uart: [MSG-P:RECV]:No message received in 1000 ms
04-06 02:12:59.044 2728 2728 W hpplay-java: [main]:IPManager:getActiveNets invalid networkInfo:null
04-06 02:12:59.044 2728 2728 I hpplay-java: [main]:IPManager:getActiveNets eth0:false wifi:false mobile:false ap:false
04-06 02:12:59.044 2728 2728 I hpplay-java: [main]:ServerTaskManager:get local ip:null
04-06 02:12:59.235 1178 1178 I CNSS : cnss_open_log_file: create directory /data/vendor/wifi/wlan_logs/ ret = -1 errno= 17
04-06 02:12:59.236 1178 1178 I CNSS : failed to open file a+ mode or file size 0 is less than max_file_size 31457280
04-06 02:12:59.236 1178 1178 I CNSS : Failed to open file /data/vendor/wifi/wlan_logs/cnss_fw_logs_current.txt: 13
04-06 02:12:59.231 1178 1178 I auditd : type=1400 audit(0.0:496): avc: denied { getattr } for comm="cnss_diag" path="/data/vendor/wifi/wlan_logs" dev="dm-10" ino=373 scontext=u:r:vendor_wcnss_service:s0 tcontext=u:object_r:vendor_wifi_vendor_log_data_file:s0 tclass=dir permissive=0
04-06 02:12:59.231 1178 1178 W cnss_diag: type=1400 audit(0.0:496): avc: denied { getattr } for path="/data/vendor/wifi/wlan_logs" dev="dm-10" ino=373 scontext=u:r:vendor_wcnss_service:s0 tcontext=u:object_r:vendor_wifi_vendor_log_data_file:s0 tclass=dir permissive=0
04-06 02:12:59.231 1178 1178 I auditd : type=1400 audit(0.0:497): avc: denied { read } for comm="cnss_diag" name="wlan_logs" dev="dm-10" ino=373 scontext=u:r:vendor_wcnss_service:s0 tcontext=u:object_r:vendor_wifi_vendor_log_data_file:s0 tclass=dir permissive=0
04-06 02:12:59.231 1178 1178 W cnss_diag: type=1400 audit(0.0:497): avc: denied { read } for name="wlan_logs" dev="dm-10" ino=373 scontext=u:r:vendor_wcnss_service:s0 tcontext=u:object_r:vendor_wifi_vendor_log_data_file:s0 tclass=dir permissive=0
04-06 02:12:59.231 1178 1178 I auditd : type=1400 audit(0.0:498): avc: denied { search } for comm="cnss_diag" name="wlan_logs" dev="dm-10" ino=373 scontext=u:r:vendor_wcnss_service:s0 tcontext=u:object_r:vendor_wifi_vendor_log_data_file:s0 tclass=dir permissive=0
04-06 02:12:59.231 1178 1178 W cnss_diag: type=1400 audit(0.0:498): avc: denied { search } for name="wlan_logs" dev="dm-10" ino=373 scontext=u:r:vendor_wcnss_service:s0 tcontext=u:object_r:vendor_wifi_vendor_log_data_file:s0 tclass=dir permissive=0
04-06 02:12:59.401 647 662 I mpu_uart: [MSG-P:RECV]:No message received in 1000 ms
04-06 02:13:00.003 1959 1959 D KeyguardUpdateMonitor: received broadcast android.intent.action.TIME_TICK
04-06 02:13:00.004 1959 1959 D KeyguardUpdateMonitor: handleTimeUpdate
04-06 02:13:00.046 2728 2728 W hpplay-java: [main]:IPManager:getActiveNets invalid networkInfo:null
04-06 02:13:00.046 2728 2728 I hpplay-java: [main]:IPManager:getActiveNets eth0:false wifi:false mobile:false ap:false
04-06 02:13:00.046 2728 2728 I hpplay-java: [main]:ServerTaskManager:get local ip:null
04-06 02:13:00.401 647 662 I mpu_uart: [MSG-P:RECV]:No message received in 1000 ms
04-06 02:13:00.492 647 661 I mpu_uart: [MSG-P:R]:recv sync frame timeout
04-06 02:13:00.699 1511 1614 I am_uid_idle: 10052
04-06 02:13:00.813 2416 2416 I sysui_multi_action: [757,830,758,4,833,0,854,top_level_game,1089,0]
04-06 02:13:00.814 2416 2416 I TopLevelSettings: TopLevelSettings: TopLevelSettings::com.android.settings.gamemode.GameSettingsFragment
04-06 02:13:00.881 2354 2354 D RemoteControlService: startVlanDispatchThread
04-06 02:13:00.921 2416 2416 I sysui_multi_action: [757,744,758,2,1089,33858]
04-06 02:13:00.943 1511 2090 E UserRestrictionsUtils: Unknown restriction queried by uid 1000 (com.android.inputdevices et al): null
04-06 02:13:00.944 1511 2090 E UserRestrictionsUtils: Unknown restriction queried by uid 1000 (com.android.inputdevices et al): null
04-06 02:13:00.945 2416 2416 D GameSettingsFragment: NO dashboard tiles for GameSettingsFragment
04-06 02:13:00.946 2416 2416 D GameSettingsFragment: All preferences added, reporting fully drawn
04-06 02:13:00.947 2416 2416 D GameModeIF_GameModeSettings: getUriFor setting_content_uri_root = content://com.thundercomm.gamemode.api/gamemode_settings , name = gamemode_enable
04-06 02:13:00.947 2416 2416 D GameModeIF_GameModeSettings: getUriFor setting_content_uri_root = content://com.thundercomm.gamemode.api/gamemode_settings , name = gamemode_dnd_voice
04-06 02:13:00.947 2416 2416 D GameModeIF_GameModeSettings: getUriFor setting_content_uri_root = content://com.thundercomm.gamemode.api/gamemode_settings , name = gamemode_dnd_notification
04-06 02:13:00.948 2416 2416 D GameModeIF_GameModeSettings: getUriFor setting_content_uri_root = content://com.thundercomm.gamemode.api/gamemode_settings , name = gamemode_gpu_standard_enable
04-06 02:13:00.948 2416 2416 D GameModeIF_GameModeSettings: getUriFor setting_content_uri_root = content://com.thundercomm.gamemode.api/gamemode_settings , name = gamemode_gpu_standard_value
04-06 02:13:00.948 2416 2416 D GameModeIF_GameModeSettings: getUriFor setting_content_uri_root = content://com.thundercomm.gamemode.api/gamemode_settings , name = gamemode_gpu_custom_enable
04-06 02:13:00.948 2416 2416 D GameModeIF_GameModeSettings: getUriFor setting_content_uri_root = content://com.thundercomm.gamemode.api/gamemode_settings , name = gamemode_gpu_custom_fps
04-06 02:13:00.948 2416 2416 D GameModeIF_GameModeSettings: getUriFor setting_content_uri_root = content://com.thundercomm.gamemode.api/gamemode_settings , name = gamemode_gpu_custom_dpi
04-06 02:13:00.948 2416 2416 D GameModeIF_GameModeSettings: getUriFor setting_content_uri_root = content://com.thundercomm.gamemode.api/gamemode_settings , name = gamemode_gpu_custom_aliasing
04-06 02:13:00.948 2416 2416 D GameModeIF_GameModeSettings: getUriFor setting_content_uri_root = content://com.thundercomm.gamemode.api/gamemode_settings , name = gamemode_isgaming
04-06 02:13:00.948 2416 2416 D GameModeIF_GameModeSettings: getUriFor setting_content_uri_root = content://com.thundercomm.gamemode.api/gamemode_settings , name = gamemode_bulletscreen
04-06 02:13:00.948 2416 2416 D GameModeIF_GameModeSettings: getUriFor setting_content_uri_root = content://com.thundercomm.gamemode.api/gamemode_settings , name = game_mode_guide_is_started
04-06 02:13:00.948 2416 2416 D GameModeIF_GameModeSettings: getUriFor setting_content_uri_root = content://com.thundercomm.gamemode.api/gamemode_settings , name = gamemode_enable
04-06 02:13:00.964 1511 1613 I am_pss : [2416,1000,com.android.settings,170204160,154484736,0,316653568,0,2,11]
04-06 02:13:00.974 1511 1613 I am_pss : [2558,10075,com.android.launcher3,74599424,59342848,0,220876800,0,5,9]
04-06 02:13:00.982 2416 2416 I sysui_multi_action: [757,3000,758,1,833,0,1089,44]
04-06 02:13:00.983 2416 2416 I sysui_multi_action: [757,1729,758,4,854,isParalleledControllers:false,1089,46]
04-06 02:13:00.983 1511 1613 I am_pss : [3913,10028,com.baidu.input,68388864,62840832,0,178434048,0,7,8]
04-06 02:13:01.048 2728 2728 W hpplay-java: [main]:IPManager:getActiveNets invalid networkInfo:null
04-06 02:13:01.048 2728 2728 I hpplay-java: [main]:IPManager:getActiveNets eth0:false wifi:false mobile:false ap:false
04-06 02:13:01.048 2728 2728 I hpplay-java: [main]:ServerTaskManager:get local ip:null
04-06 02:13:01.402 647 662 I mpu_uart: [MSG-P:RECV]:No message received in 1000 ms
01-01 08:15:40.641 0 0 I init : starting service 'hht_ota_mgr_service'...
04-06 02:13:01.736 4138 4138 E vota : [469634f8]: [vota]: init: ..
04-06 02:13:01.737 4138 4138 E vota : [469634f8]: [vota]: [warning]: the java machine be not inited, please pass it to the tb_init function! at tb_android_init_env(): 43, src/vota/platform/android/android.c
04-06 02:13:01.737 4138 4138 E vota : [469634f8]: [vota]: version: tbox_v1_6_7_202302251411_arm64-v8a_elf by Android (8481493, based on r416183c2) Clang 12.0.9 (https://android.googlesource.com/toolchain/llvm-project c935d99d7cf2016289302412d708641d52d2f7ee)
04-06 02:13:01.737 4138 4138 E vota : [469634f8]: [vota]: init: ok
04-06 02:13:01.738 4138 4138 E vota : [469634f8]: [vota]: [scheduler]: start ..
04-06 02:13:01.738 4138 4138 E vota : [469634f8]: [vota]: [coroutine]: init 0x724538d158
04-06 02:13:01.738 4138 4138 E vota : [469634f8]: [vota]: [scheduler]: start ok
04-06 02:13:01.738 4138 4138 E vota : [469634f8]: [vota]: [scheduler]: switch to coroutine(0x724538d158) from coroutine(0x7245473ca0)
04-06 02:13:01.738 4138 4138 E vota : [469634f8]: [vota]: [coroutine]: entry: 0x724538d158 stack: 0x724538d1b8 - 0x72453cd1b8 from coroutine(0x7245473ca0)
04-06 02:13:01.738 4138 4138 I hiphi_update_api: Hh_GetVersion calling ......
04-06 02:13:01.738 4138 4138 I hiphi_update_api: get version:01.00.0089.C102
04-06 02:13:01.738 4138 4138 I hiphi_update_api: Hh_GetVersion ret:0
04-06 02:13:01.779 4138 4138 E vota : [469634f8]: [vota]: [scheduler]: finish coroutine(0x724538d158)
04-06 02:13:01.779 4138 4138 E vota : [469634f8]: [vota]: [scheduler]: switch to original coroutine
04-06 02:13:01.779 4138 4138 E vota : [469634f8]: [vota]: [scheduler]: switch to coroutine(0x7245473ca0) from coroutine(0x724538d158)
04-06 02:13:01.779 4138 4138 E vota : [469634f8]: [vota]: [scheduler]: [loop]: ready 0
04-06 02:13:01.779 4138 4138 E vota : [469634f8]: [vota]: [coroutine]: exit: 0x724538d158
04-06 02:13:01.779 4138 4138 E vota : [469634f8]: [vota]: [lock_profiler]:
04-06 02:13:01.780 4138 4138 E vota : [469634f8]: [vota]: [lock_profiler]: lock: 0xb400006febbe048c, name: allocator, occupied: 0
04-06 02:13:01.780 4138 4138 E vota : [469634f8]: [vota]: [lock_profiler]: lock: 0xb400006fdbbe4d94, name: native_large_allocator, occupied: 0
04-06 02:13:01.780 4138 4138 E vota : [469634f8]: [vota]: [small_allocator]:
04-06 02:13:01.780 4138 4138 E vota : [469634f8]: [vota]: [static_fixed_pool]: [16]: peak_size: 288, wast_rate: 4074/10000, pred_failed: 0, item_maxn: 245, free_count: 18, malloc_count: 18
04-06 02:13:01.780 4138 4138 E vota : [469634f8]: [vota]: [static_fixed_pool]: [96]: peak_size: 2208, wast_rate: 1028/10000, pred_failed: 0, item_maxn: 248, free_count: 23, malloc_count: 23
04-06 02:13:01.780 4138 4138 E vota : [469634f8]: [vota]: [static_fixed_pool]: [128]: peak_size: 9216, wast_rate: 791/10000, pred_failed: 0, item_maxn: 249, free_count: 72, malloc_count: 72
04-06 02:13:01.780 4138 4138 E vota : [469634f8]: [vota]: [static_fixed_pool]: [192]: peak_size: 2112, wast_rate: 541/10000, pred_failed: 0, item_maxn: 250, free_count: 11, malloc_count: 11
04-06 02:13:01.780 4138 4138 E vota : [469634f8]: [vota]: [static_fixed_pool]: [256]: peak_size: 256, wast_rate: 411/10000, pred_failed: 0, item_maxn: 251, free_count: 1, malloc_count: 1
04-06 02:13:01.780 4138 4138 E vota : [469634f8]: [vota]: [static_fixed_pool]: [384]: peak_size: 5376, wast_rate: 278/10000, pred_failed: 0, item_maxn: 252, free_count: 14, malloc_count: 14
04-06 02:13:01.780 4138 4138 E vota : [469634f8]: [vota]: [static_fixed_pool]: [512]: peak_size: 5632, wast_rate: 210/10000, pred_failed: 0, item_maxn: 253, free_count: 11, malloc_count: 11
04-06 02:13:01.780 4138 4138 E vota : [469634f8]: [vota]: [static_fixed_pool]: [1024]: peak_size: 2048, wast_rate: 106/10000, pred_failed: 0, item_maxn: 254, free_count: 2, malloc_count: 2
04-06 02:13:01.780 4138 4138 E vota : [469634f8]: [vota]: [native_large_allocator]:
04-06 02:13:01.780 4138 4138 E vota : [469634f8]: [vota]: [native_large_allocator]: peak_size: 3373986
04-06 02:13:01.780 4138 4138 E vota : [469634f8]: [vota]: [native_large_allocator]: wast_rate: 4/10000
04-06 02:13:01.780 4138 4138 E vota : [469634f8]: [vota]: [native_large_allocator]: free_count: 52
04-06 02:13:01.775 4138 4138 I auditd : type=1400 audit(0.0:499): avc: denied { read append } for comm="hht_ota_mgr" name="NvmSim_yy.dat" dev="dm-10" ino=379 scontext=u:r:hht_ota_mgr:s0 tcontext=u:object_r:system_data_file:s0 tclass=file permissive=0
04-06 02:13:01.780 4138 4138 E vota : [469634f8]: [vota]: [native_large_allocator]: malloc_count: 52
04-06 02:13:01.775 4138 4138 W hht_ota_mgr: type=1400 audit(0.0:499): avc: denied { read append } for name="NvmSim_yy.dat" dev="dm-10" ino=379 scontext=u:r:hht_ota_mgr:s0 tcontext=u:object_r:system_data_file:s0 tclass=file permissive=0
04-06 02:13:01.780 4138 4138 E vota : [469634f8]: [vota]: [native_large_allocator]: ralloc_count: 0
04-06 02:13:01.780 4138 4138 E vota : [469634f8]: [vota]: exit: ok
01-01 08:15:40.730 0 0 I init : Service 'hht_ota_mgr_service' (pid 4138) exited with status 0
01-01 08:15:40.730 0 0 I init : Sending signal 9 to service 'hht_ota_mgr_service' (pid 4138) process group...
01-01 08:15:40.731 0 0 I libprocessgroup: Successfully killed process cgroup uid 0 pid 4138 in 0ms
04-06 02:13:02.050 2728 2728 W hpplay-java: [main]:IPManager:getActiveNets invalid networkInfo:null
04-06 02:13:02.051 2728 2728 I hpplay-java: [main]:IPManager:getActiveNets eth0:false wifi:false mobile:false ap:false
04-06 02:13:02.051 2728 2728 I hpplay-java: [main]:ServerTaskManager:get local ip:null
04-06 02:13:02.236 1178 1178 I CNSS : cnss_open_log_file: create directory /data/vendor/wifi/wlan_logs/ ret = -1 errno= 17
04-06 02:13:02.236 1178 1178 I CNSS : failed to open file a+ mode or file size 0 is less than max_file_size 31457280
04-06 02:13:02.236 1178 1178 I CNSS : Failed to open file /data/vendor/wifi/wlan_logs/cnss_fw_logs_current.txt: 13
04-06 02:13:02.235 1178 1178 I auditd : type=1400 audit(0.0:500): avc: denied { getattr } for comm="cnss_diag" path="/data/vendor/wifi/wlan_logs" dev="dm-10" ino=373 scontext=u:r:vendor_wcnss_service:s0 tcontext=u:object_r:vendor_wifi_vendor_log_data_file:s0 tclass=dir permissive=0
04-06 02:13:02.235 1178 1178 W cnss_diag: type=1400 audit(0.0:500): avc: denied { getattr } for path="/data/vendor/wifi/wlan_logs" dev="dm-10" ino=373 scontext=u:r:vendor_wcnss_service:s0 tcontext=u:object_r:vendor_wifi_vendor_log_data_file:s0 tclass=dir permissive=0
04-06 02:13:02.235 1178 1178 I auditd : type=1400 audit(0.0:501): avc: denied { read } for comm="cnss_diag" name="wlan_logs" dev="dm-10" ino=373 scontext=u:r:vendor_wcnss_service:s0 tcontext=u:object_r:vendor_wifi_vendor_log_data_file:s0 tclass=dir permissive=0
04-06 02:13:02.235 1178 1178 W cnss_diag: type=1400 audit(0.0:501): avc: denied { read } for name="wlan_logs" dev="dm-10" ino=373 scontext=u:r:vendor_wcnss_service:s0 tcontext=u:object_r:vendor_wifi_vendor_log_data_file:s0 tclass=dir permissive=0
04-06 02:13:02.235 1178 1178 I auditd : type=1400 audit(0.0:502): avc: denied { search } for comm="cnss_diag" name="wlan_logs" dev="dm-10" ino=373 scontext=u:r:vendor_wcnss_service:s0 tcontext=u:object_r:vendor_wifi_vendor_log_data_file:s0 tclass=dir permissive=0
04-06 02:13:02.235 1178 1178 W cnss_diag: type=1400 audit(0.0:502): avc: denied { search } for name="wlan_logs" dev="dm-10" ino=373 scontext=u:r:vendor_wcnss_service:s0 tcontext=u:object_r:vendor_wifi_vendor_log_data_file:s0 tclass=dir permissive=0
04-06 02:13:02.377 2416 2416 I sysui_multi_action: [757,830,758,4,833,0,854,top_level_system,1089,0]
04-06 02:13:02.378 2416 2416 I TopLevelSettings: TopLevelSettings: TopLevelSettings::com.android.settings.system.SystemDashboardFragment
04-06 02:13:02.388 1251 1359 E tlogd : [TzLogger](isPathReadable) file /sys/kernel/debug/tzdbg/qsee_log isn't exist or no permission, err: No such file or directory
04-06 02:13:02.388 1251 1359 E tlogd : [TzLogger](saveTzlogAsync) /sys/kernel/debug/tzdbg/qsee_log can not read.
04-06 02:13:02.388 1251 1359 E tlogd : [TzLogger](isPathReadable) file /sys/kernel/debug/tzdbg/log isn't exist or no permission, err: No such file or directory
04-06 02:13:02.388 1251 1359 E tlogd : [TzLogger](saveTzlogAsync) /sys/kernel/debug/tzdbg/log can not read.
04-06 02:13:02.402 647 662 I mpu_uart: [MSG-P:RECV]:No message received in 1000 ms
04-06 02:13:02.452 1196 1243 I selfinstaller: create socket failed: Network is unreachable 101
04-06 02:13:02.482 2416 2416 I sysui_multi_action: [757,3000,758,2,1089,1500]
04-06 02:13:02.497 2416 2416 D PrefCtrlListHelper: Could not find Context-only controller for pref: com.android.settings.datetime.DateTimePreferenceController
04-06 02:13:02.497 2416 2416 D PrefCtrlListHelper: Could not find Context-only controller for pref: com.android.settings.system.ResetPreferenceController
01-01 08:15:41.447 0 0 E DTC_ETH,link_delay_work_func: 3003, SQI=0, link=0
04-06 02:13:02.500 1511 2090 E UserRestrictionsUtils: Unknown restriction queried by uid 1000 (com.android.inputdevices et al): null
04-06 02:13:02.501 1511 2090 E UserRestrictionsUtils: Unknown restriction queried by uid 1000 (com.android.inputdevices et al): null
04-06 02:13:02.502 1511 2090 E UserRestrictionsUtils: Unknown restriction queried by uid 1000 (com.android.inputdevices et al): null
04-06 02:13:02.502 1511 2090 E UserRestrictionsUtils: Unknown restriction queried by uid 1000 (com.android.inputdevices et al): null
04-06 02:13:02.503 1511 2090 E UserRestrictionsUtils: Unknown restriction queried by uid 1000 (com.android.inputdevices et al): null
04-06 02:13:02.504 1511 2090 E UserRestrictionsUtils: Unknown restriction queried by uid 1000 (com.android.inputdevices et al): null
04-06 02:13:02.505 2416 2416 D AssistGesture: mAssistOnly:false, isSupported:false, isSensorAvailable:false
04-06 02:13:02.506 2416 2416 D AssistGesture: mAssistOnly:false, isSupported:false, isSensorAvailable:false
04-06 02:13:02.507 2416 2416 D AssistGesture: mAssistOnly:false, isSupported:false, isSensorAvailable:false
04-06 02:13:02.510 2416 2416 D SystemDashboardFrag: NO dashboard tiles for SystemDashboardFrag
04-06 02:13:02.510 2416 2416 D SystemDashboardFrag: All preferences added, reporting fully drawn
04-06 02:13:02.527 2416 2416 I sysui_multi_action: [757,744,758,1,833,0,1089,31]
04-06 02:13:02.528 2416 2416 D AssistGesture: mAssistOnly:false, isSupported:false, isSensorAvailable:false
04-06 02:13:02.530 2416 2416 D DashboardFragment: Cannot find preference with key system_update_settings in Controller SystemUpdatePreferenceController
04-06 02:13:02.530 2416 2416 I sysui_multi_action: [757,1729,758,4,854,isParalleledControllers:false,1089,35]
04-06 02:13:03.052 2728 2728 W hpplay-java: [main]:IPManager:getActiveNets invalid networkInfo:null
04-06 02:13:03.052 2728 2728 I hpplay-java: [main]:IPManager:getActiveNets eth0:false wifi:false mobile:false ap:false
04-06 02:13:03.052 2728 2728 I hpplay-java: [main]:ServerTaskManager:get local ip:null
04-06 02:13:03.402 647 662 I mpu_uart: [MSG-P:RECV]:No message received in 1000 ms
04-06 02:13:03.496 647 661 I mpu_uart: [MSG-P:R]:recv sync frame timeout
04-06 02:13:04.055 2728 2728 W hpplay-java: [main]:IPManager:getActiveNets invalid networkInfo:null
04-06 02:13:04.055 2728 2728 I hpplay-java: [main]:IPManager:getActiveNets eth0:false wifi:false mobile:false ap:false
04-06 02:13:04.055 2728 2728 I hpplay-java: [main]:ServerTaskManager:get local ip:null
04-06 02:13:04.154 2416 2416 I sysui_multi_action: [757,830,758,4,833,0,854,top_level_about_device,1089,0]
04-06 02:13:04.158 2416 2416 I TopLevelSettings: TopLevelSettings: TopLevelSettings::com.android.settings.deviceinfo.aboutphone.MyDeviceInfoFragment
04-06 02:13:04.270 2416 2416 I sysui_multi_action: [757,744,758,2,1089,1742]
04-06 02:13:04.285 2416 2416 D PrefCtrlListHelper: Could not find Context-only controller for pref: com.android.settings.deviceinfo.DeviceNamePreferenceController
04-06 02:13:04.285 2416 2416 D PrefCtrlListHelper: Could not find Context-only controller for pref: com.android.settings.deviceinfo.BrandedAccountPreferenceController
04-06 02:13:04.285 2416 2416 D PrefCtrlListHelper: Could not find Context-only controller for pref: com.android.settings.deviceinfo.PhoneNumberPreferenceController
04-06 02:13:04.286 2416 2416 D PrefCtrlListHelper: Could not find Context-only controller for pref: com.android.settings.deviceinfo.HardwareInfoPreferenceController
04-06 02:13:04.286 2416 2416 D PrefCtrlListHelper: Could not find Context-only controller for pref: com.android.settings.deviceinfo.firmwareversion.FirmwareVersionPreferenceController
04-06 02:13:04.286 2416 2416 D PrefCtrlListHelper: Could not find Context-only controller for pref: com.android.settings.deviceinfo.BuildNumberPreferenceController
04-06 02:13:04.296 1511 2643 E UserRestrictionsUtils: Unknown restriction queried by uid 1000 (com.android.inputdevices et al): null
04-06 02:13:04.296 1511 2643 E UserRestrictionsUtils: Unknown restriction queried by uid 1000 (com.android.inputdevices et al): null
04-06 02:13:04.297 1511 2643 E UserRestrictionsUtils: Unknown restriction queried by uid 1000 (com.android.inputdevices et al): null
04-06 02:13:04.298 1511 2643 E UserRestrictionsUtils: Unknown restriction queried by uid 1000 (com.android.inputdevices et al): null
04-06 02:13:04.299 1511 2643 E UserRestrictionsUtils: Unknown restriction queried by uid 1000 (com.android.inputdevices et al): null
04-06 02:13:04.312 2416 2416 D MyDeviceInfoFragment: NO dashboard tiles for MyDeviceInfoFragment
04-06 02:13:04.312 2416 2416 D MyDeviceInfoFragment: All preferences added, reporting fully drawn
04-06 02:13:04.324 2416 2416 I sysui_multi_action: [757,40,758,1,833,0,1089,41]
04-06 02:13:04.324 2416 2416 W FeatureConnector: [ImsConnector, 0] connect: not supported.
