01-01 08:12:41.719 0 0 I binder : 1511:1511 ioctl 40046210 7fe5c1ae54 returned -22
01-01 08:12:41.721 0 0 E bolero-codec soc: qcom,msm-audio-apr:qcom,q6core-audio:bolero-cdc: ASoC: unknown pin WSA AIF VI
01-01 08:12:41.729 0 0 E kona-asoc-snd soc: qcom,msm-audio-apr:qcom,q6core-audio:sound: ASoC: no source widget found for MIC BIAS1
01-01 08:12:41.729 0 0 E kona-asoc-snd soc: qcom,msm-audio-apr:qcom,q6core-audio:sound: ASoC: Failed to add route MIC BIAS1 -> direct -> AMIC1
01-01 08:12:41.729 0 0 E kona-asoc-snd soc: qcom,msm-audio-apr:qcom,q6core-audio:sound: ASoC: no sink widget found for MIC BIAS1
01-01 08:12:41.729 0 0 E kona-asoc-snd soc: qcom,msm-audio-apr:qcom,q6core-audio:sound: ASoC: Failed to add route Analog Mic1 -> direct -> MIC BIAS1
01-01 08:12:41.729 0 0 E kona-asoc-snd soc: qcom,msm-audio-apr:qcom,q6core-audio:sound: ASoC: no source widget found for MIC BIAS2
01-01 08:12:41.729 0 0 E kona-asoc-snd soc: qcom,msm-audio-apr:qcom,q6core-audio:sound: ASoC: Failed to add route MIC BIAS2 -> direct -> AMIC2
01-01 08:12:41.729 0 0 E kona-asoc-snd soc: qcom,msm-audio-apr:qcom,q6core-audio:sound: ASoC: no sink widget found for MIC BIAS2
01-01 08:12:41.729 0 0 E kona-asoc-snd soc: qcom,msm-audio-apr:qcom,q6core-audio:sound: ASoC: Failed to add route Analog Mic2 -> direct -> MIC BIAS2
01-01 08:12:41.729 0 0 E kona-asoc-snd soc: qcom,msm-audio-apr:qcom,q6core-audio:sound: ASoC: no source widget found for MIC BIAS3
01-01 08:12:41.729 0 0 E kona-asoc-snd soc: qcom,msm-audio-apr:qcom,q6core-audio:sound: ASoC: Failed to add route MIC BIAS3 -> direct -> AMIC3
01-01 08:12:41.729 0 0 E kona-asoc-snd soc: qcom,msm-audio-apr:qcom,q6core-audio:sound: ASoC: no sink widget found for MIC BIAS3
01-01 08:12:41.729 0 0 E kona-asoc-snd soc: qcom,msm-audio-apr:qcom,q6core-audio:sound: ASoC: Failed to add route Analog Mic3 -> direct -> MIC BIAS3
01-01 08:12:41.729 0 0 E kona-asoc-snd soc: qcom,msm-audio-apr:qcom,q6core-audio:sound: ASoC: no source widget found for MIC BIAS3
01-01 08:12:41.729 0 0 E kona-asoc-snd soc: qcom,msm-audio-apr:qcom,q6core-audio:sound: ASoC: Failed to add route MIC BIAS3 -> direct -> AMIC4
01-01 08:12:41.729 0 0 E kona-asoc-snd soc: qcom,msm-audio-apr:qcom,q6core-audio:sound: ASoC: no sink widget found for MIC BIAS3
01-01 08:12:41.729 0 0 E kona-asoc-snd soc: qcom,msm-audio-apr:qcom,q6core-audio:sound: ASoC: Failed to add route Analog Mic4 -> direct -> MIC BIAS3
01-01 08:12:41.729 0 0 E kona-asoc-snd soc: qcom,msm-audio-apr:qcom,q6core-audio:sound: ASoC: no source widget found for MIC BIAS4
01-01 08:12:41.729 0 0 E kona-asoc-snd soc: qcom,msm-audio-apr:qcom,q6core-audio:sound: ASoC: Failed to add route MIC BIAS4 -> direct -> AMIC5
01-01 08:12:41.729 0 0 E kona-asoc-snd soc: qcom,msm-audio-apr:qcom,q6core-audio:sound: ASoC: no sink widget found for MIC BIAS4
01-01 08:12:41.729 0 0 E kona-asoc-snd soc: qcom,msm-audio-apr:qcom,q6core-audio:sound: ASoC: Failed to add route Analog Mic5 -> direct -> MIC BIAS4
01-01 08:12:41.729 0 0 E kona-asoc-snd soc: qcom,msm-audio-apr:qcom,q6core-audio:sound: ASoC: no source widget found for MIC BIAS3
01-01 08:12:41.729 0 0 E kona-asoc-snd soc: qcom,msm-audio-apr:qcom,q6core-audio:sound: ASoC: Failed to add route MIC BIAS3 -> direct -> TX DMIC0
01-01 08:12:41.730 0 0 E kona-asoc-snd soc: qcom,msm-audio-apr:qcom,q6core-audio:sound: ASoC: no sink widget found for MIC BIAS3
01-01 08:12:41.730 0 0 E kona-asoc-snd soc: qcom,msm-audio-apr:qcom,q6core-audio:sound: ASoC: Failed to add route Digital Mic0 -> direct -> MIC BIAS3
01-01 08:12:41.730 0 0 E kona-asoc-snd soc: qcom,msm-audio-apr:qcom,q6core-audio:sound: ASoC: no source widget found for MIC BIAS3
01-01 08:12:41.730 0 0 E kona-asoc-snd soc: qcom,msm-audio-apr:qcom,q6core-audio:sound: ASoC: Failed to add route MIC BIAS3 -> direct -> TX DMIC1
01-01 08:12:41.730 0 0 E kona-asoc-snd soc: qcom,msm-audio-apr:qcom,q6core-audio:sound: ASoC: no sink widget found for MIC BIAS3
01-01 08:12:41.730 0 0 E kona-asoc-snd soc: qcom,msm-audio-apr:qcom,q6core-audio:sound: ASoC: Failed to add route Digital Mic1 -> direct -> MIC BIAS3
01-01 08:12:41.730 0 0 E kona-asoc-snd soc: qcom,msm-audio-apr:qcom,q6core-audio:sound: ASoC: no source widget found for MIC BIAS1
01-01 08:12:41.730 0 0 E kona-asoc-snd soc: qcom,msm-audio-apr:qcom,q6core-audio:sound: ASoC: Failed to add route MIC BIAS1 -> direct -> TX DMIC2
01-01 08:12:41.730 0 0 E kona-asoc-snd soc: qcom,msm-audio-apr:qcom,q6core-audio:sound: ASoC: no sink widget found for MIC BIAS1
01-01 08:12:41.730 0 0 E kona-asoc-snd soc: qcom,msm-audio-apr:qcom,q6core-audio:sound: ASoC: Failed to add route Digital Mic2 -> direct -> MIC BIAS1
01-01 08:12:41.730 0 0 E kona-asoc-snd soc: qcom,msm-audio-apr:qcom,q6core-audio:sound: ASoC: no source widget found for MIC BIAS1
01-01 08:12:41.730 0 0 E kona-asoc-snd soc: qcom,msm-audio-apr:qcom,q6core-audio:sound: ASoC: Failed to add route MIC BIAS1 -> direct -> TX DMIC3
01-01 08:12:41.730 0 0 E kona-asoc-snd soc: qcom,msm-audio-apr:qcom,q6core-audio:sound: ASoC: no sink widget found for MIC BIAS1
01-01 08:12:41.730 0 0 E kona-asoc-snd soc: qcom,msm-audio-apr:qcom,q6core-audio:sound: ASoC: Failed to add route Digital Mic3 -> direct -> MIC BIAS1
01-01 08:12:41.730 0 0 E kona-asoc-snd soc: qcom,msm-audio-apr:qcom,q6core-audio:sound: ASoC: no source widget found for MIC BIAS4
01-01 08:12:41.730 0 0 E kona-asoc-snd soc: qcom,msm-audio-apr:qcom,q6core-audio:sound: ASoC: Failed to add route MIC BIAS4 -> direct -> TX DMIC4
01-01 08:12:41.730 0 0 E kona-asoc-snd soc: qcom,msm-audio-apr:qcom,q6core-audio:sound: ASoC: no sink widget found for MIC BIAS4
01-01 08:12:41.730 0 0 E kona-asoc-snd soc: qcom,msm-audio-apr:qcom,q6core-audio:sound: ASoC: Failed to add route Digital Mic4 -> direct -> MIC BIAS4
01-01 08:12:41.730 0 0 E kona-asoc-snd soc: qcom,msm-audio-apr:qcom,q6core-audio:sound: ASoC: no source widget found for MIC BIAS4
01-01 08:12:41.730 0 0 E kona-asoc-snd soc: qcom,msm-audio-apr:qcom,q6core-audio:sound: ASoC: Failed to add route MIC BIAS4 -> direct -> TX DMIC5
01-01 08:12:41.730 0 0 E kona-asoc-snd soc: qcom,msm-audio-apr:qcom,q6core-audio:sound: ASoC: no sink widget found for MIC BIAS4
01-01 08:12:41.730 0 0 E kona-asoc-snd soc: qcom,msm-audio-apr:qcom,q6core-audio:sound: ASoC: Failed to add route Digital Mic5 -> direct -> MIC BIAS4
01-01 08:12:41.730 0 0 E kona-asoc-snd soc: qcom,msm-audio-apr:qcom,q6core-audio:sound: ASoC: no sink widget found for IN1_HPHL
01-01 08:12:41.730 0 0 E kona-asoc-snd soc: qcom,msm-audio-apr:qcom,q6core-audio:sound: ASoC: Failed to add route HPHL_OUT -> direct -> IN1_HPHL
01-01 08:12:41.730 0 0 E kona-asoc-snd soc: qcom,msm-audio-apr:qcom,q6core-audio:sound: ASoC: no sink widget found for IN2_HPHR
01-01 08:12:41.730 0 0 E kona-asoc-snd soc: qcom,msm-audio-apr:qcom,q6core-audio:sound: ASoC: Failed to add route HPHR_OUT -> direct -> IN2_HPHR
01-01 08:12:41.730 0 0 E kona-asoc-snd soc: qcom,msm-audio-apr:qcom,q6core-audio:sound: ASoC: no sink widget found for IN3_AUX
01-01 08:12:41.730 0 0 E kona-asoc-snd soc: qcom,msm-audio-apr:qcom,q6core-audio:sound: ASoC: Failed to add route AUX_OUT -> direct -> IN3_AUX
01-01 08:12:41.730 0 0 E kona-asoc-snd soc: qcom,msm-audio-apr:qcom,q6core-audio:sound: ASoC: no source widget found for ADC1_OUTPUT
01-01 08:12:41.730 0 0 E kona-asoc-snd soc: qcom,msm-audio-apr:qcom,q6core-audio:sound: ASoC: Failed to add route ADC1_OUTPUT -> direct -> TX SWR_ADC0
01-01 08:12:41.731 0 0 E kona-asoc-snd soc: qcom,msm-audio-apr:qcom,q6core-audio:sound: ASoC: no source widget found for ADC2_OUTPUT
01-01 08:12:41.731 0 0 E kona-asoc-snd soc: qcom,msm-audio-apr:qcom,q6core-audio:sound: ASoC: Failed to add route ADC2_OUTPUT -> direct -> TX SWR_ADC1
01-01 08:12:41.731 0 0 E kona-asoc-snd soc: qcom,msm-audio-apr:qcom,q6core-audio:sound: ASoC: no source widget found for ADC3_OUTPUT
01-01 08:12:41.731 0 0 E kona-asoc-snd soc: qcom,msm-audio-apr:qcom,q6core-audio:sound: ASoC: Failed to add route ADC3_OUTPUT -> direct -> TX SWR_ADC2
01-01 08:12:41.731 0 0 E kona-asoc-snd soc: qcom,msm-audio-apr:qcom,q6core-audio:sound: ASoC: no source widget found for ADC4_OUTPUT
01-01 08:12:41.731 0 0 E kona-asoc-snd soc: qcom,msm-audio-apr:qcom,q6core-audio:sound: ASoC: Failed to add route ADC4_OUTPUT -> direct -> TX SWR_ADC3
01-01 08:12:41.731 0 0 E kona-asoc-snd soc: qcom,msm-audio-apr:qcom,q6core-audio:sound: ASoC: no source widget found for DMIC1_OUTPUT
01-01 08:12:41.731 0 0 E kona-asoc-snd soc: qcom,msm-audio-apr:qcom,q6core-audio:sound: ASoC: Failed to add route DMIC1_OUTPUT -> direct -> TX SWR_DMIC0
01-01 08:12:41.731 0 0 E kona-asoc-snd soc: qcom,msm-audio-apr:qcom,q6core-audio:sound: ASoC: no source widget found for DMIC2_OUTPUT
01-01 08:12:41.731 0 0 E kona-asoc-snd soc: qcom,msm-audio-apr:qcom,q6core-audio:sound: ASoC: Failed to add route DMIC2_OUTPUT -> direct -> TX SWR_DMIC1
01-01 08:12:41.731 0 0 E kona-asoc-snd soc: qcom,msm-audio-apr:qcom,q6core-audio:sound: ASoC: no source widget found for DMIC3_OUTPUT
01-01 08:12:41.731 0 0 E kona-asoc-snd soc: qcom,msm-audio-apr:qcom,q6core-audio:sound: ASoC: Failed to add route DMIC3_OUTPUT -> direct -> TX SWR_DMIC2
01-01 08:12:41.731 0 0 E kona-asoc-snd soc: qcom,msm-audio-apr:qcom,q6core-audio:sound: ASoC: no source widget found for DMIC4_OUTPUT
01-01 08:12:41.731 0 0 E kona-asoc-snd soc: qcom,msm-audio-apr:qcom,q6core-audio:sound: ASoC: Failed to add route DMIC4_OUTPUT -> direct -> TX SWR_DMIC3
01-01 08:12:41.731 0 0 E kona-asoc-snd soc: qcom,msm-audio-apr:qcom,q6core-audio:sound: ASoC: no source widget found for DMIC5_OUTPUT
01-01 08:12:41.731 0 0 E kona-asoc-snd soc: qcom,msm-audio-apr:qcom,q6core-audio:sound: ASoC: Failed to add route DMIC5_OUTPUT -> direct -> TX SWR_DMIC4
01-01 08:12:41.731 0 0 E kona-asoc-snd soc: qcom,msm-audio-apr:qcom,q6core-audio:sound: ASoC: no source widget found for DMIC6_OUTPUT
01-01 08:12:41.731 0 0 E kona-asoc-snd soc: qcom,msm-audio-apr:qcom,q6core-audio:sound: ASoC: Failed to add route DMIC6_OUTPUT -> direct -> TX SWR_DMIC5
01-01 08:12:41.731 0 0 E kona-asoc-snd soc: qcom,msm-audio-apr:qcom,q6core-audio:sound: ASoC: no source widget found for DMIC7_OUTPUT
01-01 08:12:41.731 0 0 E kona-asoc-snd soc: qcom,msm-audio-apr:qcom,q6core-audio:sound: ASoC: Failed to add route DMIC7_OUTPUT -> direct -> TX SWR_DMIC6
01-01 08:12:41.731 0 0 E kona-asoc-snd soc: qcom,msm-audio-apr:qcom,q6core-audio:sound: ASoC: no source widget found for DMIC8_OUTPUT
01-01 08:12:41.731 0 0 E kona-asoc-snd soc: qcom,msm-audio-apr:qcom,q6core-audio:sound: ASoC: Failed to add route DMIC8_OUTPUT -> direct -> TX SWR_DMIC7
01-01 08:12:41.731 0 0 E kona-asoc-snd soc: qcom,msm-audio-apr:qcom,q6core-audio:sound: ASoC: no sink widget found for SpkrLeft IN
01-01 08:12:41.731 0 0 E kona-asoc-snd soc: qcom,msm-audio-apr:qcom,q6core-audio:sound: ASoC: Failed to add route WSA_SPK1 OUT -> direct -> SpkrLeft IN
01-01 08:12:41.732 0 0 E kona-asoc-snd soc: qcom,msm-audio-apr:qcom,q6core-audio:sound: ASoC: no sink widget found for SpkrRight IN
01-01 08:12:41.732 0 0 E kona-asoc-snd soc: qcom,msm-audio-apr:qcom,q6core-audio:sound: ASoC: Failed to add route WSA_SPK2 OUT -> direct -> SpkrRight IN
01-01 08:12:41.732 0 0 E kona-asoc-snd soc: qcom,msm-audio-apr:qcom,q6core-audio:sound: ASoC: no sink widget found for VA MIC BIAS3
01-01 08:12:41.732 0 0 E kona-asoc-snd soc: qcom,msm-audio-apr:qcom,q6core-audio:sound: ASoC: Failed to add route Digital Mic0 -> direct -> VA MIC BIAS3
01-01 08:12:41.732 0 0 E kona-asoc-snd soc: qcom,msm-audio-apr:qcom,q6core-audio:sound: ASoC: no sink widget found for VA MIC BIAS3
01-01 08:12:41.732 0 0 E kona-asoc-snd soc: qcom,msm-audio-apr:qcom,q6core-audio:sound: ASoC: Failed to add route Digital Mic1 -> direct -> VA MIC BIAS3
01-01 08:12:41.732 0 0 E kona-asoc-snd soc: qcom,msm-audio-apr:qcom,q6core-audio:sound: ASoC: no sink widget found for VA MIC BIAS4
01-01 08:12:41.732 0 0 E kona-asoc-snd soc: qcom,msm-audio-apr:qcom,q6core-audio:sound: ASoC: Failed to add route Digital Mic4 -> direct -> VA MIC BIAS4
01-01 08:12:41.732 0 0 E kona-asoc-snd soc: qcom,msm-audio-apr:qcom,q6core-audio:sound: ASoC: no sink widget found for VA MIC BIAS4
01-01 08:12:41.732 0 0 E kona-asoc-snd soc: qcom,msm-audio-apr:qcom,q6core-audio:sound: ASoC: Failed to add route Digital Mic5 -> direct -> VA MIC BIAS4
01-01 08:12:41.732 0 0 E kona-asoc-snd soc: qcom,msm-audio-apr:qcom,q6core-audio:sound: ASoC: no source widget found for VA MIC BIAS3
01-01 08:12:41.732 0 0 E kona-asoc-snd soc: qcom,msm-audio-apr:qcom,q6core-audio:sound: ASoC: Failed to add route VA MIC BIAS3 -> direct -> VA DMIC0
01-01 08:12:41.732 0 0 E kona-asoc-snd soc: qcom,msm-audio-apr:qcom,q6core-audio:sound: ASoC: no source widget found for VA MIC BIAS3
01-01 08:12:41.732 0 0 E kona-asoc-snd soc: qcom,msm-audio-apr:qcom,q6core-audio:sound: ASoC: Failed to add route VA MIC BIAS3 -> direct -> VA DMIC1
01-01 08:12:41.732 0 0 E kona-asoc-snd soc: qcom,msm-audio-apr:qcom,q6core-audio:sound: ASoC: no source widget found for VA MIC BIAS4
01-01 08:12:41.732 0 0 E kona-asoc-snd soc: qcom,msm-audio-apr:qcom,q6core-audio:sound: ASoC: Failed to add route VA MIC BIAS4 -> direct -> VA DMIC4
01-01 08:12:41.732 0 0 E kona-asoc-snd soc: qcom,msm-audio-apr:qcom,q6core-audio:sound: ASoC: no source widget found for VA MIC BIAS4
01-01 08:12:41.732 0 0 E kona-asoc-snd soc: qcom,msm-audio-apr:qcom,q6core-audio:sound: ASoC: Failed to add route VA MIC BIAS4 -> direct -> VA DMIC5
01-01 08:12:41.732 0 0 E kona-asoc-snd soc: qcom,msm-audio-apr:qcom,q6core-audio:sound: ASoC: no source widget found for ADC1_OUTPUT
01-01 08:12:41.732 0 0 E kona-asoc-snd soc: qcom,msm-audio-apr:qcom,q6core-audio:sound: ASoC: Failed to add route ADC1_OUTPUT -> direct -> VA SWR_ADC0
01-01 08:12:41.732 0 0 E kona-asoc-snd soc: qcom,msm-audio-apr:qcom,q6core-audio:sound: ASoC: no source widget found for ADC2_OUTPUT
01-01 08:12:41.732 0 0 E kona-asoc-snd soc: qcom,msm-audio-apr:qcom,q6core-audio:sound: ASoC: Failed to add route ADC2_OUTPUT -> direct -> VA SWR_ADC1
01-01 08:12:41.733 0 0 E kona-asoc-snd soc: qcom,msm-audio-apr:qcom,q6core-audio:sound: ASoC: no source widget found for ADC3_OUTPUT
01-01 08:12:41.733 0 0 E kona-asoc-snd soc: qcom,msm-audio-apr:qcom,q6core-audio:sound: ASoC: Failed to add route ADC3_OUTPUT -> direct -> VA SWR_ADC2
01-01 08:12:41.733 0 0 E kona-asoc-snd soc: qcom,msm-audio-apr:qcom,q6core-audio:sound: ASoC: no source widget found for ADC4_OUTPUT
01-01 08:12:41.733 0 0 E kona-asoc-snd soc: qcom,msm-audio-apr:qcom,q6core-audio:sound: ASoC: Failed to add route ADC4_OUTPUT -> direct -> VA SWR_ADC3
01-01 08:12:41.733 0 0 E kona-asoc-snd soc: qcom,msm-audio-apr:qcom,q6core-audio:sound: ASoC: no source widget found for DMIC1_OUTPUT
01-01 08:12:41.733 0 0 E kona-asoc-snd soc: qcom,msm-audio-apr:qcom,q6core-audio:sound: ASoC: Failed to add route DMIC1_OUTPUT -> direct -> VA SWR_MIC0
01-01 08:12:41.733 0 0 E kona-asoc-snd soc: qcom,msm-audio-apr:qcom,q6core-audio:sound: ASoC: no source widget found for DMIC2_OUTPUT
01-01 08:12:41.733 0 0 E kona-asoc-snd soc: qcom,msm-audio-apr:qcom,q6core-audio:sound: ASoC: Failed to add route DMIC2_OUTPUT -> direct -> VA SWR_MIC1
01-01 08:12:41.733 0 0 E kona-asoc-snd soc: qcom,msm-audio-apr:qcom,q6core-audio:sound: ASoC: no source widget found for DMIC3_OUTPUT
01-01 08:12:41.733 0 0 E kona-asoc-snd soc: qcom,msm-audio-apr:qcom,q6core-audio:sound: ASoC: Failed to add route DMIC3_OUTPUT -> direct -> VA SWR_MIC2
01-01 08:12:41.733 0 0 E kona-asoc-snd soc: qcom,msm-audio-apr:qcom,q6core-audio:sound: ASoC: no source widget found for DMIC4_OUTPUT
01-01 08:12:41.733 0 0 E kona-asoc-snd soc: qcom,msm-audio-apr:qcom,q6core-audio:sound: ASoC: Failed to add route DMIC4_OUTPUT -> direct -> VA SWR_MIC3
01-01 08:12:41.733 0 0 E kona-asoc-snd soc: qcom,msm-audio-apr:qcom,q6core-audio:sound: ASoC: no source widget found for DMIC5_OUTPUT
01-01 08:12:41.733 0 0 E kona-asoc-snd soc: qcom,msm-audio-apr:qcom,q6core-audio:sound: ASoC: Failed to add route DMIC5_OUTPUT -> direct -> VA SWR_MIC4
01-01 08:12:41.733 0 0 E kona-asoc-snd soc: qcom,msm-audio-apr:qcom,q6core-audio:sound: ASoC: no source widget found for DMIC6_OUTPUT
01-01 08:12:41.733 0 0 E kona-asoc-snd soc: qcom,msm-audio-apr:qcom,q6core-audio:sound: ASoC: Failed to add route DMIC6_OUTPUT -> direct -> VA SWR_MIC5
01-01 08:12:41.733 0 0 E kona-asoc-snd soc: qcom,msm-audio-apr:qcom,q6core-audio:sound: ASoC: no source widget found for DMIC7_OUTPUT
01-01 08:12:41.733 0 0 E kona-asoc-snd soc: qcom,msm-audio-apr:qcom,q6core-audio:sound: ASoC: Failed to add route DMIC7_OUTPUT -> direct -> VA SWR_MIC6
01-01 08:12:41.733 0 0 E kona-asoc-snd soc: qcom,msm-audio-apr:qcom,q6core-audio:sound: ASoC: no source widget found for DMIC8_OUTPUT
01-01 08:12:41.733 0 0 E kona-asoc-snd soc: qcom,msm-audio-apr:qcom,q6core-audio:sound: ASoC: Failed to add route DMIC8_OUTPUT -> direct -> VA SWR_MIC7
01-01 08:12:41.735 0 0 I IPv6 : ADDRCONF(NETDEV_UP): vlan8: link is not ready
01-01 08:12:41.735 1551 1551 I auditd : type=1400 audit(0.0:142): avc: denied { read } for comm="ip" name="rt_tables" dev="dm-10" ino=344 scontext=u:r:ethernet:s0 tcontext=u:object_r:net_data_file:s0 tclass=file permissive=0
01-01 08:12:41.739 1552 1552 I auditd : type=1400 audit(0.0:143): avc: denied { read } for comm="ip" name="rt_tables" dev="dm-10" ino=344 scontext=u:r:ethernet:s0 tcontext=u:object_r:net_data_file:s0 tclass=file permissive=0
01-01 08:12:41.745 0 0 I kona-asoc-snd soc: qcom,msm-audio-apr:qcom,q6core-audio:sound: msm_asoc_machine_probe: Sound card kona-mtp-snd-card registered
01-01 08:12:41.747 1511 1511 I SystemServerTiming: InitBeforeStartServices
01-01 08:12:41.747 0 0 E : [drm:dp_display_init_aux_switch][msm-dp-err][89 ]failed to register notifier (-22)
01-01 08:12:41.747 0 0 E register_client_adhoc: find path.src 1 dest 589
01-01 08:12:41.747 0 0 E register_client_adhoc: Failed to find path.src 1 dest 589
01-01 08:12:41.748 0 0 E swr-wcd wsa_swr_ctrl: swrm_runtime_suspend: clk stop mode not supported or SSR entry
01-01 08:12:41.748 1511 1511 I system_server_start: [1,6894,6894]
01-01 08:12:41.748 1511 1511 I SystemServer: Entered the Android system server!
01-01 08:12:41.748 1511 1511 I boot_progress_system_run: 6896
01-01 08:12:41.751 0 0 W QSEECOM : qseecom_load_app: App (featenabler) does'nt exist, loading apps for first time
01-01 08:12:41.754 0 0 D cnss : Sending respond memory message, state: 0x9
01-01 08:12:41.754 0 0 D cnss : Memory for FW, va: 0x0000000000000000, pa: 0x00000000a1000000, size: 0x5e0000, type: 1
01-01 08:12:41.754 0 0 D cnss : Memory for FW, va: 0x0000000000000000, pa: 0x00000000a1600000, size: 0xd8000, type: 4
01-01 08:12:41.760 0 0 D cnss : PM relax, state: 0x9, count: 0
01-01 08:12:41.761 0 0 D cnss : Received QMI WLFW FW memory ready indication
01-01 08:12:41.761 0 0 D cnss : Posting event: FW_MEM_READY(3), state: 0x9 flags: 0x0
01-01 08:12:41.761 0 0 D cnss : PM stay awake, state: 0x9, count: 1
01-01 08:12:41.761 0 0 D cnss : PM relax, state: 0x9, count: 0
01-01 08:12:41.761 0 0 D cnss : PM stay awake, state: 0x9, count: 1
01-01 08:12:41.761 0 0 D cnss : Processing driver event: FW_MEM_READY(3), state: 0x9
01-01 08:12:41.761 0 0 D cnss : Sending target capability message, state: 0xb
01-01 08:12:41.769 0 0 W QSEECOM : qseecom_load_app: App with id 5 (featenabler) now loaded
01-01 08:12:41.769 0 0 W QSEECOM : qseecom_load_app: App (fingerpr) does'nt exist, loading apps for first time
01-01 08:12:41.771 0 0 W subsys-pil-tz soc: qcom,kgsl-hyp: Falling back to syfs fallback for: a650_zap.mdt
01-01 08:12:41.771 0 0 D cnss : Voltage for CPR: 948mV
01-01 08:12:41.771 0 0 D cnss : Got voltage 800mV from i: 0, j: 0
01-01 08:12:41.771 0 0 D cnss : Got voltage 1012mV from i: 4, j: 1
01-01 08:12:41.771 0 0 D cnss : Update TCS CMD data address 0x000000000b2e5844 with voltage 950mV
01-01 08:12:41.771 0 0 D cnss : Device frequency is 24000000 HZ
01-01 08:12:41.771 0 0 D cnss : Target capability: chip_id: 0x0, chip_family: 0xb, board_id: 0xff, soc_id: 0xffffffff, fw_version: 0x101a0521, fw_build_timestamp: 2021-12-20 07:54, fw_build_id: QC_IMAGE_VERSION_STRING=WLAN.HST.1.0.1.r1-01313-QCAHSTSWPL_SILICONZ-1, otp_version: 0x480020
01-01 08:12:41.771 0 0 D cnss : Sending BDF download message, state: 0xb, type: 4
01-01 08:12:41.771 0 0 D cnss : FW name added with prefix: qca6390/regdb.bin
01-01 08:12:41.771 0 0 W cnss2 b0000000.qcom,cnss-qca6390: Falling back to syfs fallback for: qca6390/regdb.bin
01-01 08:12:41.767 912 912 I auditd : type=1400 audit(0.0:144): avc: denied { read write } for comm="sensors.qti" name="diag" dev="tmpfs" ino=2145 scontext=u:r:vendor_sensors_qti:s0 tcontext=u:object_r:vendor_diag_device:s0 tclass=chr_file permissive=0
01-01 08:12:41.772 0 0 I android_work: sent uevent USB_STATE=CONNECTED
01-01 08:12:41.777 0 0 E msm-dwc3 a600000.ssusb: Could not get usb psy
01-01 08:12:41.777 0 0 I android_work: sent uevent USB_STATE=DISCONNECTED
01-01 08:12:41.810 0 0 I subsys-pil-tz soc: qcom,kgsl-hyp: a650_zap: loading from 0x00000000fcd00000 to 0x00000000fcd01000
01-01 08:12:41.810 0 0 E cnss : Failed to load BDF: qca6390/regdb.bin
01-01 08:12:41.810 0 0 D cnss : Sending BDF download message, state: 0xb, type: 1
01-01 08:12:41.810 0 0 D cnss : FW name added with prefix: qca6390/bdwlan.elf
01-01 08:12:41.810 0 0 W cnss2 b0000000.qcom,cnss-qca6390: Falling back to syfs fallback for: qca6390/bdwlan.elf
01-01 08:12:41.812 0 0 D cnss : Downloading BDF: qca6390/bdwlan.elf, size: 57908
01-01 08:12:41.833 0 0 I IPv6 : ADDRCONF(NETDEV_UP): vlan11: link is not ready
01-01 08:12:41.835 1571 1571 I auditd : type=1400 audit(0.0:145): avc: denied { read } for comm="ip" name="rt_tables" dev="dm-10" ino=344 scontext=u:r:ethernet:s0 tcontext=u:object_r:net_data_file:s0 tclass=file permissive=0
01-01 08:12:41.836 1511 1511 I SystemServerInitThreadPool: Creating instance with 8 threads
01-01 08:12:41.839 0 0 D cnss : FW name added with prefix: qca6390/m3.bin
01-01 08:12:41.839 0 0 W cnss_pci 0000: 01:00.0: Falling back to syfs fallback for: qca6390/m3.bin
01-01 08:12:41.839 1572 1572 I auditd : type=1400 audit(0.0:146): avc: denied { read } for comm="ip" name="rt_tables" dev="dm-10" ino=344 scontext=u:r:ethernet:s0 tcontext=u:object_r:net_data_file:s0 tclass=file permissive=0
01-01 08:12:41.839 1213 1213 I auditd : type=1400 audit(0.0:147): avc: denied { write } for comm="sh" name="ip_forward" dev="proc" ino=1888 scontext=u:r:ethernet:s0 tcontext=u:object_r:proc_net:s0 tclass=file permissive=0
01-01 08:12:41.839 1213 1213 I auditd : type=1400 audit(0.0:148): avc: denied { write } for comm="sh" name="ip_default_ttl" dev="proc" ino=26222 scontext=u:r:ethernet:s0 tcontext=u:object_r:proc_net:s0 tclass=file permissive=0
01-01 08:12:41.839 1213 1213 I auditd : type=1400 audit(0.0:149): avc: denied { write } for comm="sh" name="tcp_keepalive_probes" dev="proc" ino=26223 scontext=u:r:ethernet:s0 tcontext=u:object_r:proc_net:s0 tclass=file permissive=0
01-01 08:12:41.839 1213 1213 I auditd : type=1400 audit(0.0:150): avc: denied { write } for comm="sh" name="tcp_keepalive_intvl" dev="proc" ino=26224 scontext=u:r:ethernet:s0 tcontext=u:object_r:proc_net:s0 tclass=file permissive=0
01-01 08:12:41.839 1213 1213 I auditd : type=1400 audit(0.0:151): avc: denied { write } for comm="sh" name="tcp_keepalive_time" dev="proc" ino=26225 scontext=u:r:ethernet:s0 tcontext=u:object_r:proc_net:s0 tclass=file permissive=0
01-01 08:12:41.839 1213 1213 I auditd : type=1400 audit(0.0:152): avc: denied { write } for comm="sh" name="tcp_rmem" dev="proc" ino=26226 scontext=u:r:ethernet:s0 tcontext=u:object_r:proc_net:s0 tclass=file permissive=0
01-01 08:12:41.839 1213 1213 I auditd : type=1400 audit(0.0:153): avc: denied { write } for comm="sh" name="tcp_wmem" dev="proc" ino=26227 scontext=u:r:ethernet:s0 tcontext=u:object_r:proc_net:s0 tclass=file permissive=0
01-01 08:12:41.839 1213 1213 I auditd : type=1400 audit(0.0:154): avc: denied { write } for comm="sh" name="tcp_synack_retries" dev="proc" ino=21944 scontext=u:r:ethernet:s0 tcontext=u:object_r:proc_net:s0 tclass=file permissive=0
01-01 08:12:41.839 1213 1213 I auditd : type=1400 audit(0.0:155): avc: denied { write } for comm="sh" name="tcp_syn_retries" dev="proc" ino=21943 scontext=u:r:ethernet:s0 tcontext=u:object_r:proc_net:s0 tclass=file permissive=0
01-01 08:12:41.839 1213 1213 I auditd : type=1400 audit(0.0:156): avc: denied { write } for comm="sh" name="tcp_max_tw_buckets" dev="proc" ino=26228 scontext=u:r:ethernet:s0 tcontext=u:object_r:proc_net:s0 tclass=file permissive=0
01-01 08:12:41.839 1213 1213 I auditd : type=1400 audit(0.0:157): avc: denied { write } for comm="sh" name="tcp_retries2" dev="proc" ino=21946 scontext=u:r:ethernet:s0 tcontext=u:object_r:proc_net:s0 tclass=file permissive=0
01-01 08:12:41.839 1213 1213 I auditd : type=1400 audit(0.0:158): avc: denied { write } for comm="sh" name="icmp_echo_ignore_all" dev="proc" ino=26229 scontext=u:r:ethernet:s0 tcontext=u:object_r:proc_net:s0 tclass=file permissive=0
01-01 08:12:41.839 1213 1213 I auditd : type=1400 audit(0.0:159): avc: denied { write } for comm="sh" name="icmp_echo_ignore_broadcasts" dev="proc" ino=26230 scontext=u:r:ethernet:s0 tcontext=u:object_r:proc_net:s0 tclass=file permissive=0
01-01 08:12:41.839 1213 1213 I auditd : type=1400 audit(0.0:160): avc: denied { write } for comm="sh" name="tcp_window_scaling" dev="proc" ino=26231 scontext=u:r:ethernet:s0 tcontext=u:object_r:proc_net:s0 tclass=file permissive=0
01-01 08:12:41.839 1213 1213 I auditd : type=1400 audit(0.0:161): avc: denied { write } for comm="sh" name="drop_gratuitous_arp" dev="proc" ino=26232 scontext=u:r:ethernet:s0 tcontext=u:object_r:proc_net:s0 tclass=file permissive=0
01-01 08:12:41.839 1213 1213 I auditd : type=1400 audit(0.0:162): avc: denied { write } for comm="sh" name="arp_accept" dev="proc" ino=26233 scontext=u:r:ethernet:s0 tcontext=u:object_r:proc_net:s0 tclass=file permissive=0
01-01 08:12:41.839 1213 1213 I auditd : type=1400 audit(0.0:163): avc: denied { write } for comm="sh" name="arp_notify" dev="proc" ino=26234 scontext=u:r:ethernet:s0 tcontext=u:object_r:proc_net:s0 tclass=file permissive=0
01-01 08:12:41.839 1213 1213 I auditd : type=1400 audit(0.0:164): avc: denied { write } for comm="sh" name="arp_ignore" dev="proc" ino=26235 scontext=u:r:ethernet:s0 tcontext=u:object_r:proc_net:s0 tclass=file permissive=0
01-01 08:12:41.842 0 0 D cnss : Sending M3 information message, state: 0xb
01-01 08:12:41.842 0 0 D cnss : M3 memory, va: 0x0000000000000000, pa: 0x00000000a1800000, size: 0x411bc
01-01 08:12:41.848 0 0 D cnss : PM relax, state: 0xb, count: 0
01-01 08:12:41.848 0 0 D cnss : Received QMI WLFW FW initialization done indication
01-01 08:12:41.848 0 0 D cnss : Posting event: FW_READY(4), state: 0xb flags: 0x0
01-01 08:12:41.848 0 0 D cnss : PM stay awake, state: 0xb, count: 1
01-01 08:12:41.848 0 0 D cnss : PM relax, state: 0xb, count: 0
01-01 08:12:41.848 0 0 D cnss : PM stay awake, state: 0xb, count: 1
01-01 08:12:41.848 0 0 D cnss : Processing driver event: FW_READY(4), state: 0xb
01-01 08:12:41.848 0 0 D cnss : PCIE Gen speed not setup
01-01 08:12:41.848 0 0 D cnss : Sending antenna switch sync request, state: 0xf
01-01 08:12:41.850 0 0 E cnss : Antenna switch request failed, result: 1, err: 94
01-01 08:12:41.850 0 0 D cnss : Sending mode message, mode: CALIBRATION(7), state: 0xf
01-01 08:12:41.863 0 0 W QSEECOM : qseecom_load_app: App with id 6 (fingerpr) now loaded
01-01 08:12:41.864 0 0 W subsys-pil-tz soc: qcom,kgsl-hyp: Falling back to syfs fallback for: a650_zap.b02
01-01 08:12:41.873 0 0 I subsys-pil-tz soc: qcom,kgsl-hyp: a650_zap: Brought out of reset
01-01 08:12:41.883 0 0 I binder : 1099:1126 ioctl 40046210 729980e144 returned -22
01-01 08:12:41.887 0 0 W QSEECOM : __qseecom_reentrancy_process_incomplete_cmd: send lsr 11 rsp, but app 5 block on lsr 10
01-01 08:12:41.887 0 0 W QSEECOM : __qseecom_process_reentrancy_blocked_on_listener: Lsntr 10 in_use 1, block session(1) app(5)
01-01 08:12:41.889 0 0 I android_work: sent uevent USB_STATE=CONNECTED
01-01 08:12:41.918 0 0 I configfs-gadget gadget: high-speed config #1: b
01-01 08:12:41.919 0 0 E msm-dwc3 a600000.ssusb: Could not get usb psy
01-01 08:12:41.919 0 0 I android_work: sent uevent USB_STATE=CONFIGURED
01-01 08:12:41.946 0 0 W : ------------[ cut here ]------------
01-01 08:12:41.946 0 0 W : Unbalanced enable for IRQ 401
01-01 08:12:41.946 0 0 W : WARNING: CPU: 3 PID: 122 at kernel/irq/manage.c:621 enable_irq+0x90/0xe8
01-01 08:12:41.946 0 0 W : Modules linked in: wlan(O+) tsnv(O) machine_dlkm(O) wcd938x_slave_dlkm(O) wcd938x_dlkm(O) wcd9xxx_dlkm(O) mbhc_dlkm(O) tx_macro_dlkm(O) rx_macro_dlkm(O) va_macro_dlkm(O) wsa_macro_dlkm(O) swr_ctrl_dlkm(O) bolero_cdc_dlkm(O) wsa881x_dlkm(O) wcd_core_dlkm(O) stub_dlkm(O) hdmi_dlkm(O) swr_dlkm(O) pinctrl_lpi_dlkm(O) pinctrl_wcd_dlkm(O) usf_dlkm(O) native_dlkm(O) platform_dlkm(O) q6_dlkm(O) adsp_loader_dlkm(O) apr_dlkm(O) snd_event_dlkm(O) q6_notifier_dlkm(O) q6_pdr_dlkm(O) msm_11ad_proxy
01-01 08:12:41.946 0 0 W : CPU: 3 PID: 122 Comm: kworker/3:2 Tainted: G S O 4.19.157-perf+ #1
01-01 08:12:41.946 0 0 W Hardware name: Qualcomm Technologies, Inc. kona MTP-RmPM8150b. VC1(FSE) DVT1 (DT)
01-01 08:12:41.946 0 0 W Workqueue: pm pm_runtime_work
01-01 08:12:41.946 0 0 W pstate : 60c00085 (nZCv daIf +PAN +UAO)
01-01 08:12:41.946 0 0 W pc : enable_irq+0x90/0xe8
01-01 08:12:41.946 0 0 W lr : enable_irq+0x90/0xe8
01-01 08:12:41.946 0 0 W sp : ffffff8008b73bb0
01-01 08:12:41.946 0 0 W : x29: ffffff8008b73bc0 x28: 0000000000000002
01-01 08:12:41.946 0 0 W : x27: 00000000000000fe x26: 0000000000000000
01-01 08:12:41.946 0 0 W : x25: 0000000000000000 x24: ffffffdf723b337d
01-01 08:12:41.946 0 0 W : x23: ffffffdf723b1ca1 x22: ffffffdf723b3248
01-01 08:12:41.946 0 0 W : x21: ffffffdf8e718810 x20: 0000000000000191
01-01 08:12:41.946 0 0 W : x19: ffffffdf628c1600 x18: 0000000000000030
01-01 08:12:41.946 0 0 W : x17: ffffffab51a20000 x16: 00000000fffc2aac
01-01 08:12:41.946 0 0 W : x15: 00000000000c2aac x14: 0000000000000086
01-01 08:12:41.946 0 0 W : x13: 0000000000000030 x12: 0000000000000000
01-01 08:12:41.946 0 0 W : x11: 0000000000000000 x10: 0000000000000007
01-01 08:12:41.946 0 0 W : x9 : 3085eeab522ade00 x8 : 3085eeab522ade00
01-01 08:12:41.946 0 0 W : x7 : 0000000000000000 x6 : ffffffdfb987d581
01-01 08:12:41.946 0 0 W : x5 : 0000000000000000 x4 : 0000000000000006
01-01 08:12:41.946 0 0 W : x3 : 0000000000000031 x2 : 0000000000000007
01-01 08:12:41.946 0 0 W : x1 : 0000000000000007 x0 : 000000000000001d
01-01 08:12:41.946 0 0 W Call trace:
01-01 08:12:41.946 0 0 W : enable_irq+0x90/0xe8
01-01 08:12:41.946 0 0 W : swrm_runtime_suspend+0x428/0x4d8 [swr_ctrl_dlkm]
01-01 08:12:41.946 0 0 W : pm_generic_runtime_suspend+0x24/0x38
01-01 08:12:41.946 0 0 W : __rpm_callback+0x124/0x228
01-01 08:12:41.946 0 0 W : rpm_suspend+0x464/0x818
01-01 08:12:41.946 0 0 W : pm_runtime_work+0x90/0xa0
01-01 08:12:41.946 0 0 W : process_one_work+0x278/0x440
01-01 08:12:41.946 0 0 W : worker_thread+0x260/0x4a8
01-01 08:12:41.946 0 0 W : kthread+0x140/0x150
01-01 08:12:41.946 0 0 W : ret_from_fork+0x10/0x18
01-01 08:12:41.946 0 0 W : ---[ end trace b81ea599c2ac6d1a ]---
01-01 08:12:41.947 0 0 E swr-wcd rx_swr_ctrl: swrm_get_logical_dev_num: device 0xd01170224 is not ready
01-01 08:12:41.947 0 0 E swr_get_logical_dev_num: Error -22 to get logical addr for device d01170224
01-01 08:12:41.947 0 0 E swr-wcd rx_swr_ctrl: swrm_get_logical_dev_num: device 0xd01170224 is not ready
01-01 08:12:41.947 0 0 E swr_get_logical_dev_num: Error -22 to get logical addr for device d01170224
01-01 08:12:41.947 0 0 E swr-wcd rx_swr_ctrl: swrm_get_logical_dev_num: device 0xd01170224 is not ready
01-01 08:12:41.947 0 0 E swr_get_logical_dev_num: Error -22 to get logical addr for device d01170224
01-01 08:12:41.948 0 0 E swr-wcd rx_swr_ctrl: swrm_get_logical_dev_num: device 0xd01170224 is not ready
01-01 08:12:41.948 0 0 E swr_get_logical_dev_num: Error -22 to get logical addr for device d01170224
01-01 08:12:41.948 0 0 E swr-wcd rx_swr_ctrl: swrm_get_logical_dev_num: device 0xd01170224 is not ready
01-01 08:12:41.948 0 0 E swr_get_logical_dev_num: Error -22 to get logical addr for device d01170224
01-01 08:12:41.948 0 0 E wcd938x_codec wcd938x-codec: wcd938x_bind: Slave bind failed, ret = -517
01-01 08:12:41.952 0 0 W QSEECOM : __qseecom_process_reentrancy_blocked_on_listener: Lsntr 10 is available, unblock session(1) app(5)
01-01 08:12:41.967 912 912 I auditd : type=1400 audit(0.0:165): avc: denied { read write } for comm="sensors.qti" name="diag" dev="tmpfs" ino=2145 scontext=u:r:vendor_sensors_qti:s0 tcontext=u:object_r:vendor_diag_device:s0 tclass=chr_file permissive=0
01-01 08:12:41.974 0 0 W QSEECOM : __qseecom_unload_app: App (6) is unloaded
01-01 08:12:41.975 0 0 D qbt : qbt_release: entry minor_no=0 fd_available=0
01-01 08:12:41.975 0 0 D qbt : qbt_release: Releasing wakelock
01-01 08:12:41.975 0 0 D qbt : qbt_release: exit : fd_available=1
01-01 08:12:41.975 0 0 D qbt : qbt_release: entry minor_no=1 fd_available=1
01-01 08:12:41.975 0 0 D qbt : qbt_release: exit : fd_available=1
01-01 08:12:41.971 1262 1262 I auditd : type=1400 audit(0.0:166): avc: denied { read write } for comm="qfp-daemon" name="diag" dev="tmpfs" ino=2145 scontext=u:r:vendor_qfp-daemon:s0 tcontext=u:object_r:vendor_diag_device:s0 tclass=chr_file permissive=0
01-01 08:12:42.016 0 0 D cnss : Received QMI WLFW pin connect result indication
01-01 08:12:42.016 0 0 D cnss : Pin connect Result: pwr_pin: 0x1 phy_io_pin: 0x0 rf_io_pin: 0x0
01-01 08:12:42.016 0 0 D cnss : Removing vote for Regulator vdd-wlan-rfa2
01-01 08:12:42.016 0 0 D cnss : Removing vote for Regulator vdd-wlan-rfa1
01-01 08:12:42.016 0 0 D cnss : Removing vote for Regulator vdd-wlan-dig
01-01 08:12:42.016 0 0 I qcom_rpmh DRV: apps_rsc TCS Busy, retrying RPMH message send: addr=0x43200
01-01 08:12:42.016 0 0 D cnss : Removing vote for Regulator vdd-wlan-aon
01-01 08:12:42.016 0 0 D cnss : Removing vote for Regulator vdd-wlan-io
01-01 08:12:42.016 0 0 D cnss : PM relax, state: 0xf, count: 0
01-01 08:12:42.028 1511 1511 I SystemServerTiming: StartServices
01-01 08:12:42.029 1511 1511 I SystemServerTiming: startBootstrapServices
01-01 08:12:42.029 1511 1511 I SystemServerTiming: StartWatchdog
01-01 08:12:42.033 1511 1511 I SystemServer: Reading configuration...
01-01 08:12:42.033 1511 1511 I SystemServerTiming: ReadingSystemConfig
01-01 08:12:42.033 1511 1511 I SystemServerTiming: PlatformCompat
01-01 08:12:42.033 1511 1611 I SystemServerTimingAsync: InitThreadPoolExec:ReadingSystemConfig
01-01 08:12:42.035 1511 1611 I SystemConfig: Reading permissions from /system/etc/sysconfig/framework-sysconfig.xml
01-01 08:12:42.035 1511 1611 I SystemConfig: Reading permissions from /system/etc/sysconfig/hiddenapi-package-whitelist.xml
01-01 08:12:42.036 1511 1611 I SystemConfig: Reading permissions from /system/etc/sysconfig/preinstalled-packages-com.android.providers.media.module.xml
01-01 08:12:42.036 1511 1511 D CompatConfig: Found a config file: /system/etc/compatconfig/documents-ui-compat-config.xml
01-01 08:12:42.036 1511 1511 D CompatConfig: Adding: com.android.server.compat.config.Change@9317516
01-01 08:12:42.036 1511 1611 I SystemConfig: Reading permissions from /system/etc/sysconfig/preinstalled-packages-platform-full-base.xml
01-01 08:12:42.037 1511 1611 I SystemConfig: Reading permissions from /system/etc/sysconfig/preinstalled-packages-platform.xml
01-01 08:12:42.037 1511 1511 D CompatConfig: Found a config file: /system/etc/compatconfig/icu4j-platform-compat-config.xml
01-01 08:12:42.037 1511 1611 I SystemConfig: Reading permissions from /system/etc/sysconfig/qti_whitelist.xml
01-01 08:12:42.037 1511 1511 D CompatConfig: Adding: com.android.server.compat.config.Change@c37ad33
01-01 08:12:42.037 1511 1511 D CompatConfig: Found a config file: /system/etc/compatconfig/services-platform-compat-config.xml
01-01 08:12:42.038 1511 1611 I SystemConfig: Reading permissions from /system/etc/permissions/javax.obex.xml
01-01 08:12:42.038 1511 1511 D CompatConfig: Adding: com.android.server.compat.config.Change@f7a10ee
01-01 08:12:42.038 1511 1611 I SystemConfig: Reading permissions from /system/etc/permissions/com.android.networkstack.tethering.xml
01-01 08:12:42.038 1511 1511 D CompatConfig: Adding: com.android.server.compat.config.Change@db8341c
01-01 08:12:42.038 1511 1511 D CompatConfig: Adding: com.android.server.compat.config.Change@f6e825
01-01 08:12:42.038 1511 1611 I SystemConfig: Reading permissions from /system/etc/permissions/com.android.future.usb.accessory.xml
01-01 08:12:42.038 1511 1511 D CompatConfig: Adding: com.android.server.compat.config.Change@2318fab
01-01 08:12:42.039 1511 1511 D CompatConfig: Adding: com.android.server.compat.config.Change@2227608
01-01 08:12:42.039 1511 1611 I SystemConfig: Reading permissions from /system/etc/permissions/android.software.freeform_window_management.xml
01-01 08:12:42.039 1511 1511 D CompatConfig: Adding: com.android.server.compat.config.Change@f4fc6
01-01 08:12:42.039 1511 1511 D CompatConfig: Adding: com.android.server.compat.config.Change@9f77b87
01-01 08:12:42.039 1511 1611 I SystemConfig: Reading permissions from /system/etc/permissions/com.android.media.remotedisplay.xml
01-01 08:12:42.039 1511 1511 D CompatConfig: Adding: com.android.server.compat.config.Change@41af6dd
01-01 08:12:42.039 1511 1511 D CompatConfig: Adding: com.android.server.compat.config.Change@2a0a252
01-01 08:12:42.039 1511 1611 I SystemConfig: Reading permissions from /system/etc/permissions/privapp-permissions-qti.xml
01-01 08:12:42.039 1511 1511 D CompatConfig: Adding: com.android.server.compat.config.Change@547fe20
01-01 08:12:42.040 1511 1511 D CompatConfig: Adding: com.android.server.compat.config.Change@bd523d9
01-01 08:12:42.040 1511 1511 D CompatConfig: Adding: com.android.server.compat.config.Change@d82919e
01-01 08:12:42.040 1511 1511 D CompatConfig: Adding: com.android.server.compat.config.Change@72a547f
01-01 08:12:42.040 1511 1511 D CompatConfig: Adding: com.android.server.compat.config.Change@bfedc4c
01-01 08:12:42.040 1511 1511 D CompatConfig: Adding: com.android.server.compat.config.Change@16b2495
01-01 08:12:42.040 1511 1511 D CompatConfig: Adding: com.android.server.compat.config.Change@229aa
01-01 08:12:42.041 1511 1511 D CompatConfig: Adding: com.android.server.compat.config.Change@d19b99b
01-01 08:12:42.041 1511 1611 I SystemConfig: Reading permissions from /system/etc/permissions/com.baidu.input.xml
01-01 08:12:42.041 1511 1511 D CompatConfig: Adding: com.android.server.compat.config.Change@7267511
01-01 08:12:42.041 1511 1511 D CompatConfig: Adding: com.android.server.compat.config.Change@f313676
01-01 08:12:42.041 1511 1511 D CompatConfig: Adding: com.android.server.compat.config.Change@bd05477
01-01 08:12:42.041 1511 1511 D CompatConfig: Adding: com.android.server.compat.config.Change@c7a68e4
01-01 08:12:42.041 1511 1511 D CompatConfig: Adding: com.android.server.compat.config.Change@6c514d
01-01 08:12:42.041 1511 1511 D CompatConfig: Adding: com.android.server.compat.config.Change@d724402
01-01 08:12:42.042 1511 1611 I SystemConfig: Reading permissions from /system/etc/permissions/com.thundercomm.tcservice.xml
01-01 08:12:42.042 1511 1511 D CompatConfig: Adding: com.android.server.compat.config.Change@1e72f50
01-01 08:12:42.042 1511 1511 D CompatConfig: Adding: com.android.server.compat.config.Change@7b9b549
01-01 08:12:42.042 1511 1511 D CompatConfig: Adding: com.android.server.compat.config.Change@ec49e4e
01-01 08:12:42.042 1511 1511 D CompatConfig: Adding: com.android.server.compat.config.Change@475b6f
01-01 08:12:42.042 1511 1611 I SystemConfig: Reading permissions from /system/etc/permissions/com.android.nfc_extras.xml
01-01 08:12:42.042 1511 1511 D CompatConfig: Adding: com.android.server.compat.config.Change@85f5d05
01-01 08:12:42.042 1511 1511 D CompatConfig: Adding: com.android.server.compat.config.Change@5d0515a
01-01 08:12:42.042 1511 1511 D CompatConfig: Adding: com.android.server.compat.config.Change@8183f8b
01-01 08:12:42.043 1511 1511 D CompatConfig: Adding: com.android.server.compat.config.Change@6319868
01-01 08:12:42.043 1511 1511 D CompatConfig: Adding: com.android.server.compat.config.Change@7fdc481
01-01 08:12:42.043 1511 1611 I SystemConfig: Reading permissions from /system/etc/permissions/com.thundercomm.screensaver.xml
01-01 08:12:42.043 1511 1511 D CompatConfig: Adding: com.android.server.compat.config.Change@ec94967
01-01 08:12:42.043 1511 1511 D CompatConfig: Adding: com.android.server.compat.config.Change@cbbd314
01-01 08:12:42.043 1511 1511 D CompatConfig: Adding: com.android.server.compat.config.Change@bc127bd
01-01 08:12:42.043 1511 1611 I SystemConfig: Reading permissions from /system/etc/permissions/android.software.live_wallpaper.xml
01-01 08:12:42.043 1511 1511 D CompatConfig: Adding: com.android.server.compat.config.Change@7971503
01-01 08:12:42.043 1511 1511 D CompatConfig: Adding: com.android.server.compat.config.Change@70d0c80
01-01 08:12:42.043 1511 1511 D CompatConfig: Adding: com.android.server.compat.config.Change@55d82b9
01-01 08:12:42.043 1511 1611 I SystemConfig: Reading permissions from /system/etc/permissions/com.android.networkstack.xml
01-01 08:12:42.044 1511 1511 D CompatConfig: Adding: com.android.server.compat.config.Change@2ebfe5f
01-01 08:12:42.044 1511 1511 D CompatConfig: Adding: com.android.server.compat.config.Change@27670ac
01-01 08:12:42.044 1511 1511 D CompatConfig: Adding: com.android.server.compat.config.Change@3ca9175
01-01 08:12:42.044 1511 1611 I SystemConfig: Reading permissions from /system/etc/permissions/android.test.mock.xml
01-01 08:12:42.044 1511 1511 D CompatConfig: Adding: com.android.server.compat.config.Change@37c217b
01-01 08:12:42.044 1511 1511 D CompatConfig: Adding: com.android.server.compat.config.Change@e2feb98
01-01 08:12:42.044 1511 1611 I SystemConfig: Reading permissions from /system/etc/permissions/android.test.runner.xml
01-01 08:12:42.044 1511 1511 D CompatConfig: Adding: com.android.server.compat.config.Change@f6d27d6
01-01 08:12:42.045 1511 1511 D CompatConfig: Adding: com.android.server.compat.config.Change@9215a57
01-01 08:12:42.045 1511 1511 D CompatConfig: Adding: com.android.server.compat.config.Change@3042944
01-01 08:12:42.045 1511 1611 I SystemConfig: Reading permissions from /system/etc/permissions/com.thundercomm.debugtools.xml
01-01 08:12:42.045 1511 1511 D CompatConfig: Adding: com.android.server.compat.config.Change@66beb62
01-01 08:12:42.045 1511 1511 D CompatConfig: Adding: com.android.server.compat.config.Change@d7744f3
01-01 08:12:42.045 1511 1611 I SystemConfig: Reading permissions from /system/etc/permissions/com.android.location.provider.xml
01-01 08:12:42.045 1511 1511 D CompatConfig: Adding: com.android.server.compat.config.Change@1078c29
01-01 08:12:42.045 1511 1511 D CompatConfig: Adding: com.android.server.compat.config.Change@da15bae
01-01 08:12:42.045 1511 1511 D CompatConfig: Adding: com.android.server.compat.config.Change@c4d5cdc
01-01 08:12:42.045 1511 1611 I SystemConfig: Reading permissions from /system/etc/permissions/privapp-permissions-platform.xml
01-01 08:12:42.046 1511 1511 D CompatConfig: Adding: com.android.server.compat.config.Change@d63c1e5
01-01 08:12:42.046 1511 1511 D CompatConfig: Found a config file: /system/etc/compatconfig/framework-platform-compat-config.xml
01-01 08:12:42.046 1511 1511 D CompatConfig: Adding: com.android.server.compat.config.Change@1545f6b
01-01 08:12:42.046 1511 1511 D CompatConfig: Adding: com.android.server.compat.config.Change@dc16ac8
01-01 08:12:42.047 1511 1511 D CompatConfig: Adding: com.android.server.compat.config.Change@8939761
01-01 08:12:42.047 1511 1511 D CompatConfig: Adding: com.android.server.compat.config.Change@4fd3286
01-01 08:12:42.047 1511 1511 D CompatConfig: Adding: com.android.server.compat.config.Change@ed78747
01-01 08:12:42.047 1511 1511 D CompatConfig: Adding: com.android.server.compat.config.Change@4e66b74
01-01 08:12:42.047 1511 1511 D CompatConfig: Adding: com.android.server.compat.config.Change@a91489d
01-01 08:12:42.047 1511 1511 D CompatConfig: Adding: com.android.server.compat.config.Change@a69f112
01-01 08:12:42.047 1511 1511 D CompatConfig: Adding: com.android.server.compat.config.Change@c7b50e3
01-01 08:12:42.048 1511 1611 I SystemConfig: Reading permissions from /system/etc/permissions/com.android.mediadrm.signer.xml
01-01 08:12:42.048 1511 1511 D CompatConfig: Adding: com.android.server.compat.config.Change@6bed199
01-01 08:12:42.048 1511 1511 D CompatConfig: Adding: com.android.server.compat.config.Change@8720c5e
01-01 08:12:42.048 1511 1511 D CompatConfig: Adding: com.android.server.compat.config.Change@708183f
01-01 08:12:42.048 1511 1511 D CompatConfig: Adding: com.android.server.compat.config.Change@58fb50c
01-01 08:12:42.048 1511 1511 D CompatConfig: Adding: com.android.server.compat.config.Change@aa1ee55
01-01 08:12:42.048 1511 1511 D CompatConfig: Adding: com.android.server.compat.config.Change@84e906a
01-01 08:12:42.048 1511 1511 D CompatConfig: Adding: com.android.server.compat.config.Change@56ff95b
01-01 08:12:42.048 1511 1511 D CompatConfig: Adding: com.android.server.compat.config.Change@60915f8
01-01 08:12:42.049 1511 1511 D CompatConfig: Adding: com.android.server.compat.config.Change@c601ad1
01-01 08:12:42.049 1511 1611 I SystemConfig: Reading permissions from /system/etc/permissions/org.apache.http.legacy.xml
01-01 08:12:42.049 1511 1511 D CompatConfig: Adding: com.android.server.compat.config.Change@1aad037
01-01 08:12:42.049 1511 1511 D CompatConfig: Adding: com.android.server.compat.config.Change@2b599a4
01-01 08:12:42.049 1511 1511 D CompatConfig: Adding: com.android.server.compat.config.Change@4fa930d
01-01 08:12:42.049 1511 1611 I SystemConfig: Reading permissions from /system/etc/permissions/android.test.base.xml
01-01 08:12:42.049 1511 1511 D CompatConfig: Adding: com.android.server.compat.config.Change@35238d3
01-01 08:12:42.049 1511 1511 D CompatConfig: Adding: com.android.server.compat.config.Change@d84ac10
01-01 08:12:42.049 1511 1611 I SystemConfig: Reading permissions from /system/etc/permissions/android.software.webview.xml
01-01 08:12:42.049 1511 1511 D CompatConfig: Adding: com.android.server.compat.config.Change@e8490e
01-01 08:12:42.050 1511 1511 D CompatConfig: Adding: com.android.server.compat.config.Change@7fd8f2f
01-01 08:12:42.050 1511 1511 D CompatConfig: Adding: com.android.server.compat.config.Change@5f0793c
01-01 08:12:42.050 1511 1611 I SystemConfig: Reading permissions from /system/etc/permissions/com.android.documentsui.xml
01-01 08:12:42.050 1511 1511 D CompatConfig: Adding: com.android.server.compat.config.Change@c63e81a
01-01 08:12:42.050 1511 1511 D CompatConfig: Adding: com.android.server.compat.config.Change@55def4b
01-01 08:12:42.050 1511 1511 D CompatConfig: Adding: com.android.server.compat.config.Change@ccc5a41
01-01 08:12:42.050 1511 1611 I SystemConfig: Reading permissions from /system/etc/permissions/platform.xml
01-01 08:12:42.050 1511 1511 D CompatConfig: Adding: com.android.server.compat.config.Change@5c86be6
01-01 08:12:42.050 1511 1511 D CompatConfig: Adding: com.android.server.compat.config.Change@11a3527
01-01 08:12:42.050 1511 1511 D CompatConfig: Adding: com.android.server.compat.config.Change@784b3d4
01-01 08:12:42.051 1511 1511 D CompatConfig: Adding: com.android.server.compat.config.Change@c43597d
01-01 08:12:42.051 1511 1511 D CompatConfig: Adding: com.android.server.compat.config.Change@19f6072
01-01 08:12:42.051 1511 1511 D CompatConfig: Adding: com.android.server.compat.config.Change@a6afcc3
01-01 08:12:42.051 1511 1511 D CompatConfig: Adding: com.android.server.compat.config.Change@a633940
01-01 08:12:42.051 1511 1511 D CompatConfig: Adding: com.android.server.compat.config.Change@f311079
01-01 08:12:42.051 1511 1511 D CompatConfig: Adding: com.android.server.compat.config.Change@17f11be
01-01 08:12:42.051 1511 1511 D CompatConfig: Adding: com.android.server.compat.config.Change@176a21f
01-01 08:12:42.051 1511 1511 D CompatConfig: Adding: com.android.server.compat.config.Change@7e2a96c
01-01 08:12:42.052 1511 1511 D CompatConfig: Adding: com.android.server.compat.config.Change@a93b35
01-01 08:12:42.052 1511 1511 D CompatConfig: Adding: com.android.server.compat.config.Change@8168bca
01-01 08:12:42.052 1511 1511 D CompatConfig: Adding: com.android.server.compat.config.Change@86d413b
01-01 08:12:42.052 1511 1511 D CompatConfig: Adding: com.android.server.compat.config.Change@f06f058
01-01 08:12:42.052 1511 1511 D CompatConfig: Adding: com.android.server.compat.config.Change@f3f55b1
01-01 08:12:42.052 1511 1511 D CompatConfig: Adding: com.android.server.compat.config.Change@1f99a96
01-01 08:12:42.052 1511 1511 D CompatConfig: Adding: com.android.server.compat.config.Change@a64b617
01-01 08:12:42.052 1511 1611 I SystemConfig: Reading permissions from /vendor/etc/permissions/android.hardware.location.gps.xml
01-01 08:12:42.053 1511 1511 D CompatConfig: Adding: com.android.server.compat.config.Change@5429bed
01-01 08:12:42.053 1511 1511 D CompatConfig: Adding: com.android.server.compat.config.Change@f2cca22
01-01 08:12:42.053 1511 1511 D CompatConfig: Adding: com.android.server.compat.config.Change@3f49cb3
01-01 08:12:42.053 1511 1511 D CompatConfig: Adding: com.android.server.compat.config.Change@c577270
01-01 08:12:42.053 1511 1611 I SystemConfig: Reading permissions from /vendor/etc/permissions/android.hardware.sensor.barometer.xml
01-01 08:12:42.053 1511 1511 D CompatConfig: Adding: com.android.server.compat.config.Change@971666e
01-01 08:12:42.053 1511 1511 D CompatConfig: Adding: com.android.server.compat.config.Change@992510f
01-01 08:12:42.053 1511 1511 D CompatConfig: Adding: com.android.server.compat.config.Change@899459c
01-01 08:12:42.053 1511 1611 I SystemConfig: Reading permissions from /vendor/etc/permissions/android.hardware.usb.accessory.xml
