01-01 08:12:42.053 1511 1511 D CompatConfig: Adding: com.android.server.compat.config.Change@3517b7a
01-01 08:12:42.054 1511 1511 D CompatConfig: Adding: com.android.server.compat.config.Change@7acef2b
01-01 08:12:42.054 1511 1611 I SystemConfig: Reading permissions from /vendor/etc/permissions/android.hardware.vulkan.compute-0.xml
01-01 08:12:42.054 1511 1511 D CompatConfig: Adding: com.android.server.compat.config.Change@e00d21
01-01 08:12:42.054 1511 1511 D CompatConfig: Adding: com.android.server.compat.config.Change@bebd546
01-01 08:12:42.054 1511 1511 D CompatConfig: Found a config file: /system/etc/compatconfig/calendar-provider-compat-config.xml
01-01 08:12:42.054 1511 1611 I SystemConfig: Reading permissions from /vendor/etc/permissions/android.software.verified_boot.xml
01-01 08:12:42.054 1511 1611 I SystemConfig: Reading permissions from /vendor/etc/permissions/android.hardware.vulkan.level-1.xml
01-01 08:12:42.054 1511 1511 D CompatConfig: Adding: com.android.server.compat.config.Change@37fffd2
01-01 08:12:42.055 1511 1611 I SystemConfig: Reading permissions from /vendor/etc/permissions/android.software.ipsec_tunnels.xml
01-01 08:12:42.055 1511 1511 D CompatConfig: Found a config file: /system/system_ext/etc/compatconfig/settings-platform-compat-config.xml
01-01 08:12:42.055 1511 1611 I SystemConfig: Reading permissions from /vendor/etc/permissions/android.hardware.sensor.hifi_sensors.xml
01-01 08:12:42.055 1511 1511 D CompatConfig: Adding: com.android.server.compat.config.Change@cba471e
01-01 08:12:42.055 1511 1611 I SystemConfig: Reading permissions from /vendor/etc/permissions/android.hardware.wifi.rtt.xml
01-01 08:12:42.056 1511 1511 D CompatConfig: No directory /apex/com.android.vndk.v30/etc/compatconfig, skipping
01-01 08:12:42.056 1511 1611 I SystemConfig: Reading permissions from /vendor/etc/permissions/android.hardware.usb.host.xml
01-01 08:12:42.056 1511 1511 D CompatConfig: No directory /apex/com.android.wifi/etc/compatconfig, skipping
01-01 08:12:42.056 1511 1511 D CompatConfig: No directory /apex/com.android.vndk.v31/etc/compatconfig, skipping
01-01 08:12:42.056 1511 1511 D CompatConfig: No directory /apex/com.android.tzdata/etc/compatconfig, skipping
01-01 08:12:42.056 1511 1511 D CompatConfig: No directory /apex/com.android.tethering/etc/compatconfig, skipping
01-01 08:12:42.056 1511 1511 D CompatConfig: No directory /apex/com.android.sdkext/etc/compatconfig, skipping
01-01 08:12:42.056 1511 1511 D CompatConfig: No directory /apex/com.android.scheduling/etc/compatconfig, skipping
01-01 08:12:42.056 1511 1511 D CompatConfig: No directory /apex/com.android.runtime/etc/compatconfig, skipping
01-01 08:12:42.056 1511 1611 I SystemConfig: Reading permissions from /vendor/etc/permissions/handheld_core_hardware.xml
01-01 08:12:42.056 1511 1511 D CompatConfig: No directory /apex/com.android.resolv/etc/compatconfig, skipping
01-01 08:12:42.056 1511 1511 D CompatConfig: No directory /apex/com.android.permission/etc/compatconfig, skipping
01-01 08:12:42.056 1511 1511 D CompatConfig: No directory /apex/com.android.os.statsd/etc/compatconfig, skipping
01-01 08:12:42.056 1511 1511 D CompatConfig: No directory /apex/com.android.neuralnetworks/etc/compatconfig, skipping
01-01 08:12:42.056 1511 1611 I SystemConfig: Reading permissions from /vendor/etc/permissions/android.hardware.touchscreen.multitouch.jazzhand.xml
01-01 08:12:42.056 1511 1511 D CompatConfig: Found a config file: /apex/com.android.mediaprovider/etc/compatconfig/media-provider-platform-compat-config.xml
01-01 08:12:42.057 1511 1611 I SystemConfig: Reading permissions from /vendor/etc/permissions/android.hardware.audio.pro.xml
01-01 08:12:42.057 1511 1511 D CompatConfig: Adding: com.android.server.compat.config.Change@6958091
01-01 08:12:42.057 1511 1511 D CompatConfig: Adding: com.android.server.compat.config.Change@bfa1bf6
01-01 08:12:42.057 1511 1611 I SystemConfig: Reading permissions from /vendor/etc/permissions/android.hardware.wifi.passpoint.xml
01-01 08:12:42.057 1511 1511 D CompatConfig: Adding: com.android.server.compat.config.Change@fef8a64
01-01 08:12:42.057 1511 1511 D CompatConfig: Adding: com.android.server.compat.config.Change@28094cd
01-01 08:12:42.057 1511 1511 D CompatConfig: Adding: com.android.server.compat.config.Change@1a40182
01-01 08:12:42.057 1511 1511 D CompatConfig: Adding: com.android.server.compat.config.Change@7d67093
01-01 08:12:42.057 1511 1611 I SystemConfig: Reading permissions from /vendor/etc/permissions/android.hardware.sensor.gyroscope.xml
01-01 08:12:42.057 1511 1511 D CompatConfig: Adding: com.android.server.compat.config.Change@d8eb0c9
01-01 08:12:42.058 1511 1511 D CompatConfig: No directory /apex/com.android.media.swcodec/etc/compatconfig, skipping
01-01 08:12:42.058 1511 1511 D CompatConfig: No directory /apex/com.android.media/etc/compatconfig, skipping
01-01 08:12:42.058 1511 1611 I SystemConfig: Reading permissions from /vendor/etc/permissions/android.hardware.bluetooth.xml
01-01 08:12:42.058 1511 1511 D CompatConfig: No directory /apex/com.android.ipsec/etc/compatconfig, skipping
01-01 08:12:42.058 1511 1511 D CompatConfig: No directory /apex/com.android.i18n/etc/compatconfig, skipping
01-01 08:12:42.058 1511 1511 D CompatConfig: No directory /apex/com.android.extservices/etc/compatconfig, skipping
01-01 08:12:42.058 1511 1511 D CompatConfig: No directory /apex/com.android.conscrypt/etc/compatconfig, skipping
01-01 08:12:42.058 1511 1611 I SystemConfig: Reading permissions from /vendor/etc/permissions/android.hardware.audio.low_latency.xml
01-01 08:12:42.058 1511 1511 D CompatConfig: Found a config file: /apex/com.android.art/etc/compatconfig/libcore-platform-compat-config.xml
01-01 08:12:42.058 1511 1611 I SystemConfig: Reading permissions from /vendor/etc/permissions/android.hardware.vulkan.version-1_1.xml
01-01 08:12:42.058 1511 1511 D CompatConfig: Adding: com.android.server.compat.config.Change@bcc3eda
01-01 08:12:42.059 1511 1511 D CompatConfig: Adding: com.android.server.compat.config.Change@7b95f0b
01-01 08:12:42.059 1511 1611 I SystemConfig: Reading permissions from /vendor/etc/permissions/android.hardware.opengles.aep.xml
01-01 08:12:42.059 1511 1511 D CompatConfig: Adding: com.android.server.compat.config.Change@d06b001
01-01 08:12:42.059 1511 1511 D CompatConfig: Adding: com.android.server.compat.config.Change@73f6ea6
01-01 08:12:42.059 1511 1511 D CompatConfig: Adding: com.android.server.compat.config.Change@41ce0e7
01-01 08:12:42.059 1511 1611 I SystemConfig: Reading permissions from /vendor/etc/permissions/android.hardware.se.omapi.uicc.xml
01-01 08:12:42.059 1511 1511 D CompatConfig: No directory /apex/com.android.appsearch/etc/compatconfig, skipping
01-01 08:12:42.059 1511 1511 D CompatConfig: No directory /apex/com.android.adbd/etc/compatconfig, skipping
01-01 08:12:42.059 1511 1611 I SystemConfig: Reading permissions from /vendor/etc/permissions/android.software.midi.xml
01-01 08:12:42.060 1511 1611 I SystemConfig: Reading permissions from /vendor/etc/permissions/android.software.vulkan.deqp.level.xml
01-01 08:12:42.060 1511 1611 I SystemConfig: Reading permissions from /vendor/etc/permissions/vendor-qti-hardware-sensorscalibrate.xml
01-01 08:12:42.060 1511 1611 I SystemConfig: Reading permissions from /vendor/etc/permissions/android.hardware.sensor.compass.xml
01-01 08:12:42.061 1511 1611 I SystemConfig: Reading permissions from /vendor/etc/permissions/android.hardware.se.omapi.ese.xml
01-01 08:12:42.061 1511 1611 I SystemConfig: Reading permissions from /vendor/etc/permissions/android.hardware.wifi.direct.xml
01-01 08:12:42.061 1511 1611 I SystemConfig: Reading permissions from /vendor/etc/permissions/android.hardware.wifi.aware.xml
01-01 08:12:42.061 1511 1511 I SystemServerTiming: StartFileIntegrityService
01-01 08:12:42.061 1511 1511 I SystemServiceManager: Starting com.android.server.security.FileIntegrityService
01-01 08:12:42.062 1511 1611 I SystemConfig: Reading permissions from /vendor/etc/permissions/android.hardware.bluetooth_le.xml
01-01 08:12:42.062 1511 1611 I SystemConfig: Reading permissions from /vendor/etc/permissions/android.hardware.sensor.ambient_temperature.xml
01-01 08:12:42.062 1511 1611 I SystemConfig: Reading permissions from /vendor/etc/permissions/android.hardware.sensor.accelerometer.xml
01-01 08:12:42.063 1511 1611 I SystemConfig: Reading permissions from /vendor/etc/permissions/qti_fingerprint_interface.xml
01-01 08:12:42.063 1511 1611 I SystemConfig: Reading permissions from /vendor/etc/permissions/android.hardware.fingerprint.xml
01-01 08:12:42.063 1511 1611 I SystemConfig: Reading permissions from /vendor/etc/permissions/android.hardware.wifi.xml
01-01 08:12:42.063 1511 1611 I SystemConfig: Reading permissions from /vendor/etc/permissions/android.hardware.light.xml
01-01 08:12:42.064 1511 1611 I SystemConfig: Reading permissions from /vendor/etc/permissions/vendor.qti.hardware.factory.xml
01-01 08:12:42.064 1511 1611 I SystemConfig: Reading permissions from /vendor/etc/permissions/android.software.device_id_attestation.xml
01-01 08:12:42.064 1511 1611 I SystemConfig: Reading permissions from /vendor/etc/permissions/android.hardware.sensor.relative_humidity.xml
01-01 08:12:42.065 1511 1611 I SystemConfig: Reading permissions from /product/etc/sysconfig/preinstalled-packages-platform-handheld-product.xml
01-01 08:12:42.065 1511 1511 I SystemServerTiming: StartInstaller
01-01 08:12:42.065 1511 1511 I SystemServiceManager: Starting com.android.server.pm.Installer
01-01 08:12:42.066 1511 1611 I SystemConfig: Reading permissions from /product/etc/sysconfig/preinstalled-packages-platform-overlays.xml
01-01 08:12:42.063 1187 1187 I auditd : type=1400 audit(0.0:167): avc: denied { read } for comm="Binder:1187_1" name="persist" dev="tmpfs" ino=12730 scontext=u:r:installd:s0 tcontext=u:object_r:tmpfs:s0 tclass=lnk_file permissive=0
01-01 08:12:42.063 1187 1187 I auditd : type=1400 audit(0.0:168): avc: denied { read } for comm="Binder:1187_1" name="persist" dev="tmpfs" ino=12730 scontext=u:r:installd:s0 tcontext=u:object_r:tmpfs:s0 tclass=lnk_file permissive=0
01-01 08:12:42.066 1511 1611 I SystemConfig: Reading permissions from /product/etc/permissions/telephony_product_privapp-permissions-qti.xml
01-01 08:12:42.067 1511 1511 I SystemServerTiming: DeviceIdentifiersPolicyService
01-01 08:12:42.067 1511 1511 I SystemServiceManager: Starting com.android.server.os.DeviceIdentifiersPolicyService
01-01 08:12:42.067 1511 1611 I SystemConfig: Reading permissions from /product/etc/permissions/com.qti.snapdragon.sdk.display.xml
01-01 08:12:42.067 1511 1511 I SystemServerTiming: UriGrantsManagerService
01-01 08:12:42.067 1511 1511 I SystemServiceManager: Starting com.android.server.uri.UriGrantsManagerService$Lifecycle
01-01 08:12:42.067 1511 1611 I SystemConfig: Reading permissions from /product/etc/permissions/vendor.qti.hardware.data.connection-V1.0-java.xml
01-01 08:12:42.067 1511 1511 I SystemServerTiming: StartPowerStatsService
01-01 08:12:42.067 1511 1511 I SystemServiceManager: Starting com.android.server.powerstats.PowerStatsService
01-01 08:12:42.067 1511 1611 I SystemConfig: Reading permissions from /product/etc/permissions/UimService.xml
01-01 08:12:42.068 1511 1611 I SystemConfig: Reading permissions from /product/etc/permissions/ims_ext_common.xml
01-01 08:12:42.068 1511 1611 I SystemConfig: Reading permissions from /product/etc/permissions/com.android.settings.intelligence.xml
01-01 08:12:42.068 1511 1611 I SystemConfig: Reading permissions from /product/etc/permissions/vendor.qti.hardware.data.connection-V1.1-java.xml
01-01 08:12:42.069 1511 1611 I SystemConfig: Reading permissions from /system_ext/etc/sysconfig/qti_whitelist_system_ext.xml
01-01 08:12:42.069 1511 1611 I SystemConfig: Reading permissions from /system_ext/etc/sysconfig/qti_telephony_system_packages_config.xml
01-01 08:12:42.070 1511 1511 I SystemServerTiming: StartIStatsService
01-01 08:12:42.069 0 0 I binder : 1511:1511 ioctl 40046210 7fe5c1a554 returned -22
01-01 08:12:42.070 1511 1611 I SystemConfig: Reading permissions from /system_ext/etc/permissions/com.android.systemui.xml
01-01 08:12:42.070 1511 1611 I SystemConfig: Reading permissions from /system_ext/etc/permissions/qti_supplicant_interface.xml
01-01 08:12:42.071 1511 1511 I SystemServerTiming: MemtrackProxyService
01-01 08:12:42.071 1511 1611 I SystemConfig: Reading permissions from /system_ext/etc/permissions/com.android.launcher3.xml
01-01 08:12:42.071 1511 1611 I SystemConfig: Reading permissions from /system_ext/etc/permissions/dpmapi.xml
01-01 08:12:42.071 1511 1511 I SystemServerTiming: StartActivityManager
01-01 08:12:42.071 1511 1611 I SystemConfig: Reading permissions from /system_ext/etc/permissions/com.qti.media.secureprocessor.xml
01-01 08:12:42.071 1511 1511 I SystemServiceManager: Starting com.android.server.wm.ActivityTaskManagerService$Lifecycle
01-01 08:12:42.072 1511 1611 I SystemConfig: Reading permissions from /system_ext/etc/permissions/com.thundercomm.microsettings.xml
01-01 08:12:42.072 1511 1611 I SystemConfig: Reading permissions from /system_ext/etc/permissions/com.qualcomm.qti.izattools.xml
01-01 08:12:42.073 1511 1611 I SystemConfig: Reading permissions from /system_ext/etc/permissions/wfd-system-ext-privapp-permissions-qti.xml
01-01 08:12:42.073 1511 1611 I SystemConfig: Reading permissions from /system_ext/etc/permissions/com.android.emergency.xml
01-01 08:12:42.073 1511 1611 I SystemConfig: Reading permissions from /system_ext/etc/permissions/privapp-permissions-qti-system-ext.xml
01-01 08:12:42.074 1511 1611 I SystemConfig: Reading permissions from /system_ext/etc/permissions/com.android.provision.xml
01-01 08:12:42.074 1511 1611 I SystemConfig: Reading permissions from /system_ext/etc/permissions/android.software.verified_boot.xml
01-01 08:12:42.075 1511 1611 I SystemConfig: Reading permissions from /system_ext/etc/permissions/qti_permissions.xml
01-01 08:12:42.075 1511 1611 I SystemConfig: Reading permissions from /system_ext/etc/permissions/com.android.storagemanager.xml
01-01 08:12:42.075 1511 1511 I SystemServiceManager: Starting com.android.server.am.ActivityManagerService$Lifecycle
01-01 08:12:42.075 1511 1611 I SystemConfig: Reading permissions from /system_ext/etc/permissions/com.qti.location.sdk.xml
01-01 08:12:42.075 1511 1611 I SystemConfig: Reading permissions from /system_ext/etc/permissions/com.qualcomm.qti.imscmservice.xml
01-01 08:12:42.076 1511 1611 I SystemConfig: Reading permissions from /system_ext/etc/permissions/vendor.qti.ims.rcsservice.xml
01-01 08:12:42.076 1511 1611 I SystemConfig: Reading permissions from /system_ext/etc/permissions/com.qualcomm.qti.imscmservice-V2.1-java.xml
01-01 08:12:42.077 1511 1611 I SystemConfig: Reading permissions from /system_ext/etc/permissions/telephony_system-ext_privapp-permissions-qti.xml
01-01 08:12:42.077 1511 1611 I SystemConfig: Reading permissions from /system_ext/etc/permissions/com.hht.lebocast.xml
01-01 08:12:42.077 1511 1611 I SystemConfig: Reading permissions from /system_ext/etc/permissions/com.qti.dpmframework.xml
01-01 08:12:42.078 1511 1611 I SystemConfig: Reading permissions from /system_ext/etc/permissions/com.android.settings.xml
01-01 08:12:42.079 1511 1611 I SystemConfig: Reading permissions from /system_ext/etc/permissions/com.qualcomm.qti.imscmservice-V2.2-java.xml
01-01 08:12:42.079 1511 1611 I SystemConfig: Reading permissions from /system_ext/etc/permissions/embms-noship_product_privapp_permissions_qti.xml
01-01 08:12:42.079 1511 1511 I ActivityManager: Memory class: 512
01-01 08:12:42.079 1511 1611 I SystemConfig: Reading permissions from /system_ext/etc/permissions/privapp-permissions-aptxals.xml
01-01 08:12:42.080 1511 1611 I SystemConfig: Reading permissions from /system_ext/etc/permissions/izat.xt.srv.xml
01-01 08:12:42.080 1511 1614 I Binder : Setting heavy hitter watcher config: false, 0, 0.0
01-01 08:12:42.080 1511 1611 I SystemConfig: Reading permissions from /system_ext/etc/permissions/com.nxp.nfc.nq.xml
01-01 08:12:42.080 1511 1611 I SystemConfig: Reading permissions from /system_ext/etc/permissions/qti_libpermissions.xml
01-01 08:12:42.081 1511 1611 I SystemConfig: Reading permissions from /system_ext/etc/permissions/embms.xml
01-01 08:12:42.081 1511 1611 I SystemConfig: Reading permissions from /system_ext/etc/permissions/com.qualcomm.qti.imscmservice-V2.0-java.xml
01-01 08:12:42.082 1511 1611 I SystemConfig: Reading permissions from /system_ext/etc/permissions/audiosphere.xml
01-01 08:12:42.082 1511 1611 I SystemConfig: Reading permissions from /system_ext/etc/permissions/privapp-permissions-com.qualcomm.location.xml
01-01 08:12:42.082 1511 1611 I SystemConfig: Reading permissions from /system_ext/etc/permissions/com.qualcomm.qmapbridge.xml
01-01 08:12:42.082 1511 1611 I SystemConfig: Reading permissions from /system_ext/etc/permissions/com.qualcomm.location.xml
01-01 08:12:42.084 1511 1611 I SystemConfig: Reading permissions from /apex/com.android.ipsec/etc/permissions/android.net.ipsec.ike.xml
01-01 08:12:42.093 1511 1511 I PackageWatchdog: Updated health check state for package com.qualcomm.qti.devicestatisticsservice: INACTIVE -> PASSED
01-01 08:12:42.097 1511 1511 D BatteryStatsImpl: Reading daily items from /data/system/batterystats-daily.xml
01-01 08:12:42.102 1511 1622 I KernelCpuUidFreqTimeReader: mPerClusterTimesAvailable=false
01-01 08:12:42.103 1511 1622 E KernelCpuSpeedReader: Failed to read cpu-freq: /sys/devices/system/cpu/cpu4/cpufreq/stats/time_in_state: open failed: ENOENT (No such file or directory)
01-01 08:12:42.104 1511 1622 E KernelCpuSpeedReader: Failed to read cpu-freq: /sys/devices/system/cpu/cpu0/cpufreq/stats/time_in_state: open failed: ENOENT (No such file or directory)
01-01 08:12:42.103 567 567 I auditd : type=1400 audit(0.0:169): avc: denied { read } for comm="Binder:567_2" name="wakeup58" dev="sysfs" ino=71813 scontext=u:r:system_suspend:s0 tcontext=u:object_r:sysfs:s0 tclass=dir permissive=0
01-01 08:12:42.103 567 567 I auditd : type=1400 audit(0.0:170): avc: denied { read } for comm="Binder:567_2" name="wakeup48" dev="sysfs" ino=67225 scontext=u:r:system_suspend:s0 tcontext=u:object_r:sysfs:s0 tclass=dir permissive=0
01-01 08:12:42.103 567 567 I auditd : type=1400 audit(0.0:171): avc: denied { read } for comm="Binder:567_2" name="wakeup4" dev="sysfs" ino=47037 scontext=u:r:system_suspend:s0 tcontext=u:object_r:sysfs:s0 tclass=dir permissive=0
01-01 08:12:42.103 567 567 I auditd : type=1400 audit(0.0:172): avc: denied { read } for comm="Binder:567_2" name="wakeup28" dev="sysfs" ino=53102 scontext=u:r:system_suspend:s0 tcontext=u:object_r:sysfs:s0 tclass=dir permissive=0
01-01 08:12:42.103 567 567 I auditd : type=1400 audit(0.0:173): avc: denied { read } for comm="Binder:567_2" name="wakeup56" dev="sysfs" ino=71741 scontext=u:r:system_suspend:s0 tcontext=u:object_r:sysfs:s0 tclass=dir permissive=0
01-01 08:12:42.103 567 567 I auditd : type=1400 audit(0.0:174): avc: denied { read } for comm="Binder:567_2" name="wakeup2" dev="sysfs" ino=46561 scontext=u:r:system_suspend:s0 tcontext=u:object_r:sysfs:s0 tclass=dir permissive=0
01-01 08:12:42.103 567 567 I auditd : type=1400 audit(0.0:175): avc: denied { read } for comm="Binder:567_2" name="wakeup74" dev="sysfs" ino=76645 scontext=u:r:system_suspend:s0 tcontext=u:object_r:sysfs:s0 tclass=dir permissive=0
01-01 08:12:42.103 567 567 I auditd : type=1400 audit(0.0:176): avc: denied { read } for comm="Binder:567_2" name="wakeup36" dev="sysfs" ino=58615 scontext=u:r:system_suspend:s0 tcontext=u:object_r:sysfs:s0 tclass=dir permissive=0
01-01 08:12:42.103 567 567 I auditd : type=1400 audit(0.0:177): avc: denied { read } for comm="Binder:567_2" name="wakeup54" dev="sysfs" ino=71669 scontext=u:r:system_suspend:s0 tcontext=u:object_r:sysfs:s0 tclass=dir permissive=0
01-01 08:12:42.103 567 567 I auditd : type=1400 audit(0.0:178): avc: denied { read } for comm="Binder:567_2" name="wakeup44" dev="sysfs" ino=66081 scontext=u:r:system_suspend:s0 tcontext=u:object_r:sysfs:s0 tclass=dir permissive=0
01-01 08:12:42.103 567 567 I auditd : type=1400 audit(0.0:179): avc: denied { read } for comm="Binder:567_2" name="wakeup0" dev="sysfs" ino=43769 scontext=u:r:system_suspend:s0 tcontext=u:object_r:sysfs:s0 tclass=dir permissive=0
01-01 08:12:42.103 567 567 I auditd : type=1400 audit(0.0:180): avc: denied { read } for comm="Binder:567_2" name="wakeup62" dev="sysfs" ino=71969 scontext=u:r:system_suspend:s0 tcontext=u:object_r:sysfs:s0 tclass=dir permissive=0
01-01 08:12:42.103 567 567 I auditd : type=1400 audit(0.0:181): avc: denied { read } for comm="Binder:567_2" name="wakeup52" dev="sysfs" ino=71597 scontext=u:r:system_suspend:s0 tcontext=u:object_r:sysfs:s0 tclass=dir permissive=0
01-01 08:12:42.103 567 567 I auditd : type=1400 audit(0.0:182): avc: denied { read } for comm="Binder:567_2" name="wakeup9" dev="sysfs" ino=52086 scontext=u:r:system_suspend:s0 tcontext=u:object_r:sysfs:s0 tclass=dir permissive=0
01-01 08:12:42.103 567 567 I auditd : type=1400 audit(0.0:183): avc: denied { read } for comm="Binder:567_2" name="wakeup32" dev="sysfs" ino=53492 scontext=u:r:system_suspend:s0 tcontext=u:object_r:sysfs:s0 tclass=dir permissive=0
01-01 08:12:42.103 567 567 I auditd : type=1400 audit(0.0:184): avc: denied { read } for comm="Binder:567_2" name="wakeup60" dev="sysfs" ino=71897 scontext=u:r:system_suspend:s0 tcontext=u:object_r:sysfs:s0 tclass=dir permissive=0
01-01 08:12:42.103 567 567 I auditd : type=1400 audit(0.0:185): avc: denied { read } for comm="Binder:567_2" name="wakeup50" dev="sysfs" ino=71525 scontext=u:r:system_suspend:s0 tcontext=u:object_r:sysfs:s0 tclass=dir permissive=0
01-01 08:12:42.103 567 567 I auditd : type=1400 audit(0.0:186): avc: denied { read } for comm="Binder:567_2" name="wakeup7" dev="sysfs" ino=51998 scontext=u:r:system_suspend:s0 tcontext=u:object_r:sysfs:s0 tclass=dir permissive=0
01-01 08:12:42.103 567 567 I auditd : type=1400 audit(0.0:187): avc: denied { read } for comm="Binder:567_2" name="wakeup40" dev="sysfs" ino=62889 scontext=u:r:system_suspend:s0 tcontext=u:object_r:sysfs:s0 tclass=dir permissive=0
01-01 08:12:42.103 567 567 I auditd : type=1400 audit(0.0:188): avc: denied { read } for comm="Binder:567_2" name="wakeup30" dev="sysfs" ino=53313 scontext=u:r:system_suspend:s0 tcontext=u:object_r:sysfs:s0 tclass=dir permissive=0
01-01 08:12:42.103 567 567 I auditd : type=1400 audit(0.0:189): avc: denied { read } for comm="Binder:567_2" name="wakeup59" dev="sysfs" ino=71861 scontext=u:r:system_suspend:s0 tcontext=u:object_r:sysfs:s0 tclass=dir permissive=0
01-01 08:12:42.103 567 567 I auditd : type=1400 audit(0.0:190): avc: denied { read } for comm="Binder:567_2" name="wakeup5" dev="sysfs" ino=47069 scontext=u:r:system_suspend:s0 tcontext=u:object_r:sysfs:s0 tclass=dir permissive=0
01-01 08:12:42.103 567 567 I auditd : type=1400 audit(0.0:191): avc: denied { read } for comm="Binder:567_2" name="wakeup77" dev="sysfs" ino=76828 scontext=u:r:system_suspend:s0 tcontext=u:object_r:sysfs:s0 tclass=dir permissive=0
01-01 08:12:42.103 567 567 I auditd : type=1400 audit(0.0:192): avc: denied { read } for comm="Binder:567_2" name="wakeup39" dev="sysfs" ino=62853 scontext=u:r:system_suspend:s0 tcontext=u:object_r:sysfs:s0 tclass=dir permissive=0
01-01 08:12:42.103 567 567 I auditd : type=1400 audit(0.0:193): avc: denied { read } for comm="Binder:567_2" name="wakeup29" dev="sysfs" ino=53211 scontext=u:r:system_suspend:s0 tcontext=u:object_r:sysfs:s0 tclass=dir permissive=0
01-01 08:12:42.103 567 567 I auditd : type=1400 audit(0.0:194): avc: denied { read } for comm="Binder:567_2" name="wakeup57" dev="sysfs" ino=71777 scontext=u:r:system_suspend:s0 tcontext=u:object_r:sysfs:s0 tclass=dir permissive=0
01-01 08:12:42.103 567 567 I auditd : type=1400 audit(0.0:195): avc: denied { read } for comm="Binder:567_2" name="wakeup19" dev="sysfs" ino=52531 scontext=u:r:system_suspend:s0 tcontext=u:object_r:sysfs:s0 tclass=dir permissive=0
01-01 08:12:42.103 567 567 I auditd : type=1400 audit(0.0:196): avc: denied { read } for comm="Binder:567_2" name="wakeup75" dev="sysfs" ino=76709 scontext=u:r:system_suspend:s0 tcontext=u:object_r:sysfs:s0 tclass=dir permissive=0
01-01 08:12:42.103 567 567 I auditd : type=1400 audit(0.0:197): avc: denied { read } for comm="Binder:567_2" name="wakeup37" dev="sysfs" ino=58651 scontext=u:r:system_suspend:s0 tcontext=u:object_r:sysfs:s0 tclass=dir permissive=0
01-01 08:12:42.103 567 567 I auditd : type=1400 audit(0.0:198): avc: denied { read } for comm="Binder:567_2" name="wakeup27" dev="sysfs" ino=53068 scontext=u:r:system_suspend:s0 tcontext=u:object_r:sysfs:s0 tclass=dir permissive=0
01-01 08:12:42.103 567 567 I auditd : type=1400 audit(0.0:199): avc: denied { read } for comm="Binder:567_2" name="wakeup55" dev="sysfs" ino=71705 scontext=u:r:system_suspend:s0 tcontext=u:object_r:sysfs:s0 tclass=dir permissive=0
01-01 08:12:42.103 567 567 I auditd : type=1400 audit(0.0:200): avc: denied { read } for comm="Binder:567_2" name="wakeup17" dev="sysfs" ino=52455 scontext=u:r:system_suspend:s0 tcontext=u:object_r:sysfs:s0 tclass=dir permissive=0
01-01 08:12:42.103 567 567 I auditd : type=1400 audit(0.0:201): avc: denied { read } for comm="Binder:567_2" name="wakeup1" dev="sysfs" ino=43797 scontext=u:r:system_suspend:s0 tcontext=u:object_r:sysfs:s0 tclass=dir permissive=0
01-01 08:12:42.103 567 567 I auditd : type=1400 audit(0.0:202): avc: denied { read } for comm="Binder:567_2" name="wakeup63" dev="sysfs" ino=72005 scontext=u:r:system_suspend:s0 tcontext=u:object_r:sysfs:s0 tclass=dir permissive=0
01-01 08:12:42.103 567 567 I auditd : type=1400 audit(0.0:203): avc: denied { read } for comm="Binder:567_2" name="wakeup25" dev="sysfs" ino=52865 scontext=u:r:system_suspend:s0 tcontext=u:object_r:sysfs:s0 tclass=dir permissive=0
01-01 08:12:42.103 567 567 I auditd : type=1400 audit(0.0:204): avc: denied { read } for comm="Binder:567_2" name="wakeup53" dev="sysfs" ino=71633 scontext=u:r:system_suspend:s0 tcontext=u:object_r:sysfs:s0 tclass=dir permissive=0
01-01 08:12:42.103 567 567 I auditd : type=1400 audit(0.0:205): avc: denied { read } for comm="Binder:567_2" name="wakeup15" dev="sysfs" ino=52355 scontext=u:r:system_suspend:s0 tcontext=u:object_r:sysfs:s0 tclass=dir permissive=0
01-01 08:12:42.103 567 567 I auditd : type=1400 audit(0.0:206): avc: denied { read } for comm="Binder:567_2" name="wakeup43" dev="sysfs" ino=66063 scontext=u:r:system_suspend:s0 tcontext=u:object_r:sysfs:s0 tclass=dir permissive=0
01-01 08:12:42.103 567 567 I auditd : type=1400 audit(0.0:207): avc: denied { read } for comm="Binder:567_2" name="wakeup33" dev="sysfs" ino=56971 scontext=u:r:system_suspend:s0 tcontext=u:object_r:sysfs:s0 tclass=dir permissive=0
01-01 08:12:42.103 567 567 I auditd : type=1400 audit(0.0:208): avc: denied { read } for comm="Binder:567_2" name="wakeup61" dev="sysfs" ino=71933 scontext=u:r:system_suspend:s0 tcontext=u:object_r:sysfs:s0 tclass=dir permissive=0
01-01 08:12:42.103 567 567 I auditd : type=1400 audit(0.0:209): avc: denied { read } for comm="Binder:567_2" name="wakeup23" dev="sysfs" ino=52766 scontext=u:r:system_suspend:s0 tcontext=u:object_r:sysfs:s0 tclass=dir permissive=0
01-01 08:12:42.103 567 567 I auditd : type=1400 audit(0.0:210): avc: denied { read } for comm="Binder:567_2" name="wakeup51" dev="sysfs" ino=71561 scontext=u:r:system_suspend:s0 tcontext=u:object_r:sysfs:s0 tclass=dir permissive=0
01-01 08:12:42.103 567 567 I auditd : type=1400 audit(0.0:211): avc: denied { read } for comm="Binder:567_2" name="wakeup8" dev="sysfs" ino=52024 scontext=u:r:system_suspend:s0 tcontext=u:object_r:sysfs:s0 tclass=dir permissive=0
01-01 08:12:42.103 567 567 I auditd : type=1400 audit(0.0:212): avc: denied { read } for comm="Binder:567_2" name="wakeup13" dev="sysfs" ino=52247 scontext=u:r:system_suspend:s0 tcontext=u:object_r:sysfs:s0 tclass=dir permissive=0
01-01 08:12:42.103 567 567 I auditd : type=1400 audit(0.0:213): avc: denied { read } for comm="Binder:567_2" name="wakeup41" dev="sysfs" ino=63582 scontext=u:r:system_suspend:s0 tcontext=u:object_r:sysfs:s0 tclass=dir permissive=0
01-01 08:12:42.103 567 567 I auditd : type=1400 audit(0.0:214): avc: denied { read } for comm="Binder:567_2" name="wakeup31" dev="sysfs" ino=53370 scontext=u:r:system_suspend:s0 tcontext=u:object_r:sysfs:s0 tclass=dir permissive=0
01-01 08:12:42.103 567 567 I auditd : type=1400 audit(0.0:215): avc: denied { read } for comm="Binder:567_2" name="wakeup21" dev="sysfs" ino=52606 scontext=u:r:system_suspend:s0 tcontext=u:object_r:sysfs:s0 tclass=dir permissive=0
01-01 08:12:42.103 567 567 I auditd : type=1400 audit(0.0:216): avc: denied { read } for comm="Binder:567_2" name="wakeup6" dev="sysfs" ino=51972 scontext=u:r:system_suspend:s0 tcontext=u:object_r:sysfs:s0 tclass=dir permissive=0
01-01 08:12:42.103 567 567 I auditd : type=1400 audit(0.0:217): avc: denied { read } for comm="Binder:567_2" name="wakeup11" dev="sysfs" ino=52162 scontext=u:r:system_suspend:s0 tcontext=u:object_r:sysfs:s0 tclass=dir permissive=0
01-01 08:12:42.109 1511 1622 W KernelMemoryBandwidthStats: No kernel memory bandwidth stats available
01-01 08:12:42.111 1511 1613 I commit_sys_config_file: [batterystats,1]
01-01 08:12:42.111 1511 1613 I commit_sys_config_file: [batterystats,0]
01-01 08:12:42.135 1511 1511 I service_manager_stats: [100,8,7282]
01-01 08:12:42.142 1511 1511 I IntentFirewall: Read new rules (A:0 B:0 S:0)
01-01 08:12:42.145 1511 1511 D AppOps : AppOpsService published
01-01 08:12:42.145 1511 1511 I SystemServerTiming: StartDataLoaderManagerService
01-01 08:12:42.145 1511 1511 I SystemServiceManager: Starting com.android.server.pm.DataLoaderManagerService
01-01 08:12:42.145 1511 1511 I SystemServerTiming: StartIncrementalService
01-01 08:12:42.147 1511 1511 I SystemServerTiming: StartPowerManager
01-01 08:12:42.147 1511 1511 I SystemServiceManager: Starting com.android.server.power.PowerManagerService
01-01 08:12:42.153 1511 1511 I SystemServerTiming: StartThermalManager
01-01 08:12:42.153 1511 1511 I SystemServiceManager: Starting com.android.server.power.ThermalManagerService
01-01 08:12:42.153 1511 1511 I SystemServerTiming: StartHintManager
01-01 08:12:42.153 1511 1511 I SystemServiceManager: Starting com.android.server.power.hint.HintManagerService
01-01 08:12:42.154 1511 1511 I SystemServerTiming: InitPowerManagement
01-01 08:12:42.154 1511 1511 I SystemServerTiming: StartRecoverySystemService
01-01 08:12:42.154 1511 1511 I SystemServiceManager: Starting com.android.server.recoverysystem.RecoverySystemService$Lifecycle
01-01 08:12:42.156 1511 1511 I rescue_note: [0,1,7303]
01-01 08:12:42.156 1511 1511 I SystemServerTiming: StartLightsService
01-01 08:12:42.156 1511 1511 I SystemServiceManager: Starting com.android.server.lights.LightsService
01-01 08:12:42.158 1511 1511 I SystemServerTiming: StartSidekickService
01-01 08:12:42.158 1511 1511 I SystemServerTiming: StartDisplayManager
01-01 08:12:42.158 1511 1511 I SystemServiceManager: Starting com.android.server.display.DisplayManagerService
01-01 08:12:42.163 1511 1511 I SystemServerTiming: WaitForDisplay
01-01 08:12:42.163 1511 1511 I SystemServiceManager: Starting phase 100
01-01 08:12:42.163 1511 1511 I SystemServerTiming: OnBootPhase_100
01-01 08:12:42.163 1511 1511 I SystemServerTiming: OnBootPhase_100_com.android.server.security.FileIntegrityService
01-01 08:12:42.163 1511 1511 I SystemServerTiming: OnBootPhase_100_com.android.server.pm.Installer
01-01 08:12:42.163 1511 1511 I SystemServerTiming: OnBootPhase_100_com.android.server.os.DeviceIdentifiersPolicyService
01-01 08:12:42.163 1511 1511 I SystemServerTiming: OnBootPhase_100_com.android.server.uri.UriGrantsManagerService$Lifecycle
01-01 08:12:42.163 1511 1511 I SystemServerTiming: OnBootPhase_100_com.android.server.powerstats.PowerStatsService
01-01 08:12:42.163 1511 1511 I SystemServerTiming: OnBootPhase_100_com.android.server.wm.ActivityTaskManagerService$Lifecycle
01-01 08:12:42.163 1511 1511 I SystemServerTiming: OnBootPhase_100_com.android.server.am.ActivityManagerService$Lifecycle
01-01 08:12:42.163 1511 1511 I SystemServerTiming: OnBootPhase_100_com.android.server.pm.DataLoaderManagerService
01-01 08:12:42.163 1511 1511 I SystemServerTiming: OnBootPhase_100_com.android.server.power.PowerManagerService
01-01 08:12:42.163 1511 1511 I SystemServerTiming: OnBootPhase_100_com.android.server.power.ThermalManagerService
01-01 08:12:42.163 1511 1511 I SystemServerTiming: OnBootPhase_100_com.android.server.power.hint.HintManagerService
01-01 08:12:42.163 1511 1511 I SystemServerTiming: OnBootPhase_100_com.android.server.recoverysystem.RecoverySystemService$Lifecycle
01-01 08:12:42.163 1511 1511 I SystemServerTiming: OnBootPhase_100_com.android.server.lights.LightsService
01-01 08:12:42.163 1511 1511 I SystemServerTiming: OnBootPhase_100_com.android.server.display.DisplayManagerService
01-01 08:12:42.167 1511 1607 I DisplayDeviceRepository: Display device added: DisplayDeviceInfo{"内置屏幕": uniqueId="local:4630946816427681409", 2560 x 1080, modeId 1, defaultModeId 1, supportedModes [{id=1, width=2560, height=1080, fps=60.000004, alternativeRefreshRates=[30.000002, 45.0]}, {id=2, width=2560, height=1080, fps=45.0, alternativeRefreshRates=[30.000002, 60.000004]}, {id=3, width=2560, height=1080, fps=30.000002, alternativeRefreshRates=[45.0, 60.000004]}], colorMode 0, supportedColorModes [0], hdrCapabilities HdrCapabilities{mSupportedHdrTypes=[2, 3, 4], mMaxLuminance=500.0, mMaxAverageLuminance=500.0, mMinLuminance=0.0}, allmSupported false, gameContentTypeSupported false, density 240, 320.315 x 318.976 dpi, appVsyncOff 1000000, presDeadline 16666666, touch INTERNAL, rotation 0, type INTERNAL, address {port=129, model=0x40446d97fee5e6}, deviceProductInfo DeviceProductInfo{name=, manufacturerPnpId=QCM, productId=1, modelYear=null, manufactureDate=ManufactureDate{week=27, year=2006}, connectionToSinkType=0}, state UNKNOWN, frameRateOverride , brightnessMinimum 0.0, brightnessMaximum 1.0, brightnessDefault 1.0, FLAG_DEFAULT_DISPLAY, FLAG_ROTATES_WITH_CONTENT, FLAG_SECURE, FLAG_SUPPORTS_PROTECTED_BUFFERS}
01-01 08:12:42.168 1511 1607 I LogicalDisplayMapper: Applying layout: [{addr: {port=129, model=0x40446d97fee5e6}, dispId: 0(ON)}], Previous layout: null
01-01 08:12:42.169 1511 1607 I LogicalDisplayMapper: Adding new display: 0: DisplayInfo{"内置屏幕", displayId 0", displayGroupId -1, FLAG_SECURE, FLAG_SUPPORTS_PROTECTED_BUFFERS, FLAG_TRUSTED, real 2560 x 1080, largest app 2560 x 1080, smallest app 2560 x 1080, appVsyncOff 1000000, presDeadline 16666666, mode 1, defaultMode 1, modes [{id=1, width=2560, height=1080, fps=60.000004, alternativeRefreshRates=[30.000002, 45.0]}, {id=2, width=2560, height=1080, fps=45.0, alternativeRefreshRates=[30.000002, 60.000004]}, {id=3, width=2560, height=1080, fps=30.000002, alternativeRefreshRates=[45.0, 60.000004]}], hdrCapabilities HdrCapabilities{mSupportedHdrTypes=[2, 3, 4], mMaxLuminance=500.0, mMaxAverageLuminance=500.0, mMinLuminance=0.0}, userDisabledHdrTypes [], minimalPostProcessingSupported false, rotation 0, state UNKNOWN, type INTERNAL, uniqueId "local:4630946816427681409", app 2560 x 1080, density 240 (320.315 x 318.976) dpi, layerStack 0, colorMode 0, supportedColorModes [0], address {port=129, model=0x40446d97fee5e6}, deviceProductInfo DeviceProductInfo{name=, manufacturerPnpId=QCM, productId=1, modelYear=null, manufactureDate=ManufactureDate{week=27, year=2006}, connectionToSinkType=0}, removeMode 0, refreshRateOverride 0.0, brightnessMinimum 0.0, brightnessMaximum 1.0, brightnessDefault 1.0}
01-01 08:12:42.169 1511 1607 I LogicalDisplayMapper: Setting new display group 0 for display 0, from previous group: null
01-01 08:12:42.169 1511 1607 E DisplayDeviceConfig: requesting nits when no mapping exists.
01-01 08:12:42.171 912 912 I auditd : type=1400 audit(0.0:218): avc: denied { read write } for comm="sensors.qti" name="diag" dev="tmpfs" ino=2145 scontext=u:r:vendor_sensors_qti:s0 tcontext=u:object_r:vendor_diag_device:s0 tclass=chr_file permissive=0
01-01 08:12:42.173 1511 1607 I am_wtf : [0,1511,system_server,-1,DisplayDeviceConfig,requesting nits when no mapping exists.]
01-01 08:12:42.173 1511 1607 E DisplayDeviceConfig: requesting nits when no mapping exists.
01-01 08:12:42.174 1511 1607 I am_wtf : [0,1511,system_server,-1,DisplayDeviceConfig,requesting nits when no mapping exists.]
01-01 08:12:42.174 1511 1511 I SystemServerTiming: StartDomainVerificationService
01-01 08:12:42.174 1511 1607 I DisplayDeviceRepository: Display device changed state: "内置屏幕", ON
01-01 08:12:42.176 1511 1511 I SystemServerTiming: StartPackageManagerService
01-01 08:12:42.176 1511 1511 I Watchdog: Pausing HandlerChecker: main thread for reason: packagemanagermain. Pause count: 1
01-01 08:12:42.179 1511 1511 I PackageManagerTiming: create package manager
01-01 08:12:42.180 1511 1511 I boot_progress_pms_start: 7327
01-01 08:12:42.180 1511 1511 I PackageManagerTiming: readListOfPackagesToBeDisabled
01-01 08:12:42.180 1511 1511 D PackageManager: Disabling packages for wifi-only device, source: /vendor/etc/telephony_packages.xml
01-01 08:12:42.180 1511 1511 I PackageManagerTiming: createSubComponents
01-01 08:12:42.188 1511 1511 I PackageManagerTiming: addSharedUsers
01-01 08:12:42.188 1511 1511 I PackageManagerTiming: get system config
01-01 08:12:42.189 1511 1511 D PackageManager: Directories scanned as system partitions: [/system:0, /vendor:524288, /odm:4194304, /oem:262144, /product:1048576, /system_ext:2097152, /apex/com.android.vndk.v30:8388608, /apex/com.android.wifi:8388608, /apex/com.android.vndk.v31:8388608, /apex/com.android.tzdata:8388608, /apex/com.android.tethering:8388608, /apex/com.android.sdkext:8388608, /apex/com.android.scheduling:8388608, /apex/com.android.runtime:8388608, /apex/com.android.resolv:8388608, /apex/com.android.permission:8388608, /apex/com.android.os.statsd:8388608, /apex/com.android.neuralnetworks:8388608, /apex/com.android.mediaprovider:8388608, /apex/com.android.media.swcodec:8388608, /apex/com.android.media:8388608, /apex/com.android.ipsec:8388608, /apex/com.android.i18n:8388608, /apex/com.android.extservices:8388608, /apex/com.android.conscrypt:8388608, /apex/com.android.art:8388608, /apex/com.android.appsearch:8388608, /apex/com.android.adbd:8388608]
01-01 08:12:42.190 1511 1511 D SELinuxMMAC: Using policy file /system/etc/selinux/plat_mac_permissions.xml
01-01 08:12:42.191 1511 1511 D SELinuxMMAC: Using policy file /system_ext/etc/selinux/system_ext_mac_permissions.xml
01-01 08:12:42.191 1511 1511 D SELinuxMMAC: Using policy file /product/etc/selinux/product_mac_permissions.xml
01-01 08:12:42.192 1511 1511 D SELinuxMMAC: Using policy file /vendor/etc/selinux/vendor_mac_permissions.xml
01-01 08:12:42.192 1511 1511 D SELinuxMMAC: Using policy file /odm/etc/selinux/odm_mac_permissions.xml
01-01 08:12:42.193 1511 1511 I PackageManagerTiming: loadFallbacks
01-01 08:12:42.193 1511 1511 I PackageManagerTiming: read user settings
01-01 08:12:42.225 1511 1511 W android.permission.PermissionManager: Missing ActivityManager; assuming 1000 holds android.permission.SET_PREFERRED_APPLICATIONS
01-01 08:12:42.225 1511 1511 W android.permission.PermissionManager: Missing ActivityManager; assuming 1000 holds android.permission.SET_PREFERRED_APPLICATIONS
01-01 08:12:42.225 1511 1511 W android.permission.PermissionManager: Missing ActivityManager; assuming 1000 holds android.permission.SET_PREFERRED_APPLICATIONS
01-01 08:12:42.225 1511 1511 W android.permission.PermissionManager: Missing ActivityManager; assuming 1000 holds android.permission.SET_PREFERRED_APPLICATIONS
01-01 08:12:42.225 1511 1511 W android.permission.PermissionManager: Missing ActivityManager; assuming 1000 holds android.permission.SET_PREFERRED_APPLICATIONS
01-01 08:12:42.225 1511 1511 W android.permission.PermissionManager: Missing ActivityManager; assuming 1000 holds android.permission.SET_PREFERRED_APPLICATIONS
01-01 08:12:42.226 1511 1511 W android.permission.PermissionManager: Missing ActivityManager; assuming 1000 holds android.permission.SET_PREFERRED_APPLICATIONS
01-01 08:12:42.226 1511 1511 W android.permission.PermissionManager: Missing ActivityManager; assuming 1000 holds android.permission.SET_PREFERRED_APPLICATIONS
01-01 08:12:42.226 1511 1511 W android.permission.PermissionManager: Missing ActivityManager; assuming 1000 holds android.permission.SET_PREFERRED_APPLICATIONS
01-01 08:12:42.226 1511 1511 W android.permission.PermissionManager: Missing ActivityManager; assuming 1000 holds android.permission.SET_PREFERRED_APPLICATIONS
01-01 08:12:42.226 1511 1511 W android.permission.PermissionManager: Missing ActivityManager; assuming 1000 holds android.permission.SET_PREFERRED_APPLICATIONS
01-01 08:12:42.226 1511 1511 W android.permission.PermissionManager: Missing ActivityManager; assuming 1000 holds android.permission.SET_PREFERRED_APPLICATIONS
01-01 08:12:42.226 1511 1511 W android.permission.PermissionManager: Missing ActivityManager; assuming 1000 holds android.permission.SET_PREFERRED_APPLICATIONS
01-01 08:12:42.226 1511 1511 W android.permission.PermissionManager: Missing ActivityManager; assuming 1000 holds android.permission.SET_PREFERRED_APPLICATIONS
01-01 08:12:42.226 1511 1511 W android.permission.PermissionManager: Missing ActivityManager; assuming 1000 holds android.permission.SET_PREFERRED_APPLICATIONS
01-01 08:12:42.226 1511 1511 W android.permission.PermissionManager: Missing ActivityManager; assuming 1000 holds android.permission.SET_PREFERRED_APPLICATIONS
01-01 08:12:42.227 1511 1511 W android.permission.PermissionManager: Missing ActivityManager; assuming 1000 holds android.permission.SET_PREFERRED_APPLICATIONS
01-01 08:12:42.227 1511 1511 W android.permission.PermissionManager: Missing ActivityManager; assuming 1000 holds android.permission.SET_PREFERRED_APPLICATIONS
01-01 08:12:42.227 1511 1511 W android.permission.PermissionManager: Missing ActivityManager; assuming 1000 holds android.permission.SET_PREFERRED_APPLICATIONS
01-01 08:12:42.227 1511 1511 W android.permission.PermissionManager: Missing ActivityManager; assuming 1000 holds android.permission.SET_PREFERRED_APPLICATIONS
01-01 08:12:42.227 1511 1511 W android.permission.PermissionManager: Missing ActivityManager; assuming 1000 holds android.permission.SET_PREFERRED_APPLICATIONS
01-01 08:12:42.227 1511 1511 W android.permission.PermissionManager: Missing ActivityManager; assuming 1000 holds android.permission.SET_PREFERRED_APPLICATIONS
01-01 08:12:42.227 1511 1511 W android.permission.PermissionManager: Missing ActivityManager; assuming 1000 holds android.permission.SET_PREFERRED_APPLICATIONS
01-01 08:12:42.227 1511 1511 W android.permission.PermissionManager: Missing ActivityManager; assuming 1000 holds android.permission.SET_PREFERRED_APPLICATIONS
01-01 08:12:42.227 1511 1511 W android.permission.PermissionManager: Missing ActivityManager; assuming 1000 holds android.permission.SET_PREFERRED_APPLICATIONS
01-01 08:12:42.227 1511 1511 W android.permission.PermissionManager: Missing ActivityManager; assuming 1000 holds android.permission.SET_PREFERRED_APPLICATIONS
01-01 08:12:42.227 1511 1511 W android.permission.PermissionManager: Missing ActivityManager; assuming 1000 holds android.permission.SET_PREFERRED_APPLICATIONS
01-01 08:12:42.228 1511 1511 W android.permission.PermissionManager: Missing ActivityManager; assuming 1000 holds android.permission.SET_PREFERRED_APPLICATIONS
01-01 08:12:42.228 1511 1511 W android.permission.PermissionManager: Missing ActivityManager; assuming 1000 holds android.permission.SET_PREFERRED_APPLICATIONS
01-01 08:12:42.228 1511 1511 W android.permission.PermissionManager: Missing ActivityManager; assuming 1000 holds android.permission.SET_PREFERRED_APPLICATIONS
01-01 08:12:42.228 1511 1511 W android.permission.PermissionManager: Missing ActivityManager; assuming 1000 holds android.permission.SET_PREFERRED_APPLICATIONS
01-01 08:12:42.228 1511 1511 W android.permission.PermissionManager: Missing ActivityManager; assuming 1000 holds android.permission.SET_PREFERRED_APPLICATIONS
01-01 08:12:42.228 1511 1511 W android.permission.PermissionManager: Missing ActivityManager; assuming 1000 holds android.permission.SET_PREFERRED_APPLICATIONS
01-01 08:12:42.228 1511 1511 W android.permission.PermissionManager: Missing ActivityManager; assuming 1000 holds android.permission.SET_PREFERRED_APPLICATIONS
01-01 08:12:42.228 1511 1511 W android.permission.PermissionManager: Missing ActivityManager; assuming 1000 holds android.permission.SET_PREFERRED_APPLICATIONS
01-01 08:12:42.228 1511 1511 W android.permission.PermissionManager: Missing ActivityManager; assuming 1000 holds android.permission.SET_PREFERRED_APPLICATIONS
01-01 08:12:42.228 1511 1511 W android.permission.PermissionManager: Missing ActivityManager; assuming 1000 holds android.permission.SET_PREFERRED_APPLICATIONS
01-01 08:12:42.228 1511 1511 W android.permission.PermissionManager: Missing ActivityManager; assuming 1000 holds android.permission.SET_PREFERRED_APPLICATIONS
01-01 08:12:42.229 1511 1511 W android.permission.PermissionManager: Missing ActivityManager; assuming 1000 holds android.permission.SET_PREFERRED_APPLICATIONS
01-01 08:12:42.229 1511 1511 W android.permission.PermissionManager: Missing ActivityManager; assuming 1000 holds android.permission.SET_PREFERRED_APPLICATIONS
01-01 08:12:42.229 1511 1511 W android.permission.PermissionManager: Missing ActivityManager; assuming 1000 holds android.permission.SET_PREFERRED_APPLICATIONS
01-01 08:12:42.229 1511 1511 W android.permission.PermissionManager: Missing ActivityManager; assuming 1000 holds android.permission.SET_PREFERRED_APPLICATIONS
01-01 08:12:42.229 1511 1511 W android.permission.PermissionManager: Missing ActivityManager; assuming 1000 holds android.permission.SET_PREFERRED_APPLICATIONS
01-01 08:12:42.229 1511 1511 W android.permission.PermissionManager: Missing ActivityManager; assuming 1000 holds android.permission.SET_PREFERRED_APPLICATIONS
01-01 08:12:42.229 1511 1511 W android.permission.PermissionManager: Missing ActivityManager; assuming 1000 holds android.permission.SET_PREFERRED_APPLICATIONS
01-01 08:12:42.229 1511 1511 W android.permission.PermissionManager: Missing ActivityManager; assuming 1000 holds android.permission.SET_PREFERRED_APPLICATIONS
01-01 08:12:42.229 1511 1511 W android.permission.PermissionManager: Missing ActivityManager; assuming 1000 holds android.permission.SET_PREFERRED_APPLICATIONS
01-01 08:12:42.229 1511 1511 W android.permission.PermissionManager: Missing ActivityManager; assuming 1000 holds android.permission.SET_PREFERRED_APPLICATIONS
01-01 08:12:42.229 1511 1511 W android.permission.PermissionManager: Missing ActivityManager; assuming 1000 holds android.permission.SET_PREFERRED_APPLICATIONS
01-01 08:12:42.230 1511 1511 W android.permission.PermissionManager: Missing ActivityManager; assuming 1000 holds android.permission.SET_PREFERRED_APPLICATIONS
01-01 08:12:42.230 1511 1511 W android.permission.PermissionManager: Missing ActivityManager; assuming 1000 holds android.permission.SET_PREFERRED_APPLICATIONS
01-01 08:12:42.230 1511 1511 W android.permission.PermissionManager: Missing ActivityManager; assuming 1000 holds android.permission.SET_PREFERRED_APPLICATIONS
01-01 08:12:42.230 1511 1511 W android.permission.PermissionManager: Missing ActivityManager; assuming 1000 holds android.permission.SET_PREFERRED_APPLICATIONS
01-01 08:12:42.230 1511 1511 W android.permission.PermissionManager: Missing ActivityManager; assuming 1000 holds android.permission.SET_PREFERRED_APPLICATIONS
01-01 08:12:42.230 1511 1511 W android.permission.PermissionManager: Missing ActivityManager; assuming 1000 holds android.permission.SET_PREFERRED_APPLICATIONS
01-01 08:12:42.230 1511 1511 W android.permission.PermissionManager: Missing ActivityManager; assuming 1000 holds android.permission.SET_PREFERRED_APPLICATIONS
01-01 08:12:42.230 1511 1511 W android.permission.PermissionManager: Missing ActivityManager; assuming 1000 holds android.permission.SET_PREFERRED_APPLICATIONS
01-01 08:12:42.230 1511 1511 W android.permission.PermissionManager: Missing ActivityManager; assuming 1000 holds android.permission.SET_PREFERRED_APPLICATIONS
01-01 08:12:42.230 1511 1511 W android.permission.PermissionManager: Missing ActivityManager; assuming 1000 holds android.permission.SET_PREFERRED_APPLICATIONS
01-01 08:12:42.230 1511 1511 W android.permission.PermissionManager: Missing ActivityManager; assuming 1000 holds android.permission.SET_PREFERRED_APPLICATIONS
01-01 08:12:42.230 1511 1511 W android.permission.PermissionManager: Missing ActivityManager; assuming 1000 holds android.permission.SET_PREFERRED_APPLICATIONS
01-01 08:12:42.230 1511 1511 W android.permission.PermissionManager: Missing ActivityManager; assuming 1000 holds android.permission.SET_PREFERRED_APPLICATIONS
01-01 08:12:42.231 1511 1511 W android.permission.PermissionManager: Missing ActivityManager; assuming 1000 holds android.permission.SET_PREFERRED_APPLICATIONS
01-01 08:12:42.231 1511 1511 W android.permission.PermissionManager: Missing ActivityManager; assuming 1000 holds android.permission.SET_PREFERRED_APPLICATIONS
01-01 08:12:42.231 1511 1511 W android.permission.PermissionManager: Missing ActivityManager; assuming 1000 holds android.permission.SET_PREFERRED_APPLICATIONS
01-01 08:12:42.231 1511 1511 W android.permission.PermissionManager: Missing ActivityManager; assuming 1000 holds android.permission.SET_PREFERRED_APPLICATIONS
01-01 08:12:42.231 1511 1511 W android.permission.PermissionManager: Missing ActivityManager; assuming 1000 holds android.permission.SET_PREFERRED_APPLICATIONS
01-01 08:12:42.232 1511 1511 W android.permission.PermissionManager: Missing ActivityManager; assuming 1000 holds android.permission.SET_PREFERRED_APPLICATIONS
