04-06 02:13:04.326 2416 2416 I sysui_multi_action: [757,1729,758,4,854,isParalleledControllers:false,1089,43]
04-06 02:13:04.349 2416 2416 E ImsConnector: unregisterListener: mImsManager is null
04-06 02:13:04.403 647 662 I mpu_uart: [MSG-P:RECV]:No message received in 1000 ms
04-06 02:13:05.057 2728 2728 W hpplay-java: [main]:IPManager:getActiveNets invalid networkInfo:null
04-06 02:13:05.057 2728 2728 I hpplay-java: [main]:IPManager:getActiveNets eth0:false wifi:false mobile:false ap:false
04-06 02:13:05.058 2728 2728 I hpplay-java: [main]:ServerTaskManager:get local ip:null
04-06 02:13:05.237 1178 1178 I CNSS : cnss_open_log_file: create directory /data/vendor/wifi/wlan_logs/ ret = -1 errno= 17
04-06 02:13:05.235 1178 1178 I auditd : type=1400 audit(0.0:503): avc: denied { getattr } for comm="cnss_diag" path="/data/vendor/wifi/wlan_logs" dev="dm-10" ino=373 scontext=u:r:vendor_wcnss_service:s0 tcontext=u:object_r:vendor_wifi_vendor_log_data_file:s0 tclass=dir permissive=0
04-06 02:13:05.235 1178 1178 W cnss_diag: type=1400 audit(0.0:503): avc: denied { getattr } for path="/data/vendor/wifi/wlan_logs" dev="dm-10" ino=373 scontext=u:r:vendor_wcnss_service:s0 tcontext=u:object_r:vendor_wifi_vendor_log_data_file:s0 tclass=dir permissive=0
04-06 02:13:05.237 1178 1178 I CNSS : Failed to open file /data/vendor/wifi/wlan_logs/cnss_fw_logs_current.txt: 13
04-06 02:13:05.235 1178 1178 I auditd : type=1400 audit(0.0:504): avc: denied { read } for comm="cnss_diag" name="wlan_logs" dev="dm-10" ino=373 scontext=u:r:vendor_wcnss_service:s0 tcontext=u:object_r:vendor_wifi_vendor_log_data_file:s0 tclass=dir permissive=0
04-06 02:13:05.235 1178 1178 W cnss_diag: type=1400 audit(0.0:504): avc: denied { read } for name="wlan_logs" dev="dm-10" ino=373 scontext=u:r:vendor_wcnss_service:s0 tcontext=u:object_r:vendor_wifi_vendor_log_data_file:s0 tclass=dir permissive=0
04-06 02:13:05.235 1178 1178 I auditd : type=1400 audit(0.0:505): avc: denied { search } for comm="cnss_diag" name="wlan_logs" dev="dm-10" ino=373 scontext=u:r:vendor_wcnss_service:s0 tcontext=u:object_r:vendor_wifi_vendor_log_data_file:s0 tclass=dir permissive=0
04-06 02:13:05.235 1178 1178 W cnss_diag: type=1400 audit(0.0:505): avc: denied { search } for name="wlan_logs" dev="dm-10" ino=373 scontext=u:r:vendor_wcnss_service:s0 tcontext=u:object_r:vendor_wifi_vendor_log_data_file:s0 tclass=dir permissive=0
04-06 02:13:05.404 647 662 I mpu_uart: [MSG-P:RECV]:No message received in 1000 ms
04-06 02:13:05.891 2354 2354 D RemoteControlService: startVlanDispatchThread
04-06 02:13:06.060 2728 2728 W hpplay-java: [main]:IPManager:getActiveNets invalid networkInfo:null
04-06 02:13:06.060 2728 2728 I hpplay-java: [main]:IPManager:getActiveNets eth0:false wifi:false mobile:false ap:false
04-06 02:13:06.060 2728 2728 I hpplay-java: [main]:ServerTaskManager:get local ip:null
04-06 02:13:06.406 647 662 I mpu_uart: [MSG-P:RECV]:No message received in 1000 ms
04-06 02:13:06.499 647 661 I mpu_uart: [MSG-P:R]:recv sync frame timeout
01-01 08:15:45.648 0 0 I init : starting service 'hht_ota_mgr_service'...
04-06 02:13:06.745 4142 4142 E vota : [c80ca4f8]: [vota]: init: ..
04-06 02:13:06.745 4142 4142 E vota : [c80ca4f8]: [vota]: [warning]: the java machine be not inited, please pass it to the tb_init function! at tb_android_init_env(): 43, src/vota/platform/android/android.c
04-06 02:13:06.746 4142 4142 E vota : [c80ca4f8]: [vota]: version: tbox_v1_6_7_202302251411_arm64-v8a_elf by Android (8481493, based on r416183c2) Clang 12.0.9 (https://android.googlesource.com/toolchain/llvm-project c935d99d7cf2016289302412d708641d52d2f7ee)
04-06 02:13:06.746 4142 4142 E vota : [c80ca4f8]: [vota]: init: ok
04-06 02:13:06.746 4142 4142 E vota : [c80ca4f8]: [vota]: [scheduler]: start ..
04-06 02:13:06.746 4142 4142 E vota : [c80ca4f8]: [vota]: [coroutine]: init 0x72c6b07158
04-06 02:13:06.746 4142 4142 E vota : [c80ca4f8]: [vota]: [scheduler]: start ok
04-06 02:13:06.746 4142 4142 E vota : [c80ca4f8]: [vota]: [scheduler]: switch to coroutine(0x72c6b07158) from coroutine(0x72c6bdaca0)
04-06 02:13:06.746 4142 4142 E vota : [c80ca4f8]: [vota]: [coroutine]: entry: 0x72c6b07158 stack: 0x72c6b071b8 - 0x72c6b471b8 from coroutine(0x72c6bdaca0)
04-06 02:13:06.746 4142 4142 I hiphi_update_api: Hh_GetVersion calling ......
04-06 02:13:06.746 4142 4142 I hiphi_update_api: get version:01.00.0089.C102
04-06 02:13:06.746 4142 4142 I hiphi_update_api: Hh_GetVersion ret:0
04-06 02:13:06.788 4142 4142 E vota : [c80ca4f8]: [vota]: [scheduler]: finish coroutine(0x72c6b07158)
04-06 02:13:06.788 4142 4142 E vota : [c80ca4f8]: [vota]: [scheduler]: switch to original coroutine
04-06 02:13:06.788 4142 4142 E vota : [c80ca4f8]: [vota]: [scheduler]: switch to coroutine(0x72c6bdaca0) from coroutine(0x72c6b07158)
04-06 02:13:06.788 4142 4142 E vota : [c80ca4f8]: [vota]: [scheduler]: [loop]: ready 0
04-06 02:13:06.788 4142 4142 E vota : [c80ca4f8]: [vota]: [coroutine]: exit: 0x72c6b07158
04-06 02:13:06.788 4142 4142 E vota : [c80ca4f8]: [vota]: [lock_profiler]:
04-06 02:13:06.788 4142 4142 E vota : [c80ca4f8]: [vota]: [lock_profiler]: lock: 0xb40000705bd4d914, name: native_large_allocator, occupied: 0
04-06 02:13:06.788 4142 4142 E vota : [c80ca4f8]: [vota]: [lock_profiler]: lock: 0xb40000706bd5c00c, name: allocator, occupied: 0
04-06 02:13:06.783 4142 4142 I auditd : type=1400 audit(0.0:506): avc: denied { read append } for comm="hht_ota_mgr" name="NvmSim_yy.dat" dev="dm-10" ino=379 scontext=u:r:hht_ota_mgr:s0 tcontext=u:object_r:system_data_file:s0 tclass=file permissive=0
04-06 02:13:06.788 4142 4142 E vota : [c80ca4f8]: [vota]: [small_allocator]:
04-06 02:13:06.783 4142 4142 W hht_ota_mgr: type=1400 audit(0.0:506): avc: denied { read append } for name="NvmSim_yy.dat" dev="dm-10" ino=379 scontext=u:r:hht_ota_mgr:s0 tcontext=u:object_r:system_data_file:s0 tclass=file permissive=0
04-06 02:13:06.788 4142 4142 E vota : [c80ca4f8]: [vota]: [static_fixed_pool]: [16]: peak_size: 288, wast_rate: 4074/10000, pred_failed: 0, item_maxn: 245, free_count: 18, malloc_count: 18
04-06 02:13:06.788 4142 4142 E vota : [c80ca4f8]: [vota]: [static_fixed_pool]: [96]: peak_size: 2208, wast_rate: 1028/10000, pred_failed: 0, item_maxn: 248, free_count: 23, malloc_count: 23
04-06 02:13:06.788 4142 4142 E vota : [c80ca4f8]: [vota]: [static_fixed_pool]: [128]: peak_size: 9216, wast_rate: 791/10000, pred_failed: 0, item_maxn: 249, free_count: 72, malloc_count: 72
04-06 02:13:06.788 4142 4142 E vota : [c80ca4f8]: [vota]: [static_fixed_pool]: [192]: peak_size: 2112, wast_rate: 541/10000, pred_failed: 0, item_maxn: 250, free_count: 11, malloc_count: 11
04-06 02:13:06.788 4142 4142 E vota : [c80ca4f8]: [vota]: [static_fixed_pool]: [256]: peak_size: 256, wast_rate: 411/10000, pred_failed: 0, item_maxn: 251, free_count: 1, malloc_count: 1
04-06 02:13:06.788 4142 4142 E vota : [c80ca4f8]: [vota]: [static_fixed_pool]: [384]: peak_size: 5376, wast_rate: 278/10000, pred_failed: 0, item_maxn: 252, free_count: 14, malloc_count: 14
04-06 02:13:06.788 4142 4142 E vota : [c80ca4f8]: [vota]: [static_fixed_pool]: [512]: peak_size: 5632, wast_rate: 210/10000, pred_failed: 0, item_maxn: 253, free_count: 11, malloc_count: 11
04-06 02:13:06.788 4142 4142 E vota : [c80ca4f8]: [vota]: [static_fixed_pool]: [1024]: peak_size: 2048, wast_rate: 106/10000, pred_failed: 0, item_maxn: 254, free_count: 2, malloc_count: 2
04-06 02:13:06.789 4142 4142 E vota : [c80ca4f8]: [vota]: [native_large_allocator]:
04-06 02:13:06.789 4142 4142 E vota : [c80ca4f8]: [vota]: [native_large_allocator]: peak_size: 3373986
04-06 02:13:06.789 4142 4142 E vota : [c80ca4f8]: [vota]: [native_large_allocator]: wast_rate: 4/10000
04-06 02:13:06.789 4142 4142 E vota : [c80ca4f8]: [vota]: [native_large_allocator]: free_count: 52
04-06 02:13:06.789 4142 4142 E vota : [c80ca4f8]: [vota]: [native_large_allocator]: malloc_count: 52
04-06 02:13:06.789 4142 4142 E vota : [c80ca4f8]: [vota]: [native_large_allocator]: ralloc_count: 0
04-06 02:13:06.789 4142 4142 E vota : [c80ca4f8]: [vota]: exit: ok
01-01 08:15:45.739 0 0 I init : Service 'hht_ota_mgr_service' (pid 4142) exited with status 0
01-01 08:15:45.739 0 0 I init : Sending signal 9 to service 'hht_ota_mgr_service' (pid 4142) process group...
01-01 08:15:45.739 0 0 I libprocessgroup: Successfully killed process cgroup uid 0 pid 4142 in 0ms
04-06 02:13:07.061 2728 2728 W hpplay-java: [main]:IPManager:getActiveNets invalid networkInfo:null
04-06 02:13:07.061 2728 2728 I hpplay-java: [main]:IPManager:getActiveNets eth0:false wifi:false mobile:false ap:false
04-06 02:13:07.061 2728 2728 I hpplay-java: [main]:ServerTaskManager:get local ip:null
04-06 02:13:07.389 1251 1359 E tlogd : [TzLogger](isPathReadable) file /sys/kernel/debug/tzdbg/qsee_log isn't exist or no permission, err: No such file or directory
04-06 02:13:07.389 1251 1359 E tlogd : [TzLogger](saveTzlogAsync) /sys/kernel/debug/tzdbg/qsee_log can not read.
04-06 02:13:07.389 1251 1359 E tlogd : [TzLogger](isPathReadable) file /sys/kernel/debug/tzdbg/log isn't exist or no permission, err: No such file or directory
04-06 02:13:07.389 1251 1359 E tlogd : [TzLogger](saveTzlogAsync) /sys/kernel/debug/tzdbg/log can not read.
04-06 02:13:07.406 647 662 I mpu_uart: [MSG-P:RECV]:No message received in 1000 ms
01-01 08:15:46.565 0 0 E DTC_ETH,link_delay_work_func: 3003, SQI=0, link=0
04-06 02:13:08.064 2728 2728 W hpplay-java: [main]:IPManager:getActiveNets invalid networkInfo:null
04-06 02:13:08.064 2728 2728 I hpplay-java: [main]:IPManager:getActiveNets eth0:false wifi:false mobile:false ap:false
04-06 02:13:08.064 2728 2728 I hpplay-java: [main]:ServerTaskManager:get local ip:null
04-06 02:13:08.238 1178 1178 I CNSS : cnss_open_log_file: create directory /data/vendor/wifi/wlan_logs/ ret = -1 errno= 17
04-06 02:13:08.238 1178 1178 I CNSS : failed to open file a+ mode or file size 0 is less than max_file_size 31457280
04-06 02:13:08.238 1178 1178 I CNSS : Failed to open file /data/vendor/wifi/wlan_logs/cnss_fw_logs_current.txt: 13
04-06 02:13:08.235 1178 1178 I auditd : type=1400 audit(0.0:507): avc: denied { getattr } for comm="cnss_diag" path="/data/vendor/wifi/wlan_logs" dev="dm-10" ino=373 scontext=u:r:vendor_wcnss_service:s0 tcontext=u:object_r:vendor_wifi_vendor_log_data_file:s0 tclass=dir permissive=0
04-06 02:13:08.235 1178 1178 W cnss_diag: type=1400 audit(0.0:507): avc: denied { getattr } for path="/data/vendor/wifi/wlan_logs" dev="dm-10" ino=373 scontext=u:r:vendor_wcnss_service:s0 tcontext=u:object_r:vendor_wifi_vendor_log_data_file:s0 tclass=dir permissive=0
04-06 02:13:08.235 1178 1178 I auditd : type=1400 audit(0.0:508): avc: denied { read } for comm="cnss_diag" name="wlan_logs" dev="dm-10" ino=373 scontext=u:r:vendor_wcnss_service:s0 tcontext=u:object_r:vendor_wifi_vendor_log_data_file:s0 tclass=dir permissive=0
04-06 02:13:08.235 1178 1178 W cnss_diag: type=1400 audit(0.0:508): avc: denied { read } for name="wlan_logs" dev="dm-10" ino=373 scontext=u:r:vendor_wcnss_service:s0 tcontext=u:object_r:vendor_wifi_vendor_log_data_file:s0 tclass=dir permissive=0
04-06 02:13:08.235 1178 1178 I auditd : type=1400 audit(0.0:509): avc: denied { search } for comm="cnss_diag" name="wlan_logs" dev="dm-10" ino=373 scontext=u:r:vendor_wcnss_service:s0 tcontext=u:object_r:vendor_wifi_vendor_log_data_file:s0 tclass=dir permissive=0
04-06 02:13:08.235 1178 1178 W cnss_diag: type=1400 audit(0.0:509): avc: denied { search } for name="wlan_logs" dev="dm-10" ino=373 scontext=u:r:vendor_wcnss_service:s0 tcontext=u:object_r:vendor_wifi_vendor_log_data_file:s0 tclass=dir permissive=0
04-06 02:13:08.406 647 662 I mpu_uart: [MSG-P:RECV]:No message received in 1000 ms
04-06 02:13:08.415 2416 4082 I OpenGLRenderer: Davey! duration=9223371844369ms; Flags=0, FrameTimelineVsyncId=5783, IntendedVsync=192485229570, Vsync=192485229570, InputEventId=0, HandleInputStart=192490155862, AnimationStart=192490156956, PerformTraversalsStart=192490498831, DrawStart=192490547894, FrameDeadline=192501896236, FrameInterval=192490153258, FrameStartTime=16666666, SyncQueued=192492352998, SyncStart=192492556644, IssueDrawCommandsStart=192493386175, SwapBuffers=192496116227, FrameCompleted=9223372036854775807, DequeueBufferDuration=37500, QueueBufferDuration=834271, GpuCompleted=9223372036854775807, SwapBuffersCompleted=192497437633, DisplayPresentTime=0,
04-06 02:13:08.869 2416 4082 I OpenGLRenderer: Davey! duration=9223371843909ms; Flags=0, FrameTimelineVsyncId=-1, IntendedVsync=192944753519, Vsync=192944755862, InputEventId=399088152, HandleInputStart=192944765081, AnimationStart=192944766696, PerformTraversalsStart=192944768102, DrawStart=192944870706, FrameDeadline=-9223372036838109143, FrameInterval=192944755862, FrameStartTime=16666666, SyncQueued=192948133623, SyncStart=192948223779, IssueDrawCommandsStart=192948977998, SwapBuffers=192952378050, FrameCompleted=9223372036854775807, DequeueBufferDuration=41563, QueueBufferDuration=986041, GpuCompleted=9223372036854775807, SwapBuffersCompleted=192953844144, DisplayPresentTime=72904454214516736,
04-06 02:13:08.879 2416 2416 I sysui_multi_action: [757,830,758,4,833,0,854,top_level_network,1089,0]
04-06 02:13:08.880 2416 2416 I TopLevelSettings: TopLevelSettings: TopLevelSettings::com.android.settings.network.NetworkDashboardFragment
04-06 02:13:08.985 2416 2416 I sysui_multi_action: [757,40,758,2,1089,4661]
04-06 02:13:09.009 2416 2416 D PrefCtrlListHelper: Could not find Context-only controller for pref: com.android.settings.network.MultiNetworkHeaderController
04-06 02:13:09.010 2416 2416 D PrefCtrlListHelper: Could not find Context-only controller for pref: com.android.settings.network.AirplaneModePreferenceController
04-06 02:13:09.010 2416 2416 D PrefCtrlListHelper: Could not find Context-only controller for pref: com.android.settings.network.AllInOneTetherPreferenceController
04-06 02:13:09.010 2416 2416 D PrefCtrlListHelper: Could not find Context-only controller for pref: com.android.settings.network.AdaptiveConnectivityPreferenceController
04-06 02:13:09.013 2416 2416 W CarrierConfigManager: Error getting config for subId -1 ICarrierConfigLoader is null
04-06 02:13:09.014 2416 2416 D MobilePlanPrefContr: onCreate: mMobilePlanDialogMessage=null
04-06 02:13:09.016 2416 2416 D BluetoothPan: Binding service...
04-06 02:13:09.020 1511 2643 E UserRestrictionsUtils: Unknown restriction queried by uid 1000 (com.android.inputdevices et al): null
04-06 02:13:09.033 2416 2416 D NetworkDashboardFrag: NO dashboard tiles for NetworkDashboardFrag
04-06 02:13:09.033 2416 2416 D NetworkDashboardFrag: All preferences added, reporting fully drawn
04-06 02:13:09.053 1511 2643 D ConnectivityService: requestNetwork for uid/pid:1000/2416 activeRequest: null callbackRequest: 44 [NetworkRequest [ REQUEST id=45, [ Capabilities: INTERNET&NOT_RESTRICTED&TRUSTED&NOT_VCN_MANAGED Uid: 1000 RequestorUid: 1000 RequestorPkg: com.android.settings] ]] callback flags: 0 priority: 2147483647
04-06 02:13:09.054 1511 1719 D ConnectivityService: NetReassign [no changes]
04-06 02:13:09.054 1511 1864 D Ethernet: got request NetworkRequest [ REQUEST id=45, [ Capabilities: INTERNET&NOT_RESTRICTED&TRUSTED&NOT_VCN_MANAGED Uid: 1000 RequestorUid: 1000 RequestorPkg: com.android.settings] ]
04-06 02:13:09.054 1511 1864 D EthernetNetworkFactory: acceptRequest, request: NetworkRequest [ REQUEST id=45, [ Capabilities: INTERNET&NOT_RESTRICTED&TRUSTED&NOT_VCN_MANAGED Uid: 1000 RequestorUid: 1000 RequestorPkg: com.android.settings] ]
04-06 02:13:09.054 1511 1864 I EthernetNetworkFactory: networkForRequest, request: NetworkRequest [ REQUEST id=45, [ Capabilities: INTERNET&NOT_RESTRICTED&TRUSTED&NOT_VCN_MANAGED Uid: 1000 RequestorUid: 1000 RequestorPkg: com.android.settings] ], network: null
04-06 02:13:09.055 1511 1712 D WifiNetworkFactory: got request NetworkRequest [ REQUEST id=45, [ Capabilities: INTERNET&NOT_RESTRICTED&TRUSTED&NOT_VCN_MANAGED Uid: 1000 RequestorUid: 1000 RequestorPkg: com.android.settings] ]
04-06 02:13:09.055 1511 1712 D UntrustedWifiNetworkFactory: got request NetworkRequest [ REQUEST id=45, [ Capabilities: INTERNET&NOT_RESTRICTED&TRUSTED&NOT_VCN_MANAGED Uid: 1000 RequestorUid: 1000 RequestorPkg: com.android.settings] ]
04-06 02:13:09.055 1511 1712 D OemPaidWifiNetworkFactory: got request NetworkRequest [ REQUEST id=45, [ Capabilities: INTERNET&NOT_RESTRICTED&TRUSTED&NOT_VCN_MANAGED Uid: 1000 RequestorUid: 1000 RequestorPkg: com.android.settings] ]
04-06 02:13:09.056 1511 1719 D ConnectivityService: NetReassign [no changes]
04-06 02:13:09.056 1511 2090 D ConnectivityService: requestNetwork for uid/pid:1000/2416 activeRequest: null callbackRequest: 47 [NetworkRequest [ REQUEST id=48, [ Capabilities: INTERNET&NOT_RESTRICTED&TRUSTED&NOT_VCN_MANAGED Uid: 1000 RequestorUid: 1000 RequestorPkg: com.android.settings] ]] callback flags: 0 priority: 2147483647
04-06 02:13:09.057 1511 1719 D ConnectivityService: NetReassign [no changes]
04-06 02:13:09.057 1511 1864 D Ethernet: got request NetworkRequest [ REQUEST id=48, [ Capabilities: INTERNET&NOT_RESTRICTED&TRUSTED&NOT_VCN_MANAGED Uid: 1000 RequestorUid: 1000 RequestorPkg: com.android.settings] ]
04-06 02:13:09.057 1511 1864 D EthernetNetworkFactory: acceptRequest, request: NetworkRequest [ REQUEST id=48, [ Capabilities: INTERNET&NOT_RESTRICTED&TRUSTED&NOT_VCN_MANAGED Uid: 1000 RequestorUid: 1000 RequestorPkg: com.android.settings] ]
04-06 02:13:09.057 1511 1864 I EthernetNetworkFactory: networkForRequest, request: NetworkRequest [ REQUEST id=48, [ Capabilities: INTERNET&NOT_RESTRICTED&TRUSTED&NOT_VCN_MANAGED Uid: 1000 RequestorUid: 1000 RequestorPkg: com.android.settings] ], network: null
04-06 02:13:09.057 1511 1712 D WifiNetworkFactory: got request NetworkRequest [ REQUEST id=48, [ Capabilities: INTERNET&NOT_RESTRICTED&TRUSTED&NOT_VCN_MANAGED Uid: 1000 RequestorUid: 1000 RequestorPkg: com.android.settings] ]
04-06 02:13:09.057 1511 1712 D UntrustedWifiNetworkFactory: got request NetworkRequest [ REQUEST id=48, [ Capabilities: INTERNET&NOT_RESTRICTED&TRUSTED&NOT_VCN_MANAGED Uid: 1000 RequestorUid: 1000 RequestorPkg: com.android.settings] ]
04-06 02:13:09.057 1511 1712 D OemPaidWifiNetworkFactory: got request NetworkRequest [ REQUEST id=48, [ Capabilities: INTERNET&NOT_RESTRICTED&TRUSTED&NOT_VCN_MANAGED Uid: 1000 RequestorUid: 1000 RequestorPkg: com.android.settings] ]
04-06 02:13:09.058 2416 2416 I TetheringManager: registerTetheringEventCallback caller:com.android.settings
04-06 02:13:09.065 1511 2643 D ConnectivityService: requestNetwork for uid/pid:1000/2416 activeRequest: null callbackRequest: 50 [NetworkRequest [ REQUEST id=51, [ Capabilities: INTERNET&NOT_RESTRICTED&TRUSTED&NOT_VCN_MANAGED Uid: 1000 RequestorUid: 1000 RequestorPkg: com.android.settings] ]] callback flags: 1 priority: 2147483647
04-06 02:13:09.065 1511 1719 D ConnectivityService: NetReassign [no changes]
04-06 02:13:09.066 1511 1719 D ConnectivityService: NetReassign [no changes]
04-06 02:13:09.066 2728 2728 W hpplay-java: [main]:IPManager:getActiveNets invalid networkInfo:null
04-06 02:13:09.066 2728 2728 I hpplay-java: [main]:IPManager:getActiveNets eth0:false wifi:false mobile:false ap:false
04-06 02:13:09.066 2728 2728 I hpplay-java: [main]:ServerTaskManager:get local ip:null
04-06 02:13:09.066 1511 1864 D Ethernet: got request NetworkRequest [ REQUEST id=51, [ Capabilities: INTERNET&NOT_RESTRICTED&TRUSTED&NOT_VCN_MANAGED Uid: 1000 RequestorUid: 1000 RequestorPkg: com.android.settings] ]
04-06 02:13:09.067 1511 1864 D EthernetNetworkFactory: acceptRequest, request: NetworkRequest [ REQUEST id=51, [ Capabilities: INTERNET&NOT_RESTRICTED&TRUSTED&NOT_VCN_MANAGED Uid: 1000 RequestorUid: 1000 RequestorPkg: com.android.settings] ]
04-06 02:13:09.067 1511 1864 I EthernetNetworkFactory: networkForRequest, request: NetworkRequest [ REQUEST id=51, [ Capabilities: INTERNET&NOT_RESTRICTED&TRUSTED&NOT_VCN_MANAGED Uid: 1000 RequestorUid: 1000 RequestorPkg: com.android.settings] ], network: null
04-06 02:13:09.067 2416 2416 D BluetoothPan: Binding service...
04-06 02:13:09.067 1511 1712 D WifiNetworkFactory: got request NetworkRequest [ REQUEST id=51, [ Capabilities: INTERNET&NOT_RESTRICTED&TRUSTED&NOT_VCN_MANAGED Uid: 1000 RequestorUid: 1000 RequestorPkg: com.android.settings] ]
04-06 02:13:09.067 1511 1712 D UntrustedWifiNetworkFactory: got request NetworkRequest [ REQUEST id=51, [ Capabilities: INTERNET&NOT_RESTRICTED&TRUSTED&NOT_VCN_MANAGED Uid: 1000 RequestorUid: 1000 RequestorPkg: com.android.settings] ]
04-06 02:13:09.067 1511 1712 D OemPaidWifiNetworkFactory: got request NetworkRequest [ REQUEST id=51, [ Capabilities: INTERNET&NOT_RESTRICTED&TRUSTED&NOT_VCN_MANAGED Uid: 1000 RequestorUid: 1000 RequestorPkg: com.android.settings] ]
04-06 02:13:09.067 1511 1719 D ConnectivityService: NetReassign [no changes]
04-06 02:13:09.069 2416 2416 I sysui_multi_action: [757,746,758,1,833,0,1089,64]
04-06 02:13:09.069 2416 2416 D SubscriptionsChangeListener: Start
04-06 02:13:09.070 1511 2056 D TelephonyRegistry: listen oscl: mHasNotifySubscriptionInfoChangedOccurred==false no callback
04-06 02:13:09.070 2416 2416 D MobileNetworkSummaryStatus: network summary query
04-06 02:13:09.071 2416 4025 W MobileNetworkUtils: EuiccManager is not enabled.
04-06 02:13:09.071 2416 4025 E TelephonyManager: Error in getUiccCardsInfo: unable to connect to Telephony service.
04-06 02:13:09.072 2416 2416 W SelectableSubscriptions: Fail to request subIdList
04-06 02:13:09.072 2416 2416 W SelectableSubscriptions: java.lang.NullPointerException: Attempt to invoke interface method 'int java.util.List.size()' on a null object reference
04-06 02:13:09.072 2416 2416 W SelectableSubscriptions: at com.android.settings.network.helper.SelectableSubscriptions.call(SelectableSubscriptions.java:128)
04-06 02:13:09.072 2416 2416 W SelectableSubscriptions: at com.android.settings.network.MobileNetworkSummaryStatus.getSubscriptions(MobileNetworkSummaryStatus.java:158)
04-06 02:13:09.072 2416 2416 W SelectableSubscriptions: at com.android.settings.network.MobileNetworkSummaryStatus.update(MobileNetworkSummaryStatus.java:88)
04-06 02:13:09.072 2416 2416 W SelectableSubscriptions: at com.android.settings.network.MobileNetworkSummaryController.update(MobileNetworkSummaryController.java:170)
04-06 02:13:09.072 2416 2416 W SelectableSubscriptions: at com.android.settings.network.MobileNetworkSummaryController.onResume(MobileNetworkSummaryController.java:95)
04-06 02:13:09.072 2416 2416 W SelectableSubscriptions: at java.lang.reflect.Method.invoke(Native Method)
04-06 02:13:09.072 2416 2416 W SelectableSubscriptions: at androidx.lifecycle.ClassesInfoCache$MethodReference.invokeCallback(ClassesInfoCache.java:216)
04-06 02:13:09.072 2416 2416 W SelectableSubscriptions: at androidx.lifecycle.ClassesInfoCache$CallbackInfo.invokeMethodsForEvent(ClassesInfoCache.java:194)
04-06 02:13:09.072 2416 2416 W SelectableSubscriptions: at androidx.lifecycle.ClassesInfoCache$CallbackInfo.invokeCallbacks(ClassesInfoCache.java:185)
04-06 02:13:09.072 2416 2416 W SelectableSubscriptions: at androidx.lifecycle.ReflectiveGenericLifecycleObserver.onStateChanged(ReflectiveGenericLifecycleObserver.java:37)
04-06 02:13:09.072 2416 2416 W SelectableSubscriptions: at androidx.lifecycle.LifecycleRegistry$ObserverWithState.dispatchEvent(LifecycleRegistry.java:354)
04-06 02:13:09.072 2416 2416 W SelectableSubscriptions: at androidx.lifecycle.LifecycleRegistry.forwardPass(LifecycleRegistry.java:265)
04-06 02:13:09.072 2416 2416 W SelectableSubscriptions: at androidx.lifecycle.LifecycleRegistry.sync(LifecycleRegistry.java:307)
04-06 02:13:09.072 2416 2416 W SelectableSubscriptions: at androidx.lifecycle.LifecycleRegistry.moveToState(LifecycleRegistry.java:148)
04-06 02:13:09.072 2416 2416 W SelectableSubscriptions: at androidx.lifecycle.LifecycleRegistry.handleLifecycleEvent(LifecycleRegistry.java:134)
04-06 02:13:09.072 2416 2416 W SelectableSubscriptions: at com.android.settingslib.core.lifecycle.ObservablePreferenceFragment.onResume(ObservablePreferenceFragment.java:87)
04-06 02:13:09.072 2416 2416 W SelectableSubscriptions: at com.android.settings.core.InstrumentedPreferenceFragment.onResume(InstrumentedPreferenceFragment.java:77)
04-06 02:13:09.072 2416 2416 W SelectableSubscriptions: at com.android.settings.SettingsPreferenceFragment.onResume(SettingsPreferenceFragment.java:198)
04-06 02:13:09.072 2416 2416 W SelectableSubscriptions: at com.android.settings.dashboard.DashboardFragment.onResume(DashboardFragment.java:222)
04-06 02:13:09.072 2416 2416 W SelectableSubscriptions: at androidx.fragment.app.Fragment.performResume(Fragment.java:3029)
04-06 02:13:09.072 2416 2416 W SelectableSubscriptions: at androidx.fragment.app.FragmentStateManager.resume(FragmentStateManager.java:583)
04-06 02:13:09.072 2416 2416 W SelectableSubscriptions: at androidx.fragment.app.FragmentStateManager.moveToExpectedState(FragmentStateManager.java:282)
04-06 02:13:09.072 2416 2416 W SelectableSubscriptions: at androidx.fragment.app.SpecialEffectsController$FragmentStateManagerOperation.complete(SpecialEffectsController.java:742)
04-06 02:13:09.072 2416 2416 W SelectableSubscriptions: at androidx.fragment.app.SpecialEffectsController$Operation.completeSpecialEffect(SpecialEffectsController.java:669)
04-06 02:13:09.072 2416 2416 W SelectableSubscriptions: at androidx.fragment.app.DefaultSpecialEffectsController$SpecialEffectsInfo.completeSpecialEffect(DefaultSpecialEffectsController.java:755)
04-06 02:13:09.072 2416 2416 W SelectableSubscriptions: at androidx.fragment.app.DefaultSpecialEffectsController.startAnimations(DefaultSpecialEffectsController.java:147)
04-06 02:13:09.072 2416 2416 W SelectableSubscriptions: at androidx.fragment.app.DefaultSpecialEffectsController.executeOperations(DefaultSpecialEffectsController.java:120)
04-06 02:13:09.072 2416 2416 W SelectableSubscriptions: at androidx.fragment.app.SpecialEffectsController.executePendingOperations(SpecialEffectsController.java:294)
04-06 02:13:09.072 2416 2416 W SelectableSubscriptions: at androidx.fragment.app.FragmentManager.executeOpsTogether(FragmentManager.java:2222)
04-06 02:13:09.072 2416 2416 W SelectableSubscriptions: at androidx.fragment.app.FragmentManager.removeRedundantOperationsAndExecute(FragmentManager.java:2120)
04-06 02:13:09.072 2416 2416 W SelectableSubscriptions: at androidx.fragment.app.FragmentManager.execPendingActions(FragmentManager.java:2022)
04-06 02:13:09.072 2416 2416 W SelectableSubscriptions: at androidx.fragment.app.FragmentManager.executePendingTransactions(FragmentManager.java:603)
04-06 02:13:09.072 2416 2416 W SelectableSubscriptions: at com.android.settings.homepage.SettingsHomepageActivity.addFragment(SettingsHomepageActivity.java:454)
04-06 02:13:09.072 2416 2416 W SelectableSubscriptions: at com.android.settings.homepage.SettingsHomepageActivity.lambda$changeSettingsDetailsFragment$3(SettingsHomepageActivity.java:444)
04-06 02:13:09.072 2416 2416 W SelectableSubscriptions: at com.android.settings.homepage.SettingsHomepageActivity.$r8$lambda$GDM2RdS1ITQZQUFBqNf1SBHxq9k(Unknown Source:0)
04-06 02:13:09.072 2416 2416 W SelectableSubscriptions: at com.android.settings.homepage.SettingsHomepageActivity$$ExternalSyntheticLambda3.run(Unknown Source:10)
04-06 02:13:09.072 2416 2416 W SelectableSubscriptions: at android.os.Handler.handleCallback(Handler.java:938)
04-06 02:13:09.072 2416 2416 W SelectableSubscriptions: at android.os.Handler.dispatchMessage(Handler.java:99)
04-06 02:13:09.072 2416 2416 W SelectableSubscriptions: at android.os.Looper.loopOnce(Looper.java:201)
04-06 02:13:09.072 2416 2416 W SelectableSubscriptions: at android.os.Looper.loop(Looper.java:288)
04-06 02:13:09.072 2416 2416 W SelectableSubscriptions: at android.app.ActivityThread.main(ActivityThread.java:7880)
04-06 02:13:09.072 2416 2416 W SelectableSubscriptions: at java.lang.reflect.Method.invoke(Native Method)
04-06 02:13:09.072 2416 2416 W SelectableSubscriptions: at com.android.internal.os.RuntimeInit$MethodAndArgsCaller.run(RuntimeInit.java:548)
04-06 02:13:09.072 2416 2416 W SelectableSubscriptions: at com.android.internal.os.ZygoteInit.main(ZygoteInit.java:1009)
04-06 02:13:09.072 2416 2416 D MobileNetworkSummaryStatus: network summary query ignored
04-06 02:13:09.072 2416 2416 D SubscriptionsChangeListener: Start
04-06 02:13:09.072 1511 2056 D TelephonyRegistry: listen oscl: mHasNotifySubscriptionInfoChangedOccurred==false no callback
04-06 02:13:09.074 1511 1719 D ConnectivityService: NetReassign [no changes]
04-06 02:13:09.074 1511 2056 W ScanResultUtil: Empty or null ScanResult list
04-06 02:13:09.074 1511 2056 W WifiService: Attempt to retrieve WifiConfiguration with invalid scanResult List
04-06 02:13:09.075 1511 2056 W ScanResultUtil: Empty or null ScanResult list
04-06 02:13:09.075 1511 2056 E WifiService: Attempt to retrieve passpoint with invalid scanResult List
04-06 02:13:09.075 1511 2643 W ScanResultUtil: Empty or null ScanResult list
04-06 02:13:09.075 1511 2643 W WifiService: Attempt to retrieve OsuProviders with invalid scanResult List
04-06 02:13:09.082 2416 2416 I sysui_multi_action: [757,1729,758,4,854,isParalleledControllers:false,1089,77]
04-06 02:13:09.082 1511 2643 I WifiService: startScan uid=1000
04-06 02:13:09.088 1511 2643 W ScanResultUtil: Empty or null ScanResult list
04-06 02:13:09.088 1511 2643 W WifiService: Attempt to retrieve WifiConfiguration with invalid scanResult List
04-06 02:13:09.089 1511 2643 W ScanResultUtil: Empty or null ScanResult list
04-06 02:13:09.089 1511 2643 E WifiService: Attempt to retrieve passpoint with invalid scanResult List
04-06 02:13:09.089 1369 3364 D LOWI-9.0.0.87.a: [LOWI-Scan] wait_event:Wait done with Cmd 33
04-06 02:13:09.089 1369 3364 D LOWI-9.0.0.87.a: [LOWI-Scan] do_listen_events: Rcvd valid Netlink Cmd 0 Err 0
04-06 02:13:09.089 1511 2643 W ScanResultUtil: Empty or null ScanResult list
04-06 02:13:09.089 1511 2643 W WifiService: Attempt to retrieve OsuProviders with invalid scanResult List
04-06 02:13:09.106 2416 2416 D BluetoothPan: Proxy object connected
04-06 02:13:09.108 2416 2416 D BluetoothPan: Proxy object connected
01-01 08:15:48.086 0 0 I [schedu][0xdfad5315][02:13:09.137544] wlan: [3347:I:OSIF] scan start scan id 40965
04-06 02:13:09.407 647 662 I mpu_uart: [MSG-P:RECV]:No message received in 1000 ms
04-06 02:13:09.502 647 661 I mpu_uart: [MSG-P:R]:recv sync frame timeout
04-06 02:13:10.069 2728 2728 W hpplay-java: [main]:IPManager:getActiveNets invalid networkInfo:null
04-06 02:13:10.069 2728 2728 I hpplay-java: [main]:IPManager:getActiveNets eth0:false wifi:false mobile:false ap:false
04-06 02:13:10.069 2728 2728 I hpplay-java: [main]:ServerTaskManager:get local ip:null
01-01 08:15:49.268 0 0 I [schedu][0xe1077b40][02:13:10.319093] wlan: [3347:I:OSIF] vdev 0, scan id 40965 type COMPLETED(1) reason COMPLETED(1) scan found 32 bss
04-06 02:13:10.319 1369 3364 D LOWI-9.0.0.87.a: [LOWI-Scan] wait_event:Wait done with Cmd 34
04-06 02:13:10.319 1369 3364 D LOWI-9.0.0.87.a: [LOWI-Scan] do_listen_events: Rcvd valid Netlink Cmd 34 Err 0
04-06 02:13:10.320 1369 3364 D LOWI-9.0.0.87.a: [LOWI-Scan]
04-06 02:13:10.320 1369 3364 D LOWI-9.0.0.87.a: [LOWI-Scan] print_bss_handler: Report beacon TSF 193278060 as it greater than probe TSF 193278060
04-06 02:13:10.320 1369 3364 D LOWI-9.0.0.87.a: [LOWI-Scan] decode_rsn_wpa_ie: LOWI_ENCRYPTION_TYPE_WPA_PSK
04-06 02:13:10.320 1369 3364 D LOWI-9.0.0.87.a: [LOWI-Scan] is_qcom_ie, bss_age: 0
04-06 02:13:10.320 1369 3364 D LOWI-9.0.0.87.a: [LOWI-Scan] BSS 98:97:cc:80:04:88 LOWI_PHY_MODE_11AC_VHT40_2G(12), Beacon Interval: 100, LOWI_ENCRYPTION_TYPE_WPA_PSK 11mcRanging: No, ANQP: No, LCI: No, Civic: No, capability(0x1411): ESS Privacy ShortSlotTime
04-06 02:13:10.320 1369 3364 D LOWI-9.0.0.87.a: [LOWI-Scan] BSS 98:97:cc:80:04:88 FREQ: 2412, cFreq1[40:80:160] = [2422:0:0] cFreq2 = 0 Country Code = CN
04-06 02:13:10.320 1511 2643 D WifiNl80211Manager: Scan result ready event
04-06 02:13:10.321 1369 3364 D LOWI-9.0.0.87.a: [LOWI-Scan] BSS 98:97:cc:80:04:88 (wlan0) ASSO: NO AddInfo: 0x1, TSF 0, 00:03:13.278, RSSI: -174, CPL: 127, AGE: 1140, SSID TP-LINK-TS, TSFDelta: 0x94652fde, TXRate: 0
04-06 02:13:10.321 1511 2643 D WifiNative: Scan result ready event
04-06 02:13:10.321 1369 3364 D LOWI-9.0.0.87.a: [LOWI-Scan]
04-06 02:13:10.321 1369 3364 D LOWI-9.0.0.87.a: [LOWI-Scan] print_bss_handler: Report Probe TSF 193284886 as it greater than Beacon TSF 193266209
04-06 02:13:10.321 1369 3364 D LOWI-9.0.0.87.a: [LOWI-Scan] decode_rsn_wpa_ie: LOWI_ENCRYPTION_TYPE_WPA_PSK
04-06 02:13:10.321 1369 3364 D LOWI-9.0.0.87.a: [LOWI-Scan] is_qcom_ie, bss_age: 0
04-06 02:13:10.321 1369 3364 D LOWI-9.0.0.87.a: [LOWI-Scan] BSS ec:60:73:e8:b0:00 LOWI_PHY_MODE_11AC_VHT80(10), Beacon Interval: 100, LOWI_ENCRYPTION_TYPE_WPA_PSK 11mcRanging: No, ANQP: No, LCI: No, Civic: No, capability(0x1011): ESS Privacy
04-06 02:13:10.321 1369 3364 D LOWI-9.0.0.87.a: [LOWI-Scan] BSS ec:60:73:e8:b0:00 FREQ: 5180, cFreq1[40:80:160] = [5190:5210:0] cFreq2 = 0 Country Code = CN
04-06 02:13:10.321 1369 3364 D LOWI-9.0.0.87.a: [LOWI-Scan] BSS ec:60:73:e8:b0:00 (wlan0) ASSO: NO AddInfo: 0x0, TSF 0, 00:03:13.284, RSSI: -152, CPL: 127, AGE: 1132, SSID TP-LINK_AFFE, TSFDelta: 0xebf6da52, TXRate: 0
04-06 02:13:10.321 1369 3364 D LOWI-9.0.0.87.a: [LOWI-Scan]
04-06 02:13:10.321 1369 3364 D LOWI-9.0.0.87.a: [LOWI-Scan] print_bss_handler: Report beacon TSF 193298858 as it greater than probe TSF 193298858
04-06 02:13:10.321 1369 3364 D LOWI-9.0.0.87.a: [LOWI-Scan] decode_rsn_wpa_ie: LOWI_ENCRYPTION_TYPE_WPA_PSK
04-06 02:13:10.321 1369 3364 D LOWI-9.0.0.87.a: [LOWI-Scan] is_qcom_ie, bss_age: 0
04-06 02:13:10.321 1369 3364 D LOWI-9.0.0.87.a: [LOWI-Scan] BSS 9a:97:cc:a0:04:88 LOWI_PHY_MODE_11AC_VHT40_2G(12), Beacon Interval: 100, LOWI_ENCRYPTION_TYPE_WPA_PSK 11mcRanging: No, ANQP: No, LCI: No, Civic: No, capability(0x0411): ESS Privacy ShortSlotTime
04-06 02:13:10.321 1369 3364 D LOWI-9.0.0.87.a: [LOWI-Scan] BSS 9a:97:cc:a0:04:88 FREQ: 2412, cFreq1[40:80:160] = [2422:0:0] cFreq2 = 0 Country Code = CN
04-06 02:13:10.321 1369 3364 D LOWI-9.0.0.87.a: [LOWI-Scan] BSS 9a:97:cc:a0:04:88 (wlan0) ASSO: NO AddInfo: 0x1, TSF 0, 00:03:13.298, RSSI: -174, CPL: 127, AGE: 1120, SSID , TSFDelta: 0x94a4409f, TXRate: 0
04-06 02:13:10.321 1369 3364 D LOWI-9.0.0.87.a: [LOWI-Scan]
04-06 02:13:10.321 1369 3364 D LOWI-9.0.0.87.a: [LOWI-Scan] print_bss_handler: Report beacon TSF 193299129 as it greater than probe TSF 193299129
04-06 02:13:10.321 1369 3364 D LOWI-9.0.0.87.a: [LOWI-Scan] decode_rsn_wpa_ie: LOWI_ENCRYPTION_TYPE_WPA_PSK
04-06 02:13:10.321 1369 3364 D LOWI-9.0.0.87.a: [LOWI-Scan] is_qcom_ie, bss_age: 0
04-06 02:13:10.321 1369 3364 D LOWI-9.0.0.87.a: [LOWI-Scan] BSS 18:6f:2d:81:16:e4 LOWI_PHY_MODE_11NG_HT20(5), Beacon Interval: 100, LOWI_ENCRYPTION_TYPE_WPA_PSK 11mcRanging: No, ANQP: No, LCI: No, Civic: No, capability(0x0531): ESS Privacy ShortPreamble SpectrumMgmt ShortSlotTime
04-06 02:13:10.321 1369 3364 D LOWI-9.0.0.87.a: [LOWI-Scan] BSS 18:6f:2d:81:16:e4 FREQ: 2412, cFreq1[40:80:160] = [2412:0:0] cFreq2 = 0 Country Code = CN
04-06 02:13:10.321 1369 3364 D LOWI-9.0.0.87.a: [LOWI-Scan] BSS 18:6f:2d:81:16:e4 (wlan0) ASSO: NO AddInfo: 0x1, TSF 0, 00:03:13.299, RSSI: -182, CPL: 127, AGE: 1120, SSID Fanya, TSFDelta: 0x9e4a98f6, TXRate: 0
04-06 02:13:10.321 1369 3364 D LOWI-9.0.0.87.a: [LOWI-Scan]
04-06 02:13:10.321 1369 3364 D LOWI-9.0.0.87.a: [LOWI-Scan] print_bss_handler: Report Probe TSF 193465738 as it greater than Beacon TSF 131679867
04-06 02:13:10.321 1369 3364 D LOWI-9.0.0.87.a: [LOWI-Scan] decode_rsn_wpa_ie: LOWI_ENCRYPTION_TYPE_WPA_PSK
04-06 02:13:10.321 1369 3364 D LOWI-9.0.0.87.a: [LOWI-Scan] is_qcom_ie, bss_age: 0
04-06 02:13:10.322 1369 3364 D LOWI-9.0.0.87.a: [LOWI-Scan] BSS 1a:51:7e:52:1a:24 LOWI_PHY_MODE_11AC_VHT40(9), Beacon Interval: 100, LOWI_ENCRYPTION_TYPE_WPA_PSK 11mcRanging: No, ANQP: Yes, LCI: No, Civic: No, capability(0x0131): ESS Privacy ShortPreamble SpectrumMgmt
04-06 02:13:10.322 1369 3364 D LOWI-9.0.0.87.a: [LOWI-Scan] BSS 1a:51:7e:52:1a:24 FREQ: 5745, cFreq1[40:80:160] = [5755:0:0] cFreq2 = 0 Country Code = CN
04-06 02:13:10.322 1369 3364 D LOWI-9.0.0.87.a: [LOWI-Scan] BSS 1a:51:7e:52:1a:24 (wlan0) ASSO: NO AddInfo: 0x0, TSF 0, 00:03:13.465, RSSI: -154, CPL: 127, AGE: 952, SSID H3C_EPOCH, TSFDelta: 0x98601b48, TXRate: 0
04-06 02:13:10.322 1369 3364 D LOWI-9.0.0.87.a: [LOWI-Scan]
04-06 02:13:10.322 1369 3364 D LOWI-9.0.0.87.a: [LOWI-Scan] print_bss_handler: Report Probe TSF 193568293 as it greater than Beacon TSF 131775731
04-06 02:13:10.322 1369 3364 D LOWI-9.0.0.87.a: [LOWI-Scan] decode_rsn_wpa_ie: LOWI_ENCRYPTION_TYPE_WPA_PSK
04-06 02:13:10.322 1369 3364 D LOWI-9.0.0.87.a: [LOWI-Scan] is_qcom_ie, bss_age: 0
04-06 02:13:10.322 1369 3364 D LOWI-9.0.0.87.a: [LOWI-Scan] BSS 64:6e:97:5a:7e:e2 LOWI_PHY_MODE_11AC_VHT80(10), Beacon Interval: 100, LOWI_ENCRYPTION_TYPE_WPA_PSK 11mcRanging: No, ANQP: No, LCI: No, Civic: No, capability(0x1011): ESS Privacy
04-06 02:13:10.322 1369 3364 D LOWI-9.0.0.87.a: [LOWI-Scan] BSS 64:6e:97:5a:7e:e2 FREQ: 5785, cFreq1[40:80:160] = [5795:5775:0] cFreq2 = 0 Country Code = CN
04-06 02:13:10.322 1369 3364 D LOWI-9.0.0.87.a: [LOWI-Scan] BSS 64:6e:97:5a:7e:e2 (wlan0) ASSO: NO AddInfo: 0x0, TSF 0, 00:03:13.568, RSSI: -154, CPL: 127, AGE: 848, SSID DMC, TSFDelta: 0x644281a0, TXRate: 0
04-06 02:13:10.322 1369 3364 D LOWI-9.0.0.87.a: [LOWI-Scan]
04-06 02:13:10.322 1369 3364 D LOWI-9.0.0.87.a: [LOWI-Scan] print_bss_handler: Report Probe TSF 193638499 as it greater than Beacon TSF 193605812
04-06 02:13:10.322 1369 3364 D LOWI-9.0.0.87.a: [LOWI-Scan] decode_rsn_wpa_ie: LOWI_ENCRYPTION_TYPE_WPA_PSK
04-06 02:13:10.322 1369 3364 D LOWI-9.0.0.87.a: [LOWI-Scan] is_qcom_ie, bss_age: 0
04-06 02:13:10.322 1369 3364 D LOWI-9.0.0.87.a: [LOWI-Scan] BSS 98:97:cc:80:04:8a LOWI_PHY_MODE_11AC_VHT80(10), Beacon Interval: 100, LOWI_ENCRYPTION_TYPE_WPA_PSK 11mcRanging: No, ANQP: No, LCI: No, Civic: No, capability(0x1011): ESS Privacy
04-06 02:13:10.322 1369 3364 D LOWI-9.0.0.87.a: [LOWI-Scan] BSS 98:97:cc:80:04:8a FREQ: 5805, cFreq1[40:80:160] = [5795:5775:0] cFreq2 = 0 Country Code = CN
04-06 02:13:10.322 1369 3364 D LOWI-9.0.0.87.a: [LOWI-Scan] BSS 98:97:cc:80:04:8a (wlan0) ASSO: NO AddInfo: 0x0, TSF 0, 00:03:13.638, RSSI: -152, CPL: 127, AGE: 780, SSID TP-LINK-TS, TSFDelta: 0x9e9a9aef, TXRate: 0
04-06 02:13:10.322 1369 3364 D LOWI-9.0.0.87.a: [LOWI-Scan]
04-06 02:13:10.322 1369 3364 D LOWI-9.0.0.87.a: [LOWI-Scan] print_bss_handler: Report beacon TSF 193731411 as it greater than probe TSF 131913971
04-06 02:13:10.322 1369 3364 D LOWI-9.0.0.87.a: [LOWI-Scan] decode_rsn_wpa_ie: LOWI_ENCRYPTION_TYPE_WPA_PSK
04-06 02:13:10.322 1369 3364 D LOWI-9.0.0.87.a: [LOWI-Scan] is_qcom_ie, bss_age: 0
04-06 02:13:10.322 1369 3364 D LOWI-9.0.0.87.a: [LOWI-Scan] BSS ec:60:73:e8:af:fe LOWI_PHY_MODE_11NG_HT40(7), Beacon Interval: 100, LOWI_ENCRYPTION_TYPE_WPA_PSK 11mcRanging: No, ANQP: No, LCI: No, Civic: No, capability(0x1411): ESS Privacy ShortSlotTime
04-06 02:13:10.322 1369 3364 D LOWI-9.0.0.87.a: [LOWI-Scan] BSS ec:60:73:e8:af:fe FREQ: 2437, cFreq1[40:80:160] = [2427:0:0] cFreq2 = 0 Country Code = CN
04-06 02:13:10.322 1369 3364 D LOWI-9.0.0.87.a: [LOWI-Scan] BSS ec:60:73:e8:af:fe (wlan0) ASSO: NO AddInfo: 0x1, TSF 0, 00:03:13.731, RSSI: -158, CPL: 127, AGE: 688, SSID TP-LINK_AFFE, TSFDelta: 0xfb76edca, TXRate: 0
04-06 02:13:10.322 1369 3364 D LOWI-9.0.0.87.a: [LOWI-Scan]
04-06 02:13:10.322 1369 3364 D LOWI-9.0.0.87.a: [LOWI-Scan] print_bss_handler: Report beacon TSF 193737539 as it greater than probe TSF 193737539
04-06 02:13:10.322 1369 3364 D LOWI-9.0.0.87.a: [LOWI-Scan] is_qcom_ie, bss_age: 0
04-06 02:13:10.323 1369 3364 D LOWI-9.0.0.87.a: [LOWI-Scan] BSS 14:51:7e:52:1a:23 LOWI_PHY_MODE_11AC_VHT20_2G(11), Beacon Interval: 100, LOWI_ENCRYPTION_TYPE_OPEN 11mcRanging: No, ANQP: Yes, LCI: No, Civic: No, capability(0x1c21): ESS ShortPreamble ShortSlotTime APSD
04-06 02:13:10.323 1369 3364 D LOWI-9.0.0.87.a: [LOWI-Scan] BSS 14:51:7e:52:1a:23 FREQ: 2437, cFreq1[40:80:160] = [2437:0:0] cFreq2 = 0 Country Code = CN
04-06 02:13:10.323 1369 3364 D LOWI-9.0.0.87.a: [LOWI-Scan] BSS 14:51:7e:52:1a:23 (wlan0) ASSO: NO AddInfo: 0x1, TSF 0, 00:03:13.737, RSSI: -130, CPL: 127, AGE: 680, SSID , TSFDelta: 0x9fde9dc2, TXRate: 0
04-06 02:13:10.323 1369 3364 D LOWI-9.0.0.87.a: [LOWI-Scan]
04-06 02:13:10.323 1369 3364 D LOWI-9.0.0.87.a: [LOWI-Scan] print_bss_handler: Report Probe TSF 193861425 as it greater than Beacon TSF 193822670
04-06 02:13:10.323 1369 3364 D LOWI-9.0.0.87.a: [LOWI-Scan] decode_rsn_wpa_ie: LOWI_ENCRYPTION_TYPE_WPA_PSK
04-06 02:13:10.323 1369 3364 D LOWI-9.0.0.87.a: [LOWI-Scan] is_qcom_ie, bss_age: 0
04-06 02:13:10.323 1369 3364 D LOWI-9.0.0.87.a: [LOWI-Scan] BSS 18:6f:2d:81:1e:70 LOWI_PHY_MODE_11AC_VHT20(8), Beacon Interval: 100, LOWI_ENCRYPTION_TYPE_WPA_PSK 11mcRanging: No, ANQP: No, LCI: No, Civic: No, capability(0x0111): ESS Privacy SpectrumMgmt
04-06 02:13:10.323 1369 3364 D LOWI-9.0.0.87.a: [LOWI-Scan] BSS 18:6f:2d:81:1e:70 FREQ: 5280, cFreq1[40:80:160] = [5280:0:0] cFreq2 = 0 Country Code = CN
04-06 02:13:10.323 1369 3364 D LOWI-9.0.0.87.a: [LOWI-Scan] BSS 18:6f:2d:81:1e:70 (wlan0) ASSO: NO AddInfo: 0x0, TSF 0, 00:03:13.861, RSSI: -156, CPL: 127, AGE: 556, SSID Testing , TSFDelta: 0x408b75e4, TXRate: 0
04-06 02:13:10.323 1369 3364 D LOWI-9.0.0.87.a: [LOWI-Scan]
04-06 02:13:10.323 1369 3364 D LOWI-9.0.0.87.a: [LOWI-Scan] print_bss_handler: Report Probe TSF 193861997 as it greater than Beacon TSF 193822977
04-06 02:13:10.323 1369 3364 D LOWI-9.0.0.87.a: [LOWI-Scan] is_qcom_ie, bss_age: 0
04-06 02:13:10.323 1369 3364 D LOWI-9.0.0.87.a: [LOWI-Scan] BSS 18:6f:2d:81:1e:71 LOWI_PHY_MODE_11AC_VHT20(8), Beacon Interval: 100, LOWI_ENCRYPTION_TYPE_OPEN 11mcRanging: No, ANQP: No, LCI: No, Civic: No, capability(0x0101): ESS SpectrumMgmt
04-06 02:13:10.323 1369 3364 D LOWI-9.0.0.87.a: [LOWI-Scan] BSS 18:6f:2d:81:1e:71 FREQ: 5280, cFreq1[40:80:160] = [5280:0:0] cFreq2 = 0 Country Code = CN
04-06 02:13:10.323 1369 3364 D LOWI-9.0.0.87.a: [LOWI-Scan] BSS 18:6f:2d:81:1e:71 (wlan0) ASSO: NO AddInfo: 0x0, TSF 0, 00:03:13.861, RSSI: -156, CPL: 127, AGE: 556, SSID Guest, TSFDelta: 0x4091210d, TXRate: 0
04-06 02:13:10.323 1369 3364 D LOWI-9.0.0.87.a: [LOWI-Scan]
04-06 02:13:10.323 1369 3364 D LOWI-9.0.0.87.a: [LOWI-Scan] print_bss_handler: Report Probe TSF 193862712 as it greater than Beacon TSF 193823062
04-06 02:13:10.323 1369 3364 D LOWI-9.0.0.87.a: [LOWI-Scan] decode_rsn_wpa_ie: LOWI_ENCRYPTION_TYPE_WPA_PSK
04-06 02:13:10.324 1369 3364 D LOWI-9.0.0.87.a: [LOWI-Scan] is_qcom_ie, bss_age: 0
04-06 02:13:10.324 1369 3364 D LOWI-9.0.0.87.a: [LOWI-Scan] BSS 18:6f:2d:81:1e:72 LOWI_PHY_MODE_11AC_VHT20(8), Beacon Interval: 100, LOWI_ENCRYPTION_TYPE_WPA_PSK 11mcRanging: No, ANQP: No, LCI: No, Civic: No, capability(0x0111): ESS Privacy SpectrumMgmt
04-06 02:13:10.324 1369 3364 D LOWI-9.0.0.87.a: [LOWI-Scan] BSS 18:6f:2d:81:1e:72 FREQ: 5280, cFreq1[40:80:160] = [5280:0:0] cFreq2 = 0 Country Code = CN
04-06 02:13:10.324 1369 3364 D LOWI-9.0.0.87.a: [LOWI-Scan] BSS 18:6f:2d:81:1e:72 (wlan0) ASSO: NO AddInfo: 0x0, TSF 0, 00:03:13.862, RSSI: -154, CPL: 127, AGE: 556, SSID ZXHY, TSFDelta: 0x40968584, TXRate: 0
04-06 02:13:10.324 1369 3364 D LOWI-9.0.0.87.a: [LOWI-Scan]
04-06 02:13:10.324 1369 3364 D LOWI-9.0.0.87.a: [LOWI-Scan] print_bss_handler: Report Probe TSF 193863633 as it greater than Beacon TSF 193823130
04-06 02:13:10.324 1369 3364 D LOWI-9.0.0.87.a: [LOWI-Scan] decode_rsn_wpa_ie: LOWI_ENCRYPTION_TYPE_WPA_PSK
04-06 02:13:10.324 1369 3364 D LOWI-9.0.0.87.a: [LOWI-Scan] is_qcom_ie, bss_age: 0
04-06 02:13:10.324 1369 3364 D LOWI-9.0.0.87.a: [LOWI-Scan] BSS 18:6f:2d:81:1e:73 LOWI_PHY_MODE_11AC_VHT20(8), Beacon Interval: 100, LOWI_ENCRYPTION_TYPE_WPA_PSK 11mcRanging: No, ANQP: No, LCI: No, Civic: No, capability(0x0111): ESS Privacy SpectrumMgmt
04-06 02:13:10.324 1369 3364 D LOWI-9.0.0.87.a: [LOWI-Scan] BSS 18:6f:2d:81:1e:73 FREQ: 5280, cFreq1[40:80:160] = [5280:0:0] cFreq2 = 0 Country Code = CN
04-06 02:13:10.324 1369 3364 D LOWI-9.0.0.87.a: [LOWI-Scan] BSS 18:6f:2d:81:1e:73 (wlan0) ASSO: NO AddInfo: 0x0, TSF 0, 00:03:13.863, RSSI: -156, CPL: 127, AGE: 556, SSID Fanya, TSFDelta: 0x409bc95b, TXRate: 0
04-06 02:13:10.324 1369 3364 D LOWI-9.0.0.87.a: [LOWI-Scan]
04-06 02:13:10.324 1369 3364 D LOWI-9.0.0.87.a: [LOWI-Scan] print_bss_handler: Report Probe TSF 193877028 as it greater than Beacon TSF 193823200
04-06 02:13:10.324 1369 3364 D LOWI-9.0.0.87.a: [LOWI-Scan] decode_rsn_wpa_ie: LOWI_ENCRYPTION_TYPE_WPA_PSK
04-06 02:13:10.324 1369 3364 D LOWI-9.0.0.87.a: [LOWI-Scan] is_qcom_ie, bss_age: 0
04-06 02:13:10.324 1369 3364 D LOWI-9.0.0.87.a: [LOWI-Scan] BSS 18:6f:2d:81:1e:74 LOWI_PHY_MODE_11AC_VHT20(8), Beacon Interval: 100, LOWI_ENCRYPTION_TYPE_WPA_PSK 11mcRanging: No, ANQP: No, LCI: No, Civic: No, capability(0x0111): ESS Privacy SpectrumMgmt
04-06 02:13:10.324 1369 3364 D LOWI-9.0.0.87.a: [LOWI-Scan] BSS 18:6f:2d:81:1e:74 FREQ: 5280, cFreq1[40:80:160] = [5280:0:0] cFreq2 = 0 Country Code = CN
04-06 02:13:10.324 1369 3364 D LOWI-9.0.0.87.a: [LOWI-Scan] BSS 18:6f:2d:81:1e:74 (wlan0) ASSO: NO AddInfo: 0x0, TSF 0, 00:03:13.877, RSSI: -156, CPL: 127, AGE: 540, SSID ThunderSoft, TSFDelta: 0x40a0dd63, TXRate: 0
04-06 02:13:10.324 1369 3364 D LOWI-9.0.0.87.a: [LOWI-Scan]
04-06 02:13:10.324 1369 3364 D LOWI-9.0.0.87.a: [LOWI-Scan] print_bss_handler: Report Probe TSF 193877125 as it greater than Beacon TSF 193823727
04-06 02:13:10.324 1369 3364 D LOWI-9.0.0.87.a: [LOWI-Scan] decode_rsn_wpa_ie: LOWI_ENCRYPTION_TYPE_WPA_PSK
04-06 02:13:10.324 1369 3364 D LOWI-9.0.0.87.a: [LOWI-Scan] is_qcom_ie, bss_age: 0
04-06 02:13:10.324 1369 3364 D LOWI-9.0.0.87.a: [LOWI-Scan] BSS 18:6f:2d:81:1e:75 LOWI_PHY_MODE_11AC_VHT20(8), Beacon Interval: 100, LOWI_ENCRYPTION_TYPE_WPA_PSK 11mcRanging: No, ANQP: No, LCI: No, Civic: No, capability(0x0111): ESS Privacy SpectrumMgmt
04-06 02:13:10.324 1369 3364 D LOWI-9.0.0.87.a: [LOWI-Scan] BSS 18:6f:2d:81:1e:75 FREQ: 5280, cFreq1[40:80:160] = [5280:0:0] cFreq2 = 0 Country Code = CN
04-06 02:13:10.324 1369 3364 D LOWI-9.0.0.87.a: [LOWI-Scan] BSS 18:6f:2d:81:1e:75 (wlan0) ASSO: NO AddInfo: 0x0, TSF 0, 00:03:13.877, RSSI: -154, CPL: 127, AGE: 540, SSID GM, TSFDelta: 0x40a641cb, TXRate: 0
04-06 02:13:10.325 1369 3364 D LOWI-9.0.0.87.a: [LOWI-Scan]
04-06 02:13:10.325 1369 3364 D LOWI-9.0.0.87.a: [LOWI-Scan] print_bss_handler: Report beacon TSF 193266601 as it greater than probe TSF 193266601
04-06 02:13:10.325 1369 3364 D LOWI-9.0.0.87.a: [LOWI-Scan] decode_rsn_wpa_ie: LOWI_ENCRYPTION_TYPE_WPA_PSK
04-06 02:13:10.325 1369 3364 D LOWI-9.0.0.87.a: [LOWI-Scan] is_qcom_ie, bss_age: 0
04-06 02:13:10.325 1369 3364 D LOWI-9.0.0.87.a: [LOWI-Scan] BSS ee:60:73:e9:b0:00 LOWI_PHY_MODE_11AC_VHT80(10), Beacon Interval: 100, LOWI_ENCRYPTION_TYPE_WPA_PSK 11mcRanging: No, ANQP: No, LCI: No, Civic: No, capability(0x0011): ESS Privacy
04-06 02:13:10.325 1369 3364 D LOWI-9.0.0.87.a: [LOWI-Scan] BSS ee:60:73:e9:b0:00 FREQ: 5180, cFreq1[40:80:160] = [5190:5210:0] cFreq2 = 0 Country Code = CN
04-06 02:13:10.325 1369 3364 D LOWI-9.0.0.87.a: [LOWI-Scan] BSS ee:60:73:e9:b0:00 (wlan0) ASSO: NO AddInfo: 0x1, TSF 0, 00:03:13.266, RSSI: -152, CPL: 127, AGE: 1152, SSID , TSFDelta: 0xeb6ca880, TXRate: 0
04-06 02:13:10.325 1369 3364 D LOWI-9.0.0.87.a: [LOWI-Scan]
04-06 02:13:10.325 1369 3364 D LOWI-9.0.0.87.a: [LOWI-Scan] print_bss_handler: Report beacon TSF 193605938 as it greater than probe TSF 193605938
04-06 02:13:10.325 1369 3364 D LOWI-9.0.0.87.a: [LOWI-Scan] decode_rsn_wpa_ie: LOWI_ENCRYPTION_TYPE_WPA_PSK
04-06 02:13:10.325 1369 3364 D LOWI-9.0.0.87.a: [LOWI-Scan] is_qcom_ie, bss_age: 0
04-06 02:13:10.325 1369 3364 D LOWI-9.0.0.87.a: [LOWI-Scan] BSS 9a:97:cc:d0:04:88 LOWI_PHY_MODE_11AC_VHT80(10), Beacon Interval: 100, LOWI_ENCRYPTION_TYPE_WPA_PSK 11mcRanging: No, ANQP: No, LCI: No, Civic: No, capability(0x0011): ESS Privacy
04-06 02:13:10.325 1369 3364 D LOWI-9.0.0.87.a: [LOWI-Scan] BSS 9a:97:cc:d0:04:88 FREQ: 5805, cFreq1[40:80:160] = [5795:5775:0] cFreq2 = 0 Country Code = CN
04-06 02:13:10.325 1369 3364 D LOWI-9.0.0.87.a: [LOWI-Scan] BSS 9a:97:cc:d0:04:88 (wlan0) ASSO: NO AddInfo: 0x1, TSF 0, 00:03:13.605, RSSI: -154, CPL: 127, AGE: 812, SSID , TSFDelta: 0x9df04c41, TXRate: 0
04-06 02:13:10.325 1369 3364 D LOWI-9.0.0.87.a: [LOWI-Scan]
04-06 02:13:10.325 1369 3364 D LOWI-9.0.0.87.a: [LOWI-Scan] print_bss_handler: Report beacon TSF 193734122 as it greater than probe TSF 193734122
04-06 02:13:10.325 1369 3364 D LOWI-9.0.0.87.a: [LOWI-Scan] decode_rsn_wpa_ie: LOWI_ENCRYPTION_TYPE_WPA_PSK
04-06 02:13:10.325 1369 3364 D LOWI-9.0.0.87.a: [LOWI-Scan] is_qcom_ie, bss_age: 0
04-06 02:13:10.325 1369 3364 D LOWI-9.0.0.87.a: [LOWI-Scan] BSS ee:60:73:e9:af:fe LOWI_PHY_MODE_11NG_HT40(7), Beacon Interval: 100, LOWI_ENCRYPTION_TYPE_WPA_PSK 11mcRanging: No, ANQP: No, LCI: No, Civic: No, capability(0x0411): ESS Privacy ShortSlotTime
04-06 02:13:10.325 1369 3364 D LOWI-9.0.0.87.a: [LOWI-Scan] BSS ee:60:73:e9:af:fe FREQ: 2437, cFreq1[40:80:160] = [2427:0:0] cFreq2 = 0 Country Code = CN
04-06 02:13:10.325 1369 3364 D LOWI-9.0.0.87.a: [LOWI-Scan] BSS ee:60:73:e9:af:fe (wlan0) ASSO: NO AddInfo: 0x1, TSF 0, 00:03:13.734, RSSI: -158, CPL: 127, AGE: 684, SSID , TSFDelta: 0xf894e297, TXRate: 0
04-06 02:13:10.325 1369 3364 D LOWI-9.0.0.87.a: [LOWI-Scan]
04-06 02:13:10.325 1369 3364 D LOWI-9.0.0.87.a: [LOWI-Scan] print_bss_handler: Report beacon TSF 193740360 as it greater than probe TSF 193708644
04-06 02:13:10.325 1369 3364 D LOWI-9.0.0.87.a: [LOWI-Scan] decode_rsn_wpa_ie: LOWI_ENCRYPTION_TYPE_WPA_PSK
04-06 02:13:10.325 1369 3364 D LOWI-9.0.0.87.a: [LOWI-Scan] is_qcom_ie, bss_age: 0
04-06 02:13:10.325 1369 3364 D LOWI-9.0.0.87.a: [LOWI-Scan] BSS 1a:51:7e:52:1a:23 LOWI_PHY_MODE_11AC_VHT20_2G(11), Beacon Interval: 100, LOWI_ENCRYPTION_TYPE_WPA_PSK 11mcRanging: No, ANQP: Yes, LCI: No, Civic: No, capability(0x1c31): ESS Privacy ShortPreamble ShortSlotTime APSD
