04-06 02:10:11.149 1511 1777 I am_uid_stopped: 10083
04-06 02:10:11.150 1511 1777 I am_uid_active: 10061
04-06 02:10:11.151 1511 1615 I am_proc_start: [0,3609,10061,com.qualcomm.qti.qms.service.connectionsecurity,broadcast,{com.qualcomm.qti.qms.service.connectionsecurity/com.qualcomm.qti.qms.service.connectionsecurity.ConnSecBroadcastReceiver}]
04-06 02:10:11.151 1511 1615 I ActivityManager: Start proc 3609:com.qualcomm.qti.qms.service.connectionsecurity/u0a61 for broadcast {com.qualcomm.qti.qms.service.connectionsecurity/com.qualcomm.qti.qms.service.connectionsecurity.ConnSecBroadcastReceiver}
01-01 08:12:50.123 0 0 I binder : 3609:3609 ioctl 40046210 ffbe8758 returned -22
04-06 02:10:11.177 1511 1777 I am_proc_bound: [0,3609,com.qualcomm.qti.qms.service.connectionsecurity]
04-06 02:10:11.178 1511 1777 D CompatibilityChangeReporter: Compat change id reported: 168419799; UID 10061; state: DISABLED
04-06 02:10:11.183 1178 1178 I auditd : type=1400 audit(0.0:291): avc: denied { getattr } for comm="cnss_diag" path="/data/vendor/wifi/wlan_logs" dev="dm-10" ino=373 scontext=u:r:vendor_wcnss_service:s0 tcontext=u:object_r:vendor_wifi_vendor_log_data_file:s0 tclass=dir permissive=0
04-06 02:10:11.183 1178 1178 I auditd : type=1400 audit(0.0:292): avc: denied { read } for comm="cnss_diag" name="wlan_logs" dev="dm-10" ino=373 scontext=u:r:vendor_wcnss_service:s0 tcontext=u:object_r:vendor_wifi_vendor_log_data_file:s0 tclass=dir permissive=0
04-06 02:10:11.183 1178 1178 I auditd : type=1400 audit(0.0:293): avc: denied { search } for comm="cnss_diag" name="wlan_logs" dev="dm-10" ino=373 scontext=u:r:vendor_wcnss_service:s0 tcontext=u:object_r:vendor_wifi_vendor_log_data_file:s0 tclass=dir permissive=0
04-06 02:10:11.233 1511 1777 D CompatibilityChangeReporter: Compat change id reported: 168419799; UID 10085; state: DISABLED
01-01 08:12:50.185 0 0 I binder : 2845:2845 ioctl 40046210 7fe5c1a1c4 returned -22
04-06 02:10:11.240 1511 1777 D CompatibilityChangeReporter: Compat change id reported: 168419799; UID 10090; state: DISABLED
04-06 02:10:11.274 1511 1777 I ActivityManager: Finished processing BOOT_COMPLETED for u0
04-06 02:10:11.275 1511 1777 W BroadcastQueue: Background execution not allowed: receiving Intent { act=android.intent.action.INPUT_METHOD_CHANGED flg=0x20000010 (has extras) } to com.baidu.input/.switchguide.InputMethodChangedReceiver
04-06 02:10:11.276 1511 1614 I am_uid_running: 10018
04-06 02:10:11.277 1511 1614 D CompatibilityChangeReporter: Compat change id reported: 135634846; UID 10018; state: DISABLED
04-06 02:10:11.277 1511 1614 D CompatibilityChangeReporter: Compat change id reported: 177438394; UID 10018; state: DISABLED
04-06 02:10:11.277 1511 1614 D CompatibilityChangeReporter: Compat change id reported: 135772972; UID 10018; state: DISABLED
04-06 02:10:11.277 1511 1614 D CompatibilityChangeReporter: Compat change id reported: 135754954; UID 10018; state: ENABLED
04-06 02:10:11.277 1511 1615 D CompatibilityChangeReporter: Compat change id reported: 143937733; UID 10018; state: ENABLED
04-06 02:10:11.285 2054 2054 W ContextImpl: Calling a method in the system process without a qualified user: android.app.ContextImpl.startService:1816 android.content.ContextWrapper.startService:774 com.thundercomm.gamemode.ingame.services.GameModeActionUtils.startGameModeService:118 com.thundercomm.gamemode.ingame.services.GameModeActionUtils.startGameModeEntry:29 com.thundercomm.gamemode.ingame.services.ActivityMonitoringService$1.onActivityLaunch:140
04-06 02:10:11.288 1511 1615 I am_proc_start: [0,3634,10018,com.android.externalstorage,broadcast,{com.android.externalstorage/com.android.externalstorage.MountReceiver}]
04-06 02:10:11.288 1511 1615 I ActivityManager: Start proc 3634:com.android.externalstorage/u0a18 for broadcast {com.android.externalstorage/com.android.externalstorage.MountReceiver}
01-01 08:12:50.241 0 0 I binder : 2054:2054 ioctl 40046210 7fe5c19654 returned -22
04-06 02:10:11.291 1511 1511 I GameModeConfig: Current uri is uri = content://com.thundercomm.gamemode.api/gamemode_settings/gamemode_isgaming
04-06 02:10:11.292 1511 1511 I GameModeConfig: isGameModeOn = false
04-06 02:10:11.293 1511 1511 I GameModeConfig: isGameModeOn = false
04-06 02:10:11.293 1511 1511 I GameModeConfig: isDisableVoice = true
04-06 02:10:11.293 1511 1724 I GameModeConfig: isGameModeOn = false
04-06 02:10:11.293 1511 1724 I GameModeConfig: isGameModeOn = false
04-06 02:10:11.294 1511 1724 I GameModeConfig: isGameModeOn = false
01-01 08:12:50.256 0 0 I binder : 3634:3634 ioctl 40046210 7fe5c1ab14 returned -22
04-06 02:10:11.311 1511 1700 I am_proc_bound: [0,3634,com.android.externalstorage]
04-06 02:10:11.313 1511 1700 D CompatibilityChangeReporter: Compat change id reported: 168419799; UID 10018; state: DISABLED
04-06 02:10:11.373 1511 1700 D CompatibilityChangeReporter: Compat change id reported: 168419799; UID 10097; state: DISABLED
04-06 02:10:11.379 1511 1700 I am_uid_running: 10083
04-06 02:10:11.380 1511 1700 D CompatibilityChangeReporter: Compat change id reported: 135634846; UID 10083; state: DISABLED
04-06 02:10:11.380 1511 1700 D CompatibilityChangeReporter: Compat change id reported: 177438394; UID 10083; state: DISABLED
04-06 02:10:11.380 1511 1700 D CompatibilityChangeReporter: Compat change id reported: 135772972; UID 10083; state: DISABLED
04-06 02:10:11.380 1511 1700 D CompatibilityChangeReporter: Compat change id reported: 135754954; UID 10083; state: ENABLED
04-06 02:10:11.380 1511 1615 D CompatibilityChangeReporter: Compat change id reported: 143937733; UID 10083; state: ENABLED
04-06 02:10:11.387 1511 1615 I am_proc_start: [0,3655,10083,com.qti.ltebc,broadcast,{com.qti.ltebc/com.qualcomm.ltebc.LTEBroadcastReceiver}]
04-06 02:10:11.387 1511 1615 I ActivityManager: Start proc 3655:com.qti.ltebc/u0a83 for broadcast {com.qti.ltebc/com.qualcomm.ltebc.LTEBroadcastReceiver}
01-01 08:12:50.349 0 0 I binder : 3655:3655 ioctl 40046210 7fe5c1ab14 returned -22
04-06 02:10:11.405 1511 1990 I am_proc_bound: [0,3655,com.qti.ltebc]
04-06 02:10:11.406 1511 1990 D CompatibilityChangeReporter: Compat change id reported: 168419799; UID 10083; state: DISABLED
04-06 02:10:11.408 1511 1990 I am_uid_active: 10083
01-01 08:12:50.363 0 0 I init : starting service 'hht_ota_mgr_service'...
04-06 02:10:11.483 3669 3669 I auditd : type=1400 audit(0.0:294): avc: denied { read append } for comm="hht_ota_mgr" name="NvmSim_yy.dat" dev="dm-10" ino=379 scontext=u:r:hht_ota_mgr:s0 tcontext=u:object_r:system_data_file:s0 tclass=file permissive=0
01-01 08:12:50.444 0 0 I init : Service 'hht_ota_mgr_service' (pid 3669) exited with status 0
01-01 08:12:50.444 0 0 I init : Sending signal 9 to service 'hht_ota_mgr_service' (pid 3669) process group...
01-01 08:12:50.444 0 0 I libprocessgroup: Successfully killed process cgroup uid 0 pid 3669 in 0ms
01-01 08:12:50.520 0 0 I IRQ 5 : no longer affine to CPU5
04-06 02:10:11.742 1511 1700 I ActivityManager: Process com.qti.ltebc (pid 3655) has died: fg RCVR
04-06 02:10:11.743 1511 1700 I am_proc_died: [0,3655,com.qti.ltebc,0,11]
04-06 02:10:11.743 1511 1700 I am_broadcast_discard_app: [0,68206111,android.intent.action.MEDIA_MOUNTED,2,ResolveInfo{c591834 com.qti.ltebc/com.qualcomm.ltebc.LTEBroadcastReceiver m=0x208000}]
04-06 02:10:11.744 1511 1700 I am_uid_stopped: 10083
04-06 02:10:12.624 1511 1700 W ActivityManager: Unable to start service Intent { act=android.intent.action.START_LEBO_SERVICE pkg=com.hpplay.happyplay.aw } U=0: not found
01-01 08:12:52.327 0 0 I logd : start watching /data/system/packages.list ...
01-01 08:12:52.328 0 0 I logd : ReadPackageList, total packages: 100
04-06 02:10:13.381 1511 1637 I commit_sys_config_file: [package-user-0,3]
04-06 02:10:13.381 1511 1637 I commit_sys_config_file: [package,53]
01-01 08:12:52.484 0 0 E DTC_ETH,link_delay_work_func: 3003, SQI=0, link=0
01-01 08:12:52.860 0 0 I init : Sending signal 9 to service 'idmap2d' (pid 1182) process group...
04-06 02:10:13.916 1511 1700 W OverlayManager: service 'idmap' died
01-01 08:12:52.866 0 0 I libprocessgroup: Successfully killed process cgroup uid 1000 pid 1182 in 5ms
01-01 08:12:52.867 0 0 I init : Control message: Processed ctl.stop for 'idmap2d' from pid: 1511 (system_server)
01-01 08:12:52.868 0 0 I init : Service 'idmap2d' (pid 1182) received signal 9
04-06 02:10:14.183 1178 1178 I auditd : type=1400 audit(0.0:295): avc: denied { getattr } for comm="cnss_diag" path="/data/vendor/wifi/wlan_logs" dev="dm-10" ino=373 scontext=u:r:vendor_wcnss_service:s0 tcontext=u:object_r:vendor_wifi_vendor_log_data_file:s0 tclass=dir permissive=0
04-06 02:10:14.183 1178 1178 I auditd : type=1400 audit(0.0:296): avc: denied { read } for comm="cnss_diag" name="wlan_logs" dev="dm-10" ino=373 scontext=u:r:vendor_wcnss_service:s0 tcontext=u:object_r:vendor_wifi_vendor_log_data_file:s0 tclass=dir permissive=0
04-06 02:10:14.183 1178 1178 I auditd : type=1400 audit(0.0:297): avc: denied { search } for comm="cnss_diag" name="wlan_logs" dev="dm-10" ino=373 scontext=u:r:vendor_wcnss_service:s0 tcontext=u:object_r:vendor_wifi_vendor_log_data_file:s0 tclass=dir permissive=0
04-06 02:10:14.864 1511 1984 I commit_sys_config_file: [appops,6]
04-06 02:10:15.518 1511 1614 D CompatibilityChangeReporter: Compat change id reported: 168419799; UID 10034; state: DISABLED
04-06 02:10:15.788 1511 1724 I GameModeConfig: isGameModeOn = false
04-06 02:10:16.121 1511 1614 I am_uid_running: 10083
04-06 02:10:16.123 1511 1614 D CompatibilityChangeReporter: Compat change id reported: 135634846; UID 10083; state: DISABLED
04-06 02:10:16.123 1511 1614 D CompatibilityChangeReporter: Compat change id reported: 177438394; UID 10083; state: DISABLED
04-06 02:10:16.123 1511 1614 D CompatibilityChangeReporter: Compat change id reported: 135772972; UID 10083; state: DISABLED
04-06 02:10:16.123 1511 1614 D CompatibilityChangeReporter: Compat change id reported: 135754954; UID 10083; state: ENABLED
04-06 02:10:16.124 1511 1615 D CompatibilityChangeReporter: Compat change id reported: 143937733; UID 10083; state: ENABLED
04-06 02:10:16.143 1511 1615 I am_proc_start: [0,3722,10083,com.qti.ltebc,broadcast,{com.qti.ltebc/com.qualcomm.ltebc.LTEBroadcastAlarmReceiver}]
04-06 02:10:16.143 1511 1615 I ActivityManager: Start proc 3722:com.qti.ltebc/u0a83 for broadcast {com.qti.ltebc/com.qualcomm.ltebc.LTEBroadcastAlarmReceiver}
01-01 08:12:55.129 0 0 I binder : 3722:3722 ioctl 40046210 7fe5c1ab14 returned -22
04-06 02:10:16.183 1511 1700 I am_proc_bound: [0,3722,com.qti.ltebc]
04-06 02:10:16.185 1511 1700 D CompatibilityChangeReporter: Compat change id reported: 168419799; UID 10083; state: DISABLED
04-06 02:10:16.191 1511 1700 I am_uid_active: 10083
01-01 08:12:55.218 0 0 I binder : 2152:3737 ioctl 40046210 70c245bef4 returned -22
01-01 08:12:55.321 0 0 I init : processing action (sys.tlog.tlogdsho.active=1) from (/system/etc/init/tlogd.rc:155)
01-01 08:12:55.322 0 0 I init : starting service 'tlogdsho'...
01-01 08:12:55.368 0 0 I init : starting service 'hht_ota_mgr_service'...
01-01 08:12:55.426 0 0 I init : Service 'tlogdsho' (pid 3746) exited with status 0 oneshot service took 0.101000 seconds in background
01-01 08:12:55.426 0 0 I init : Sending signal 9 to service 'tlogdsho' (pid 3746) process group...
01-01 08:12:55.426 0 0 I libprocessgroup: Successfully killed process cgroup uid 0 pid 3746 in 0ms
04-06 02:10:16.495 3752 3752 I auditd : type=1400 audit(0.0:298): avc: denied { read append } for comm="hht_ota_mgr" name="NvmSim_yy.dat" dev="dm-10" ino=379 scontext=u:r:hht_ota_mgr:s0 tcontext=u:object_r:system_data_file:s0 tclass=file permissive=0
01-01 08:12:55.452 0 0 I init : Service 'hht_ota_mgr_service' (pid 3752) exited with status 0
01-01 08:12:55.452 0 0 I init : Sending signal 9 to service 'hht_ota_mgr_service' (pid 3752) process group...
01-01 08:12:55.453 0 0 I libprocessgroup: Successfully killed process cgroup uid 0 pid 3752 in 0ms
01-01 08:12:55.475 0 0 I init : Untracked pid 3751 exited with status 0
04-06 02:10:16.537 1511 1700 I am_uid_running: 10057
04-06 02:10:16.538 1511 1700 D CompatibilityChangeReporter: Compat change id reported: 135634846; UID 10057; state: DISABLED
04-06 02:10:16.538 1511 1700 D CompatibilityChangeReporter: Compat change id reported: 177438394; UID 10057; state: DISABLED
04-06 02:10:16.538 1511 1700 D CompatibilityChangeReporter: Compat change id reported: 135772972; UID 10057; state: DISABLED
04-06 02:10:16.538 1511 1700 D CompatibilityChangeReporter: Compat change id reported: 135754954; UID 10057; state: DISABLED
04-06 02:10:16.539 1511 1615 D CompatibilityChangeReporter: Compat change id reported: 143937733; UID 10057; state: DISABLED
04-06 02:10:16.557 1511 1615 I am_proc_start: [0,3761,10057,com.qualcomm.qti.qms.service.trustzoneaccess,service,{com.qualcomm.qti.qms.service.trustzoneaccess/com.qualcomm.qti.qms.service.trustzoneaccess.TZAccessService}]
04-06 02:10:16.557 1511 1615 I ActivityManager: Start proc 3761:com.qualcomm.qti.qms.service.trustzoneaccess/u0a57 for service {com.qualcomm.qti.qms.service.trustzoneaccess/com.qualcomm.qti.qms.service.trustzoneaccess.TZAccessService}
01-01 08:12:55.528 0 0 I binder : 3761:3761 ioctl 40046210 7fe5c1ab14 returned -22
04-06 02:10:16.586 1511 1700 I am_proc_bound: [0,3761,com.qualcomm.qti.qms.service.trustzoneaccess]
04-06 02:10:16.587 1511 1700 D CompatibilityChangeReporter: Compat change id reported: 168419799; UID 10057; state: DISABLED
01-01 08:12:55.545 0 0 I IRQ 5 : no longer affine to CPU4
04-06 02:10:16.698 1511 1990 I ActivityManager: Process com.qti.ltebc (pid 3722) has died: cch+5 CEM
04-06 02:10:16.699 1511 1990 I am_proc_died: [0,3722,com.qti.ltebc,905,19]
04-06 02:10:16.700 1511 1990 I am_uid_stopped: 10083
04-06 02:10:16.732 1511 1724 I GameModeConfig: isGameModeOn = false
04-06 02:10:16.733 1511 1724 I GameModeConfig: isGameModeOn = false
04-06 02:10:16.744 1511 1724 I GameModeConfig: isGameModeOn = false
04-06 02:10:16.869 1511 1724 I GameModeConfig: isGameModeOn = false
04-06 02:10:16.870 1511 1724 I GameModeConfig: isGameModeOn = false
04-06 02:10:16.870 1511 1724 I GameModeConfig: isGameModeOn = false
04-06 02:10:16.870 1511 1724 I GameModeConfig: isGameModeOn = false
04-06 02:10:17.038 1511 1724 I GameModeConfig: isGameModeOn = false
04-06 02:10:17.038 1511 1724 I GameModeConfig: isGameModeOn = false
04-06 02:10:17.076 1511 1724 I GameModeConfig: isGameModeOn = false
04-06 02:10:17.076 1511 1724 I GameModeConfig: isGameModeOn = false
04-06 02:10:17.132 1511 1724 I GameModeConfig: isGameModeOn = false
04-06 02:10:17.132 1511 1724 I GameModeConfig: isGameModeOn = false
04-06 02:10:17.183 1178 1178 I auditd : type=1400 audit(0.0:299): avc: denied { getattr } for comm="cnss_diag" path="/data/vendor/wifi/wlan_logs" dev="dm-10" ino=373 scontext=u:r:vendor_wcnss_service:s0 tcontext=u:object_r:vendor_wifi_vendor_log_data_file:s0 tclass=dir permissive=0
04-06 02:10:17.183 1178 1178 I auditd : type=1400 audit(0.0:300): avc: denied { read } for comm="cnss_diag" name="wlan_logs" dev="dm-10" ino=373 scontext=u:r:vendor_wcnss_service:s0 tcontext=u:object_r:vendor_wifi_vendor_log_data_file:s0 tclass=dir permissive=0
04-06 02:10:17.183 1178 1178 I auditd : type=1400 audit(0.0:301): avc: denied { search } for comm="cnss_diag" name="wlan_logs" dev="dm-10" ino=373 scontext=u:r:vendor_wcnss_service:s0 tcontext=u:object_r:vendor_wifi_vendor_log_data_file:s0 tclass=dir permissive=0
01-01 08:12:57.605 0 0 E DTC_ETH,link_delay_work_func: 3003, SQI=0, link=0
04-06 02:10:19.620 1511 1724 I GameModeConfig: isGameModeOn = false
04-06 02:10:19.621 1511 1724 I GameModeConfig: isGameModeOn = false
04-06 02:10:19.745 1511 1724 I GameModeConfig: isGameModeOn = false
04-06 02:10:19.745 1511 1724 I GameModeConfig: isGameModeOn = false
04-06 02:10:20.187 1178 1178 I auditd : type=1400 audit(0.0:302): avc: denied { getattr } for comm="cnss_diag" path="/data/vendor/wifi/wlan_logs" dev="dm-10" ino=373 scontext=u:r:vendor_wcnss_service:s0 tcontext=u:object_r:vendor_wifi_vendor_log_data_file:s0 tclass=dir permissive=0
04-06 02:10:20.187 1178 1178 I auditd : type=1400 audit(0.0:303): avc: denied { read } for comm="cnss_diag" name="wlan_logs" dev="dm-10" ino=373 scontext=u:r:vendor_wcnss_service:s0 tcontext=u:object_r:vendor_wifi_vendor_log_data_file:s0 tclass=dir permissive=0
04-06 02:10:20.191 1178 1178 I auditd : type=1400 audit(0.0:304): avc: denied { search } for comm="cnss_diag" name="wlan_logs" dev="dm-10" ino=373 scontext=u:r:vendor_wcnss_service:s0 tcontext=u:object_r:vendor_wifi_vendor_log_data_file:s0 tclass=dir permissive=0
04-06 02:10:21.301 1511 1724 I GameModeConfig: isGameModeOn = false
04-06 02:10:21.304 1511 1724 I GameModeConfig: isGameModeOn = false
01-01 08:13:00.377 0 0 I init : starting service 'hht_ota_mgr_service'...
04-06 02:10:21.519 3804 3804 I auditd : type=1400 audit(0.0:305): avc: denied { read append } for comm="hht_ota_mgr" name="NvmSim_yy.dat" dev="dm-10" ino=379 scontext=u:r:hht_ota_mgr:s0 tcontext=u:object_r:system_data_file:s0 tclass=file permissive=0
01-01 08:13:00.476 0 0 I init : Service 'hht_ota_mgr_service' (pid 3804) exited with status 0
01-01 08:13:00.476 0 0 I init : Sending signal 9 to service 'hht_ota_mgr_service' (pid 3804) process group...
01-01 08:13:00.476 0 0 I libprocessgroup: Successfully killed process cgroup uid 0 pid 3804 in 0ms
04-06 02:10:22.206 1511 1614 I ActivityManager: Waited long enough for: ServiceRecord{1bb9e68 u0 com.qti.diagservices/.QTIDiagServices}
04-06 02:10:23.191 1178 1178 I auditd : type=1400 audit(0.0:306): avc: denied { getattr } for comm="cnss_diag" path="/data/vendor/wifi/wlan_logs" dev="dm-10" ino=373 scontext=u:r:vendor_wcnss_service:s0 tcontext=u:object_r:vendor_wifi_vendor_log_data_file:s0 tclass=dir permissive=0
04-06 02:10:23.191 1178 1178 I auditd : type=1400 audit(0.0:307): avc: denied { read } for comm="cnss_diag" name="wlan_logs" dev="dm-10" ino=373 scontext=u:r:vendor_wcnss_service:s0 tcontext=u:object_r:vendor_wifi_vendor_log_data_file:s0 tclass=dir permissive=0
04-06 02:10:23.191 1178 1178 I auditd : type=1400 audit(0.0:308): avc: denied { search } for comm="cnss_diag" name="wlan_logs" dev="dm-10" ino=373 scontext=u:r:vendor_wcnss_service:s0 tcontext=u:object_r:vendor_wifi_vendor_log_data_file:s0 tclass=dir permissive=0
01-01 08:13:02.468 0 0 I mv2112_setup_work_handler: Try to setup link again!
01-01 08:13:02.468 0 0 I : mv2112_setup_forced
01-01 08:13:02.724 0 0 E DTC_ETH,link_delay_work_func: 3003, SQI=0, link=0
01-01 08:13:03.283 0 0 I : mv2112_setup_forced
01-01 08:13:03.283 0 0 I mv2112_setup_forced: Already setup link!
04-06 02:10:26.191 1178 1178 I auditd : type=1400 audit(0.0:309): avc: denied { getattr } for comm="cnss_diag" path="/data/vendor/wifi/wlan_logs" dev="dm-10" ino=373 scontext=u:r:vendor_wcnss_service:s0 tcontext=u:object_r:vendor_wifi_vendor_log_data_file:s0 tclass=dir permissive=0
04-06 02:10:26.191 1178 1178 I auditd : type=1400 audit(0.0:310): avc: denied { read } for comm="cnss_diag" name="wlan_logs" dev="dm-10" ino=373 scontext=u:r:vendor_wcnss_service:s0 tcontext=u:object_r:vendor_wifi_vendor_log_data_file:s0 tclass=dir permissive=0
04-06 02:10:26.191 1178 1178 I auditd : type=1400 audit(0.0:311): avc: denied { search } for comm="cnss_diag" name="wlan_logs" dev="dm-10" ino=373 scontext=u:r:vendor_wcnss_service:s0 tcontext=u:object_r:vendor_wifi_vendor_log_data_file:s0 tclass=dir permissive=0
01-01 08:13:05.387 0 0 I init : starting service 'hht_ota_mgr_service'...
04-06 02:10:26.527 3805 3805 I auditd : type=1400 audit(0.0:312): avc: denied { read append } for comm="hht_ota_mgr" name="NvmSim_yy.dat" dev="dm-10" ino=379 scontext=u:r:hht_ota_mgr:s0 tcontext=u:object_r:system_data_file:s0 tclass=file permissive=0
01-01 08:13:05.489 0 0 I init : Service 'hht_ota_mgr_service' (pid 3805) exited with status 0
01-01 08:13:05.489 0 0 I init : Sending signal 9 to service 'hht_ota_mgr_service' (pid 3805) process group...
01-01 08:13:05.489 0 0 I libprocessgroup: Successfully killed process cgroup uid 0 pid 3805 in 0ms
04-06 02:10:26.776 1511 1613 I am_pss : [2899,10090,com.qualcomm.qtil.aptxui,7256064,5644288,0,91598848,0,19,11]
04-06 02:10:26.788 1511 1613 I am_pss : [2882,10074,com.qualcomm.location.XT,6429696,4648960,0,94064640,0,6,10]
04-06 02:10:26.799 1511 1613 I am_pss : [2416,1000,com.android.settings,33270784,19369984,0,148258816,0,14,10]
04-06 02:10:26.806 1511 1613 I am_pss : [2429,10098,android.ext.services,6924288,4972544,0,96034816,0,5,6]
04-06 02:10:26.900 1511 1613 I am_pss : [3003,10022,com.android.traceur,10217472,8499200,0,96792576,0,19,11]
01-01 08:13:07.844 0 0 E DTC_ETH,link_delay_work_func: 3003, SQI=0, link=0
04-06 02:10:29.195 1178 1178 I auditd : type=1400 audit(0.0:313): avc: denied { getattr } for comm="cnss_diag" path="/data/vendor/wifi/wlan_logs" dev="dm-10" ino=373 scontext=u:r:vendor_wcnss_service:s0 tcontext=u:object_r:vendor_wifi_vendor_log_data_file:s0 tclass=dir permissive=0
04-06 02:10:29.195 1178 1178 I auditd : type=1400 audit(0.0:314): avc: denied { read } for comm="cnss_diag" name="wlan_logs" dev="dm-10" ino=373 scontext=u:r:vendor_wcnss_service:s0 tcontext=u:object_r:vendor_wifi_vendor_log_data_file:s0 tclass=dir permissive=0
04-06 02:10:29.195 1178 1178 I auditd : type=1400 audit(0.0:315): avc: denied { search } for comm="cnss_diag" name="wlan_logs" dev="dm-10" ino=373 scontext=u:r:vendor_wcnss_service:s0 tcontext=u:object_r:vendor_wifi_vendor_log_data_file:s0 tclass=dir permissive=0
01-01 08:13:08.613 0 0 I display_panel_avdd: disabling
01-01 08:13:08.614 0 0 I vdd_tof : disabling
04-06 02:10:29.838 1511 1613 I am_pss : [2906,1000,com.android.keychain,8199168,6508544,0,94261248,0,19,11]
04-06 02:10:29.848 1511 1613 I am_pss : [3408,1000,com.android.dynsystem:dynsystem,5763072,3911680,0,91852800,0,19,8]
04-06 02:10:29.856 1511 1613 I am_pss : [3385,1000,com.android.dynsystem,5477376,3768320,0,90771456,0,19,7]
04-06 02:10:29.862 1511 1613 I am_pss : [3367,1000,com.android.localtransport,5488640,3809280,0,91664384,0,19,6]
04-06 02:10:29.868 1511 1613 I am_pss : [3140,1000,com.qti.diagservices,5969920,3895296,0,95776768,0,10,5]
04-06 02:10:29.962 1511 1613 I am_pss : [3444,10027,com.android.managedprovisioning,8865792,7200768,0,94711808,0,19,9]
04-06 02:10:30.077 1511 1613 I am_pss : [3459,10087,com.android.music,7517184,5332992,0,94097408,0,19,11]
04-06 02:10:30.157 1511 1613 I am_pss : [3476,10062,com.android.onetimeinitializer,5165056,3510272,0,90537984,0,19,11]
04-06 02:10:30.423 1511 1613 I am_pss : [3508,10096,com.android.permissioncontroller,11547648,9756672,0,99143680,0,19,9]
04-06 02:10:30.431 1511 1613 I am_pss : [3493,10019,com.android.packageinstaller,7165952,5562368,0,91287552,0,19,7]
04-06 02:10:30.667 1511 1613 I am_pss : [3545,2000,com.android.shell,5862400,4235264,0,90890240,0,19,12]
04-06 02:10:31.242 1511 1613 I am_pss : [3609,10061,com.qualcomm.qti.qms.service.connectionsecurity,18466816,4153344,0,77168640,0,19,10]
01-01 08:13:10.398 0 0 I init : starting service 'hht_ota_mgr_service'...
04-06 02:10:31.535 3806 3806 I auditd : type=1400 audit(0.0:316): avc: denied { read append } for comm="hht_ota_mgr" name="NvmSim_yy.dat" dev="dm-10" ino=379 scontext=u:r:hht_ota_mgr:s0 tcontext=u:object_r:system_data_file:s0 tclass=file permissive=0
01-01 08:13:10.497 0 0 I init : Service 'hht_ota_mgr_service' (pid 3806) exited with status 0
01-01 08:13:10.497 0 0 I init : Sending signal 9 to service 'hht_ota_mgr_service' (pid 3806) process group...
01-01 08:13:10.498 0 0 I libprocessgroup: Successfully killed process cgroup uid 0 pid 3806 in 0ms
04-06 02:10:32.195 1178 1178 I auditd : type=1400 audit(0.0:317): avc: denied { getattr } for comm="cnss_diag" path="/data/vendor/wifi/wlan_logs" dev="dm-10" ino=373 scontext=u:r:vendor_wcnss_service:s0 tcontext=u:object_r:vendor_wifi_vendor_log_data_file:s0 tclass=dir permissive=0
04-06 02:10:32.195 1178 1178 I auditd : type=1400 audit(0.0:318): avc: denied { read } for comm="cnss_diag" name="wlan_logs" dev="dm-10" ino=373 scontext=u:r:vendor_wcnss_service:s0 tcontext=u:object_r:vendor_wifi_vendor_log_data_file:s0 tclass=dir permissive=0
04-06 02:10:32.195 1178 1178 I auditd : type=1400 audit(0.0:319): avc: denied { search } for comm="cnss_diag" name="wlan_logs" dev="dm-10" ino=373 scontext=u:r:vendor_wcnss_service:s0 tcontext=u:object_r:vendor_wifi_vendor_log_data_file:s0 tclass=dir permissive=0
01-01 08:13:12.965 0 0 E DTC_ETH,link_delay_work_func: 3003, SQI=0, link=0
04-06 02:10:35.195 1178 1178 I auditd : type=1400 audit(0.0:320): avc: denied { getattr } for comm="cnss_diag" path="/data/vendor/wifi/wlan_logs" dev="dm-10" ino=373 scontext=u:r:vendor_wcnss_service:s0 tcontext=u:object_r:vendor_wifi_vendor_log_data_file:s0 tclass=dir permissive=0
04-06 02:10:35.195 1178 1178 I auditd : type=1400 audit(0.0:321): avc: denied { read } for comm="cnss_diag" name="wlan_logs" dev="dm-10" ino=373 scontext=u:r:vendor_wcnss_service:s0 tcontext=u:object_r:vendor_wifi_vendor_log_data_file:s0 tclass=dir permissive=0
04-06 02:10:35.195 1178 1178 I auditd : type=1400 audit(0.0:322): avc: denied { search } for comm="cnss_diag" name="wlan_logs" dev="dm-10" ino=373 scontext=u:r:vendor_wcnss_service:s0 tcontext=u:object_r:vendor_wifi_vendor_log_data_file:s0 tclass=dir permissive=0
01-01 08:13:14.972 0 0 I msm_vidc: high: 00000001: h264d: Closed video instance: 0000000000000000
01-01 08:13:15.013 0 0 I binder : undelivered transaction 63940, process died.
01-01 08:13:15.014 0 0 I init : Service 'bootanim' (pid 1099) exited with status 0 oneshot service took 34.235001 seconds in background
01-01 08:13:15.014 0 0 I init : Sending signal 9 to service 'bootanim' (pid 1099) process group...
01-01 08:13:15.014 0 0 I libprocessgroup: Successfully killed process cgroup uid 1003 pid 1099 in 0ms
01-01 08:13:15.405 0 0 I init : starting service 'hht_ota_mgr_service'...
04-06 02:10:36.547 3809 3809 I auditd : type=1400 audit(0.0:323): avc: denied { read append } for comm="hht_ota_mgr" name="NvmSim_yy.dat" dev="dm-10" ino=379 scontext=u:r:hht_ota_mgr:s0 tcontext=u:object_r:system_data_file:s0 tclass=file permissive=0
01-01 08:13:15.504 0 0 I init : Service 'hht_ota_mgr_service' (pid 3809) exited with status 0
01-01 08:13:15.504 0 0 I init : Sending signal 9 to service 'hht_ota_mgr_service' (pid 3809) process group...
01-01 08:13:15.505 0 0 I libprocessgroup: Successfully killed process cgroup uid 0 pid 3809 in 0ms
01-01 08:13:16.487 0 0 I msm_vidc: err : ffffffff: .....: DBLP Set: status 0
04-06 02:10:38.199 1178 1178 I auditd : type=1400 audit(0.0:324): avc: denied { getattr } for comm="cnss_diag" path="/data/vendor/wifi/wlan_logs" dev="dm-10" ino=373 scontext=u:r:vendor_wcnss_service:s0 tcontext=u:object_r:vendor_wifi_vendor_log_data_file:s0 tclass=dir permissive=0
04-06 02:10:38.199 1178 1178 I auditd : type=1400 audit(0.0:325): avc: denied { read } for comm="cnss_diag" name="wlan_logs" dev="dm-10" ino=373 scontext=u:r:vendor_wcnss_service:s0 tcontext=u:object_r:vendor_wifi_vendor_log_data_file:s0 tclass=dir permissive=0
04-06 02:10:38.199 1178 1178 I auditd : type=1400 audit(0.0:326): avc: denied { search } for comm="cnss_diag" name="wlan_logs" dev="dm-10" ino=373 scontext=u:r:vendor_wcnss_service:s0 tcontext=u:object_r:vendor_wifi_vendor_log_data_file:s0 tclass=dir permissive=0
01-01 08:13:18.085 0 0 E DTC_ETH,link_delay_work_func: 3003, SQI=0, link=0
04-06 02:10:41.116 1511 1691 I input_interaction: Interaction with: edge-swipe (server), swipe-up (server), PointerEventDispatcher0 (server),
04-06 02:10:41.199 1178 1178 I auditd : type=1400 audit(0.0:327): avc: denied { getattr } for comm="cnss_diag" path="/data/vendor/wifi/wlan_logs" dev="dm-10" ino=373 scontext=u:r:vendor_wcnss_service:s0 tcontext=u:object_r:vendor_wifi_vendor_log_data_file:s0 tclass=dir permissive=0
04-06 02:10:41.199 1178 1178 I auditd : type=1400 audit(0.0:328): avc: denied { read } for comm="cnss_diag" name="wlan_logs" dev="dm-10" ino=373 scontext=u:r:vendor_wcnss_service:s0 tcontext=u:object_r:vendor_wifi_vendor_log_data_file:s0 tclass=dir permissive=0
04-06 02:10:41.199 1178 1178 I auditd : type=1400 audit(0.0:329): avc: denied { search } for comm="cnss_diag" name="wlan_logs" dev="dm-10" ino=373 scontext=u:r:vendor_wcnss_service:s0 tcontext=u:object_r:vendor_wifi_vendor_log_data_file:s0 tclass=dir permissive=0
01-01 08:13:20.411 0 0 I init : starting service 'hht_ota_mgr_service'...
04-06 02:10:41.551 3811 3811 I auditd : type=1400 audit(0.0:330): avc: denied { read append } for comm="hht_ota_mgr" name="NvmSim_yy.dat" dev="dm-10" ino=379 scontext=u:r:hht_ota_mgr:s0 tcontext=u:object_r:system_data_file:s0 tclass=file permissive=0
01-01 08:13:20.508 0 0 I init : Service 'hht_ota_mgr_service' (pid 3811) exited with status 0
01-01 08:13:20.508 0 0 I init : Sending signal 9 to service 'hht_ota_mgr_service' (pid 3811) process group...
01-01 08:13:20.508 0 0 I libprocessgroup: Successfully killed process cgroup uid 0 pid 3811 in 0ms
04-06 02:10:44.199 1178 1178 I auditd : type=1400 audit(0.0:331): avc: denied { getattr } for comm="cnss_diag" path="/data/vendor/wifi/wlan_logs" dev="dm-10" ino=373 scontext=u:r:vendor_wcnss_service:s0 tcontext=u:object_r:vendor_wifi_vendor_log_data_file:s0 tclass=dir permissive=0
04-06 02:10:44.199 1178 1178 I auditd : type=1400 audit(0.0:332): avc: denied { read } for comm="cnss_diag" name="wlan_logs" dev="dm-10" ino=373 scontext=u:r:vendor_wcnss_service:s0 tcontext=u:object_r:vendor_wifi_vendor_log_data_file:s0 tclass=dir permissive=0
04-06 02:10:44.199 1178 1178 I auditd : type=1400 audit(0.0:333): avc: denied { search } for comm="cnss_diag" name="wlan_logs" dev="dm-10" ino=373 scontext=u:r:vendor_wcnss_service:s0 tcontext=u:object_r:vendor_wifi_vendor_log_data_file:s0 tclass=dir permissive=0
01-01 08:13:23.205 0 0 E DTC_ETH,link_delay_work_func: 3003, SQI=0, link=0
04-06 02:10:44.617 1511 1709 I netstats_mobile_sample: [0,0,0,0,0,0,0,0,0,0,0,0,1680718244617]
04-06 02:10:44.617 1511 1709 I netstats_wifi_sample: [0,0,0,0,0,0,0,0,0,0,0,0,1680718244617]
04-06 02:10:44.622 1511 1613 I am_pss : [1933,1002,com.android.bluetooth,29367296,22581248,0,138604544,0,0,10]
04-06 02:10:44.630 1511 1613 I am_pss : [2864,10097,com.android.providers.media.module,16642048,12709888,0,121131008,0,0,7]
04-06 02:10:44.637 1511 1613 I am_pss : [2675,10081,com.qualcomm.location,9981952,7438336,0,103178240,0,0,5]
04-06 02:10:44.643 1511 1613 I am_pss : [2170,1073,com.android.networkstack.process,11098112,8544256,0,105308160,0,0,5]
04-06 02:10:44.649 1511 1613 I am_pss : [2129,1001,.dataservices,7964672,6156288,0,94896128,0,0,6]
04-06 02:10:44.663 1511 1613 I am_pss : [1959,10084,com.android.systemui,184080384,160223232,0,336773120,0,1,12]
01-01 08:13:23.614 0 0 I [schedu][0x3a575e82][02:10:44.664950] wlan: [3347:I:OSIF] scan start scan id 40962
04-06 02:10:44.681 1511 1613 I am_pss : [1511,1000,system,196511744,100573184,0,504532992,0,0,17]
04-06 02:10:44.973 1203 1203 I wificond: Regulatory domain changed to country: CN on wiphy_index: 0
04-06 02:10:44.978 1203 1203 I wificond: 2.4Ghz frequencies: 2412 2417 2422 2427 2432 2437 2442 2447 2452 2457 2462 2467 2472
04-06 02:10:44.978 1203 1203 I wificond: 5Ghz non-DFS frequencies: 5180 5200 5220 5240 5745 5765 5785 5805 5825
04-06 02:10:44.978 1203 1203 I wificond: 5Ghz DFS frequencies: 5260 5280 5300 5320
04-06 02:10:44.978 1203 1203 I wificond: 6Ghz frequencies:
04-06 02:10:44.978 1203 1203 I wificond: 60Ghz frequencies:
01-01 08:13:24.793 0 0 I [schedu][0x3bb0d625][02:10:45.844145] wlan: [3347:I:OSIF] vdev 0, scan id 40962 type COMPLETED(1) reason COMPLETED(1) scan found 28 bss
01-01 08:13:25.418 0 0 I init : starting service 'hht_ota_mgr_service'...
04-06 02:10:46.559 3815 3815 I auditd : type=1400 audit(0.0:334): avc: denied { read append } for comm="hht_ota_mgr" name="NvmSim_yy.dat" dev="dm-10" ino=379 scontext=u:r:hht_ota_mgr:s0 tcontext=u:object_r:system_data_file:s0 tclass=file permissive=0
01-01 08:13:25.515 0 0 I init : Service 'hht_ota_mgr_service' (pid 3815) exited with status 0
01-01 08:13:25.515 0 0 I init : Sending signal 9 to service 'hht_ota_mgr_service' (pid 3815) process group...
01-01 08:13:25.516 0 0 I libprocessgroup: Successfully killed process cgroup uid 0 pid 3815 in 0ms
04-06 02:10:47.199 1178 1178 I auditd : type=1400 audit(0.0:335): avc: denied { getattr } for comm="cnss_diag" path="/data/vendor/wifi/wlan_logs" dev="dm-10" ino=373 scontext=u:r:vendor_wcnss_service:s0 tcontext=u:object_r:vendor_wifi_vendor_log_data_file:s0 tclass=dir permissive=0
04-06 02:10:47.199 1178 1178 I auditd : type=1400 audit(0.0:336): avc: denied { read } for comm="cnss_diag" name="wlan_logs" dev="dm-10" ino=373 scontext=u:r:vendor_wcnss_service:s0 tcontext=u:object_r:vendor_wifi_vendor_log_data_file:s0 tclass=dir permissive=0
04-06 02:10:47.199 1178 1178 I auditd : type=1400 audit(0.0:337): avc: denied { search } for comm="cnss_diag" name="wlan_logs" dev="dm-10" ino=373 scontext=u:r:vendor_wcnss_service:s0 tcontext=u:object_r:vendor_wifi_vendor_log_data_file:s0 tclass=dir permissive=0
01-01 08:13:28.325 0 0 E DTC_ETH,link_delay_work_func: 3003, SQI=0, link=0
04-06 02:10:50.203 1178 1178 I auditd : type=1400 audit(0.0:338): avc: denied { getattr } for comm="cnss_diag" path="/data/vendor/wifi/wlan_logs" dev="dm-10" ino=373 scontext=u:r:vendor_wcnss_service:s0 tcontext=u:object_r:vendor_wifi_vendor_log_data_file:s0 tclass=dir permissive=0
04-06 02:10:50.203 1178 1178 I auditd : type=1400 audit(0.0:339): avc: denied { read } for comm="cnss_diag" name="wlan_logs" dev="dm-10" ino=373 scontext=u:r:vendor_wcnss_service:s0 tcontext=u:object_r:vendor_wifi_vendor_log_data_file:s0 tclass=dir permissive=0
04-06 02:10:50.203 1178 1178 I auditd : type=1400 audit(0.0:340): avc: denied { search } for comm="cnss_diag" name="wlan_logs" dev="dm-10" ino=373 scontext=u:r:vendor_wcnss_service:s0 tcontext=u:object_r:vendor_wifi_vendor_log_data_file:s0 tclass=dir permissive=0
04-06 02:10:50.747 1511 1511 I service_manager_stats: [100,43,41922]
01-01 08:13:30.424 0 0 I init : starting service 'hht_ota_mgr_service'...
04-06 02:10:51.563 3816 3816 I auditd : type=1400 audit(0.0:341): avc: denied { read append } for comm="hht_ota_mgr" name="NvmSim_yy.dat" dev="dm-10" ino=379 scontext=u:r:hht_ota_mgr:s0 tcontext=u:object_r:system_data_file:s0 tclass=file permissive=0
01-01 08:13:30.522 0 0 I init : Service 'hht_ota_mgr_service' (pid 3816) exited with status 0
01-01 08:13:30.522 0 0 I init : Sending signal 9 to service 'hht_ota_mgr_service' (pid 3816) process group...
01-01 08:13:30.522 0 0 I libprocessgroup: Successfully killed process cgroup uid 0 pid 3816 in 0ms
04-06 02:10:53.203 1178 1178 I auditd : type=1400 audit(0.0:342): avc: denied { getattr } for comm="cnss_diag" path="/data/vendor/wifi/wlan_logs" dev="dm-10" ino=373 scontext=u:r:vendor_wcnss_service:s0 tcontext=u:object_r:vendor_wifi_vendor_log_data_file:s0 tclass=dir permissive=0
04-06 02:10:53.203 1178 1178 I auditd : type=1400 audit(0.0:343): avc: denied { read } for comm="cnss_diag" name="wlan_logs" dev="dm-10" ino=373 scontext=u:r:vendor_wcnss_service:s0 tcontext=u:object_r:vendor_wifi_vendor_log_data_file:s0 tclass=dir permissive=0
04-06 02:10:53.203 1178 1178 I auditd : type=1400 audit(0.0:344): avc: denied { search } for comm="cnss_diag" name="wlan_logs" dev="dm-10" ino=373 scontext=u:r:vendor_wcnss_service:s0 tcontext=u:object_r:vendor_wifi_vendor_log_data_file:s0 tclass=dir permissive=0
01-01 08:13:33.445 0 0 E DTC_ETH,link_delay_work_func: 3003, SQI=0, link=0
04-06 02:10:56.199 1178 1178 I auditd : type=1400 audit(0.0:345): avc: denied { getattr } for comm="cnss_diag" path="/data/vendor/wifi/wlan_logs" dev="dm-10" ino=373 scontext=u:r:vendor_wcnss_service:s0 tcontext=u:object_r:vendor_wifi_vendor_log_data_file:s0 tclass=dir permissive=0
04-06 02:10:56.199 1178 1178 I auditd : type=1400 audit(0.0:346): avc: denied { read } for comm="cnss_diag" name="wlan_logs" dev="dm-10" ino=373 scontext=u:r:vendor_wcnss_service:s0 tcontext=u:object_r:vendor_wifi_vendor_log_data_file:s0 tclass=dir permissive=0
04-06 02:10:56.199 1178 1178 I auditd : type=1400 audit(0.0:347): avc: denied { search } for comm="cnss_diag" name="wlan_logs" dev="dm-10" ino=373 scontext=u:r:vendor_wcnss_service:s0 tcontext=u:object_r:vendor_wifi_vendor_log_data_file:s0 tclass=dir permissive=0
01-01 08:13:35.435 0 0 I init : starting service 'hht_ota_mgr_service'...
04-06 02:10:56.575 3817 3817 I auditd : type=1400 audit(0.0:348): avc: denied { read append } for comm="hht_ota_mgr" name="NvmSim_yy.dat" dev="dm-10" ino=379 scontext=u:r:hht_ota_mgr:s0 tcontext=u:object_r:system_data_file:s0 tclass=file permissive=0
01-01 08:13:35.532 0 0 I init : Service 'hht_ota_mgr_service' (pid 3817) exited with status 0
01-01 08:13:35.532 0 0 I init : Sending signal 9 to service 'hht_ota_mgr_service' (pid 3817) process group...
01-01 08:13:35.532 0 0 I libprocessgroup: Successfully killed process cgroup uid 0 pid 3817 in 0ms
04-06 02:10:59.203 1178 1178 I auditd : type=1400 audit(0.0:349): avc: denied { getattr } for comm="cnss_diag" path="/data/vendor/wifi/wlan_logs" dev="dm-10" ino=373 scontext=u:r:vendor_wcnss_service:s0 tcontext=u:object_r:vendor_wifi_vendor_log_data_file:s0 tclass=dir permissive=0
04-06 02:10:59.203 1178 1178 I auditd : type=1400 audit(0.0:350): avc: denied { read } for comm="cnss_diag" name="wlan_logs" dev="dm-10" ino=373 scontext=u:r:vendor_wcnss_service:s0 tcontext=u:object_r:vendor_wifi_vendor_log_data_file:s0 tclass=dir permissive=0
04-06 02:10:59.203 1178 1178 I auditd : type=1400 audit(0.0:351): avc: denied { search } for comm="cnss_diag" name="wlan_logs" dev="dm-10" ino=373 scontext=u:r:vendor_wcnss_service:s0 tcontext=u:object_r:vendor_wifi_vendor_log_data_file:s0 tclass=dir permissive=0
01-01 08:13:38.565 0 0 E DTC_ETH,link_delay_work_func: 3003, SQI=0, link=0
01-01 08:13:40.446 0 0 I init : starting service 'hht_ota_mgr_service'...
04-06 02:11:01.583 3818 3818 I auditd : type=1400 audit(0.0:352): avc: denied { read append } for comm="hht_ota_mgr" name="NvmSim_yy.dat" dev="dm-10" ino=379 scontext=u:r:hht_ota_mgr:s0 tcontext=u:object_r:system_data_file:s0 tclass=file permissive=0
01-01 08:13:40.541 0 0 I init : Service 'hht_ota_mgr_service' (pid 3818) exited with status 0
01-01 08:13:40.541 0 0 I init : Sending signal 9 to service 'hht_ota_mgr_service' (pid 3818) process group...
01-01 08:13:40.541 0 0 I libprocessgroup: Successfully killed process cgroup uid 0 pid 3818 in 0ms
04-06 02:11:02.203 1178 1178 I auditd : type=1400 audit(0.0:353): avc: denied { getattr } for comm="cnss_diag" path="/data/vendor/wifi/wlan_logs" dev="dm-10" ino=373 scontext=u:r:vendor_wcnss_service:s0 tcontext=u:object_r:vendor_wifi_vendor_log_data_file:s0 tclass=dir permissive=0
04-06 02:11:02.203 1178 1178 I auditd : type=1400 audit(0.0:354): avc: denied { read } for comm="cnss_diag" name="wlan_logs" dev="dm-10" ino=373 scontext=u:r:vendor_wcnss_service:s0 tcontext=u:object_r:vendor_wifi_vendor_log_data_file:s0 tclass=dir permissive=0
04-06 02:11:02.203 1178 1178 I auditd : type=1400 audit(0.0:355): avc: denied { search } for comm="cnss_diag" name="wlan_logs" dev="dm-10" ino=373 scontext=u:r:vendor_wcnss_service:s0 tcontext=u:object_r:vendor_wifi_vendor_log_data_file:s0 tclass=dir permissive=0
01-01 08:13:43.685 0 0 E DTC_ETH,link_delay_work_func: 3003, SQI=0, link=0
04-06 02:11:04.804 1511 1604 D CompatibilityChangeReporter: Compat change id reported: 168419799; UID 10096; state: DISABLED
04-06 02:11:04.810 1511 1613 I am_pss : [2882,10074,com.qualcomm.location.XT,6430720,4648960,0,94064640,0,6,8]
04-06 02:11:05.203 1178 1178 I auditd : type=1400 audit(0.0:356): avc: denied { getattr } for comm="cnss_diag" path="/data/vendor/wifi/wlan_logs" dev="dm-10" ino=373 scontext=u:r:vendor_wcnss_service:s0 tcontext=u:object_r:vendor_wifi_vendor_log_data_file:s0 tclass=dir permissive=0
04-06 02:11:05.203 1178 1178 I auditd : type=1400 audit(0.0:357): avc: denied { read } for comm="cnss_diag" name="wlan_logs" dev="dm-10" ino=373 scontext=u:r:vendor_wcnss_service:s0 tcontext=u:object_r:vendor_wifi_vendor_log_data_file:s0 tclass=dir permissive=0
04-06 02:11:05.203 1178 1178 I auditd : type=1400 audit(0.0:358): avc: denied { search } for comm="cnss_diag" name="wlan_logs" dev="dm-10" ino=373 scontext=u:r:vendor_wcnss_service:s0 tcontext=u:object_r:vendor_wifi_vendor_log_data_file:s0 tclass=dir permissive=0
01-01 08:13:45.454 0 0 I init : starting service 'hht_ota_mgr_service'...
04-06 02:11:06.591 3828 3828 I auditd : type=1400 audit(0.0:359): avc: denied { read append } for comm="hht_ota_mgr" name="NvmSim_yy.dat" dev="dm-10" ino=379 scontext=u:r:hht_ota_mgr:s0 tcontext=u:object_r:system_data_file:s0 tclass=file permissive=0
01-01 08:13:45.549 0 0 I init : Service 'hht_ota_mgr_service' (pid 3828) exited with status 0
01-01 08:13:45.549 0 0 I init : Sending signal 9 to service 'hht_ota_mgr_service' (pid 3828) process group...
01-01 08:13:45.549 0 0 I libprocessgroup: Successfully killed process cgroup uid 0 pid 3828 in 0ms
04-06 02:11:08.207 1178 1178 I auditd : type=1400 audit(0.0:360): avc: denied { getattr } for comm="cnss_diag" path="/data/vendor/wifi/wlan_logs" dev="dm-10" ino=373 scontext=u:r:vendor_wcnss_service:s0 tcontext=u:object_r:vendor_wifi_vendor_log_data_file:s0 tclass=dir permissive=0
04-06 02:11:08.207 1178 1178 I auditd : type=1400 audit(0.0:361): avc: denied { read } for comm="cnss_diag" name="wlan_logs" dev="dm-10" ino=373 scontext=u:r:vendor_wcnss_service:s0 tcontext=u:object_r:vendor_wifi_vendor_log_data_file:s0 tclass=dir permissive=0
04-06 02:11:08.207 1178 1178 I auditd : type=1400 audit(0.0:362): avc: denied { search } for comm="cnss_diag" name="wlan_logs" dev="dm-10" ino=373 scontext=u:r:vendor_wcnss_service:s0 tcontext=u:object_r:vendor_wifi_vendor_log_data_file:s0 tclass=dir permissive=0
01-01 08:13:48.805 0 0 E DTC_ETH,link_delay_work_func: 3003, SQI=0, link=0
04-06 02:11:11.207 1178 1178 I auditd : type=1400 audit(0.0:363): avc: denied { getattr } for comm="cnss_diag" path="/data/vendor/wifi/wlan_logs" dev="dm-10" ino=373 scontext=u:r:vendor_wcnss_service:s0 tcontext=u:object_r:vendor_wifi_vendor_log_data_file:s0 tclass=dir permissive=0
04-06 02:11:11.207 1178 1178 I auditd : type=1400 audit(0.0:364): avc: denied { read } for comm="cnss_diag" name="wlan_logs" dev="dm-10" ino=373 scontext=u:r:vendor_wcnss_service:s0 tcontext=u:object_r:vendor_wifi_vendor_log_data_file:s0 tclass=dir permissive=0
04-06 02:11:11.207 1178 1178 I auditd : type=1400 audit(0.0:365): avc: denied { search } for comm="cnss_diag" name="wlan_logs" dev="dm-10" ino=373 scontext=u:r:vendor_wcnss_service:s0 tcontext=u:object_r:vendor_wifi_vendor_log_data_file:s0 tclass=dir permissive=0
01-01 08:13:50.465 0 0 I init : starting service 'hht_ota_mgr_service'...
04-06 02:11:11.599 3830 3830 I auditd : type=1400 audit(0.0:366): avc: denied { read append } for comm="hht_ota_mgr" name="NvmSim_yy.dat" dev="dm-10" ino=379 scontext=u:r:hht_ota_mgr:s0 tcontext=u:object_r:system_data_file:s0 tclass=file permissive=0
01-01 08:13:50.557 0 0 I init : Service 'hht_ota_mgr_service' (pid 3830) exited with status 0
01-01 08:13:50.557 0 0 I init : Sending signal 9 to service 'hht_ota_mgr_service' (pid 3830) process group...
01-01 08:13:50.557 0 0 I libprocessgroup: Successfully killed process cgroup uid 0 pid 3830 in 0ms
04-06 02:11:14.207 1178 1178 I auditd : type=1400 audit(0.0:367): avc: denied { getattr } for comm="cnss_diag" path="/data/vendor/wifi/wlan_logs" dev="dm-10" ino=373 scontext=u:r:vendor_wcnss_service:s0 tcontext=u:object_r:vendor_wifi_vendor_log_data_file:s0 tclass=dir permissive=0
04-06 02:11:14.207 1178 1178 I auditd : type=1400 audit(0.0:368): avc: denied { read } for comm="cnss_diag" name="wlan_logs" dev="dm-10" ino=373 scontext=u:r:vendor_wcnss_service:s0 tcontext=u:object_r:vendor_wifi_vendor_log_data_file:s0 tclass=dir permissive=0
04-06 02:11:14.207 1178 1178 I auditd : type=1400 audit(0.0:369): avc: denied { search } for comm="cnss_diag" name="wlan_logs" dev="dm-10" ino=373 scontext=u:r:vendor_wcnss_service:s0 tcontext=u:object_r:vendor_wifi_vendor_log_data_file:s0 tclass=dir permissive=0
04-06 02:11:14.972 1511 1613 I am_pss : [2864,10097,com.android.providers.media.module,16637952,12709888,0,121131008,0,0,10]
01-01 08:13:53.924 0 0 E DTC_ETH,link_delay_work_func: 3003, SQI=0, link=0
04-06 02:11:14.980 1511 1613 I am_pss : [2675,10081,com.qualcomm.location,9977856,7438336,0,103178240,0,0,7]
04-06 02:11:15.639 1511 1614 I am_uid_idle: 10026
01-01 08:13:55.477 0 0 I init : starting service 'hht_ota_mgr_service'...
04-06 02:11:16.607 3834 3834 I auditd : type=1400 audit(0.0:370): avc: denied { read append } for comm="hht_ota_mgr" name="NvmSim_yy.dat" dev="dm-10" ino=379 scontext=u:r:hht_ota_mgr:s0 tcontext=u:object_r:system_data_file:s0 tclass=file permissive=0
01-01 08:13:55.565 0 0 I init : Service 'hht_ota_mgr_service' (pid 3834) exited with status 0
01-01 08:13:55.565 0 0 I init : Sending signal 9 to service 'hht_ota_mgr_service' (pid 3834) process group...
01-01 08:13:55.566 0 0 I libprocessgroup: Successfully killed process cgroup uid 0 pid 3834 in 0ms
04-06 02:11:17.207 1178 1178 I auditd : type=1400 audit(0.0:371): avc: denied { getattr } for comm="cnss_diag" path="/data/vendor/wifi/wlan_logs" dev="dm-10" ino=373 scontext=u:r:vendor_wcnss_service:s0 tcontext=u:object_r:vendor_wifi_vendor_log_data_file:s0 tclass=dir permissive=0
04-06 02:11:17.207 1178 1178 I auditd : type=1400 audit(0.0:372): avc: denied { read } for comm="cnss_diag" name="wlan_logs" dev="dm-10" ino=373 scontext=u:r:vendor_wcnss_service:s0 tcontext=u:object_r:vendor_wifi_vendor_log_data_file:s0 tclass=dir permissive=0
04-06 02:11:17.207 1178 1178 I auditd : type=1400 audit(0.0:373): avc: denied { search } for comm="cnss_diag" name="wlan_logs" dev="dm-10" ino=373 scontext=u:r:vendor_wcnss_service:s0 tcontext=u:object_r:vendor_wifi_vendor_log_data_file:s0 tclass=dir permissive=0
04-06 02:11:17.487 1511 1614 I am_uid_idle: 10072
01-01 08:13:59.045 0 0 E DTC_ETH,link_delay_work_func: 3003, SQI=0, link=0
04-06 02:11:20.207 1178 1178 I auditd : type=1400 audit(0.0:374): avc: denied { getattr } for comm="cnss_diag" path="/data/vendor/wifi/wlan_logs" dev="dm-10" ino=373 scontext=u:r:vendor_wcnss_service:s0 tcontext=u:object_r:vendor_wifi_vendor_log_data_file:s0 tclass=dir permissive=0
04-06 02:11:20.207 1178 1178 I auditd : type=1400 audit(0.0:375): avc: denied { read } for comm="cnss_diag" name="wlan_logs" dev="dm-10" ino=373 scontext=u:r:vendor_wcnss_service:s0 tcontext=u:object_r:vendor_wifi_vendor_log_data_file:s0 tclass=dir permissive=0
04-06 02:11:20.207 1178 1178 I auditd : type=1400 audit(0.0:376): avc: denied { search } for comm="cnss_diag" name="wlan_logs" dev="dm-10" ino=373 scontext=u:r:vendor_wcnss_service:s0 tcontext=u:object_r:vendor_wifi_vendor_log_data_file:s0 tclass=dir permissive=0
01-01 08:14:00.488 0 0 I init : starting service 'hht_ota_mgr_service'...
04-06 02:11:21.631 3835 3835 I auditd : type=1400 audit(0.0:377): avc: denied { read append } for comm="hht_ota_mgr" name="NvmSim_yy.dat" dev="dm-10" ino=379 scontext=u:r:hht_ota_mgr:s0 tcontext=u:object_r:system_data_file:s0 tclass=file permissive=0
01-01 08:14:00.588 0 0 I init : Service 'hht_ota_mgr_service' (pid 3835) exited with status 0
01-01 08:14:00.588 0 0 I init : Sending signal 9 to service 'hht_ota_mgr_service' (pid 3835) process group...
01-01 08:14:00.588 0 0 I libprocessgroup: Successfully killed process cgroup uid 0 pid 3835 in 0ms
04-06 02:11:23.211 1178 1178 I auditd : type=1400 audit(0.0:378): avc: denied { getattr } for comm="cnss_diag" path="/data/vendor/wifi/wlan_logs" dev="dm-10" ino=373 scontext=u:r:vendor_wcnss_service:s0 tcontext=u:object_r:vendor_wifi_vendor_log_data_file:s0 tclass=dir permissive=0
04-06 02:11:23.211 1178 1178 I auditd : type=1400 audit(0.0:379): avc: denied { read } for comm="cnss_diag" name="wlan_logs" dev="dm-10" ino=373 scontext=u:r:vendor_wcnss_service:s0 tcontext=u:object_r:vendor_wifi_vendor_log_data_file:s0 tclass=dir permissive=0
04-06 02:11:23.211 1178 1178 I auditd : type=1400 audit(0.0:380): avc: denied { search } for comm="cnss_diag" name="wlan_logs" dev="dm-10" ino=373 scontext=u:r:vendor_wcnss_service:s0 tcontext=u:object_r:vendor_wifi_vendor_log_data_file:s0 tclass=dir permissive=0
01-01 08:14:04.165 0 0 E DTC_ETH,link_delay_work_func: 3003, SQI=0, link=0
04-06 02:11:26.211 1178 1178 I auditd : type=1400 audit(0.0:381): avc: denied { getattr } for comm="cnss_diag" path="/data/vendor/wifi/wlan_logs" dev="dm-10" ino=373 scontext=u:r:vendor_wcnss_service:s0 tcontext=u:object_r:vendor_wifi_vendor_log_data_file:s0 tclass=dir permissive=0
04-06 02:11:26.211 1178 1178 I auditd : type=1400 audit(0.0:382): avc: denied { read } for comm="cnss_diag" name="wlan_logs" dev="dm-10" ino=373 scontext=u:r:vendor_wcnss_service:s0 tcontext=u:object_r:vendor_wifi_vendor_log_data_file:s0 tclass=dir permissive=0
04-06 02:11:26.211 1178 1178 I auditd : type=1400 audit(0.0:383): avc: denied { search } for comm="cnss_diag" name="wlan_logs" dev="dm-10" ino=373 scontext=u:r:vendor_wcnss_service:s0 tcontext=u:object_r:vendor_wifi_vendor_log_data_file:s0 tclass=dir permissive=0
01-01 08:14:05.499 0 0 I init : starting service 'hht_ota_mgr_service'...
04-06 02:11:26.639 3836 3836 I auditd : type=1400 audit(0.0:384): avc: denied { read append } for comm="hht_ota_mgr" name="NvmSim_yy.dat" dev="dm-10" ino=379 scontext=u:r:hht_ota_mgr:s0 tcontext=u:object_r:system_data_file:s0 tclass=file permissive=0
01-01 08:14:05.597 0 0 I init : Service 'hht_ota_mgr_service' (pid 3836) exited with status 0
01-01 08:14:05.597 0 0 I init : Sending signal 9 to service 'hht_ota_mgr_service' (pid 3836) process group...
01-01 08:14:05.597 0 0 I libprocessgroup: Successfully killed process cgroup uid 0 pid 3836 in 0ms
04-06 02:11:26.767 1511 1614 I am_uid_idle: 10022
