01-01 08:12:37.475 0 0 I adsprpc : fastrpc_device_init: SSR notifier registered for slpi
01-01 08:12:37.475 0 0 I adsprpc : fastrpc_device_init: SSR notifier registered for cdsp
01-01 08:12:37.475 0 0 E register_client_adhoc: find path.src 1 dest 589
01-01 08:12:37.475 0 0 E register_client_adhoc: Failed to find path.src 1 dest 589
01-01 08:12:37.476 0 0 E register_client_adhoc: find path.src 1 dest 589
01-01 08:12:37.476 0 0 E register_client_adhoc: Failed to find path.src 1 dest 589
01-01 08:12:37.476 0 0 I ngd_msm_ctrl 3ac0000.slim: Linked as a consumer to 15000000.apps-smmu
01-01 08:12:37.476 0 0 I iommu : Adding device 3ac0000.slim to group 46
01-01 08:12:37.477 0 0 E register_client_adhoc: find path.src 1 dest 589
01-01 08:12:37.477 0 0 E register_client_adhoc: Failed to find path.src 1 dest 589
01-01 08:12:37.478 0 0 I input : gpio-keys as /devices/platform/soc/soc:gpio_keys/input/input3
01-01 08:12:37.478 0 0 E register_client_adhoc: find path.src 1 dest 589
01-01 08:12:37.478 0 0 E register_client_adhoc: Failed to find path.src 1 dest 589
01-01 08:12:37.479 0 0 E register_client_adhoc: find path.src 1 dest 589
01-01 08:12:37.479 0 0 E register_client_adhoc: Failed to find path.src 1 dest 589
01-01 08:12:37.480 0 0 I lpm_levels: Cluster (L3) stats not registered
01-01 08:12:37.481 0 0 E register_client_adhoc: find path.src 1 dest 589
01-01 08:12:37.481 0 0 E register_client_adhoc: Failed to find path.src 1 dest 589
01-01 08:12:37.484 0 0 I : rmnet_ipa3 started initialization
01-01 08:12:37.484 0 0 I : RNDIS_IPA module is loaded.
01-01 08:12:37.484 0 0 E : [drm:dp_display_init_aux_switch][msm-dp-err][1 ]failed to register notifier (-22)
01-01 08:12:37.485 0 0 I : msm notifier probed successfully
01-01 08:12:37.485 0 0 I cfg80211: Loading compiled-in X.509 certificates for regulatory database
01-01 08:12:37.485 0 0 E register_client_adhoc: find path.src 1 dest 589
01-01 08:12:37.485 0 0 E register_client_adhoc: Failed to find path.src 1 dest 589
01-01 08:12:37.486 0 0 E : [drm:dp_display_init_aux_switch][msm-dp-err][391 ]failed to register notifier (-22)
01-01 08:12:37.486 0 0 I cfg80211: Loaded X.509 cert 'sforshee: 00b28ddf47aef9cea7'
01-01 08:12:37.487 0 0 E msm_bus_late_init: Remove handoff bw requests
01-01 08:12:37.488 0 0 I regulator_proxy_consumer_remove_all: removing regulator proxy consumer requests
01-01 08:12:37.488 0 0 I : ALSA device list:
01-01 08:12:37.488 0 0 I : No soundcards found.
01-01 08:12:37.488 0 0 E : Warning: unable to open an initial console.
01-01 08:12:37.489 0 0 I : Freeing unused kernel memory: 4096K
01-01 08:12:37.489 0 0 I : Run /init as init process
01-01 08:12:37.491 0 0 I init : init first stage started!
01-01 08:12:37.491 0 0 I init : Unable to open /lib/modules, skipping module loading.
01-01 08:12:37.492 0 0 I init : [libfs_mgr]dt_fstab: Skip disabled entry for partition vendor
01-01 08:12:37.492 0 0 I init : [libfs_mgr]ReadFstabFromDt(): failed to read fstab from dt
01-01 08:12:37.492 0 0 I init : [libfs_mgr]dt_fstab: Skip disabled entry for partition vendor
01-01 08:12:37.492 0 0 W init : [libfs_mgr]Warning: unknown flag: resize
01-01 08:12:37.493 0 0 I init : Using Android DT directory /proc/device-tree/firmware/android/
01-01 08:12:37.524 0 0 I init : [libfs_mgr]superblock s_max_mnt_count:65535,/dev/block/platform/soc/1d84000.ufshc/by-name/metadata
01-01 08:12:37.524 0 0 I init : [libfs_mgr]check_fs(): mount(/dev/block/platform/soc/1d84000.ufshc/by-name/metadata,/metadata,ext4)=-1: No such file or directory
01-01 08:12:37.524 0 0 I init : [libfs_mgr]Running /system/bin/e2fsck on /dev/block/sda11
01-01 08:12:37.525 0 0 I e2fsck : e2fsck 1.45.4 (23-Sep-2019)
01-01 08:12:37.528 0 0 I e2fsck : Pass 1: Checking inodes, blocks, and sizes
01-01 08:12:37.530 0 0 I e2fsck : Pass 2: Checking directory structure
01-01 08:12:37.531 0 0 I e2fsck : Pass 3: Checking directory connectivity
01-01 08:12:37.531 0 0 I e2fsck : Pass 4: Checking reference counts
01-01 08:12:37.531 0 0 I e2fsck : Pass 5: Checking group summary information
01-01 08:12:37.534 0 0 I e2fsck : /dev/block/platform/soc/1d84000.ufshc/by-name/metadata: 37/4096 files (0.0% non-contiguous), 1201/4096 blocks
01-01 08:12:37.536 0 0 I EXT4-fs (sda11): mounted filesystem with ordered data mode. Opts: discard
01-01 08:12:37.542 0 0 I device-mapper: verity: sha256 using implementation "sha256-ce"
01-01 08:12:37.545 0 0 W EXT4-fs (dm-5): mounting with "discard" option, but the device does not support discard
01-01 08:12:37.545 0 0 I EXT4-fs (dm-5): mounted filesystem without journal. Opts: barrier=1,discard
01-01 08:12:37.548 0 0 I device-mapper: verity: sha256 using implementation "sha256-ce"
01-01 08:12:37.552 0 0 W EXT4-fs (dm-6): mounting with "discard" option, but the device does not support discard
01-01 08:12:37.552 0 0 I EXT4-fs (dm-6): mounted filesystem without journal. Opts: barrier=1,discard
01-01 08:12:37.552 0 0 I device-mapper: verity: sha256 using implementation "sha256-ce"
01-01 08:12:37.555 0 0 W EXT4-fs (dm-7): mounting with "discard" option, but the device does not support discard
01-01 08:12:37.555 0 0 I EXT4-fs (dm-7): mounted filesystem without journal. Opts: barrier=1,discard
01-01 08:12:37.555 0 0 I device-mapper: verity: sha1 using implementation "sha1-ce"
01-01 08:12:37.560 0 0 W EXT4-fs (dm-8): mounting with "discard" option, but the device does not support discard
01-01 08:12:37.560 0 0 I EXT4-fs (dm-8): mounted filesystem without journal. Opts: barrier=1,discard
01-01 08:12:37.561 0 0 I device-mapper: verity: sha1 using implementation "sha1-ce"
01-01 08:12:37.565 0 0 W EXT4-fs (dm-9): mounting with "discard" option, but the device does not support discard
01-01 08:12:37.565 0 0 I EXT4-fs (dm-9): mounted filesystem without journal. Opts: barrier=1,discard
01-01 08:12:37.566 0 0 I EXT4-fs (sda2): mounted filesystem with ordered data mode. Opts: barrier=1
01-01 08:12:37.579 0 0 W init : 37 output lines suppressed due to ratelimiting
01-01 08:12:37.593 0 0 I msm_pcie_enable: PCIe: Assert the reset of endpoint of RC1.
01-01 08:12:37.598 0 0 I msm_pcie_enable: PCIe: RC1: PCIE20_PARF_INT_ALL_MASK: 0x7f80d202
01-01 08:12:37.600 0 0 I pcie_phy_init: PCIe RC1 PHY is ready!
01-01 08:12:37.610 0 0 I msm_pcie_enable: PCIe: Release the reset of endpoint of RC1.
01-01 08:12:37.637 0 0 I msm_pcie_link_train: PCIe RC1 link initialized
01-01 08:12:37.637 0 0 I pci-msm 1c08000.qcom,pcie: host bridge /soc/qcom,pcie@1c08000 ranges:
01-01 08:12:37.637 0 0 I pci-msm 1c08000.qcom,pcie: No bus range found for /soc/qcom,pcie@1c08000, using [bus 00-ff]
01-01 08:12:37.637 0 0 I pci-msm 1c08000.qcom,pcie: IO 0x40200000..0x402fffff -> 0x40200000
01-01 08:12:37.637 0 0 I pci-msm 1c08000.qcom,pcie: MEM 0x40300000..0x5fffffff -> 0x40300000
01-01 08:12:37.638 0 0 I pci-msm 1c08000.qcom,pcie: PCI host bridge to bus 0001:00
01-01 08:12:37.638 0 0 I pci_bus 0001: 00: root bus resource [bus 00-ff]
01-01 08:12:37.638 0 0 I pci_bus 0001: 00: root bus resource [io 0x100000-0x1fffff] (bus address [0x40200000-0x402fffff])
01-01 08:12:37.638 0 0 I pci_bus 0001: 00: root bus resource [mem 0x40300000-0x5fffffff]
01-01 08:12:37.638 0 0 D pci 0001: 00:00.0: [17cb:010b] type 01 class 0x060400
01-01 08:12:37.638 0 0 D pci 0001: 00:00.0: reg 0x10: [mem 0x00000000-0x00000fff 64bit]
01-01 08:12:37.638 0 0 D pci 0001: 00:00.0: PME# supported from D0 D3hot D3cold
01-01 08:12:37.655 0 0 I pci 0001: 00:00.0: bridge configuration invalid ([bus 00-00]), reconfiguring
01-01 08:12:37.655 1055 1055 D pci 0001: 01:00.0: [1055:7431] type 00 class 0x020000
01-01 08:12:37.655 0 0 D pci 0001: 01:00.0: reg 0x10: [mem 0x00000000-0x00001fff 64bit]
01-01 08:12:37.655 0 0 D pci 0001: 01:00.0: reg 0x18: [mem 0x00000000-0x000000ff 64bit]
01-01 08:12:37.655 0 0 D pci 0001: 01:00.0: reg 0x20: [mem 0x00000000-0x000000ff 64bit]
01-01 08:12:37.656 0 0 D pci 0001: 01:00.0: PME# supported from D0 D3hot D3cold
01-01 08:12:37.672 0 0 D pci_bus 0001: 01: busn_res: [bus 01-ff] end is updated to 01
01-01 08:12:37.672 0 0 D pci 0001: 00:00.0: bridge window [io 0x1000-0x0fff] to [bus 01] add_size 1000
01-01 08:12:37.672 0 0 D pci 0001: 00:00.0: bridge window [mem 0x00100000-0x000fffff 64bit pref] to [bus 01] add_size 200000 add_align 100000
01-01 08:12:37.672 0 0 D pci 0001: 00:00.0: bridge window [mem 0x00100000-0x001fffff] to [bus 01] add_size 200000 add_align 100000
01-01 08:12:37.672 0 0 I pci 0001: 00:00.0: BAR 8: assigned [mem 0x40300000-0x405fffff]
01-01 08:12:37.672 0 0 I pci 0001: 00:00.0: BAR 9: assigned [mem 0x40600000-0x407fffff 64bit pref]
01-01 08:12:37.672 0 0 I pci 0001: 00:00.0: BAR 0: assigned [mem 0x40800000-0x40800fff 64bit]
01-01 08:12:37.672 0 0 I pci 0001: 00:00.0: BAR 7: assigned [io 0x100000-0x100fff]
01-01 08:12:37.672 0 0 I pci 0001: 01:00.0: BAR 0: assigned [mem 0x40300000-0x40301fff 64bit]
01-01 08:12:37.672 0 0 I pci 0001: 01:00.0: BAR 2: assigned [mem 0x40302000-0x403020ff 64bit]
01-01 08:12:37.672 0 0 I pci 0001: 01:00.0: BAR 4: assigned [mem 0x40302100-0x403021ff 64bit]
01-01 08:12:37.672 0 0 I pci 0001: 00:00.0: PCI bridge to [bus 01]
01-01 08:12:37.672 0 0 I pci 0001: 00:00.0: bridge window [io 0x100000-0x100fff]
01-01 08:12:37.672 0 0 I pci 0001: 00:00.0: bridge window [mem 0x40300000-0x405fffff]
01-01 08:12:37.672 0 0 I pci 0001: 00:00.0: bridge window [mem 0x40600000-0x407fffff 64bit pref]
01-01 08:12:37.672 0 0 I pci-msm-rc 0001: 00:00.0: Linked as a consumer to 15000000.apps-smmu
01-01 08:12:37.672 0 0 I iommu : Adding device 0001:00:00.0 to group 47
01-01 08:12:37.673 0 0 I lan743x 0001: 01:00.0: Linked as a consumer to 15000000.apps-smmu
01-01 08:12:37.673 0 0 I iommu : Adding device 0001:01:00.0 to group 3
01-01 08:12:37.673 0 0 I ethernet: enter lan743x_pcidev_probe - lan743x
01-01 08:12:37.673 0 0 I pci-msm-rc 0001: 00:00.0: enabling device (0000 -> 0003)
01-01 08:12:37.673 0 0 I lan743x 0001: 01:00.0: enabling device (0000 -> 0002)
01-01 08:12:37.673 0 0 I lan743x 0001: 01:00.0 (unnamed net_device) (uninitialized): PCI: Vendor ID = 0x1055, Device ID = 0x7431
01-01 08:12:37.673 0 0 I lan743x 0001: 01:00.0 (unnamed net_device) (uninitialized): ID_REV = 0x74310011, FPGA_REV = 0.0
01-01 08:12:37.674 0 0 E register_client_adhoc: find path.src 1 dest 589
01-01 08:12:37.674 0 0 E register_client_adhoc: Failed to find path.src 1 dest 589
01-01 08:12:37.675 0 0 E : [drm:dp_display_init_aux_switch][msm-dp-err][468 ]failed to register notifier (-22)
01-01 08:12:37.721 0 0 I init : [libfs_mgr]dt_fstab: Skip disabled entry for partition vendor
01-01 08:12:37.721 0 0 I init : [libfs_mgr]GetFstabPath()fstab_path:/odm/etc/fstab.default
01-01 08:12:37.721 0 0 I init : [libfs_mgr]GetFstabPath()fstab_path:/vendor/etc/fstab.default
01-01 08:12:37.722 0 0 I init : [libfs_mgr]GetFstabPath()fstab_path:/system/etc/fstab.default
01-01 08:12:37.722 0 0 I init : [libfs_mgr]GetFstabPath()fstab_path:/first_stage_ramdisk/system/etc/fstab.default
01-01 08:12:37.722 0 0 I init : [libfs_mgr]GetFstabPath()fstab_path:/fstab.default
01-01 08:12:37.722 0 0 I init : [libfs_mgr]GetFstabPath()fstab_path:/first_stage_ramdisk/fstab.default
01-01 08:12:37.722 0 0 I init : [libfs_mgr]GetFstabPath()fstab_path:/odm/etc/fstab.qcom
01-01 08:12:37.722 0 0 I init : [libfs_mgr]GetFstabPath()fstab_path:/vendor/etc/fstab.qcom
01-01 08:12:37.724 0 0 I init : [libfs_mgr]GetFstabPath()fstab_path.c_str():/vendor/etc/fstab.qcom
01-01 08:12:37.776 0 0 I lan743x 0001: 01:00.0 (unnamed net_device) (uninitialized): MAC address set to 36:7c:7c:00:00:0f
01-01 08:12:37.930 0 0 I mv2112_probe: mdio addr 0x0
01-01 08:12:37.946 0 0 I libphy : lan743x-mdiobus-ext: probed
01-01 08:12:37.947 0 0 E register_client_adhoc: find path.src 1 dest 589
01-01 08:12:37.947 0 0 E register_client_adhoc: Failed to find path.src 1 dest 589
01-01 08:12:37.949 0 0 E : [drm:dp_display_init_aux_switch][msm-dp-err][470 ]failed to register notifier (-22)
01-01 08:12:37.949 0 0 E register_client_adhoc: find path.src 1 dest 589
01-01 08:12:37.949 0 0 E register_client_adhoc: Failed to find path.src 1 dest 589
01-01 08:12:38.778 0 0 I SELinux : policy capability network_peer_controls=1
01-01 08:12:38.778 0 0 I SELinux : policy capability open_perms=1
01-01 08:12:38.778 0 0 I SELinux : policy capability extended_socket_class=1
01-01 08:12:38.778 0 0 I SELinux : policy capability always_check_network=0
01-01 08:12:38.778 0 0 I SELinux : policy capability cgroup_seclabel=0
01-01 08:12:38.778 0 0 I SELinux : policy capability nnp_nosuid_transition=1
01-01 08:12:38.803 503 503 I auditd : type=1403 audit(0.0:2): auid=4294967295 ses=4294967295 lsm=selinux res=1
01-01 08:12:38.803 503 503 I auditd : type=1404 audit(0.0:3): enforcing=1 old_enforcing=0 auid=4294967295 ses=4294967295 enabled=1 old-enabled=1 lsm=selinux res=1
01-01 08:12:38.816 0 0 W init : 8 output lines suppressed due to ratelimiting
01-01 08:12:38.827 0 0 I init : init second stage started!
01-01 08:12:38.840 0 0 I init : Using Android DT directory /proc/device-tree/firmware/android/
01-01 08:12:38.843 0 0 E init : Do not have permissions to set 'ro.adb.secure' to '1' in property file '/vendor/default.prop': SELinux permission check failed
01-01 08:12:38.843 0 0 E init : Do not have permissions to set 'persist.backup.ntpServer' to '0.pool.ntp.org' in property file '/vendor/build.prop': SELinux permission check failed
01-01 08:12:38.843 0 0 W init : Overriding previous property 'dalvik.vm.heapsize':'36m' with new value '512m'
01-01 08:12:38.844 0 0 E init : Do not have permissions to set 'persist.vendor.bt.a2dp_offload_cap' to 'sbc-aptx-aptxtws-aptxhd-aac-ldac' in property file '/vendor/build.prop': SELinux permission check failed
01-01 08:12:38.844 0 0 E init : Do not have permissions to set 'vendor.mm.enable.qcom_parser' to '16777215' in property file '/vendor/build.prop': SELinux permission check failed
01-01 08:12:38.844 0 0 E init : Do not have permissions to set 'persist.demo.hdmirotationlock' to 'false' in property file '/vendor/build.prop': SELinux permission check failed
01-01 08:12:38.844 0 0 W init : Couldn't load property file '/vendor_dlkm/etc/build.prop': open() failed: No such file or directory: No such file or directory
01-01 08:12:38.844 0 0 W init : Couldn't load property file '/odm_dlkm/etc/build.prop': open() failed: No such file or directory: No such file or directory
01-01 08:12:38.847 1 1 I auditd : type=1400 audit(0.0:4): avc: denied { relabelto } for comm="init" name="persist" dev="tmpfs" ino=12730 scontext=u:r:init:s0 tcontext=u:object_r:vendor_persist_block_device:s0 tclass=lnk_file permissive=0
01-01 08:12:38.867 1 1 I auditd : type=1107 audit(0.0:5): uid=0 auid=4294967295 ses=4294967295 subj=u:r:init:s0 msg='avc: denied { read } for property=persist.debug.trace pid=0 uid=0 gid=0 scontext=u:r:vendor_init:s0 tcontext=u:object_r:persist_debug_prop:s0 tclass=file permissive=0'
01-01 08:12:39.018 0 0 I ueventd : ueventd started!
01-01 08:12:39.020 0 0 I selinux : SELinux: Loaded file_contexts
01-01 08:12:39.020 0 0 I selinux :
01-01 08:12:39.020 0 0 I ueventd : Parsing file /system/etc/ueventd.rc...
01-01 08:12:39.021 0 0 I ueventd : Added '/vendor/etc/ueventd.rc' to import list
01-01 08:12:39.021 0 0 I ueventd : Added '/odm/etc/ueventd.rc' to import list
01-01 08:12:39.021 0 0 I ueventd : Parsing file /vendor/etc/ueventd.rc...
01-01 08:12:39.021 0 0 I ueventd : Unable to read config file '/vendor/etc/ueventd.rc': open() failed: No such file or directory
01-01 08:12:39.021 0 0 I ueventd : Parsing file /odm/etc/ueventd.rc...
01-01 08:12:39.021 0 0 I ueventd : Unable to read config file '/odm/etc/ueventd.rc': open() failed: No such file or directory
01-01 08:12:39.112 0 0 I atmel_mxt_ts 0-004a: T6 Config Checksum: 0x1B6EAC
01-01 08:12:39.112 0 0 I atmel_mxt_ts 0-004a: T25 Status 0x 0 Info: 00 00 00 00 00
01-01 08:12:39.119 479 479 I auditd : type=1400 audit(0.0:6): avc: denied { read } for comm="ueventd" name="persist" dev="tmpfs" ino=12730 scontext=u:r:ueventd:s0 tcontext=u:object_r:tmpfs:s0 tclass=lnk_file permissive=0
01-01 08:12:39.132 0 0 I atmel_mxt_ts 0-004a: Config file CRC 0x1B6EAC same as device CRC: No update required.
01-01 08:12:39.132 0 0 I atmel_mxt_ts 0-004a: Skip update config file
01-01 08:12:39.133 0 0 I atmel_mxt_ts 0-004a: Initialized power cfg: ACTV 10, IDLE 20
01-01 08:12:39.231 1 1 I auditd : type=1400 audit(0.0:7): avc: denied { mounton } for comm="init" path="/sys/kernel/tracing" dev="tracefs" ino=1 scontext=u:r:init:s0 tcontext=u:object_r:debugfs_tracing_debug:s0 tclass=dir permissive=0
01-01 08:12:39.281 0 0 W msm_11ad soc: qcom,wil6210: GPIO not found, dc GPIO not used
01-01 08:12:39.281 0 0 W msm_11ad soc: qcom,wil6210: GPIO not found, enable GPIO not used
01-01 08:12:39.281 0 0 W msm_11ad soc: qcom,wil6210: GPIO not found, sleep clock not used
01-01 08:12:39.281 0 0 W msm_11ad soc: qcom,wil6210: soc:qcom,wil6210 supply vdd not found, using dummy regulator
01-01 08:12:39.281 0 0 I msm_11ad soc: qcom,wil6210: Linked as a consumer to regulator.0
01-01 08:12:39.281 0 0 I msm_11ad soc: qcom,wil6210: Linked as a consumer to regulator.8
01-01 08:12:39.281 0 0 I msm_11ad soc: qcom,wil6210: Linked as a consumer to regulator.26
01-01 08:12:39.282 0 0 E msm_pcie_enumerate: PCIe: RC1: has already been enumerated.
01-01 08:12:39.282 0 0 E msm_11ad soc: qcom,wil6210: Wigig device not found
01-01 08:12:39.282 0 0 I msm_11ad soc: qcom,wil6210: Dropping the link to regulator.26
01-01 08:12:39.282 0 0 I msm_11ad soc: qcom,wil6210: Dropping the link to regulator.0
01-01 08:12:39.282 0 0 I msm_11ad soc: qcom,wil6210: Dropping the link to regulator.8
01-01 08:12:39.301 0 0 W q6_pdr_dlkm: loading out-of-tree module taints kernel.
01-01 08:12:39.304 0 0 W apr_dlkm: no symbol version for snd_event_notify
01-01 08:12:39.306 0 0 E : [drm:dp_display_init_aux_switch][msm-dp-err][434 ]failed to register notifier (-22)
01-01 08:12:39.306 0 0 E register_client_adhoc: find path.src 1 dest 589
01-01 08:12:39.306 0 0 E register_client_adhoc: Failed to find path.src 1 dest 589
01-01 08:12:39.309 0 0 E : [drm:dp_display_init_aux_switch][msm-dp-err][434 ]failed to register notifier (-22)
01-01 08:12:39.309 0 0 E register_client_adhoc: find path.src 1 dest 589
01-01 08:12:39.309 0 0 E register_client_adhoc: Failed to find path.src 1 dest 589
01-01 08:12:39.338 0 0 W : **********************************************************
01-01 08:12:39.338 0 0 W : ** NOTICE NOTICE NOTICE NOTICE NOTICE NOTICE NOTICE **
01-01 08:12:39.338 0 0 W : ** **
01-01 08:12:39.338 0 0 W : ** trace_printk() being used. Allocating extra memory. **
01-01 08:12:39.338 0 0 W : ** **
01-01 08:12:39.338 0 0 W : ** This means that this is a DEBUG kernel and it is **
01-01 08:12:39.338 0 0 W : ** unsafe for production use. **
01-01 08:12:39.338 0 0 W : ** **
01-01 08:12:39.338 0 0 W : ** If you see this message and you are not debugging **
01-01 08:12:39.338 0 0 W : ** the kernel, report this immediately to your vendor! **
01-01 08:12:39.338 0 0 W : ** **
01-01 08:12:39.338 0 0 W : ** NOTICE NOTICE NOTICE NOTICE NOTICE NOTICE NOTICE **
01-01 08:12:39.338 0 0 W : **********************************************************
01-01 08:12:39.339 0 0 E : [drm:dp_display_init_aux_switch][msm-dp-err][79 ]failed to register notifier (-22)
01-01 08:12:39.339 0 0 E register_client_adhoc: find path.src 1 dest 589
01-01 08:12:39.339 0 0 E register_client_adhoc: Failed to find path.src 1 dest 589
01-01 08:12:39.354 0 0 E : [drm:dp_display_init_aux_switch][msm-dp-err][79 ]failed to register notifier (-22)
01-01 08:12:39.355 0 0 E register_client_adhoc: find path.src 1 dest 589
01-01 08:12:39.355 0 0 E register_client_adhoc: Failed to find path.src 1 dest 589
01-01 08:12:39.355 0 0 E : [drm:dp_display_init_aux_switch][msm-dp-err][79 ]failed to register notifier (-22)
01-01 08:12:39.355 0 0 E register_client_adhoc: find path.src 1 dest 589
01-01 08:12:39.355 0 0 E register_client_adhoc: Failed to find path.src 1 dest 589
01-01 08:12:39.355 0 0 E : [drm:dp_display_init_aux_switch][msm-dp-err][79 ]failed to register notifier (-22)
01-01 08:12:39.355 0 0 E register_client_adhoc: find path.src 1 dest 589
01-01 08:12:39.355 0 0 E register_client_adhoc: Failed to find path.src 1 dest 589
01-01 08:12:39.355 0 0 E : [drm:dp_display_init_aux_switch][msm-dp-err][79 ]failed to register notifier (-22)
01-01 08:12:39.356 0 0 E register_client_adhoc: find path.src 1 dest 589
01-01 08:12:39.356 0 0 E register_client_adhoc: Failed to find path.src 1 dest 589
01-01 08:12:39.356 0 0 E : [drm:dp_display_init_aux_switch][msm-dp-err][79 ]failed to register notifier (-22)
01-01 08:12:39.356 0 0 E register_client_adhoc: find path.src 1 dest 589
01-01 08:12:39.356 0 0 E register_client_adhoc: Failed to find path.src 1 dest 589
01-01 08:12:39.356 0 0 E : [drm:dp_display_init_aux_switch][msm-dp-err][79 ]failed to register notifier (-22)
01-01 08:12:39.356 0 0 E register_client_adhoc: find path.src 1 dest 589
01-01 08:12:39.356 0 0 E register_client_adhoc: Failed to find path.src 1 dest 589
01-01 08:12:39.356 0 0 E : [drm:dp_display_init_aux_switch][msm-dp-err][79 ]failed to register notifier (-22)
01-01 08:12:39.356 0 0 E register_client_adhoc: find path.src 1 dest 589
01-01 08:12:39.356 0 0 E register_client_adhoc: Failed to find path.src 1 dest 589
01-01 08:12:39.356 0 0 E : [drm:dp_display_init_aux_switch][msm-dp-err][79 ]failed to register notifier (-22)
01-01 08:12:39.356 0 0 E register_client_adhoc: find path.src 1 dest 589
01-01 08:12:39.356 0 0 E register_client_adhoc: Failed to find path.src 1 dest 589
01-01 08:12:39.356 0 0 E : [drm:dp_display_init_aux_switch][msm-dp-err][79 ]failed to register notifier (-22)
01-01 08:12:39.356 0 0 E register_client_adhoc: find path.src 1 dest 589
01-01 08:12:39.357 0 0 E register_client_adhoc: Failed to find path.src 1 dest 589
01-01 08:12:39.357 0 0 E : [drm:dp_display_init_aux_switch][msm-dp-err][79 ]failed to register notifier (-22)
01-01 08:12:39.357 0 0 E register_client_adhoc: find path.src 1 dest 589
01-01 08:12:39.357 0 0 E register_client_adhoc: Failed to find path.src 1 dest 589
01-01 08:12:39.357 0 0 E : [drm:dp_display_init_aux_switch][msm-dp-err][79 ]failed to register notifier (-22)
01-01 08:12:39.357 0 0 E register_client_adhoc: find path.src 1 dest 589
01-01 08:12:39.357 0 0 E register_client_adhoc: Failed to find path.src 1 dest 589
01-01 08:12:39.358 0 0 E : [drm:dp_display_init_aux_switch][msm-dp-err][79 ]failed to register notifier (-22)
01-01 08:12:39.358 0 0 E register_client_adhoc: find path.src 1 dest 589
01-01 08:12:39.358 0 0 E register_client_adhoc: Failed to find path.src 1 dest 589
01-01 08:12:39.359 0 0 E : [drm:dp_display_init_aux_switch][msm-dp-err][79 ]failed to register notifier (-22)
01-01 08:12:39.359 0 0 E register_client_adhoc: find path.src 1 dest 589
01-01 08:12:39.359 0 0 E register_client_adhoc: Failed to find path.src 1 dest 589
01-01 08:12:39.359 0 0 E : [drm:dp_display_init_aux_switch][msm-dp-err][79 ]failed to register notifier (-22)
01-01 08:12:39.359 0 0 E register_client_adhoc: find path.src 1 dest 589
01-01 08:12:39.359 0 0 E register_client_adhoc: Failed to find path.src 1 dest 589
01-01 08:12:39.359 0 0 E : [drm:dp_display_init_aux_switch][msm-dp-err][79 ]failed to register notifier (-22)
01-01 08:12:39.359 0 0 E register_client_adhoc: find path.src 1 dest 589
01-01 08:12:39.359 0 0 E register_client_adhoc: Failed to find path.src 1 dest 589
01-01 08:12:39.359 0 0 E : [drm:dp_display_init_aux_switch][msm-dp-err][79 ]failed to register notifier (-22)
01-01 08:12:39.359 0 0 E register_client_adhoc: find path.src 1 dest 589
01-01 08:12:39.359 0 0 E register_client_adhoc: Failed to find path.src 1 dest 589
01-01 08:12:39.359 0 0 E : [drm:dp_display_init_aux_switch][msm-dp-err][79 ]failed to register notifier (-22)
01-01 08:12:39.359 0 0 E register_client_adhoc: find path.src 1 dest 589
01-01 08:12:39.359 0 0 E register_client_adhoc: Failed to find path.src 1 dest 589
01-01 08:12:39.360 0 0 E : [drm:dp_display_init_aux_switch][msm-dp-err][79 ]failed to register notifier (-22)
01-01 08:12:39.360 0 0 E register_client_adhoc: find path.src 1 dest 589
01-01 08:12:39.360 0 0 E register_client_adhoc: Failed to find path.src 1 dest 589
01-01 08:12:39.360 0 0 E : [drm:dp_display_init_aux_switch][msm-dp-err][79 ]failed to register notifier (-22)
01-01 08:12:39.360 0 0 E register_client_adhoc: find path.src 1 dest 589
01-01 08:12:39.360 0 0 E register_client_adhoc: Failed to find path.src 1 dest 589
01-01 08:12:39.360 0 0 E : [drm:dp_display_init_aux_switch][msm-dp-err][79 ]failed to register notifier (-22)
01-01 08:12:39.360 0 0 E register_client_adhoc: find path.src 1 dest 589
01-01 08:12:39.360 0 0 E register_client_adhoc: Failed to find path.src 1 dest 589
01-01 08:12:39.360 0 0 E : [drm:dp_display_init_aux_switch][msm-dp-err][79 ]failed to register notifier (-22)
01-01 08:12:39.360 0 0 E register_client_adhoc: find path.src 1 dest 589
01-01 08:12:39.360 0 0 E register_client_adhoc: Failed to find path.src 1 dest 589
01-01 08:12:39.360 0 0 E : [drm:dp_display_init_aux_switch][msm-dp-err][79 ]failed to register notifier (-22)
01-01 08:12:39.360 0 0 E register_client_adhoc: find path.src 1 dest 589
01-01 08:12:39.360 0 0 E register_client_adhoc: Failed to find path.src 1 dest 589
01-01 08:12:39.360 0 0 E : [drm:dp_display_init_aux_switch][msm-dp-err][79 ]failed to register notifier (-22)
01-01 08:12:39.360 0 0 E register_client_adhoc: find path.src 1 dest 589
01-01 08:12:39.360 0 0 E register_client_adhoc: Failed to find path.src 1 dest 589
01-01 08:12:39.361 0 0 E : [drm:dp_display_init_aux_switch][msm-dp-err][79 ]failed to register notifier (-22)
01-01 08:12:39.361 0 0 E register_client_adhoc: find path.src 1 dest 589
01-01 08:12:39.361 0 0 E register_client_adhoc: Failed to find path.src 1 dest 589
01-01 08:12:39.361 0 0 E : [drm:dp_display_init_aux_switch][msm-dp-err][79 ]failed to register notifier (-22)
01-01 08:12:39.361 0 0 E register_client_adhoc: find path.src 1 dest 589
01-01 08:12:39.361 0 0 E register_client_adhoc: Failed to find path.src 1 dest 589
01-01 08:12:39.361 0 0 E : [drm:dp_display_init_aux_switch][msm-dp-err][79 ]failed to register notifier (-22)
01-01 08:12:39.361 0 0 E register_client_adhoc: find path.src 1 dest 589
01-01 08:12:39.361 0 0 E register_client_adhoc: Failed to find path.src 1 dest 589
01-01 08:12:39.361 0 0 E : [drm:dp_display_init_aux_switch][msm-dp-err][79 ]failed to register notifier (-22)
01-01 08:12:39.361 0 0 E register_client_adhoc: find path.src 1 dest 589
01-01 08:12:39.361 0 0 E register_client_adhoc: Failed to find path.src 1 dest 589
01-01 08:12:39.361 0 0 E : [drm:dp_display_init_aux_switch][msm-dp-err][79 ]failed to register notifier (-22)
01-01 08:12:39.361 0 0 E register_client_adhoc: find path.src 1 dest 589
01-01 08:12:39.361 0 0 E register_client_adhoc: Failed to find path.src 1 dest 589
01-01 08:12:39.361 0 0 E : [drm:dp_display_init_aux_switch][msm-dp-err][79 ]failed to register notifier (-22)
01-01 08:12:39.361 0 0 E register_client_adhoc: find path.src 1 dest 589
01-01 08:12:39.361 0 0 E register_client_adhoc: Failed to find path.src 1 dest 589
01-01 08:12:39.362 0 0 E : [drm:dp_display_init_aux_switch][msm-dp-err][79 ]failed to register notifier (-22)
01-01 08:12:39.362 0 0 E register_client_adhoc: find path.src 1 dest 589
01-01 08:12:39.362 0 0 E register_client_adhoc: Failed to find path.src 1 dest 589
01-01 08:12:39.362 0 0 E : [drm:dp_display_init_aux_switch][msm-dp-err][79 ]failed to register notifier (-22)
01-01 08:12:39.362 0 0 E register_client_adhoc: find path.src 1 dest 589
01-01 08:12:39.362 0 0 E register_client_adhoc: Failed to find path.src 1 dest 589
01-01 08:12:39.362 0 0 E : [drm:dp_display_init_aux_switch][msm-dp-err][79 ]failed to register notifier (-22)
01-01 08:12:39.362 0 0 E register_client_adhoc: find path.src 1 dest 589
01-01 08:12:39.362 0 0 E register_client_adhoc: Failed to find path.src 1 dest 589
01-01 08:12:39.362 0 0 E : [drm:dp_display_init_aux_switch][msm-dp-err][79 ]failed to register notifier (-22)
01-01 08:12:39.362 0 0 E register_client_adhoc: find path.src 1 dest 589
01-01 08:12:39.362 0 0 E register_client_adhoc: Failed to find path.src 1 dest 589
01-01 08:12:39.362 0 0 E : [drm:dp_display_init_aux_switch][msm-dp-err][79 ]failed to register notifier (-22)
01-01 08:12:39.362 0 0 E register_client_adhoc: find path.src 1 dest 589
01-01 08:12:39.362 0 0 E register_client_adhoc: Failed to find path.src 1 dest 589
01-01 08:12:39.362 0 0 E : [drm:dp_display_init_aux_switch][msm-dp-err][79 ]failed to register notifier (-22)
01-01 08:12:39.362 0 0 E register_client_adhoc: find path.src 1 dest 589
01-01 08:12:39.362 0 0 E register_client_adhoc: Failed to find path.src 1 dest 589
01-01 08:12:39.363 0 0 E : [drm:dp_display_init_aux_switch][msm-dp-err][79 ]failed to register notifier (-22)
01-01 08:12:39.363 0 0 E register_client_adhoc: find path.src 1 dest 589
01-01 08:12:39.363 0 0 E register_client_adhoc: Failed to find path.src 1 dest 589
01-01 08:12:39.363 0 0 E : [drm:dp_display_init_aux_switch][msm-dp-err][79 ]failed to register notifier (-22)
01-01 08:12:39.363 0 0 E register_client_adhoc: find path.src 1 dest 589
01-01 08:12:39.363 0 0 E register_client_adhoc: Failed to find path.src 1 dest 589
01-01 08:12:39.363 0 0 E : [drm:dp_display_init_aux_switch][msm-dp-err][79 ]failed to register notifier (-22)
01-01 08:12:39.363 0 0 E register_client_adhoc: find path.src 1 dest 589
01-01 08:12:39.363 0 0 E register_client_adhoc: Failed to find path.src 1 dest 589
01-01 08:12:39.363 0 0 E : [drm:dp_display_init_aux_switch][msm-dp-err][79 ]failed to register notifier (-22)
01-01 08:12:39.363 0 0 E register_client_adhoc: find path.src 1 dest 589
01-01 08:12:39.363 0 0 E register_client_adhoc: Failed to find path.src 1 dest 589
01-01 08:12:39.363 0 0 E : [drm:dp_display_init_aux_switch][msm-dp-err][79 ]failed to register notifier (-22)
01-01 08:12:39.363 0 0 E register_client_adhoc: find path.src 1 dest 589
01-01 08:12:39.363 0 0 E register_client_adhoc: Failed to find path.src 1 dest 589
01-01 08:12:39.364 0 0 E : [drm:dp_display_init_aux_switch][msm-dp-err][79 ]failed to register notifier (-22)
01-01 08:12:39.364 0 0 E register_client_adhoc: find path.src 1 dest 589
01-01 08:12:39.364 0 0 E register_client_adhoc: Failed to find path.src 1 dest 589
01-01 08:12:39.364 0 0 E : [drm:dp_display_init_aux_switch][msm-dp-err][79 ]failed to register notifier (-22)
01-01 08:12:39.364 0 0 E register_client_adhoc: find path.src 1 dest 589
01-01 08:12:39.364 0 0 E register_client_adhoc: Failed to find path.src 1 dest 589
01-01 08:12:39.364 0 0 E : [drm:dp_display_init_aux_switch][msm-dp-err][79 ]failed to register notifier (-22)
01-01 08:12:39.364 0 0 E register_client_adhoc: find path.src 1 dest 589
01-01 08:12:39.364 0 0 E register_client_adhoc: Failed to find path.src 1 dest 589
01-01 08:12:39.364 0 0 E : [drm:dp_display_init_aux_switch][msm-dp-err][79 ]failed to register notifier (-22)
01-01 08:12:39.364 0 0 E register_client_adhoc: find path.src 1 dest 589
01-01 08:12:39.364 0 0 E register_client_adhoc: Failed to find path.src 1 dest 589
01-01 08:12:39.364 0 0 E : [drm:dp_display_init_aux_switch][msm-dp-err][79 ]failed to register notifier (-22)
01-01 08:12:39.364 0 0 E register_client_adhoc: find path.src 1 dest 589
01-01 08:12:39.364 0 0 E register_client_adhoc: Failed to find path.src 1 dest 589
01-01 08:12:39.364 0 0 E : [drm:dp_display_init_aux_switch][msm-dp-err][79 ]failed to register notifier (-22)
01-01 08:12:39.364 0 0 E register_client_adhoc: find path.src 1 dest 589
01-01 08:12:39.364 0 0 E register_client_adhoc: Failed to find path.src 1 dest 589
01-01 08:12:39.365 0 0 E : [drm:dp_display_init_aux_switch][msm-dp-err][79 ]failed to register notifier (-22)
01-01 08:12:39.365 0 0 E register_client_adhoc: find path.src 1 dest 589
01-01 08:12:39.365 0 0 E register_client_adhoc: Failed to find path.src 1 dest 589
01-01 08:12:39.365 0 0 E : [drm:dp_display_init_aux_switch][msm-dp-err][79 ]failed to register notifier (-22)
01-01 08:12:39.365 0 0 E register_client_adhoc: find path.src 1 dest 589
01-01 08:12:39.365 0 0 E register_client_adhoc: Failed to find path.src 1 dest 589
01-01 08:12:39.365 0 0 E : [drm:dp_display_init_aux_switch][msm-dp-err][79 ]failed to register notifier (-22)
01-01 08:12:39.365 0 0 E register_client_adhoc: find path.src 1 dest 589
01-01 08:12:39.365 0 0 E register_client_adhoc: Failed to find path.src 1 dest 589
01-01 08:12:39.365 0 0 E : [drm:dp_display_init_aux_switch][msm-dp-err][79 ]failed to register notifier (-22)
01-01 08:12:39.366 0 0 E register_client_adhoc: find path.src 1 dest 589
01-01 08:12:39.366 0 0 E register_client_adhoc: Failed to find path.src 1 dest 589
01-01 08:12:39.366 0 0 E : [drm:dp_display_init_aux_switch][msm-dp-err][79 ]failed to register notifier (-22)
01-01 08:12:39.366 0 0 E register_client_adhoc: find path.src 1 dest 589
01-01 08:12:39.366 0 0 E register_client_adhoc: Failed to find path.src 1 dest 589
01-01 08:12:39.366 0 0 E : [drm:dp_display_init_aux_switch][msm-dp-err][79 ]failed to register notifier (-22)
01-01 08:12:39.366 0 0 E register_client_adhoc: find path.src 1 dest 589
01-01 08:12:39.366 0 0 E register_client_adhoc: Failed to find path.src 1 dest 589
01-01 08:12:39.366 0 0 E : [drm:dp_display_init_aux_switch][msm-dp-err][79 ]failed to register notifier (-22)
01-01 08:12:39.366 0 0 E register_client_adhoc: find path.src 1 dest 589
01-01 08:12:39.366 0 0 E register_client_adhoc: Failed to find path.src 1 dest 589
01-01 08:12:39.366 0 0 E : [drm:dp_display_init_aux_switch][msm-dp-err][79 ]failed to register notifier (-22)
01-01 08:12:39.366 0 0 E register_client_adhoc: find path.src 1 dest 589
01-01 08:12:39.366 0 0 E register_client_adhoc: Failed to find path.src 1 dest 589
01-01 08:12:39.366 0 0 E : [drm:dp_display_init_aux_switch][msm-dp-err][79 ]failed to register notifier (-22)
01-01 08:12:39.367 0 0 E register_client_adhoc: find path.src 1 dest 589
01-01 08:12:39.367 0 0 E register_client_adhoc: Failed to find path.src 1 dest 589
01-01 08:12:39.367 0 0 E : [drm:dp_display_init_aux_switch][msm-dp-err][79 ]failed to register notifier (-22)
01-01 08:12:39.367 0 0 E register_client_adhoc: find path.src 1 dest 589
01-01 08:12:39.367 0 0 E register_client_adhoc: Failed to find path.src 1 dest 589
01-01 08:12:39.367 0 0 E : [drm:dp_display_init_aux_switch][msm-dp-err][79 ]failed to register notifier (-22)
01-01 08:12:39.367 0 0 E register_client_adhoc: find path.src 1 dest 589
01-01 08:12:39.367 0 0 E register_client_adhoc: Failed to find path.src 1 dest 589
01-01 08:12:39.367 0 0 E : [drm:dp_display_init_aux_switch][msm-dp-err][79 ]failed to register notifier (-22)
01-01 08:12:39.367 0 0 E register_client_adhoc: find path.src 1 dest 589
01-01 08:12:39.367 0 0 E register_client_adhoc: Failed to find path.src 1 dest 589
01-01 08:12:39.368 0 0 E : [drm:dp_display_init_aux_switch][msm-dp-err][79 ]failed to register notifier (-22)
01-01 08:12:39.368 0 0 E register_client_adhoc: find path.src 1 dest 589
01-01 08:12:39.368 0 0 E register_client_adhoc: Failed to find path.src 1 dest 589
01-01 08:12:39.368 0 0 E : [drm:dp_display_init_aux_switch][msm-dp-err][79 ]failed to register notifier (-22)
01-01 08:12:39.368 0 0 E register_client_adhoc: find path.src 1 dest 589
01-01 08:12:39.368 0 0 E register_client_adhoc: Failed to find path.src 1 dest 589
01-01 08:12:39.368 0 0 E : [drm:dp_display_init_aux_switch][msm-dp-err][79 ]failed to register notifier (-22)
01-01 08:12:39.368 0 0 E register_client_adhoc: find path.src 1 dest 589
01-01 08:12:39.368 0 0 E register_client_adhoc: Failed to find path.src 1 dest 589
01-01 08:12:39.368 0 0 E : [drm:dp_display_init_aux_switch][msm-dp-err][79 ]failed to register notifier (-22)
01-01 08:12:39.368 0 0 E register_client_adhoc: find path.src 1 dest 589
01-01 08:12:39.368 0 0 E register_client_adhoc: Failed to find path.src 1 dest 589
01-01 08:12:39.368 0 0 E : [drm:dp_display_init_aux_switch][msm-dp-err][79 ]failed to register notifier (-22)
01-01 08:12:39.368 0 0 E register_client_adhoc: find path.src 1 dest 589
01-01 08:12:39.368 0 0 E register_client_adhoc: Failed to find path.src 1 dest 589
01-01 08:12:39.369 0 0 E : [drm:dp_display_init_aux_switch][msm-dp-err][79 ]failed to register notifier (-22)
01-01 08:12:39.369 0 0 E register_client_adhoc: find path.src 1 dest 589
01-01 08:12:39.369 0 0 E register_client_adhoc: Failed to find path.src 1 dest 589
01-01 08:12:39.369 0 0 E : [drm:dp_display_init_aux_switch][msm-dp-err][79 ]failed to register notifier (-22)
01-01 08:12:39.369 0 0 E register_client_adhoc: find path.src 1 dest 589
01-01 08:12:39.369 0 0 E register_client_adhoc: Failed to find path.src 1 dest 589
01-01 08:12:39.369 0 0 E : [drm:dp_display_init_aux_switch][msm-dp-err][79 ]failed to register notifier (-22)
01-01 08:12:39.369 0 0 E register_client_adhoc: find path.src 1 dest 589
01-01 08:12:39.369 0 0 E register_client_adhoc: Failed to find path.src 1 dest 589
01-01 08:12:39.369 0 0 E : [drm:dp_display_init_aux_switch][msm-dp-err][79 ]failed to register notifier (-22)
01-01 08:12:39.369 0 0 E register_client_adhoc: find path.src 1 dest 589
01-01 08:12:39.369 0 0 E register_client_adhoc: Failed to find path.src 1 dest 589
01-01 08:12:39.369 0 0 E : [drm:dp_display_init_aux_switch][msm-dp-err][79 ]failed to register notifier (-22)
01-01 08:12:39.369 0 0 E register_client_adhoc: find path.src 1 dest 589
01-01 08:12:39.369 0 0 E register_client_adhoc: Failed to find path.src 1 dest 589
01-01 08:12:39.369 0 0 E : [drm:dp_display_init_aux_switch][msm-dp-err][79 ]failed to register notifier (-22)
01-01 08:12:39.369 0 0 E register_client_adhoc: find path.src 1 dest 589
01-01 08:12:39.370 0 0 E register_client_adhoc: Failed to find path.src 1 dest 589
01-01 08:12:39.370 0 0 E : [drm:dp_display_init_aux_switch][msm-dp-err][79 ]failed to register notifier (-22)
01-01 08:12:39.370 0 0 E register_client_adhoc: find path.src 1 dest 589
01-01 08:12:39.370 0 0 E register_client_adhoc: Failed to find path.src 1 dest 589
01-01 08:12:39.370 0 0 E : [drm:dp_display_init_aux_switch][msm-dp-err][79 ]failed to register notifier (-22)
01-01 08:12:39.370 0 0 E register_client_adhoc: find path.src 1 dest 589
01-01 08:12:39.370 0 0 E register_client_adhoc: Failed to find path.src 1 dest 589
01-01 08:12:39.370 0 0 E : [drm:dp_display_init_aux_switch][msm-dp-err][79 ]failed to register notifier (-22)
01-01 08:12:39.370 0 0 E register_client_adhoc: find path.src 1 dest 589
01-01 08:12:39.370 0 0 E register_client_adhoc: Failed to find path.src 1 dest 589
01-01 08:12:39.370 0 0 E : [drm:dp_display_init_aux_switch][msm-dp-err][79 ]failed to register notifier (-22)
01-01 08:12:39.370 0 0 E register_client_adhoc: find path.src 1 dest 589
01-01 08:12:39.370 0 0 E register_client_adhoc: Failed to find path.src 1 dest 589
01-01 08:12:39.370 0 0 E : [drm:dp_display_init_aux_switch][msm-dp-err][79 ]failed to register notifier (-22)
01-01 08:12:39.370 0 0 E register_client_adhoc: find path.src 1 dest 589
01-01 08:12:39.371 0 0 E register_client_adhoc: Failed to find path.src 1 dest 589
01-01 08:12:39.371 0 0 E : [drm:dp_display_init_aux_switch][msm-dp-err][79 ]failed to register notifier (-22)
01-01 08:12:39.371 0 0 E register_client_adhoc: find path.src 1 dest 589
01-01 08:12:39.371 0 0 E register_client_adhoc: Failed to find path.src 1 dest 589
01-01 08:12:39.374 0 0 E : [drm:dp_display_init_aux_switch][msm-dp-err][79 ]failed to register notifier (-22)
01-01 08:12:39.374 0 0 E register_client_adhoc: find path.src 1 dest 589
01-01 08:12:39.374 0 0 E register_client_adhoc: Failed to find path.src 1 dest 589
01-01 08:12:39.382 0 0 E : [drm:dp_display_init_aux_switch][msm-dp-err][79 ]failed to register notifier (-22)
01-01 08:12:39.382 0 0 E register_client_adhoc: find path.src 1 dest 589
01-01 08:12:39.382 0 0 E register_client_adhoc: Failed to find path.src 1 dest 589
01-01 08:12:39.382 0 0 E : [drm:dp_display_init_aux_switch][msm-dp-err][79 ]failed to register notifier (-22)
01-01 08:12:39.382 0 0 E register_client_adhoc: find path.src 1 dest 589
01-01 08:12:39.382 0 0 E register_client_adhoc: Failed to find path.src 1 dest 589
01-01 08:12:39.383 0 0 E : [drm:dp_display_init_aux_switch][msm-dp-err][79 ]failed to register notifier (-22)
01-01 08:12:39.383 0 0 E register_client_adhoc: find path.src 1 dest 589
01-01 08:12:39.383 0 0 E register_client_adhoc: Failed to find path.src 1 dest 589
01-01 08:12:39.384 0 0 E : [drm:dp_display_init_aux_switch][msm-dp-err][79 ]failed to register notifier (-22)
01-01 08:12:39.384 0 0 E register_client_adhoc: find path.src 1 dest 589
01-01 08:12:39.384 0 0 E register_client_adhoc: Failed to find path.src 1 dest 589
01-01 08:12:39.384 0 0 E kona-pinctrl f000000.pinctrl: invalid function func2 in map table
01-01 08:12:39.384 0 0 E kona-pinctrl f000000.pinctrl: invalid function func2 in map table
01-01 08:12:39.384 0 0 E kona-pinctrl f000000.pinctrl: invalid function func2 in map table
01-01 08:12:39.384 0 0 E kona-pinctrl f000000.pinctrl: invalid function func2 in map table
01-01 08:12:39.384 0 0 E : [drm:dp_display_init_aux_switch][msm-dp-err][79 ]failed to register notifier (-22)
01-01 08:12:39.384 0 0 E register_client_adhoc: find path.src 1 dest 589
01-01 08:12:39.384 0 0 E register_client_adhoc: Failed to find path.src 1 dest 589
01-01 08:12:39.399 0 0 E : [drm:dp_display_init_aux_switch][msm-dp-err][79 ]failed to register notifier (-22)
01-01 08:12:39.399 0 0 E register_client_adhoc: find path.src 1 dest 589
01-01 08:12:39.399 0 0 E register_client_adhoc: Failed to find path.src 1 dest 589
01-01 08:12:39.399 0 0 E : [drm:dp_display_init_aux_switch][msm-dp-err][79 ]failed to register notifier (-22)
01-01 08:12:39.399 0 0 E register_client_adhoc: find path.src 1 dest 589
01-01 08:12:39.399 0 0 E register_client_adhoc: Failed to find path.src 1 dest 589
01-01 08:12:39.400 0 0 E : [drm:dp_display_init_aux_switch][msm-dp-err][79 ]failed to register notifier (-22)
01-01 08:12:39.400 0 0 E register_client_adhoc: find path.src 1 dest 589
01-01 08:12:39.400 0 0 E register_client_adhoc: Failed to find path.src 1 dest 589
01-01 08:12:39.400 0 0 E : [drm:dp_display_init_aux_switch][msm-dp-err][79 ]failed to register notifier (-22)
01-01 08:12:39.400 0 0 E register_client_adhoc: find path.src 1 dest 589
01-01 08:12:39.400 0 0 E register_client_adhoc: Failed to find path.src 1 dest 589
01-01 08:12:39.400 0 0 E : [drm:dp_display_init_aux_switch][msm-dp-err][79 ]failed to register notifier (-22)
01-01 08:12:39.400 0 0 E register_client_adhoc: find path.src 1 dest 589
01-01 08:12:39.400 0 0 E register_client_adhoc: Failed to find path.src 1 dest 589
01-01 08:12:39.401 0 0 E : [drm:dp_display_init_aux_switch][msm-dp-err][79 ]failed to register notifier (-22)
01-01 08:12:39.401 0 0 E register_client_adhoc: find path.src 1 dest 589
01-01 08:12:39.401 0 0 E register_client_adhoc: Failed to find path.src 1 dest 589
01-01 08:12:39.401 0 0 E : [drm:dp_display_init_aux_switch][msm-dp-err][79 ]failed to register notifier (-22)
01-01 08:12:39.401 0 0 E register_client_adhoc: find path.src 1 dest 589
01-01 08:12:39.401 0 0 E register_client_adhoc: Failed to find path.src 1 dest 589
01-01 08:12:39.401 0 0 E : [drm:dp_display_init_aux_switch][msm-dp-err][79 ]failed to register notifier (-22)
01-01 08:12:39.401 0 0 E register_client_adhoc: find path.src 1 dest 589
01-01 08:12:39.401 0 0 E register_client_adhoc: Failed to find path.src 1 dest 589
01-01 08:12:39.462 0 0 E : Trying to create more than 6 SchedTune boosting groups
01-01 08:12:39.462 0 0 E : Trying to create more than 6 SchedTune boosting groups
01-01 08:12:39.472 0 0 I : Registered swp emulation handler
01-01 08:12:39.487 0 0 I binder : 505:505 ioctl 40046210 7fe57056b4 returned -22
01-01 08:12:39.491 0 0 I logd.auditd: start
01-01 08:12:39.487 514 514 I auditd : type=1400 audit(0.0:8): avc: denied { ptrace } for comm="crash_dump64" scontext=u:r:crash_dump:s0 tcontext=u:r:init:s0 tclass=process permissive=0
01-01 08:12:39.511 521 521 I auditd : type=1400 audit(0.0:9): avc: denied { read write } for comm="fsck_msdos" name="sde51" dev="tmpfs" ino=9968 scontext=u:r:fsck:s0 tcontext=u:object_r:block_device:s0 tclass=blk_file permissive=0
01-01 08:12:39.511 521 521 I auditd : type=1400 audit(0.0:10): avc: denied { read } for comm="fsck_msdos" name="sde51" dev="tmpfs" ino=9968 scontext=u:r:fsck:s0 tcontext=u:object_r:block_device:s0 tclass=blk_file permissive=0
01-01 08:12:39.511 521 521 I auditd : type=1400 audit(0.0:11): avc: denied { kill } for comm="fsck_msdos" capability=5 scontext=u:r:fsck:s0 tcontext=u:r:fsck:s0 tclass=capability permissive=0
01-01 08:12:39.491 0 0 I binder : 506:506 ioctl 40046210 7fc5c88814 returned -22
01-01 08:12:39.497 0 0 I init : wait for '/dev/block/platform/soc/1d84000.ufshc' took 0ms
01-01 08:12:39.500 0 0 I : tsnv tsnv_init register TSNV Driver v0.01
01-01 08:12:39.501 0 0 I init : wait for '/dev/qseecom' took 0ms
01-01 08:12:39.511 0 0 E FAT-fs (sde51): bogus number of reserved sectors
01-01 08:12:39.511 0 0 I FAT-fs (sde51): Can't find a valid FAT filesystem
01-01 08:12:39.519 0 0 I fsck_msdos: ** /dev/block/bootdevice/by-name/spunvm
01-01 08:12:39.519 0 0 I fsck_msdos: Can't open `/dev/block/bootdevice/by-name/spunvm'
01-01 08:12:39.519 0 0 I fsck_msdos: fsck_msdos terminated by exit(8)
01-01 08:12:39.519 0 0 E FAT-fs (sde51): bogus number of reserved sectors
01-01 08:12:39.519 0 0 I FAT-fs (sde51): Can't find a valid FAT filesystem
01-01 08:12:39.522 0 0 I binder : 504:504 ioctl 40046210 7ff2477054 returned -22
01-01 08:12:39.525 0 0 I EXT4-fs (sde9): mounted filesystem with ordered data mode. Opts: barrier=1 --------- beginning of system
01-01 08:12:39.535 516 556 I QISL : QSEE Interrupt Service Listener Thread is started
01-01 08:12:39.531 541 541 I auditd : type=1400 audit(0.0:12): avc: denied { read } for comm="e2fsck" name="persist" dev="tmpfs" ino=12730 scontext=u:r:fsck:s0 tcontext=u:object_r:tmpfs:s0 tclass=lnk_file permissive=0
01-01 08:12:39.531 541 541 I auditd : type=1400 audit(0.0:13): avc: denied { read } for comm="e2fsck" name="persist" dev="tmpfs" ino=12730 scontext=u:r:fsck:s0 tcontext=u:object_r:tmpfs:s0 tclass=lnk_file permissive=0
01-01 08:12:39.531 541 541 I auditd : type=1400 audit(0.0:14): avc: denied { read } for comm="e2fsck" name="persist" dev="tmpfs" ino=12730 scontext=u:r:fsck:s0 tcontext=u:object_r:tmpfs:s0 tclass=lnk_file permissive=0
01-01 08:12:39.531 541 541 I auditd : type=1400 audit(0.0:15): avc: denied { read } for comm="e2fsck" name="persist" dev="tmpfs" ino=12730 scontext=u:r:fsck:s0 tcontext=u:object_r:tmpfs:s0 tclass=lnk_file permissive=0
01-01 08:12:39.531 541 541 I auditd : type=1400 audit(0.0:16): avc: denied { read } for comm="e2fsck" name="persist" dev="tmpfs" ino=12730 scontext=u:r:fsck:s0 tcontext=u:object_r:tmpfs:s0 tclass=lnk_file permissive=0
01-01 08:12:39.531 541 541 I auditd : type=1400 audit(0.0:17): avc: denied { read } for comm="e2fsck" name="persist" dev="tmpfs" ino=12730 scontext=u:r:fsck:s0 tcontext=u:object_r:tmpfs:s0 tclass=lnk_file permissive=0
01-01 08:12:39.531 541 541 I auditd : type=1400 audit(0.0:18): avc: denied { read } for comm="e2fsck" name="persist" dev="tmpfs" ino=12730 scontext=u:r:fsck:s0 tcontext=u:object_r:tmpfs:s0 tclass=lnk_file permissive=0
01-01 08:12:39.537 0 0 I e2fsck : e2fsck 1.45.4 (23-Sep-2019)
01-01 08:12:39.537 0 0 I e2fsck : /system/bin/e2fsck: Permission denied while trying to open /dev/block/bootdevice/by-name/persist
01-01 08:12:39.537 0 0 I e2fsck : You must have r/w access to the filesystem or be root
01-01 08:12:39.531 541 541 I auditd : type=1400 audit(0.0:19): avc: denied { kill } for comm="e2fsck" capability=5 scontext=u:r:fsck:s0 tcontext=u:r:fsck:s0 tclass=capability permissive=0
01-01 08:12:39.537 0 0 I e2fsck : e2fsck terminated by exit(8)
01-01 08:12:39.538 516 556 I QISL : QSEE Interrupt Service Listener was activated successfully
01-01 08:12:39.539 516 516 D SPL : Call QSEECom_register_listener()
01-01 08:12:39.540 520 520 I vold : Vold 3.0 (the awakening) firing up
01-01 08:12:39.540 520 520 D vold : Detected support for: ext4 f2fs vfat
01-01 08:12:39.542 520 520 D vold : Found unmanaged dm device named system_ext_a
01-01 08:12:39.542 520 520 D vold : Found unmanaged dm device named odm_a
01-01 08:12:39.542 520 520 D vold : Found unmanaged dm device named system_a
01-01 08:12:39.542 520 520 D vold : Found unmanaged dm device named vendor-verity
01-01 08:12:39.542 520 520 D vold : Found unmanaged dm device named vendor_a
01-01 08:12:39.542 520 520 D vold : Found unmanaged dm device named system_ext-verity
01-01 08:12:39.542 520 520 D vold : Found unmanaged dm device named odm-verity
01-01 08:12:39.542 520 520 D vold : Found unmanaged dm device named product-verity
01-01 08:12:39.542 520 520 D vold : Found unmanaged dm device named system-verity
01-01 08:12:39.542 520 520 D vold : Found unmanaged dm device named product_a
01-01 08:12:39.542 516 516 D SPL : Registered listener sucessfully!
01-01 08:12:39.542 516 516 D SPL : pipe read-fd [32] write-fd [33]
01-01 08:12:39.542 516 516 D SPL : Create thread
01-01 08:12:39.542 516 516 D SPL : Thread created sucessfully.
01-01 08:12:39.542 516 557 D SPL : spl_dispatch() started
01-01 08:12:39.542 516 557 D SPL : ==== Wait For Request ======
01-01 08:12:39.542 520 520 I vold : [libfs_mgr]dt_fstab: Skip disabled entry for partition vendor
01-01 08:12:39.542 520 520 I vold : [libfs_mgr]GetFstabPath()fstab_path:/odm/etc/fstab.default
01-01 08:12:39.542 520 520 I vold : [libfs_mgr]GetFstabPath()fstab_path:/vendor/etc/fstab.default
01-01 08:12:39.542 520 520 I vold : [libfs_mgr]GetFstabPath()fstab_path:/system/etc/fstab.default
01-01 08:12:39.542 520 520 I vold : [libfs_mgr]GetFstabPath()fstab_path:/first_stage_ramdisk/system/etc/fstab.default
01-01 08:12:39.542 520 520 I vold : [libfs_mgr]GetFstabPath()fstab_path:/fstab.default
01-01 08:12:39.542 520 520 I vold : [libfs_mgr]GetFstabPath()fstab_path:/first_stage_ramdisk/fstab.default
