01-01 08:12:47.451 0 0 I [kworke][0x10f4bb79][02:10:08.501923] wlan: [329:I:TXRX] hif_print_hal_shadow_register_cfg: i 15, val a370c4
01-01 08:12:47.451 0 0 I [kworke][0x10f4bc09][02:10:08.501930] wlan: [329:I:TXRX] hif_print_hal_shadow_register_cfg: i 16, val a370cc
01-01 08:12:47.451 0 0 I [kworke][0x10f4bc9a][02:10:08.501938] wlan: [329:I:TXRX] hif_print_hal_shadow_register_cfg: i 17, val a370d4
01-01 08:12:47.451 0 0 I [kworke][0x10f4bd3b][02:10:08.501946] wlan: [329:I:TXRX] hif_print_hal_shadow_register_cfg: i 18, val a370dc
01-01 08:12:47.451 0 0 I [kworke][0x10f4bdd1][02:10:08.501954] wlan: [329:I:TXRX] hif_print_hal_shadow_register_cfg: i 19, val a00400
01-01 08:12:47.451 0 0 I [kworke][0x10f4bf1a][02:10:08.501971] wlan: [329:I:TXRX] hif_print_hal_shadow_register_cfg: i 20, val a03400
01-01 08:12:47.451 0 0 I [kworke][0x10f4bfb9][02:10:08.501979] wlan: [329:I:TXRX] hif_print_hal_shadow_register_cfg: i 21, val a0340c
01-01 08:12:47.451 0 0 I [kworke][0x10f4c052][02:10:08.501987] wlan: [329:I:TXRX] hif_print_hal_shadow_register_cfg: i 22, val a05400
01-01 08:12:47.451 0 0 I [kworke][0x10f4c0e7][02:10:08.501995] wlan: [329:I:TXRX] hif_print_hal_shadow_register_cfg: i 23, val a0540c
01-01 08:12:47.451 0 0 I [kworke][0x10f4c17d][02:10:08.502003] wlan: [329:I:TXRX] hif_print_hal_shadow_register_cfg: i 24, val a06400
01-01 08:12:47.451 0 0 I [kworke][0x10f4c210][02:10:08.502010] wlan: [329:I:TXRX] hif_print_hal_shadow_register_cfg: i 25, val a08400
01-01 08:12:47.451 0 0 I [kworke][0x10f4c2a5][02:10:08.502018] wlan: [329:I:TXRX] hif_print_hal_shadow_register_cfg: i 26, val a0b400
01-01 08:12:47.451 0 0 I [kworke][0x10f4c335][02:10:08.502026] wlan: [329:I:TXRX] hif_print_hal_shadow_register_cfg: i 27, val a0b40c
01-01 08:12:47.451 0 0 D cnss : Mode: 0, config: 0000000000000000, host_version: 5.2.022.10G
01-01 08:12:47.451 0 0 D cnss : Sending WLAN config message, state: 0x17
01-01 08:12:47.452 0 0 D cnss : Sending mode message, mode: MISSION(0), state: 0x17
01-01 08:12:47.479 0 0 D cnss : Received QMI WLFW pin connect result indication
01-01 08:12:47.479 0 0 D cnss : Pin connect Result: pwr_pin: 0x1 phy_io_pin: 0x0 rf_io_pin: 0x0
01-01 08:12:47.479 0 0 D cnss : Assign MSI to user: CE, num_vectors: 10, user_base_data: 803, base_vector: 3
01-01 08:12:47.479 0 0 I [kworke][0x10fd1894][02:10:08.530471] wlan: [329:I:HIF] ce_srng_dest_ring_setup: ce_id 1
01-01 08:12:47.479 0 0 D cnss : Assign MSI to user: CE, num_vectors: 10, user_base_data: 803, base_vector: 3
01-01 08:12:47.479 0 0 I [kworke][0x10fd21c9][02:10:08.530593] wlan: [329:I:HIF] ce_srng_status_ring_setup: ce_id 1
01-01 08:12:47.479 0 0 D cnss : Assign MSI to user: CE, num_vectors: 10, user_base_data: 803, base_vector: 3
01-01 08:12:47.480 0 0 I [kworke][0x10fd28c8][02:10:08.530687] wlan: [329:I:HIF] ce_srng_dest_ring_setup: ce_id 2
01-01 08:12:47.480 0 0 D cnss : Assign MSI to user: CE, num_vectors: 10, user_base_data: 803, base_vector: 3
01-01 08:12:47.480 0 0 I [kworke][0x10fd3044][02:10:08.530786] wlan: [329:I:HIF] ce_srng_status_ring_setup: ce_id 2
01-01 08:12:47.480 0 0 D cnss : Assign MSI to user: CE, num_vectors: 10, user_base_data: 803, base_vector: 3
01-01 08:12:47.480 0 0 D cnss : Assign MSI to user: CE, num_vectors: 10, user_base_data: 803, base_vector: 3
01-01 08:12:47.480 0 0 I [kworke][0x10fd42cc][02:10:08.531034] wlan: [329:I:HIF] ce_srng_dest_ring_setup: ce_id 5
01-01 08:12:47.480 0 0 D cnss : Assign MSI to user: CE, num_vectors: 10, user_base_data: 803, base_vector: 3
01-01 08:12:47.480 0 0 I [kworke][0x10fd4a49][02:10:08.531133] wlan: [329:I:HIF] ce_srng_status_ring_setup: ce_id 5
01-01 08:12:47.480 0 0 D cnss : Assign MSI to user: CE, num_vectors: 10, user_base_data: 803, base_vector: 3
01-01 08:12:47.480 0 0 I [kworke][0x10fd55a4][02:10:08.531285] wlan: [329:I:HIF] hif_configure_irq: E
01-01 08:12:47.480 0 0 D cnss : Assign MSI to user: WAKE, num_vectors: 1, user_base_data: 813, base_vector: 13
01-01 08:12:47.480 0 0 D cnss : Get IRQ number 363 for vector index 13
01-01 08:12:47.480 0 0 D cnss : Assign MSI to user: CE, num_vectors: 10, user_base_data: 803, base_vector: 3
01-01 08:12:47.480 0 0 D cnss : Get IRQ number 353 for vector index 3
01-01 08:12:47.480 0 0 D cnss : Get IRQ number 354 for vector index 4
01-01 08:12:47.480 0 0 D cnss : Get IRQ number 355 for vector index 5
01-01 08:12:47.480 0 0 D cnss : Get IRQ number 356 for vector index 6
01-01 08:12:47.480 0 0 D cnss : Get IRQ number 358 for vector index 8
01-01 08:12:47.480 0 0 D cnss : Get IRQ number 359 for vector index 9
01-01 08:12:47.480 0 0 D cnss : Get IRQ number 361 for vector index 11
01-01 08:12:47.481 0 0 E [kworke][0x10fd7fea][02:10:08.531854] wlan: [329:E:mlme] mlme_init_reg_cfg: 2374: null pdev
01-01 08:12:47.481 0 0 E [kworke][0x10fd8938][02:10:08.531973] wlan: [329:E:WMI] WMI handle is NULL
01-01 08:12:47.481 0 0 I [kworke][0x10fd8be4][02:10:08.532008] wlan: [329:I:HIF] Initializing Runtime PM wakelock &p2p_soc_obj->roc_runtime_lock
01-01 08:12:47.481 0 0 D cnss : Platform cap_flag is 0x4
01-01 08:12:47.481 0 0 E [kworke][0x10fd8eb3][02:10:08.532046] wlan: [329:E:QDF] cds_get_context: 1486: Module ID 66 context is Null
01-01 08:12:47.484 0 0 E [kworke][0x10fe5a31][02:10:08.534759] wlan: [329:E:QDF] cds_get_context: 1486: Module ID 66 context is Null
01-01 08:12:47.493 0 0 I [kworke][0x110127b4][02:10:08.544326] wlan: [329:I:HIF] Initializing Runtime PM wakelock &psoc_wakelock->wmi_cmd_rsp_runtime_lock
01-01 08:12:47.493 0 0 F [kworke][0x1101351a][02:10:08.544504] wlan: [329:F:WMA] WMA --> wmi_unified_attach - success
01-01 08:12:47.494 0 0 I [kworke][0x11014adc][02:10:08.544794] wlan: [329:I:HIF] Initializing Runtime PM wakelock &vdev->vdev_set_key_runtime_wakelock
01-01 08:12:47.494 0 0 I [kworke][0x11015d2b][02:10:08.545039] wlan: [329:I:HIF] Initializing Runtime PM wakelock &vdev->vdev_set_key_runtime_wakelock
01-01 08:12:47.494 0 0 I [kworke][0x11016f48][02:10:08.545280] wlan: [329:I:HIF] Initializing Runtime PM wakelock &vdev->vdev_set_key_runtime_wakelock
01-01 08:12:47.494 0 0 I [kworke][0x110182b8][02:10:08.545539] wlan: [329:I:HIF] Initializing Runtime PM wakelock &vdev->vdev_set_key_runtime_wakelock
01-01 08:12:47.495 0 0 I [kworke][0x1101957c][02:10:08.545789] wlan: [329:I:HIF] Initializing Runtime PM wakelock &vdev->vdev_set_key_runtime_wakelock
01-01 08:12:47.495 0 0 I [kworke][0x1101a7c5][02:10:08.546033] wlan: [329:I:HIF] Initializing Runtime PM wakelock &vdev->vdev_set_key_runtime_wakelock
01-01 08:12:47.495 0 0 I [kworke][0x1101c717][02:10:08.546451] wlan: [329:I:HIF] Initializing Runtime PM wakelock &wma_handle->wmi_cmd_rsp_runtime_lock
01-01 08:12:47.495 0 0 I [kworke][0x1101c8e1][02:10:08.546475] wlan: [329:I:HIF] Initializing Runtime PM wakelock &wma_handle->sap_prevent_runtime_pm_lock
01-01 08:12:47.498 0 0 E [kworke][0x1102992f][02:10:08.549252] wlan: [329:E:QDF] htc_wait_target: 684: Target Ready! TX resource : 1 size:2176, MaxMsgsPerHTCBundle = 1
01-01 08:12:47.498 0 0 E [kworke][0x11029a5f][02:10:08.549268] wlan: [329:E:QDF] htc_setup_target_buffer_assignments: 576: SVS Index : 1 TX : 0x100 : alloc:1
01-01 08:12:47.498 0 0 D cnss : Assign MSI to user: DP, num_vectors: 18, user_base_data: 814, base_vector: 14
01-01 08:12:47.498 0 0 I [kworke][0x1102ab0d][02:10:08.549490] wlan: [329:I:HIF] +hif_update_pipe_callback pipeid 5
01-01 08:12:47.498 0 0 I [kworke][0x1102ab8e][02:10:08.549497] wlan: [329:I:HIF] -hif_update_pipe_callback
01-01 08:12:47.498 0 0 D cnss : Assign MSI to user: DP, num_vectors: 18, user_base_data: 814, base_vector: 14
01-01 08:12:47.499 0 0 E [kworke][0x1102e2f7][02:10:08.550236] wlan: [329:E:DP] dp_srng_get_str_from_hal_ring_type: 7726: Invalid ring type
01-01 08:12:47.499 0 0 D cnss : Assign MSI to user: DP, num_vectors: 18, user_base_data: 814, base_vector: 14
01-01 08:12:47.500 0 0 D cnss : Assign MSI to user: DP, num_vectors: 18, user_base_data: 814, base_vector: 14
01-01 08:12:47.500 0 0 D cnss : Assign MSI to user: DP, num_vectors: 18, user_base_data: 814, base_vector: 14
01-01 08:12:47.500 0 0 D cnss : Assign MSI to user: DP, num_vectors: 18, user_base_data: 814, base_vector: 14
01-01 08:12:47.500 0 0 D cnss : Assign MSI to user: DP, num_vectors: 18, user_base_data: 814, base_vector: 14
01-01 08:12:47.500 0 0 D cnss : Assign MSI to user: DP, num_vectors: 18, user_base_data: 814, base_vector: 14
01-01 08:12:47.500 0 0 D cnss : Assign MSI to user: DP, num_vectors: 18, user_base_data: 814, base_vector: 14
01-01 08:12:47.500 0 0 D cnss : Assign MSI to user: DP, num_vectors: 18, user_base_data: 814, base_vector: 14
01-01 08:12:47.501 0 0 I [kworke][0x11034bbe][02:10:08.551633] wlan: [329:I:DP] dp_tx_soc_attach Tx Desc Alloc num_pool = 4, descs = 4096
01-01 08:12:47.501 0 0 I [kworke][0x110380fd][02:10:08.552343] wlan: [329:I:DP] dp_tx_soc_attach MSDU Ext Desc Alloc 4, descs = 4096
01-01 08:12:47.502 0 0 I [kworke][0x1103c88c][02:10:08.553297] wlan: [329:I:DP] dp_tx_soc_attach HAL Tx init Success
01-01 08:12:47.502 0 0 D cnss : Assign MSI to user: DP, num_vectors: 18, user_base_data: 814, base_vector: 14
01-01 08:12:47.502 0 0 D cnss : Assign MSI to user: DP, num_vectors: 18, user_base_data: 814, base_vector: 14
01-01 08:12:47.502 0 0 I [kworke][0x1103d5a7][02:10:08.553472] wlan: [329:I:DP] dp_soc_cmn_setup: 3274: num_reo_dest_rings 4
01-01 08:12:47.502 0 0 D cnss : Assign MSI to user: DP, num_vectors: 18, user_base_data: 814, base_vector: 14
01-01 08:12:47.502 0 0 D cnss : Assign MSI to user: DP, num_vectors: 18, user_base_data: 814, base_vector: 14
01-01 08:12:47.503 0 0 D cnss : Assign MSI to user: DP, num_vectors: 18, user_base_data: 814, base_vector: 14
01-01 08:12:47.503 0 0 D cnss : Assign MSI to user: DP, num_vectors: 18, user_base_data: 814, base_vector: 14
01-01 08:12:47.503 0 0 D cnss : Assign MSI to user: DP, num_vectors: 18, user_base_data: 814, base_vector: 14
01-01 08:12:47.503 0 0 D cnss : Assign MSI to user: DP, num_vectors: 18, user_base_data: 814, base_vector: 14
01-01 08:12:47.503 0 0 D cnss : Assign MSI to user: DP, num_vectors: 18, user_base_data: 814, base_vector: 14
01-01 08:12:47.503 0 0 D cnss : Assign MSI to user: DP, num_vectors: 18, user_base_data: 814, base_vector: 14
01-01 08:12:47.503 0 0 D cnss : Assign MSI to user: DP, num_vectors: 18, user_base_data: 814, base_vector: 14
01-01 08:12:47.503 0 0 D cnss : Assign MSI to user: DP, num_vectors: 18, user_base_data: 814, base_vector: 14
01-01 08:12:47.503 0 0 D cnss : Assign MSI to user: DP, num_vectors: 18, user_base_data: 814, base_vector: 14
01-01 08:12:47.503 0 0 I [kworke][0x11041a86][02:10:08.554390] wlan: [329:I:HAL] hal_reo_set_err_dst_remap_6390: 1024: HWIO_REO_R0_ERROR_DESTINATION_MAPPING_IX_0 0x28005b6d
01-01 08:12:47.503 0 0 D cnss : Assign MSI to user: DP, num_vectors: 18, user_base_data: 814, base_vector: 14
01-01 08:12:47.503 0 0 D cnss : Assign MSI to user: DP, num_vectors: 18, user_base_data: 814, base_vector: 14
01-01 08:12:47.503 0 0 D cnss : Assign MSI to user: DP, num_vectors: 18, user_base_data: 814, base_vector: 14
01-01 08:12:47.503 0 0 D cnss : Assign MSI to user: DP, num_vectors: 18, user_base_data: 814, base_vector: 14
01-01 08:12:47.503 0 0 D cnss : Assign MSI to user: DP, num_vectors: 18, user_base_data: 814, base_vector: 14
01-01 08:12:47.503 0 0 D cnss : Assign MSI to user: DP, num_vectors: 18, user_base_data: 814, base_vector: 14
01-01 08:12:47.512 0 0 I [kworke][0x1106b0fd][02:10:08.563223] wlan: [329:I:DP] Peer pool init
01-01 08:12:47.512 0 0 W [kworke][0x1106c2d3][02:10:08.563461] wlan: [329:W:DP] dp_rx_pdev_mon_attach: pdev attach id=0
01-01 08:12:47.514 0 0 D cnss : Assign MSI to user: DP, num_vectors: 18, user_base_data: 814, base_vector: 14
01-01 08:12:47.514 0 0 D cnss : Get IRQ number 364 for vector index 14
01-01 08:12:47.514 0 0 D cnss : Assign MSI to user: DP, num_vectors: 18, user_base_data: 814, base_vector: 14
01-01 08:12:47.514 0 0 D cnss : Get IRQ number 365 for vector index 15
01-01 08:12:47.514 0 0 D cnss : Assign MSI to user: DP, num_vectors: 18, user_base_data: 814, base_vector: 14
01-01 08:12:47.514 0 0 D cnss : Get IRQ number 366 for vector index 16
01-01 08:12:47.514 0 0 D cnss : Assign MSI to user: DP, num_vectors: 18, user_base_data: 814, base_vector: 14
01-01 08:12:47.514 0 0 D cnss : Get IRQ number 367 for vector index 17
01-01 08:12:47.514 0 0 D cnss : Assign MSI to user: DP, num_vectors: 18, user_base_data: 814, base_vector: 14
01-01 08:12:47.514 0 0 D cnss : Assign MSI to user: DP, num_vectors: 18, user_base_data: 814, base_vector: 14
01-01 08:12:47.514 0 0 D cnss : Get IRQ number 369 for vector index 19
01-01 08:12:47.514 0 0 D cnss : Assign MSI to user: DP, num_vectors: 18, user_base_data: 814, base_vector: 14
01-01 08:12:47.514 0 0 D cnss : Get IRQ number 370 for vector index 20
01-01 08:12:47.515 0 0 I [kworke][0x1107a87d][02:10:08.566523] wlan: [7:I:WMA] wma_rx_service_ready_event: Firmware build version : 101a0521
01-01 08:12:47.515 0 0 I [kworke][0x1107aa09][02:10:08.566543] wlan: [7:I:WMA] wma_rx_service_ready_event: Board id: 0, Board version: 8 0 0 0 6
01-01 08:12:47.518 0 0 I [kworke][0x11085fd5][02:10:08.568967] wlan: [7:I:WMA] wma_is_dbs_mandatory: 5417: MAC0 does not support both bands 2 DBS is mandatory
01-01 08:12:47.518 0 0 E [kworke][0x11086617][02:10:08.569051] wlan: [7:E:QDF] copy_fw_abi_version_tlv: 6979: copy_fw_abi_version_tlv: INIT_CMD version: 1, 0, 0x5f414351, 0x4c4d, 0x0, 0x0
01-01 08:12:47.705 0 0 E [kworke][0x113f15c8][02:10:08.755714] wlan: [342:E:QDF] ready_extract_init_status_tlv: 8884: ready_extract_init_status_tlv:0
01-01 08:12:47.705 0 0 E [kworke][0x113f248f][02:10:08.755910] wlan: [342:E:QDF] cds_get_context: 1486: Module ID 65 context is Null
01-01 08:12:47.705 0 0 F [kworke][0x113f267e][02:10:08.755936] wlan: [342:F:DP] cdp_ipa_set_uc_tx_partition_base invalid instance
01-01 08:12:47.705 0 0 I [kworke][0x113f2902][02:10:08.755970] wlan: [342:I:WMA] wma_he_update_tgt_services: 996: 11ax is enabled
01-01 08:12:47.708 0 0 I [kworke][0x11400ed5][02:10:08.759034] wlan: [342:I:HIF] Initializing Runtime PM wakelock &mgmt_txrx_pdev_ctx->wakelock_tx_runtime_cmp
01-01 08:12:47.708 0 0 I [kworke][0x1140296b][02:10:08.759389] wlan: [342:I:dfs] WLAN_DEBUG_DFS_ALWAYS : wlan_dfs_pdev_obj_create_notification: 421: dfs_offload 1
01-01 08:12:47.708 0 0 I [kworke][0x11402d9d][02:10:08.759445] wlan: [342:I:SPECTRAL] null_get_capability: 1715: SPECTRAL : get_capability not registered
01-01 08:12:47.708 0 0 I [kworke][0x11402ede][02:10:08.759461] wlan: [342:I:SPECTRAL] target_if_pdev_spectral_init: 2249: HAL_CAP_PHYDIAG : Capable
01-01 08:12:47.708 0 0 I [kworke][0x11403004][02:10:08.759476] wlan: [342:I:SPECTRAL] null_get_capability: 1715: SPECTRAL : get_capability not registered
01-01 08:12:47.708 0 0 I [kworke][0x11403394][02:10:08.759524] wlan: [342:I:SPECTRAL] target_if_pdev_spectral_init: 2253: HAL_CAP_RADAR : Capable
01-01 08:12:47.708 0 0 I [kworke][0x114034b3][02:10:08.759539] wlan: [342:I:SPECTRAL] null_get_capability: 1715: SPECTRAL : get_capability not registered
01-01 08:12:47.708 0 0 I [kworke][0x114035cb][02:10:08.759554] wlan: [342:I:SPECTRAL] target_if_pdev_spectral_init: 2258: HAL_CAP_SPECTRAL_SCAN : Capable
01-01 08:12:47.708 0 0 I [kworke][0x11403700][02:10:08.759570] wlan: [342:I:SPECTRAL] null_get_tsf64: 1703: SPECTRAL : get_tsf64 not registered
01-01 08:12:47.708 0 0 I [kworke][0x11403911][02:10:08.759597] wlan: [342:I:GREEN_AP] wlan_green_ap_pdev_obj_create_notification: 106: Green AP creation successful, green ap ctx: 0000000000000000, pdev: 0000000000000000
01-01 08:12:47.709 0 0 I [kworke][0x11403d72][02:10:08.759656] wlan: [342:I:IPA] wlan_ipa_wdi_init: 540: ipa_over_gsi: 1, is_smmu_enabled: 1
01-01 08:12:47.710 0 0 I [kworke][0x1140ab9a][02:10:08.761124] wlan: [342:I:REGULATORY] reg_set_band: 483: set band bitmap: 3
01-01 08:12:47.711 0 0 I [kworke][0x1140fbdb][02:10:08.762194] wlan: [342:I:HIF] Initializing Runtime PM wakelock &ctx->dfs
01-01 08:12:47.711 0 0 I [kworke][0x1140fd32][02:10:08.762212] wlan: [342:I:HIF] Initializing Runtime PM wakelock &ctx->connect
01-01 08:12:47.711 0 0 I [kworke][0x1140fe4d][02:10:08.762227] wlan: [342:I:HIF] Initializing Runtime PM wakelock &ctx->user
01-01 08:12:47.711 0 0 I [kworke][0x1140ff71][02:10:08.762242] wlan: [342:I:HIF] Initializing Runtime PM wakelock &scan_priv->runtime_pm_lock
01-01 08:12:47.711 0 0 I [kworke][0x11410397][02:10:08.762297] wlan: [342:I:GREEN_AP] target_if_green_ap_register_egap_event_handler: 131: Set the Enhance Green AP event handler
01-01 08:12:47.711 0 0 E [kworke][0x11410c2f][02:10:08.762412] wlan: [342:E:QDF] dp_peer_map_attach_wifi3: 10048: dp_peer_map_attach_wifi3 max_peers 55, max_ast_index: 144
01-01 08:12:47.711 0 0 I [kworke][0x11410e5d][02:10:08.762441] wlan: [342:I:DP]
01-01 08:12:47.711 0 0 I : <=== cfg max peer id 55 ====>
01-01 08:12:47.711 0 0 I [kworke][0x11410fd8][02:10:08.762461] wlan: [342:I:DP]
01-01 08:12:47.711 0 0 I : <=== cfg max ast idx 144 ====>
01-01 08:12:47.711 0 0 I [kworke][0x1141110a][02:10:08.762477] wlan: [342:I:DP] ast hash_elems: 512, max_ast_idx: 144
01-01 08:12:47.711 0 0 I [kworke][0x11411920][02:10:08.762585] wlan: [329:I:WMA] wma_wait_for_ready_event: 6926: FW ready event received
01-01 08:12:47.715 0 0 E [kworke][0x11420b96][02:10:08.765817] wlan: [329:E:WMI] send_action_oui_cmd_tlv: 220: Invalid action id
01-01 08:12:47.715 0 0 E [kworke][0x11420dcf][02:10:08.765847] wlan: [329:E:action_oui] ucfg_action_oui_send: 160: Failed to send: 7
01-01 08:12:47.715 0 0 E [kworke][0x11420f94][02:10:08.765871] wlan: [329:E:WMI] send_action_oui_cmd_tlv: 220: Invalid action id
01-01 08:12:47.715 0 0 E [kworke][0x11421124][02:10:08.765892] wlan: [329:E:action_oui] ucfg_action_oui_send: 160: Failed to send: 9
01-01 08:12:47.715 0 0 E [kworke][0x1142123e][02:10:08.765906] wlan: [329:E:HDD] hdd_action_oui_send: 13281: Failed to send one or all action_ouis
01-01 08:12:47.718 0 0 D cnss : dma-coherent is enabled
01-01 08:12:47.718 0 0 D cnss : IOMMU map: iova b0000000, len 4096
01-01 08:12:47.718 0 0 D cnss : IOMMU map: iova_addr b0000040
01-01 08:12:47.718 0 0 D cnss : dma-coherent is enabled
01-01 08:12:47.718 0 0 D cnss : IOMMU map: iova b0001000, len 4096
01-01 08:12:47.718 0 0 D cnss : IOMMU map: iova_addr b0001018
01-01 08:12:47.718 0 0 I [kworke][0x114323c2][02:10:08.769553] wlan: [329:I:SYS] Creating periodic timer for OLBC UPDATE CACHE TIMEOUT
01-01 08:12:47.719 0 0 E [kworke][0x11433fb2][02:10:08.769926] wlan: [329:E:TXRX] dp_rxdma_ring_config: 5022: DBS enabled max_mac_rings 2
01-01 08:12:47.719 0 0 E [kworke][0x11434113][02:10:08.769944] wlan: [329:E:TXRX] dp_rxdma_ring_config: 5033: pdev_id 0 max_mac_rings 2
01-01 08:12:47.719 0 0 E [kworke][0x1143422b][02:10:08.769959] wlan: [329:E:TXRX] dp_rxdma_ring_config: 5050: mac_id 0
01-01 08:12:47.719 0 0 E [kworke][0x11434d13][02:10:08.770104] wlan: [329:E:TXRX] dp_rxdma_ring_config: 5050: mac_id 1
01-01 08:12:47.720 0 0 I [kworke][0x1143803c][02:10:08.770786] wlan: [329:I:POLICY_MGR] policy_mgr_update_5g_scc_prefer: 398: overwrite pm_second_connection_pcl_dbs_2x2_table, index 2 mode 3 system prefer 0 new pcl 6
01-01 08:12:47.720 0 0 I [kworke][0x11438134][02:10:08.770799] wlan: [329:I:POLICY_MGR] policy_mgr_update_5g_scc_prefer: 404: overwrite pm_second_connection_pcl_dbs_2x2_table, index 3 mode 3 system prefer 0 new pcl 6
01-01 08:12:47.720 0 0 E [kworke][0x1143a793][02:10:08.771311] wlan: [329:E:REGULATORY] reg_freq_width_to_chan_op_class: 512: no op class for frequency 5745
01-01 08:12:47.721 0 0 I [kworke][0x1143cb1f][02:10:08.771785] wlan: [329:I:HIF] hif_pm_runtime_start: Enabling RUNTIME PM, Delay: 500 ms
01-01 08:12:47.722 0 0 E cnss_utils: WLAN MAC address is not set, type 0
01-01 08:12:47.722 0 0 W cnss_pci 0000: 01:00.0: Falling back to syfs fallback for: wlan/qca_cld/qca6390/wlan_mac.bin
01-01 08:12:47.737 0 0 I [kworke][0x11487363][02:10:08.787681] wlan: [329:I:HDD] hdd_initialize_mac_address: 12589: using default MAC address
01-01 08:12:47.763 0 0 D cnss : Host time = 15128760 us, device time = 2278760 us, offset = 12850000 us
01-01 08:12:47.763 0 0 D cnss : Updated time sync regs [0x984] = 0xc41350, [0x988] = 0x0
01-01 08:12:47.763 0 0 D cnss : Removing vote for Regulator vdd-wlan-rfa2
01-01 08:12:47.763 0 0 D cnss : Removing vote for Regulator vdd-wlan-rfa1
01-01 08:12:47.763 0 0 D cnss : Removing vote for Regulator vdd-wlan-dig
01-01 08:12:47.763 0 0 D cnss : Removing vote for Regulator vdd-wlan-aon
01-01 08:12:47.763 0 0 D cnss : Removing vote for Regulator vdd-wlan-io
01-01 08:12:47.763 0 0 D cnss : PM relax, state: 0x107, count: 0
04-06 02:10:08.815 829 829 I android.hardware.wifi@1.0-service: Wifi HAL started
01-01 08:12:47.776 0 0 I : Wifi Turning On from UI
01-01 08:12:47.776 0 0 I [wifi@1][0x1154230a][02:10:08.827570] wlan: [829:I:DP] dp_vdev_attach_wifi3: wlan_cfg_ap_bridge_enabled 0
01-01 08:12:47.776 0 0 I [wifi@1][0x115426a5][02:10:08.827618] wlan: [829:I:DP] 00000000: e4 40 92 0e 07 e7 e8 e6 71 cf 8d 35 e9 7b 8c c8
01-01 08:12:47.777 0 0 I [wifi@1][0x11542714][02:10:08.827624] wlan: [829:I:DP] 00000010: 14 ba 7a f2
01-01 08:12:47.777 0 0 I [wifi@1][0x115427c0][02:10:08.827633] wlan: [829:I:DP] 00000000: d2 9a 98 cc 48 17 d1 a3 4b 6d 0c 71 55 7f 8e af
01-01 08:12:47.777 0 0 I [wifi@1][0x1154282b][02:10:08.827638] wlan: [829:I:DP] 00000010: 22 50 36 76 8c fe 58 ab e1 d1 53 7c ca b5 66 79
01-01 08:12:47.777 0 0 I [wifi@1][0x11542891][02:10:08.827644] wlan: [829:I:DP] 00000020: e2 17 9a ad 38 7c 18 d8 e8 0d 74 86
04-06 02:10:08.824 1511 1709 I service_manager_stats: [684,323,5639]
01-01 08:12:47.780 0 0 I IPv6 : ADDRCONF(NETDEV_UP): wlan0: link is not ready
04-06 02:10:08.837 829 829 I android.hardware.wifi@1.0-service: Adding interface handle for wifi-aware0
04-06 02:10:08.837 829 829 I android.hardware.wifi@1.0-service: Adding interface handle for wlan0
04-06 02:10:08.837 829 829 I android.hardware.wifi@1.0-service: Adding interface handle for p2p0
04-06 02:10:08.837 829 829 W android.hardware.wifi@1.0-service: No active wlan interfaces in use! Using default
04-06 02:10:08.837 829 829 W android.hardware.wifi@1.0-service: No active wlan interfaces in use! Using default
04-06 02:10:08.837 1511 1709 I netstats_mobile_sample: [0,0,0,0,0,0,0,0,0,0,0,0,1680718208837]
04-06 02:10:08.838 1511 1709 I netstats_wifi_sample: [0,0,0,0,0,0,0,0,0,0,0,0,1680718208837]
04-06 02:10:08.838 829 829 I android.hardware.wifi@1.0-service: Configured chip in mode 3
04-06 02:10:08.838 829 829 W android.hardware.wifi@1.0-service: No active wlan interfaces in use! Using default
01-01 08:12:47.785 0 0 I [lowi-s][0x11569a6c][02:10:08.835989] wlan: [1399:I:wifipos] wifi_pos_get_ch_info: 461: num channels: 26
01-01 08:12:47.788 0 0 E [wifi@1][0x115796b6][02:10:08.839352] wlan: [3354:E:wifipos] wifi_pos_process_app_reg_req: 608: Received App Req Req pid(-1648360643), len(16)
01-01 08:12:47.789 0 0 I [wifi@1][0x1157b8f6][02:10:08.839809] wlan: [3354:I:wifipos] wifi_pos_get_ch_info: 461: num channels: 26
01-01 08:12:47.789 0 0 I [wifi@1][0x1157cee4][02:10:08.840101] wlan: [3354:I:wifipos] wifi_pos_get_ch_info: 461: num channels: 26
04-06 02:10:08.845 1511 1709 I netstats_mobile_sample: [0,0,0,0,0,0,0,0,0,0,0,0,1680718208845]
04-06 02:10:08.845 1511 1709 I netstats_wifi_sample: [0,0,0,0,0,0,0,0,0,0,0,0,1680718208845]
01-01 08:12:47.796 0 0 I [wifi@1][0x1159d0c2][02:10:08.846953] wlan: [829:I:DP] dp_vdev_attach_wifi3: wlan_cfg_ap_bridge_enabled 1
01-01 08:12:47.796 0 0 E [wifi@1][0x1159ecea][02:10:08.847328] wlan: [829:E:PMO] pmo_register_wow_wakeup_events: 88: Skipping wake event configuration for vdev_opmode 16
01-01 08:12:47.796 0 0 E [wifi@1][0x1159f6e0][02:10:08.847461] wlan: [829:E:SME] sme_get_nss_chain_shift: 4045: Device mode 16 invalid
01-01 08:12:47.796 0 0 E [wifi@1][0x1159f7a8][02:10:08.847472] wlan: [829:E:SME] sme_get_nss_chain_shift: 4045: Device mode 16 invalid
01-01 08:12:47.798 0 0 I IPv6 : ADDRCONF(NETDEV_UP): wifi-aware0: link is not ready
04-06 02:10:08.859 1511 1863 D CompatibilityChangeReporter: Compat change id reported: 171306433; UID 1000; state: ENABLED
04-06 02:10:08.870 1203 1203 I wificond: createClientInterface: wiphy_index 0 iface_name wlan0
04-06 02:10:08.871 1203 1203 I wificond: create scanner for interface with index: 17
04-06 02:10:08.871 1203 1203 I wificond: subscribe scan result for interface with index: 17
04-06 02:10:08.872 1203 1203 I wificond: add channel type 0 support at wiphy index: 0
04-06 02:10:08.872 1203 1203 I wificond: add channel type 1 support at wiphy index: 0
01-01 08:12:48.105 0 0 I [schedu][0x11b47e18][02:10:09.156464] wlan: [3347:I:HIF] Deinitializing Runtime PM wakelock &vdev->vdev_set_key_runtime_wakelock
01-01 08:12:48.106 0 0 I [schedu][0x11b4c82f][02:10:09.157452] wlan: [3347:I:HIF] Initializing Runtime PM wakelock &vdev->vdev_set_key_runtime_wakelock
01-01 08:12:48.191 0 0 I [schedu][0x11cd9300][02:10:09.242076] wlan: [3347:I:HIF] Deinitializing Runtime PM wakelock &vdev->vdev_set_key_runtime_wakelock
01-01 08:12:48.192 0 0 I [schedu][0x11cde846][02:10:09.243213] wlan: [3347:I:HIF] Initializing Runtime PM wakelock &vdev->vdev_set_key_runtime_wakelock
01-01 08:12:48.203 0 0 I [wifi@1][0x11d12c19][02:10:09.254358] wlan: [829:I:DP] dp_vdev_attach_wifi3: wlan_cfg_ap_bridge_enabled 0
01-01 08:12:48.220 0 0 E [wifi@1][0x11d60022][02:10:09.270838] wlan: [3354:E:wifipos] wifi_pos_process_app_reg_req: 608: Received App Req Req pid(-1648360643), len(16)
01-01 08:12:48.220 0 0 I [wifi@1][0x11d6265c][02:10:09.271348] wlan: [3354:I:wifipos] wifi_pos_get_ch_info: 461: num channels: 26
01-01 08:12:48.221 0 0 I [wifi@1][0x11d64dfb][02:10:09.271876] wlan: [3354:I:wifipos] wifi_pos_get_ch_info: 461: num channels: 26
01-01 08:12:48.490 0 0 I [schedu][0x12250ea8][02:10:09.540685] wlan: [3347:I:OSIF] scan start scan id 40961
04-06 02:10:09.544 1511 2719 D CompatibilityChangeReporter: Compat change id reported: 135634846; UID 1000; state: DISABLED
04-06 02:10:09.544 1511 2719 D CompatibilityChangeReporter: Compat change id reported: 177438394; UID 1000; state: DISABLED
04-06 02:10:09.545 1511 2719 D CompatibilityChangeReporter: Compat change id reported: 135772972; UID 1000; state: DISABLED
04-06 02:10:09.545 1511 2719 D CompatibilityChangeReporter: Compat change id reported: 135754954; UID 1000; state: ENABLED
04-06 02:10:09.545 1511 2719 I backup_transport_lifecycle: [com.android.localtransport/.LocalTransportService,1]
04-06 02:10:09.550 1511 1613 I sysui_multi_action: [757,1717,758,1,759,0]
04-06 02:10:09.551 1511 1613 I sysui_multi_action: [757,1717,758,2,759,0]
04-06 02:10:09.551 1511 1613 I sysui_multi_action: [757,1717,758,3,759,0]
04-06 02:10:09.565 1511 1615 I am_proc_start: [0,3367,1000,com.android.localtransport,service,{com.android.localtransport/com.android.localtransport.LocalTransportService}]
04-06 02:10:09.565 1511 1615 I ActivityManager: Start proc 3367:com.android.localtransport/1000 for service {com.android.localtransport/com.android.localtransport.LocalTransportService}
04-06 02:10:09.590 1511 1511 W Looper : Slow dispatch took 419ms main h=android.app.ActivityThread$H c=android.app.LoadedApk$ReceiverDispatcher$Args$$ExternalSyntheticLambda0@48a2a43 m=0
04-06 02:10:09.590 1511 1511 W Looper : Slow delivery took 419ms main h=android.app.ActivityThread$H c=android.app.LoadedApk$ReceiverDispatcher$Args$$ExternalSyntheticLambda0@a8698c0 m=0
04-06 02:10:09.591 1511 1622 W BatteryExternalStatsWorker: error reading modem stats:ERROR_PHONE_NOT_AVAILABLE
01-01 08:12:48.545 0 0 I binder : 3367:3367 ioctl 40046210 7fe5c1ab14 returned -22
04-06 02:10:09.595 1511 1511 I Telecom : DefaultDialerCache: Refreshing default dialer for user 0: now null: DDC.oR@ABA
04-06 02:10:09.601 1511 1511 W Looper : Drained
04-06 02:10:09.601 1511 1511 I Telecom : MissedCallNotifierImpl: reloadAfterBootComplete: user=0: TSBCR.oR@ABE
04-06 02:10:09.602 1511 1990 I am_proc_bound: [0,3367,com.android.localtransport]
04-06 02:10:09.603 1511 1511 I Telecom : MissedCallNotifierImpl: reloadAfterBootComplete: user=0: TSBCR.oR@ABE
04-06 02:10:09.603 1511 1990 D CompatibilityChangeReporter: Compat change id reported: 168419799; UID 1000; state: DISABLED
04-06 02:10:09.608 1511 1511 D CompatibilityChangeReporter: Compat change id reported: 135634846; UID 1000; state: DISABLED
04-06 02:10:09.608 1511 1511 D CompatibilityChangeReporter: Compat change id reported: 177438394; UID 1000; state: DISABLED
04-06 02:10:09.608 1511 1511 D CompatibilityChangeReporter: Compat change id reported: 135772972; UID 1000; state: DISABLED
04-06 02:10:09.608 1511 1511 D CompatibilityChangeReporter: Compat change id reported: 135754954; UID 1000; state: ENABLED
04-06 02:10:09.612 1511 1724 I GameModeConfig: isGameModeOn = false
04-06 02:10:09.612 1511 1511 I notification_cancel_all: [1002,1933,com.android.bluetooth,0,0,64,9,NULL]
04-06 02:10:09.612 1511 1724 I GameModeConfig: isGameModeOn = false
04-06 02:10:09.614 1511 1724 I GameModeConfig: isGameModeOn = false
04-06 02:10:09.617 1511 1615 I am_proc_start: [0,3385,1000,com.android.dynsystem,broadcast,{com.android.dynsystem/com.android.dynsystem.BootCompletedReceiver}]
04-06 02:10:09.617 1511 1615 I ActivityManager: Start proc 3385:com.android.dynsystem/1000 for broadcast {com.android.dynsystem/com.android.dynsystem.BootCompletedReceiver}
04-06 02:10:09.618 1511 1511 I Telecom : BluetoothDeviceManager: Got BluetoothHeadset: com.android.server.telecom.BluetoothHeadsetProxy@837fd1c: BMSL.oSC@ABM
04-06 02:10:09.630 1511 1622 E KernelCpuSpeedReader: Failed to read cpu-freq: /sys/devices/system/cpu/cpu4/cpufreq/stats/time_in_state: open failed: ENOENT (No such file or directory)
04-06 02:10:09.630 1511 1622 E KernelCpuSpeedReader: Failed to read cpu-freq: /sys/devices/system/cpu/cpu0/cpufreq/stats/time_in_state: open failed: ENOENT (No such file or directory)
04-06 02:10:09.630 1511 1622 W BatteryStatsImpl: Attempted to remove untracked isolated uid (1037)
01-01 08:12:48.583 0 0 I binder : 3385:3385 ioctl 40046210 7fe5c1ab14 returned -22
04-06 02:10:09.639 1511 1511 I backup_transport_connection: [com.android.localtransport/.LocalTransportService,1]
04-06 02:10:09.639 1511 1511 I TransportClient: LocalTransportService#0: Notifying [TransportManager.registerTransport()] transport = IBackupTransport
04-06 02:10:09.641 1511 2719 D BackupTransportManager: Transport com.android.localtransport/.LocalTransportService registered
04-06 02:10:09.641 1511 2719 D BackupManagerService: [UserID:0] Transport com.android.localtransport/.LocalTransport registered 3115ms after first request (delay = 3000ms)
04-06 02:10:09.642 1511 2719 I backup_transport_lifecycle: [com.android.localtransport/.LocalTransportService,0]
04-06 02:10:09.642 1511 2719 I backup_transport_connection: [com.android.localtransport/.LocalTransportService,0]
04-06 02:10:09.644 1511 2719 I BackupManagerService: [UserID:0] Found 4 stale backup journal(s), scheduling.
04-06 02:10:09.645 1511 2719 V BackupManagerConstants: getKeyValueBackupIntervalMilliseconds(...) returns 14400000
04-06 02:10:09.645 1511 2719 V BackupManagerConstants: getKeyValueBackupFuzzMilliseconds(...) returns 600000
04-06 02:10:09.645 1511 2719 V BackupManagerConstants: getKeyValueBackupRequiredNetworkType(...) returns 1
04-06 02:10:09.645 1511 2719 V BackupManagerConstants: getKeyValueBackupRequireCharging(...) returns true
04-06 02:10:09.645 1511 2719 V KeyValueBackupJob: Scheduling k/v pass in 249 minutes
04-06 02:10:09.646 1511 1700 I am_proc_bound: [0,3385,com.android.dynsystem]
04-06 02:10:09.647 1511 2719 I BackupManagerService: [UserID:0] Stale backup journals: Scheduled 7 package(s) total
04-06 02:10:09.647 1511 1700 D CompatibilityChangeReporter: Compat change id reported: 168419799; UID 1000; state: DISABLED
04-06 02:10:09.652 1511 1700 W BluetoothManagerService: psc is not null in bindBluetoothProfileService
04-06 02:10:09.682 1511 1700 D CompatibilityChangeReporter: Compat change id reported: 135634846; UID 1000; state: DISABLED
04-06 02:10:09.682 1511 1700 D CompatibilityChangeReporter: Compat change id reported: 177438394; UID 1000; state: DISABLED
04-06 02:10:09.682 1511 1700 D CompatibilityChangeReporter: Compat change id reported: 135772972; UID 1000; state: DISABLED
04-06 02:10:09.683 1511 1700 D CompatibilityChangeReporter: Compat change id reported: 135754954; UID 1000; state: ENABLED
04-06 02:10:09.684 1511 1700 I am_uid_running: 10071
04-06 02:10:09.685 1511 1700 D CompatibilityChangeReporter: Compat change id reported: 135634846; UID 10071; state: DISABLED
04-06 02:10:09.685 1511 1700 D CompatibilityChangeReporter: Compat change id reported: 177438394; UID 10071; state: DISABLED
04-06 02:10:09.685 1511 1700 D CompatibilityChangeReporter: Compat change id reported: 135772972; UID 10071; state: DISABLED
04-06 02:10:09.685 1511 1700 D CompatibilityChangeReporter: Compat change id reported: 135754954; UID 10071; state: ENABLED
04-06 02:10:09.692 1511 1615 I am_proc_start: [0,3408,1000,com.android.dynsystem:dynsystem,service,{com.android.dynsystem/com.android.dynsystem.DynamicSystemInstallationService}]
04-06 02:10:09.692 1511 1615 I ActivityManager: Start proc 3408:com.android.dynsystem:dynsystem/1000 for service {com.android.dynsystem/com.android.dynsystem.DynamicSystemInstallationService}
04-06 02:10:09.692 1511 1615 D CompatibilityChangeReporter: Compat change id reported: 143937733; UID 10071; state: ENABLED
04-06 02:10:09.697 1511 1700 D CompatibilityChangeReporter: Compat change id reported: 168419799; UID 10075; state: DISABLED
04-06 02:10:09.699 1511 1615 I am_proc_start: [0,3410,10071,com.android.inputmethod.latin,broadcast,{com.android.inputmethod.latin/com.android.inputmethod.latin.SystemBroadcastReceiver}]
04-06 02:10:09.699 1511 1615 I ActivityManager: Start proc 3410:com.android.inputmethod.latin/u0a71 for broadcast {com.android.inputmethod.latin/com.android.inputmethod.latin.SystemBroadcastReceiver}
01-01 08:12:48.658 0 0 I binder : 3408:3408 ioctl 40046210 7fe5c1ab14 returned -22
04-06 02:10:09.711 1511 1700 I am_proc_bound: [0,3408,com.android.dynsystem:dynsystem]
01-01 08:12:48.670 0 0 I binder : 3410:3410 ioctl 40046210 7fe5c1ab14 returned -22
04-06 02:10:09.726 1511 1700 D CompatibilityChangeReporter: Compat change id reported: 168419799; UID 1000; state: DISABLED
04-06 02:10:09.728 1511 2056 I am_proc_bound: [0,3410,com.android.inputmethod.latin]
04-06 02:10:09.729 1511 2056 D CompatibilityChangeReporter: Compat change id reported: 168419799; UID 10071; state: DISABLED
04-06 02:10:09.732 1511 2056 I am_uid_active: 10071
04-06 02:10:09.745 1511 1724 I GameModeConfig: isGameModeOn = false
04-06 02:10:09.745 1511 1724 I GameModeConfig: isGameModeOn = false
04-06 02:10:09.745 1511 1724 I GameModeConfig: isGameModeOn = false
04-06 02:10:09.747 1511 1700 I DynamicSystemService: isInstalled(): false
04-06 02:10:09.818 1511 1700 I ActivityManager: Process com.android.inputmethod.latin (pid 3410) has died: fg RCVR
04-06 02:10:09.820 1511 1700 I am_proc_died: [0,3410,com.android.inputmethod.latin,0,11]
04-06 02:10:09.820 1511 1700 I am_broadcast_discard_app: [0,190701024,android.intent.action.BOOT_COMPLETED,15,ResolveInfo{d724eea com.android.inputmethod.latin/.SystemBroadcastReceiver m=0x108000}]
04-06 02:10:09.821 1511 1700 I am_uid_stopped: 10071
04-06 02:10:09.823 1511 1614 I am_uid_running: 10027
04-06 02:10:09.823 1511 1614 I ActivityManager: com.android.managedprovisioning is exempt from freezer
04-06 02:10:09.823 1511 1614 D CompatibilityChangeReporter: Compat change id reported: 135634846; UID 10027; state: DISABLED
04-06 02:10:09.823 1511 1614 D CompatibilityChangeReporter: Compat change id reported: 177438394; UID 10027; state: DISABLED
04-06 02:10:09.823 1511 1614 D CompatibilityChangeReporter: Compat change id reported: 135772972; UID 10027; state: DISABLED
04-06 02:10:09.823 1511 1614 D CompatibilityChangeReporter: Compat change id reported: 135754954; UID 10027; state: ENABLED
04-06 02:10:09.824 1511 1615 D CompatibilityChangeReporter: Compat change id reported: 143937733; UID 10027; state: ENABLED
04-06 02:10:09.830 1511 1615 I am_proc_start: [0,3444,10027,com.android.managedprovisioning,broadcast,{com.android.managedprovisioning/com.android.managedprovisioning.BootReminder}]
04-06 02:10:09.830 1511 1615 I ActivityManager: Start proc 3444:com.android.managedprovisioning/u0a27 for broadcast {com.android.managedprovisioning/com.android.managedprovisioning.BootReminder}
01-01 08:12:48.794 0 0 I binder : 3444:3444 ioctl 40046210 7fe5c1ab14 returned -22
04-06 02:10:09.847 1511 1700 I am_proc_bound: [0,3444,com.android.managedprovisioning]
04-06 02:10:09.848 1511 1700 D CompatibilityChangeReporter: Compat change id reported: 168419799; UID 10027; state: DISABLED
04-06 02:10:09.850 1511 1700 I am_uid_active: 10027
04-06 02:10:09.949 1511 1700 I am_uid_running: 10087
04-06 02:10:09.950 1511 1700 D CompatibilityChangeReporter: Compat change id reported: 135634846; UID 10087; state: DISABLED
04-06 02:10:09.950 1511 1700 D CompatibilityChangeReporter: Compat change id reported: 177438394; UID 10087; state: DISABLED
04-06 02:10:09.950 1511 1700 D CompatibilityChangeReporter: Compat change id reported: 135772972; UID 10087; state: DISABLED
04-06 02:10:09.951 1511 1700 D CompatibilityChangeReporter: Compat change id reported: 135754954; UID 10087; state: ENABLED
04-06 02:10:09.951 1511 1615 D CompatibilityChangeReporter: Compat change id reported: 143937733; UID 10087; state: ENABLED
04-06 02:10:09.962 1511 1615 I am_proc_start: [0,3459,10087,com.android.music,broadcast,{com.android.music/com.android.music.MediaPlaybackReceiver}]
04-06 02:10:09.962 1511 1615 I ActivityManager: Start proc 3459:com.android.music/u0a87 for broadcast {com.android.music/com.android.music.MediaPlaybackReceiver}
01-01 08:12:48.932 0 0 I binder : 3459:3459 ioctl 40046210 7fe5c1ab14 returned -22
04-06 02:10:09.990 1511 1700 I am_proc_bound: [0,3459,com.android.music]
04-06 02:10:09.991 1511 1700 D CompatibilityChangeReporter: Compat change id reported: 168419799; UID 10087; state: DISABLED
04-06 02:10:09.993 1511 1700 I am_uid_active: 10087
04-06 02:10:10.062 1511 1700 I am_uid_running: 10062
04-06 02:10:10.063 1511 1700 D CompatibilityChangeReporter: Compat change id reported: 135634846; UID 10062; state: DISABLED
04-06 02:10:10.063 1511 1700 D CompatibilityChangeReporter: Compat change id reported: 177438394; UID 10062; state: DISABLED
04-06 02:10:10.063 1511 1700 D CompatibilityChangeReporter: Compat change id reported: 135772972; UID 10062; state: DISABLED
04-06 02:10:10.063 1511 1700 D CompatibilityChangeReporter: Compat change id reported: 135754954; UID 10062; state: ENABLED
04-06 02:10:10.068 1511 1615 D CompatibilityChangeReporter: Compat change id reported: 143937733; UID 10062; state: ENABLED
04-06 02:10:10.079 1511 1615 I am_proc_start: [0,3476,10062,com.android.onetimeinitializer,broadcast,{com.android.onetimeinitializer/com.android.onetimeinitializer.OneTimeInitializerReceiver}]
04-06 02:10:10.079 1511 1615 I ActivityManager: Start proc 3476:com.android.onetimeinitializer/u0a62 for broadcast {com.android.onetimeinitializer/com.android.onetimeinitializer.OneTimeInitializerReceiver}
01-01 08:12:49.045 0 0 I binder : 3476:3476 ioctl 40046210 7fe5c1ab14 returned -22
04-06 02:10:10.101 1511 1700 I am_proc_bound: [0,3476,com.android.onetimeinitializer]
04-06 02:10:10.102 1511 1700 D CompatibilityChangeReporter: Compat change id reported: 168419799; UID 10062; state: DISABLED
04-06 02:10:10.105 1511 1700 I am_uid_active: 10062
04-06 02:10:10.143 1511 1700 I am_uid_running: 10019
04-06 02:10:10.143 1511 1700 I ActivityManager: com.android.packageinstaller is exempt from freezer
04-06 02:10:10.144 1511 1700 D CompatibilityChangeReporter: Compat change id reported: 135634846; UID 10019; state: DISABLED
04-06 02:10:10.144 1511 1700 D CompatibilityChangeReporter: Compat change id reported: 177438394; UID 10019; state: DISABLED
04-06 02:10:10.144 1511 1700 D CompatibilityChangeReporter: Compat change id reported: 135772972; UID 10019; state: DISABLED
04-06 02:10:10.144 1511 1700 D CompatibilityChangeReporter: Compat change id reported: 135754954; UID 10019; state: ENABLED
04-06 02:10:10.144 1511 1615 D CompatibilityChangeReporter: Compat change id reported: 143937733; UID 10019; state: ENABLED
04-06 02:10:10.155 1511 1615 I am_proc_start: [0,3493,10019,com.android.packageinstaller,broadcast,{com.android.packageinstaller/com.android.packageinstaller.TemporaryFileManager}]
04-06 02:10:10.155 1511 1615 I ActivityManager: Start proc 3493:com.android.packageinstaller/u0a19 for broadcast {com.android.packageinstaller/com.android.packageinstaller.TemporaryFileManager}
01-01 08:12:49.128 0 0 I binder : 3493:3493 ioctl 40046210 7fe5c1ab14 returned -22
04-06 02:10:10.186 1511 1700 I am_proc_bound: [0,3493,com.android.packageinstaller]
04-06 02:10:10.187 1511 1700 D CompatibilityChangeReporter: Compat change id reported: 168419799; UID 10019; state: DISABLED
04-06 02:10:10.190 1511 1700 I am_uid_active: 10019
04-06 02:10:10.245 1511 1700 I am_uid_running: 10096
04-06 02:10:10.245 1511 1700 D CompatibilityChangeReporter: Compat change id reported: 135634846; UID 10096; state: DISABLED
04-06 02:10:10.246 1511 1700 D CompatibilityChangeReporter: Compat change id reported: 177438394; UID 10096; state: DISABLED
04-06 02:10:10.246 1511 1700 D CompatibilityChangeReporter: Compat change id reported: 135772972; UID 10096; state: DISABLED
04-06 02:10:10.246 1511 1700 D CompatibilityChangeReporter: Compat change id reported: 135754954; UID 10096; state: DISABLED
04-06 02:10:10.246 1511 1615 D CompatibilityChangeReporter: Compat change id reported: 143937733; UID 10096; state: DISABLED
04-06 02:10:10.257 1511 1615 I am_proc_start: [0,3508,10096,com.android.permissioncontroller,broadcast,{com.android.permissioncontroller/com.android.permissioncontroller.permission.service.LocationAccessCheck$SetupPeriodicBackgroundLocationAccessCheck}]
04-06 02:10:10.257 1511 1615 I ActivityManager: Start proc 3508:com.android.permissioncontroller/u0a96 for broadcast {com.android.permissioncontroller/com.android.permissioncontroller.permission.service.LocationAccessCheck$SetupPeriodicBackgroundLocationAccessCheck}
01-01 08:12:49.226 0 0 I binder : 3508:3508 ioctl 40046210 7fe5c1ab14 returned -22
04-06 02:10:10.283 1511 1700 I am_proc_bound: [0,3508,com.android.permissioncontroller]
04-06 02:10:10.285 1511 1700 D CompatibilityChangeReporter: Compat change id reported: 168419799; UID 10096; state: DISABLED
04-06 02:10:10.289 1511 1700 I am_uid_active: 10096
04-06 02:10:10.413 1511 1700 I am_uid_running: 10034
04-06 02:10:10.414 1511 1700 D CompatibilityChangeReporter: Compat change id reported: 135634846; UID 10034; state: DISABLED
04-06 02:10:10.414 1511 1700 D CompatibilityChangeReporter: Compat change id reported: 177438394; UID 10034; state: DISABLED
04-06 02:10:10.414 1511 1700 D CompatibilityChangeReporter: Compat change id reported: 135772972; UID 10034; state: DISABLED
04-06 02:10:10.414 1511 1700 D CompatibilityChangeReporter: Compat change id reported: 135754954; UID 10034; state: ENABLED
04-06 02:10:10.414 1511 1615 D CompatibilityChangeReporter: Compat change id reported: 143937733; UID 10034; state: ENABLED
04-06 02:10:10.424 1511 1615 I am_proc_start: [0,3524,10034,com.android.providers.calendar,broadcast,{com.android.providers.calendar/com.android.providers.calendar.CalendarReceiver}]
04-06 02:10:10.424 1511 1615 I ActivityManager: Start proc 3524:com.android.providers.calendar/u0a34 for broadcast {com.android.providers.calendar/com.android.providers.calendar.CalendarReceiver}
01-01 08:12:49.393 0 0 I binder : 3524:3524 ioctl 40046210 7fe5c1ab14 returned -22
04-06 02:10:10.450 1511 1700 I am_proc_bound: [0,3524,com.android.providers.calendar]
04-06 02:10:10.452 1511 1700 D CompatibilityChangeReporter: Compat change id reported: 168419799; UID 10034; state: DISABLED
04-06 02:10:10.454 1511 1700 I am_uid_active: 10034
04-06 02:10:10.515 1511 1700 D CompatibilityChangeReporter: Compat change id reported: 143231523; UID 10034; state: DISABLED
04-06 02:10:10.515 1511 2056 D CompatibilityChangeReporter: Compat change id reported: 171306433; UID 10034; state: ENABLED
04-06 02:10:10.518 1511 2056 D CompatibilityChangeReporter: Compat change id reported: 168419799; UID 10020; state: DISABLED
04-06 02:10:10.567 1511 1777 I am_uid_running: 2000
04-06 02:10:10.568 1511 1777 I ActivityManager: com.android.shell is exempt from freezer
04-06 02:10:10.568 1511 1777 D CompatibilityChangeReporter: Compat change id reported: 135634846; UID 2000; state: DISABLED
04-06 02:10:10.569 1511 1777 D CompatibilityChangeReporter: Compat change id reported: 177438394; UID 2000; state: DISABLED
04-06 02:10:10.569 1511 1777 D CompatibilityChangeReporter: Compat change id reported: 135772972; UID 2000; state: DISABLED
04-06 02:10:10.569 1511 1777 D CompatibilityChangeReporter: Compat change id reported: 135754954; UID 2000; state: ENABLED
04-06 02:10:10.581 1511 1615 I am_proc_start: [0,3545,2000,com.android.shell,broadcast,{com.android.shell/com.android.shell.HeapDumpReceiver}]
04-06 02:10:10.581 1511 1615 I ActivityManager: Start proc 3545:com.android.shell/2000 for broadcast {com.android.shell/com.android.shell.HeapDumpReceiver}
01-01 08:12:49.549 0 0 I binder : 3545:3545 ioctl 40046210 7fe5c1ab14 returned -22
04-06 02:10:10.606 1511 1777 I am_proc_bound: [0,3545,com.android.shell]
04-06 02:10:10.607 1511 1777 D CompatibilityChangeReporter: Compat change id reported: 168419799; UID 2000; state: DISABLED
04-06 02:10:10.609 1511 1777 I am_uid_active: 2000
04-06 02:10:10.649 1511 1777 W BroadcastQueue: Permission Denial: receiving Intent { act=android.intent.action.BOOT_COMPLETED flg=0x89000010 (has extras) } to com.baidu.input/.directboot.DirectBootReceiver requires android.permission.RECEIVE_BOOT_COMPLETED due to sender null (uid 1000)
04-06 02:10:10.650 1511 1614 W BroadcastQueue: Permission Denial: receiving Intent { act=android.intent.action.BOOT_COMPLETED flg=0x89000010 (has extras) } to com.baidu.input/.switchguide.InputMethodChangedReceiver requires android.permission.RECEIVE_BOOT_COMPLETED due to sender null (uid 1000)
04-06 02:10:10.652 1511 1614 D CompatibilityChangeReporter: Compat change id reported: 168419799; UID 10091; state: DISABLED
04-06 02:10:10.666 2738 2738 W ContextImpl: Calling a method in the system process without a qualified user: android.app.ContextImpl.startService:1816 android.content.ContextWrapper.startService:774 com.hryt.hiphishowfsecontrol.mce_app.broadcasts.FseReceiver.onReceive:49 android.app.ActivityThread.handleReceiver:4309 android.app.ActivityThread.access$1600:248
04-06 02:10:10.669 1511 1777 I am_uid_running: 10083
04-06 02:10:10.670 1511 1777 D CompatibilityChangeReporter: Compat change id reported: 135634846; UID 10083; state: DISABLED
04-06 02:10:10.670 1511 1777 D CompatibilityChangeReporter: Compat change id reported: 177438394; UID 10083; state: DISABLED
04-06 02:10:10.670 1511 1777 D CompatibilityChangeReporter: Compat change id reported: 135772972; UID 10083; state: DISABLED
04-06 02:10:10.671 1511 1777 D CompatibilityChangeReporter: Compat change id reported: 135754954; UID 10083; state: ENABLED
04-06 02:10:10.671 1511 1615 D CompatibilityChangeReporter: Compat change id reported: 143937733; UID 10083; state: ENABLED
04-06 02:10:10.676 1511 1777 D CompatibilityChangeReporter: Compat change id reported: 149924527; UID 10091; state: ENABLED
04-06 02:10:10.676 1511 1777 D CompatibilityChangeReporter: Compat change id reported: 132649864; UID 10091; state: DISABLED
04-06 02:10:10.680 1511 1615 I am_proc_start: [0,3563,10083,com.qti.ltebc,broadcast,{com.qti.ltebc/com.qualcomm.ltebc.LTEBroadcastBootReceiver}]
04-06 02:10:10.680 1511 1615 I ActivityManager: Start proc 3563:com.qti.ltebc/u0a83 for broadcast {com.qti.ltebc/com.qualcomm.ltebc.LTEBroadcastBootReceiver}
01-01 08:12:49.646 0 0 I binder : 3563:3563 ioctl 40046210 7fe5c1ab14 returned -22
04-06 02:10:10.703 1511 2056 I am_proc_bound: [0,3563,com.qti.ltebc]
04-06 02:10:10.704 1511 2056 D CompatibilityChangeReporter: Compat change id reported: 168419799; UID 10083; state: DISABLED
04-06 02:10:10.707 1511 2056 I am_uid_active: 10083
01-01 08:12:49.679 0 0 I [schedu][0x13818c09][02:10:10.730197] wlan: [3347:I:OSIF] vdev 0, scan id 40961 type COMPLETED(1) reason COMPLETED(1) scan found 31 bss
04-06 02:10:10.937 2728 3586 E ActivityThread: Failed to find provider info for com.tcl.xian.StartandroidService.MyContentProvider
04-06 02:10:10.995 3602 3602 I auditd : type=1400 audit(0.0:290): avc: denied { read } for comm="cat" name="address" dev="sysfs" ino=69038 scontext=u:r:platform_app:s0:c512,c768 tcontext=u:object_r:sysfs:s0 tclass=file permissive=0 app=com.hht.lebocast
01-01 08:12:49.950 0 0 I logd : start watching /data/system/packages.list ...
01-01 08:12:49.951 0 0 I logd : ReadPackageList, total packages: 100
04-06 02:10:11.119 1511 2056 D CompatibilityChangeReporter: Compat change id reported: 171306433; UID 10083; state: ENABLED
04-06 02:10:11.120 1511 1777 D CompatibilityChangeReporter: Compat change id reported: 168419799; UID 10055; state: DISABLED
04-06 02:10:11.129 1511 1777 D CompatibilityChangeReporter: Compat change id reported: 168419799; UID 10081; state: DISABLED
04-06 02:10:11.133 1511 1777 D CompatibilityChangeReporter: Compat change id reported: 168419799; UID 10074; state: DISABLED
04-06 02:10:11.140 1511 1777 D CompatibilityChangeReporter: Compat change id reported: 168419799; UID 10092; state: DISABLED
04-06 02:10:11.144 1511 1777 I am_uid_running: 10061
04-06 02:10:11.144 1511 1777 D CompatibilityChangeReporter: Compat change id reported: 135634846; UID 10061; state: DISABLED
04-06 02:10:11.144 1511 1615 D CompatibilityChangeReporter: Compat change id reported: 143937733; UID 10061; state: DISABLED
04-06 02:10:11.147 1511 1777 I ActivityManager: Process com.qti.ltebc (pid 3563) has died: cch+5 CEM
04-06 02:10:11.148 1511 1777 I am_proc_died: [0,3563,com.qti.ltebc,905,19]
