04-06 02:13:46.852 4181 4181 E vota : [6db924f8]: [vota]: [static_fixed_pool]: [512]: peak_size: 5632, wast_rate: 210/10000, pred_failed: 0, item_maxn: 253, free_count: 11, malloc_count: 11
04-06 02:13:46.852 4181 4181 E vota : [6db924f8]: [vota]: [static_fixed_pool]: [1024]: peak_size: 2048, wast_rate: 106/10000, pred_failed: 0, item_maxn: 254, free_count: 2, malloc_count: 2
04-06 02:13:46.852 4181 4181 E vota : [6db924f8]: [vota]: [native_large_allocator]:
04-06 02:13:46.852 4181 4181 E vota : [6db924f8]: [vota]: [native_large_allocator]: peak_size: 3373986
04-06 02:13:46.852 4181 4181 E vota : [6db924f8]: [vota]: [native_large_allocator]: wast_rate: 4/10000
04-06 02:13:46.852 4181 4181 E vota : [6db924f8]: [vota]: [native_large_allocator]: free_count: 52
04-06 02:13:46.852 4181 4181 E vota : [6db924f8]: [vota]: [native_large_allocator]: malloc_count: 52
04-06 02:13:46.852 4181 4181 E vota : [6db924f8]: [vota]: [native_large_allocator]: ralloc_count: 0
04-06 02:13:46.852 4181 4181 E vota : [6db924f8]: [vota]: exit: ok
01-01 08:16:25.803 0 0 I init : Service 'hht_ota_mgr_service' (pid 4181) exited with status 0
01-01 08:16:25.803 0 0 I init : Sending signal 9 to service 'hht_ota_mgr_service' (pid 4181) process group...
01-01 08:16:25.803 0 0 I libprocessgroup: Successfully killed process cgroup uid 0 pid 4181 in 0ms
04-06 02:13:47.159 2728 2728 W hpplay-java: [main]:IPManager:getActiveNets invalid networkInfo:null
04-06 02:13:47.159 2728 2728 I hpplay-java: [main]:IPManager:getActiveNets eth0:false wifi:false mobile:false ap:false
04-06 02:13:47.159 2728 2728 I hpplay-java: [main]:ServerTaskManager:get local ip:null
04-06 02:13:47.247 1178 1178 I CNSS : cnss_open_log_file: create directory /data/vendor/wifi/wlan_logs/ ret = -1 errno= 17
04-06 02:13:47.247 1178 1178 I CNSS : failed to open file a+ mode or file size 0 is less than max_file_size 31457280
04-06 02:13:47.247 1178 1178 I CNSS : Failed to open file /data/vendor/wifi/wlan_logs/cnss_fw_logs_current.txt: 13
04-06 02:13:47.243 1178 1178 I auditd : type=1400 audit(0.0:554): avc: denied { getattr } for comm="cnss_diag" path="/data/vendor/wifi/wlan_logs" dev="dm-10" ino=373 scontext=u:r:vendor_wcnss_service:s0 tcontext=u:object_r:vendor_wifi_vendor_log_data_file:s0 tclass=dir permissive=0
04-06 02:13:47.243 1178 1178 W cnss_diag: type=1400 audit(0.0:554): avc: denied { getattr } for path="/data/vendor/wifi/wlan_logs" dev="dm-10" ino=373 scontext=u:r:vendor_wcnss_service:s0 tcontext=u:object_r:vendor_wifi_vendor_log_data_file:s0 tclass=dir permissive=0
04-06 02:13:47.243 1178 1178 I auditd : type=1400 audit(0.0:555): avc: denied { read } for comm="cnss_diag" name="wlan_logs" dev="dm-10" ino=373 scontext=u:r:vendor_wcnss_service:s0 tcontext=u:object_r:vendor_wifi_vendor_log_data_file:s0 tclass=dir permissive=0
04-06 02:13:47.243 1178 1178 W cnss_diag: type=1400 audit(0.0:555): avc: denied { read } for name="wlan_logs" dev="dm-10" ino=373 scontext=u:r:vendor_wcnss_service:s0 tcontext=u:object_r:vendor_wifi_vendor_log_data_file:s0 tclass=dir permissive=0
04-06 02:13:47.243 1178 1178 I auditd : type=1400 audit(0.0:556): avc: denied { search } for comm="cnss_diag" name="wlan_logs" dev="dm-10" ino=373 scontext=u:r:vendor_wcnss_service:s0 tcontext=u:object_r:vendor_wifi_vendor_log_data_file:s0 tclass=dir permissive=0
04-06 02:13:47.243 1178 1178 W cnss_diag: type=1400 audit(0.0:556): avc: denied { search } for name="wlan_logs" dev="dm-10" ino=373 scontext=u:r:vendor_wcnss_service:s0 tcontext=u:object_r:vendor_wifi_vendor_log_data_file:s0 tclass=dir permissive=0
04-06 02:13:47.394 1251 1359 E tlogd : [TzLogger](isPathReadable) file /sys/kernel/debug/tzdbg/qsee_log isn't exist or no permission, err: No such file or directory
04-06 02:13:47.394 1251 1359 E tlogd : [TzLogger](saveTzlogAsync) /sys/kernel/debug/tzdbg/qsee_log can not read.
04-06 02:13:47.394 1251 1359 E tlogd : [TzLogger](isPathReadable) file /sys/kernel/debug/tzdbg/log isn't exist or no permission, err: No such file or directory
04-06 02:13:47.394 1251 1359 E tlogd : [TzLogger](saveTzlogAsync) /sys/kernel/debug/tzdbg/log can not read.
04-06 02:13:47.426 647 662 I mpu_uart: [MSG-P:RECV]:No message received in 1000 ms
04-06 02:13:48.161 2728 2728 W hpplay-java: [main]:IPManager:getActiveNets invalid networkInfo:null
04-06 02:13:48.161 2728 2728 I hpplay-java: [main]:IPManager:getActiveNets eth0:false wifi:false mobile:false ap:false
04-06 02:13:48.161 2728 2728 I hpplay-java: [main]:ServerTaskManager:get local ip:null
04-06 02:13:48.426 647 662 I mpu_uart: [MSG-P:RECV]:No message received in 1000 ms
04-06 02:13:48.542 647 661 I mpu_uart: [MSG-P:R]:recv sync frame timeout
01-01 08:16:27.524 0 0 E DTC_ETH,link_delay_work_func: 3003, SQI=0, link=0
04-06 02:13:49.163 2728 2728 W hpplay-java: [main]:IPManager:getActiveNets invalid networkInfo:null
04-06 02:13:49.164 2728 2728 I hpplay-java: [main]:IPManager:getActiveNets eth0:false wifi:false mobile:false ap:false
04-06 02:13:49.164 2728 2728 I hpplay-java: [main]:ServerTaskManager:get local ip:null
04-06 02:13:49.426 647 662 I mpu_uart: [MSG-P:RECV]:No message received in 1000 ms
04-06 02:13:50.166 2728 2728 W hpplay-java: [main]:IPManager:getActiveNets invalid networkInfo:null
04-06 02:13:50.166 2728 2728 I hpplay-java: [main]:IPManager:getActiveNets eth0:false wifi:false mobile:false ap:false
04-06 02:13:50.166 2728 2728 I hpplay-java: [main]:ServerTaskManager:get local ip:null
04-06 02:13:50.248 1178 1178 I CNSS : cnss_open_log_file: create directory /data/vendor/wifi/wlan_logs/ ret = -1 errno= 17
04-06 02:13:50.248 1178 1178 I CNSS : failed to open file a+ mode or file size 0 is less than max_file_size 31457280
04-06 02:13:50.248 1178 1178 I CNSS : Failed to open file /data/vendor/wifi/wlan_logs/cnss_fw_logs_current.txt: 13
04-06 02:13:50.247 1178 1178 I auditd : type=1400 audit(0.0:557): avc: denied { getattr } for comm="cnss_diag" path="/data/vendor/wifi/wlan_logs" dev="dm-10" ino=373 scontext=u:r:vendor_wcnss_service:s0 tcontext=u:object_r:vendor_wifi_vendor_log_data_file:s0 tclass=dir permissive=0
04-06 02:13:50.247 1178 1178 W cnss_diag: type=1400 audit(0.0:557): avc: denied { getattr } for path="/data/vendor/wifi/wlan_logs" dev="dm-10" ino=373 scontext=u:r:vendor_wcnss_service:s0 tcontext=u:object_r:vendor_wifi_vendor_log_data_file:s0 tclass=dir permissive=0
04-06 02:13:50.247 1178 1178 I auditd : type=1400 audit(0.0:558): avc: denied { read } for comm="cnss_diag" name="wlan_logs" dev="dm-10" ino=373 scontext=u:r:vendor_wcnss_service:s0 tcontext=u:object_r:vendor_wifi_vendor_log_data_file:s0 tclass=dir permissive=0
04-06 02:13:50.247 1178 1178 W cnss_diag: type=1400 audit(0.0:558): avc: denied { read } for name="wlan_logs" dev="dm-10" ino=373 scontext=u:r:vendor_wcnss_service:s0 tcontext=u:object_r:vendor_wifi_vendor_log_data_file:s0 tclass=dir permissive=0
04-06 02:13:50.247 1178 1178 I auditd : type=1400 audit(0.0:559): avc: denied { search } for comm="cnss_diag" name="wlan_logs" dev="dm-10" ino=373 scontext=u:r:vendor_wcnss_service:s0 tcontext=u:object_r:vendor_wifi_vendor_log_data_file:s0 tclass=dir permissive=0
04-06 02:13:50.247 1178 1178 W cnss_diag: type=1400 audit(0.0:559): avc: denied { search } for name="wlan_logs" dev="dm-10" ino=373 scontext=u:r:vendor_wcnss_service:s0 tcontext=u:object_r:vendor_wifi_vendor_log_data_file:s0 tclass=dir permissive=0
04-06 02:13:50.427 647 662 I mpu_uart: [MSG-P:RECV]:No message received in 1000 ms
04-06 02:13:50.986 2354 2354 D RemoteControlService: startVlanDispatchThread
04-06 02:13:51.168 2728 2728 W hpplay-java: [main]:IPManager:getActiveNets invalid networkInfo:null
04-06 02:13:51.168 2728 2728 I hpplay-java: [main]:IPManager:getActiveNets eth0:false wifi:false mobile:false ap:false
04-06 02:13:51.168 2728 2728 I hpplay-java: [main]:ServerTaskManager:get local ip:null
04-06 02:13:51.427 647 662 I mpu_uart: [MSG-P:RECV]:No message received in 1000 ms
04-06 02:13:51.545 647 661 I mpu_uart: [MSG-P:R]:recv sync frame timeout
01-01 08:16:30.729 0 0 I init : starting service 'hht_ota_mgr_service'...
04-06 02:13:51.831 4182 4182 E vota : [4ef6a4f8]: [vota]: init: ..
04-06 02:13:51.831 4182 4182 E vota : [4ef6a4f8]: [vota]: [warning]: the java machine be not inited, please pass it to the tb_init function! at tb_android_init_env(): 43, src/vota/platform/android/android.c
04-06 02:13:51.832 4182 4182 E vota : [4ef6a4f8]: [vota]: version: tbox_v1_6_7_202302251411_arm64-v8a_elf by Android (8481493, based on r416183c2) Clang 12.0.9 (https://android.googlesource.com/toolchain/llvm-project c935d99d7cf2016289302412d708641d52d2f7ee)
04-06 02:13:51.832 4182 4182 E vota : [4ef6a4f8]: [vota]: init: ok
04-06 02:13:51.832 4182 4182 E vota : [4ef6a4f8]: [vota]: [scheduler]: start ..
04-06 02:13:51.832 4182 4182 E vota : [4ef6a4f8]: [vota]: [coroutine]: init 0x754d98e158
04-06 02:13:51.832 4182 4182 E vota : [4ef6a4f8]: [vota]: [scheduler]: start ok
04-06 02:13:51.832 4182 4182 E vota : [4ef6a4f8]: [vota]: [scheduler]: switch to coroutine(0x754d98e158) from coroutine(0x754da7aca0)
04-06 02:13:51.832 4182 4182 E vota : [4ef6a4f8]: [vota]: [coroutine]: entry: 0x754d98e158 stack: 0x754d98e1b8 - 0x754d9ce1b8 from coroutine(0x754da7aca0)
04-06 02:13:51.833 4182 4182 I hiphi_update_api: Hh_GetVersion calling ......
04-06 02:13:51.833 4182 4182 I hiphi_update_api: get version:01.00.0089.C102
04-06 02:13:51.833 4182 4182 I hiphi_update_api: Hh_GetVersion ret:0
04-06 02:13:51.874 4182 4182 E vota : [4ef6a4f8]: [vota]: [scheduler]: finish coroutine(0x754d98e158)
04-06 02:13:51.874 4182 4182 E vota : [4ef6a4f8]: [vota]: [scheduler]: switch to original coroutine
04-06 02:13:51.874 4182 4182 E vota : [4ef6a4f8]: [vota]: [scheduler]: switch to coroutine(0x754da7aca0) from coroutine(0x754d98e158)
04-06 02:13:51.874 4182 4182 E vota : [4ef6a4f8]: [vota]: [scheduler]: [loop]: ready 0
04-06 02:13:51.874 4182 4182 E vota : [4ef6a4f8]: [vota]: [coroutine]: exit: 0x754d98e158
04-06 02:13:51.874 4182 4182 E vota : [4ef6a4f8]: [vota]: [lock_profiler]:
04-06 02:13:51.874 4182 4182 E vota : [4ef6a4f8]: [vota]: [lock_profiler]: lock: 0xb4000072e8cc17f4, name: native_large_allocator, occupied: 0
04-06 02:13:51.874 4182 4182 E vota : [4ef6a4f8]: [vota]: [lock_profiler]: lock: 0xb4000072f8cbe14c, name: allocator, occupied: 0
04-06 02:13:51.874 4182 4182 E vota : [4ef6a4f8]: [vota]: [small_allocator]:
04-06 02:13:51.874 4182 4182 E vota : [4ef6a4f8]: [vota]: [static_fixed_pool]: [16]: peak_size: 288, wast_rate: 4074/10000, pred_failed: 0, item_maxn: 245, free_count: 18, malloc_count: 18
04-06 02:13:51.874 4182 4182 E vota : [4ef6a4f8]: [vota]: [static_fixed_pool]: [96]: peak_size: 2208, wast_rate: 1028/10000, pred_failed: 0, item_maxn: 248, free_count: 23, malloc_count: 23
04-06 02:13:51.874 4182 4182 E vota : [4ef6a4f8]: [vota]: [static_fixed_pool]: [128]: peak_size: 9216, wast_rate: 791/10000, pred_failed: 0, item_maxn: 249, free_count: 72, malloc_count: 72
04-06 02:13:51.874 4182 4182 E vota : [4ef6a4f8]: [vota]: [static_fixed_pool]: [192]: peak_size: 2112, wast_rate: 541/10000, pred_failed: 0, item_maxn: 250, free_count: 11, malloc_count: 11
04-06 02:13:51.874 4182 4182 E vota : [4ef6a4f8]: [vota]: [static_fixed_pool]: [256]: peak_size: 256, wast_rate: 411/10000, pred_failed: 0, item_maxn: 251, free_count: 1, malloc_count: 1
04-06 02:13:51.874 4182 4182 E vota : [4ef6a4f8]: [vota]: [static_fixed_pool]: [384]: peak_size: 5376, wast_rate: 278/10000, pred_failed: 0, item_maxn: 252, free_count: 14, malloc_count: 14
04-06 02:13:51.874 4182 4182 E vota : [4ef6a4f8]: [vota]: [static_fixed_pool]: [512]: peak_size: 5632, wast_rate: 210/10000, pred_failed: 0, item_maxn: 253, free_count: 11, malloc_count: 11
04-06 02:13:51.867 4182 4182 I auditd : type=1400 audit(0.0:560): avc: denied { read append } for comm="hht_ota_mgr" name="NvmSim_yy.dat" dev="dm-10" ino=379 scontext=u:r:hht_ota_mgr:s0 tcontext=u:object_r:system_data_file:s0 tclass=file permissive=0
04-06 02:13:51.874 4182 4182 E vota : [4ef6a4f8]: [vota]: [static_fixed_pool]: [1024]: peak_size: 2048, wast_rate: 106/10000, pred_failed: 0, item_maxn: 254, free_count: 2, malloc_count: 2
04-06 02:13:51.867 4182 4182 W hht_ota_mgr: type=1400 audit(0.0:560): avc: denied { read append } for name="NvmSim_yy.dat" dev="dm-10" ino=379 scontext=u:r:hht_ota_mgr:s0 tcontext=u:object_r:system_data_file:s0 tclass=file permissive=0
04-06 02:13:51.874 4182 4182 E vota : [4ef6a4f8]: [vota]: [native_large_allocator]:
04-06 02:13:51.874 4182 4182 E vota : [4ef6a4f8]: [vota]: [native_large_allocator]: peak_size: 3373986
04-06 02:13:51.874 4182 4182 E vota : [4ef6a4f8]: [vota]: [native_large_allocator]: wast_rate: 4/10000
04-06 02:13:51.874 4182 4182 E vota : [4ef6a4f8]: [vota]: [native_large_allocator]: free_count: 52
04-06 02:13:51.874 4182 4182 E vota : [4ef6a4f8]: [vota]: [native_large_allocator]: malloc_count: 52
04-06 02:13:51.874 4182 4182 E vota : [4ef6a4f8]: [vota]: [native_large_allocator]: ralloc_count: 0
04-06 02:13:51.874 4182 4182 E vota : [4ef6a4f8]: [vota]: exit: ok
01-01 08:16:30.825 0 0 I init : Service 'hht_ota_mgr_service' (pid 4182) exited with status 0
01-01 08:16:30.825 0 0 I init : Sending signal 9 to service 'hht_ota_mgr_service' (pid 4182) process group...
01-01 08:16:30.825 0 0 I libprocessgroup: Successfully killed process cgroup uid 0 pid 4182 in 0ms
04-06 02:13:52.171 2728 2728 W hpplay-java: [main]:IPManager:getActiveNets invalid networkInfo:null
04-06 02:13:52.171 2728 2728 I hpplay-java: [main]:IPManager:getActiveNets eth0:false wifi:false mobile:false ap:false
04-06 02:13:52.171 2728 2728 I hpplay-java: [main]:ServerTaskManager:get local ip:null
04-06 02:13:52.395 1251 1359 E tlogd : [TzLogger](isPathReadable) file /sys/kernel/debug/tzdbg/qsee_log isn't exist or no permission, err: No such file or directory
04-06 02:13:52.395 1251 1359 E tlogd : [TzLogger](saveTzlogAsync) /sys/kernel/debug/tzdbg/qsee_log can not read.
04-06 02:13:52.395 1251 1359 E tlogd : [TzLogger](isPathReadable) file /sys/kernel/debug/tzdbg/log isn't exist or no permission, err: No such file or directory
04-06 02:13:52.395 1251 1359 E tlogd : [TzLogger](saveTzlogAsync) /sys/kernel/debug/tzdbg/log can not read.
04-06 02:13:52.428 647 662 I mpu_uart: [MSG-P:RECV]:No message received in 1000 ms
04-06 02:13:53.173 2728 2728 W hpplay-java: [main]:IPManager:getActiveNets invalid networkInfo:null
04-06 02:13:53.173 2728 2728 I hpplay-java: [main]:IPManager:getActiveNets eth0:false wifi:false mobile:false ap:false
04-06 02:13:53.173 2728 2728 I hpplay-java: [main]:ServerTaskManager:get local ip:null
04-06 02:13:53.249 1178 1178 I CNSS : cnss_open_log_file: create directory /data/vendor/wifi/wlan_logs/ ret = -1 errno= 17
04-06 02:13:53.249 1178 1178 I CNSS : failed to open file a+ mode or file size 0 is less than max_file_size 31457280
04-06 02:13:53.249 1178 1178 I CNSS : Failed to open file /data/vendor/wifi/wlan_logs/cnss_fw_logs_current.txt: 13
04-06 02:13:53.247 1178 1178 I auditd : type=1400 audit(0.0:561): avc: denied { getattr } for comm="cnss_diag" path="/data/vendor/wifi/wlan_logs" dev="dm-10" ino=373 scontext=u:r:vendor_wcnss_service:s0 tcontext=u:object_r:vendor_wifi_vendor_log_data_file:s0 tclass=dir permissive=0
04-06 02:13:53.247 1178 1178 W cnss_diag: type=1400 audit(0.0:561): avc: denied { getattr } for path="/data/vendor/wifi/wlan_logs" dev="dm-10" ino=373 scontext=u:r:vendor_wcnss_service:s0 tcontext=u:object_r:vendor_wifi_vendor_log_data_file:s0 tclass=dir permissive=0
04-06 02:13:53.247 1178 1178 I auditd : type=1400 audit(0.0:562): avc: denied { read } for comm="cnss_diag" name="wlan_logs" dev="dm-10" ino=373 scontext=u:r:vendor_wcnss_service:s0 tcontext=u:object_r:vendor_wifi_vendor_log_data_file:s0 tclass=dir permissive=0
04-06 02:13:53.247 1178 1178 W cnss_diag: type=1400 audit(0.0:562): avc: denied { read } for name="wlan_logs" dev="dm-10" ino=373 scontext=u:r:vendor_wcnss_service:s0 tcontext=u:object_r:vendor_wifi_vendor_log_data_file:s0 tclass=dir permissive=0
04-06 02:13:53.247 1178 1178 I auditd : type=1400 audit(0.0:563): avc: denied { search } for comm="cnss_diag" name="wlan_logs" dev="dm-10" ino=373 scontext=u:r:vendor_wcnss_service:s0 tcontext=u:object_r:vendor_wifi_vendor_log_data_file:s0 tclass=dir permissive=0
04-06 02:13:53.247 1178 1178 W cnss_diag: type=1400 audit(0.0:563): avc: denied { search } for name="wlan_logs" dev="dm-10" ino=373 scontext=u:r:vendor_wcnss_service:s0 tcontext=u:object_r:vendor_wifi_vendor_log_data_file:s0 tclass=dir permissive=0
04-06 02:13:53.428 647 662 I mpu_uart: [MSG-P:RECV]:No message received in 1000 ms
01-01 08:16:32.645 0 0 E DTC_ETH,link_delay_work_func: 3003, SQI=0, link=0
04-06 02:13:54.175 2728 2728 W hpplay-java: [main]:IPManager:getActiveNets invalid networkInfo:null
04-06 02:13:54.175 2728 2728 I hpplay-java: [main]:IPManager:getActiveNets eth0:false wifi:false mobile:false ap:false
04-06 02:13:54.175 2728 2728 I hpplay-java: [main]:ServerTaskManager:get local ip:null
04-06 02:13:54.428 647 662 I mpu_uart: [MSG-P:RECV]:No message received in 1000 ms
04-06 02:13:54.548 647 661 I mpu_uart: [MSG-P:R]:recv sync frame timeout
04-06 02:13:55.177 2728 2728 W hpplay-java: [main]:IPManager:getActiveNets invalid networkInfo:null
04-06 02:13:55.177 2728 2728 I hpplay-java: [main]:IPManager:getActiveNets eth0:false wifi:false mobile:false ap:false
04-06 02:13:55.177 2728 2728 I hpplay-java: [main]:ServerTaskManager:get local ip:null
04-06 02:13:55.429 647 662 I mpu_uart: [MSG-P:RECV]:No message received in 1000 ms
04-06 02:13:56.000 2354 2354 D RemoteControlService: startVlanDispatchThread
04-06 02:13:56.179 2728 2728 W hpplay-java: [main]:IPManager:getActiveNets invalid networkInfo:null
04-06 02:13:56.179 2728 2728 I hpplay-java: [main]:IPManager:getActiveNets eth0:false wifi:false mobile:false ap:false
04-06 02:13:56.180 2728 2728 I hpplay-java: [main]:ServerTaskManager:get local ip:null
04-06 02:13:56.250 1178 1178 I CNSS : cnss_open_log_file: create directory /data/vendor/wifi/wlan_logs/ ret = -1 errno= 17
04-06 02:13:56.250 1178 1178 I CNSS : failed to open file a+ mode or file size 0 is less than max_file_size 31457280
04-06 02:13:56.250 1178 1178 I CNSS : Failed to open file /data/vendor/wifi/wlan_logs/cnss_fw_logs_current.txt: 13
04-06 02:13:56.247 1178 1178 I auditd : type=1400 audit(0.0:564): avc: denied { getattr } for comm="cnss_diag" path="/data/vendor/wifi/wlan_logs" dev="dm-10" ino=373 scontext=u:r:vendor_wcnss_service:s0 tcontext=u:object_r:vendor_wifi_vendor_log_data_file:s0 tclass=dir permissive=0
04-06 02:13:56.247 1178 1178 W cnss_diag: type=1400 audit(0.0:564): avc: denied { getattr } for path="/data/vendor/wifi/wlan_logs" dev="dm-10" ino=373 scontext=u:r:vendor_wcnss_service:s0 tcontext=u:object_r:vendor_wifi_vendor_log_data_file:s0 tclass=dir permissive=0
04-06 02:13:56.247 1178 1178 I auditd : type=1400 audit(0.0:565): avc: denied { read } for comm="cnss_diag" name="wlan_logs" dev="dm-10" ino=373 scontext=u:r:vendor_wcnss_service:s0 tcontext=u:object_r:vendor_wifi_vendor_log_data_file:s0 tclass=dir permissive=0
04-06 02:13:56.247 1178 1178 W cnss_diag: type=1400 audit(0.0:565): avc: denied { read } for name="wlan_logs" dev="dm-10" ino=373 scontext=u:r:vendor_wcnss_service:s0 tcontext=u:object_r:vendor_wifi_vendor_log_data_file:s0 tclass=dir permissive=0
04-06 02:13:56.247 1178 1178 I auditd : type=1400 audit(0.0:566): avc: denied { search } for comm="cnss_diag" name="wlan_logs" dev="dm-10" ino=373 scontext=u:r:vendor_wcnss_service:s0 tcontext=u:object_r:vendor_wifi_vendor_log_data_file:s0 tclass=dir permissive=0
04-06 02:13:56.247 1178 1178 W cnss_diag: type=1400 audit(0.0:566): avc: denied { search } for name="wlan_logs" dev="dm-10" ino=373 scontext=u:r:vendor_wcnss_service:s0 tcontext=u:object_r:vendor_wifi_vendor_log_data_file:s0 tclass=dir permissive=0
04-06 02:13:56.429 647 662 I mpu_uart: [MSG-P:RECV]:No message received in 1000 ms
01-01 08:16:35.739 0 0 I init : starting service 'hht_ota_mgr_service'...
04-06 02:13:56.839 4183 4183 E vota : [ea6c74f8]: [vota]: init: ..
04-06 02:13:56.840 4183 4183 E vota : [ea6c74f8]: [vota]: [warning]: the java machine be not inited, please pass it to the tb_init function! at tb_android_init_env(): 43, src/vota/platform/android/android.c
04-06 02:13:56.840 4183 4183 E vota : [ea6c74f8]: [vota]: version: tbox_v1_6_7_202302251411_arm64-v8a_elf by Android (8481493, based on r416183c2) Clang 12.0.9 (https://android.googlesource.com/toolchain/llvm-project c935d99d7cf2016289302412d708641d52d2f7ee)
04-06 02:13:56.840 4183 4183 E vota : [ea6c74f8]: [vota]: init: ok
04-06 02:13:56.840 4183 4183 E vota : [ea6c74f8]: [vota]: [scheduler]: start ..
04-06 02:13:56.841 4183 4183 E vota : [ea6c74f8]: [vota]: [coroutine]: init 0x71e90ea158
04-06 02:13:56.841 4183 4183 E vota : [ea6c74f8]: [vota]: [scheduler]: start ok
04-06 02:13:56.841 4183 4183 E vota : [ea6c74f8]: [vota]: [scheduler]: switch to coroutine(0x71e90ea158) from coroutine(0x71e91d7ca0)
04-06 02:13:56.841 4183 4183 E vota : [ea6c74f8]: [vota]: [coroutine]: entry: 0x71e90ea158 stack: 0x71e90ea1b8 - 0x71e912a1b8 from coroutine(0x71e91d7ca0)
04-06 02:13:56.841 4183 4183 I hiphi_update_api: Hh_GetVersion calling ......
04-06 02:13:56.841 4183 4183 I hiphi_update_api: get version:01.00.0089.C102
04-06 02:13:56.841 4183 4183 I hiphi_update_api: Hh_GetVersion ret:0
04-06 02:13:56.882 4183 4183 E vota : [ea6c74f8]: [vota]: [scheduler]: finish coroutine(0x71e90ea158)
04-06 02:13:56.882 4183 4183 E vota : [ea6c74f8]: [vota]: [scheduler]: switch to original coroutine
04-06 02:13:56.882 4183 4183 E vota : [ea6c74f8]: [vota]: [scheduler]: switch to coroutine(0x71e91d7ca0) from coroutine(0x71e90ea158)
04-06 02:13:56.882 4183 4183 E vota : [ea6c74f8]: [vota]: [scheduler]: [loop]: ready 0
04-06 02:13:56.882 4183 4183 E vota : [ea6c74f8]: [vota]: [coroutine]: exit: 0x71e90ea158
04-06 02:13:56.883 4183 4183 E vota : [ea6c74f8]: [vota]: [lock_profiler]:
04-06 02:13:56.883 4183 4183 E vota : [ea6c74f8]: [vota]: [lock_profiler]: lock: 0xb400006f87ed72cc, name: allocator, occupied: 0
04-06 02:13:56.883 4183 4183 E vota : [ea6c74f8]: [vota]: [lock_profiler]: lock: 0xb400006f77ed4254, name: native_large_allocator, occupied: 0
04-06 02:13:56.883 4183 4183 E vota : [ea6c74f8]: [vota]: [small_allocator]:
04-06 02:13:56.883 4183 4183 E vota : [ea6c74f8]: [vota]: [static_fixed_pool]: [16]: peak_size: 288, wast_rate: 4074/10000, pred_failed: 0, item_maxn: 245, free_count: 18, malloc_count: 18
04-06 02:13:56.883 4183 4183 E vota : [ea6c74f8]: [vota]: [static_fixed_pool]: [96]: peak_size: 2208, wast_rate: 1028/10000, pred_failed: 0, item_maxn: 248, free_count: 23, malloc_count: 23
04-06 02:13:56.883 4183 4183 E vota : [ea6c74f8]: [vota]: [static_fixed_pool]: [128]: peak_size: 9216, wast_rate: 791/10000, pred_failed: 0, item_maxn: 249, free_count: 72, malloc_count: 72
04-06 02:13:56.883 4183 4183 E vota : [ea6c74f8]: [vota]: [static_fixed_pool]: [192]: peak_size: 2112, wast_rate: 541/10000, pred_failed: 0, item_maxn: 250, free_count: 11, malloc_count: 11
04-06 02:13:56.883 4183 4183 E vota : [ea6c74f8]: [vota]: [static_fixed_pool]: [256]: peak_size: 256, wast_rate: 411/10000, pred_failed: 0, item_maxn: 251, free_count: 1, malloc_count: 1
04-06 02:13:56.883 4183 4183 E vota : [ea6c74f8]: [vota]: [static_fixed_pool]: [384]: peak_size: 5376, wast_rate: 278/10000, pred_failed: 0, item_maxn: 252, free_count: 14, malloc_count: 14
04-06 02:13:56.883 4183 4183 E vota : [ea6c74f8]: [vota]: [static_fixed_pool]: [512]: peak_size: 5632, wast_rate: 210/10000, pred_failed: 0, item_maxn: 253, free_count: 11, malloc_count: 11
04-06 02:13:56.883 4183 4183 E vota : [ea6c74f8]: [vota]: [static_fixed_pool]: [1024]: peak_size: 2048, wast_rate: 106/10000, pred_failed: 0, item_maxn: 254, free_count: 2, malloc_count: 2
04-06 02:13:56.883 4183 4183 E vota : [ea6c74f8]: [vota]: [native_large_allocator]:
04-06 02:13:56.883 4183 4183 E vota : [ea6c74f8]: [vota]: [native_large_allocator]: peak_size: 3373986
04-06 02:13:56.883 4183 4183 E vota : [ea6c74f8]: [vota]: [native_large_allocator]: wast_rate: 4/10000
04-06 02:13:56.883 4183 4183 E vota : [ea6c74f8]: [vota]: [native_large_allocator]: free_count: 52
04-06 02:13:56.883 4183 4183 E vota : [ea6c74f8]: [vota]: [native_large_allocator]: malloc_count: 52
04-06 02:13:56.883 4183 4183 E vota : [ea6c74f8]: [vota]: [native_large_allocator]: ralloc_count: 0
04-06 02:13:56.875 4183 4183 I auditd : type=1400 audit(0.0:567): avc: denied { read append } for comm="hht_ota_mgr" name="NvmSim_yy.dat" dev="dm-10" ino=379 scontext=u:r:hht_ota_mgr:s0 tcontext=u:object_r:system_data_file:s0 tclass=file permissive=0
04-06 02:13:56.875 4183 4183 W hht_ota_mgr: type=1400 audit(0.0:567): avc: denied { read append } for name="NvmSim_yy.dat" dev="dm-10" ino=379 scontext=u:r:hht_ota_mgr:s0 tcontext=u:object_r:system_data_file:s0 tclass=file permissive=0
01-01 08:16:35.833 0 0 I init : Service 'hht_ota_mgr_service' (pid 4183) exited with status 0
01-01 08:16:35.833 0 0 I init : Sending signal 9 to service 'hht_ota_mgr_service' (pid 4183) process group...
01-01 08:16:35.834 0 0 I libprocessgroup: Successfully killed process cgroup uid 0 pid 4183 in 0ms
04-06 02:13:57.182 2728 2728 W hpplay-java: [main]:IPManager:getActiveNets invalid networkInfo:null
04-06 02:13:57.182 2728 2728 I hpplay-java: [main]:IPManager:getActiveNets eth0:false wifi:false mobile:false ap:false
04-06 02:13:57.182 2728 2728 I hpplay-java: [main]:ServerTaskManager:get local ip:null
04-06 02:13:57.395 1251 1359 E tlogd : [TzLogger](isPathReadable) file /sys/kernel/debug/tzdbg/qsee_log isn't exist or no permission, err: No such file or directory
04-06 02:13:57.395 1251 1359 E tlogd : [TzLogger](saveTzlogAsync) /sys/kernel/debug/tzdbg/qsee_log can not read.
04-06 02:13:57.395 1251 1359 E tlogd : [TzLogger](isPathReadable) file /sys/kernel/debug/tzdbg/log isn't exist or no permission, err: No such file or directory
04-06 02:13:57.395 1251 1359 E tlogd : [TzLogger](saveTzlogAsync) /sys/kernel/debug/tzdbg/log can not read.
04-06 02:13:57.429 647 662 I mpu_uart: [MSG-P:RECV]:No message received in 1000 ms
04-06 02:13:57.551 647 661 I mpu_uart: [MSG-P:R]:recv sync frame timeout
04-06 02:13:58.184 2728 2728 W hpplay-java: [main]:IPManager:getActiveNets invalid networkInfo:null
04-06 02:13:58.185 2728 2728 I hpplay-java: [main]:IPManager:getActiveNets eth0:false wifi:false mobile:false ap:false
04-06 02:13:58.185 2728 2728 I hpplay-java: [main]:ServerTaskManager:get local ip:null
04-06 02:13:58.430 647 662 I mpu_uart: [MSG-P:RECV]:No message received in 1000 ms
01-01 08:16:37.765 0 0 E DTC_ETH,link_delay_work_func: 3003, SQI=0, link=0
04-06 02:13:59.187 2728 2728 W hpplay-java: [main]:IPManager:getActiveNets invalid networkInfo:null
04-06 02:13:59.187 2728 2728 I hpplay-java: [main]:IPManager:getActiveNets eth0:false wifi:false mobile:false ap:false
04-06 02:13:59.187 2728 2728 I hpplay-java: [main]:ServerTaskManager:get local ip:null
04-06 02:13:59.250 1178 1178 I CNSS : cnss_open_log_file: create directory /data/vendor/wifi/wlan_logs/ ret = -1 errno= 17
04-06 02:13:59.251 1178 1178 I CNSS : failed to open file a+ mode or file size 0 is less than max_file_size 31457280
04-06 02:13:59.251 1178 1178 I CNSS : Failed to open file /data/vendor/wifi/wlan_logs/cnss_fw_logs_current.txt: 13
04-06 02:13:59.247 1178 1178 I auditd : type=1400 audit(0.0:568): avc: denied { getattr } for comm="cnss_diag" path="/data/vendor/wifi/wlan_logs" dev="dm-10" ino=373 scontext=u:r:vendor_wcnss_service:s0 tcontext=u:object_r:vendor_wifi_vendor_log_data_file:s0 tclass=dir permissive=0
04-06 02:13:59.247 1178 1178 W cnss_diag: type=1400 audit(0.0:568): avc: denied { getattr } for path="/data/vendor/wifi/wlan_logs" dev="dm-10" ino=373 scontext=u:r:vendor_wcnss_service:s0 tcontext=u:object_r:vendor_wifi_vendor_log_data_file:s0 tclass=dir permissive=0
04-06 02:13:59.247 1178 1178 I auditd : type=1400 audit(0.0:569): avc: denied { read } for comm="cnss_diag" name="wlan_logs" dev="dm-10" ino=373 scontext=u:r:vendor_wcnss_service:s0 tcontext=u:object_r:vendor_wifi_vendor_log_data_file:s0 tclass=dir permissive=0
04-06 02:13:59.247 1178 1178 W cnss_diag: type=1400 audit(0.0:569): avc: denied { read } for name="wlan_logs" dev="dm-10" ino=373 scontext=u:r:vendor_wcnss_service:s0 tcontext=u:object_r:vendor_wifi_vendor_log_data_file:s0 tclass=dir permissive=0
04-06 02:13:59.247 1178 1178 I auditd : type=1400 audit(0.0:570): avc: denied { search } for comm="cnss_diag" name="wlan_logs" dev="dm-10" ino=373 scontext=u:r:vendor_wcnss_service:s0 tcontext=u:object_r:vendor_wifi_vendor_log_data_file:s0 tclass=dir permissive=0
04-06 02:13:59.247 1178 1178 W cnss_diag: type=1400 audit(0.0:570): avc: denied { search } for name="wlan_logs" dev="dm-10" ino=373 scontext=u:r:vendor_wcnss_service:s0 tcontext=u:object_r:vendor_wifi_vendor_log_data_file:s0 tclass=dir permissive=0
04-06 02:13:59.430 647 662 I mpu_uart: [MSG-P:RECV]:No message received in 1000 ms
04-06 02:14:00.004 1959 1959 D KeyguardUpdateMonitor: received broadcast android.intent.action.TIME_TICK
04-06 02:14:00.005 1959 1959 D KeyguardUpdateMonitor: handleTimeUpdate
04-06 02:14:00.189 2728 2728 W hpplay-java: [main]:IPManager:getActiveNets invalid networkInfo:null
04-06 02:14:00.190 2728 2728 I hpplay-java: [main]:IPManager:getActiveNets eth0:false wifi:false mobile:false ap:false
04-06 02:14:00.190 2728 2728 I hpplay-java: [main]:ServerTaskManager:get local ip:null
04-06 02:14:00.430 647 662 I mpu_uart: [MSG-P:RECV]:No message received in 1000 ms
04-06 02:14:00.554 647 661 I mpu_uart: [MSG-P:R]:recv sync frame timeout
04-06 02:14:01.013 2354 2354 D RemoteControlService: startVlanDispatchThread
04-06 02:14:01.191 2728 2728 W hpplay-java: [main]:IPManager:getActiveNets invalid networkInfo:null
04-06 02:14:01.191 2728 2728 I hpplay-java: [main]:IPManager:getActiveNets eth0:false wifi:false mobile:false ap:false
04-06 02:14:01.191 2728 2728 I hpplay-java: [main]:ServerTaskManager:get local ip:null
04-06 02:14:01.431 647 662 I mpu_uart: [MSG-P:RECV]:No message received in 1000 ms
01-01 08:16:40.751 0 0 I init : starting service 'hht_ota_mgr_service'...
04-06 02:14:01.848 4184 4184 E vota : [c7c0d4f8]: [vota]: init: ..
04-06 02:14:01.848 4184 4184 E vota : [c7c0d4f8]: [vota]: [warning]: the java machine be not inited, please pass it to the tb_init function! at tb_android_init_env(): 43, src/vota/platform/android/android.c
04-06 02:14:01.849 4184 4184 E vota : [c7c0d4f8]: [vota]: version: tbox_v1_6_7_202302251411_arm64-v8a_elf by Android (8481493, based on r416183c2) Clang 12.0.9 (https://android.googlesource.com/toolchain/llvm-project c935d99d7cf2016289302412d708641d52d2f7ee)
04-06 02:14:01.849 4184 4184 E vota : [c7c0d4f8]: [vota]: init: ok
04-06 02:14:01.849 4184 4184 E vota : [c7c0d4f8]: [vota]: [scheduler]: start ..
04-06 02:14:01.849 4184 4184 E vota : [c7c0d4f8]: [vota]: [coroutine]: init 0x74c6640158
04-06 02:14:01.849 4184 4184 E vota : [c7c0d4f8]: [vota]: [scheduler]: start ok
04-06 02:14:01.849 4184 4184 E vota : [c7c0d4f8]: [vota]: [scheduler]: switch to coroutine(0x74c6640158) from coroutine(0x74c671dca0)
04-06 02:14:01.849 4184 4184 E vota : [c7c0d4f8]: [vota]: [coroutine]: entry: 0x74c6640158 stack: 0x74c66401b8 - 0x74c66801b8 from coroutine(0x74c671dca0)
04-06 02:14:01.849 4184 4184 I hiphi_update_api: Hh_GetVersion calling ......
04-06 02:14:01.849 4184 4184 I hiphi_update_api: get version:01.00.0089.C102
04-06 02:14:01.849 4184 4184 I hiphi_update_api: Hh_GetVersion ret:0
04-06 02:14:01.891 4184 4184 E vota : [c7c0d4f8]: [vota]: [scheduler]: finish coroutine(0x74c6640158)
04-06 02:14:01.891 4184 4184 E vota : [c7c0d4f8]: [vota]: [scheduler]: switch to original coroutine
04-06 02:14:01.891 4184 4184 E vota : [c7c0d4f8]: [vota]: [scheduler]: switch to coroutine(0x74c671dca0) from coroutine(0x74c6640158)
04-06 02:14:01.891 4184 4184 E vota : [c7c0d4f8]: [vota]: [scheduler]: [loop]: ready 0
04-06 02:14:01.891 4184 4184 E vota : [c7c0d4f8]: [vota]: [coroutine]: exit: 0x74c6640158
04-06 02:14:01.891 4184 4184 E vota : [c7c0d4f8]: [vota]: [lock_profiler]:
04-06 02:14:01.891 4184 4184 E vota : [c7c0d4f8]: [vota]: [lock_profiler]: lock: 0xb40000726fee43ac, name: allocator, occupied: 0
04-06 02:14:01.891 4184 4184 E vota : [c7c0d4f8]: [vota]: [lock_profiler]: lock: 0xb40000725fede7b4, name: native_large_allocator, occupied: 0
04-06 02:14:01.891 4184 4184 E vota : [c7c0d4f8]: [vota]: [small_allocator]:
04-06 02:14:01.891 4184 4184 E vota : [c7c0d4f8]: [vota]: [static_fixed_pool]: [16]: peak_size: 288, wast_rate: 4074/10000, pred_failed: 0, item_maxn: 245, free_count: 18, malloc_count: 18
04-06 02:14:01.891 4184 4184 E vota : [c7c0d4f8]: [vota]: [static_fixed_pool]: [96]: peak_size: 2208, wast_rate: 1028/10000, pred_failed: 0, item_maxn: 248, free_count: 23, malloc_count: 23
04-06 02:14:01.891 4184 4184 E vota : [c7c0d4f8]: [vota]: [static_fixed_pool]: [128]: peak_size: 9216, wast_rate: 791/10000, pred_failed: 0, item_maxn: 249, free_count: 72, malloc_count: 72
04-06 02:14:01.883 4184 4184 I auditd : type=1400 audit(0.0:571): avc: denied { read append } for comm="hht_ota_mgr" name="NvmSim_yy.dat" dev="dm-10" ino=379 scontext=u:r:hht_ota_mgr:s0 tcontext=u:object_r:system_data_file:s0 tclass=file permissive=0
04-06 02:14:01.891 4184 4184 E vota : [c7c0d4f8]: [vota]: [static_fixed_pool]: [192]: peak_size: 2112, wast_rate: 541/10000, pred_failed: 0, item_maxn: 250, free_count: 11, malloc_count: 11
04-06 02:14:01.891 4184 4184 E vota : [c7c0d4f8]: [vota]: [static_fixed_pool]: [256]: peak_size: 256, wast_rate: 411/10000, pred_failed: 0, item_maxn: 251, free_count: 1, malloc_count: 1
04-06 02:14:01.883 4184 4184 W hht_ota_mgr: type=1400 audit(0.0:571): avc: denied { read append } for name="NvmSim_yy.dat" dev="dm-10" ino=379 scontext=u:r:hht_ota_mgr:s0 tcontext=u:object_r:system_data_file:s0 tclass=file permissive=0
04-06 02:14:01.891 4184 4184 E vota : [c7c0d4f8]: [vota]: [static_fixed_pool]: [384]: peak_size: 5376, wast_rate: 278/10000, pred_failed: 0, item_maxn: 252, free_count: 14, malloc_count: 14
04-06 02:14:01.891 4184 4184 E vota : [c7c0d4f8]: [vota]: [static_fixed_pool]: [512]: peak_size: 5632, wast_rate: 210/10000, pred_failed: 0, item_maxn: 253, free_count: 11, malloc_count: 11
04-06 02:14:01.891 4184 4184 E vota : [c7c0d4f8]: [vota]: [static_fixed_pool]: [1024]: peak_size: 2048, wast_rate: 106/10000, pred_failed: 0, item_maxn: 254, free_count: 2, malloc_count: 2
04-06 02:14:01.891 4184 4184 E vota : [c7c0d4f8]: [vota]: [native_large_allocator]:
04-06 02:14:01.891 4184 4184 E vota : [c7c0d4f8]: [vota]: [native_large_allocator]: peak_size: 3373986
04-06 02:14:01.891 4184 4184 E vota : [c7c0d4f8]: [vota]: [native_large_allocator]: wast_rate: 4/10000
04-06 02:14:01.891 4184 4184 E vota : [c7c0d4f8]: [vota]: [native_large_allocator]: free_count: 52
04-06 02:14:01.891 4184 4184 E vota : [c7c0d4f8]: [vota]: [native_large_allocator]: malloc_count: 52
04-06 02:14:01.891 4184 4184 E vota : [c7c0d4f8]: [vota]: [native_large_allocator]: ralloc_count: 0
04-06 02:14:01.891 4184 4184 E vota : [c7c0d4f8]: [vota]: exit: ok
01-01 08:16:40.842 0 0 I init : Service 'hht_ota_mgr_service' (pid 4184) exited with status 0
01-01 08:16:40.842 0 0 I init : Sending signal 9 to service 'hht_ota_mgr_service' (pid 4184) process group...
01-01 08:16:40.842 0 0 I libprocessgroup: Successfully killed process cgroup uid 0 pid 4184 in 0ms
04-06 02:14:02.194 2728 2728 W hpplay-java: [main]:IPManager:getActiveNets invalid networkInfo:null
04-06 02:14:02.194 2728 2728 I hpplay-java: [main]:IPManager:getActiveNets eth0:false wifi:false mobile:false ap:false
04-06 02:14:02.194 2728 2728 I hpplay-java: [main]:ServerTaskManager:get local ip:null
04-06 02:14:02.251 1178 1178 I CNSS : cnss_open_log_file: create directory /data/vendor/wifi/wlan_logs/ ret = -1 errno= 17
04-06 02:14:02.251 1178 1178 I CNSS : failed to open file a+ mode or file size 0 is less than max_file_size 31457280
04-06 02:14:02.251 1178 1178 I CNSS : Failed to open file /data/vendor/wifi/wlan_logs/cnss_fw_logs_current.txt: 13
04-06 02:14:02.252 1178 1178 I CNSS : cnss_open_log_file: create directory /data/vendor/wifi/wlan_logs/ ret = -1 errno= 17
04-06 02:14:02.252 1178 1178 I CNSS : failed to open file a+ mode or file size 0 is less than max_file_size 31457280
04-06 02:14:02.252 1178 1178 I CNSS : Failed to open file /data/vendor/wifi/wlan_logs/txrx_pktlog_current.dat: 13
01-01 08:16:41.201 0 0 W audit : audit_lost=27 audit_rate_limit=5 audit_backlog_limit=64
01-01 08:16:41.201 0 0 E audit : rate limit exceeded
04-06 02:14:02.247 1178 1178 I auditd : type=1400 audit(0.0:572): avc: denied { getattr } for comm="cnss_diag" path="/data/vendor/wifi/wlan_logs" dev="dm-10" ino=373 scontext=u:r:vendor_wcnss_service:s0 tcontext=u:object_r:vendor_wifi_vendor_log_data_file:s0 tclass=dir permissive=0
04-06 02:14:02.247 1178 1178 W cnss_diag: type=1400 audit(0.0:572): avc: denied { getattr } for path="/data/vendor/wifi/wlan_logs" dev="dm-10" ino=373 scontext=u:r:vendor_wcnss_service:s0 tcontext=u:object_r:vendor_wifi_vendor_log_data_file:s0 tclass=dir permissive=0
04-06 02:14:02.247 1178 1178 I auditd : type=1400 audit(0.0:573): avc: denied { read } for comm="cnss_diag" name="wlan_logs" dev="dm-10" ino=373 scontext=u:r:vendor_wcnss_service:s0 tcontext=u:object_r:vendor_wifi_vendor_log_data_file:s0 tclass=dir permissive=0
04-06 02:14:02.247 1178 1178 W cnss_diag: type=1400 audit(0.0:573): avc: denied { read } for name="wlan_logs" dev="dm-10" ino=373 scontext=u:r:vendor_wcnss_service:s0 tcontext=u:object_r:vendor_wifi_vendor_log_data_file:s0 tclass=dir permissive=0
04-06 02:14:02.247 1178 1178 I auditd : type=1400 audit(0.0:574): avc: denied { search } for comm="cnss_diag" name="wlan_logs" dev="dm-10" ino=373 scontext=u:r:vendor_wcnss_service:s0 tcontext=u:object_r:vendor_wifi_vendor_log_data_file:s0 tclass=dir permissive=0
04-06 02:14:02.247 1178 1178 W cnss_diag: type=1400 audit(0.0:574): avc: denied { search } for name="wlan_logs" dev="dm-10" ino=373 scontext=u:r:vendor_wcnss_service:s0 tcontext=u:object_r:vendor_wifi_vendor_log_data_file:s0 tclass=dir permissive=0
04-06 02:14:02.247 1178 1178 I auditd : type=1400 audit(0.0:575): avc: denied { getattr } for comm="cnss_diag" path="/data/vendor/wifi/wlan_logs" dev="dm-10" ino=373 scontext=u:r:vendor_wcnss_service:s0 tcontext=u:object_r:vendor_wifi_vendor_log_data_file:s0 tclass=dir permissive=0
04-06 02:14:02.247 1178 1178 W cnss_diag: type=1400 audit(0.0:575): avc: denied { getattr } for path="/data/vendor/wifi/wlan_logs" dev="dm-10" ino=373 scontext=u:r:vendor_wcnss_service:s0 tcontext=u:object_r:vendor_wifi_vendor_log_data_file:s0 tclass=dir permissive=0
04-06 02:14:02.396 1251 1359 E tlogd : [TzLogger](isPathReadable) file /sys/kernel/debug/tzdbg/qsee_log isn't exist or no permission, err: No such file or directory
04-06 02:14:02.396 1251 1359 E tlogd : [TzLogger](saveTzlogAsync) /sys/kernel/debug/tzdbg/qsee_log can not read.
04-06 02:14:02.396 1251 1359 E tlogd : [TzLogger](isPathReadable) file /sys/kernel/debug/tzdbg/log isn't exist or no permission, err: No such file or directory
04-06 02:14:02.396 1251 1359 E tlogd : [TzLogger](saveTzlogAsync) /sys/kernel/debug/tzdbg/log can not read.
04-06 02:14:02.431 647 662 I mpu_uart: [MSG-P:RECV]:No message received in 1000 ms
04-06 02:14:02.489 1196 1243 I selfinstaller: create socket failed: Network is unreachable 101
04-06 02:14:03.196 2728 2728 W hpplay-java: [main]:IPManager:getActiveNets invalid networkInfo:null
04-06 02:14:03.196 2728 2728 I hpplay-java: [main]:IPManager:getActiveNets eth0:false wifi:false mobile:false ap:false
04-06 02:14:03.196 2728 2728 I hpplay-java: [main]:ServerTaskManager:get local ip:null
04-06 02:14:03.431 647 662 I mpu_uart: [MSG-P:RECV]:No message received in 1000 ms
04-06 02:14:03.557 647 661 I mpu_uart: [MSG-P:R]:recv sync frame timeout
01-01 08:16:42.885 0 0 E DTC_ETH,link_delay_work_func: 3003, SQI=0, link=0
04-06 02:14:04.198 2728 2728 W hpplay-java: [main]:IPManager:getActiveNets invalid networkInfo:null
04-06 02:14:04.198 2728 2728 I hpplay-java: [main]:IPManager:getActiveNets eth0:false wifi:false mobile:false ap:false
04-06 02:14:04.198 2728 2728 I hpplay-java: [main]:ServerTaskManager:get local ip:null
04-06 02:14:04.432 647 662 I mpu_uart: [MSG-P:RECV]:No message received in 1000 ms
04-06 02:14:05.200 2728 2728 W hpplay-java: [main]:IPManager:getActiveNets invalid networkInfo:null
04-06 02:14:05.200 2728 2728 I hpplay-java: [main]:IPManager:getActiveNets eth0:false wifi:false mobile:false ap:false
04-06 02:14:05.200 2728 2728 I hpplay-java: [main]:ServerTaskManager:get local ip:null
04-06 02:14:05.253 1178 1178 I CNSS : cnss_open_log_file: create directory /data/vendor/wifi/wlan_logs/ ret = -1 errno= 17
04-06 02:14:05.253 1178 1178 I CNSS : failed to open file a+ mode or file size 0 is less than max_file_size 31457280
04-06 02:14:05.253 1178 1178 I CNSS : Failed to open file /data/vendor/wifi/wlan_logs/txrx_pktlog_current.dat: 13
04-06 02:14:05.251 1178 1178 I auditd : type=1400 audit(0.0:578): avc: denied { getattr } for comm="cnss_diag" path="/data/vendor/wifi/wlan_logs" dev="dm-10" ino=373 scontext=u:r:vendor_wcnss_service:s0 tcontext=u:object_r:vendor_wifi_vendor_log_data_file:s0 tclass=dir permissive=0
04-06 02:14:05.251 1178 1178 W cnss_diag: type=1400 audit(0.0:578): avc: denied { getattr } for path="/data/vendor/wifi/wlan_logs" dev="dm-10" ino=373 scontext=u:r:vendor_wcnss_service:s0 tcontext=u:object_r:vendor_wifi_vendor_log_data_file:s0 tclass=dir permissive=0
04-06 02:14:05.251 1178 1178 I auditd : type=1400 audit(0.0:579): avc: denied { read } for comm="cnss_diag" name="wlan_logs" dev="dm-10" ino=373 scontext=u:r:vendor_wcnss_service:s0 tcontext=u:object_r:vendor_wifi_vendor_log_data_file:s0 tclass=dir permissive=0
04-06 02:14:05.251 1178 1178 W cnss_diag: type=1400 audit(0.0:579): avc: denied { read } for name="wlan_logs" dev="dm-10" ino=373 scontext=u:r:vendor_wcnss_service:s0 tcontext=u:object_r:vendor_wifi_vendor_log_data_file:s0 tclass=dir permissive=0
04-06 02:14:05.251 1178 1178 I auditd : type=1400 audit(0.0:580): avc: denied { search } for comm="cnss_diag" name="wlan_logs" dev="dm-10" ino=373 scontext=u:r:vendor_wcnss_service:s0 tcontext=u:object_r:vendor_wifi_vendor_log_data_file:s0 tclass=dir permissive=0
04-06 02:14:05.251 1178 1178 W cnss_diag: type=1400 audit(0.0:580): avc: denied { search } for name="wlan_logs" dev="dm-10" ino=373 scontext=u:r:vendor_wcnss_service:s0 tcontext=u:object_r:vendor_wifi_vendor_log_data_file:s0 tclass=dir permissive=0
04-06 02:14:05.432 647 662 I mpu_uart: [MSG-P:RECV]:No message received in 1000 ms
04-06 02:14:06.026 2354 2354 D RemoteControlService: startVlanDispatchThread
04-06 02:14:06.202 2728 2728 W hpplay-java: [main]:IPManager:getActiveNets invalid networkInfo:null
04-06 02:14:06.202 2728 2728 I hpplay-java: [main]:IPManager:getActiveNets eth0:false wifi:false mobile:false ap:false
04-06 02:14:06.202 2728 2728 I hpplay-java: [main]:ServerTaskManager:get local ip:null
04-06 02:14:06.432 647 662 I mpu_uart: [MSG-P:RECV]:No message received in 1000 ms
04-06 02:14:06.559 647 661 I mpu_uart: [MSG-P:R]:recv sync frame timeout
01-01 08:16:45.762 0 0 I init : starting service 'hht_ota_mgr_service'...
04-06 02:14:06.856 4185 4185 E vota : [04fe54f8]: [vota]: init: ..
04-06 02:14:06.856 4185 4185 E vota : [04fe54f8]: [vota]: [warning]: the java machine be not inited, please pass it to the tb_init function! at tb_android_init_env(): 43, src/vota/platform/android/android.c
04-06 02:14:06.857 4185 4185 E vota : [04fe54f8]: [vota]: version: tbox_v1_6_7_202302251411_arm64-v8a_elf by Android (8481493, based on r416183c2) Clang 12.0.9 (https://android.googlesource.com/toolchain/llvm-project c935d99d7cf2016289302412d708641d52d2f7ee)
04-06 02:14:06.857 4185 4185 E vota : [04fe54f8]: [vota]: init: ok
04-06 02:14:06.857 4185 4185 E vota : [04fe54f8]: [vota]: [scheduler]: start ..
04-06 02:14:06.857 4185 4185 E vota : [04fe54f8]: [vota]: [coroutine]: init 0x7003a0b158
04-06 02:14:06.857 4185 4185 E vota : [04fe54f8]: [vota]: [scheduler]: start ok
04-06 02:14:06.857 4185 4185 E vota : [04fe54f8]: [vota]: [scheduler]: switch to coroutine(0x7003a0b158) from coroutine(0x7003af5ca0)
04-06 02:14:06.857 4185 4185 E vota : [04fe54f8]: [vota]: [coroutine]: entry: 0x7003a0b158 stack: 0x7003a0b1b8 - 0x7003a4b1b8 from coroutine(0x7003af5ca0)
04-06 02:14:06.857 4185 4185 I hiphi_update_api: Hh_GetVersion calling ......
04-06 02:14:06.857 4185 4185 I hiphi_update_api: get version:01.00.0089.C102
04-06 02:14:06.857 4185 4185 I hiphi_update_api: Hh_GetVersion ret:0
04-06 02:14:06.899 4185 4185 E vota : [04fe54f8]: [vota]: [scheduler]: finish coroutine(0x7003a0b158)
04-06 02:14:06.899 4185 4185 E vota : [04fe54f8]: [vota]: [scheduler]: switch to original coroutine
04-06 02:14:06.900 4185 4185 E vota : [04fe54f8]: [vota]: [scheduler]: switch to coroutine(0x7003af5ca0) from coroutine(0x7003a0b158)
04-06 02:14:06.900 4185 4185 E vota : [04fe54f8]: [vota]: [scheduler]: [loop]: ready 0
04-06 02:14:06.900 4185 4185 E vota : [04fe54f8]: [vota]: [coroutine]: exit: 0x7003a0b158
04-06 02:14:06.900 4185 4185 E vota : [04fe54f8]: [vota]: [lock_profiler]:
04-06 02:14:06.900 4185 4185 E vota : [04fe54f8]: [vota]: [lock_profiler]: lock: 0xb400006d97e16914, name: native_large_allocator, occupied: 0
04-06 02:14:06.900 4185 4185 E vota : [04fe54f8]: [vota]: [lock_profiler]: lock: 0xb400006da7e16b6c, name: allocator, occupied: 0
04-06 02:14:06.900 4185 4185 E vota : [04fe54f8]: [vota]: [small_allocator]:
04-06 02:14:06.900 4185 4185 E vota : [04fe54f8]: [vota]: [static_fixed_pool]: [16]: peak_size: 288, wast_rate: 4074/10000, pred_failed: 0, item_maxn: 245, free_count: 18, malloc_count: 18
04-06 02:14:06.900 4185 4185 E vota : [04fe54f8]: [vota]: [static_fixed_pool]: [96]: peak_size: 2208, wast_rate: 1028/10000, pred_failed: 0, item_maxn: 248, free_count: 23, malloc_count: 23
04-06 02:14:06.900 4185 4185 E vota : [04fe54f8]: [vota]: [static_fixed_pool]: [128]: peak_size: 9216, wast_rate: 791/10000, pred_failed: 0, item_maxn: 249, free_count: 72, malloc_count: 72
04-06 02:14:06.900 4185 4185 E vota : [04fe54f8]: [vota]: [static_fixed_pool]: [192]: peak_size: 2112, wast_rate: 541/10000, pred_failed: 0, item_maxn: 250, free_count: 11, malloc_count: 11
04-06 02:14:06.900 4185 4185 E vota : [04fe54f8]: [vota]: [static_fixed_pool]: [256]: peak_size: 256, wast_rate: 411/10000, pred_failed: 0, item_maxn: 251, free_count: 1, malloc_count: 1
04-06 02:14:06.900 4185 4185 E vota : [04fe54f8]: [vota]: [static_fixed_pool]: [384]: peak_size: 5376, wast_rate: 278/10000, pred_failed: 0, item_maxn: 252, free_count: 14, malloc_count: 14
04-06 02:14:06.900 4185 4185 E vota : [04fe54f8]: [vota]: [static_fixed_pool]: [512]: peak_size: 5632, wast_rate: 210/10000, pred_failed: 0, item_maxn: 253, free_count: 11, malloc_count: 11
04-06 02:14:06.900 4185 4185 E vota : [04fe54f8]: [vota]: [static_fixed_pool]: [1024]: peak_size: 2048, wast_rate: 106/10000, pred_failed: 0, item_maxn: 254, free_count: 2, malloc_count: 2
04-06 02:14:06.900 4185 4185 E vota : [04fe54f8]: [vota]: [native_large_allocator]:
04-06 02:14:06.900 4185 4185 E vota : [04fe54f8]: [vota]: [native_large_allocator]: peak_size: 3373986
04-06 02:14:06.900 4185 4185 E vota : [04fe54f8]: [vota]: [native_large_allocator]: wast_rate: 4/10000
04-06 02:14:06.900 4185 4185 E vota : [04fe54f8]: [vota]: [native_large_allocator]: free_count: 52
04-06 02:14:06.900 4185 4185 E vota : [04fe54f8]: [vota]: [native_large_allocator]: malloc_count: 52
04-06 02:14:06.900 4185 4185 E vota : [04fe54f8]: [vota]: [native_large_allocator]: ralloc_count: 0
04-06 02:14:06.895 4185 4185 I auditd : type=1400 audit(0.0:581): avc: denied { read append } for comm="hht_ota_mgr" name="NvmSim_yy.dat" dev="dm-10" ino=379 scontext=u:r:hht_ota_mgr:s0 tcontext=u:object_r:system_data_file:s0 tclass=file permissive=0
04-06 02:14:06.895 4185 4185 W hht_ota_mgr: type=1400 audit(0.0:581): avc: denied { read append } for name="NvmSim_yy.dat" dev="dm-10" ino=379 scontext=u:r:hht_ota_mgr:s0 tcontext=u:object_r:system_data_file:s0 tclass=file permissive=0
01-01 08:16:45.850 0 0 I init : Service 'hht_ota_mgr_service' (pid 4185) exited with status 0
01-01 08:16:45.850 0 0 I init : Sending signal 9 to service 'hht_ota_mgr_service' (pid 4185) process group...
01-01 08:16:45.851 0 0 I libprocessgroup: Successfully killed process cgroup uid 0 pid 4185 in 0ms
04-06 02:14:06.978 1511 1614 I am_uid_idle: 10072
04-06 02:14:07.205 2728 2728 W hpplay-java: [main]:IPManager:getActiveNets invalid networkInfo:null
04-06 02:14:07.205 2728 2728 I hpplay-java: [main]:IPManager:getActiveNets eth0:false wifi:false mobile:false ap:false
04-06 02:14:07.205 2728 2728 I hpplay-java: [main]:ServerTaskManager:get local ip:null
04-06 02:14:07.397 1251 1359 E tlogd : [TzLogger](isPathReadable) file /sys/kernel/debug/tzdbg/qsee_log isn't exist or no permission, err: No such file or directory
04-06 02:14:07.397 1251 1359 E tlogd : [TzLogger](saveTzlogAsync) /sys/kernel/debug/tzdbg/qsee_log can not read.
04-06 02:14:07.397 1251 1359 E tlogd : [TzLogger](isPathReadable) file /sys/kernel/debug/tzdbg/log isn't exist or no permission, err: No such file or directory
04-06 02:14:07.397 1251 1359 E tlogd : [TzLogger](saveTzlogAsync) /sys/kernel/debug/tzdbg/log can not read.
04-06 02:14:07.433 647 662 I mpu_uart: [MSG-P:RECV]:No message received in 1000 ms
04-06 02:14:08.207 2728 2728 W hpplay-java: [main]:IPManager:getActiveNets invalid networkInfo:null
04-06 02:14:08.208 2728 2728 I hpplay-java: [main]:IPManager:getActiveNets eth0:false wifi:false mobile:false ap:false
04-06 02:14:08.208 2728 2728 I hpplay-java: [main]:ServerTaskManager:get local ip:null
04-06 02:14:08.253 1178 1178 I CNSS : cnss_open_log_file: create directory /data/vendor/wifi/wlan_logs/ ret = -1 errno= 17
04-06 02:14:08.254 1178 1178 I CNSS : failed to open file a+ mode or file size 0 is less than max_file_size 31457280
