04-06 02:14:08.254 1178 1178 I CNSS : Failed to open file /data/vendor/wifi/wlan_logs/txrx_pktlog_current.dat: 13
04-06 02:14:08.251 1178 1178 I auditd : type=1400 audit(0.0:582): avc: denied { getattr } for comm="cnss_diag" path="/data/vendor/wifi/wlan_logs" dev="dm-10" ino=373 scontext=u:r:vendor_wcnss_service:s0 tcontext=u:object_r:vendor_wifi_vendor_log_data_file:s0 tclass=dir permissive=0
04-06 02:14:08.251 1178 1178 W cnss_diag: type=1400 audit(0.0:582): avc: denied { getattr } for path="/data/vendor/wifi/wlan_logs" dev="dm-10" ino=373 scontext=u:r:vendor_wcnss_service:s0 tcontext=u:object_r:vendor_wifi_vendor_log_data_file:s0 tclass=dir permissive=0
04-06 02:14:08.251 1178 1178 I auditd : type=1400 audit(0.0:583): avc: denied { read } for comm="cnss_diag" name="wlan_logs" dev="dm-10" ino=373 scontext=u:r:vendor_wcnss_service:s0 tcontext=u:object_r:vendor_wifi_vendor_log_data_file:s0 tclass=dir permissive=0
04-06 02:14:08.251 1178 1178 W cnss_diag: type=1400 audit(0.0:583): avc: denied { read } for name="wlan_logs" dev="dm-10" ino=373 scontext=u:r:vendor_wcnss_service:s0 tcontext=u:object_r:vendor_wifi_vendor_log_data_file:s0 tclass=dir permissive=0
04-06 02:14:08.251 1178 1178 I auditd : type=1400 audit(0.0:584): avc: denied { search } for comm="cnss_diag" name="wlan_logs" dev="dm-10" ino=373 scontext=u:r:vendor_wcnss_service:s0 tcontext=u:object_r:vendor_wifi_vendor_log_data_file:s0 tclass=dir permissive=0
04-06 02:14:08.251 1178 1178 W cnss_diag: type=1400 audit(0.0:584): avc: denied { search } for name="wlan_logs" dev="dm-10" ino=373 scontext=u:r:vendor_wcnss_service:s0 tcontext=u:object_r:vendor_wifi_vendor_log_data_file:s0 tclass=dir permissive=0
04-06 02:14:08.433 647 662 I mpu_uart: [MSG-P:RECV]:No message received in 1000 ms
01-01 08:16:48.005 0 0 E DTC_ETH,link_delay_work_func: 3003, SQI=0, link=0
04-06 02:14:09.210 2728 2728 W hpplay-java: [main]:IPManager:getActiveNets invalid networkInfo:null
04-06 02:14:09.210 2728 2728 I hpplay-java: [main]:IPManager:getActiveNets eth0:false wifi:false mobile:false ap:false
04-06 02:14:09.210 2728 2728 I hpplay-java: [main]:ServerTaskManager:get local ip:null
04-06 02:14:09.433 647 662 I mpu_uart: [MSG-P:RECV]:No message received in 1000 ms
04-06 02:14:09.562 647 661 I mpu_uart: [MSG-P:R]:recv sync frame timeout
04-06 02:14:10.212 2728 2728 W hpplay-java: [main]:IPManager:getActiveNets invalid networkInfo:null
04-06 02:14:10.212 2728 2728 I hpplay-java: [main]:IPManager:getActiveNets eth0:false wifi:false mobile:false ap:false
04-06 02:14:10.212 2728 2728 I hpplay-java: [main]:ServerTaskManager:get local ip:null
04-06 02:14:10.433 647 662 I mpu_uart: [MSG-P:RECV]:No message received in 1000 ms
04-06 02:14:11.039 2354 2354 D RemoteControlService: startVlanDispatchThread
04-06 02:14:11.213 2728 2728 W hpplay-java: [main]:IPManager:getActiveNets invalid networkInfo:null
04-06 02:14:11.214 2728 2728 I hpplay-java: [main]:IPManager:getActiveNets eth0:false wifi:false mobile:false ap:false
04-06 02:14:11.214 2728 2728 I hpplay-java: [main]:ServerTaskManager:get local ip:null
04-06 02:14:11.254 1178 1178 I CNSS : cnss_open_log_file: create directory /data/vendor/wifi/wlan_logs/ ret = -1 errno= 17
04-06 02:14:11.254 1178 1178 I CNSS : failed to open file a+ mode or file size 0 is less than max_file_size 31457280
04-06 02:14:11.254 1178 1178 I CNSS : Failed to open file /data/vendor/wifi/wlan_logs/txrx_pktlog_current.dat: 13
04-06 02:14:11.251 1178 1178 I auditd : type=1400 audit(0.0:585): avc: denied { getattr } for comm="cnss_diag" path="/data/vendor/wifi/wlan_logs" dev="dm-10" ino=373 scontext=u:r:vendor_wcnss_service:s0 tcontext=u:object_r:vendor_wifi_vendor_log_data_file:s0 tclass=dir permissive=0
04-06 02:14:11.251 1178 1178 W cnss_diag: type=1400 audit(0.0:585): avc: denied { getattr } for path="/data/vendor/wifi/wlan_logs" dev="dm-10" ino=373 scontext=u:r:vendor_wcnss_service:s0 tcontext=u:object_r:vendor_wifi_vendor_log_data_file:s0 tclass=dir permissive=0
04-06 02:14:11.251 1178 1178 I auditd : type=1400 audit(0.0:586): avc: denied { read } for comm="cnss_diag" name="wlan_logs" dev="dm-10" ino=373 scontext=u:r:vendor_wcnss_service:s0 tcontext=u:object_r:vendor_wifi_vendor_log_data_file:s0 tclass=dir permissive=0
04-06 02:14:11.251 1178 1178 W cnss_diag: type=1400 audit(0.0:586): avc: denied { read } for name="wlan_logs" dev="dm-10" ino=373 scontext=u:r:vendor_wcnss_service:s0 tcontext=u:object_r:vendor_wifi_vendor_log_data_file:s0 tclass=dir permissive=0
04-06 02:14:11.251 1178 1178 I auditd : type=1400 audit(0.0:587): avc: denied { search } for comm="cnss_diag" name="wlan_logs" dev="dm-10" ino=373 scontext=u:r:vendor_wcnss_service:s0 tcontext=u:object_r:vendor_wifi_vendor_log_data_file:s0 tclass=dir permissive=0
04-06 02:14:11.251 1178 1178 W cnss_diag: type=1400 audit(0.0:587): avc: denied { search } for name="wlan_logs" dev="dm-10" ino=373 scontext=u:r:vendor_wcnss_service:s0 tcontext=u:object_r:vendor_wifi_vendor_log_data_file:s0 tclass=dir permissive=0
04-06 02:14:11.434 647 662 I mpu_uart: [MSG-P:RECV]:No message received in 1000 ms
01-01 08:16:50.773 0 0 I init : starting service 'hht_ota_mgr_service'...
04-06 02:14:11.864 4187 4187 E vota : [b477b4f8]: [vota]: init: ..
04-06 02:14:11.865 4187 4187 E vota : [b477b4f8]: [vota]: [warning]: the java machine be not inited, please pass it to the tb_init function! at tb_android_init_env(): 43, src/vota/platform/android/android.c
04-06 02:14:11.866 4187 4187 E vota : [b477b4f8]: [vota]: version: tbox_v1_6_7_202302251411_arm64-v8a_elf by Android (8481493, based on r416183c2) Clang 12.0.9 (https://android.googlesource.com/toolchain/llvm-project c935d99d7cf2016289302412d708641d52d2f7ee)
04-06 02:14:11.866 4187 4187 E vota : [b477b4f8]: [vota]: init: ok
04-06 02:14:11.866 4187 4187 E vota : [b477b4f8]: [vota]: [scheduler]: start ..
04-06 02:14:11.866 4187 4187 E vota : [b477b4f8]: [vota]: [coroutine]: init 0x75b31ab158
04-06 02:14:11.866 4187 4187 E vota : [b477b4f8]: [vota]: [scheduler]: start ok
04-06 02:14:11.866 4187 4187 E vota : [b477b4f8]: [vota]: [scheduler]: switch to coroutine(0x75b31ab158) from coroutine(0x75b328bca0)
04-06 02:14:11.866 4187 4187 E vota : [b477b4f8]: [vota]: [coroutine]: entry: 0x75b31ab158 stack: 0x75b31ab1b8 - 0x75b31eb1b8 from coroutine(0x75b328bca0)
04-06 02:14:11.866 4187 4187 I hiphi_update_api: Hh_GetVersion calling ......
04-06 02:14:11.866 4187 4187 I hiphi_update_api: get version:01.00.0089.C102
04-06 02:14:11.866 4187 4187 I hiphi_update_api: Hh_GetVersion ret:0
04-06 02:14:11.910 4187 4187 E vota : [b477b4f8]: [vota]: [scheduler]: finish coroutine(0x75b31ab158)
04-06 02:14:11.910 4187 4187 E vota : [b477b4f8]: [vota]: [scheduler]: switch to original coroutine
04-06 02:14:11.910 4187 4187 E vota : [b477b4f8]: [vota]: [scheduler]: switch to coroutine(0x75b328bca0) from coroutine(0x75b31ab158)
04-06 02:14:11.910 4187 4187 E vota : [b477b4f8]: [vota]: [scheduler]: [loop]: ready 0
04-06 02:14:11.910 4187 4187 E vota : [b477b4f8]: [vota]: [coroutine]: exit: 0x75b31ab158
04-06 02:14:11.903 4187 4187 I auditd : type=1400 audit(0.0:588): avc: denied { read append } for comm="hht_ota_mgr" name="NvmSim_yy.dat" dev="dm-10" ino=379 scontext=u:r:hht_ota_mgr:s0 tcontext=u:object_r:system_data_file:s0 tclass=file permissive=0
04-06 02:14:11.910 4187 4187 E vota : [b477b4f8]: [vota]: [lock_profiler]:
04-06 02:14:11.910 4187 4187 E vota : [b477b4f8]: [vota]: [lock_profiler]: lock: 0xb40000735d99890c, name: allocator, occupied: 0
04-06 02:14:11.910 4187 4187 E vota : [b477b4f8]: [vota]: [lock_profiler]: lock: 0xb40000734d9a1774, name: native_large_allocator, occupied: 0
04-06 02:14:11.910 4187 4187 E vota : [b477b4f8]: [vota]: [small_allocator]:
04-06 02:14:11.910 4187 4187 E vota : [b477b4f8]: [vota]: [static_fixed_pool]: [16]: peak_size: 288, wast_rate: 4074/10000, pred_failed: 0, item_maxn: 245, free_count: 18, malloc_count: 18
04-06 02:14:11.910 4187 4187 E vota : [b477b4f8]: [vota]: [static_fixed_pool]: [96]: peak_size: 2208, wast_rate: 1028/10000, pred_failed: 0, item_maxn: 248, free_count: 23, malloc_count: 23
04-06 02:14:11.910 4187 4187 E vota : [b477b4f8]: [vota]: [static_fixed_pool]: [128]: peak_size: 9216, wast_rate: 791/10000, pred_failed: 0, item_maxn: 249, free_count: 72, malloc_count: 72
04-06 02:14:11.910 4187 4187 E vota : [b477b4f8]: [vota]: [static_fixed_pool]: [192]: peak_size: 2112, wast_rate: 541/10000, pred_failed: 0, item_maxn: 250, free_count: 11, malloc_count: 11
04-06 02:14:11.910 4187 4187 E vota : [b477b4f8]: [vota]: [static_fixed_pool]: [256]: peak_size: 256, wast_rate: 411/10000, pred_failed: 0, item_maxn: 251, free_count: 1, malloc_count: 1
04-06 02:14:11.910 4187 4187 E vota : [b477b4f8]: [vota]: [static_fixed_pool]: [384]: peak_size: 5376, wast_rate: 278/10000, pred_failed: 0, item_maxn: 252, free_count: 14, malloc_count: 14
04-06 02:14:11.910 4187 4187 E vota : [b477b4f8]: [vota]: [static_fixed_pool]: [512]: peak_size: 5632, wast_rate: 210/10000, pred_failed: 0, item_maxn: 253, free_count: 11, malloc_count: 11
04-06 02:14:11.910 4187 4187 E vota : [b477b4f8]: [vota]: [static_fixed_pool]: [1024]: peak_size: 2048, wast_rate: 106/10000, pred_failed: 0, item_maxn: 254, free_count: 2, malloc_count: 2
04-06 02:14:11.910 4187 4187 E vota : [b477b4f8]: [vota]: [native_large_allocator]:
04-06 02:14:11.910 4187 4187 E vota : [b477b4f8]: [vota]: [native_large_allocator]: peak_size: 3373986
04-06 02:14:11.910 4187 4187 E vota : [b477b4f8]: [vota]: [native_large_allocator]: wast_rate: 4/10000
04-06 02:14:11.910 4187 4187 E vota : [b477b4f8]: [vota]: [native_large_allocator]: free_count: 52
04-06 02:14:11.910 4187 4187 E vota : [b477b4f8]: [vota]: [native_large_allocator]: malloc_count: 52
04-06 02:14:11.910 4187 4187 E vota : [b477b4f8]: [vota]: [native_large_allocator]: ralloc_count: 0
04-06 02:14:11.903 4187 4187 W hht_ota_mgr: type=1400 audit(0.0:588): avc: denied { read append } for name="NvmSim_yy.dat" dev="dm-10" ino=379 scontext=u:r:hht_ota_mgr:s0 tcontext=u:object_r:system_data_file:s0 tclass=file permissive=0
04-06 02:14:11.910 4187 4187 E vota : [b477b4f8]: [vota]: exit: ok
01-01 08:16:50.861 0 0 I init : Service 'hht_ota_mgr_service' (pid 4187) exited with status 0
01-01 08:16:50.861 0 0 I init : Sending signal 9 to service 'hht_ota_mgr_service' (pid 4187) process group...
01-01 08:16:50.861 0 0 I libprocessgroup: Successfully killed process cgroup uid 0 pid 4187 in 0ms
04-06 02:14:12.216 2728 2728 W hpplay-java: [main]:IPManager:getActiveNets invalid networkInfo:null
04-06 02:14:12.216 2728 2728 I hpplay-java: [main]:IPManager:getActiveNets eth0:false wifi:false mobile:false ap:false
04-06 02:14:12.216 2728 2728 I hpplay-java: [main]:ServerTaskManager:get local ip:null
04-06 02:14:12.397 1251 1359 E tlogd : [TzLogger](isPathReadable) file /sys/kernel/debug/tzdbg/qsee_log isn't exist or no permission, err: No such file or directory
04-06 02:14:12.397 1251 1359 E tlogd : [TzLogger](saveTzlogAsync) /sys/kernel/debug/tzdbg/qsee_log can not read.
04-06 02:14:12.397 1251 1359 E tlogd : [TzLogger](isPathReadable) file /sys/kernel/debug/tzdbg/log isn't exist or no permission, err: No such file or directory
04-06 02:14:12.397 1251 1359 E tlogd : [TzLogger](saveTzlogAsync) /sys/kernel/debug/tzdbg/log can not read.
04-06 02:14:12.434 647 662 I mpu_uart: [MSG-P:RECV]:No message received in 1000 ms
04-06 02:14:12.565 647 661 I mpu_uart: [MSG-P:R]:recv sync frame timeout
04-06 02:14:12.634 2728 2728 I hpplay-java: [main]:IMTask:getIMRoot
04-06 02:14:12.642 2728 4188 W hpplay-java: [AsyncTask #38]:HttpRequest:
04-06 02:14:12.644 2728 4188 W hpplay-java: [AsyncTask #38]:HttpRequest:
04-06 02:14:12.645 2728 4188 W hpplay-java: [AsyncTask #38]:HttpRequest:
04-06 02:14:12.645 2728 2728 E hpplay-java: [main]:IMTask:getIMRoot failed
04-06 02:14:13.218 2728 2728 W hpplay-java: [main]:IPManager:getActiveNets invalid networkInfo:null
04-06 02:14:13.218 2728 2728 I hpplay-java: [main]:IPManager:getActiveNets eth0:false wifi:false mobile:false ap:false
04-06 02:14:13.218 2728 2728 I hpplay-java: [main]:ServerTaskManager:get local ip:null
04-06 02:14:13.434 647 662 I mpu_uart: [MSG-P:RECV]:No message received in 1000 ms
01-01 08:16:53.125 0 0 E DTC_ETH,link_delay_work_func: 3003, SQI=0, link=0
04-06 02:14:14.220 2728 2728 W hpplay-java: [main]:IPManager:getActiveNets invalid networkInfo:null
04-06 02:14:14.220 2728 2728 I hpplay-java: [main]:IPManager:getActiveNets eth0:false wifi:false mobile:false ap:false
04-06 02:14:14.220 2728 2728 I hpplay-java: [main]:ServerTaskManager:get local ip:null
04-06 02:14:14.255 1178 1178 I CNSS : cnss_open_log_file: create directory /data/vendor/wifi/wlan_logs/ ret = -1 errno= 17
04-06 02:14:14.255 1178 1178 I CNSS : failed to open file a+ mode or file size 0 is less than max_file_size 31457280
04-06 02:14:14.255 1178 1178 I CNSS : Failed to open file /data/vendor/wifi/wlan_logs/txrx_pktlog_current.dat: 13
04-06 02:14:14.251 1178 1178 I auditd : type=1400 audit(0.0:589): avc: denied { getattr } for comm="cnss_diag" path="/data/vendor/wifi/wlan_logs" dev="dm-10" ino=373 scontext=u:r:vendor_wcnss_service:s0 tcontext=u:object_r:vendor_wifi_vendor_log_data_file:s0 tclass=dir permissive=0
04-06 02:14:14.251 1178 1178 W cnss_diag: type=1400 audit(0.0:589): avc: denied { getattr } for path="/data/vendor/wifi/wlan_logs" dev="dm-10" ino=373 scontext=u:r:vendor_wcnss_service:s0 tcontext=u:object_r:vendor_wifi_vendor_log_data_file:s0 tclass=dir permissive=0
04-06 02:14:14.251 1178 1178 I auditd : type=1400 audit(0.0:590): avc: denied { read } for comm="cnss_diag" name="wlan_logs" dev="dm-10" ino=373 scontext=u:r:vendor_wcnss_service:s0 tcontext=u:object_r:vendor_wifi_vendor_log_data_file:s0 tclass=dir permissive=0
04-06 02:14:14.251 1178 1178 W cnss_diag: type=1400 audit(0.0:590): avc: denied { read } for name="wlan_logs" dev="dm-10" ino=373 scontext=u:r:vendor_wcnss_service:s0 tcontext=u:object_r:vendor_wifi_vendor_log_data_file:s0 tclass=dir permissive=0
04-06 02:14:14.251 1178 1178 I auditd : type=1400 audit(0.0:591): avc: denied { search } for comm="cnss_diag" name="wlan_logs" dev="dm-10" ino=373 scontext=u:r:vendor_wcnss_service:s0 tcontext=u:object_r:vendor_wifi_vendor_log_data_file:s0 tclass=dir permissive=0
04-06 02:14:14.251 1178 1178 W cnss_diag: type=1400 audit(0.0:591): avc: denied { search } for name="wlan_logs" dev="dm-10" ino=373 scontext=u:r:vendor_wcnss_service:s0 tcontext=u:object_r:vendor_wifi_vendor_log_data_file:s0 tclass=dir permissive=0
04-06 02:14:14.435 647 662 I mpu_uart: [MSG-P:RECV]:No message received in 1000 ms
04-06 02:14:14.614 1511 1712 E WifiScoringParams: Invalid frequency(-1), using 5G as default rssi array
04-06 02:14:14.627 1369 3364 D LOWI-9.0.0.87.a: [LOWI-Scan] wait_event:Wait done with Cmd 33
04-06 02:14:14.627 1369 3364 D LOWI-9.0.0.87.a: [LOWI-Scan] do_listen_events: Rcvd valid Netlink Cmd 0 Err 0
01-01 08:16:53.624 0 0 I [schedu][0x12aadd076][02:14:14.675216] wlan: [3347:I:OSIF] scan start scan id 40967
04-06 02:14:15.222 2728 2728 W hpplay-java: [main]:IPManager:getActiveNets invalid networkInfo:null
04-06 02:14:15.223 2728 2728 I hpplay-java: [main]:IPManager:getActiveNets eth0:false wifi:false mobile:false ap:false
04-06 02:14:15.223 2728 2728 I hpplay-java: [main]:ServerTaskManager:get local ip:null
04-06 02:14:15.435 647 662 I mpu_uart: [MSG-P:RECV]:No message received in 1000 ms
04-06 02:14:15.569 647 661 I mpu_uart: [MSG-P:R]:recv sync frame timeout
04-06 02:14:15.842 1369 3364 D LOWI-9.0.0.87.a: [LOWI-Scan] wait_event:Wait done with Cmd 34
04-06 02:14:15.842 1369 3364 D LOWI-9.0.0.87.a: [LOWI-Scan] do_listen_events: Rcvd valid Netlink Cmd 34 Err 0
04-06 02:14:15.843 1511 3300 D WifiNl80211Manager: Scan result ready event
04-06 02:14:15.843 1369 3364 D LOWI-9.0.0.87.a: [LOWI-Scan]
04-06 02:14:15.843 1511 3300 D WifiNative: Scan result ready event
04-06 02:14:15.843 1369 3364 D LOWI-9.0.0.87.a: [LOWI-Scan] print_bss_handler: Report beacon TSF 258818071 as it greater than probe TSF 258818071
04-06 02:14:15.843 1369 3364 D LOWI-9.0.0.87.a: [LOWI-Scan] decode_rsn_wpa_ie: LOWI_ENCRYPTION_TYPE_WPA_PSK
04-06 02:14:15.843 1369 3364 D LOWI-9.0.0.87.a: [LOWI-Scan] is_qcom_ie, bss_age: 0
04-06 02:14:15.843 1369 3364 D LOWI-9.0.0.87.a: [LOWI-Scan] BSS 98:97:cc:80:04:88 LOWI_PHY_MODE_11AC_VHT40_2G(12), Beacon Interval: 100, LOWI_ENCRYPTION_TYPE_WPA_PSK 11mcRanging: No, ANQP: No, LCI: No, Civic: No, capability(0x1411): ESS Privacy ShortSlotTime
04-06 02:14:15.843 1369 3364 D LOWI-9.0.0.87.a: [LOWI-Scan] BSS 98:97:cc:80:04:88 FREQ: 2412, cFreq1[40:80:160] = [2422:0:0] cFreq2 = 0 Country Code = CN
04-06 02:14:15.843 1369 3364 D LOWI-9.0.0.87.a: [LOWI-Scan] BSS 98:97:cc:80:04:88 (wlan0) ASSO: NO AddInfo: 0x1, TSF 0, 00:04:18.818, RSSI: -164, CPL: 127, AGE: 1124, SSID TP-LINK-TS, TSFDelta: 0x90910a4f, TXRate: 0
04-06 02:14:15.844 1369 3364 D LOWI-9.0.0.87.a: [LOWI-Scan]
04-06 02:14:15.844 1369 3364 D LOWI-9.0.0.87.a: [LOWI-Scan] print_bss_handler: Report beacon TSF 258803207 as it greater than probe TSF 258799981
04-06 02:14:15.844 1369 3364 D LOWI-9.0.0.87.a: [LOWI-Scan] decode_rsn_wpa_ie: LOWI_ENCRYPTION_TYPE_WPA_PSK
04-06 02:14:15.844 1369 3364 D LOWI-9.0.0.87.a: [LOWI-Scan] is_qcom_ie, bss_age: 0
04-06 02:14:15.844 1369 3364 D LOWI-9.0.0.87.a: [LOWI-Scan] BSS ec:60:73:e8:b0:00 LOWI_PHY_MODE_11AC_VHT80(10), Beacon Interval: 100, LOWI_ENCRYPTION_TYPE_WPA_PSK 11mcRanging: No, ANQP: No, LCI: No, Civic: No, capability(0x1011): ESS Privacy
04-06 02:14:15.844 1369 3364 D LOWI-9.0.0.87.a: [LOWI-Scan] BSS ec:60:73:e8:b0:00 FREQ: 5180, cFreq1[40:80:160] = [5190:5210:0] cFreq2 = 0 Country Code = CN
04-06 02:14:15.844 1369 3364 D LOWI-9.0.0.87.a: [LOWI-Scan] BSS ec:60:73:e8:b0:00 (wlan0) ASSO: NO AddInfo: 0x1, TSF 0, 00:04:18.803, RSSI: -154, CPL: 127, AGE: 1140, SSID TP-LINK_AFFE, TSFDelta: 0xe766018d, TXRate: 0
04-06 02:14:15.844 1369 3364 D LOWI-9.0.0.87.a: [LOWI-Scan]
04-06 02:14:15.844 1369 3364 D LOWI-9.0.0.87.a: [LOWI-Scan] print_bss_handler: Report beacon TSF 258836585 as it greater than probe TSF 258836585
04-06 02:14:15.844 1369 3364 D LOWI-9.0.0.87.a: [LOWI-Scan] decode_rsn_wpa_ie: LOWI_ENCRYPTION_TYPE_WPA_PSK
01-01 08:16:54.791 0 0 I [schedu][0x12c03cf78][02:14:15.842563] wlan: [3347:I:OSIF] vdev 0, scan id 40967 type COMPLETED(1) reason COMPLETED(1) scan found 31 bss
04-06 02:14:15.844 1369 3364 D LOWI-9.0.0.87.a: [LOWI-Scan] is_qcom_ie, bss_age: 0
04-06 02:14:15.844 1369 3364 D LOWI-9.0.0.87.a: [LOWI-Scan] BSS 18:6f:2d:81:16:e4 LOWI_PHY_MODE_11NG_HT20(5), Beacon Interval: 100, LOWI_ENCRYPTION_TYPE_WPA_PSK 11mcRanging: No, ANQP: No, LCI: No, Civic: No, capability(0x0531): ESS Privacy ShortPreamble SpectrumMgmt ShortSlotTime
04-06 02:14:15.844 1369 3364 D LOWI-9.0.0.87.a: [LOWI-Scan] BSS 18:6f:2d:81:16:e4 FREQ: 2412, cFreq1[40:80:160] = [2412:0:0] cFreq2 = 0 Country Code = CN
04-06 02:14:15.844 1369 3364 D LOWI-9.0.0.87.a: [LOWI-Scan] BSS 18:6f:2d:81:16:e4 (wlan0) ASSO: NO AddInfo: 0x1, TSF 0, 00:04:18.836, RSSI: -176, CPL: 127, AGE: 1104, SSID Fanya, TSFDelta: 0x9a87d4e1, TXRate: 0
04-06 02:14:15.844 1369 3364 D LOWI-9.0.0.87.a: [LOWI-Scan]
04-06 02:14:15.844 1369 3364 D LOWI-9.0.0.87.a: [LOWI-Scan] print_bss_handler: Report Probe TSF 259004105 as it greater than Beacon TSF 131679867
04-06 02:14:15.844 1369 3364 D LOWI-9.0.0.87.a: [LOWI-Scan] decode_rsn_wpa_ie: LOWI_ENCRYPTION_TYPE_WPA_PSK
04-06 02:14:15.844 1369 3364 D LOWI-9.0.0.87.a: [LOWI-Scan] is_qcom_ie, bss_age: 0
04-06 02:14:15.844 1369 3364 D LOWI-9.0.0.87.a: [LOWI-Scan] BSS 1a:51:7e:52:1a:24 LOWI_PHY_MODE_11AC_VHT40(9), Beacon Interval: 100, LOWI_ENCRYPTION_TYPE_WPA_PSK 11mcRanging: No, ANQP: Yes, LCI: No, Civic: No, capability(0x0131): ESS Privacy ShortPreamble SpectrumMgmt
04-06 02:14:15.844 1369 3364 D LOWI-9.0.0.87.a: [LOWI-Scan] BSS 1a:51:7e:52:1a:24 FREQ: 5745, cFreq1[40:80:160] = [5755:0:0] cFreq2 = 0 Country Code = CN
04-06 02:14:15.844 1369 3364 D LOWI-9.0.0.87.a: [LOWI-Scan] BSS 1a:51:7e:52:1a:24 (wlan0) ASSO: NO AddInfo: 0x0, TSF 0, 00:04:19.004, RSSI: -162, CPL: 127, AGE: 936, SSID H3C_EPOCH, TSFDelta: 0x947d5b9e, TXRate: 0
04-06 02:14:15.844 1369 3364 D LOWI-9.0.0.87.a: [LOWI-Scan]
04-06 02:14:15.845 1369 3364 D LOWI-9.0.0.87.a: [LOWI-Scan] print_bss_handler: Report Probe TSF 259104082 as it greater than Beacon TSF 131775731
04-06 02:14:15.845 1369 3364 D LOWI-9.0.0.87.a: [LOWI-Scan] decode_rsn_wpa_ie: LOWI_ENCRYPTION_TYPE_WPA_PSK
04-06 02:14:15.845 1369 3364 D LOWI-9.0.0.87.a: [LOWI-Scan] is_qcom_ie, bss_age: 0
04-06 02:14:15.845 1369 3364 D LOWI-9.0.0.87.a: [LOWI-Scan] BSS 64:6e:97:5a:7e:e2 LOWI_PHY_MODE_11AC_VHT80(10), Beacon Interval: 100, LOWI_ENCRYPTION_TYPE_WPA_PSK 11mcRanging: No, ANQP: No, LCI: No, Civic: No, capability(0x1011): ESS Privacy
04-06 02:14:15.845 1369 3364 D LOWI-9.0.0.87.a: [LOWI-Scan] BSS 64:6e:97:5a:7e:e2 FREQ: 5785, cFreq1[40:80:160] = [5795:5775:0] cFreq2 = 0 Country Code = CN
04-06 02:14:15.845 1369 3364 D LOWI-9.0.0.87.a: [LOWI-Scan] BSS 64:6e:97:5a:7e:e2 (wlan0) ASSO: NO AddInfo: 0x0, TSF 0, 00:04:19.104, RSSI: -156, CPL: 127, AGE: 836, SSID DMC, TSFDelta: 0x604bcaf1, TXRate: 0
04-06 02:14:15.845 1369 3364 D LOWI-9.0.0.87.a: [LOWI-Scan]
04-06 02:14:15.845 1369 3364 D LOWI-9.0.0.87.a: [LOWI-Scan] print_bss_handler: Report Probe TSF 259159411 as it greater than Beacon TSF 259135884
04-06 02:14:15.845 1369 3364 D LOWI-9.0.0.87.a: [LOWI-Scan] decode_rsn_wpa_ie: LOWI_ENCRYPTION_TYPE_WPA_PSK
04-06 02:14:15.845 1369 3364 D LOWI-9.0.0.87.a: [LOWI-Scan] is_qcom_ie, bss_age: 0
04-06 02:14:15.845 1369 3364 D LOWI-9.0.0.87.a: [LOWI-Scan] BSS 98:97:cc:80:04:8a LOWI_PHY_MODE_11AC_VHT80(10), Beacon Interval: 100, LOWI_ENCRYPTION_TYPE_WPA_PSK 11mcRanging: No, ANQP: No, LCI: No, Civic: No, capability(0x1011): ESS Privacy
04-06 02:14:15.845 1369 3364 D LOWI-9.0.0.87.a: [LOWI-Scan] BSS 98:97:cc:80:04:8a FREQ: 5805, cFreq1[40:80:160] = [5795:5775:0] cFreq2 = 0 Country Code = CN
04-06 02:14:15.845 1369 3364 D LOWI-9.0.0.87.a: [LOWI-Scan] BSS 98:97:cc:80:04:8a (wlan0) ASSO: NO AddInfo: 0x0, TSF 0, 00:04:19.159, RSSI: -154, CPL: 127, AGE: 784, SSID TP-LINK-TS, TSFDelta: 0x9a8f3677, TXRate: 0
04-06 02:14:15.845 1369 3364 D LOWI-9.0.0.87.a: [LOWI-Scan]
04-06 02:14:15.845 1369 3364 D LOWI-9.0.0.87.a: [LOWI-Scan] print_bss_handler: Report beacon TSF 259269456 as it greater than probe TSF 131913971
04-06 02:14:15.845 1369 3364 D LOWI-9.0.0.87.a: [LOWI-Scan] decode_rsn_wpa_ie: LOWI_ENCRYPTION_TYPE_WPA_PSK
04-06 02:14:15.845 1369 3364 D LOWI-9.0.0.87.a: [LOWI-Scan] is_qcom_ie, bss_age: 0
04-06 02:14:15.845 1369 3364 D LOWI-9.0.0.87.a: [LOWI-Scan] BSS ec:60:73:e8:af:fe LOWI_PHY_MODE_11NG_HT40(7), Beacon Interval: 100, LOWI_ENCRYPTION_TYPE_WPA_PSK 11mcRanging: No, ANQP: No, LCI: No, Civic: No, capability(0x1411): ESS Privacy ShortSlotTime
04-06 02:14:15.845 1369 3364 D LOWI-9.0.0.87.a: [LOWI-Scan] BSS ec:60:73:e8:af:fe FREQ: 2437, cFreq1[40:80:160] = [2427:0:0] cFreq2 = 0 Country Code = CN
04-06 02:14:15.845 1369 3364 D LOWI-9.0.0.87.a: [LOWI-Scan] BSS ec:60:73:e8:af:fe (wlan0) ASSO: NO AddInfo: 0x1, TSF 0, 00:04:19.269, RSSI: -152, CPL: 127, AGE: 672, SSID TP-LINK_AFFE, TSFDelta: 0xfb76edca, TXRate: 0
04-06 02:14:15.845 1369 3364 D LOWI-9.0.0.87.a: [LOWI-Scan]
04-06 02:14:15.845 1369 3364 D LOWI-9.0.0.87.a: [LOWI-Scan] print_bss_handler: Report beacon TSF 259275012 as it greater than probe TSF 259275012
04-06 02:14:15.845 1369 3364 D LOWI-9.0.0.87.a: [LOWI-Scan] is_qcom_ie, bss_age: 0
04-06 02:14:15.845 1369 3364 D LOWI-9.0.0.87.a: [LOWI-Scan] BSS 14:51:7e:52:1a:23 LOWI_PHY_MODE_11AC_VHT20_2G(11), Beacon Interval: 100, LOWI_ENCRYPTION_TYPE_OPEN 11mcRanging: No, ANQP: Yes, LCI: No, Civic: No, capability(0x1c21): ESS ShortPreamble ShortSlotTime APSD
04-06 02:14:15.845 1369 3364 D LOWI-9.0.0.87.a: [LOWI-Scan] BSS 14:51:7e:52:1a:23 FREQ: 2437, cFreq1[40:80:160] = [2437:0:0] cFreq2 = 0 Country Code = CN
04-06 02:14:15.845 1369 3364 D LOWI-9.0.0.87.a: [LOWI-Scan] BSS 14:51:7e:52:1a:23 (wlan0) ASSO: NO AddInfo: 0x1, TSF 0, 00:04:19.275, RSSI: -134, CPL: 127, AGE: 668, SSID , TSFDelta: 0x9bfabf35, TXRate: 0
04-06 02:14:15.846 1369 3364 D LOWI-9.0.0.87.a: [LOWI-Scan]
04-06 02:14:15.846 1369 3364 D LOWI-9.0.0.87.a: [LOWI-Scan] print_bss_handler: Report Probe TSF 259396924 as it greater than Beacon TSF 259360832
04-06 02:14:15.846 1369 3364 D LOWI-9.0.0.87.a: [LOWI-Scan] decode_rsn_wpa_ie: LOWI_ENCRYPTION_TYPE_WPA_PSK
04-06 02:14:15.846 1369 3364 D LOWI-9.0.0.87.a: [LOWI-Scan] is_qcom_ie, bss_age: 0
04-06 02:14:15.846 1369 3364 D LOWI-9.0.0.87.a: [LOWI-Scan] BSS 18:6f:2d:81:1e:70 LOWI_PHY_MODE_11AC_VHT20(8), Beacon Interval: 100, LOWI_ENCRYPTION_TYPE_WPA_PSK 11mcRanging: No, ANQP: No, LCI: No, Civic: No, capability(0x0111): ESS Privacy SpectrumMgmt
04-06 02:14:15.846 1369 3364 D LOWI-9.0.0.87.a: [LOWI-Scan] BSS 18:6f:2d:81:1e:70 FREQ: 5280, cFreq1[40:80:160] = [5280:0:0] cFreq2 = 0 Country Code = CN
04-06 02:14:15.846 1369 3364 D LOWI-9.0.0.87.a: [LOWI-Scan] BSS 18:6f:2d:81:1e:70 (wlan0) ASSO: NO AddInfo: 0x0, TSF 0, 00:04:19.396, RSSI: -156, CPL: 127, AGE: 544, SSID Testing , TSFDelta: 0x3c8f5cab, TXRate: 0
04-06 02:14:15.846 1369 3364 D LOWI-9.0.0.87.a: [LOWI-Scan]
04-06 02:14:15.846 1369 3364 D LOWI-9.0.0.87.a: [LOWI-Scan] print_bss_handler: Report Probe TSF 259397305 as it greater than Beacon TSF 259360966
04-06 02:14:15.846 1369 3364 D LOWI-9.0.0.87.a: [LOWI-Scan] is_qcom_ie, bss_age: 0
04-06 02:14:15.846 1369 3364 D LOWI-9.0.0.87.a: [LOWI-Scan] BSS 18:6f:2d:81:1e:71 LOWI_PHY_MODE_11AC_VHT20(8), Beacon Interval: 100, LOWI_ENCRYPTION_TYPE_OPEN 11mcRanging: No, ANQP: No, LCI: No, Civic: No, capability(0x0101): ESS SpectrumMgmt
04-06 02:14:15.846 1369 3364 D LOWI-9.0.0.87.a: [LOWI-Scan] BSS 18:6f:2d:81:1e:71 FREQ: 5280, cFreq1[40:80:160] = [5280:0:0] cFreq2 = 0 Country Code = CN
04-06 02:14:15.846 1369 3364 D LOWI-9.0.0.87.a: [LOWI-Scan] BSS 18:6f:2d:81:1e:71 (wlan0) ASSO: NO AddInfo: 0x0, TSF 0, 00:04:19.397, RSSI: -158, CPL: 127, AGE: 544, SSID Guest, TSFDelta: 0x3c95b5be, TXRate: 0
04-06 02:14:15.846 1369 3364 D LOWI-9.0.0.87.a: [LOWI-Scan]
04-06 02:14:15.846 1369 3364 D LOWI-9.0.0.87.a: [LOWI-Scan] print_bss_handler: Report Probe TSF 259398278 as it greater than Beacon TSF 259361034
04-06 02:14:15.846 1369 3364 D LOWI-9.0.0.87.a: [LOWI-Scan] decode_rsn_wpa_ie: LOWI_ENCRYPTION_TYPE_WPA_PSK
04-06 02:14:15.846 1369 3364 D LOWI-9.0.0.87.a: [LOWI-Scan] is_qcom_ie, bss_age: 0
04-06 02:14:15.846 1369 3364 D LOWI-9.0.0.87.a: [LOWI-Scan] BSS 18:6f:2d:81:1e:72 LOWI_PHY_MODE_11AC_VHT20(8), Beacon Interval: 100, LOWI_ENCRYPTION_TYPE_WPA_PSK 11mcRanging: No, ANQP: No, LCI: No, Civic: No, capability(0x0111): ESS Privacy SpectrumMgmt
04-06 02:14:15.846 1369 3364 D LOWI-9.0.0.87.a: [LOWI-Scan] BSS 18:6f:2d:81:1e:72 FREQ: 5280, cFreq1[40:80:160] = [5280:0:0] cFreq2 = 0 Country Code = CN
04-06 02:14:15.846 1369 3364 D LOWI-9.0.0.87.a: [LOWI-Scan] BSS 18:6f:2d:81:1e:72 (wlan0) ASSO: NO AddInfo: 0x0, TSF 0, 00:04:19.398, RSSI: -158, CPL: 127, AGE: 544, SSID ZXHY, TSFDelta: 0x3c9d3247, TXRate: 0
04-06 02:14:15.846 1369 3364 D LOWI-9.0.0.87.a: [LOWI-Scan]
04-06 02:14:15.846 1369 3364 D LOWI-9.0.0.87.a: [LOWI-Scan] print_bss_handler: Report Probe TSF 259399425 as it greater than Beacon TSF 259361096
04-06 02:14:15.846 1369 3364 D LOWI-9.0.0.87.a: [LOWI-Scan] decode_rsn_wpa_ie: LOWI_ENCRYPTION_TYPE_WPA_PSK
04-06 02:14:15.846 1369 3364 D LOWI-9.0.0.87.a: [LOWI-Scan] is_qcom_ie, bss_age: 0
04-06 02:14:15.846 1369 3364 D LOWI-9.0.0.87.a: [LOWI-Scan] BSS 18:6f:2d:81:1e:73 LOWI_PHY_MODE_11AC_VHT20(8), Beacon Interval: 100, LOWI_ENCRYPTION_TYPE_WPA_PSK 11mcRanging: No, ANQP: No, LCI: No, Civic: No, capability(0x0111): ESS Privacy SpectrumMgmt
04-06 02:14:15.846 1369 3364 D LOWI-9.0.0.87.a: [LOWI-Scan] BSS 18:6f:2d:81:1e:73 FREQ: 5280, cFreq1[40:80:160] = [5280:0:0] cFreq2 = 0 Country Code = CN
04-06 02:14:15.846 1369 3364 D LOWI-9.0.0.87.a: [LOWI-Scan] BSS 18:6f:2d:81:1e:73 (wlan0) ASSO: NO AddInfo: 0x0, TSF 0, 00:04:19.399, RSSI: -158, CPL: 127, AGE: 544, SSID Fanya, TSFDelta: 0x3ca493cc, TXRate: 0
04-06 02:14:15.847 1369 3364 D LOWI-9.0.0.87.a: [LOWI-Scan]
04-06 02:14:15.847 1369 3364 D LOWI-9.0.0.87.a: [LOWI-Scan] print_bss_handler: Report Probe TSF 259399720 as it greater than Beacon TSF 259361499
04-06 02:14:15.847 1369 3364 D LOWI-9.0.0.87.a: [LOWI-Scan] decode_rsn_wpa_ie: LOWI_ENCRYPTION_TYPE_WPA_PSK
04-06 02:14:15.847 1369 3364 D LOWI-9.0.0.87.a: [LOWI-Scan] is_qcom_ie, bss_age: 0
04-06 02:14:15.847 1369 3364 D LOWI-9.0.0.87.a: [LOWI-Scan] BSS 18:6f:2d:81:1e:74 LOWI_PHY_MODE_11AC_VHT20(8), Beacon Interval: 100, LOWI_ENCRYPTION_TYPE_WPA_PSK 11mcRanging: No, ANQP: No, LCI: No, Civic: No, capability(0x0111): ESS Privacy SpectrumMgmt
04-06 02:14:15.847 1369 3364 D LOWI-9.0.0.87.a: [LOWI-Scan] BSS 18:6f:2d:81:1e:74 FREQ: 5280, cFreq1[40:80:160] = [5280:0:0] cFreq2 = 0 Country Code = CN
04-06 02:14:15.847 1369 3364 D LOWI-9.0.0.87.a: [LOWI-Scan] BSS 18:6f:2d:81:1e:74 (wlan0) ASSO: NO AddInfo: 0x0, TSF 0, 00:04:19.399, RSSI: -158, CPL: 127, AGE: 544, SSID ThunderSoft, TSFDelta: 0x3ca78847, TXRate: 0
04-06 02:14:15.847 1369 3364 D LOWI-9.0.0.87.a: [LOWI-Scan]
04-06 02:14:15.847 1369 3364 D LOWI-9.0.0.87.a: [LOWI-Scan] print_bss_handler: Report Probe TSF 259412812 as it greater than Beacon TSF 259362034
04-06 02:14:15.847 1369 3364 D LOWI-9.0.0.87.a: [LOWI-Scan] decode_rsn_wpa_ie: LOWI_ENCRYPTION_TYPE_WPA_PSK
04-06 02:14:15.847 1369 3364 D LOWI-9.0.0.87.a: [LOWI-Scan] is_qcom_ie, bss_age: 0
04-06 02:14:15.847 1369 3364 D LOWI-9.0.0.87.a: [LOWI-Scan] BSS 18:6f:2d:81:1e:75 LOWI_PHY_MODE_11AC_VHT20(8), Beacon Interval: 100, LOWI_ENCRYPTION_TYPE_WPA_PSK 11mcRanging: No, ANQP: No, LCI: No, Civic: No, capability(0x0111): ESS Privacy SpectrumMgmt
04-06 02:14:15.847 1369 3364 D LOWI-9.0.0.87.a: [LOWI-Scan] BSS 18:6f:2d:81:1e:75 FREQ: 5280, cFreq1[40:80:160] = [5280:0:0] cFreq2 = 0 Country Code = CN
04-06 02:14:15.847 1369 3364 D LOWI-9.0.0.87.a: [LOWI-Scan] BSS 18:6f:2d:81:1e:75 (wlan0) ASSO: NO AddInfo: 0x0, TSF 0, 00:04:19.412, RSSI: -158, CPL: 127, AGE: 528, SSID GM, TSFDelta: 0x3cab8450, TXRate: 0
04-06 02:14:15.847 1369 3364 D LOWI-9.0.0.87.a: [LOWI-Scan]
04-06 02:14:15.847 1369 3364 D LOWI-9.0.0.87.a: [LOWI-Scan] print_bss_handler: Report beacon TSF 258803656 as it greater than probe TSF 258803656
04-06 02:14:15.847 1369 3364 D LOWI-9.0.0.87.a: [LOWI-Scan] decode_rsn_wpa_ie: LOWI_ENCRYPTION_TYPE_WPA_PSK
04-06 02:14:15.847 1369 3364 D LOWI-9.0.0.87.a: [LOWI-Scan] is_qcom_ie, bss_age: 0
04-06 02:14:15.847 1369 3364 D LOWI-9.0.0.87.a: [LOWI-Scan] BSS ee:60:73:e9:b0:00 LOWI_PHY_MODE_11AC_VHT80(10), Beacon Interval: 100, LOWI_ENCRYPTION_TYPE_WPA_PSK 11mcRanging: No, ANQP: No, LCI: No, Civic: No, capability(0x0011): ESS Privacy
04-06 02:14:15.847 1369 3364 D LOWI-9.0.0.87.a: [LOWI-Scan] BSS ee:60:73:e9:b0:00 FREQ: 5180, cFreq1[40:80:160] = [5190:5210:0] cFreq2 = 0 Country Code = CN
04-06 02:14:15.847 1369 3364 D LOWI-9.0.0.87.a: [LOWI-Scan] BSS ee:60:73:e9:b0:00 (wlan0) ASSO: NO AddInfo: 0x1, TSF 0, 00:04:18.803, RSSI: -154, CPL: 127, AGE: 1140, SSID , TSFDelta: 0xe780d173, TXRate: 0
04-06 02:14:15.847 1369 3364 D LOWI-9.0.0.87.a: [LOWI-Scan]
04-06 02:14:15.847 1369 3364 D LOWI-9.0.0.87.a: [LOWI-Scan] print_bss_handler: Report beacon TSF 259141198 as it greater than probe TSF 259141198
04-06 02:14:15.848 1369 3364 D LOWI-9.0.0.87.a: [LOWI-Scan] decode_rsn_wpa_ie: LOWI_ENCRYPTION_TYPE_WPA_PSK
04-06 02:14:15.848 1369 3364 D LOWI-9.0.0.87.a: [LOWI-Scan] is_qcom_ie, bss_age: 0
04-06 02:14:15.848 1369 3364 D LOWI-9.0.0.87.a: [LOWI-Scan] BSS 9a:97:cc:d0:04:88 LOWI_PHY_MODE_11AC_VHT80(10), Beacon Interval: 100, LOWI_ENCRYPTION_TYPE_WPA_PSK 11mcRanging: No, ANQP: No, LCI: No, Civic: No, capability(0x0011): ESS Privacy
04-06 02:14:15.848 1369 3364 D LOWI-9.0.0.87.a: [LOWI-Scan] BSS 9a:97:cc:d0:04:88 FREQ: 5805, cFreq1[40:80:160] = [5795:5775:0] cFreq2 = 0 Country Code = CN
04-06 02:14:15.848 1369 3364 D LOWI-9.0.0.87.a: [LOWI-Scan] BSS 9a:97:cc:d0:04:88 (wlan0) ASSO: NO AddInfo: 0x1, TSF 0, 00:04:19.141, RSSI: -152, CPL: 127, AGE: 800, SSID , TSFDelta: 0x9a0a2144, TXRate: 0
04-06 02:14:15.848 1369 3364 D LOWI-9.0.0.87.a: [LOWI-Scan]
04-06 02:14:15.848 1369 3364 D LOWI-9.0.0.87.a: [LOWI-Scan] print_bss_handler: Report beacon TSF 259272215 as it greater than probe TSF 259272215
04-06 02:14:15.848 1369 3364 D LOWI-9.0.0.87.a: [LOWI-Scan] decode_rsn_wpa_ie: LOWI_ENCRYPTION_TYPE_WPA_PSK
04-06 02:14:15.848 1369 3364 D LOWI-9.0.0.87.a: [LOWI-Scan] is_qcom_ie, bss_age: 0
04-06 02:14:15.848 1369 3364 D LOWI-9.0.0.87.a: [LOWI-Scan] BSS ee:60:73:e9:af:fe LOWI_PHY_MODE_11NG_HT40(7), Beacon Interval: 100, LOWI_ENCRYPTION_TYPE_WPA_PSK 11mcRanging: No, ANQP: No, LCI: No, Civic: No, capability(0x0411): ESS Privacy ShortSlotTime
04-06 02:14:15.848 1369 3364 D LOWI-9.0.0.87.a: [LOWI-Scan] BSS ee:60:73:e9:af:fe FREQ: 2437, cFreq1[40:80:160] = [2427:0:0] cFreq2 = 0 Country Code = CN
04-06 02:14:15.848 1369 3364 D LOWI-9.0.0.87.a: [LOWI-Scan] BSS ee:60:73:e9:af:fe (wlan0) ASSO: NO AddInfo: 0x1, TSF 0, 00:04:19.272, RSSI: -154, CPL: 127, AGE: 668, SSID , TSFDelta: 0xf4b10282, TXRate: 0
04-06 02:14:15.848 1369 3364 D LOWI-9.0.0.87.a: [LOWI-Scan]
04-06 02:14:15.848 1369 3364 D LOWI-9.0.0.87.a: [LOWI-Scan] print_bss_handler: Report beacon TSF 259279196 as it greater than probe TSF 259245892
04-06 02:14:15.848 1369 3364 D LOWI-9.0.0.87.a: [LOWI-Scan] decode_rsn_wpa_ie: LOWI_ENCRYPTION_TYPE_WPA_PSK
04-06 02:14:15.848 1369 3364 D LOWI-9.0.0.87.a: [LOWI-Scan] is_qcom_ie, bss_age: 0
04-06 02:14:15.848 1369 3364 D LOWI-9.0.0.87.a: [LOWI-Scan] BSS 1a:51:7e:52:1a:23 LOWI_PHY_MODE_11AC_VHT20_2G(11), Beacon Interval: 100, LOWI_ENCRYPTION_TYPE_WPA_PSK 11mcRanging: No, ANQP: Yes, LCI: No, Civic: No, capability(0x1c31): ESS Privacy ShortPreamble ShortSlotTime APSD
04-06 02:14:15.848 1369 3364 D LOWI-9.0.0.87.a: [LOWI-Scan] BSS 1a:51:7e:52:1a:23 FREQ: 2437, cFreq1[40:80:160] = [0:0:0] cFreq2 = 0 Country Code = CN
04-06 02:14:15.848 1369 3364 D LOWI-9.0.0.87.a: [LOWI-Scan] BSS 1a:51:7e:52:1a:23 (wlan0) ASSO: NO AddInfo: 0x1, TSF 0, 00:04:19.279, RSSI: -132, CPL: 127, AGE: 664, SSID H3C_EPOCH, TSFDelta: 0x9b23b7b5, TXRate: 0
04-06 02:14:15.848 1369 3364 D LOWI-9.0.0.87.a: [LOWI-Scan]
04-06 02:14:15.848 1369 3364 D LOWI-9.0.0.87.a: [LOWI-Scan] print_bss_handler: Report Probe TSF 259252525 as it greater than Beacon TSF 203779715
04-06 02:14:15.848 1369 3364 D LOWI-9.0.0.87.a: [LOWI-Scan] decode_rsn_wpa_ie: LOWI_ENCRYPTION_TYPE_WPA_PSK
04-06 02:14:15.848 1369 3364 D LOWI-9.0.0.87.a: [LOWI-Scan] is_qcom_ie, bss_age: 0
04-06 02:14:15.848 1369 3364 D LOWI-9.0.0.87.a: [LOWI-Scan] BSS 1c:51:7e:52:1a:23 LOWI_PHY_MODE_11AC_VHT20_2G(11), Beacon Interval: 100, LOWI_ENCRYPTION_TYPE_WPA_PSK 11mcRanging: No, ANQP: Yes, LCI: No, Civic: No, capability(0x0431): ESS Privacy ShortPreamble ShortSlotTime
04-06 02:14:15.848 1369 3364 D LOWI-9.0.0.87.a: [LOWI-Scan] BSS 1c:51:7e:52:1a:23 FREQ: 2437, cFreq1[40:80:160] = [0:0:0] cFreq2 = 0 Country Code = CN
04-06 02:14:15.848 1369 3364 D LOWI-9.0.0.87.a: [LOWI-Scan] BSS 1c:51:7e:52:1a:23 (wlan0) ASSO: NO AddInfo: 0x0, TSF 0, 00:04:19.252, RSSI: -134, CPL: 127, AGE: 688, SSID H3C_EPOCH_ETH10, TSFDelta: 0x9b567f32, TXRate: 0
04-06 02:14:15.849 1369 3364 D LOWI-9.0.0.87.a: [LOWI-Scan]
04-06 02:14:15.849 1369 3364 D LOWI-9.0.0.87.a: [LOWI-Scan] print_bss_handler: Report beacon TSF 259286840 as it greater than probe TSF 259258563
04-06 02:14:15.849 1369 3364 D LOWI-9.0.0.87.a: [LOWI-Scan] decode_rsn_wpa_ie: LOWI_ENCRYPTION_TYPE_WPA_PSK
04-06 02:14:15.849 1369 3364 D LOWI-9.0.0.87.a: [LOWI-Scan] is_qcom_ie, bss_age: 0
04-06 02:14:15.849 1369 3364 D LOWI-9.0.0.87.a: [LOWI-Scan] BSS 22:51:7e:52:1a:23 LOWI_PHY_MODE_11AC_VHT20_2G(11), Beacon Interval: 100, LOWI_ENCRYPTION_TYPE_WPA_PSK 11mcRanging: No, ANQP: Yes, LCI: No, Civic: No, capability(0x0431): ESS Privacy ShortPreamble ShortSlotTime
04-06 02:14:15.849 1369 3364 D LOWI-9.0.0.87.a: [LOWI-Scan] BSS 22:51:7e:52:1a:23 FREQ: 2437, cFreq1[40:80:160] = [0:0:0] cFreq2 = 0 Country Code = CN
04-06 02:14:15.849 1369 3364 D LOWI-9.0.0.87.a: [LOWI-Scan] BSS 22:51:7e:52:1a:23 (wlan0) ASSO: NO AddInfo: 0x1, TSF 0, 00:04:19.286, RSSI: -136, CPL: 127, AGE: 656, SSID H3C_EPOCH_WIFI5_4G, TSFDelta: 0x9b84c5f5, TXRate: 0
04-06 02:14:15.849 1369 3364 D LOWI-9.0.0.87.a: [LOWI-Scan]
04-06 02:14:15.849 1369 3364 D LOWI-9.0.0.87.a: [LOWI-Scan] print_bss_handler: Report beacon TSF 258852851 as it greater than probe TSF 258852851
04-06 02:14:15.849 1369 3364 D LOWI-9.0.0.87.a: [LOWI-Scan] decode_rsn_wpa_ie: LOWI_ENCRYPTION_TYPE_WPA_PSK
04-06 02:14:15.849 1369 3364 D LOWI-9.0.0.87.a: [LOWI-Scan] is_qcom_ie, bss_age: 0
04-06 02:14:15.849 1369 3364 D LOWI-9.0.0.87.a: [LOWI-Scan] BSS 64:6e:97:5a:7e:e0 LOWI_PHY_MODE_11AC_VHT40_2G(12), Beacon Interval: 100, LOWI_ENCRYPTION_TYPE_WPA_PSK 11mcRanging: No, ANQP: No, LCI: No, Civic: No, capability(0x1411): ESS Privacy ShortSlotTime
04-06 02:14:15.849 1369 3364 D LOWI-9.0.0.87.a: [LOWI-Scan] BSS 64:6e:97:5a:7e:e0 FREQ: 2412, cFreq1[40:80:160] = [2422:0:0] cFreq2 = 0 Country Code = CN
04-06 02:14:15.849 1369 3364 D LOWI-9.0.0.87.a: [LOWI-Scan] BSS 64:6e:97:5a:7e:e0 (wlan0) ASSO: NO AddInfo: 0x1, TSF 0, 00:04:18.852, RSSI: -174, CPL: 127, AGE: 1088, SSID DMC, TSFDelta: 0x58e276e0, TXRate: 0
04-06 02:14:15.849 1369 3364 D LOWI-9.0.0.87.a: [LOWI-Scan]
04-06 02:14:15.849 1369 3364 D LOWI-9.0.0.87.a: [LOWI-Scan] print_bss_handler: Report beacon TSF 258806988 as it greater than probe TSF 258806988
04-06 02:14:15.849 1369 3364 D LOWI-9.0.0.87.a: [LOWI-Scan] decode_rsn_wpa_ie: LOWI_ENCRYPTION_TYPE_WPA_PSK
04-06 02:14:15.849 1369 3364 D LOWI-9.0.0.87.a: [LOWI-Scan] is_qcom_ie, bss_age: 0
04-06 02:14:15.849 1369 3364 D LOWI-9.0.0.87.a: [LOWI-Scan] BSS 18:6f:2d:81:16:e0 LOWI_PHY_MODE_11NG_HT20(5), Beacon Interval: 100, LOWI_ENCRYPTION_TYPE_WPA_PSK 11mcRanging: No, ANQP: No, LCI: No, Civic: No, capability(0x0531): ESS Privacy ShortPreamble SpectrumMgmt ShortSlotTime
04-06 02:14:15.849 1369 3364 D LOWI-9.0.0.87.a: [LOWI-Scan] BSS 18:6f:2d:81:16:e0 FREQ: 2412, cFreq1[40:80:160] = [2412:0:0] cFreq2 = 0 Country Code = CN
04-06 02:14:15.849 1369 3364 D LOWI-9.0.0.87.a: [LOWI-Scan] BSS 18:6f:2d:81:16:e0 (wlan0) ASSO: NO AddInfo: 0x1, TSF 0, 00:04:18.806, RSSI: -176, CPL: 127, AGE: 1136, SSID Testing , TSFDelta: 0x99b29ab4, TXRate: 0
04-06 02:14:15.849 1369 3364 D LOWI-9.0.0.87.a: [LOWI-Scan]
04-06 02:14:15.849 1369 3364 D LOWI-9.0.0.87.a: [LOWI-Scan] print_bss_handler: Report beacon TSF 258808500 as it greater than probe TSF 258808500
04-06 02:14:15.849 1369 3364 D LOWI-9.0.0.87.a: [LOWI-Scan] is_qcom_ie, bss_age: 0
04-06 02:14:15.849 1369 3364 D LOWI-9.0.0.87.a: [LOWI-Scan] BSS 18:6f:2d:81:16:e1 LOWI_PHY_MODE_11NG_HT20(5), Beacon Interval: 100, LOWI_ENCRYPTION_TYPE_OPEN 11mcRanging: No, ANQP: No, LCI: No, Civic: No, capability(0x0521): ESS ShortPreamble SpectrumMgmt ShortSlotTime
04-06 02:14:15.849 1369 3364 D LOWI-9.0.0.87.a: [LOWI-Scan] BSS 18:6f:2d:81:16:e1 FREQ: 2412, cFreq1[40:80:160] = [2412:0:0] cFreq2 = 0 Country Code = CN
04-06 02:14:15.850 1369 3364 D LOWI-9.0.0.87.a: [LOWI-Scan] BSS 18:6f:2d:81:16:e1 (wlan0) ASSO: NO AddInfo: 0x1, TSF 0, 00:04:18.808, RSSI: -178, CPL: 127, AGE: 1132, SSID Guest, TSFDelta: 0x99bef134, TXRate: 0
04-06 02:14:15.850 1369 3364 D LOWI-9.0.0.87.a: [LOWI-Scan]
04-06 02:14:15.850 1369 3364 D LOWI-9.0.0.87.a: [LOWI-Scan] print_bss_handler: Report beacon TSF 258822885 as it greater than probe TSF 258822885
04-06 02:14:15.850 1369 3364 D LOWI-9.0.0.87.a: [LOWI-Scan] decode_rsn_wpa_ie: LOWI_ENCRYPTION_TYPE_WPA_PSK
04-06 02:14:15.850 1369 3364 D LOWI-9.0.0.87.a: [LOWI-Scan] is_qcom_ie, bss_age: 0
04-06 02:14:15.850 1369 3364 D LOWI-9.0.0.87.a: [LOWI-Scan] BSS 18:6f:2d:81:16:e2 LOWI_PHY_MODE_11NG_HT20(5), Beacon Interval: 100, LOWI_ENCRYPTION_TYPE_WPA_PSK 11mcRanging: No, ANQP: No, LCI: No, Civic: No, capability(0x0531): ESS Privacy ShortPreamble SpectrumMgmt ShortSlotTime
04-06 02:14:15.850 1369 3364 D LOWI-9.0.0.87.a: [LOWI-Scan] BSS 18:6f:2d:81:16:e2 FREQ: 2412, cFreq1[40:80:160] = [2412:0:0] cFreq2 = 0 Country Code = CN
04-06 02:14:15.850 1369 3364 D LOWI-9.0.0.87.a: [LOWI-Scan] BSS 18:6f:2d:81:16:e2 (wlan0) ASSO: NO AddInfo: 0x1, TSF 0, 00:04:18.822, RSSI: -178, CPL: 127, AGE: 1120, SSID ThunderSoft_2.4G, TSFDelta: 0x9a24e1c8, TXRate: 0
04-06 02:14:15.850 1369 3364 D LOWI-9.0.0.87.a: [LOWI-Scan]
04-06 02:14:15.850 1369 3364 D LOWI-9.0.0.87.a: [LOWI-Scan] print_bss_handler: Report beacon TSF 258835755 as it greater than probe TSF 258835755
04-06 02:14:15.850 1369 3364 D LOWI-9.0.0.87.a: [LOWI-Scan] decode_rsn_wpa_ie: LOWI_ENCRYPTION_TYPE_WPA_PSK
04-06 02:14:15.850 1369 3364 D LOWI-9.0.0.87.a: [LOWI-Scan] is_qcom_ie, bss_age: 0
04-06 02:14:15.850 1369 3364 D LOWI-9.0.0.87.a: [LOWI-Scan] BSS 18:6f:2d:81:16:e3 LOWI_PHY_MODE_11NG_HT20(5), Beacon Interval: 100, LOWI_ENCRYPTION_TYPE_WPA_PSK 11mcRanging: No, ANQP: No, LCI: No, Civic: No, capability(0x0531): ESS Privacy ShortPreamble SpectrumMgmt ShortSlotTime
04-06 02:14:15.850 1369 3364 D LOWI-9.0.0.87.a: [LOWI-Scan] BSS 18:6f:2d:81:16:e3 FREQ: 2412, cFreq1[40:80:160] = [2412:0:0] cFreq2 = 0 Country Code = CN
04-06 02:14:15.850 1369 3364 D LOWI-9.0.0.87.a: [LOWI-Scan] BSS 18:6f:2d:81:16:e3 (wlan0) ASSO: NO AddInfo: 0x1, TSF 0, 00:04:18.835, RSSI: -178, CPL: 127, AGE: 1108, SSID ZXHY, TSFDelta: 0x9a7bd032, TXRate: 0
04-06 02:14:15.850 1369 3364 D LOWI-9.0.0.87.a: [LOWI-Scan]
04-06 02:14:15.850 1369 3364 D LOWI-9.0.0.87.a: [LOWI-Scan] print_bss_handler: Report beacon TSF 259206252 as it greater than probe TSF 259204601
04-06 02:14:15.850 1369 3364 D LOWI-9.0.0.87.a: [LOWI-Scan] decode_rsn_wpa_ie: LOWI_ENCRYPTION_TYPE_WPA_PSK
04-06 02:14:15.850 1369 3364 D LOWI-9.0.0.87.a: [LOWI-Scan] is_qcom_ie, bss_age: 0
04-06 02:14:15.850 1369 3364 D LOWI-9.0.0.87.a: [LOWI-Scan] BSS 18:6f:2d:80:62:f0 LOWI_PHY_MODE_11AC_VHT20(8), Beacon Interval: 100, LOWI_ENCRYPTION_TYPE_WPA_PSK 11mcRanging: No, ANQP: No, LCI: No, Civic: No, capability(0x0111): ESS Privacy SpectrumMgmt
04-06 02:14:15.850 1369 3364 D LOWI-9.0.0.87.a: [LOWI-Scan] BSS 18:6f:2d:80:62:f0 FREQ: 5825, cFreq1[40:80:160] = [5825:0:0] cFreq2 = 0 Country Code = CN
04-06 02:14:15.850 1369 3364 D LOWI-9.0.0.87.a: [LOWI-Scan] BSS 18:6f:2d:80:62:f0 (wlan0) ASSO: NO AddInfo: 0x1, TSF 0, 00:04:19.206, RSSI: -168, CPL: 127, AGE: 736, SSID Testing , TSFDelta: 0x89f03fb0, TXRate: 0
04-06 02:14:15.850 1369 3364 D LOWI-9.0.0.87.a: [LOWI-Scan]
04-06 02:14:15.850 1369 3364 D LOWI-9.0.0.87.a: [LOWI-Scan] print_bss_handler: Report beacon TSF 259206456 as it greater than probe TSF 259204987
04-06 02:14:15.850 1369 3364 D LOWI-9.0.0.87.a: [LOWI-Scan] is_qcom_ie, bss_age: 0
04-06 02:14:15.850 1369 3364 D LOWI-9.0.0.87.a: [LOWI-Scan] BSS 18:6f:2d:80:62:f1 LOWI_PHY_MODE_11AC_VHT20(8), Beacon Interval: 100, LOWI_ENCRYPTION_TYPE_OPEN 11mcRanging: No, ANQP: No, LCI: No, Civic: No, capability(0x0101): ESS SpectrumMgmt
04-06 02:14:15.851 1369 3364 D LOWI-9.0.0.87.a: [LOWI-Scan] BSS 18:6f:2d:80:62:f1 FREQ: 5825, cFreq1[40:80:160] = [5825:0:0] cFreq2 = 0 Country Code = CN
04-06 02:14:15.851 1369 3364 D LOWI-9.0.0.87.a: [LOWI-Scan] BSS 18:6f:2d:80:62:f1 (wlan0) ASSO: NO AddInfo: 0x1, TSF 0, 00:04:19.206, RSSI: -172, CPL: 127, AGE: 736, SSID Guest, TSFDelta: 0x89f5a9eb, TXRate: 0
04-06 02:14:15.851 1369 3364 D LOWI-9.0.0.87.a: [LOWI-Scan]
04-06 02:14:15.851 1369 3364 D LOWI-9.0.0.87.a: [LOWI-Scan] print_bss_handler: Report Probe TSF 259209397 as it greater than Beacon TSF 259206641
04-06 02:14:15.851 1369 3364 D LOWI-9.0.0.87.a: [LOWI-Scan] decode_rsn_wpa_ie: LOWI_ENCRYPTION_TYPE_WPA_PSK
04-06 02:14:15.851 1369 3364 D LOWI-9.0.0.87.a: [LOWI-Scan] is_qcom_ie, bss_age: 0
04-06 02:14:15.852 1369 3364 D LOWI-9.0.0.87.a: [LOWI-Scan] BSS 18:6f:2d:80:62:f2 LOWI_PHY_MODE_11AC_VHT20(8), Beacon Interval: 100, LOWI_ENCRYPTION_TYPE_WPA_PSK 11mcRanging: No, ANQP: No, LCI: No, Civic: No, capability(0x0111): ESS Privacy SpectrumMgmt
04-06 02:14:15.852 1369 3364 D LOWI-9.0.0.87.a: [LOWI-Scan] BSS 18:6f:2d:80:62:f2 FREQ: 5825, cFreq1[40:80:160] = [5825:0:0] cFreq2 = 0 Country Code = CN
04-06 02:14:15.852 1369 3364 D LOWI-9.0.0.87.a: [LOWI-Scan] BSS 18:6f:2d:80:62:f2 (wlan0) ASSO: NO AddInfo: 0x0, TSF 0, 00:04:19.209, RSSI: -172, CPL: 127, AGE: 732, SSID ZXHY, TSFDelta: 0x8a14aa43, TXRate: 0
04-06 02:14:15.853 1369 3364 D LOWI-9.0.0.87.a: [LOWI-Scan]
04-06 02:14:15.853 1369 3364 D LOWI-9.0.0.87.a: [LOWI-Scan] print_bss_handler: Report Probe TSF 259209585 as it greater than Beacon TSF 259206982
04-06 02:14:15.853 1369 3364 D LOWI-9.0.0.87.a: [LOWI-Scan] decode_rsn_wpa_ie: LOWI_ENCRYPTION_TYPE_WPA_PSK
04-06 02:14:15.853 1369 3364 D LOWI-9.0.0.87.a: [LOWI-Scan] is_qcom_ie, bss_age: 0
04-06 02:14:15.853 1369 3364 D LOWI-9.0.0.87.a: [LOWI-Scan] BSS 18:6f:2d:80:62:f3 LOWI_PHY_MODE_11AC_VHT20(8), Beacon Interval: 100, LOWI_ENCRYPTION_TYPE_WPA_PSK 11mcRanging: No, ANQP: No, LCI: No, Civic: No, capability(0x0111): ESS Privacy SpectrumMgmt
04-06 02:14:15.853 1369 3364 D LOWI-9.0.0.87.a: [LOWI-Scan] BSS 18:6f:2d:80:62:f3 FREQ: 5825, cFreq1[40:80:160] = [5825:0:0] cFreq2 = 0 Country Code = CN
04-06 02:14:15.853 1369 3364 D LOWI-9.0.0.87.a: [LOWI-Scan] BSS 18:6f:2d:80:62:f3 (wlan0) ASSO: NO AddInfo: 0x0, TSF 0, 00:04:19.209, RSSI: -174, CPL: 127, AGE: 732, SSID Fanya, TSFDelta: 0x8a17297d, TXRate: 0
04-06 02:14:15.853 1369 3364 D LOWI-9.0.0.87.a: [LOWI-Scan]
04-06 02:14:15.853 1369 3364 D LOWI-9.0.0.87.a: [LOWI-Scan] print_bss_handler: Report Probe TSF 259209959 as it greater than Beacon TSF 259207414
04-06 02:14:15.853 1369 3364 D LOWI-9.0.0.87.a: [LOWI-Scan] decode_rsn_wpa_ie: LOWI_ENCRYPTION_TYPE_WPA_PSK
04-06 02:14:15.853 1369 3364 D LOWI-9.0.0.87.a: [LOWI-Scan] is_qcom_ie, bss_age: 0
04-06 02:14:15.853 1369 3364 D LOWI-9.0.0.87.a: [LOWI-Scan] BSS 18:6f:2d:80:62:f4 LOWI_PHY_MODE_11AC_VHT20(8), Beacon Interval: 100, LOWI_ENCRYPTION_TYPE_WPA_PSK 11mcRanging: No, ANQP: No, LCI: No, Civic: No, capability(0x0111): ESS Privacy SpectrumMgmt
04-06 02:14:15.853 1369 3364 D LOWI-9.0.0.87.a: [LOWI-Scan] BSS 18:6f:2d:80:62:f4 FREQ: 5825, cFreq1[40:80:160] = [5825:0:0] cFreq2 = 0 Country Code = CN
04-06 02:14:15.853 1369 3364 D LOWI-9.0.0.87.a: [LOWI-Scan] BSS 18:6f:2d:80:62:f4 (wlan0) ASSO: NO AddInfo: 0x0, TSF 0, 00:04:19.209, RSSI: -172, CPL: 127, AGE: 732, SSID ThunderSoft, TSFDelta: 0x8a19a8ee, TXRate: 0
04-06 02:14:15.854 1369 3364 D LOWI-9.0.0.87.a: [LOWI-Scan]
04-06 02:14:15.854 1369 3364 D LOWI-9.0.0.87.a: [LOWI-Scan] print_bss_handler: Report Probe TSF 259210282 as it greater than Beacon TSF 259207593
04-06 02:14:15.854 1369 3364 D LOWI-9.0.0.87.a: [LOWI-Scan] decode_rsn_wpa_ie: LOWI_ENCRYPTION_TYPE_WPA_PSK
04-06 02:14:15.854 1369 3364 D LOWI-9.0.0.87.a: [LOWI-Scan] is_qcom_ie, bss_age: 0
04-06 02:14:15.854 1369 3364 D LOWI-9.0.0.87.a: [LOWI-Scan] BSS 18:6f:2d:80:62:f5 LOWI_PHY_MODE_11AC_VHT20(8), Beacon Interval: 100, LOWI_ENCRYPTION_TYPE_WPA_PSK 11mcRanging: No, ANQP: No, LCI: No, Civic: No, capability(0x0111): ESS Privacy SpectrumMgmt
04-06 02:14:15.854 1369 3364 D LOWI-9.0.0.87.a: [LOWI-Scan] BSS 18:6f:2d:80:62:f5 FREQ: 5825, cFreq1[40:80:160] = [5825:0:0] cFreq2 = 0 Country Code = CN
04-06 02:14:15.854 1369 3364 D LOWI-9.0.0.87.a: [LOWI-Scan] BSS 18:6f:2d:80:62:f5 (wlan0) ASSO: NO AddInfo: 0x0, TSF 0, 00:04:19.210, RSSI: -172, CPL: 127, AGE: 732, SSID GM, TSFDelta: 0x8a1c50a4, TXRate: 0
04-06 02:14:15.854 1369 3364 D LOWI-9.0.0.87.a: [LOWIDiagLog] Log: lowiMeasResult->request: invalid null argument
04-06 02:14:15.854 1369 3364 I LOWI-9.0.0.87.a: [LOWI-Scan] lowi_close_record:Scan done in 247016ms, 31 APs in scan results
04-06 02:14:15.854 1369 3364 D LOWI-9.0.0.87.a: [LOWI-Scan] WipsScanUsingNL: passive scan cached 0, took 55481 ms, err 0
04-06 02:14:15.854 1369 3364 D LOWI-9.0.0.87.a: [LOWI-Scan] lowi_proc_req_passive_scan_with_live_meas - No WLAN Frames to be parsed
04-06 02:14:15.854 1369 3364 D LOWI-9.0.0.87.a: [LOWIScanResultReceiver] Send scan meas to listener
04-06 02:14:15.854 1369 1399 D LOWI-9.0.0.87.a: [LOWIEventReceiver] handleEvent:FROM:NA, TO:NA, REQ:NA, IREQ:NA, REQ_ID:0, RESP:NA, INFO:NA
04-06 02:14:15.854 1369 1399 D LOWI-9.0.0.87.a: [LOWIBackgroundScanMgr] isRspForBgScanMgr: evt(LOWI_NO_EVT) - not handled
04-06 02:14:15.854 1369 1399 D LOWI-9.0.0.87.a: [LOWIScheduler] manageMsg: NULL results or NULL request in results
04-06 02:14:15.854 1369 1399 D LOWI-9.0.0.87.a: [LOWIController] Measurements received
04-06 02:14:15.854 1369 1399 D LOWI-9.0.0.87.a: [LOWICacheManager] putInCache:Num of Meas to add: 31
04-06 02:14:15.856 1369 1399 D LOWI-9.0.0.87.a: [LOWIController] processMeasurementResults: No current Request. Cache measurements
04-06 02:14:15.856 1369 1399 D LOWI-9.0.0.87.a: [LOWIController] sendAsyncScanResponse: Request FreeWifiScanObserver_0 is from a different client.
04-06 02:14:15.856 1369 1399 D LOWI-9.0.0.87.a: [LOWIController] generateResponse: Type (ASYNC_DISCOVERY_SCAN_RESULTS) ScanStatus (1) request FreeWifiScanObserver_0
04-06 02:14:15.856 1369 1399 D LOWI-9.0.0.87.a: [LOWIEventDispatcher] sendResponse - originator = FreeWifiScanObserver
04-06 02:14:15.856 1369 1399 D LOWI-9.0.0.87.a: [LOWIUtils] injectScanMeasurements - num of APs = 31
04-06 02:14:15.857 1369 1399 I LOWI-9.0.0.87.a: [LOWIUtils] responseToOutPostcard - TO: FreeWifiScanObserver, FROM: LOWI-SERVER, RESP: LOWI_ASYNC_DISCOVERY_SCAN_RESULTS
04-06 02:14:15.858 1369 1399 D LOWI-9.0.0.87.a: [LOWIControllerExtn] sendLOWILpDiscoveryScanResponse: Not a discovery scan response
04-06 02:14:15.858 1369 3364 D LOWI-9.0.0.87.a: [LOWIScanResultReceiver] Enter passive listening mode
04-06 02:14:15.858 1369 3364 D LOWI-9.0.0.87.a: [LOWIWifiDriverInterface] getMeasurements - Passive listening mode
04-06 02:14:15.858 1369 3364 D LOWI-9.0.0.87.a: [LOWI-Scan] WipsScanUsingNL:wait -1 sec for netlink message
04-06 02:14:15.860 1511 1716 W IE_Capabilities: Unknown RSN cipher suite: 6ac0f00
04-06 02:14:15.920 1511 1712 D WifiOpenNetworkNotifier: Notification with state=1 was cleared for recommended network: "Guest"
