03-28 20:58:57.777 D/ActivityManagerTiming( 1167): OnBootPhase_1000_com.android.server.soundtrigger_middleware.SoundTriggerMiddlewareService$Lifecycle took to complete: 0ms
03-28 20:58:57.777 I/ActivityManagerTiming( 1167): OnBootPhase_1000_com.android.server.DockObserver
03-28 20:58:57.777 D/ActivityManagerTiming( 1167): OnBootPhase_1000_com.android.server.DockObserver took to complete: 0ms
03-28 20:58:57.777 I/ActivityManagerTiming( 1167): OnBootPhase_1000_com.android.server.midi.MidiService$Lifecycle
03-28 20:58:57.778 D/ActivityManagerTiming( 1167): OnBootPhase_1000_com.android.server.midi.MidiService$Lifecycle took to complete: 0ms
03-28 20:58:57.778 I/ActivityManagerTiming( 1167): OnBootPhase_1000_com.android.server.adb.AdbService$Lifecycle
03-28 20:58:57.778 D/ActivityManagerTiming( 1167): OnBootPhase_1000_com.android.server.adb.AdbService$Lifecycle took to complete: 1ms
03-28 20:58:57.778 I/ActivityManagerTiming( 1167): OnBootPhase_1000_com.android.server.usb.UsbService$Lifecycle
03-28 20:58:57.778 D/ActivityManagerTiming( 1167): OnBootPhase_1000_com.android.server.usb.UsbService$Lifecycle took to complete: 0ms
03-28 20:58:57.778 I/ActivityManagerTiming( 1167): OnBootPhase_1000_com.android.server.twilight.TwilightService
03-28 20:58:57.782 D/ActivityManagerTiming( 1167): OnBootPhase_1000_com.android.server.twilight.TwilightService took to complete: 4ms
03-28 20:58:57.783 I/ActivityManagerTiming( 1167): OnBootPhase_1000_com.android.server.display.color.ColorDisplayService
03-28 20:58:57.783 D/ActivityManagerTiming( 1167): OnBootPhase_1000_com.android.server.display.color.ColorDisplayService took to complete: 0ms
03-28 20:58:57.783 I/ActivityManagerTiming( 1167): OnBootPhase_1000_com.android.server.job.JobSchedulerService
03-28 20:58:57.783 D/ActivityManagerTiming( 1167): OnBootPhase_1000_com.android.server.job.JobSchedulerService took to complete: 0ms
03-28 20:58:57.784 I/ActivityManagerTiming( 1167): OnBootPhase_1000_com.android.server.soundtrigger.SoundTriggerService
03-28 20:58:57.784 D/SoundTriggerService( 1167): onBootPhase: 1000 : false
03-28 20:58:57.785 D/ActivityManagerTiming( 1167): OnBootPhase_1000_com.android.server.soundtrigger.SoundTriggerService took to complete: 0ms
03-28 20:58:57.785 I/ActivityManagerTiming( 1167): OnBootPhase_1000_com.android.server.trust.TrustManagerService
03-28 20:58:57.785 D/ActivityManagerTiming( 1167): OnBootPhase_1000_com.android.server.trust.TrustManagerService took to complete: 0ms
03-28 20:58:57.785 D/BluetoothManagerService( 1167): MESSAGE_BLUETOOTH_STATE_CHANGE: BLE_TURNING_ON > BLE_ON
03-28 20:58:57.786 D/BluetoothManagerService( 1167): Bluetooth is in LE only mode
03-28 20:58:57.786 D/BluetoothManagerService( 1167): Binding Bluetooth GATT service
03-28 20:58:57.786 I/ActivityManagerTiming( 1167): OnBootPhase_1000_com.android.server.backup.BackupManagerService$Lifecycle
03-28 20:58:57.786 D/ActivityManagerTiming( 1167): OnBootPhase_1000_com.android.server.backup.BackupManagerService$Lifecycle took to complete: 0ms
03-28 20:58:57.786 I/ActivityManagerTiming( 1167): OnBootPhase_1000_com.android.server.appwidget.AppWidgetService
03-28 20:58:57.786 D/ActivityManagerTiming( 1167): OnBootPhase_1000_com.android.server.appwidget.AppWidgetService took to complete: 0ms
03-28 20:58:57.786 I/ActivityManagerTiming( 1167): OnBootPhase_1000_com.android.server.voiceinteraction.VoiceInteractionManagerService
03-28 20:58:57.786 D/ActivityManagerTiming( 1167): OnBootPhase_1000_com.android.server.voiceinteraction.VoiceInteractionManagerService took to complete: 0ms
03-28 20:58:57.786 I/ActivityManagerTiming( 1167): OnBootPhase_1000_com.android.server.apphibernation.AppHibernationService
03-28 20:58:57.787 D/BluetoothManagerService( 1167): Sending BLE State Change: BLE_TURNING_ON > BLE_ON
03-28 20:58:57.787 I/HibernationStateDiskStore( 1167): No hibernation file on disk for file /data/system/hibernation/states
03-28 20:58:57.788 D/ActivityManagerTiming( 1167): OnBootPhase_1000_com.android.server.apphibernation.AppHibernationService took to complete: 0ms
03-28 20:58:57.788 I/ActivityManagerTiming( 1167): OnBootPhase_1000_com.android.server.SensorNotificationService
03-28 20:58:57.792 D/CompatibilityChangeReporter( 1167): Compat change id reported: 168936375; UID 1000; state: ENABLED
03-28 20:58:57.792 D/CompatibilityChangeReporter( 1167): Compat change id reported: 168936375; UID 1000; state: DISABLED
03-28 20:58:57.795 D/CompatibilityChangeReporter( 1167): Compat change id reported: 73144566; UID 1000; state: ENABLED
03-28 20:58:57.795 D/CompatibilityChangeReporter( 1167): Compat change id reported: 73144566; UID 1000; state: DISABLED
03-28 20:58:57.796 D/ActivityManagerTiming( 1167): OnBootPhase_1000_com.android.server.SensorNotificationService took to complete: 9ms
03-28 20:58:57.796 I/ActivityManagerTiming( 1167): OnBootPhase_1000_com.android.server.emergency.EmergencyAffordanceService
03-28 20:58:57.796 D/ActivityManagerTiming( 1167): OnBootPhase_1000_com.android.server.emergency.EmergencyAffordanceService took to complete: 0ms
03-28 20:58:57.796 I/ActivityManagerTiming( 1167): OnBootPhase_1000_com.android.server.blob.BlobStoreManagerService
03-28 20:58:57.797 D/ActivityManagerTiming( 1167): OnBootPhase_1000_com.android.server.blob.BlobStoreManagerService took to complete: 0ms
03-28 20:58:57.797 I/ActivityManagerTiming( 1167): OnBootPhase_1000_com.android.server.dreams.DreamManagerService
03-28 20:58:57.797 D/ActivityManagerTiming( 1167): OnBootPhase_1000_com.android.server.dreams.DreamManagerService took to complete: 0ms
03-28 20:58:57.797 I/ActivityManagerTiming( 1167): OnBootPhase_1000_com.android.server.companion.CompanionDeviceManagerService
03-28 20:58:57.797 D/ActivityManagerTiming( 1167): OnBootPhase_1000_com.android.server.companion.CompanionDeviceManagerService took to complete: 0ms
03-28 20:58:57.797 I/ActivityManagerTiming( 1167): OnBootPhase_1000_com.android.server.restrictions.RestrictionsManagerService
03-28 20:58:57.797 D/ActivityManagerTiming( 1167): OnBootPhase_1000_com.android.server.restrictions.RestrictionsManagerService took to complete: 0ms
03-28 20:58:57.797 I/ActivityManagerTiming( 1167): OnBootPhase_1000_com.android.server.media.MediaSessionService
03-28 20:58:57.798 D/ActivityManagerTiming( 1167): OnBootPhase_1000_com.android.server.media.MediaSessionService took to complete: 1ms
03-28 20:58:57.798 I/ActivityManagerTiming( 1167): OnBootPhase_1000_com.android.server.media.MediaResourceMonitorService
03-28 20:58:57.798 D/ActivityManagerTiming( 1167): OnBootPhase_1000_com.android.server.media.MediaResourceMonitorService took to complete: 0ms
03-28 20:58:57.798 I/ActivityManagerTiming( 1167): OnBootPhase_1000_com.android.server.biometrics.sensors.fingerprint.FingerprintService
03-28 20:58:57.798 D/ActivityManagerTiming( 1167): OnBootPhase_1000_com.android.server.biometrics.sensors.fingerprint.FingerprintService took to complete: 0ms
03-28 20:58:57.798 I/ActivityManagerTiming( 1167): OnBootPhase_1000_com.android.server.biometrics.BiometricService
03-28 20:58:57.798 D/ActivityManagerTiming( 1167): OnBootPhase_1000_com.android.server.biometrics.BiometricService took to complete: 0ms
03-28 20:58:57.798 I/ActivityManagerTiming( 1167): OnBootPhase_1000_com.android.server.biometrics.AuthService
03-28 20:58:57.799 D/ActivityManagerTiming( 1167): OnBootPhase_1000_com.android.server.biometrics.AuthService took to complete: 0ms
03-28 20:58:57.799 I/ActivityManagerTiming( 1167): OnBootPhase_1000_com.android.server.pm.ShortcutService$Lifecycle
03-28 20:58:57.799 D/ActivityManagerTiming( 1167): OnBootPhase_1000_com.android.server.pm.ShortcutService$Lifecycle took to complete: 0ms
03-28 20:58:57.799 I/ActivityManagerTiming( 1167): OnBootPhase_1000_com.android.server.pm.LauncherAppsService
03-28 20:58:57.799 D/ActivityManagerTiming( 1167): OnBootPhase_1000_com.android.server.pm.LauncherAppsService took to complete: 0ms
03-28 20:58:57.799 I/ActivityManagerTiming( 1167): OnBootPhase_1000_com.android.server.pm.CrossProfileAppsService
03-28 20:58:57.799 D/ActivityManagerTiming( 1167): OnBootPhase_1000_com.android.server.pm.CrossProfileAppsService took to complete: 0ms
03-28 20:58:57.799 I/ActivityManagerTiming( 1167): OnBootPhase_1000_com.android.server.people.PeopleService
03-28 20:58:57.799 D/ActivityManagerTiming( 1167): OnBootPhase_1000_com.android.server.people.PeopleService took to complete: 0ms
03-28 20:58:57.799 I/ActivityManagerTiming( 1167): OnBootPhase_1000_com.android.server.media.metrics.MediaMetricsManagerService
03-28 20:58:57.799 D/ActivityManagerTiming( 1167): OnBootPhase_1000_com.android.server.media.metrics.MediaMetricsManagerService took to complete: 0ms
03-28 20:58:57.799 I/ActivityManagerTiming( 1167): OnBootPhase_1000_com.android.server.media.projection.MediaProjectionManagerService
03-28 20:58:57.799 D/ActivityManagerTiming( 1167): OnBootPhase_1000_com.android.server.media.projection.MediaProjectionManagerService took to complete: 0ms
03-28 20:58:57.799 I/ActivityManagerTiming( 1167): OnBootPhase_1000_com.android.server.slice.SliceManagerService$Lifecycle
03-28 20:58:57.799 D/ActivityManagerTiming( 1167): OnBootPhase_1000_com.android.server.slice.SliceManagerService$Lifecycle took to complete: 0ms
03-28 20:58:57.799 I/ActivityManagerTiming( 1167): OnBootPhase_1000_com.android.server.stats.StatsCompanion$Lifecycle
03-28 20:58:57.800 D/ActivityManagerTiming( 1167): OnBootPhase_1000_com.android.server.stats.StatsCompanion$Lifecycle took to complete: 0ms
03-28 20:58:57.800 I/ActivityManagerTiming( 1167): OnBootPhase_1000_com.android.server.scheduling.RebootReadinessManagerService$Lifecycle
03-28 20:58:57.800 D/ActivityManagerTiming( 1167): OnBootPhase_1000_com.android.server.scheduling.RebootReadinessManagerService$Lifecycle took to complete: 0ms
03-28 20:58:57.800 I/ActivityManagerTiming( 1167): OnBootPhase_1000_com.android.server.stats.pull.StatsPullAtomService
03-28 20:58:57.800 D/ActivityManagerTiming( 1167): OnBootPhase_1000_com.android.server.stats.pull.StatsPullAtomService took to complete: 0ms
03-28 20:58:57.800 I/ActivityManagerTiming( 1167): OnBootPhase_1000_com.android.server.incident.IncidentCompanionService
03-28 20:58:57.800 D/ActivityManagerTiming( 1167): OnBootPhase_1000_com.android.server.incident.IncidentCompanionService took to complete: 0ms
03-28 20:58:57.800 I/ActivityManagerTiming( 1167): OnBootPhase_1000_com.android.server.MmsServiceBroker
03-28 20:58:57.800 D/ActivityManagerTiming( 1167): OnBootPhase_1000_com.android.server.MmsServiceBroker took to complete: 0ms
03-28 20:58:57.800 I/ActivityManagerTiming( 1167): OnBootPhase_1000_com.android.server.autofill.AutofillManagerService
03-28 20:58:57.800 D/ActivityManagerTiming( 1167): OnBootPhase_1000_com.android.server.autofill.AutofillManagerService took to complete: 0ms
03-28 20:58:57.800 I/ActivityManagerTiming( 1167): OnBootPhase_1000_com.android.server.clipboard.ClipboardService
03-28 20:58:57.800 D/ActivityManagerTiming( 1167): OnBootPhase_1000_com.android.server.clipboard.ClipboardService took to complete: 0ms
03-28 20:58:57.800 I/ActivityManagerTiming( 1167): OnBootPhase_1000_com.android.server.appbinding.AppBindingService$Lifecycle
03-28 20:58:57.800 D/ActivityManagerTiming( 1167): OnBootPhase_1000_com.android.server.appbinding.AppBindingService$Lifecycle took to complete: 0ms
03-28 20:58:57.800 I/ActivityManagerTiming( 1167): OnBootPhase_1000_com.android.server.tracing.TracingServiceProxy
03-28 20:58:57.800 D/ActivityManagerTiming( 1167): OnBootPhase_1000_com.android.server.tracing.TracingServiceProxy took to complete: 0ms
03-28 20:58:57.800 I/ActivityManagerTiming( 1167): OnBootPhase_1000_com.android.server.policy.PermissionPolicyService
03-28 20:58:57.800 D/ActivityManagerTiming( 1167): OnBootPhase_1000_com.android.server.policy.PermissionPolicyService took to complete: 0ms
03-28 20:58:57.800 I/ActivityManagerTiming( 1167): OnBootPhase_1000_com.android.server.pm.StagingManager$Lifecycle
03-28 20:58:57.801 D/ActivityManagerTiming( 1167): OnBootPhase_1000_com.android.server.pm.StagingManager$Lifecycle took to complete: 0ms
03-28 20:58:57.801 I/ActivityManagerTiming( 1167): OnBootPhase_1000_com.android.server.app.GameManagerService$Lifecycle
03-28 20:58:57.801 D/GameManagerService( 1167): onBootCompleted
03-28 20:58:57.801 D/ActivityManagerTiming( 1167): OnBootPhase_1000_com.android.server.app.GameManagerService$Lifecycle took to complete: 0ms
03-28 20:58:57.801 I/ActivityManagerTiming( 1167): OnBootPhase_1000_com.android.server.appsearch.AppSearchManagerService
03-28 20:58:57.801 D/ActivityManagerTiming( 1167): OnBootPhase_1000_com.android.server.appsearch.AppSearchManagerService took to complete: 1ms
03-28 20:58:57.801 I/ActivityManagerTiming( 1167): OnBootPhase_1000_com.android.server.media.MediaCommunicationService
03-28 20:58:57.801 D/ActivityManagerTiming( 1167): OnBootPhase_1000_com.android.server.media.MediaCommunicationService took to complete: 0ms
03-28 20:58:57.801 D/ActivityManagerTiming( 1167): OnBootPhase_1000 took to complete: 80ms
03-28 20:58:57.801 D/ActivityManagerTiming( 1167): TotalBootTime took to complete: 11413ms
03-28 20:58:57.802 D/SystemServerInitThreadPool( 1167): Shutdown requested
03-28 20:58:57.802 I/SystemServerTiming( 1167): WaitInitThreadPoolShutdown
03-28 20:58:57.804 D/SystemServerInitThreadPool( 1167): Shutdown successful
03-28 20:58:57.804 D/SystemServerTiming( 1167): WaitInitThreadPoolShutdown took to complete: 3ms
03-28 20:58:57.823 I/ActivityManager( 1167): User 0 state changed from BOOTING to RUNNING_LOCKED
03-28 20:58:57.823 W/ActivityManager( 1167): UserLifecycleEvent 4 received without an active userJourneySession.
03-28 20:58:57.825 D/StorageManagerService( 1167): unlockUserKey: 0 isFileEncryptedNativeOrEmulated: true hasToken: false hasSecret: false
03-28 20:58:57.828 D/vold ( 562): fscrypt_unlock_user_key 0 serial=0
03-28 20:58:57.830 D/vold ( 562): Trying user CE key /data/misc/vold/user_keys/ce/0/current
03-28 20:58:57.849 D/vold ( 562): Successfully retrieved key
03-28 20:58:57.879 D/vold ( 562): Installed fscrypt key with ref eedd4fa9ff07389049734477cc36b9f0 to /data
03-28 20:58:57.879 D/vold ( 562): Added fscrypt-provisioning key for eedd4fa9ff07389049734477cc36b9f0 to session keyring
03-28 20:58:57.880 D/vold ( 562): Installed ce key for user 0
03-28 20:58:57.881 W/ActivityManager( 1167): UserLifecycleEvent 5 received without an active userJourneySession.
03-28 20:58:57.882 D/ActivityManager( 1167): Started unlocking user 0
03-28 20:58:57.882 D/ActivityManager( 1167): Unlocking user 0 progress 0
03-28 20:58:57.882 D/ActivityManager( 1167): Unlocking user 0 progress 5
03-28 20:58:57.892 D/vold ( 562): fscrypt_prepare_user_storage for volume null, user 0, serial 0, flags 2
03-28 20:58:57.892 D/vold ( 562): Preparing: /data/system_ce/0
03-28 20:58:57.892 D/vold ( 562): Preparing: /data/misc_ce/0
03-28 20:58:57.892 D/vold ( 562): Preparing: /data/vendor_ce/0
03-28 20:58:57.894 D/CompatibilityChangeReporter( 1167): Compat change id reported: 168419799; UID 10085; state: DISABLED
03-28 20:58:57.894 D/vold ( 562): Preparing: /data/media/0
03-28 20:58:57.895 W/BatteryExternalStatsWorker( 1167): error reading modem stats:ERROR_PHONE_NOT_AVAILABLE
03-28 20:58:57.900 W/Looper ( 1167): Slow dispatch took 484ms main h=android.app.ActivityThread$H c=android.app.LoadedApk$ReceiverDispatcher$Args$$ExternalSyntheticLambda0@5bb17cf m=0
03-28 20:58:57.900 W/Looper ( 1167): Slow delivery took 480ms main h=android.app.ActivityThread$H c=android.app.LoadedApk$ReceiverDispatcher$Args$$ExternalSyntheticLambda0@b04655c m=0
03-28 20:58:57.906 D/ActivityManagerTiming( 1167): FinishBooting took to complete: 230ms
03-28 20:58:57.908 D/BluetoothManagerService( 1167): Bluetooth Adapter address changed to 22:22:04:05:07:DA
03-28 20:58:57.909 D/vold ( 562): Preparing: /data/data
03-28 20:58:57.909 D/BluetoothManagerService( 1167): Stored Bluetoothaddress: 22:22:04:05:07:DA
03-28 20:58:57.909 D/BluetoothManagerService( 1167): Bluetooth Adapter name changed to 高合娱乐副屏 by android
03-28 20:58:57.909 I/vold ( 562): Verified that /data/system_ce/0 has the encryption policy eedd4fa9ff07389049734477cc36b9f0 v2 modes 1/4 flags 0xa
03-28 20:58:57.909 I/vold ( 562): Verified that /data/misc_ce/0 has the encryption policy eedd4fa9ff07389049734477cc36b9f0 v2 modes 1/4 flags 0xa
03-28 20:58:57.909 I/vold ( 562): Verified that /data/vendor_ce/0 has the encryption policy eedd4fa9ff07389049734477cc36b9f0 v2 modes 1/4 flags 0xa
03-28 20:58:57.909 D/BluetoothManagerService( 1167): Stored Bluetooth name: 高合娱乐副屏
03-28 20:58:57.909 I/vold ( 562): Verified that /data/media/0 has the encryption policy eedd4fa9ff07389049734477cc36b9f0 v2 modes 1/4 flags 0xa
03-28 20:58:57.909 I/vold ( 562): Verified that /data/data has the encryption policy eedd4fa9ff07389049734477cc36b9f0 v2 modes 1/4 flags 0xa
03-28 20:58:57.909 D/BluetoothManagerService( 1167): Bluetooth Adapter address changed to 22:22:04:05:07:DA
03-28 20:58:57.910 D/vold ( 562): Starting restorecon of /data/system_ce/0
03-28 20:58:57.910 D/BluetoothManagerService( 1167): Stored Bluetoothaddress: 22:22:04:05:07:DA
03-28 20:58:57.911 D/Fingerprint21( 1167): Daemon was null, reconnecting, current operation: null
03-28 20:58:57.912 D/CompanionDeviceManagerService( 1167): Received BT state transition broadcast: BLE_TURNING_ON -> BLE_ON
03-28 20:58:57.917 I/CompanionDeviceManagerService( 1167): startBleScan()
03-28 20:58:57.921 I/CompanionDeviceManagerService( 1167): Read associations from disk: {0=[]}
03-28 20:58:57.921 D/BluetoothManagerService( 1167): BluetoothServiceConnection: com.android.bluetooth.gatt.GattService
03-28 20:58:57.925 D/CompatibilityChangeReporter( 1167): Compat change id reported: 135634846; UID 10079; state: DISABLED
03-28 20:58:57.925 D/CompatibilityChangeReporter( 1167): Compat change id reported: 177438394; UID 10079; state: DISABLED
03-28 20:58:57.925 D/CompatibilityChangeReporter( 1167): Compat change id reported: 135772972; UID 10079; state: DISABLED
03-28 20:58:57.925 D/CompatibilityChangeReporter( 1167): Compat change id reported: 135754954; UID 10079; state: ENABLED
03-28 20:58:57.925 D/ColorDisplayService( 1167): setUp: currentUser=0
03-28 20:58:57.927 D/CompatibilityChangeReporter( 1167): Compat change id reported: 143937733; UID 10079; state: ENABLED
03-28 20:58:57.929 D/Fingerprint21( 1167): Fingerprint HAL ready, HAL ID: 5326416
03-28 20:58:57.930 W/Looper ( 1167): Drained
03-28 20:58:57.930 D/BiometricScheduler/Fingerprint21( 1167): [Added] {[0] FingerprintUpdateActiveUserClient, proto=1, owner=android, cookie=0, requestId=-1, userId=0}, new queue size: 1
03-28 20:58:57.930 D/BiometricScheduler/Fingerprint21( 1167): [Polled] {[0] FingerprintUpdateActiveUserClient, proto=1, owner=android, cookie=0, requestId=-1, userId=0}, State: 0
03-28 20:58:57.930 D/BiometricScheduler/Fingerprint21( 1167): [Starting] {[0] FingerprintUpdateActiveUserClient, proto=1, owner=android, cookie=0, requestId=-1, userId=0}, State: 0
03-28 20:58:57.930 D/BiometricScheduler/Fingerprint21( 1167): [Started] {[0] FingerprintUpdateActiveUserClient, proto=1, owner=android, cookie=0, requestId=-1, userId=0}
03-28 20:58:57.931 I/DropBoxManagerService( 1167): add tag=system_server_strictmode isTagEnabled=true flags=0x2
03-28 20:58:57.935 D/vold ( 562): Finished restorecon of /data/system_ce/0
03-28 20:58:57.935 D/vold ( 562): Starting restorecon of /data/vendor_ce/0
03-28 20:58:57.978 D/BluetoothManagerService( 1167): MESSAGE_BLUETOOTH_SERVICE_CONNECTED: 2
03-28 20:58:57.980 D/BluetoothManagerService( 1167): continueFromBleOnState()
03-28 20:58:57.984 D/BluetoothManagerService( 1167): Persisting Bluetooth Setting: 1
03-28 20:58:57.985 I/DropBoxManagerService( 1167): add tag=system_server_strictmode isTagEnabled=true flags=0x2
03-28 20:58:57.992 I/DropBoxManagerService( 1167): add tag=system_server_strictmode isTagEnabled=true flags=0x2
03-28 20:58:57.996 I/DropBoxManagerService( 1167): add tag=system_server_strictmode isTagEnabled=true flags=0x2
03-28 20:58:57.998 W/ActivityManager( 1167): Slow operation: 77ms so far, now at startProcess: returned from zygote!
03-28 20:58:57.998 W/ActivityManager( 1167): Slow operation: 77ms so far, now at startProcess: done updating battery stats
03-28 20:58:57.998 W/ActivityManager( 1167): Slow operation: 77ms so far, now at startProcess: building log message
03-28 20:58:57.999 I/ActivityManager( 1167): Start proc 2810:com.qualcomm.location/u0a79 for broadcast {com.qualcomm.location/com.qualcomm.location.LocationServiceReceiver}
03-28 20:58:57.999 W/ActivityManager( 1167): Slow operation: 77ms so far, now at startProcess: starting to update pids map
03-28 20:58:57.999 W/ActivityManager( 1167): Slow operation: 78ms so far, now at startProcess: done updating pids map
03-28 20:58:58.006 D/BluetoothManagerService( 1167): MESSAGE_BLUETOOTH_STATE_CHANGE: BLE_ON > TURNING_ON
03-28 20:58:58.006 D/BluetoothManagerService( 1167): Sending BLE State Change: BLE_ON > TURNING_ON
03-28 20:58:58.006 D/BluetoothManagerService( 1167): Sending State Change: OFF > TURNING_ON
03-28 20:58:58.037 D/ColorDisplayService( 1167): onNightDisplayAutoModeChanged: autoMode=0
03-28 20:58:58.038 I/ColorDisplayService( 1167): Turning off night display
03-28 20:58:58.038 D/ColorDisplayService( 1167): Setting bright color reduction level: 50
03-28 20:58:58.038 V/DisplayPowerController[0]( 1167): Brightness [1.0] manual adjustment.
03-28 20:58:58.040 D/vold ( 562): Finished restorecon of /data/vendor_ce/0
03-28 20:58:58.040 D/vold ( 562): Starting restorecon of /data/misc_ce/0
03-28 20:58:58.068 D/vold ( 562): Finished restorecon of /data/misc_ce/0
03-28 20:58:58.068 D/vold ( 562): /system/bin/vold_prepare_subdirs
03-28 20:58:58.068 D/vold ( 562): prepare
03-28 20:58:58.068 D/vold ( 562):
03-28 20:58:58.068 D/vold ( 562): 0
03-28 20:58:58.068 D/vold ( 562): 2
03-28 20:58:58.118 I/GameModeConfig( 1167): isGameModeOn = false
03-28 20:58:58.138 D/CompatibilityChangeReporter( 1167): Compat change id reported: 168419799; UID 10079; state: DISABLED
03-28 20:58:58.200 W/AdbDebuggingManager( 1167): Read failed with count -1
03-28 20:58:58.222 E/KernelCpuSpeedReader( 1167): Failed to read cpu-freq: /sys/devices/system/cpu/cpu4/cpufreq/stats/time_in_state: open failed: ENOENT (No such file or directory)
03-28 20:58:58.222 E/KernelCpuSpeedReader( 1167): Failed to read cpu-freq: /sys/devices/system/cpu/cpu0/cpufreq/stats/time_in_state: open failed: ENOENT (No such file or directory)
03-28 20:58:58.227 V/UserDataPreparer( 1167): Found /data/user/0 with serial number 0
03-28 20:58:58.227 V/UserDataPreparer( 1167): Found /data/system_ce/0 with serial number 0
03-28 20:58:58.233 D/UserDataPreparer( 1167): Setting property: sys.user.0.ce_available=true
03-28 20:58:58.235 W/BatteryStatsImpl( 1167): Attempted to remove untracked isolated uid (1037)
03-28 20:58:58.246 V/PackageManager( 1167): reconcileAppsData for null u0 0x2 migrateAppData=false
03-28 20:58:58.293 W/Looper ( 1167): Slow dispatch took 364ms main h=android.os.Handler c=com.android.server.biometrics.sensors.fingerprint.hidl.Fingerprint21$$ExternalSyntheticLambda2@928ca72 m=0
03-28 20:58:58.293 D/BiometricScheduler/Fingerprint21( 1167): [Added] {[1] FingerprintUpdateActiveUserClient, proto=1, owner=android, cookie=0, requestId=-1, userId=0}, new queue size: 1
03-28 20:58:58.293 V/BiometricScheduler/Fingerprint21( 1167): Not idle, current operation: {[0] FingerprintUpdateActiveUserClient, proto=1, owner=android, cookie=0, requestId=-1, userId=0}, State: 2
03-28 20:58:58.294 D/BiometricScheduler/Fingerprint21( 1167): [Added] {[2] FingerprintInternalCleanupClient, proto=7, owner=android, cookie=0, requestId=-1, userId=0}, new queue size: 2
03-28 20:58:58.294 V/BiometricScheduler/Fingerprint21( 1167): Not idle, current operation: {[0] FingerprintUpdateActiveUserClient, proto=1, owner=android, cookie=0, requestId=-1, userId=0}, State: 2
03-28 20:58:58.294 W/Looper ( 1167): Slow delivery took 364ms main h=android.os.Handler c=com.android.server.biometrics.sensors.fingerprint.hidl.Fingerprint21$$ExternalSyntheticLambda12@d04e41f m=0
03-28 20:58:58.294 D/CompanionDeviceManagerService( 1167): Received BT state transition broadcast: BLE_ON -> TURNING_ON
03-28 20:58:58.296 I/GameModeConfig( 1167): isGameModeOn = false
03-28 20:58:58.297 W/NotificationHistory( 1167): Attempted to add notif for locked/gone/disabled user 0
03-28 20:58:58.298 D/BiometricScheduler/Fingerprint21( 1167): [Finishing] {[0] FingerprintUpdateActiveUserClient, proto=1, owner=android, cookie=0, requestId=-1, userId=0}, success: true
03-28 20:58:58.298 D/BiometricScheduler/Fingerprint21( 1167): [Polled] {[1] FingerprintUpdateActiveUserClient, proto=1, owner=android, cookie=0, requestId=-1, userId=0}, State: 0
03-28 20:58:58.298 D/BiometricScheduler/Fingerprint21( 1167): [Starting] {[1] FingerprintUpdateActiveUserClient, proto=1, owner=android, cookie=0, requestId=-1, userId=0}, State: 0
03-28 20:58:58.298 D/BiometricScheduler/Fingerprint21( 1167): [Started] {[1] FingerprintUpdateActiveUserClient, proto=1, owner=android, cookie=0, requestId=-1, userId=0}
03-28 20:58:58.344 W/ActivityThread( 2040): Failed to find provider info for com.android.contacts (user not unlocked)
03-28 20:58:58.372 I/GameModeConfig( 1167): isGameModeOn = false
03-28 20:58:58.372 I/GameModeConfig( 1167): isGameModeOn = false
03-28 20:58:58.405 D/BluetoothManagerService( 1167): MESSAGE_BLUETOOTH_STATE_CHANGE: TURNING_ON > ON
03-28 20:58:58.405 D/BluetoothManagerService( 1167): Broadcasting onBluetoothStateChange(true) to 10 receivers.
03-28 20:58:58.416 D/BluetoothManagerService( 1167): Creating new ProfileServiceConnections object for profile: 1
03-28 20:58:58.433 W/BluetoothManagerService( 1167): psc is not null in bindBluetoothProfileService
03-28 20:58:58.440 D/BluetoothManagerService( 1167): Sending BLE State Change: TURNING_ON > ON
03-28 20:58:58.442 D/BluetoothManagerService( 1167): Sending State Change: TURNING_ON > ON
03-28 20:58:58.510 W/ContextImpl( 2564): Calling a method in the system process without a qualified user: android.app.ContextImpl.startService:1816 android.content.ContextWrapper.startService:774 android.content.ContextWrapper.startService:774 com.qualcomm.qti.qdma.app.BootReceiver.onBootReceived:115 com.qualcomm.qti.innodme.InnoBootReceiver.onReceive:22
03-28 20:58:58.541 W/BluetoothManagerService( 1167): psc is not null in bindBluetoothProfileService
03-28 20:58:58.552 D/CompatibilityChangeReporter( 1167): Compat change id reported: 135634846; UID 10088; state: DISABLED
03-28 20:58:58.553 D/CompatibilityChangeReporter( 1167): Compat change id reported: 177438394; UID 10088; state: DISABLED
03-28 20:58:58.553 D/CompatibilityChangeReporter( 1167): Compat change id reported: 135772972; UID 10088; state: DISABLED
03-28 20:58:58.553 D/CompatibilityChangeReporter( 1167): Compat change id reported: 135754954; UID 10088; state: ENABLED
03-28 20:58:58.554 D/CompatibilityChangeReporter( 1167): Compat change id reported: 143937733; UID 10088; state: ENABLED
03-28 20:58:58.574 D/CompatibilityChangeReporter( 1167): Compat change id reported: 182478738; UID 1001; state: DISABLED
03-28 20:58:58.655 W/ActivityManager( 1167): Slow operation: 102ms so far, now at startProcess: returned from zygote!
03-28 20:58:58.655 W/ActivityManager( 1167): Slow operation: 103ms so far, now at startProcess: done updating battery stats
03-28 20:58:58.655 W/ActivityManager( 1167): Slow operation: 103ms so far, now at startProcess: building log message
03-28 20:58:58.655 I/ActivityManager( 1167): Start proc 2909:com.qualcomm.qtil.aptxui/u0a88 for broadcast {com.qualcomm.qtil.aptxui/com.qualcomm.qtil.aptxui.aptxuiBootReceiver}
03-28 20:58:58.655 W/ActivityManager( 1167): Slow operation: 103ms so far, now at startProcess: starting to update pids map
03-28 20:58:58.656 W/ActivityManager( 1167): Slow operation: 103ms so far, now at startProcess: done updating pids map
03-28 20:58:58.682 V/PackageManager( 1167): reconcileAppsData finished 142 packages
03-28 20:58:58.682 I/ActivityManager( 1167): User 0 state changed from RUNNING_LOCKED to RUNNING_UNLOCKING
03-28 20:58:58.692 D/ActivityManager( 1167): Unlocking user 0 progress 20
03-28 20:58:58.692 W/Looper ( 1167): Slow dispatch took 809ms android.fg h=android.os.Handler c=com.android.server.am.UserController$$ExternalSyntheticLambda3@e59c137 m=0
03-28 20:58:58.692 W/Looper ( 1167): Slow delivery took 809ms android.fg h=android.os.Handler c=com.android.server.am.UserController$$ExternalSyntheticLambda1@7b56c0d m=0
03-28 20:58:58.693 I/SystemServerTimingAsync( 1167): ssm.UnlockingUser-0
03-28 20:58:58.693 I/SystemServiceManager( 1167): Calling onUnlockingUser 0
03-28 20:58:58.693 I/SystemServerTimingAsync( 1167): ssm.onUnlockingUser-0_com.android.server.security.FileIntegrityService
03-28 20:58:58.693 D/SystemServerTimingAsync( 1167): ssm.onUnlockingUser-0_com.android.server.security.FileIntegrityService took to complete: 0ms
03-28 20:58:58.693 I/SystemServerTimingAsync( 1167): ssm.onUnlockingUser-0_com.android.server.pm.Installer
03-28 20:58:58.693 D/SystemServerTimingAsync( 1167): ssm.onUnlockingUser-0_com.android.server.pm.Installer took to complete: 0ms
03-28 20:58:58.693 I/SystemServerTimingAsync( 1167): ssm.onUnlockingUser-0_com.android.server.os.DeviceIdentifiersPolicyService
03-28 20:58:58.693 D/SystemServerTimingAsync( 1167): ssm.onUnlockingUser-0_com.android.server.os.DeviceIdentifiersPolicyService took to complete: 0ms
03-28 20:58:58.693 I/SystemServerTimingAsync( 1167): ssm.onUnlockingUser-0_com.android.server.uri.UriGrantsManagerService$Lifecycle
03-28 20:58:58.693 D/SystemServerTimingAsync( 1167): ssm.onUnlockingUser-0_com.android.server.uri.UriGrantsManagerService$Lifecycle took to complete: 0ms
03-28 20:58:58.693 I/SystemServerTimingAsync( 1167): ssm.onUnlockingUser-0_com.android.server.powerstats.PowerStatsService
03-28 20:58:58.693 D/SystemServerTimingAsync( 1167): ssm.onUnlockingUser-0_com.android.server.powerstats.PowerStatsService took to complete: 0ms
03-28 20:58:58.693 I/SystemServerTimingAsync( 1167): ssm.onUnlockingUser-0_com.android.server.wm.ActivityTaskManagerService$Lifecycle
03-28 20:58:58.693 D/SystemServerTimingAsync( 1167): ssm.onUnlockingUser-0_com.android.server.wm.ActivityTaskManagerService$Lifecycle took to complete: 0ms
03-28 20:58:58.693 I/SystemServerTimingAsync( 1167): ssm.onUnlockingUser-0_com.android.server.am.ActivityManagerService$Lifecycle
03-28 20:58:58.693 D/SystemServerTimingAsync( 1167): ssm.onUnlockingUser-0_com.android.server.am.ActivityManagerService$Lifecycle took to complete: 0ms
03-28 20:58:58.693 I/SystemServerTimingAsync( 1167): ssm.onUnlockingUser-0_com.android.server.pm.DataLoaderManagerService
03-28 20:58:58.694 D/SystemServerTimingAsync( 1167): ssm.onUnlockingUser-0_com.android.server.pm.DataLoaderManagerService took to complete: 0ms
03-28 20:58:58.694 I/SystemServerTimingAsync( 1167): ssm.onUnlockingUser-0_com.android.server.power.PowerManagerService
03-28 20:58:58.694 D/SystemServerTimingAsync( 1167): ssm.onUnlockingUser-0_com.android.server.power.PowerManagerService took to complete: 0ms
03-28 20:58:58.694 I/SystemServerTimingAsync( 1167): ssm.onUnlockingUser-0_com.android.server.power.ThermalManagerService
03-28 20:58:58.695 D/SystemServerTimingAsync( 1167): ssm.onUnlockingUser-0_com.android.server.power.ThermalManagerService took to complete: 0ms
03-28 20:58:58.695 I/SystemServerTimingAsync( 1167): ssm.onUnlockingUser-0_com.android.server.power.hint.HintManagerService
03-28 20:58:58.695 D/SystemServerTimingAsync( 1167): ssm.onUnlockingUser-0_com.android.server.power.hint.HintManagerService took to complete: 0ms
03-28 20:58:58.695 I/SystemServerTimingAsync( 1167): ssm.onUnlockingUser-0_com.android.server.recoverysystem.RecoverySystemService$Lifecycle
03-28 20:58:58.695 D/SystemServerTimingAsync( 1167): ssm.onUnlockingUser-0_com.android.server.recoverysystem.RecoverySystemService$Lifecycle took to complete: 0ms
03-28 20:58:58.695 I/SystemServerTimingAsync( 1167): ssm.onUnlockingUser-0_com.android.server.lights.LightsService
03-28 20:58:58.695 D/SystemServerTimingAsync( 1167): ssm.onUnlockingUser-0_com.android.server.lights.LightsService took to complete: 0ms
03-28 20:58:58.695 I/SystemServerTimingAsync( 1167): ssm.onUnlockingUser-0_com.android.server.display.DisplayManagerService
03-28 20:58:58.695 D/SystemServerTimingAsync( 1167): ssm.onUnlockingUser-0_com.android.server.display.DisplayManagerService took to complete: 0ms
03-28 20:58:58.695 I/SystemServerTimingAsync( 1167): ssm.onUnlockingUser-0_com.android.server.pm.verify.domain.DomainVerificationService
03-28 20:58:58.695 D/SystemServerTimingAsync( 1167): ssm.onUnlockingUser-0_com.android.server.pm.verify.domain.DomainVerificationService took to complete: 0ms
03-28 20:58:58.695 I/SystemServerTimingAsync( 1167): ssm.onUnlockingUser-0_com.android.server.pm.PackageInstallerService$Lifecycle
03-28 20:58:58.695 D/SystemServerTimingAsync( 1167): ssm.onUnlockingUser-0_com.android.server.pm.PackageInstallerService$Lifecycle took to complete: 0ms
03-28 20:58:58.695 I/SystemServerTimingAsync( 1167): ssm.onUnlockingUser-0_com.android.server.pm.UserManagerService$LifeCycle
03-28 20:58:58.695 D/SystemServerTimingAsync( 1167): ssm.onUnlockingUser-0_com.android.server.pm.UserManagerService$LifeCycle took to complete: 0ms
03-28 20:58:58.695 I/SystemServerTimingAsync( 1167): ssm.onUnlockingUser-0_com.android.server.om.OverlayManagerService
03-28 20:58:58.695 D/SystemServerTimingAsync( 1167): ssm.onUnlockingUser-0_com.android.server.om.OverlayManagerService took to complete: 0ms
03-28 20:58:58.696 I/SystemServerTimingAsync( 1167): ssm.onUnlockingUser-0_com.android.server.SensorPrivacyService
03-28 20:58:58.696 D/SystemServerTimingAsync( 1167): ssm.onUnlockingUser-0_com.android.server.SensorPrivacyService took to complete: 0ms
03-28 20:58:58.696 I/SystemServerTimingAsync( 1167): ssm.onUnlockingUser-0_com.android.server.thunderperf.ThunderBoostPerfService
03-28 20:58:58.696 D/SystemServerTimingAsync( 1167): ssm.onUnlockingUser-0_com.android.server.thunderperf.ThunderBoostPerfService took to complete: 0ms
03-28 20:58:58.696 I/SystemServerTimingAsync( 1167): ssm.onUnlockingUser-0_com.android.server.sensors.SensorService
03-28 20:58:58.696 D/SystemServerTimingAsync( 1167): ssm.onUnlockingUser-0_com.android.server.sensors.SensorService took to complete: 0ms
03-28 20:58:58.696 I/SystemServerTimingAsync( 1167): ssm.onUnlockingUser-0_com.android.server.SystemConfigService
03-28 20:58:58.696 D/SystemServerTimingAsync( 1167): ssm.onUnlockingUser-0_com.android.server.SystemConfigService took to complete: 0ms
03-28 20:58:58.696 I/SystemServerTimingAsync( 1167): ssm.onUnlockingUser-0_com.android.server.BatteryService
03-28 20:58:58.696 D/SystemServerTimingAsync( 1167): ssm.onUnlockingUser-0_com.android.server.BatteryService took to complete: 0ms
03-28 20:58:58.696 I/SystemServerTimingAsync( 1167): ssm.onUnlockingUser-0_com.android.server.usage.UsageStatsService
03-28 20:58:58.697 D/SystemServerTimingAsync( 1167): ssm.onUnlockingUser-0_com.android.server.usage.UsageStatsService took to complete: 0ms
03-28 20:58:58.697 I/SystemServerTimingAsync( 1167): ssm.onUnlockingUser-0_com.android.server.webkit.WebViewUpdateService
03-28 20:58:58.697 D/SystemServerTimingAsync( 1167): ssm.onUnlockingUser-0_com.android.server.webkit.WebViewUpdateService took to complete: 0ms
03-28 20:58:58.697 I/SystemServerTimingAsync( 1167): ssm.onUnlockingUser-0_com.android.server.CachedDeviceStateService
03-28 20:58:58.697 D/SystemServerTimingAsync( 1167): ssm.onUnlockingUser-0_com.android.server.CachedDeviceStateService took to complete: 0ms
03-28 20:58:58.697 I/SystemServerTimingAsync( 1167): ssm.onUnlockingUser-0_com.android.server.BinderCallsStatsService$LifeCycle
03-28 20:58:58.697 D/SystemServerTimingAsync( 1167): ssm.onUnlockingUser-0_com.android.server.BinderCallsStatsService$LifeCycle took to complete: 0ms
03-28 20:58:58.697 I/SystemServerTimingAsync( 1167): ssm.onUnlockingUser-0_com.android.server.LooperStatsService$Lifecycle
03-28 20:58:58.697 D/SystemServerTimingAsync( 1167): ssm.onUnlockingUser-0_com.android.server.LooperStatsService$Lifecycle took to complete: 0ms
03-28 20:58:58.697 I/SystemServerTimingAsync( 1167): ssm.onUnlockingUser-0_com.android.server.rollback.RollbackManagerService
03-28 20:58:58.701 D/SystemServerTimingAsync( 1167): ssm.onUnlockingUser-0_com.android.server.rollback.RollbackManagerService took to complete: 3ms
03-28 20:58:58.701 I/SystemServerTimingAsync( 1167): ssm.onUnlockingUser-0_com.android.server.os.NativeTombstoneManagerService
03-28 20:58:58.701 D/SystemServerTimingAsync( 1167): ssm.onUnlockingUser-0_com.android.server.os.NativeTombstoneManagerService took to complete: 0ms
03-28 20:58:58.701 I/SystemServerTimingAsync( 1167): ssm.onUnlockingUser-0_com.android.server.os.BugreportManagerService
03-28 20:58:58.701 D/SystemServerTimingAsync( 1167): ssm.onUnlockingUser-0_com.android.server.os.BugreportManagerService took to complete: 0ms
03-28 20:58:58.701 I/SystemServerTimingAsync( 1167): ssm.onUnlockingUser-0_com.android.server.gpu.GpuService
03-28 20:58:58.701 D/SystemServerTimingAsync( 1167): ssm.onUnlockingUser-0_com.android.server.gpu.GpuService took to complete: 0ms
03-28 20:58:58.701 I/SystemServerTimingAsync( 1167): ssm.onUnlockingUser-0_com.android.server.security.KeyChainSystemService
03-28 20:58:58.701 D/SystemServerTimingAsync( 1167): ssm.onUnlockingUser-0_com.android.server.security.KeyChainSystemService took to complete: 0ms
03-28 20:58:58.701 I/SystemServerTimingAsync( 1167): ssm.onUnlockingUser-0_com.android.server.telecom.TelecomLoaderService
03-28 20:58:58.701 D/SystemServerTimingAsync( 1167): ssm.onUnlockingUser-0_com.android.server.telecom.TelecomLoaderService took to complete: 0ms
03-28 20:58:58.701 I/SystemServerTimingAsync( 1167): ssm.onUnlockingUser-0_com.android.server.accounts.AccountManagerService$Lifecycle
03-28 20:58:58.701 D/SystemServerTimingAsync( 1167): ssm.onUnlockingUser-0_com.android.server.accounts.AccountManagerService$Lifecycle took to complete: 0ms
03-28 20:58:58.701 I/SystemServerTimingAsync( 1167): ssm.onUnlockingUser-0_com.android.server.content.ContentService$Lifecycle
03-28 20:58:58.702 D/SystemServerTimingAsync( 1167): ssm.onUnlockingUser-0_com.android.server.content.ContentService$Lifecycle took to complete: 0ms
03-28 20:58:58.702 I/SystemServerTimingAsync( 1167): ssm.onUnlockingUser-0_com.android.server.DropBoxManagerService
03-28 20:58:58.702 D/SystemServerTimingAsync( 1167): ssm.onUnlockingUser-0_com.android.server.DropBoxManagerService took to complete: 0ms
03-28 20:58:58.702 I/SystemServerTimingAsync( 1167): ssm.onUnlockingUser-0_com.android.role.RoleService
03-28 20:58:58.702 D/SystemServerTimingAsync( 1167): ssm.onUnlockingUser-0_com.android.role.RoleService took to complete: 0ms
03-28 20:58:58.702 I/SystemServerTimingAsync( 1167): ssm.onUnlockingUser-0_com.android.server.vibrator.VibratorManagerService$Lifecycle
03-28 20:58:58.702 D/SystemServerTimingAsync( 1167): ssm.onUnlockingUser-0_com.android.server.vibrator.VibratorManagerService$Lifecycle took to complete: 0ms
03-28 20:58:58.702 I/SystemServerTimingAsync( 1167): ssm.onUnlockingUser-0_com.android.server.alarm.AlarmManagerService
03-28 20:58:58.702 D/SystemServerTimingAsync( 1167): ssm.onUnlockingUser-0_com.android.server.alarm.AlarmManagerService took to complete: 0ms
03-28 20:58:58.702 I/SystemServerTimingAsync( 1167): ssm.onUnlockingUser-0_com.android.server.devicestate.DeviceStateManagerService
03-28 20:58:58.702 D/SystemServerTimingAsync( 1167): ssm.onUnlockingUser-0_com.android.server.devicestate.DeviceStateManagerService took to complete: 0ms
03-28 20:58:58.702 I/SystemServerTimingAsync( 1167): ssm.onUnlockingUser-0_com.android.server.camera.CameraServiceProxy
03-28 20:58:58.702 D/SystemServerTimingAsync( 1167): ssm.onUnlockingUser-0_com.android.server.camera.CameraServiceProxy took to complete: 0ms
03-28 20:58:58.702 I/SystemServerTimingAsync( 1167): ssm.onUnlockingUser-0_com.android.server.BluetoothService
03-28 20:58:58.702 D/BluetoothManagerService( 1167): User 0 unlocked
03-28 20:58:58.702 D/SystemServerTimingAsync( 1167): ssm.onUnlockingUser-0_com.android.server.BluetoothService took to complete: 0ms
03-28 20:58:58.702 I/SystemServerTimingAsync( 1167): ssm.onUnlockingUser-0_com.android.server.connectivity.IpConnectivityMetrics
03-28 20:58:58.702 D/SystemServerTimingAsync( 1167): ssm.onUnlockingUser-0_com.android.server.connectivity.IpConnectivityMetrics took to complete: 0ms
03-28 20:58:58.703 I/SystemServerTimingAsync( 1167): ssm.onUnlockingUser-0_com.android.server.net.watchlist.NetworkWatchlistService$Lifecycle
03-28 20:58:58.703 D/SystemServerTimingAsync( 1167): ssm.onUnlockingUser-0_com.android.server.net.watchlist.NetworkWatchlistService$Lifecycle took to complete: 0ms
03-28 20:58:58.703 I/SystemServerTimingAsync( 1167): ssm.onUnlockingUser-0_com.android.server.PinnerService
03-28 20:58:58.703 D/SystemServerTimingAsync( 1167): ssm.onUnlockingUser-0_com.android.server.PinnerService took to complete: 0ms
03-28 20:58:58.703 I/SystemServerTimingAsync( 1167): ssm.onUnlockingUser-0_com.google.android.startop.iorap.IorapForwardingService
03-28 20:58:58.703 D/SystemServerTimingAsync( 1167): ssm.onUnlockingUser-0_com.google.android.startop.iorap.IorapForwardingService took to complete: 0ms
03-28 20:58:58.703 I/SystemServerTimingAsync( 1167): ssm.onUnlockingUser-0_com.android.server.ActivityTriggerService
03-28 20:58:58.703 D/SystemServerTimingAsync( 1167): ssm.onUnlockingUser-0_com.android.server.ActivityTriggerService took to complete: 0ms
03-28 20:58:58.703 I/SystemServerTimingAsync( 1167): ssm.onUnlockingUser-0_com.android.server.integrity.AppIntegrityManagerService
03-28 20:58:58.703 D/SystemServerTimingAsync( 1167): ssm.onUnlockingUser-0_com.android.server.integrity.AppIntegrityManagerService took to complete: 0ms
03-28 20:58:58.703 I/SystemServerTimingAsync( 1167): ssm.onUnlockingUser-0_com.android.server.inputmethod.InputMethodManagerService$Lifecycle
03-28 20:58:58.703 D/SystemServerTimingAsync( 1167): ssm.onUnlockingUser-0_com.android.server.inputmethod.InputMethodManagerService$Lifecycle took to complete: 0ms
03-28 20:58:58.703 I/SystemServerTimingAsync( 1167): ssm.onUnlockingUser-0_com.android.server.accessibility.AccessibilityManagerService$Lifecycle
03-28 20:58:58.703 D/SystemServerTimingAsync( 1167): ssm.onUnlockingUser-0_com.android.server.accessibility.AccessibilityManagerService$Lifecycle took to complete: 0ms
03-28 20:58:58.703 D/BluetoothManagerService( 1167): MESSAGE_USER_UNLOCKED
03-28 20:58:58.704 I/SystemServerTimingAsync( 1167): ssm.onUnlockingUser-0_com.android.server.StorageManagerService$Lifecycle
03-28 20:58:58.705 D/StorageManagerService( 1167): onUnlockUser 0
03-28 20:58:58.705 I/StorageSessionController( 1167): On user unlock 0
03-28 20:58:58.705 I/StorageSessionController( 1167): Initialialising...
03-28 20:58:58.706 I/vold ( 562): onUserStarted: 0
03-28 20:58:58.710 V/StorageManagerService( 1167): Found primary storage at VolumeInfo{emulated;0}:
03-28 20:58:58.710 V/StorageManagerService( 1167): type=EMULATED diskId=null partGuid= mountFlags=0 mountUserId=0
03-28 20:58:58.710 V/StorageManagerService( 1167): state=UNMOUNTED
03-28 20:58:58.710 V/StorageManagerService( 1167): fsType=null fsUuid=null fsLabel=null
03-28 20:58:58.710 V/StorageManagerService( 1167): path=null internalPath=null
03-28 20:58:58.711 I/StorageManagerService( 1167): Mounting volume VolumeInfo{emulated;0}:
03-28 20:58:58.711 I/StorageManagerService( 1167): type=EMULATED diskId=null partGuid= mountFlags=PRIMARY|VISIBLE
03-28 20:58:58.711 I/StorageManagerService( 1167): mountUserId=0 state=UNMOUNTED
03-28 20:58:58.711 I/StorageManagerService( 1167): fsType=null fsUuid=null fsLabel=null
03-28 20:58:58.711 I/StorageManagerService( 1167): path=null internalPath=null
03-28 20:58:58.712 I/vold ( 562): Executing sdcardfs
03-28 20:58:58.717 D/vold ( 562): Waiting for sdcardfs to spin up...
03-28 20:58:58.724 D/CompatibilityChangeReporter( 1167): Compat change id reported: 168419799; UID 10088; state: DISABLED
03-28 20:58:58.730 W/Looper ( 1167): Drained
03-28 20:58:58.767 D/vold ( 562): Waiting for sdcardfs to spin up...
03-28 20:58:58.770 W/sdcard ( 2929): Device explicitly enabled sdcardfs
03-28 20:58:58.783 W/SystemServiceManager( 1167): Service com.android.server.StorageManagerService$Lifecycle took 78 ms in onUnlockingUser-0
03-28 20:58:58.783 D/SystemServerTimingAsync( 1167): ssm.onUnlockingUser-0_com.android.server.StorageManagerService$Lifecycle took to complete: 79ms
03-28 20:58:58.783 I/SystemServerTimingAsync( 1167): ssm.onUnlockingUser-0_com.android.server.usage.StorageStatsService$Lifecycle
03-28 20:58:58.783 D/SystemServerTimingAsync( 1167): ssm.onUnlockingUser-0_com.android.server.usage.StorageStatsService$Lifecycle took to complete: 0ms
03-28 20:58:58.783 I/SystemServerTimingAsync( 1167): ssm.onUnlockingUser-0_com.android.server.UiModeManagerService
03-28 20:58:58.783 D/SystemServerTimingAsync( 1167): ssm.onUnlockingUser-0_com.android.server.UiModeManagerService took to complete: 0ms
03-28 20:58:58.784 I/SystemServerTimingAsync( 1167): ssm.onUnlockingUser-0_com.android.server.locksettings.LockSettingsService$Lifecycle
03-28 20:58:58.784 D/SystemServerTimingAsync( 1167): ssm.onUnlockingUser-0_com.android.server.locksettings.LockSettingsService$Lifecycle took to complete: 1ms
03-28 20:58:58.784 I/SystemServerTimingAsync( 1167): ssm.onUnlockingUser-0_com.android.server.PersistentDataBlockService
03-28 20:58:58.784 D/SystemServerTimingAsync( 1167): ssm.onUnlockingUser-0_com.android.server.PersistentDataBlockService took to complete: 0ms
03-28 20:58:58.784 I/SystemServerTimingAsync( 1167): ssm.onUnlockingUser-0_com.android.server.testharness.TestHarnessModeService
03-28 20:58:58.784 D/SystemServerTimingAsync( 1167): ssm.onUnlockingUser-0_com.android.server.testharness.TestHarnessModeService took to complete: 0ms
03-28 20:58:58.784 I/SystemServerTimingAsync( 1167): ssm.onUnlockingUser-0_com.android.server.oemlock.OemLockService
03-28 20:58:58.784 D/SystemServerTimingAsync( 1167): ssm.onUnlockingUser-0_com.android.server.oemlock.OemLockService took to complete: 0ms
03-28 20:58:58.784 W/Looper ( 1167): Drained
03-28 20:58:58.785 W/Looper ( 1167): Slow dispatch took 486ms main h=android.os.Handler c=com.android.server.biometrics.sensors.BiometricScheduler$InternalCallback$$ExternalSyntheticLambda0@c97ed1a m=0
03-28 20:58:58.785 W/Looper ( 1167): Slow delivery took 489ms main h=com.android.server.media.MediaRouter2ServiceImpl$UserHandler c= m=0
03-28 20:58:58.787 I/SystemServerTimingAsync( 1167): ssm.onUnlockingUser-0_com.android.server.DeviceIdleController
03-28 20:58:58.787 D/SystemServerTimingAsync( 1167): ssm.onUnlockingUser-0_com.android.server.DeviceIdleController took to complete: 0ms
03-28 20:58:58.787 I/SystemServerTimingAsync( 1167): ssm.onUnlockingUser-0_com.android.server.devicepolicy.DevicePolicyManagerService$Lifecycle
03-28 20:58:58.787 D/SystemServerTimingAsync( 1167): ssm.onUnlockingUser-0_com.android.server.devicepolicy.DevicePolicyManagerService$Lifecycle took to complete: 0ms
03-28 20:58:58.787 I/SystemServerTimingAsync( 1167): ssm.onUnlockingUser-0_com.android.server.texttospeech.TextToSpeechManagerService
03-28 20:58:58.787 D/SystemServerTimingAsync( 1167): ssm.onUnlockingUser-0_com.android.server.texttospeech.TextToSpeechManagerService took to complete: 0ms
03-28 20:58:58.787 I/SystemServerTimingAsync( 1167): ssm.onUnlockingUser-0_com.android.server.speech.SpeechRecognitionManagerService
03-28 20:58:58.788 D/SystemServerTimingAsync( 1167): ssm.onUnlockingUser-0_com.android.server.speech.SpeechRecognitionManagerService took to complete: 0ms
03-28 20:58:58.788 I/SystemServerTimingAsync( 1167): ssm.onUnlockingUser-0_com.android.server.searchui.SearchUiManagerService
03-28 20:58:58.788 D/SystemServerTimingAsync( 1167): ssm.onUnlockingUser-0_com.android.server.searchui.SearchUiManagerService took to complete: 1ms
03-28 20:58:58.788 I/SystemServerTimingAsync( 1167): ssm.onUnlockingUser-0_com.android.server.smartspace.SmartspaceManagerService
03-28 20:58:58.789 D/SystemServerTimingAsync( 1167): ssm.onUnlockingUser-0_com.android.server.smartspace.SmartspaceManagerService took to complete: 0ms
03-28 20:58:58.789 I/SystemServerTimingAsync( 1167): ssm.onUnlockingUser-0_com.android.server.graphics.fonts.FontManagerService$Lifecycle
03-28 20:58:58.789 D/SystemServerTimingAsync( 1167): ssm.onUnlockingUser-0_com.android.server.graphics.fonts.FontManagerService$Lifecycle took to complete: 0ms
03-28 20:58:58.789 I/SystemServerTimingAsync( 1167): ssm.onUnlockingUser-0_com.android.server.textservices.TextServicesManagerService$Lifecycle
03-28 20:58:58.792 D/SystemServerTimingAsync( 1167): ssm.onUnlockingUser-0_com.android.server.textservices.TextServicesManagerService$Lifecycle took to complete: 2ms
03-28 20:58:58.792 I/SystemServerTimingAsync( 1167): ssm.onUnlockingUser-0_com.android.server.textclassifier.TextClassificationManagerService$Lifecycle
03-28 20:58:58.792 D/SystemServerTimingAsync( 1167): ssm.onUnlockingUser-0_com.android.server.textclassifier.TextClassificationManagerService$Lifecycle took to complete: 0ms
03-28 20:58:58.792 I/SystemServerTimingAsync( 1167): ssm.onUnlockingUser-0_com.android.server.NetworkScoreService$Lifecycle
03-28 20:58:58.792 D/SystemServerTimingAsync( 1167): ssm.onUnlockingUser-0_com.android.server.NetworkScoreService$Lifecycle took to complete: 0ms
03-28 20:58:58.792 I/SystemServerTimingAsync( 1167): ssm.onUnlockingUser-0_com.android.server.wifi.WifiService
03-28 20:58:58.795 D/SystemServerTimingAsync( 1167): ssm.onUnlockingUser-0_com.android.server.wifi.WifiService took to complete: 1ms
03-28 20:58:58.795 I/SystemServerTimingAsync( 1167): ssm.onUnlockingUser-0_com.android.server.wifi.scanner.WifiScanningService
