04-10 11:04:01.067 D/CompatibilityChangeReporter( 1167): Compat change id reported: 143937733; UID 10023; state: ENABLED
04-10 11:04:01.093 I/ActivityManager( 1167): Start proc 6078:com.android.providers.calendar/u0a23 for content provider {com.android.providers.calendar/com.android.providers.calendar.CalendarProvider2}
04-10 11:04:01.204 D/CompatibilityChangeReporter( 1167): Compat change id reported: 143231523; UID 1000; state: DISABLED
04-10 11:04:01.207 D/CompatibilityChangeReporter( 1167): Compat change id reported: 143231523; UID 10023; state: DISABLED
04-10 11:04:01.485 I/UsageStatsService( 1167): User[0] Time changed in by -5 seconds
04-10 11:04:01.485 I/UsageStatsService( 1167): User[0] Flushing usage stats to disk
04-10 11:04:01.516 I/UsageStatsDatabase( 1167): Time changed by -5s776ms. files deleted: 0 files moved: 5
04-10 11:04:01.524 I/UsageStatsService( 1167): User[0] Rollover scheduled @ 2023-04-23 23:38:02(1682264282758)
04-10 11:04:01.526 I/UsageStatsService( 1167): Time changed in by -5 seconds
04-10 11:04:27.002 E/LazyAlarmStore( 1167): Removed TIME_TICK alarm
04-10 11:04:27.007 I/DropBoxManagerService( 1167): add tag=system_server_wtf isTagEnabled=true flags=0x2
04-10 11:04:27.017 D/DevicePolicyManager( 1167): updateSystemUpdateFreezePeriodsRecord
04-10 11:04:27.030 D/ConditionProviders.SCP( 1167): onReceive android.intent.action.TIME_SET
04-10 11:04:27.031 D/ConditionProviders.SCP( 1167): evaluateSubscriptionLocked cal=ScheduleCalendar[mDays={1, 2, 3, 4, 5, 6, 7}, mSchedule=ScheduleInfo{days=[1, 2, 3, 4, 5, 6, 7], startHour=22, startMinute=0, endHour=7, endMinute=0, exitAtAlarm=true, nextAlarm=Thu Jan 01 08:00:00 GMT+08:00 1970 (0)}], now=Mon Apr 10 11:04:27 GMT+08:00 2023 (1681095867030), nextUserAlarmTime=Thu Jan 01 08:00:00 GMT+08:00 1970 (0)
04-10 11:04:27.031 D/ConditionProviders.SCP( 1167): notifyCondition condition://android/schedule?days=1.2.3.4.5.6.7&start=22.0&end=7.0&exitAtAlarm=true STATE_FALSE reason=!meetsSchedule
04-10 11:04:27.035 D/ConditionProviders.SCP( 1167): Scheduling evaluate for Mon Apr 10 22:00:00 GMT+08:00 2023 (1681135200000), in +10h55m32s970ms, now=Mon Apr 10 11:04:27 GMT+08:00 2023 (1681095867030)
04-10 11:04:27.041 I/UsageStatsService( 1167): User[0] Time changed in by -8 seconds
04-10 11:04:27.041 I/UsageStatsService( 1167): User[0] Flushing usage stats to disk
04-10 11:04:27.070 I/UsageStatsDatabase( 1167): Time changed by -8s221ms. files deleted: 0 files moved: 5
04-10 11:04:27.078 I/UsageStatsService( 1167): User[0] Rollover scheduled @ 2023-04-23 23:37:54(1682264274537)
04-10 11:04:28.007 W/ContextImpl( 2227): Calling a method in the system process without a qualified user: android.app.ContextImpl.sendBroadcast:1173 android.content.ContextWrapper.sendBroadcast:479 com.thundercomm.microsettings.action.SetTimeAction.timeUpdated:212 com.thundercomm.microsettings.action.SetTimeAction.update24HourFormat:190 com.thundercomm.microsettings.action.SetTimeAction.doActualAction:154
04-10 11:04:28.022 D/DevicePolicyManager( 1167): updateSystemUpdateFreezePeriodsRecord
04-10 11:04:28.023 D/ConditionProviders.SCP( 1167): onReceive android.intent.action.TIME_SET
04-10 11:04:28.024 D/ConditionProviders.SCP( 1167): evaluateSubscriptionLocked cal=ScheduleCalendar[mDays={1, 2, 3, 4, 5, 6, 7}, mSchedule=ScheduleInfo{days=[1, 2, 3, 4, 5, 6, 7], startHour=22, startMinute=0, endHour=7, endMinute=0, exitAtAlarm=true, nextAlarm=Thu Jan 01 08:00:00 GMT+08:00 1970 (0)}], now=Mon Apr 10 11:04:28 GMT+08:00 2023 (1681095868023), nextUserAlarmTime=Thu Jan 01 08:00:00 GMT+08:00 1970 (0)
04-10 11:04:28.024 D/ConditionProviders.SCP( 1167): notifyCondition condition://android/schedule?days=1.2.3.4.5.6.7&start=22.0&end=7.0&exitAtAlarm=true STATE_FALSE reason=!meetsSchedule
04-10 11:04:28.025 D/ConditionProviders.SCP( 1167): Scheduling evaluate for Mon Apr 10 22:00:00 GMT+08:00 2023 (1681135200000), in +10h55m31s977ms, now=Mon Apr 10 11:04:28 GMT+08:00 2023 (1681095868023)
04-10 11:04:44.074 D/ActivityManager( 1167): freezing 5828 android.process.media
04-10 11:04:44.083 E/ActivityManager( 1167): Unable to freeze binder for 5828 android.process.media
04-10 11:04:44.087 D/ActivityManager( 1167): froze 5828 android.process.media
04-10 11:04:44.094 E/ActivityManager( 1167): Unable to freeze binder for 5828 android.process.media
04-10 11:04:44.095 I/ActivityManager( 1167): Killing 5828:android.process.media/u0a20 (adj 925): Unable to freeze binder interface
04-10 11:05:38.963 W/BatteryExternalStatsWorker( 1167): error reading modem stats:ERROR_PHONE_NOT_AVAILABLE
04-10 11:05:39.056 E/KernelCpuSpeedReader( 1167): Failed to read cpu-freq: /sys/devices/system/cpu/cpu4/cpufreq/stats/time_in_state: open failed: ENOENT (No such file or directory)
04-10 11:05:39.056 E/KernelCpuSpeedReader( 1167): Failed to read cpu-freq: /sys/devices/system/cpu/cpu0/cpufreq/stats/time_in_state: open failed: ENOENT (No such file or directory)
04-10 11:06:21.965 I/UsageStatsService( 1167): User[0] Flushing usage stats to disk
04-10 11:14:28.157 D/ActivityManager( 1167): freezing 6075 com.qualcomm.timeservice
04-10 11:14:28.165 E/ActivityManager( 1167): Unable to freeze binder for 6075 com.qualcomm.timeservice
04-10 11:14:28.169 D/ActivityManager( 1167): froze 6075 com.qualcomm.timeservice
04-10 11:14:28.177 E/ActivityManager( 1167): Unable to freeze binder for 6075 com.qualcomm.timeservice
04-10 11:14:28.178 I/ActivityManager( 1167): Killing 6075:com.qualcomm.timeservice/u0a61 (adj 905): Unable to freeze binder interface
04-10 11:22:28.097 W/ContextImpl( 1167): Calling a method in the system process without a qualified user: android.app.ContextImpl.sendStickyBroadcast:1559 com.android.server.ConnectivityService.sendStickyBroadcast:2811 com.android.server.ConnectivityService.sendLegacyNetworkBroadcast:8732 com.android.server.ConnectivityService$LegacyTypeTracker.remove:1007 com.android.server.ConnectivityService$LegacyTypeTracker.remove:1024
04-10 11:22:28.213 D/android.hardware.wifi@1.0-service( 951): Successfully SetMacAddress.
04-10 11:23:04.731 D/android.hardware.wifi@1.0-service( 951): Successfully SetMacAddress.
04-10 11:23:04.756 W/wificond( 1293): Scan is not started. Ignore abort request
04-10 11:23:05.714 E/NetlinkEvent( 686): NetlinkEvent::FindParam(): Parameter 'INTERFACE' not found
04-10 11:23:05.714 E/NetlinkEvent( 686): NetlinkEvent::FindParam(): Parameter 'STATE' not found
04-10 11:23:05.715 E/NetlinkEvent( 686): NetlinkEvent::FindParam(): Parameter 'TIME_NS' not found
04-10 11:23:05.715 E/NetlinkEvent( 686): NetlinkEvent::FindParam(): Parameter 'UID' not found
04-10 11:23:05.729 W/ContextImpl( 1167): Calling a method in the system process without a qualified user: android.app.ContextImpl.sendStickyBroadcast:1559 com.android.server.ConnectivityService.sendStickyBroadcast:2811 com.android.server.ConnectivityService.sendGeneralBroadcast:2786 com.android.server.ConnectivityService.sendConnectedBroadcast:2759 com.android.server.ConnectivityService.sendLegacyNetworkBroadcast:8704
04-10 11:23:05.735 W/ContextImpl( 1167): Calling a method in the system process without a qualified user: android.app.ContextImpl.sendStickyBroadcast:1559 com.android.server.ConnectivityService.sendStickyBroadcast:2811 com.android.server.ConnectivityService.sendGeneralBroadcast:2786 com.android.server.ConnectivityService.sendInetConditionBroadcast:2763 com.android.server.ConnectivityService.updateInetCondition:8451
04-10 11:23:18.002 E/LazyAlarmStore( 1167): Removed TIME_TICK alarm
04-10 11:23:18.005 I/DropBoxManagerService( 1167): add tag=system_server_wtf isTagEnabled=true flags=0x2
04-10 11:23:18.012 D/DevicePolicyManager( 1167): updateSystemUpdateFreezePeriodsRecord
04-10 11:23:18.020 D/CompatibilityChangeReporter( 1167): Compat change id reported: 135634846; UID 10061; state: DISABLED
04-10 11:23:18.020 D/CompatibilityChangeReporter( 1167): Compat change id reported: 177438394; UID 10061; state: DISABLED
04-10 11:23:18.020 D/CompatibilityChangeReporter( 1167): Compat change id reported: 135772972; UID 10061; state: DISABLED
04-10 11:23:18.021 D/CompatibilityChangeReporter( 1167): Compat change id reported: 135754954; UID 10061; state: ENABLED
04-10 11:23:18.021 D/ConditionProviders.SCP( 1167): onReceive android.intent.action.TIME_SET
04-10 11:23:18.022 D/CompatibilityChangeReporter( 1167): Compat change id reported: 143937733; UID 10061; state: ENABLED
04-10 11:23:18.022 D/ConditionProviders.SCP( 1167): evaluateSubscriptionLocked cal=ScheduleCalendar[mDays={1, 2, 3, 4, 5, 6, 7}, mSchedule=ScheduleInfo{days=[1, 2, 3, 4, 5, 6, 7], startHour=22, startMinute=0, endHour=7, endMinute=0, exitAtAlarm=true, nextAlarm=Thu Jan 01 08:00:00 GMT+08:00 1970 (0)}], now=Mon Apr 10 11:23:18 GMT+08:00 2023 (1681096998021), nextUserAlarmTime=Thu Jan 01 08:00:00 GMT+08:00 1970 (0)
04-10 11:23:18.022 D/ConditionProviders.SCP( 1167): notifyCondition condition://android/schedule?days=1.2.3.4.5.6.7&start=22.0&end=7.0&exitAtAlarm=true STATE_FALSE reason=!meetsSchedule
04-10 11:23:18.022 D/ConditionProviders.SCP( 1167): Scheduling evaluate for Mon Apr 10 22:00:00 GMT+08:00 2023 (1681135200000), in +10h36m41s979ms, now=Mon Apr 10 11:23:18 GMT+08:00 2023 (1681096998021)
04-10 11:23:18.056 I/ActivityManager( 1167): Start proc 6245:com.qualcomm.timeservice/u0a61 for broadcast {com.qualcomm.timeservice/com.qualcomm.timeservice.TimeServiceBroadcastReceiver}
04-10 11:23:18.056 I/UsageStatsService( 1167): User[0] Time changed in by 7 seconds
04-10 11:23:18.057 I/UsageStatsService( 1167): User[0] Flushing usage stats to disk
04-10 11:23:18.094 I/UsageStatsDatabase( 1167): Time changed by +7s763ms. files deleted: 0 files moved: 5
04-10 11:23:18.104 I/UsageStatsService( 1167): User[0] Rollover scheduled @ 2023-04-23 23:38:02(1682264282300)
04-10 11:24:27.002 E/LazyAlarmStore( 1167): Removed TIME_TICK alarm
04-10 11:24:27.005 I/DropBoxManagerService( 1167): add tag=system_server_wtf isTagEnabled=true flags=0x2
04-10 11:24:27.015 D/DevicePolicyManager( 1167): updateSystemUpdateFreezePeriodsRecord
04-10 11:24:27.026 D/ConditionProviders.SCP( 1167): onReceive android.intent.action.TIME_SET
04-10 11:24:27.027 D/ConditionProviders.SCP( 1167): evaluateSubscriptionLocked cal=ScheduleCalendar[mDays={1, 2, 3, 4, 5, 6, 7}, mSchedule=ScheduleInfo{days=[1, 2, 3, 4, 5, 6, 7], startHour=22, startMinute=0, endHour=7, endMinute=0, exitAtAlarm=true, nextAlarm=Thu Jan 01 08:00:00 GMT+08:00 1970 (0)}], now=Mon Apr 10 11:24:27 GMT+08:00 2023 (1681097067026), nextUserAlarmTime=Thu Jan 01 08:00:00 GMT+08:00 1970 (0)
04-10 11:24:27.027 D/ConditionProviders.SCP( 1167): notifyCondition condition://android/schedule?days=1.2.3.4.5.6.7&start=22.0&end=7.0&exitAtAlarm=true STATE_FALSE reason=!meetsSchedule
04-10 11:24:27.027 D/ConditionProviders.SCP( 1167): Scheduling evaluate for Mon Apr 10 22:00:00 GMT+08:00 2023 (1681135200000), in +10h35m32s974ms, now=Mon Apr 10 11:24:27 GMT+08:00 2023 (1681097067026)
04-10 11:24:27.036 I/UsageStatsService( 1167): User[0] Time changed in by 4 seconds
04-10 11:24:27.036 I/UsageStatsService( 1167): User[0] Flushing usage stats to disk
04-10 11:24:27.065 I/UsageStatsDatabase( 1167): Time changed by +4s493ms. files deleted: 0 files moved: 5
04-10 11:24:27.072 I/UsageStatsService( 1167): User[0] Rollover scheduled @ 2023-04-23 23:38:06(1682264286793)
04-10 11:24:28.007 W/ContextImpl( 2227): Calling a method in the system process without a qualified user: android.app.ContextImpl.sendBroadcast:1173 android.content.ContextWrapper.sendBroadcast:479 com.thundercomm.microsettings.action.SetTimeAction.timeUpdated:212 com.thundercomm.microsettings.action.SetTimeAction.update24HourFormat:190 com.thundercomm.microsettings.action.SetTimeAction.doActualAction:154
04-10 11:24:28.024 D/DevicePolicyManager( 1167): updateSystemUpdateFreezePeriodsRecord
04-10 11:24:28.024 D/ConditionProviders.SCP( 1167): onReceive android.intent.action.TIME_SET
04-10 11:24:28.025 D/ConditionProviders.SCP( 1167): evaluateSubscriptionLocked cal=ScheduleCalendar[mDays={1, 2, 3, 4, 5, 6, 7}, mSchedule=ScheduleInfo{days=[1, 2, 3, 4, 5, 6, 7], startHour=22, startMinute=0, endHour=7, endMinute=0, exitAtAlarm=true, nextAlarm=Thu Jan 01 08:00:00 GMT+08:00 1970 (0)}], now=Mon Apr 10 11:24:28 GMT+08:00 2023 (1681097068024), nextUserAlarmTime=Thu Jan 01 08:00:00 GMT+08:00 1970 (0)
04-10 11:24:28.025 D/ConditionProviders.SCP( 1167): notifyCondition condition://android/schedule?days=1.2.3.4.5.6.7&start=22.0&end=7.0&exitAtAlarm=true STATE_FALSE reason=!meetsSchedule
04-10 11:24:28.026 D/ConditionProviders.SCP( 1167): Scheduling evaluate for Mon Apr 10 22:00:00 GMT+08:00 2023 (1681135200000), in +10h35m31s976ms, now=Mon Apr 10 11:24:28 GMT+08:00 2023 (1681097068024)
04-10 11:26:34.324 I/UsageStatsService( 1167): User[0] Flushing usage stats to disk
04-10 11:33:22.604 D/ActivityManager( 1167): freezing 5798 com.qti.diagservices
04-10 11:33:22.612 E/ActivityManager( 1167): Unable to freeze binder for 5798 com.qti.diagservices
04-10 11:33:22.616 D/ActivityManager( 1167): froze 5798 com.qti.diagservices
04-10 11:33:22.623 E/ActivityManager( 1167): Unable to freeze binder for 5798 com.qti.diagservices
04-10 11:33:22.624 I/ActivityManager( 1167): Killing 5798:com.qti.diagservices/1000 (adj 915): Unable to freeze binder interface
04-10 11:34:28.108 D/ActivityManager( 1167): freezing 6245 com.qualcomm.timeservice
04-10 11:34:28.115 E/ActivityManager( 1167): Unable to freeze binder for 6245 com.qualcomm.timeservice
04-10 11:34:28.118 D/ActivityManager( 1167): froze 6245 com.qualcomm.timeservice
04-10 11:34:28.126 E/ActivityManager( 1167): Unable to freeze binder for 6245 com.qualcomm.timeservice
04-10 11:34:28.127 I/ActivityManager( 1167): Killing 6245:com.qualcomm.timeservice/u0a61 (adj 905): Unable to freeze binder interface
04-10 11:35:09.161 W/ActivityManager( 1167): Scheduling restart of crashed service com.qti.diagservices/.QTIDiagServices in 1000ms for start-requested
04-10 11:35:10.164 D/CompatibilityChangeReporter( 1167): Compat change id reported: 135634846; UID 1000; state: DISABLED
04-10 11:35:10.164 D/CompatibilityChangeReporter( 1167): Compat change id reported: 177438394; UID 1000; state: DISABLED
04-10 11:35:10.165 D/CompatibilityChangeReporter( 1167): Compat change id reported: 135772972; UID 1000; state: DISABLED
04-10 11:35:10.165 D/CompatibilityChangeReporter( 1167): Compat change id reported: 135754954; UID 1000; state: ENABLED
04-10 11:35:10.211 I/ActivityManager( 1167): Start proc 7449:com.qti.diagservices/1000 for service {com.qti.diagservices/com.qti.diagservices.QTIDiagServices}
04-10 11:35:51.219 W/BatteryExternalStatsWorker( 1167): error reading modem stats:ERROR_PHONE_NOT_AVAILABLE
04-10 11:35:51.285 E/KernelCpuSpeedReader( 1167): Failed to read cpu-freq: /sys/devices/system/cpu/cpu4/cpufreq/stats/time_in_state: open failed: ENOENT (No such file or directory)
04-10 11:35:51.286 E/KernelCpuSpeedReader( 1167): Failed to read cpu-freq: /sys/devices/system/cpu/cpu0/cpufreq/stats/time_in_state: open failed: ENOENT (No such file or directory)
04-10 11:45:09.245 D/ActivityManager( 1167): freezing 6078 com.android.providers.calendar
04-10 11:45:09.253 E/ActivityManager( 1167): Unable to freeze binder for 6078 com.android.providers.calendar
04-10 11:45:09.258 D/ActivityManager( 1167): froze 6078 com.android.providers.calendar
04-10 11:45:09.265 E/ActivityManager( 1167): Unable to freeze binder for 6078 com.android.providers.calendar
04-10 11:45:09.266 I/ActivityManager( 1167): Killing 6078:com.android.providers.calendar/u0a23 (adj 905): Unable to freeze binder interface
04-10 11:46:34.484 I/UsageStatsService( 1167): User[0] Flushing usage stats to disk
04-10 11:52:39.714 I/wificond( 1293): New channel on frequency: 5320
04-10 11:52:45.240 W/ContextImpl( 1167): Calling a method in the system process without a qualified user: android.app.ContextImpl.sendStickyBroadcast:1559 com.android.server.ConnectivityService.sendStickyBroadcast:2811 com.android.server.ConnectivityService.sendLegacyNetworkBroadcast:8732 com.android.server.ConnectivityService$LegacyTypeTracker.remove:1007 com.android.server.ConnectivityService$LegacyTypeTracker.remove:1024
04-10 11:52:45.350 D/android.hardware.wifi@1.0-service( 951): Successfully SetMacAddress.
04-10 11:54:31.849 D/android.hardware.wifi@1.0-service( 951): Successfully SetMacAddress.
04-10 11:54:31.876 W/wificond( 1293): Scan is not started. Ignore abort request
04-10 11:54:32.963 E/NetlinkEvent( 686): NetlinkEvent::FindParam(): Parameter 'INTERFACE' not found
04-10 11:54:32.963 E/NetlinkEvent( 686): NetlinkEvent::FindParam(): Parameter 'STATE' not found
04-10 11:54:32.964 E/NetlinkEvent( 686): NetlinkEvent::FindParam(): Parameter 'TIME_NS' not found
04-10 11:54:32.964 E/NetlinkEvent( 686): NetlinkEvent::FindParam(): Parameter 'UID' not found
04-10 11:54:32.979 W/ContextImpl( 1167): Calling a method in the system process without a qualified user: android.app.ContextImpl.sendStickyBroadcast:1559 com.android.server.ConnectivityService.sendStickyBroadcast:2811 com.android.server.ConnectivityService.sendGeneralBroadcast:2786 com.android.server.ConnectivityService.sendConnectedBroadcast:2759 com.android.server.ConnectivityService.sendLegacyNetworkBroadcast:8704
04-10 11:54:32.985 W/ContextImpl( 1167): Calling a method in the system process without a qualified user: android.app.ContextImpl.sendStickyBroadcast:1559 com.android.server.ConnectivityService.sendStickyBroadcast:2811 com.android.server.ConnectivityService.sendGeneralBroadcast:2786 com.android.server.ConnectivityService.sendInetConditionBroadcast:2763 com.android.server.ConnectivityService.updateInetCondition:8451
04-10 12:01:56.562 W/ContextImpl( 1167): Calling a method in the system process without a qualified user: android.app.ContextImpl.sendStickyBroadcast:1559 com.android.server.ConnectivityService.sendStickyBroadcast:2811 com.android.server.ConnectivityService.sendLegacyNetworkBroadcast:8732 com.android.server.ConnectivityService$LegacyTypeTracker.remove:1007 com.android.server.ConnectivityService$LegacyTypeTracker.remove:1024
04-10 12:01:56.628 D/android.hardware.wifi@1.0-service( 951): Successfully SetMacAddress.
04-10 12:01:58.340 D/android.hardware.wifi@1.0-service( 951): Successfully SetMacAddress.
04-10 12:01:58.369 W/wificond( 1293): Scan is not started. Ignore abort request
04-10 12:02:02.978 E/NetlinkEvent( 686): NetlinkEvent::FindParam(): Parameter 'INTERFACE' not found
04-10 12:02:02.978 E/NetlinkEvent( 686): NetlinkEvent::FindParam(): Parameter 'STATE' not found
04-10 12:02:02.978 E/NetlinkEvent( 686): NetlinkEvent::FindParam(): Parameter 'TIME_NS' not found
04-10 12:02:02.978 E/NetlinkEvent( 686): NetlinkEvent::FindParam(): Parameter 'UID' not found
04-10 12:02:02.994 W/ContextImpl( 1167): Calling a method in the system process without a qualified user: android.app.ContextImpl.sendStickyBroadcast:1559 com.android.server.ConnectivityService.sendStickyBroadcast:2811 com.android.server.ConnectivityService.sendGeneralBroadcast:2786 com.android.server.ConnectivityService.sendConnectedBroadcast:2759 com.android.server.ConnectivityService.sendLegacyNetworkBroadcast:8704
04-10 12:02:02.999 W/ContextImpl( 1167): Calling a method in the system process without a qualified user: android.app.ContextImpl.sendStickyBroadcast:1559 com.android.server.ConnectivityService.sendStickyBroadcast:2811 com.android.server.ConnectivityService.sendGeneralBroadcast:2786 com.android.server.ConnectivityService.sendInetConditionBroadcast:2763 com.android.server.ConnectivityService.updateInetCondition:8451
04-10 12:05:51.290 W/BatteryExternalStatsWorker( 1167): error reading modem stats:ERROR_PHONE_NOT_AVAILABLE
04-10 12:05:51.374 E/KernelCpuSpeedReader( 1167): Failed to read cpu-freq: /sys/devices/system/cpu/cpu4/cpufreq/stats/time_in_state: open failed: ENOENT (No such file or directory)
04-10 12:05:51.374 E/KernelCpuSpeedReader( 1167): Failed to read cpu-freq: /sys/devices/system/cpu/cpu0/cpufreq/stats/time_in_state: open failed: ENOENT (No such file or directory)
04-10 12:06:34.541 I/UsageStatsService( 1167): User[0] Flushing usage stats to disk
04-10 12:06:36.301 W/ContextImpl( 1167): Calling a method in the system process without a qualified user: android.app.ContextImpl.sendStickyBroadcast:1559 com.android.server.ConnectivityService.sendStickyBroadcast:2811 com.android.server.ConnectivityService.sendLegacyNetworkBroadcast:8732 com.android.server.ConnectivityService$LegacyTypeTracker.remove:1007 com.android.server.ConnectivityService$LegacyTypeTracker.remove:1024
04-10 12:06:36.376 D/android.hardware.wifi@1.0-service( 951): Successfully SetMacAddress.
04-10 12:10:42.961 D/android.hardware.wifi@1.0-service( 951): Successfully SetMacAddress.
04-10 12:10:42.995 W/wificond( 1293): Scan is not started. Ignore abort request
04-10 12:10:44.008 E/NetlinkEvent( 686): NetlinkEvent::FindParam(): Parameter 'INTERFACE' not found
04-10 12:10:44.008 E/NetlinkEvent( 686): NetlinkEvent::FindParam(): Parameter 'STATE' not found
04-10 12:10:44.008 E/NetlinkEvent( 686): NetlinkEvent::FindParam(): Parameter 'TIME_NS' not found
04-10 12:10:44.008 E/NetlinkEvent( 686): NetlinkEvent::FindParam(): Parameter 'UID' not found
04-10 12:10:44.029 W/ContextImpl( 1167): Calling a method in the system process without a qualified user: android.app.ContextImpl.sendStickyBroadcast:1559 com.android.server.ConnectivityService.sendStickyBroadcast:2811 com.android.server.ConnectivityService.sendGeneralBroadcast:2786 com.android.server.ConnectivityService.sendConnectedBroadcast:2759 com.android.server.ConnectivityService.sendLegacyNetworkBroadcast:8704
04-10 12:10:44.035 W/ContextImpl( 1167): Calling a method in the system process without a qualified user: android.app.ContextImpl.sendStickyBroadcast:1559 com.android.server.ConnectivityService.sendStickyBroadcast:2811 com.android.server.ConnectivityService.sendGeneralBroadcast:2786 com.android.server.ConnectivityService.sendInetConditionBroadcast:2763 com.android.server.ConnectivityService.updateInetCondition:8451
04-10 12:26:34.600 I/UsageStatsService( 1167): User[0] Flushing usage stats to disk
04-10 12:35:51.369 W/BatteryExternalStatsWorker( 1167): error reading modem stats:ERROR_PHONE_NOT_AVAILABLE
04-10 12:35:51.455 E/KernelCpuSpeedReader( 1167): Failed to read cpu-freq: /sys/devices/system/cpu/cpu4/cpufreq/stats/time_in_state: open failed: ENOENT (No such file or directory)
04-10 12:35:51.455 E/KernelCpuSpeedReader( 1167): Failed to read cpu-freq: /sys/devices/system/cpu/cpu0/cpufreq/stats/time_in_state: open failed: ENOENT (No such file or directory)
04-10 12:46:14.693 W/ContextImpl( 1167): Calling a method in the system process without a qualified user: android.app.ContextImpl.sendStickyBroadcast:1559 com.android.server.ConnectivityService.sendStickyBroadcast:2811 com.android.server.ConnectivityService.sendLegacyNetworkBroadcast:8732 com.android.server.ConnectivityService$LegacyTypeTracker.remove:1007 com.android.server.ConnectivityService$LegacyTypeTracker.remove:1024
04-10 12:46:14.837 D/android.hardware.wifi@1.0-service( 951): Successfully SetMacAddress.
04-10 12:46:16.533 D/android.hardware.wifi@1.0-service( 951): Successfully SetMacAddress.
04-10 12:46:16.614 W/wificond( 1293): Scan is not started. Ignore abort request
04-10 12:46:17.682 E/NetlinkEvent( 686): NetlinkEvent::FindParam(): Parameter 'INTERFACE' not found
04-10 12:46:17.682 E/NetlinkEvent( 686): NetlinkEvent::FindParam(): Parameter 'STATE' not found
04-10 12:46:17.682 E/NetlinkEvent( 686): NetlinkEvent::FindParam(): Parameter 'TIME_NS' not found
04-10 12:46:17.682 E/NetlinkEvent( 686): NetlinkEvent::FindParam(): Parameter 'UID' not found
04-10 12:46:17.725 W/ContextImpl( 1167): Calling a method in the system process without a qualified user: android.app.ContextImpl.sendStickyBroadcast:1559 com.android.server.ConnectivityService.sendStickyBroadcast:2811 com.android.server.ConnectivityService.sendGeneralBroadcast:2786 com.android.server.ConnectivityService.sendConnectedBroadcast:2759 com.android.server.ConnectivityService.sendLegacyNetworkBroadcast:8704
04-10 12:46:17.732 W/ContextImpl( 1167): Calling a method in the system process without a qualified user: android.app.ContextImpl.sendStickyBroadcast:1559 com.android.server.ConnectivityService.sendStickyBroadcast:2811 com.android.server.ConnectivityService.sendGeneralBroadcast:2786 com.android.server.ConnectivityService.sendInetConditionBroadcast:2763 com.android.server.ConnectivityService.updateInetCondition:8451
04-10 12:46:34.713 I/UsageStatsService( 1167): User[0] Flushing usage stats to disk
04-10 13:05:51.456 W/BatteryExternalStatsWorker( 1167): error reading modem stats:ERROR_PHONE_NOT_AVAILABLE
04-10 13:05:51.536 E/KernelCpuSpeedReader( 1167): Failed to read cpu-freq: /sys/devices/system/cpu/cpu4/cpufreq/stats/time_in_state: open failed: ENOENT (No such file or directory)
04-10 13:05:51.536 E/KernelCpuSpeedReader( 1167): Failed to read cpu-freq: /sys/devices/system/cpu/cpu0/cpufreq/stats/time_in_state: open failed: ENOENT (No such file or directory)
04-10 13:06:33.494 I/EntropyMixer( 1167): Writing entropy...
04-10 13:06:34.856 I/UsageStatsService( 1167): User[0] Flushing usage stats to disk
04-10 13:13:08.901 W/ActivityThread( 2506): ClassLoader.loadClass: The class loader returned by Thread.getContextClassLoader() may fail for processes that host multiple applications. You should explicitly specify a context class loader. For example: Thread.setContextClassLoader(getClass().getClassLoader());
04-10 13:14:15.341 I/DreamManagerService( 1167): Gently waking up from dream.
04-10 13:14:15.344 I/DreamManagerService( 1167): Performing gentle wake from dream.
04-10 13:14:15.350 I/ActivityTaskManager( 1167): FOREGROUND_APPLICATION_CHANGED to com.android.launcher3.uioverrides.QuickstepLauncher
04-10 13:14:15.377 I/UsageStatsService( 1167): Time changed in by 4 seconds
04-10 13:14:15.400 D/CompatibilityChangeReporter( 1167): Compat change id reported: 135634846; UID 10070; state: DISABLED
04-10 13:14:15.400 D/CompatibilityChangeReporter( 1167): Compat change id reported: 177438394; UID 10070; state: DISABLED
04-10 13:14:15.401 D/CompatibilityChangeReporter( 1167): Compat change id reported: 135772972; UID 10070; state: DISABLED
04-10 13:14:15.401 D/CompatibilityChangeReporter( 1167): Compat change id reported: 135754954; UID 10070; state: ENABLED
04-10 13:14:15.402 D/CompatibilityChangeReporter( 1167): Compat change id reported: 143937733; UID 10070; state: ENABLED
04-10 13:14:15.428 I/ActivityManager( 1167): Start proc 11526:com.thundercomm.gamemode.provider/u0a70 for content provider {com.thundercomm.gamemode.provider/com.thundercomm.gamemode.provider.SettingsProvider}
04-10 13:14:15.445 I/PowerManagerService( 1167): Powering on display group fromDreaming (groupId=0, uid=1000, reason=WAKE_REASON_UNKNOWN, details=android.server.power:DREAM_FINISHED)...
04-10 13:14:15.445 I/PowerManagerService( 1167): Waking up from Dreaming (uid=1000, reason=WAKE_REASON_UNKNOWN, details=android.server.power:DREAM_FINISHED)...
04-10 13:14:15.463 W/FreeFormWindowHelper( 1167): Current Display FreeFormTask is null
04-10 13:14:15.490 D/CompatibilityChangeReporter( 1167): Compat change id reported: 168419799; UID 10070; state: DISABLED
04-10 13:14:15.688 I/DreamManagerService( 1167): Leaving dreamland.
04-10 13:14:15.698 I/DreamManagerService( 1167): Performing gentle wake from dream.
04-10 13:14:15.698 I/DreamController( 1167): Stopping dream: name=ComponentInfo{com.thundercomm.screensaver/com.thundercomm.screensaver.service.SystemDream}, isTest=false, canDoze=false, userId=0, reason='finished self'(from 'finished self')
04-10 13:14:15.713 W/ActivityTaskManager( 1167): Can't find TaskDisplayArea to determine support for multi window. Task id=77 attached=false
04-10 13:15:18.400 V/DisplayPowerController[0]( 1167): Brightness [0.05] reason changing to: 'manual [ dim ]', previous reason: 'manual'.
04-10 13:15:18.401 W/PowerManagerService( 1167): Screen on took 62955 ms
04-10 13:15:18.412 E/DisplayDeviceConfig( 1167): requesting nits when no mapping exists.
04-10 13:15:18.413 E/DisplayDeviceConfig( 1167): requesting nits when no mapping exists.
04-10 13:15:18.419 I/DropBoxManagerService( 1167): add tag=system_server_wtf isTagEnabled=true flags=0x2
04-10 13:15:18.426 I/DropBoxManagerService( 1167): add tag=system_server_wtf isTagEnabled=true flags=0x2
04-10 13:15:18.428 E/DisplayDeviceConfig( 1167): requesting nits when no mapping exists.
04-10 13:15:18.428 E/DisplayDeviceConfig( 1167): requesting nits when no mapping exists.
04-10 13:15:18.430 I/DropBoxManagerService( 1167): add tag=system_server_wtf isTagEnabled=true flags=0x2
04-10 13:15:18.434 I/DropBoxManagerService( 1167): add tag=system_server_wtf isTagEnabled=true flags=0x2
04-10 13:15:18.438 E/DisplayDeviceConfig( 1167): requesting nits when no mapping exists.
04-10 13:15:18.438 E/DisplayDeviceConfig( 1167): requesting nits when no mapping exists.
04-10 13:15:18.440 I/DropBoxManagerService( 1167): add tag=system_server_wtf isTagEnabled=true flags=0x2
04-10 13:15:18.458 E/DisplayDeviceConfig( 1167): requesting nits when no mapping exists.
04-10 13:15:18.458 E/DisplayDeviceConfig( 1167): requesting nits when no mapping exists.
04-10 13:15:18.479 E/DisplayDeviceConfig( 1167): requesting nits when no mapping exists.
04-10 13:15:18.479 E/DisplayDeviceConfig( 1167): requesting nits when no mapping exists.
04-10 13:15:18.498 E/DisplayDeviceConfig( 1167): requesting nits when no mapping exists.
04-10 13:15:18.499 E/DisplayDeviceConfig( 1167): requesting nits when no mapping exists.
04-10 13:15:18.516 E/DisplayDeviceConfig( 1167): requesting nits when no mapping exists.
04-10 13:15:18.516 E/DisplayDeviceConfig( 1167): requesting nits when no mapping exists.
04-10 13:15:18.522 E/DisplayDeviceConfig( 1167): requesting nits when no mapping exists.
04-10 13:15:18.522 E/DisplayDeviceConfig( 1167): requesting nits when no mapping exists.
04-10 13:15:18.538 E/DisplayDeviceConfig( 1167): requesting nits when no mapping exists.
04-10 13:15:18.539 E/DisplayDeviceConfig( 1167): requesting nits when no mapping exists.
04-10 13:15:18.555 E/DisplayDeviceConfig( 1167): requesting nits when no mapping exists.
04-10 13:15:18.555 E/DisplayDeviceConfig( 1167): requesting nits when no mapping exists.
04-10 13:15:18.572 E/DisplayDeviceConfig( 1167): requesting nits when no mapping exists.
04-10 13:15:18.573 E/DisplayDeviceConfig( 1167): requesting nits when no mapping exists.
04-10 13:15:18.588 E/DisplayDeviceConfig( 1167): requesting nits when no mapping exists.
04-10 13:15:18.589 E/DisplayDeviceConfig( 1167): requesting nits when no mapping exists.
04-10 13:15:18.605 E/DisplayDeviceConfig( 1167): requesting nits when no mapping exists.
04-10 13:15:18.606 E/DisplayDeviceConfig( 1167): requesting nits when no mapping exists.
04-10 13:15:18.622 E/DisplayDeviceConfig( 1167): requesting nits when no mapping exists.
04-10 13:15:18.623 E/DisplayDeviceConfig( 1167): requesting nits when no mapping exists.
04-10 13:15:18.639 E/DisplayDeviceConfig( 1167): requesting nits when no mapping exists.
04-10 13:15:18.639 E/DisplayDeviceConfig( 1167): requesting nits when no mapping exists.
04-10 13:15:18.655 E/DisplayDeviceConfig( 1167): requesting nits when no mapping exists.
04-10 13:15:18.656 E/DisplayDeviceConfig( 1167): requesting nits when no mapping exists.
04-10 13:15:18.672 E/DisplayDeviceConfig( 1167): requesting nits when no mapping exists.
04-10 13:15:18.673 E/DisplayDeviceConfig( 1167): requesting nits when no mapping exists.
04-10 13:15:18.689 E/DisplayDeviceConfig( 1167): requesting nits when no mapping exists.
04-10 13:15:18.689 E/DisplayDeviceConfig( 1167): requesting nits when no mapping exists.
04-10 13:15:18.706 E/DisplayDeviceConfig( 1167): requesting nits when no mapping exists.
04-10 13:15:18.706 E/DisplayDeviceConfig( 1167): requesting nits when no mapping exists.
04-10 13:15:18.722 E/DisplayDeviceConfig( 1167): requesting nits when no mapping exists.
04-10 13:15:18.723 E/DisplayDeviceConfig( 1167): requesting nits when no mapping exists.
04-10 13:15:18.739 E/DisplayDeviceConfig( 1167): requesting nits when no mapping exists.
04-10 13:15:18.739 E/DisplayDeviceConfig( 1167): requesting nits when no mapping exists.
04-10 13:15:18.756 E/DisplayDeviceConfig( 1167): requesting nits when no mapping exists.
04-10 13:15:18.756 E/DisplayDeviceConfig( 1167): requesting nits when no mapping exists.
04-10 13:15:18.773 E/DisplayDeviceConfig( 1167): requesting nits when no mapping exists.
04-10 13:15:18.773 E/DisplayDeviceConfig( 1167): requesting nits when no mapping exists.
04-10 13:15:18.789 E/DisplayDeviceConfig( 1167): requesting nits when no mapping exists.
04-10 13:15:18.790 E/DisplayDeviceConfig( 1167): requesting nits when no mapping exists.
04-10 13:15:18.806 E/DisplayDeviceConfig( 1167): requesting nits when no mapping exists.
04-10 13:15:18.806 E/DisplayDeviceConfig( 1167): requesting nits when no mapping exists.
04-10 13:15:18.823 E/DisplayDeviceConfig( 1167): requesting nits when no mapping exists.
04-10 13:15:18.823 E/DisplayDeviceConfig( 1167): requesting nits when no mapping exists.
04-10 13:15:18.839 E/DisplayDeviceConfig( 1167): requesting nits when no mapping exists.
04-10 13:15:18.840 E/DisplayDeviceConfig( 1167): requesting nits when no mapping exists.
04-10 13:15:18.856 E/DisplayDeviceConfig( 1167): requesting nits when no mapping exists.
04-10 13:15:18.856 E/DisplayDeviceConfig( 1167): requesting nits when no mapping exists.
04-10 13:15:18.873 E/DisplayDeviceConfig( 1167): requesting nits when no mapping exists.
04-10 13:15:18.873 E/DisplayDeviceConfig( 1167): requesting nits when no mapping exists.
04-10 13:15:18.889 E/DisplayDeviceConfig( 1167): requesting nits when no mapping exists.
04-10 13:15:18.890 E/DisplayDeviceConfig( 1167): requesting nits when no mapping exists.
04-10 13:15:18.906 E/DisplayDeviceConfig( 1167): requesting nits when no mapping exists.
04-10 13:15:18.907 E/DisplayDeviceConfig( 1167): requesting nits when no mapping exists.
04-10 13:15:18.923 E/DisplayDeviceConfig( 1167): requesting nits when no mapping exists.
04-10 13:15:18.923 E/DisplayDeviceConfig( 1167): requesting nits when no mapping exists.
04-10 13:15:18.939 E/DisplayDeviceConfig( 1167): requesting nits when no mapping exists.
04-10 13:15:18.940 E/DisplayDeviceConfig( 1167): requesting nits when no mapping exists.
04-10 13:15:18.956 E/DisplayDeviceConfig( 1167): requesting nits when no mapping exists.
04-10 13:15:18.957 E/DisplayDeviceConfig( 1167): requesting nits when no mapping exists.
04-10 13:15:18.973 E/DisplayDeviceConfig( 1167): requesting nits when no mapping exists.
04-10 13:15:18.973 E/DisplayDeviceConfig( 1167): requesting nits when no mapping exists.
04-10 13:15:18.990 E/DisplayDeviceConfig( 1167): requesting nits when no mapping exists.
04-10 13:15:18.990 E/DisplayDeviceConfig( 1167): requesting nits when no mapping exists.
04-10 13:15:19.006 E/DisplayDeviceConfig( 1167): requesting nits when no mapping exists.
04-10 13:15:19.007 E/DisplayDeviceConfig( 1167): requesting nits when no mapping exists.
04-10 13:15:19.023 E/DisplayDeviceConfig( 1167): requesting nits when no mapping exists.
04-10 13:15:19.023 E/DisplayDeviceConfig( 1167): requesting nits when no mapping exists.
04-10 13:15:19.040 E/DisplayDeviceConfig( 1167): requesting nits when no mapping exists.
04-10 13:15:19.040 E/DisplayDeviceConfig( 1167): requesting nits when no mapping exists.
04-10 13:15:19.056 E/DisplayDeviceConfig( 1167): requesting nits when no mapping exists.
04-10 13:15:19.057 E/DisplayDeviceConfig( 1167): requesting nits when no mapping exists.
04-10 13:15:19.074 E/DisplayDeviceConfig( 1167): requesting nits when no mapping exists.
04-10 13:15:19.074 E/DisplayDeviceConfig( 1167): requesting nits when no mapping exists.
04-10 13:15:19.090 E/DisplayDeviceConfig( 1167): requesting nits when no mapping exists.
04-10 13:15:19.091 E/DisplayDeviceConfig( 1167): requesting nits when no mapping exists.
04-10 13:15:19.107 E/DisplayDeviceConfig( 1167): requesting nits when no mapping exists.
04-10 13:15:19.107 E/DisplayDeviceConfig( 1167): requesting nits when no mapping exists.
04-10 13:15:19.123 E/DisplayDeviceConfig( 1167): requesting nits when no mapping exists.
04-10 13:15:19.124 E/DisplayDeviceConfig( 1167): requesting nits when no mapping exists.
04-10 13:15:19.140 E/DisplayDeviceConfig( 1167): requesting nits when no mapping exists.
04-10 13:15:19.141 E/DisplayDeviceConfig( 1167): requesting nits when no mapping exists.
04-10 13:15:19.157 E/DisplayDeviceConfig( 1167): requesting nits when no mapping exists.
04-10 13:15:19.158 E/DisplayDeviceConfig( 1167): requesting nits when no mapping exists.
04-10 13:15:19.174 E/DisplayDeviceConfig( 1167): requesting nits when no mapping exists.
04-10 13:15:19.174 E/DisplayDeviceConfig( 1167): requesting nits when no mapping exists.
04-10 13:15:19.190 E/DisplayDeviceConfig( 1167): requesting nits when no mapping exists.
04-10 13:15:19.190 E/DisplayDeviceConfig( 1167): requesting nits when no mapping exists.
04-10 13:15:19.207 E/DisplayDeviceConfig( 1167): requesting nits when no mapping exists.
04-10 13:15:19.207 E/DisplayDeviceConfig( 1167): requesting nits when no mapping exists.
04-10 13:15:19.224 E/DisplayDeviceConfig( 1167): requesting nits when no mapping exists.
04-10 13:15:19.224 E/DisplayDeviceConfig( 1167): requesting nits when no mapping exists.
04-10 13:15:19.240 E/DisplayDeviceConfig( 1167): requesting nits when no mapping exists.
04-10 13:15:19.241 E/DisplayDeviceConfig( 1167): requesting nits when no mapping exists.
04-10 13:15:19.257 E/DisplayDeviceConfig( 1167): requesting nits when no mapping exists.
04-10 13:15:19.258 E/DisplayDeviceConfig( 1167): requesting nits when no mapping exists.
04-10 13:15:19.277 E/DisplayDeviceConfig( 1167): requesting nits when no mapping exists.
04-10 13:15:19.278 E/DisplayDeviceConfig( 1167): requesting nits when no mapping exists.
04-10 13:15:19.290 E/DisplayDeviceConfig( 1167): requesting nits when no mapping exists.
04-10 13:15:19.291 E/DisplayDeviceConfig( 1167): requesting nits when no mapping exists.
04-10 13:15:19.307 E/DisplayDeviceConfig( 1167): requesting nits when no mapping exists.
04-10 13:15:19.307 E/DisplayDeviceConfig( 1167): requesting nits when no mapping exists.
04-10 13:15:19.324 E/DisplayDeviceConfig( 1167): requesting nits when no mapping exists.
04-10 13:15:19.324 E/DisplayDeviceConfig( 1167): requesting nits when no mapping exists.
04-10 13:15:19.341 E/DisplayDeviceConfig( 1167): requesting nits when no mapping exists.
04-10 13:15:19.341 E/DisplayDeviceConfig( 1167): requesting nits when no mapping exists.
04-10 13:15:19.357 E/DisplayDeviceConfig( 1167): requesting nits when no mapping exists.
04-10 13:15:19.358 E/DisplayDeviceConfig( 1167): requesting nits when no mapping exists.
04-10 13:15:25.395 I/PowerManagerService( 1167): Napping display group (groupId=0, uid=1000)...
04-10 13:15:25.395 I/PowerManagerService( 1167): Nap time (uid 1000)...
04-10 13:15:25.400 I/DreamManagerService( 1167): Entering dreamland.
04-10 13:15:25.412 I/PowerManagerService( 1167): Dreaming...
04-10 13:15:25.413 I/DreamController( 1167): Starting dream: name=ComponentInfo{com.thundercomm.screensaver/com.thundercomm.screensaver.service.SystemDream}, isTest=false, canDoze=false, userId=0
04-10 13:15:25.436 I/ActivityTaskManager( 1167): START u0 {flg=0x10000000 pkg=com.thundercomm.screensaver cmp=com.thundercomm.screensaver/android.service.dreams.DreamActivity (has extras)} from uid 10050
04-10 13:15:25.440 W/ActivityTaskManager( 1167): Can't find TaskDisplayArea to determine support for multi window. Task id=78 attached=false
04-10 13:15:25.453 I/ActivityTaskManager( 1167): FOREGROUND_APPLICATION_CHANGED to android.service.dreams.DreamActivity
04-10 13:15:25.454 I/ActivityTaskManager( 1167): The Process com.thundercomm.screensaver Already Exists in BG. So sending its PID: 4517
04-10 13:15:25.454 W/ActivityTaskManager( 1167): Tried to set launchTime (0) < mLastActivityLaunchTime (884047)
04-10 13:15:25.517 V/DisplayPowerController[0]( 1167): Brightness [1.0] reason changing to: 'manual', previous reason: 'manual [ dim ]'.
04-10 13:15:25.521 E/DisplayDeviceConfig( 1167): requesting nits when no mapping exists.
04-10 13:15:25.521 E/DisplayDeviceConfig( 1167): requesting nits when no mapping exists.
04-10 13:15:25.539 E/DisplayDeviceConfig( 1167): requesting nits when no mapping exists.
04-10 13:15:25.539 E/DisplayDeviceConfig( 1167): requesting nits when no mapping exists.
04-10 13:15:25.555 E/DisplayDeviceConfig( 1167): requesting nits when no mapping exists.
04-10 13:15:25.555 E/DisplayDeviceConfig( 1167): requesting nits when no mapping exists.
04-10 13:15:25.558 W/FreeFormWindowHelper( 1167): Current Display FreeFormTask is null
04-10 13:15:25.571 E/DisplayDeviceConfig( 1167): requesting nits when no mapping exists.
04-10 13:15:25.572 E/DisplayDeviceConfig( 1167): requesting nits when no mapping exists.
04-10 13:15:25.590 E/DisplayDeviceConfig( 1167): requesting nits when no mapping exists.
04-10 13:15:25.590 E/DisplayDeviceConfig( 1167): requesting nits when no mapping exists.
04-10 13:15:25.605 E/DisplayDeviceConfig( 1167): requesting nits when no mapping exists.
04-10 13:15:25.606 E/DisplayDeviceConfig( 1167): requesting nits when no mapping exists.
04-10 13:15:25.622 E/DisplayDeviceConfig( 1167): requesting nits when no mapping exists.
04-10 13:15:25.623 E/DisplayDeviceConfig( 1167): requesting nits when no mapping exists.
04-10 13:15:25.639 E/DisplayDeviceConfig( 1167): requesting nits when no mapping exists.
04-10 13:15:25.639 E/DisplayDeviceConfig( 1167): requesting nits when no mapping exists.
04-10 13:15:25.655 E/DisplayDeviceConfig( 1167): requesting nits when no mapping exists.
04-10 13:15:25.656 E/DisplayDeviceConfig( 1167): requesting nits when no mapping exists.
04-10 13:15:25.672 E/DisplayDeviceConfig( 1167): requesting nits when no mapping exists.
04-10 13:15:25.672 E/DisplayDeviceConfig( 1167): requesting nits when no mapping exists.
04-10 13:15:25.688 E/DisplayDeviceConfig( 1167): requesting nits when no mapping exists.
04-10 13:15:25.689 E/DisplayDeviceConfig( 1167): requesting nits when no mapping exists.
04-10 13:15:25.705 E/DisplayDeviceConfig( 1167): requesting nits when no mapping exists.
04-10 13:15:25.707 E/DisplayDeviceConfig( 1167): requesting nits when no mapping exists.
04-10 13:15:25.723 E/DisplayDeviceConfig( 1167): requesting nits when no mapping exists.
04-10 13:15:25.723 E/DisplayDeviceConfig( 1167): requesting nits when no mapping exists.
04-10 13:15:25.739 E/DisplayDeviceConfig( 1167): requesting nits when no mapping exists.
04-10 13:15:25.739 E/DisplayDeviceConfig( 1167): requesting nits when no mapping exists.
04-10 13:15:25.756 E/DisplayDeviceConfig( 1167): requesting nits when no mapping exists.
04-10 13:15:25.756 E/DisplayDeviceConfig( 1167): requesting nits when no mapping exists.
04-10 13:15:25.772 E/DisplayDeviceConfig( 1167): requesting nits when no mapping exists.
04-10 13:15:25.772 E/DisplayDeviceConfig( 1167): requesting nits when no mapping exists.
04-10 13:15:25.789 E/DisplayDeviceConfig( 1167): requesting nits when no mapping exists.
04-10 13:15:25.789 E/DisplayDeviceConfig( 1167): requesting nits when no mapping exists.
04-10 13:15:25.807 E/DisplayDeviceConfig( 1167): requesting nits when no mapping exists.
04-10 13:15:25.807 E/DisplayDeviceConfig( 1167): requesting nits when no mapping exists.
04-10 13:15:25.822 E/DisplayDeviceConfig( 1167): requesting nits when no mapping exists.
04-10 13:15:25.823 E/DisplayDeviceConfig( 1167): requesting nits when no mapping exists.
04-10 13:15:25.839 E/DisplayDeviceConfig( 1167): requesting nits when no mapping exists.
04-10 13:15:25.839 E/DisplayDeviceConfig( 1167): requesting nits when no mapping exists.
04-10 13:15:25.856 E/DisplayDeviceConfig( 1167): requesting nits when no mapping exists.
04-10 13:15:25.856 E/DisplayDeviceConfig( 1167): requesting nits when no mapping exists.
04-10 13:15:25.872 E/DisplayDeviceConfig( 1167): requesting nits when no mapping exists.
04-10 13:15:25.872 E/DisplayDeviceConfig( 1167): requesting nits when no mapping exists.
04-10 13:15:25.889 E/DisplayDeviceConfig( 1167): requesting nits when no mapping exists.
04-10 13:15:25.889 E/DisplayDeviceConfig( 1167): requesting nits when no mapping exists.
04-10 13:15:25.906 E/DisplayDeviceConfig( 1167): requesting nits when no mapping exists.
04-10 13:15:25.906 E/DisplayDeviceConfig( 1167): requesting nits when no mapping exists.
04-10 13:15:25.922 E/DisplayDeviceConfig( 1167): requesting nits when no mapping exists.
04-10 13:15:25.923 E/DisplayDeviceConfig( 1167): requesting nits when no mapping exists.
04-10 13:15:25.939 E/DisplayDeviceConfig( 1167): requesting nits when no mapping exists.
04-10 13:15:25.939 E/DisplayDeviceConfig( 1167): requesting nits when no mapping exists.
04-10 13:15:25.956 E/DisplayDeviceConfig( 1167): requesting nits when no mapping exists.
04-10 13:15:25.956 E/DisplayDeviceConfig( 1167): requesting nits when no mapping exists.
04-10 13:15:25.973 E/DisplayDeviceConfig( 1167): requesting nits when no mapping exists.
04-10 13:15:25.973 E/DisplayDeviceConfig( 1167): requesting nits when no mapping exists.
04-10 13:15:25.989 E/DisplayDeviceConfig( 1167): requesting nits when no mapping exists.
04-10 13:15:25.989 E/DisplayDeviceConfig( 1167): requesting nits when no mapping exists.
04-10 13:15:26.006 E/DisplayDeviceConfig( 1167): requesting nits when no mapping exists.
04-10 13:15:26.006 E/DisplayDeviceConfig( 1167): requesting nits when no mapping exists.
04-10 13:15:26.023 E/DisplayDeviceConfig( 1167): requesting nits when no mapping exists.
04-10 13:15:26.023 E/DisplayDeviceConfig( 1167): requesting nits when no mapping exists.
04-10 13:15:26.039 E/DisplayDeviceConfig( 1167): requesting nits when no mapping exists.
04-10 13:15:26.040 E/DisplayDeviceConfig( 1167): requesting nits when no mapping exists.
04-10 13:15:26.056 E/DisplayDeviceConfig( 1167): requesting nits when no mapping exists.
04-10 13:15:26.056 E/DisplayDeviceConfig( 1167): requesting nits when no mapping exists.
04-10 13:15:26.073 E/DisplayDeviceConfig( 1167): requesting nits when no mapping exists.
04-10 13:15:26.073 E/DisplayDeviceConfig( 1167): requesting nits when no mapping exists.
04-10 13:15:26.089 E/DisplayDeviceConfig( 1167): requesting nits when no mapping exists.
04-10 13:15:26.090 E/DisplayDeviceConfig( 1167): requesting nits when no mapping exists.
04-10 13:15:26.106 E/DisplayDeviceConfig( 1167): requesting nits when no mapping exists.
04-10 13:15:26.106 E/DisplayDeviceConfig( 1167): requesting nits when no mapping exists.
04-10 13:15:26.123 E/DisplayDeviceConfig( 1167): requesting nits when no mapping exists.
04-10 13:15:26.123 E/DisplayDeviceConfig( 1167): requesting nits when no mapping exists.
04-10 13:15:26.140 E/DisplayDeviceConfig( 1167): requesting nits when no mapping exists.
04-10 13:15:26.140 E/DisplayDeviceConfig( 1167): requesting nits when no mapping exists.
04-10 13:15:26.156 E/DisplayDeviceConfig( 1167): requesting nits when no mapping exists.
04-10 13:15:26.157 E/DisplayDeviceConfig( 1167): requesting nits when no mapping exists.
04-10 13:15:26.173 E/DisplayDeviceConfig( 1167): requesting nits when no mapping exists.
04-10 13:15:26.173 E/DisplayDeviceConfig( 1167): requesting nits when no mapping exists.
04-10 13:15:26.190 E/DisplayDeviceConfig( 1167): requesting nits when no mapping exists.
04-10 13:15:26.190 E/DisplayDeviceConfig( 1167): requesting nits when no mapping exists.
04-10 13:15:26.206 E/DisplayDeviceConfig( 1167): requesting nits when no mapping exists.
04-10 13:15:26.207 E/DisplayDeviceConfig( 1167): requesting nits when no mapping exists.
04-10 13:15:26.223 E/DisplayDeviceConfig( 1167): requesting nits when no mapping exists.
04-10 13:15:26.223 E/DisplayDeviceConfig( 1167): requesting nits when no mapping exists.
04-10 13:15:26.240 E/DisplayDeviceConfig( 1167): requesting nits when no mapping exists.
04-10 13:15:26.240 E/DisplayDeviceConfig( 1167): requesting nits when no mapping exists.
04-10 13:15:26.257 E/DisplayDeviceConfig( 1167): requesting nits when no mapping exists.
04-10 13:15:26.257 E/DisplayDeviceConfig( 1167): requesting nits when no mapping exists.
04-10 13:15:26.273 E/DisplayDeviceConfig( 1167): requesting nits when no mapping exists.
04-10 13:15:26.273 E/DisplayDeviceConfig( 1167): requesting nits when no mapping exists.
04-10 13:15:26.290 E/DisplayDeviceConfig( 1167): requesting nits when no mapping exists.
04-10 13:15:26.290 E/DisplayDeviceConfig( 1167): requesting nits when no mapping exists.
04-10 13:15:26.307 E/DisplayDeviceConfig( 1167): requesting nits when no mapping exists.
04-10 13:15:26.307 E/DisplayDeviceConfig( 1167): requesting nits when no mapping exists.
04-10 13:15:26.323 E/DisplayDeviceConfig( 1167): requesting nits when no mapping exists.
04-10 13:15:26.324 E/DisplayDeviceConfig( 1167): requesting nits when no mapping exists.
04-10 13:15:26.340 E/DisplayDeviceConfig( 1167): requesting nits when no mapping exists.
04-10 13:15:26.340 E/DisplayDeviceConfig( 1167): requesting nits when no mapping exists.
04-10 13:15:26.357 E/DisplayDeviceConfig( 1167): requesting nits when no mapping exists.
04-10 13:15:26.357 E/DisplayDeviceConfig( 1167): requesting nits when no mapping exists.
04-10 13:15:26.373 E/DisplayDeviceConfig( 1167): requesting nits when no mapping exists.
04-10 13:15:26.374 E/DisplayDeviceConfig( 1167): requesting nits when no mapping exists.
04-10 13:15:26.390 E/DisplayDeviceConfig( 1167): requesting nits when no mapping exists.
04-10 13:15:26.390 E/DisplayDeviceConfig( 1167): requesting nits when no mapping exists.
04-10 13:15:26.407 E/DisplayDeviceConfig( 1167): requesting nits when no mapping exists.
04-10 13:15:26.407 E/DisplayDeviceConfig( 1167): requesting nits when no mapping exists.
04-10 13:15:26.424 E/DisplayDeviceConfig( 1167): requesting nits when no mapping exists.
