04-10 17:16:46.048 D/LOWI-9.0.0.87.a( 1478): [LOWI-Scan] is_qcom_ie, bss_age: 0
04-10 17:16:46.048 D/LOWI-9.0.0.87.a( 1478): [LOWI-Scan] adjust_age:AP AGE upper limit reached. Dont store
04-10 17:16:46.048 D/LOWI-9.0.0.87.a( 1478): [LOWI-Scan] BSS 98:f1:81:81:82:f0 LOWI_PHY_MODE_11AC_VHT20_2G(11), Beacon Interval: 100, LOWI_ENCRYPTION_TYPE_WPA_PSK 11mcRanging: No, ANQP: No, LCI: No, Civic: No, capability(0x8431): ESS Privacy ShortPreamble ShortSlotTime
04-10 17:16:46.048 D/LOWI-9.0.0.87.a( 1478): [LOWI-Scan] BSS 98:f1:81:81:82:f0 FREQ: 2437, cFreq1[40:80:160] = [0:0:0] cFreq2 = 0 Country Code = CN
04-10 17:16:46.048 D/LOWI-9.0.0.87.a( 1478): [LOWI-Scan] BSS 98:f1:81:81:82:f0 (wlan0) ASSO: NO AddInfo: 0x1, TSF 0, 07:10:26.717, RSSI: -184, CPL: 127, AGE: 28176, SSID HH-NEW, TSFDelta: 0xdb3357bf, TXRate: 0
04-10 17:16:46.048 D/LOWI-9.0.0.87.a( 1478): [LOWI-Scan]
04-10 17:16:46.048 D/LOWI-9.0.0.87.a( 1478): [LOWI-Scan] print_bss_handler: Report beacon TSF 25853330327 as it greater than probe TSF 25853330327
04-10 17:16:46.048 D/LOWI-9.0.0.87.a( 1478): [LOWI-Scan] decode_rsn_wpa_ie: LOWI_ENCRYPTION_TYPE_WPA_PSK
04-10 17:16:46.048 D/LOWI-9.0.0.87.a( 1478): [LOWI-Scan] is_qcom_ie, bss_age: 0
04-10 17:16:46.048 D/LOWI-9.0.0.87.a( 1478): [LOWI-Scan] BSS 98:f1:81:81:6f:e0 LOWI_PHY_MODE_11AC_VHT80(10), Beacon Interval: 100, LOWI_ENCRYPTION_TYPE_WPA_PSK 11mcRanging: No, ANQP: No, LCI: No, Civic: No, capability(0x8011): ESS Privacy
04-10 17:16:46.048 D/LOWI-9.0.0.87.a( 1478): [LOWI-Scan] BSS 98:f1:81:81:6f:e0 FREQ: 5180, cFreq1[40:80:160] = [5190:5210:0] cFreq2 = 0 Country Code = CN
04-10 17:16:46.048 D/LOWI-9.0.0.87.a( 1478): [LOWI-Scan] BSS 98:f1:81:81:6f:e0 (wlan0) ASSO: NO AddInfo: 0x1, TSF 0, 07:10:53.330, RSSI: -176, CPL: 127, AGE: 1564, SSID HH-NEW, TSFDelta: 0xb4fb6c16, TXRate: 0
04-10 17:16:46.049 D/LOWI-9.0.0.87.a( 1478): [LOWI-Scan]
04-10 17:16:46.049 D/LOWI-9.0.0.87.a( 1478): [LOWI-Scan] print_bss_handler: Report beacon TSF 25853331003 as it greater than probe TSF 25853331003
04-10 17:16:46.049 D/LOWI-9.0.0.87.a( 1478): [LOWI-Scan] decode_rsn_wpa_ie: LOWI_ENCRYPTION_TYPE_WPA_EAP
04-10 17:16:46.049 D/LOWI-9.0.0.87.a( 1478): [LOWI-Scan] is_qcom_ie, bss_age: 0
04-10 17:16:46.049 D/LOWI-9.0.0.87.a( 1478): [LOWI-Scan] BSS 98:f1:81:81:6f:e1 LOWI_PHY_MODE_11AC_VHT80(10), Beacon Interval: 100, LOWI_ENCRYPTION_TYPE_WPA_EAP 11mcRanging: No, ANQP: No, LCI: No, Civic: No, capability(0x8011): ESS Privacy
04-10 17:16:46.049 D/LOWI-9.0.0.87.a( 1478): [LOWI-Scan] BSS 98:f1:81:81:6f:e1 FREQ: 5180, cFreq1[40:80:160] = [5190:5210:0] cFreq2 = 0 Country Code = CN
04-10 17:16:46.049 D/LOWI-9.0.0.87.a( 1478): [LOWI-Scan] BSS 98:f1:81:81:6f:e1 (wlan0) ASSO: NO AddInfo: 0x1, TSF 0, 07:10:53.331, RSSI: -176, CPL: 127, AGE: 1564, SSID HH, TSFDelta: 0xb4fe88f7, TXRate: 0
04-10 17:16:46.049 D/LOWI-9.0.0.87.a( 1478): [LOWI-Scan]
04-10 17:16:46.049 D/LOWI-9.0.0.87.a( 1478): [LOWI-Scan] print_bss_handler: Report beacon TSF 25853335956 as it greater than probe TSF 25853335956
04-10 17:16:46.049 D/LOWI-9.0.0.87.a( 1478): [LOWI-Scan] is_qcom_ie, bss_age: 0
04-10 17:16:46.049 D/LOWI-9.0.0.87.a( 1478): [LOWI-Scan] BSS 98:f1:81:81:6f:e2 LOWI_PHY_MODE_11AC_VHT80(10), Beacon Interval: 100, LOWI_ENCRYPTION_TYPE_OPEN 11mcRanging: No, ANQP: No, LCI: No, Civic: No, capability(0x8001): ESS
04-10 17:16:46.049 D/LOWI-9.0.0.87.a( 1478): [LOWI-Scan] BSS 98:f1:81:81:6f:e2 FREQ: 5180, cFreq1[40:80:160] = [5190:5210:0] cFreq2 = 0 Country Code = CN
04-10 17:16:46.049 D/LOWI-9.0.0.87.a( 1478): [LOWI-Scan] BSS 98:f1:81:81:6f:e2 (wlan0) ASSO: NO AddInfo: 0x1, TSF 0, 07:10:53.335, RSSI: -176, CPL: 127, AGE: 1560, SSID HH-mobile, TSFDelta: 0xb501384d, TXRate: 0
04-10 17:16:46.049 D/LOWI-9.0.0.87.a( 1478): [LOWI-Scan]
04-10 17:16:46.049 D/LOWI-9.0.0.87.a( 1478): [LOWI-Scan] print_bss_handler: Report beacon TSF 25853336452 as it greater than probe TSF 25853336452
04-10 17:16:46.049 D/LOWI-9.0.0.87.a( 1478): [LOWI-Scan] is_qcom_ie, bss_age: 0
04-10 17:16:46.049 D/LOWI-9.0.0.87.a( 1478): [LOWI-Scan] BSS 98:f1:81:81:6f:e3 LOWI_PHY_MODE_11AC_VHT80(10), Beacon Interval: 100, LOWI_ENCRYPTION_TYPE_OPEN 11mcRanging: No, ANQP: No, LCI: No, Civic: No, capability(0x8001): ESS
04-10 17:16:46.049 D/LOWI-9.0.0.87.a( 1478): [LOWI-Scan] BSS 98:f1:81:81:6f:e3 FREQ: 5180, cFreq1[40:80:160] = [5190:5210:0] cFreq2 = 0 Country Code = CN
04-10 17:16:46.049 D/LOWI-9.0.0.87.a( 1478): [LOWI-Scan] BSS 98:f1:81:81:6f:e3 (wlan0) ASSO: NO AddInfo: 0x1, TSF 0, 07:10:53.336, RSSI: -174, CPL: 127, AGE: 1556, SSID HH-Guest, TSFDelta: 0xb503606b, TXRate: 0
04-10 17:16:46.050 D/LOWI-9.0.0.87.a( 1478): [LOWI-Scan]
04-10 17:16:46.050 D/LOWI-9.0.0.87.a( 1478): [LOWI-Scan] print_bss_handler: Report beacon TSF 25853337164 as it greater than probe TSF 25853337164
04-10 17:16:46.050 D/LOWI-9.0.0.87.a( 1478): [LOWI-Scan] decode_rsn_wpa_ie: LOWI_ENCRYPTION_TYPE_WPA_PSK
04-10 17:16:46.050 D/LOWI-9.0.0.87.a( 1478): [LOWI-Scan] is_qcom_ie, bss_age: 0
04-10 17:16:46.050 D/LOWI-9.0.0.87.a( 1478): [LOWI-Scan] BSS 98:f1:81:81:6f:e4 LOWI_PHY_MODE_11AC_VHT80(10), Beacon Interval: 100, LOWI_ENCRYPTION_TYPE_WPA_PSK 11mcRanging: No, ANQP: No, LCI: No, Civic: No, capability(0x8011): ESS Privacy
04-10 17:16:46.050 D/LOWI-9.0.0.87.a( 1478): [LOWI-Scan] BSS 98:f1:81:81:6f:e4 FREQ: 5180, cFreq1[40:80:160] = [5190:5210:0] cFreq2 = 0 Country Code = CN
04-10 17:16:46.050 D/LOWI-9.0.0.87.a( 1478): [LOWI-Scan] BSS 98:f1:81:81:6f:e4 (wlan0) ASSO: NO AddInfo: 0x1, TSF 0, 07:10:53.337, RSSI: -176, CPL: 127, AGE: 1556, SSID Hello, TSFDelta: 0xb50588af, TXRate: 0
04-10 17:16:46.050 D/LOWI-9.0.0.87.a( 1478): [LOWI-Scan]
04-10 17:16:46.050 D/LOWI-9.0.0.87.a( 1478): [LOWI-Scan] print_bss_handler: Report Probe TSF 25853433358 as it greater than Beacon TSF 0
04-10 17:16:46.050 D/LOWI-9.0.0.87.a( 1478): [LOWI-Scan] decode_rsn_wpa_ie: LOWI_ENCRYPTION_TYPE_WPA_PSK
04-10 17:16:46.050 D/LOWI-9.0.0.87.a( 1478): [LOWI-Scan] is_qcom_ie, bss_age: 0
04-10 17:16:46.050 D/LOWI-9.0.0.87.a( 1478): [LOWI-Scan] BSS 98:f1:81:81:83:00 LOWI_PHY_MODE_11AC_VHT80(10), Beacon Interval: 100, LOWI_ENCRYPTION_TYPE_WPA_PSK 11mcRanging: No, ANQP: No, LCI: No, Civic: No, capability(0x8011): ESS Privacy
04-10 17:16:46.050 D/LOWI-9.0.0.87.a( 1478): [LOWI-Scan] BSS 98:f1:81:81:83:00 FREQ: 5200, cFreq1[40:80:160] = [5190:5210:0] cFreq2 = 0 Country Code = CN
04-10 17:16:46.050 D/LOWI-9.0.0.87.a( 1478): [LOWI-Scan] BSS 98:f1:81:81:83:00 (wlan0) ASSO: NO AddInfo: 0x0, TSF 0, 07:10:53.433, RSSI: -186, CPL: 127, AGE: 1460, SSID Hello, TSFDelta: 0xb833b67e, TXRate: 0
04-10 17:16:46.050 D/LOWI-9.0.0.87.a( 1478): [LOWI-Scan]
04-10 17:16:46.050 D/LOWI-9.0.0.87.a( 1478): [LOWI-Scan] print_bss_handler: Report Probe TSF 25853436356 as it greater than Beacon TSF 0
04-10 17:16:46.050 D/LOWI-9.0.0.87.a( 1478): [LOWI-Scan] decode_rsn_wpa_ie: LOWI_ENCRYPTION_TYPE_WPA_PSK
04-10 17:16:46.050 D/LOWI-9.0.0.87.a( 1478): [LOWI-Scan] is_qcom_ie, bss_age: 0
04-10 17:16:46.050 D/LOWI-9.0.0.87.a( 1478): [LOWI-Scan] BSS 98:f1:81:81:83:01 LOWI_PHY_MODE_11AC_VHT80(10), Beacon Interval: 100, LOWI_ENCRYPTION_TYPE_WPA_PSK 11mcRanging: No, ANQP: No, LCI: No, Civic: No, capability(0x8011): ESS Privacy
04-10 17:16:46.050 D/LOWI-9.0.0.87.a( 1478): [LOWI-Scan] BSS 98:f1:81:81:83:01 FREQ: 5200, cFreq1[40:80:160] = [5190:5210:0] cFreq2 = 0 Country Code = CN
04-10 17:16:46.050 D/LOWI-9.0.0.87.a( 1478): [LOWI-Scan] BSS 98:f1:81:81:83:01 (wlan0) ASSO: NO AddInfo: 0x0, TSF 0, 07:10:53.436, RSSI: -180, CPL: 127, AGE: 1456, SSID HH-NEW, TSFDelta: 0xb83c7542, TXRate: 0
04-10 17:16:46.051 D/LOWI-9.0.0.87.a( 1478): [LOWI-Scan]
04-10 17:16:46.051 D/LOWI-9.0.0.87.a( 1478): [LOWI-Scan] print_bss_handler: Report Probe TSF 25853437710 as it greater than Beacon TSF 0
04-10 17:16:46.051 D/LOWI-9.0.0.87.a( 1478): [LOWI-Scan] decode_rsn_wpa_ie: LOWI_ENCRYPTION_TYPE_WPA_EAP
04-10 17:16:46.051 D/LOWI-9.0.0.87.a( 1478): [LOWI-Scan] is_qcom_ie, bss_age: 0
04-10 17:16:46.051 D/LOWI-9.0.0.87.a( 1478): [LOWI-Scan] BSS 98:f1:81:81:83:02 LOWI_PHY_MODE_11AC_VHT80(10), Beacon Interval: 100, LOWI_ENCRYPTION_TYPE_WPA_EAP 11mcRanging: No, ANQP: No, LCI: No, Civic: No, capability(0x8011): ESS Privacy
04-10 17:16:46.051 D/LOWI-9.0.0.87.a( 1478): [LOWI-Scan] BSS 98:f1:81:81:83:02 FREQ: 5200, cFreq1[40:80:160] = [5190:5210:0] cFreq2 = 0 Country Code = CN
04-10 17:16:46.051 D/LOWI-9.0.0.87.a( 1478): [LOWI-Scan] BSS 98:f1:81:81:83:02 (wlan0) ASSO: NO AddInfo: 0x0, TSF 0, 07:10:53.437, RSSI: -180, CPL: 127, AGE: 1456, SSID HH, TSFDelta: 0xb850990f, TXRate: 0
04-10 17:16:46.051 D/LOWI-9.0.0.87.a( 1478): [LOWI-Scan]
04-10 17:16:46.051 D/LOWI-9.0.0.87.a( 1478): [LOWI-Scan] print_bss_handler: Report Probe TSF 25853438513 as it greater than Beacon TSF 0
04-10 17:16:46.051 D/LOWI-9.0.0.87.a( 1478): [LOWI-Scan] is_qcom_ie, bss_age: 0
04-10 17:16:46.051 D/LOWI-9.0.0.87.a( 1478): [LOWI-Scan] BSS 98:f1:81:81:83:03 LOWI_PHY_MODE_11AC_VHT80(10), Beacon Interval: 100, LOWI_ENCRYPTION_TYPE_OPEN 11mcRanging: No, ANQP: No, LCI: No, Civic: No, capability(0x8001): ESS
04-10 17:16:46.051 D/LOWI-9.0.0.87.a( 1478): [LOWI-Scan] BSS 98:f1:81:81:83:03 FREQ: 5200, cFreq1[40:80:160] = [5190:5210:0] cFreq2 = 0 Country Code = CN
04-10 17:16:46.051 D/LOWI-9.0.0.87.a( 1478): [LOWI-Scan] BSS 98:f1:81:81:83:03 (wlan0) ASSO: NO AddInfo: 0x0, TSF 0, 07:10:53.438, RSSI: -182, CPL: 127, AGE: 1456, SSID HH-mobile, TSFDelta: 0xb8562eb3, TXRate: 0
04-10 17:16:46.051 D/LOWI-9.0.0.87.a( 1478): [LOWI-Scan]
04-10 17:16:46.051 D/LOWI-9.0.0.87.a( 1478): [LOWI-Scan] print_bss_handler: Report Probe TSF 25853439037 as it greater than Beacon TSF 0
04-10 17:16:46.051 D/LOWI-9.0.0.87.a( 1478): [LOWI-Scan] is_qcom_ie, bss_age: 0
04-10 17:16:46.051 D/LOWI-9.0.0.87.a( 1478): [LOWI-Scan] BSS 98:f1:81:81:83:04 LOWI_PHY_MODE_11AC_VHT80(10), Beacon Interval: 100, LOWI_ENCRYPTION_TYPE_OPEN 11mcRanging: No, ANQP: No, LCI: No, Civic: No, capability(0x8001): ESS
04-10 17:16:46.051 D/LOWI-9.0.0.87.a( 1478): [LOWI-Scan] BSS 98:f1:81:81:83:04 FREQ: 5200, cFreq1[40:80:160] = [5190:5210:0] cFreq2 = 0 Country Code = CN
04-10 17:16:46.051 D/LOWI-9.0.0.87.a( 1478): [LOWI-Scan] BSS 98:f1:81:81:83:04 (wlan0) ASSO: NO AddInfo: 0x0, TSF 0, 07:10:53.439, RSSI: -178, CPL: 127, AGE: 1456, SSID HH-Guest, TSFDelta: 0xb85a2c39, TXRate: 0
04-10 17:16:46.052 D/LOWI-9.0.0.87.a( 1478): [LOWI-Scan]
04-10 17:16:46.052 D/LOWI-9.0.0.87.a( 1478): [LOWI-Scan] print_bss_handler: Report beacon TSF 25853819691 as it greater than probe TSF 25853819691
04-10 17:16:46.052 D/LOWI-9.0.0.87.a( 1478): [LOWI-Scan] decode_rsn_wpa_ie: LOWI_ENCRYPTION_TYPE_WPA_PSK
04-10 17:16:46.052 D/LOWI-9.0.0.87.a( 1478): [LOWI-Scan] is_qcom_ie, bss_age: 0
04-10 17:16:46.052 D/LOWI-9.0.0.87.a( 1478): [LOWI-Scan] BSS 98:f1:81:81:83:20 LOWI_PHY_MODE_11AC_VHT20_2G(11), Beacon Interval: 100, LOWI_ENCRYPTION_TYPE_WPA_PSK 11mcRanging: No, ANQP: No, LCI: No, Civic: No, capability(0x8431): ESS Privacy ShortPreamble ShortSlotTime
04-10 17:16:46.052 D/LOWI-9.0.0.87.a( 1478): [LOWI-Scan] BSS 98:f1:81:81:83:20 FREQ: 2437, cFreq1[40:80:160] = [0:0:0] cFreq2 = 0 Country Code = CN
04-10 17:16:46.052 D/LOWI-9.0.0.87.a( 1478): [LOWI-Scan] BSS 98:f1:81:81:83:20 (wlan0) ASSO: NO AddInfo: 0x1, TSF 0, 07:10:53.819, RSSI: -172, CPL: 127, AGE: 1076, SSID HH-NEW, TSFDelta: 0xc2a87fc7, TXRate: 0
04-10 17:16:46.052 D/LOWI-9.0.0.87.a( 1478): [LOWI-Scan]
04-10 17:16:46.052 D/LOWI-9.0.0.87.a( 1478): [LOWI-Scan] print_bss_handler: Report beacon TSF 25854845271 as it greater than probe TSF 25854845271
04-10 17:16:46.052 D/LOWI-9.0.0.87.a( 1478): [LOWI-Scan] decode_rsn_wpa_ie: LOWI_ENCRYPTION_TYPE_WPA_PSK
04-10 17:16:46.052 D/LOWI-9.0.0.87.a( 1478): [LOWI-Scan] is_qcom_ie, bss_age: 0
04-10 17:16:46.052 D/LOWI-9.0.0.87.a( 1478): [LOWI-Scan] BSS 98:f1:81:81:6e:c0 LOWI_PHY_MODE_11AC_VHT80(10), Beacon Interval: 100, LOWI_ENCRYPTION_TYPE_WPA_PSK 11mcRanging: No, ANQP: No, LCI: No, Civic: No, capability(0x8011): ESS Privacy
04-10 17:16:46.052 D/LOWI-9.0.0.87.a( 1478): [LOWI-Scan] BSS 98:f1:81:81:6e:c0 FREQ: 5320, cFreq1[40:80:160] = [5310:5290:0] cFreq2 = 0 Country Code = CN
04-10 17:16:46.052 D/LOWI-9.0.0.87.a( 1478): [LOWI-Scan] BSS 98:f1:81:81:6e:c0 (wlan0) ASSO: NO AddInfo: 0x1, TSF 0, 07:10:54.845, RSSI: -168, CPL: 127, AGE: 48, SSID HH-NEW, TSFDelta: 0xe09c7dd5, TXRate: 0
04-10 17:16:46.052 D/LOWI-9.0.0.87.a( 1478): [LOWIDiagLog] Log: lowiMeasResult->request: invalid null argument
04-10 17:16:46.052 I/LOWI-9.0.0.87.a( 1478): [LOWI-Scan] lowi_close_record:Scan done in 25807385ms, 36 APs in scan results
04-10 17:16:46.052 D/LOWI-9.0.0.87.a( 1478): [LOWI-Scan] WipsScanUsingNL: passive scan cached 0, took 24723 ms, err 0
04-10 17:16:46.052 D/LOWI-9.0.0.87.a( 1478): [LOWI-Scan] lowi_proc_req_passive_scan_with_live_meas - No WLAN Frames to be parsed
04-10 17:16:46.052 D/LOWI-9.0.0.87.a( 1478): [LOWIScanResultReceiver] Send scan meas to listener
04-10 17:16:46.052 D/LOWI-9.0.0.87.a( 1478): [LOWIScanResultReceiver] Enter passive listening mode
04-10 17:16:46.052 D/LOWI-9.0.0.87.a( 1478): [LOWIWifiDriverInterface] getMeasurements - Passive listening mode
04-10 17:16:46.052 D/LOWI-9.0.0.87.a( 1478): [LOWI-Scan] WipsScanUsingNL:wait -1 sec for netlink message
04-10 17:16:46.052 D/LOWI-9.0.0.87.a( 1478): [LOWIEventReceiver] handleEvent:FROM:NA, TO:NA, REQ:NA, IREQ:NA, REQ_ID:0, RESP:NA, INFO:NA
04-10 17:16:46.053 D/LOWI-9.0.0.87.a( 1478): [LOWIBackgroundScanMgr] isRspForBgScanMgr: evt(LOWI_NO_EVT) - not handled
04-10 17:16:46.053 D/LOWI-9.0.0.87.a( 1478): [LOWIScheduler] manageMsg: NULL results or NULL request in results
04-10 17:16:46.053 D/LOWI-9.0.0.87.a( 1478): [LOWIController] Measurements received
04-10 17:16:46.053 D/LOWI-9.0.0.87.a( 1478): [LOWICacheManager] putInCache:Num of Meas to add: 36
04-10 17:16:46.054 D/LOWI-9.0.0.87.a( 1478): [LOWIController] processMeasurementResults: No current Request. Cache measurements
04-10 17:16:46.054 D/LOWI-9.0.0.87.a( 1478): [LOWIControllerExtn] sendLOWILpDiscoveryScanResponse: Not a discovery scan response
01-01 15:11:01.562 E/[wifi@1][0x739bc8d540][17:16:46.089872] wlan( 0): [951:E:WMA] Cannot map wmi_peer_type 128 to HAL peer type
04-10 17:16:46.131 W/WifiDebugService( 2512): Can not find target wifi network : hht_test_wifi_fc4318c9
01-01 15:11:01.594 W/audit ( 0): audit_lost=706608044 audit_rate_limit=5 audit_backlog_limit=64
01-01 15:11:01.601 E/audit ( 0): rate limit exceeded
01-01 15:11:01.613 I/[schedu][0x739bd7a14e][17:16:46.140380] wlan( 0): [2447:I:PE] Assoc rsp RX: subtype 1 vdev 0 sys role 3 lim state 1 rssi 0 from 98:f1:81:80:45:61
01-01 15:11:01.635 W/[schedu][0x739bde237a][17:16:46.162595] wlan( 0): [2447:W:SME] sme_qos_process_ft_reassoc_req_ev: 3318: Flow List empty, nothing to update
01-01 15:11:01.649 E/[schedu][0x739be234ea][17:16:46.176480] wlan( 0): [2447:E:SME] sme_qos_process_reassoc_success_ev: 4605: session or RIC data is not present
01-01 15:11:01.663 E/[schedu][0x739be6363c][17:16:46.190151] wlan( 0): [2447:E:QDF] qdf_mem_malloc_debug: 1206: Cannot malloc 0 bytes @ csr_get_cfg_max_tx_power:14199
04-10 17:16:46.175 W/event_loop( 1802): type=1400 audit(0.0:706724635): avc: denied { read } for lport=13400 scontext=u:r:hht_ota_mgr:s0 tcontext=u:r:hht_ota_mgr:s0 tclass=udp_socket permissive=0
01-01 15:11:01.695 E/[schedu][0x739bef944c][17:16:46.222125] wlan( 0): [2447:E:QDF] qdf_mem_malloc_debug: 1206: Cannot malloc 0 bytes @ csr_get_cfg_max_tx_power:14199
04-10 17:16:46.175 W/event_loop( 1802): type=1400 audit(0.0:706724636): avc: denied { read } for lport=13400 scontext=u:r:hht_ota_mgr:s0 tcontext=u:r:hht_ota_mgr:s0 tclass=udp_socket permissive=0
01-01 15:11:01.696 I/[schedu][0x739befe652][17:16:46.223219] wlan( 0): [2447:I:HDD] wlan0(vdevid-0): 92:89:f9:36:97:7d connected to 98:f1:81:80:45:61
04-10 17:16:46.254 D/LOWI-9.0.0.87.a( 1478): [LOWINetlinkSocketReceiver] unpackRTMLinkMessage: RTM_NEWLINK - ifname wlan0, flags 0x11043 ([UP][RUNNING])
04-10 17:16:46.254 D/LOWI-9.0.0.87.a( 1478): [LOWINetlinkSocketReceiver] processNetlinkPacket: ifname(wlan0) status(2)
04-10 17:16:46.255 D/LOWI-9.0.0.87.a( 1478): [LOWIController] intfStateReceived: ifname(wlan0) state(2)
04-10 17:16:46.255 D/LOWI-9.0.0.87.a( 1478): [LOWIEventReceiver] handleEvent:FROM:NA, TO:NA, REQ:NA, IREQ:NA, REQ_ID:0, RESP:NA, INFO:INTF-STATUS-UPDATE
04-10 17:16:46.255 D/LOWI-9.0.0.87.a( 1478): [LOWIEventReceiver] Info to [INTF-STATUS-UPDATE]
04-10 17:16:46.255 I/WifiHAL ( 951): send oem msg of len : 140 to apps
04-10 17:16:46.255 D/LOWI-9.0.0.87.a( 1478): [LOWIController] updateIntfState: WIFI enabled 2 mNlWifiStatus 2 mWifiStateEnabled 1
04-10 17:16:46.255 D/LOWI-9.0.0.87.a( 1478): [LOWIController] isWifiEnabled: mNlWifiStatus 2 mWifiStateEnabled 1
04-10 17:16:46.255 D/LOWI-9.0.0.87.a( 1478): [LOWI-ROME-RTT] event_handler: Valid data with length 108
04-10 17:16:46.255 D/LOWI-9.0.0.87.a( 1478): [LOWI-HELIUM-RTT] RomeNLRecvMessage: The Received RomeMsgType: ROME_P2P_PEER_EVENT_MSG
04-10 17:16:46.255 D/LOWI-9.0.0.87.a( 1478): [LOWIRangingFSM] FSM: Received Event EVENT_P2P_STATUS_UPDATE, Current state: STATE_READY_AND_IDLE
04-10 17:16:46.255 D/LOWI-9.0.0.87.a( 1478): [LOWI-ROME-RTT] RomeExtractP2PInfo - P2P EVENT Received!
04-10 17:16:46.255 D/LOWI-9.0.0.87.a( 1478): [LOWI-ROME-RTT] ExtractNLP2PInfo: Entered
04-10 17:16:46.255 D/LOWI-9.0.0.87.a( 1478): [LOWI-P2P-RTT] p2pStoreStatusInfo: Peer status = PEER_STATUS_CONNECTED Mac:98:f1:81:80:45:61
04-10 17:16:46.255 D/LOWI-9.0.0.87.a( 1478): [LOWIRangingFSM] FSM: New FSM state: STATE_READY_AND_IDLE
04-10 17:16:46.255 D/LOWI-9.0.0.87.a( 1478): [LOWI-ROME-RTT] RomeWaitOnActivityOnSocketOrPipe: issue blocking select
04-10 17:16:46.256 I/EthernetTracker( 1167): interfaceLinkStateChanged, iface: wlan0, up: true
04-10 17:16:46.257 D/LOWI-9.0.0.87.a( 1478): [LOWI-Scan] wait_event:Wait done with Cmd 103
04-10 17:16:46.257 D/LOWI-9.0.0.87.a( 1478): [LOWI-Scan] do_listen_events: Rcvd valid Netlink Cmd 0 Err 0
01-01 15:11:01.739 I/[schedu][0x739bfcacc7][17:16:46.266825] wlan( 0): [2447:I:WMA] LFR3: Posting WMA_ROAM_OFFLOAD_SYNCH_CNF
04-10 17:16:46.259 I/netd ( 686): interfaceGetCfg(wlan0) -> {InterfaceConfigurationParcel{ifName: wlan0, hwAddr: 92:89:f9:36:97:7d, ipv4Addr: 10.3.110.156, prefixLength: 24, flags: [up, broadcast, running, multicast]}} <1.35ms>
04-10 17:16:46.261 D/LOWI-9.0.0.87.a( 1478): [LOWINetlinkSocketReceiver] unpackRTMLinkMessage: RTM_NEWLINK - ifname wlan0, flags 0x11003 ([UP])
04-10 17:16:46.261 D/LOWI-9.0.0.87.a( 1478): [LOWINetlinkSocketReceiver] processNetlinkPacket: ifname(wlan0) status(1)
04-10 17:16:46.261 D/LOWI-9.0.0.87.a( 1478): [LOWIController] intfStateReceived: ifname(wlan0) state(1)
04-10 17:16:46.261 D/LOWI-9.0.0.87.a( 1478): [LOWIEventReceiver] handleEvent:FROM:NA, TO:NA, REQ:NA, IREQ:NA, REQ_ID:0, RESP:NA, INFO:INTF-STATUS-UPDATE
04-10 17:16:46.261 D/LOWI-9.0.0.87.a( 1478): [LOWIEventReceiver] Info to [INTF-STATUS-UPDATE]
04-10 17:16:46.261 D/LOWI-9.0.0.87.a( 1478): [LOWIController] updateIntfState: WIFI enabled 1 mNlWifiStatus 2 mWifiStateEnabled 1
04-10 17:16:46.261 D/LOWI-9.0.0.87.a( 1478): [LOWIController] isWifiEnabled: mNlWifiStatus 1 mWifiStateEnabled 1
04-10 17:16:46.263 I/wpa_supplicant( 2763): wlan0: Associated with 98:f1:81:80:45:61
04-10 17:16:46.263 I/wpa_supplicant( 2763): wlan0: CTRL-EVENT-CONNECTED - Connection to 98:f1:81:80:45:61 completed [id=0 id_str=%7B%22configKey%22%3A%22%5C%22HH-NEW%5C%22WPA_PSK%22%2C%22creatorUid%22%3A%221000%22%7D]
04-10 17:16:46.264 I/EthernetTracker( 1167): interfaceLinkStateChanged, iface: wlan0, up: true
04-10 17:16:46.264 D/LOWI-9.0.0.87.a( 1478): [LOWINetlinkSocketReceiver] unpackRTMLinkMessage: RTM_NEWLINK - ifname wlan0, flags 0x11043 ([UP][RUNNING])
04-10 17:16:46.264 D/LOWI-9.0.0.87.a( 1478): [LOWINetlinkSocketReceiver] processNetlinkPacket: ifname(wlan0) status(2)
04-10 17:16:46.264 D/LOWI-9.0.0.87.a( 1478): [LOWIController] intfStateReceived: ifname(wlan0) state(2)
04-10 17:16:46.264 I/WifiHAL ( 951): event received NL80211_CMD_VENDOR, vendor_id = 0x1374, subcmd = 0x33
04-10 17:16:46.264 D/LOWI-9.0.0.87.a( 1478): [LOWIEventReceiver] handleEvent:FROM:NA, TO:NA, REQ:NA, IREQ:NA, REQ_ID:0, RESP:NA, INFO:INTF-STATUS-UPDATE
04-10 17:16:46.264 I/cnss-daemon( 1414): nl80211 response handler invoked
04-10 17:16:46.264 I/cnss-daemon( 1414): nl80211_response_handler: cmd 103, vendorID 4980, subcmd 51 received
04-10 17:16:46.264 D/LOWI-9.0.0.87.a( 1478): [LOWIEventReceiver] Info to [INTF-STATUS-UPDATE]
04-10 17:16:46.264 D/LOWI-9.0.0.87.a( 1478): [LOWIController] updateIntfState: WIFI enabled 2 mNlWifiStatus 1 mWifiStateEnabled 1
04-10 17:16:46.264 D/LOWI-9.0.0.87.a( 1478): [LOWIController] isWifiEnabled: mNlWifiStatus 2 mWifiStateEnabled 1
04-10 17:16:46.264 D/LOWI-9.0.0.87.a( 1478): [LOWIController] notifyWlanInterfaceStatusChange: Send Interface state request LOWIController_17
04-10 17:16:46.264 D/LOWI-9.0.0.87.a( 1478): [LOWIController] isWifiEnabled: mNlWifiStatus 2 mWifiStateEnabled 1
04-10 17:16:46.264 D/LOWI-9.0.0.87.a( 1478): [LOWIController] requestMeasurements: Internal Message 2 sent to driver
04-10 17:16:46.265 D/LOWI-9.0.0.87.a( 1478): [LOWIController] issueRequest: LOWIController_17 sent to driver request - SUCCESS
04-10 17:16:46.265 D/LOWI-9.0.0.87.a( 1478): [LOWI-Scan] wips_wait_on_nl_socket: read returned 6, Received string: Close
04-10 17:16:46.265 D/LOWI-9.0.0.87.a( 1478): [LOWI-Scan] do_listen_events: Select Error return - -301
04-10 17:16:46.265 D/LOWI-9.0.0.87.a( 1478): [LOWI-Scan] No dump done. Error -301
04-10 17:16:46.265 D/LOWI-9.0.0.87.a( 1478): [LOWI-Scan] WipsScanUsingNL: passive scan cached 0, took 212 ms, err -301
04-10 17:16:46.265 D/LOWI-9.0.0.87.a( 1478): [LOWI-Scan] lowi_proc_req_passive_scan_with_live_meas - No WLAN Frames to be parsed
04-10 17:16:46.265 D/LOWI-9.0.0.87.a( 1478): [LOWIWifiDriverInterface] Scan terminated for passive listening request
04-10 17:16:46.265 D/LOWI-9.0.0.87.a( 1478): [LOWIScanResultReceiver] run:Execute new request LOWIController_17
04-10 17:16:46.265 D/LOWI-9.0.0.87.a( 1478): [LOWI-Scan] lowi_update_wifi_interface: FTMRR Already registered
04-10 17:16:46.265 D/LOWI-9.0.0.87.a( 1478): [LOWIScanResultReceiver] Send scan meas to listener
04-10 17:16:46.265 D/LOWI-9.0.0.87.a( 1478): [LOWIScanResultReceiver] Enter passive listening mode
04-10 17:16:46.265 D/LOWI-9.0.0.87.a( 1478): [LOWIWifiDriverInterface] getMeasurements - Passive listening mode
04-10 17:16:46.265 D/LOWI-9.0.0.87.a( 1478): [LOWI-Scan] WipsScanUsingNL:wait -1 sec for netlink message
04-10 17:16:46.266 I/wpa_supplicant( 2763): wlan0: CTRL-EVENT-SUBNET-STATUS-UPDATE status=0
04-10 17:16:46.267 D/LOWI-9.0.0.87.a( 1478): [LOWI-Scan] wait_event:Wait done with Cmd 103
04-10 17:16:46.267 D/LOWI-9.0.0.87.a( 1478): [LOWI-Scan] do_listen_events: Rcvd valid Netlink Cmd 0 Err 0
04-10 17:16:46.267 I/WifiHAL ( 951): event received NL80211_CMD_VENDOR, vendor_id = 0x1374, subcmd = 0xa5
04-10 17:16:46.267 I/cnss-daemon( 1414): nl80211 response handler invoked
04-10 17:16:46.267 I/cnss-daemon( 1414): nl80211_response_handler: cmd 103, vendorID 4980, subcmd 165 received
04-10 17:16:46.267 D/LOWI-9.0.0.87.a( 1478): [LOWIEventReceiver] handleEvent:FROM:NA, TO:NA, REQ:NA, IREQ:NA, REQ_ID:0, RESP:NA, INFO:NA
04-10 17:16:46.267 D/LOWI-9.0.0.87.a( 1478): [LOWIBackgroundScanMgr] isRspForBgScanMgr: req(LOWI_INTERNAL_MESSAGE) -- not handled
04-10 17:16:46.267 D/LOWI-9.0.0.87.a( 1478): [LOWIController] Measurements received
04-10 17:16:46.267 I/EthernetTracker( 1167): interfaceLinkStateChanged, iface: wlan0, up: true
04-10 17:16:46.267 I/WifiHAL ( 951): event received NL80211_CMD_VENDOR, vendor_id = 0x1374, subcmd = 0xa5
04-10 17:16:46.267 D/LOWI-9.0.0.87.a( 1478): [LOWI-Scan] wait_event:Wait done with Cmd 103
04-10 17:16:46.267 I/cnss-daemon( 1414): nl80211 response handler invoked
04-10 17:16:46.267 D/LOWI-9.0.0.87.a( 1478): [LOWI-Scan] do_listen_events: Rcvd valid Netlink Cmd 0 Err 0
04-10 17:16:46.267 I/cnss-daemon( 1414): nl80211_response_handler: cmd 103, vendorID 4980, subcmd 165 received
04-10 17:16:46.269 I/hwservicemanager( 517): getTransport: Cannot find entry android.hardware.wifi.supplicant@1.4::ISupplicant/default in either framework or device VINTF manifest.
04-10 17:16:46.270 D/OsAgent ( 2810): [wifi_supplicant_status_update][3202] [HC] =>> [HS]
04-10 17:16:46.271 V/LocSvc_HIDL_IzatSubscription( 847): [wifiSupplicantStatusUpdate][682] [HS] <<<<= [HC]
04-10 17:16:46.271 I/LocSvc_SystemStatusOsObserver( 847): DataItem: Attach state: 6, Mac address valid: false, AP MAC address: [00:00:00:00:00:00], Wifi-Ap SSID Valid: false, SSID: >> Wiper
04-10 17:16:46.175 W/event_loop( 1802): type=1400 audit(0.0:706724637): avc: denied { read } for lport=13400 scontext=u:r:hht_ota_mgr:s0 tcontext=u:r:hht_ota_mgr:s0 tclass=udp_socket permissive=0
01-01 15:11:01.741 E/[schedu][0x739bfd0ed7][17:16:46.268132] wlan( 0): [2447:E:QDF] qdf_mem_malloc_debug: 1206: Cannot malloc 0 bytes @ csr_get_cfg_max_tx_power:14199
04-10 17:16:46.175 W/event_loop( 1802): type=1400 audit(0.0:706724638): avc: denied { read } for lport=13400 scontext=u:r:hht_ota_mgr:s0 tcontext=u:r:hht_ota_mgr:s0 tclass=udp_socket permissive=0
01-01 15:11:01.769 I/[soft_i][0x739c054fb8][17:16:46.296304] wlan( 0): [0:I:TXRX] HTT_T2H_MSG_TYPE_PEER_MAP msg for peer id 16 vdev id 0 n
04-10 17:16:46.334 I/netd ( 686): setProcSysNet(4, 2, wlan0, retrans_time_ms, 750) <0.51ms>
04-10 17:16:46.336 I/netd ( 686): setProcSysNet(4, 2, wlan0, ucast_solicit, 5) <0.26ms>
04-10 17:16:46.175 W/event_loop( 1802): type=1400 audit(0.0:706724639): avc: denied { read } for lport=13400 scontext=u:r:hht_ota_mgr:s0 tcontext=u:r:hht_ota_mgr:s0 tclass=udp_socket permissive=0
04-10 17:16:46.339 I/netd ( 686): setProcSysNet(6, 2, wlan0, retrans_time_ms, 750) <0.35ms>
01-01 15:11:01.800 E/[soft_i][0x739c0e8818][17:16:46.327776] wlan( 0): [0:E:DP] dp_peer_find_add_id: peer ffffffcbc81a8000 ID 16 vid 0 mac 98:f1:81:80:45:61
01-01 15:11:01.800 I/[soft_i][0x739c0e8864][17:16:46.327780] wlan( 0): [0:I:DP] dp_peer_find_add_id: ref_cnt: 2
01-01 15:11:01.800 E/[soft_i][0x739c0e8951][17:16:46.327792] wlan( 0): [0:E:DP] dp_peer_map_ast: peer ffffffcbc81a8000 ID 85 vid 0 mac 98:f1:81:80:45:61
01-01 15:11:01.801 I/[schedu][0x739c0ed2d0][17:16:46.328772] wlan( 0): [2447:I:WMA] [17:16:44.379000] [ROAM_TRIGGER]: VDEV[0] Reason: "BACKGROUND SCAN"
04-10 17:16:46.340 I/netd ( 686): setProcSysNet(6, 2, wlan0, ucast_solicit, 5) <0.25ms>
04-10 17:16:46.348 I/netd ( 686): interfaceGetCfg(wlan0) -> {InterfaceConfigurationParcel{ifName: wlan0, hwAddr: 92:89:f9:36:97:7d, ipv4Addr: 10.3.110.156, prefixLength: 24, flags: [up, broadcast, running, multicast]}} <2.03ms>
04-10 17:16:46.349 D/BluetoothAdapterService( 2040): android.net.wifi.STATE_CHANGE
04-10 17:16:46.349 I/mpu_uart( 661): [MSG-P:RECV]:No message received in 1000 ms
04-10 17:16:46.355 I/netd ( 686): interfaceGetCfg(wlan0) -> {InterfaceConfigurationParcel{ifName: wlan0, hwAddr: 92:89:f9:36:97:7d, ipv4Addr: 10.3.110.156, prefixLength: 24, flags: [up, broadcast, running, multicast]}} <0.34ms>
04-10 17:16:46.355 E/ConnectivityService( 1167): BUG: NetworkAgentInfo{network{111} handle{480147066893} ni{WIFI CONNECTED extra: } Score(44 ; KeepConnected : 1 ; Policies : TRANSPORT_PRIMARY&EXITING&EVER_VALIDATED&IS_UNMETERED&IS_VALIDATED) everValidated lastValidated lp{{InterfaceName: wlan0 LinkAddresses: [ fe80::9089:f9ff:fe36:977d/64,10.3.110.156/24 ] DnsAddresses: [ /10.3.10.114,/61.139.2.69 ] Domains: null MTU: 0 ServerAddress: /10.3.110.1 TcpBufferSizes: 524288,1048576,2097152,262144,524288,1048576 Routes: [ fe80::/64 -> :: wlan0 mtu 0,10.3.110.0/24 -> 0.0.0.0 wlan0 mtu 0,0.0.0.0/0 -> 10.3.110.1 wlan0 mtu 0 ]}} nc{[ Transports: WIFI Capabilities: NOT_METERED&INTERNET&NOT_RESTRICTED&TRUSTED&NOT_VPN&VALIDATED&NOT_ROAMING&FOREGROUND&NOT_CONGESTED&NOT_SUSPENDED&NOT_VCN_MANAGED LinkUpBandwidth>=11678Kbps LinkDnBandwidth>=14526Kbps Specifier: TransportInfo: SignalStrength: -88 OwnerUid: 1000 AdminUids: [1000] SSID: "HH-NEW"]}} lost immutable capabilities:specifier changed: WifiNetworkAgentSpecifier [WifiConfiguration=, SSID="HH-NEW", BSSID=98:f1:81:80:45:71, band=2, mMatchLocalOnlySpecifiers=false] -> WifiNetworkAgentSpecifier [WifiConfiguration=, SSID="HH-NEW", BSSID=98:f1:81:80:45:61, band=2, mMatchLocalOnlySpecifiers=false]
04-10 17:16:46.358 I/netd ( 686): setProcSysNet(4, 2, wlan0, retrans_time_ms, 750) <0.31ms>
04-10 17:16:46.358 W/BluetoothAdapterService( 2040): fetchWifiState - isWifiConnected =true
04-10 17:16:46.358 D/OsAgent ( 2810): [wifi_supplicant_status_update][3202] [HC] =>> [HS]
04-10 17:16:46.358 D/BluetoothVendorService( 2040): setWifiState to: true
04-10 17:16:46.358 I/BluetoothVendorJni( 2040): setWifiStateNative
04-10 17:16:46.358 I/bt_btif_vendor( 2040): setWifiState :1
04-10 17:16:46.358 V/LocSvc_HIDL_IzatSubscription( 847): [wifiSupplicantStatusUpdate][682] [HS] <<<<= [HC]
04-10 17:16:46.358 I/netd ( 686): setProcSysNet(4, 2, wlan0, ucast_solicit, 5) <0.25ms>
04-10 17:16:46.359 I/LocSvc_SystemStatusOsObserver( 847): DataItem: Attach state: 9, Mac address valid: true, AP MAC address: [98:f1:81:80:45:61], Wifi-Ap SSID Valid: true, SSID: "HH-NEW" >> Wiper
04-10 17:16:46.359 I/netd ( 686): setProcSysNet(6, 2, wlan0, retrans_time_ms, 750) <0.33ms>
04-10 17:16:46.360 I/netd ( 686): setProcSysNet(6, 2, wlan0, ucast_solicit, 5) <0.25ms>
04-10 17:16:46.361 D/ConnectivityService( 1167): NetReassign [no changes]
04-10 17:16:46.366 I/DropBoxManagerService( 1167): add tag=system_server_wtf isTagEnabled=true flags=0x2
04-10 17:16:46.388 I/netd ( 686): setProcSysNet(4, 2, wlan0, retrans_time_ms, 750) <0.30ms>
04-10 17:16:46.388 I/netd ( 686): setProcSysNet(4, 2, wlan0, ucast_solicit, 10) <0.24ms>
04-10 17:16:46.389 I/netd ( 686): setProcSysNet(6, 2, wlan0, retrans_time_ms, 750) <0.35ms>
04-10 17:16:46.390 I/netd ( 686): setProcSysNet(6, 2, wlan0, ucast_solicit, 10) <0.25ms>
01-01 15:11:01.878 I/[schedu][0x739c254e77][17:16:46.405514] wlan( 0): [2447:I:WMA] [17:16:44.379000] [ROAM_SCAN]: VDEV[0] Scan_type: FULL
01-01 15:11:01.890 I/[schedu][0x739c28c37e][17:16:46.417314] wlan( 0): [2447:I:WMA] ============================================================================================================================
01-01 15:11:01.908 I/[schedu][0x739c2dffa4][17:16:46.435183] wlan( 0): [2447:I:WMA] AP BSSID TSTAMP CH TY ETP RSSI/SCR CU%/SCR TOT_SCR BL_RSN BL_SRC BL_TSTAMP BL_TIMEOUT(ms)
01-01 15:11:01.925 I/[schedu][0x739c333a6a][17:16:46.453033] wlan( 0): [2447:I:WMA] ============================================================================================================================
01-01 15:11:01.943 I/[schedu][0x739c38769b][17:16:46.470902] wlan( 0): [2447:I:WMA] 98:f1:81:80:45:71 [17:16:44.379000] 5745 P_AP 0 88/0 0/0 1060 0 0 [00:00:00.000000] 0
01-01 15:11:01.961 I/[schedu][0x739c3d8fbb][17:16:46.488304] wlan( 0): [2447:I:WMA] 98:f1:81:80:45:61 [17:16:44.445000] 5180 R_AP 189 70/0 50/0 2579 0 0 [00:00:00.000000] 0
01-01 15:11:01.978 I/[schedu][0x739c42aa35][17:16:46.505724] wlan( 0): [2447:I:WMA] 98:f1:81:81:83:20 [17:16:44.929000] 2437 C_AP 21 86/0 50/0 1005 0 0 [00:00:00.000000] 0
01-01 15:11:01.996 I/[schedu][0x739c47c3a9][17:16:46.523130] wlan( 0): [2447:I:WMA] 98:f1:81:81:6f:e0 [17:16:44.437000] 5180 C_AP 76 88/0 50/0 860 0 0 [00:00:00.000000] 0
01-01 15:11:02.013 I/[schedu][0x739c4cde22][17:16:46.540550] wlan( 0): [2447:I:WMA] 98:f1:81:81:83:01 [17:16:44.548000] 5200 C_AP 57 90/0 50/0 860 0 0 [00:00:00.000000] 0
01-01 15:11:02.030 I/[schedu][0x739c51f9df][17:16:46.557986] wlan( 0): [2447:I:WMA] 98:f1:81:80:9c:30 [17:16:44.746000] 5240 C_AP 134 82/0 50/0 860 0 0 [00:00:00.000000] 0
01-01 15:11:02.048 I/[schedu][0x739c5713b8][17:16:46.575397] wlan( 0): [2447:I:WMA] 98:f1:81:81:6e:c0 [17:16:45.956000] 5320 C_AP 114 84/0 50/0 860 0 0 [00:00:00.000000] 0
01-01 15:11:02.065 I/[schedu][0x739c5c2f5b][17:16:46.592832] wlan( 0): [2447:I:WMA] [17:16:46.258000] [ROAM_RESULT]: VDEV[0] SUCCESS
04-10 17:16:46.606 D/LOWI-9.0.0.87.a( 1478): [LOWINetlinkSocketReceiver] unpackRTMLinkMessage: RTM_NEWLINK - ifname wlan0, flags 0x11043 ([UP][RUNNING])
04-10 17:16:46.606 D/LOWI-9.0.0.87.a( 1478): [LOWINetlinkSocketReceiver] processNetlinkPacket: ifname(wlan0) status(2)
04-10 17:16:46.606 D/LOWI-9.0.0.87.a( 1478): [LOWIController] intfStateReceived: ifname(wlan0) state(2)
04-10 17:16:46.606 D/LOWI-9.0.0.87.a( 1478): [LOWIEventReceiver] handleEvent:FROM:NA, TO:NA, REQ:NA, IREQ:NA, REQ_ID:0, RESP:NA, INFO:INTF-STATUS-UPDATE
04-10 17:16:46.606 D/LOWI-9.0.0.87.a( 1478): [LOWIEventReceiver] Info to [INTF-STATUS-UPDATE]
04-10 17:16:46.607 D/LOWI-9.0.0.87.a( 1478): [LOWIController] updateIntfState: WIFI enabled 2 mNlWifiStatus 2 mWifiStateEnabled 1
04-10 17:16:46.607 D/LOWI-9.0.0.87.a( 1478): [LOWIController] isWifiEnabled: mNlWifiStatus 2 mWifiStateEnabled 1
04-10 17:16:46.607 I/EthernetTracker( 1167): interfaceLinkStateChanged, iface: wlan0, up: true
04-10 17:16:46.610 I/netd ( 686): interfaceGetCfg(wlan0) -> {InterfaceConfigurationParcel{ifName: wlan0, hwAddr: 92:89:f9:36:97:7d, ipv4Addr: 10.3.110.156, prefixLength: 24, flags: [up, broadcast, running, multicast]}} <1.49ms>
04-10 17:16:46.970 D/SntpClient( 1167): request time failed: java.net.SocketTimeoutException: Poll timed out
01-01 15:11:02.598 W/audit ( 0): audit_lost=706640316 audit_rate_limit=5 audit_backlog_limit=64
01-01 15:11:02.605 E/audit ( 0): rate limit exceeded
04-10 17:16:47.175 W/event_loop( 1802): type=1400 audit(0.0:706756936): avc: denied { read } for lport=13400 scontext=u:r:hht_ota_mgr:s0 tcontext=u:r:hht_ota_mgr:s0 tclass=udp_socket permissive=0
04-10 17:16:47.179 W/event_loop( 1802): type=1400 audit(0.0:706756937): avc: denied { read } for lport=13400 scontext=u:r:hht_ota_mgr:s0 tcontext=u:r:hht_ota_mgr:s0 tclass=udp_socket permissive=0
04-10 17:16:47.179 W/event_loop( 1802): type=1400 audit(0.0:706756938): avc: denied { read } for lport=13400 scontext=u:r:hht_ota_mgr:s0 tcontext=u:r:hht_ota_mgr:s0 tclass=udp_socket permissive=0
04-10 17:16:47.179 W/event_loop( 1802): type=1400 audit(0.0:706756939): avc: denied { read } for lport=13400 scontext=u:r:hht_ota_mgr:s0 tcontext=u:r:hht_ota_mgr:s0 tclass=udp_socket permissive=0
04-10 17:16:47.179 W/event_loop( 1802): type=1400 audit(0.0:706756940): avc: denied { read } for lport=13400 scontext=u:r:hht_ota_mgr:s0 tcontext=u:r:hht_ota_mgr:s0 tclass=udp_socket permissive=0
04-10 17:16:47.350 I/mpu_uart( 661): [MSG-P:RECV]:No message received in 1000 ms
01-01 15:11:03.602 W/audit ( 0): audit_lost=706672546 audit_rate_limit=5 audit_backlog_limit=64
01-01 15:11:03.609 E/audit ( 0): rate limit exceeded
04-10 17:16:48.179 W/event_loop( 1802): type=1400 audit(0.0:706789116): avc: denied { read } for lport=13400 scontext=u:r:hht_ota_mgr:s0 tcontext=u:r:hht_ota_mgr:s0 tclass=udp_socket permissive=0
04-10 17:16:48.183 W/event_loop( 1802): type=1400 audit(0.0:706789117): avc: denied { read } for lport=13400 scontext=u:r:hht_ota_mgr:s0 tcontext=u:r:hht_ota_mgr:s0 tclass=udp_socket permissive=0
04-10 17:16:48.183 W/event_loop( 1802): type=1400 audit(0.0:706789118): avc: denied { read } for lport=13400 scontext=u:r:hht_ota_mgr:s0 tcontext=u:r:hht_ota_mgr:s0 tclass=udp_socket permissive=0
04-10 17:16:48.183 W/event_loop( 1802): type=1400 audit(0.0:706789119): avc: denied { read } for lport=13400 scontext=u:r:hht_ota_mgr:s0 tcontext=u:r:hht_ota_mgr:s0 tclass=udp_socket permissive=0
04-10 17:16:48.183 W/event_loop( 1802): type=1400 audit(0.0:706789120): avc: denied { read } for lport=13400 scontext=u:r:hht_ota_mgr:s0 tcontext=u:r:hht_ota_mgr:s0 tclass=udp_socket permissive=0
04-10 17:16:48.204 I/mpu_uart( 661): [MSG-P:R]:recv sync frame timeout
04-10 17:16:48.351 I/mpu_uart( 661): [MSG-P:RECV]:No message received in 1000 ms
04-10 17:16:48.864 D/ConnectivityService( 1167): NetReassign [no changes]
01-01 15:11:04.606 W/audit ( 0): audit_lost=706703352 audit_rate_limit=5 audit_backlog_limit=64
01-01 15:11:04.613 E/audit ( 0): rate limit exceeded
04-10 17:16:49.187 W/event_loop( 1802): type=1400 audit(0.0:706819886): avc: denied { read } for lport=13400 scontext=u:r:hht_ota_mgr:s0 tcontext=u:r:hht_ota_mgr:s0 tclass=udp_socket permissive=0
04-10 17:16:49.187 W/event_loop( 1802): type=1400 audit(0.0:706819887): avc: denied { read } for lport=13400 scontext=u:r:hht_ota_mgr:s0 tcontext=u:r:hht_ota_mgr:s0 tclass=udp_socket permissive=0
04-10 17:16:49.187 W/event_loop( 1802): type=1400 audit(0.0:706819888): avc: denied { read } for lport=13400 scontext=u:r:hht_ota_mgr:s0 tcontext=u:r:hht_ota_mgr:s0 tclass=udp_socket permissive=0
04-10 17:16:49.187 W/event_loop( 1802): type=1400 audit(0.0:706819889): avc: denied { read } for lport=13400 scontext=u:r:hht_ota_mgr:s0 tcontext=u:r:hht_ota_mgr:s0 tclass=udp_socket permissive=0
04-10 17:16:49.187 W/event_loop( 1802): type=1400 audit(0.0:706819890): avc: denied { read } for lport=13400 scontext=u:r:hht_ota_mgr:s0 tcontext=u:r:hht_ota_mgr:s0 tclass=udp_socket permissive=0
04-10 17:16:49.351 I/mpu_uart( 661): [MSG-P:RECV]:No message received in 1000 ms
01-01 15:11:05.610 W/audit ( 0): audit_lost=706734195 audit_rate_limit=5 audit_backlog_limit=64
01-01 15:11:05.617 E/audit ( 0): rate limit exceeded
04-10 17:16:50.191 W/event_loop( 1802): type=1400 audit(0.0:706850791): avc: denied { read } for lport=13400 scontext=u:r:hht_ota_mgr:s0 tcontext=u:r:hht_ota_mgr:s0 tclass=udp_socket permissive=0
04-10 17:16:50.191 W/event_loop( 1802): type=1400 audit(0.0:706850792): avc: denied { read } for lport=13400 scontext=u:r:hht_ota_mgr:s0 tcontext=u:r:hht_ota_mgr:s0 tclass=udp_socket permissive=0
04-10 17:16:50.191 W/event_loop( 1802): type=1400 audit(0.0:706850793): avc: denied { read } for lport=13400 scontext=u:r:hht_ota_mgr:s0 tcontext=u:r:hht_ota_mgr:s0 tclass=udp_socket permissive=0
04-10 17:16:50.191 W/event_loop( 1802): type=1400 audit(0.0:706850794): avc: denied { read } for lport=13400 scontext=u:r:hht_ota_mgr:s0 tcontext=u:r:hht_ota_mgr:s0 tclass=udp_socket permissive=0
04-10 17:16:50.191 W/event_loop( 1802): type=1400 audit(0.0:706850795): avc: denied { read } for lport=13400 scontext=u:r:hht_ota_mgr:s0 tcontext=u:r:hht_ota_mgr:s0 tclass=udp_socket permissive=0
04-10 17:16:50.352 I/mpu_uart( 661): [MSG-P:RECV]:No message received in 1000 ms
01-01 15:11:06.614 W/audit ( 0): audit_lost=706765992 audit_rate_limit=5 audit_backlog_limit=64
01-01 15:11:06.621 E/audit ( 0): rate limit exceeded
04-10 17:16:51.209 I/mpu_uart( 661): [MSG-P:R]:recv sync frame timeout
04-10 17:16:51.191 W/event_loop( 1802): type=1400 audit(0.0:706882539): avc: denied { read } for lport=13400 scontext=u:r:hht_ota_mgr:s0 tcontext=u:r:hht_ota_mgr:s0 tclass=udp_socket permissive=0
04-10 17:16:51.195 W/event_loop( 1802): type=1400 audit(0.0:706882540): avc: denied { read } for lport=13400 scontext=u:r:hht_ota_mgr:s0 tcontext=u:r:hht_ota_mgr:s0 tclass=udp_socket permissive=0
04-10 17:16:51.195 W/event_loop( 1802): type=1400 audit(0.0:706882541): avc: denied { read } for lport=13400 scontext=u:r:hht_ota_mgr:s0 tcontext=u:r:hht_ota_mgr:s0 tclass=udp_socket permissive=0
04-10 17:16:51.195 W/event_loop( 1802): type=1400 audit(0.0:706882542): avc: denied { read } for lport=13400 scontext=u:r:hht_ota_mgr:s0 tcontext=u:r:hht_ota_mgr:s0 tclass=udp_socket permissive=0
04-10 17:16:51.195 W/event_loop( 1802): type=1400 audit(0.0:706882543): avc: denied { read } for lport=13400 scontext=u:r:hht_ota_mgr:s0 tcontext=u:r:hht_ota_mgr:s0 tclass=udp_socket permissive=0
04-10 17:16:51.353 I/mpu_uart( 661): [MSG-P:RECV]:No message received in 1000 ms
04-10 17:16:51.994 D/SntpClient( 1167): request time failed: java.net.SocketTimeoutException: Poll timed out
04-10 17:16:51.995 D/SntpClient( 1167): request time failed
01-01 15:11:07.618 W/audit ( 0): audit_lost=706796980 audit_rate_limit=5 audit_backlog_limit=64
01-01 15:11:07.625 E/audit ( 0): rate limit exceeded
04-10 17:16:52.199 W/event_loop( 1802): type=1400 audit(0.0:706913661): avc: denied { read } for lport=13400 scontext=u:r:hht_ota_mgr:s0 tcontext=u:r:hht_ota_mgr:s0 tclass=udp_socket permissive=0
04-10 17:16:52.199 W/event_loop( 1802): type=1400 audit(0.0:706913662): avc: denied { read } for lport=13400 scontext=u:r:hht_ota_mgr:s0 tcontext=u:r:hht_ota_mgr:s0 tclass=udp_socket permissive=0
04-10 17:16:52.199 W/event_loop( 1802): type=1400 audit(0.0:706913663): avc: denied { read } for lport=13400 scontext=u:r:hht_ota_mgr:s0 tcontext=u:r:hht_ota_mgr:s0 tclass=udp_socket permissive=0
04-10 17:16:52.199 W/event_loop( 1802): type=1400 audit(0.0:706913664): avc: denied { read } for lport=13400 scontext=u:r:hht_ota_mgr:s0 tcontext=u:r:hht_ota_mgr:s0 tclass=udp_socket permissive=0
04-10 17:16:52.199 W/event_loop( 1802): type=1400 audit(0.0:706913665): avc: denied { read } for lport=13400 scontext=u:r:hht_ota_mgr:s0 tcontext=u:r:hht_ota_mgr:s0 tclass=udp_socket permissive=0
04-10 17:16:52.353 I/mpu_uart( 661): [MSG-P:RECV]:No message received in 1000 ms
01-01 15:11:08.622 W/audit ( 0): audit_lost=706828841 audit_rate_limit=5 audit_backlog_limit=64
01-01 15:11:08.630 E/audit ( 0): rate limit exceeded
04-10 17:16:53.203 W/event_loop( 1802): type=1400 audit(0.0:706945461): avc: denied { read } for lport=13400 scontext=u:r:hht_ota_mgr:s0 tcontext=u:r:hht_ota_mgr:s0 tclass=udp_socket permissive=0
04-10 17:16:53.203 W/event_loop( 1802): type=1400 audit(0.0:706945462): avc: denied { read } for lport=13400 scontext=u:r:hht_ota_mgr:s0 tcontext=u:r:hht_ota_mgr:s0 tclass=udp_socket permissive=0
04-10 17:16:53.203 W/event_loop( 1802): type=1400 audit(0.0:706945463): avc: denied { read } for lport=13400 scontext=u:r:hht_ota_mgr:s0 tcontext=u:r:hht_ota_mgr:s0 tclass=udp_socket permissive=0
04-10 17:16:53.203 W/event_loop( 1802): type=1400 audit(0.0:706945464): avc: denied { read } for lport=13400 scontext=u:r:hht_ota_mgr:s0 tcontext=u:r:hht_ota_mgr:s0 tclass=udp_socket permissive=0
04-10 17:16:53.203 W/event_loop( 1802): type=1400 audit(0.0:706945465): avc: denied { read } for lport=13400 scontext=u:r:hht_ota_mgr:s0 tcontext=u:r:hht_ota_mgr:s0 tclass=udp_socket permissive=0
04-10 17:16:53.237 D/resolv ( 686): Calling SSL_connect with mark 0xf006f
04-10 17:16:53.238 D/resolv ( 686): Calling SSL_connect with mark 0xf006f
04-10 17:16:53.238 D/resolv ( 686): SSL_connect returned -1 with mark 0xf006f
04-10 17:16:53.238 D/resolv ( 686): SSL_connect returned -1 with mark 0xf006f
04-10 17:16:53.238 W/resolv ( 686): SSL_connect ssl error =5, mark 0xf006f: Connection timed out
04-10 17:16:53.238 W/resolv ( 686): SSL_connect ssl error =5, mark 0xf006f: Connection timed out
04-10 17:16:53.238 W/resolv ( 686): TLS Handshake failed
04-10 17:16:53.238 W/resolv ( 686): TLS Handshake failed
04-10 17:16:53.238 D/resolv ( 686): Initialization failed.
04-10 17:16:53.238 D/resolv ( 686): Initialization failed.
04-10 17:16:53.239 D/resolv ( 686): Destructor
04-10 17:16:53.239 D/resolv ( 686): Destructor
04-10 17:16:53.239 D/resolv ( 686): Destructor completed
04-10 17:16:53.239 D/resolv ( 686): Destructor completed
04-10 17:16:53.240 D/resolv ( 686): Failing all pending queries.
04-10 17:16:53.240 W/resolv ( 686): query failed
04-10 17:16:53.240 D/resolv ( 686): Failing all pending queries.
04-10 17:16:53.240 D/resolv ( 686): Destructor
04-10 17:16:53.240 W/resolv ( 686): query failed
04-10 17:16:53.240 D/resolv ( 686): Locked destruction procedure
04-10 17:16:53.240 D/resolv ( 686): Destructor
04-10 17:16:53.240 D/resolv ( 686): Destructor completed
04-10 17:16:53.240 D/resolv ( 686): Locked destruction procedure
04-10 17:16:53.240 D/resolv ( 686): Destructor completed
04-10 17:16:53.240 W/resolv ( 686): validateDnsTlsServer returned 0 for 10.3.10.114
04-10 17:16:53.240 W/resolv ( 686): validateDnsTlsServer returned 0 for 61.139.2.69
04-10 17:16:53.240 D/resolv ( 686): Sending validation failure event on netId 111 for 10.3.10.114 with hostname {}
04-10 17:16:53.244 W/resolv ( 686): Validation failed
04-10 17:16:53.245 D/resolv ( 686): Sending validation failure event on netId 111 for 61.139.2.69 with hostname {}
04-10 17:16:53.246 W/resolv ( 686): Validation failed
04-10 17:16:53.354 I/mpu_uart( 661): [MSG-P:RECV]:No message received in 1000 ms
01-01 15:11:09.626 W/audit ( 0): audit_lost=706862137 audit_rate_limit=5 audit_backlog_limit=64
01-01 15:11:09.633 E/audit ( 0): rate limit exceeded
04-10 17:16:54.207 W/event_loop( 1802): type=1400 audit(0.0:706978893): avc: denied { read } for lport=13400 scontext=u:r:hht_ota_mgr:s0 tcontext=u:r:hht_ota_mgr:s0 tclass=udp_socket permissive=0
04-10 17:16:54.207 W/event_loop( 1802): type=1400 audit(0.0:706978894): avc: denied { read } for lport=13400 scontext=u:r:hht_ota_mgr:s0 tcontext=u:r:hht_ota_mgr:s0 tclass=udp_socket permissive=0
04-10 17:16:54.207 W/event_loop( 1802): type=1400 audit(0.0:706978895): avc: denied { read } for lport=13400 scontext=u:r:hht_ota_mgr:s0 tcontext=u:r:hht_ota_mgr:s0 tclass=udp_socket permissive=0
04-10 17:16:54.207 W/event_loop( 1802): type=1400 audit(0.0:706978896): avc: denied { read } for lport=13400 scontext=u:r:hht_ota_mgr:s0 tcontext=u:r:hht_ota_mgr:s0 tclass=udp_socket permissive=0
04-10 17:16:54.207 W/event_loop( 1802): type=1400 audit(0.0:706978897): avc: denied { read } for lport=13400 scontext=u:r:hht_ota_mgr:s0 tcontext=u:r:hht_ota_mgr:s0 tclass=udp_socket permissive=0
04-10 17:16:54.213 I/mpu_uart( 661): [MSG-P:R]:recv sync frame timeout
04-10 17:16:54.354 I/mpu_uart( 661): [MSG-P:RECV]:No message received in 1000 ms
01-01 15:11:10.630 W/audit ( 0): audit_lost=706893456 audit_rate_limit=5 audit_backlog_limit=64
01-01 15:11:10.637 E/audit ( 0): rate limit exceeded
04-10 17:16:55.211 W/event_loop( 1802): type=1400 audit(0.0:707010104): avc: denied { read } for lport=13400 scontext=u:r:hht_ota_mgr:s0 tcontext=u:r:hht_ota_mgr:s0 tclass=udp_socket permissive=0
04-10 17:16:55.211 W/event_loop( 1802): type=1400 audit(0.0:707010105): avc: denied { read } for lport=13400 scontext=u:r:hht_ota_mgr:s0 tcontext=u:r:hht_ota_mgr:s0 tclass=udp_socket permissive=0
04-10 17:16:55.211 W/event_loop( 1802): type=1400 audit(0.0:707010106): avc: denied { read } for lport=13400 scontext=u:r:hht_ota_mgr:s0 tcontext=u:r:hht_ota_mgr:s0 tclass=udp_socket permissive=0
04-10 17:16:55.211 W/event_loop( 1802): type=1400 audit(0.0:707010107): avc: denied { read } for lport=13400 scontext=u:r:hht_ota_mgr:s0 tcontext=u:r:hht_ota_mgr:s0 tclass=udp_socket permissive=0
04-10 17:16:55.211 W/event_loop( 1802): type=1400 audit(0.0:707010108): avc: denied { read } for lport=13400 scontext=u:r:hht_ota_mgr:s0 tcontext=u:r:hht_ota_mgr:s0 tclass=udp_socket permissive=0
04-10 17:16:55.355 I/mpu_uart( 661): [MSG-P:RECV]:No message received in 1000 ms
01-01 15:11:11.634 W/audit ( 0): audit_lost=706925018 audit_rate_limit=5 audit_backlog_limit=64
01-01 15:11:11.641 E/audit ( 0): rate limit exceeded
04-10 17:16:56.211 W/event_loop( 1802): type=1400 audit(0.0:707041786): avc: denied { read } for lport=13400 scontext=u:r:hht_ota_mgr:s0 tcontext=u:r:hht_ota_mgr:s0 tclass=udp_socket permissive=0
04-10 17:16:56.215 W/event_loop( 1802): type=1400 audit(0.0:707041787): avc: denied { read } for lport=13400 scontext=u:r:hht_ota_mgr:s0 tcontext=u:r:hht_ota_mgr:s0 tclass=udp_socket permissive=0
04-10 17:16:56.215 W/event_loop( 1802): type=1400 audit(0.0:707041788): avc: denied { read } for lport=13400 scontext=u:r:hht_ota_mgr:s0 tcontext=u:r:hht_ota_mgr:s0 tclass=udp_socket permissive=0
04-10 17:16:56.215 W/event_loop( 1802): type=1400 audit(0.0:707041789): avc: denied { read } for lport=13400 scontext=u:r:hht_ota_mgr:s0 tcontext=u:r:hht_ota_mgr:s0 tclass=udp_socket permissive=0
04-10 17:16:56.215 W/event_loop( 1802): type=1400 audit(0.0:707041790): avc: denied { read } for lport=13400 scontext=u:r:hht_ota_mgr:s0 tcontext=u:r:hht_ota_mgr:s0 tclass=udp_socket permissive=0
04-10 17:16:56.355 I/mpu_uart( 661): [MSG-P:RECV]:No message received in 1000 ms
01-01 15:11:12.638 W/audit ( 0): audit_lost=706956936 audit_rate_limit=5 audit_backlog_limit=64
01-01 15:11:12.645 E/audit ( 0): rate limit exceeded
04-10 17:16:57.215 I/mpu_uart( 661): [MSG-P:R]:recv sync frame timeout
04-10 17:16:57.215 W/event_loop( 1802): type=1400 audit(0.0:707073624): avc: denied { read } for lport=13400 scontext=u:r:hht_ota_mgr:s0 tcontext=u:r:hht_ota_mgr:s0 tclass=udp_socket permissive=0
04-10 17:16:57.219 W/event_loop( 1802): type=1400 audit(0.0:707073625): avc: denied { read } for lport=13400 scontext=u:r:hht_ota_mgr:s0 tcontext=u:r:hht_ota_mgr:s0 tclass=udp_socket permissive=0
04-10 17:16:57.219 W/event_loop( 1802): type=1400 audit(0.0:707073626): avc: denied { read } for lport=13400 scontext=u:r:hht_ota_mgr:s0 tcontext=u:r:hht_ota_mgr:s0 tclass=udp_socket permissive=0
04-10 17:16:57.219 W/event_loop( 1802): type=1400 audit(0.0:707073627): avc: denied { read } for lport=13400 scontext=u:r:hht_ota_mgr:s0 tcontext=u:r:hht_ota_mgr:s0 tclass=udp_socket permissive=0
04-10 17:16:57.219 W/event_loop( 1802): type=1400 audit(0.0:707073628): avc: denied { read } for lport=13400 scontext=u:r:hht_ota_mgr:s0 tcontext=u:r:hht_ota_mgr:s0 tclass=udp_socket permissive=0
04-10 17:16:57.356 I/mpu_uart( 661): [MSG-P:RECV]:No message received in 1000 ms
01-01 15:11:13.642 W/audit ( 0): audit_lost=706988008 audit_rate_limit=5 audit_backlog_limit=64
01-01 15:11:13.649 E/audit ( 0): rate limit exceeded
04-10 17:16:58.223 W/event_loop( 1802): type=1400 audit(0.0:707104690): avc: denied { read } for lport=13400 scontext=u:r:hht_ota_mgr:s0 tcontext=u:r:hht_ota_mgr:s0 tclass=udp_socket permissive=0
04-10 17:16:58.223 W/event_loop( 1802): type=1400 audit(0.0:707104691): avc: denied { read } for lport=13400 scontext=u:r:hht_ota_mgr:s0 tcontext=u:r:hht_ota_mgr:s0 tclass=udp_socket permissive=0
04-10 17:16:58.223 W/event_loop( 1802): type=1400 audit(0.0:707104692): avc: denied { read } for lport=13400 scontext=u:r:hht_ota_mgr:s0 tcontext=u:r:hht_ota_mgr:s0 tclass=udp_socket permissive=0
04-10 17:16:58.223 W/event_loop( 1802): type=1400 audit(0.0:707104693): avc: denied { read } for lport=13400 scontext=u:r:hht_ota_mgr:s0 tcontext=u:r:hht_ota_mgr:s0 tclass=udp_socket permissive=0
