04-10 17:16:42.820 E/MediaProvider( 3133): Creating a non-default top level directory or deleting an existing one is not allowed!
04-10 17:16:42.839 E/MediaProvider( 3133): Creating a non-default top level directory or deleting an existing one is not allowed!
04-10 17:16:42.841 E/MediaProvider( 3133): Creating a non-default top level directory or deleting an existing one is not allowed!
04-10 17:16:42.844 W/hpplay-java(19925): [AsyncTask #1]:APIFileUtil:java.io.FileNotFoundException: /storage/emulated/0/com.hht.lebocast/sink/sdk/hpdata/60146/25915/oat/bu.dex.cur.prof: open failed: ENOENT (No such file or directory)
04-10 17:16:42.844 W/hpplay-java(19925): at libcore.io.IoBridge.open(IoBridge.java:575)
04-10 17:16:42.844 W/hpplay-java(19925): at java.io.FileOutputStream.(FileOutputStream.java:236)
04-10 17:16:42.844 W/hpplay-java(19925): at java.io.FileOutputStream.(FileOutputStream.java:186)
04-10 17:16:42.844 W/hpplay-java(19925): at com.hpplay.sdk.sink.util.APIFileUtil.a(SourceFile:4)
04-10 17:16:42.844 W/hpplay-java(19925): at com.hpplay.sdk.sink.util.APIFileUtil.a(SourceFile:34)
04-10 17:16:42.844 W/hpplay-java(19925): at com.hpplay.sdk.sink.util.APIFileUtil.a(SourceFile:38)
04-10 17:16:42.844 W/hpplay-java(19925): at com.hpplay.sdk.sink.proxy.ModuleLoader.c(SourceFile:12)
04-10 17:16:42.844 W/hpplay-java(19925): at com.hpplay.sdk.sink.proxy.ModuleLoader.d(SourceFile:14)
04-10 17:16:42.844 W/hpplay-java(19925): at com.hpplay.sdk.sink.proxy.ModuleLoader.c(SourceFile:1)
04-10 17:16:42.844 W/hpplay-java(19925): at com.hpplay.sdk.sink.proxy.ModuleLoader$2.call(SourceFile:1)
04-10 17:16:42.844 W/hpplay-java(19925): at com.hpplay.common.asyncmanager.AsyncCallableJob.doInBackground(SourceFile:1)
04-10 17:16:42.844 W/hpplay-java(19925): at android.os.AsyncTask$3.call(AsyncTask.java:394)
04-10 17:16:42.844 W/hpplay-java(19925): at java.util.concurrent.FutureTask.run(FutureTask.java:266)
04-10 17:16:42.844 W/hpplay-java(19925): at java.util.concurrent.ThreadPoolExecutor.runWorker(ThreadPoolExecutor.java:1167)
04-10 17:16:42.844 W/hpplay-java(19925): at java.util.concurrent.ThreadPoolExecutor$Worker.run(ThreadPoolExecutor.java:641)
04-10 17:16:42.844 W/hpplay-java(19925): at java.lang.Thread.run(Thread.java:920)
04-10 17:16:42.844 W/hpplay-java(19925): Caused by: android.system.ErrnoException: open failed: ENOENT (No such file or directory)
04-10 17:16:42.844 W/hpplay-java(19925): at libcore.io.Linux.open(Native Method)
04-10 17:16:42.844 W/hpplay-java(19925): at libcore.io.ForwardingOs.open(ForwardingOs.java:567)
04-10 17:16:42.844 W/hpplay-java(19925): at libcore.io.BlockGuardOs.open(BlockGuardOs.java:273)
04-10 17:16:42.844 W/hpplay-java(19925): at libcore.io.ForwardingOs.open(ForwardingOs.java:567)
04-10 17:16:42.844 W/hpplay-java(19925): at android.app.ActivityThread$AndroidOs.open(ActivityThread.java:7766)
04-10 17:16:42.844 W/hpplay-java(19925): at libcore.io.IoBridge.open(IoBridge.java:561)
04-10 17:16:42.844 W/hpplay-java(19925): ... 15 more
04-10 17:16:42.865 E/MediaProvider( 3133): Creating a non-default top level directory or deleting an existing one is not allowed!
04-10 17:16:42.867 E/MediaProvider( 3133): Creating a non-default top level directory or deleting an existing one is not allowed!
04-10 17:16:42.870 W/hpplay-java(19925): [AsyncTask #1]:APIFileUtil:java.io.FileNotFoundException: /storage/emulated/0/com.hht.lebocast/sink/sdk/hpdata/60146/25915/oat/arm/bu.vdex: open failed: ENOENT (No such file or directory)
04-10 17:16:42.870 W/hpplay-java(19925): at libcore.io.IoBridge.open(IoBridge.java:575)
04-10 17:16:42.870 W/hpplay-java(19925): at java.io.FileOutputStream.(FileOutputStream.java:236)
04-10 17:16:42.870 W/hpplay-java(19925): at java.io.FileOutputStream.(FileOutputStream.java:186)
04-10 17:16:42.870 W/hpplay-java(19925): at com.hpplay.sdk.sink.util.APIFileUtil.a(SourceFile:4)
04-10 17:16:42.870 W/hpplay-java(19925): at com.hpplay.sdk.sink.util.APIFileUtil.a(SourceFile:34)
04-10 17:16:42.870 W/hpplay-java(19925): at com.hpplay.sdk.sink.util.APIFileUtil.a(SourceFile:38)
04-10 17:16:42.870 W/hpplay-java(19925): at com.hpplay.sdk.sink.util.APIFileUtil.a(SourceFile:38)
04-10 17:16:42.870 W/hpplay-java(19925): at com.hpplay.sdk.sink.proxy.ModuleLoader.c(SourceFile:12)
04-10 17:16:42.870 W/hpplay-java(19925): at com.hpplay.sdk.sink.proxy.ModuleLoader.d(SourceFile:14)
04-10 17:16:42.870 W/hpplay-java(19925): at com.hpplay.sdk.sink.proxy.ModuleLoader.c(SourceFile:1)
04-10 17:16:42.870 W/hpplay-java(19925): at com.hpplay.sdk.sink.proxy.ModuleLoader$2.call(SourceFile:1)
04-10 17:16:42.870 W/hpplay-java(19925): at com.hpplay.common.asyncmanager.AsyncCallableJob.doInBackground(SourceFile:1)
04-10 17:16:42.870 W/hpplay-java(19925): at android.os.AsyncTask$3.call(AsyncTask.java:394)
04-10 17:16:42.870 W/hpplay-java(19925): at java.util.concurrent.FutureTask.run(FutureTask.java:266)
04-10 17:16:42.870 W/hpplay-java(19925): at java.util.concurrent.ThreadPoolExecutor.runWorker(ThreadPoolExecutor.java:1167)
04-10 17:16:42.870 W/hpplay-java(19925): at java.util.concurrent.ThreadPoolExecutor$Worker.run(ThreadPoolExecutor.java:641)
04-10 17:16:42.870 W/hpplay-java(19925): at java.lang.Thread.run(Thread.java:920)
04-10 17:16:42.870 W/hpplay-java(19925): Caused by: android.system.ErrnoException: open failed: ENOENT (No such file or directory)
04-10 17:16:42.870 W/hpplay-java(19925): at libcore.io.Linux.open(Native Method)
04-10 17:16:42.870 W/hpplay-java(19925): at libcore.io.ForwardingOs.open(ForwardingOs.java:567)
04-10 17:16:42.870 W/hpplay-java(19925): at libcore.io.BlockGuardOs.open(BlockGuardOs.java:273)
04-10 17:16:42.870 W/hpplay-java(19925): at libcore.io.ForwardingOs.open(ForwardingOs.java:567)
04-10 17:16:42.870 W/hpplay-java(19925): at android.app.ActivityThread$AndroidOs.open(ActivityThread.java:7766)
04-10 17:16:42.870 W/hpplay-java(19925): at libcore.io.IoBridge.open(IoBridge.java:561)
04-10 17:16:42.870 W/hpplay-java(19925): ... 16 more
04-10 17:16:42.871 W/hpplay-java(19925): [AsyncTask #1]:APIFileUtil:java.io.FileNotFoundException: /storage/emulated/0/com.hht.lebocast/sink/sdk/hpdata/60146/25915/oat/bu.dex.prof: open failed: ENOENT (No such file or directory)
04-10 17:16:42.871 W/hpplay-java(19925): at libcore.io.IoBridge.open(IoBridge.java:575)
04-10 17:16:42.871 W/hpplay-java(19925): at java.io.FileOutputStream.(FileOutputStream.java:236)
04-10 17:16:42.871 W/hpplay-java(19925): at java.io.FileOutputStream.(FileOutputStream.java:186)
04-10 17:16:42.871 W/hpplay-java(19925): at com.hpplay.sdk.sink.util.APIFileUtil.a(SourceFile:4)
04-10 17:16:42.871 W/hpplay-java(19925): at com.hpplay.sdk.sink.util.APIFileUtil.a(SourceFile:34)
04-10 17:16:42.871 W/hpplay-java(19925): at com.hpplay.sdk.sink.util.APIFileUtil.a(SourceFile:38)
04-10 17:16:42.871 W/hpplay-java(19925): at com.hpplay.sdk.sink.proxy.ModuleLoader.c(SourceFile:12)
04-10 17:16:42.871 W/hpplay-java(19925): at com.hpplay.sdk.sink.proxy.ModuleLoader.d(SourceFile:14)
04-10 17:16:42.871 W/hpplay-java(19925): at com.hpplay.sdk.sink.proxy.ModuleLoader.c(SourceFile:1)
04-10 17:16:42.871 W/hpplay-java(19925): at com.hpplay.sdk.sink.proxy.ModuleLoader$2.call(SourceFile:1)
04-10 17:16:42.871 W/hpplay-java(19925): at com.hpplay.common.asyncmanager.AsyncCallableJob.doInBackground(SourceFile:1)
04-10 17:16:42.871 W/hpplay-java(19925): at android.os.AsyncTask$3.call(AsyncTask.java:394)
04-10 17:16:42.871 W/hpplay-java(19925): at java.util.concurrent.FutureTask.run(FutureTask.java:266)
04-10 17:16:42.871 W/hpplay-java(19925): at java.util.concurrent.ThreadPoolExecutor.runWorker(ThreadPoolExecutor.java:1167)
04-10 17:16:42.871 W/hpplay-java(19925): at java.util.concurrent.ThreadPoolExecutor$Worker.run(ThreadPoolExecutor.java:641)
04-10 17:16:42.871 W/hpplay-java(19925): at java.lang.Thread.run(Thread.java:920)
04-10 17:16:42.871 W/hpplay-java(19925): Caused by: android.system.ErrnoException: open failed: ENOENT (No such file or directory)
04-10 17:16:42.871 W/hpplay-java(19925): at libcore.io.Linux.open(Native Method)
04-10 17:16:42.871 W/hpplay-java(19925): at libcore.io.ForwardingOs.open(ForwardingOs.java:567)
04-10 17:16:42.871 W/hpplay-java(19925): at libcore.io.BlockGuardOs.open(BlockGuardOs.java:273)
04-10 17:16:42.871 W/hpplay-java(19925): at libcore.io.ForwardingOs.open(ForwardingOs.java:567)
04-10 17:16:42.871 W/hpplay-java(19925): at android.app.ActivityThread$AndroidOs.open(ActivityThread.java:7766)
04-10 17:16:42.871 W/hpplay-java(19925): at libcore.io.IoBridge.open(IoBridge.java:561)
04-10 17:16:42.871 W/hpplay-java(19925): ... 15 more
04-10 17:16:42.888 E/MediaProvider( 3133): Creating a non-default top level directory or deleting an existing one is not allowed!
04-10 17:16:42.890 E/MediaProvider( 3133): Creating a non-default top level directory or deleting an existing one is not allowed!
04-10 17:16:42.912 E/MediaProvider( 3133): Creating a non-default top level directory or deleting an existing one is not allowed!
04-10 17:16:42.914 E/MediaProvider( 3133): Creating a non-default top level directory or deleting an existing one is not allowed!
04-10 17:16:42.941 E/MediaProvider( 3133): Creating a non-default top level directory or deleting an existing one is not allowed!
04-10 17:16:42.943 E/MediaProvider( 3133): Creating a non-default top level directory or deleting an existing one is not allowed!
04-10 17:16:42.947 W/hpplay-java(19925): [AsyncTask #1]:APIFileUtil:java.io.FileNotFoundException: /storage/emulated/0/com.hht.lebocast/sink/sdk/hpdata/60146/25915/PLUGIN_MIRROR/YOUMI/105/hpplay-youme-dex.jar: open failed: ENOENT (No such file or directory)
04-10 17:16:42.947 W/hpplay-java(19925): at libcore.io.IoBridge.open(IoBridge.java:575)
04-10 17:16:42.947 W/hpplay-java(19925): at java.io.FileOutputStream.(FileOutputStream.java:236)
04-10 17:16:42.947 W/hpplay-java(19925): at java.io.FileOutputStream.(FileOutputStream.java:186)
04-10 17:16:42.947 W/hpplay-java(19925): at com.hpplay.sdk.sink.util.APIFileUtil.a(SourceFile:4)
04-10 17:16:42.947 W/hpplay-java(19925): at com.hpplay.sdk.sink.util.APIFileUtil.a(SourceFile:34)
04-10 17:16:42.947 W/hpplay-java(19925): at com.hpplay.sdk.sink.util.APIFileUtil.a(SourceFile:38)
04-10 17:16:42.947 W/hpplay-java(19925): at com.hpplay.sdk.sink.util.APIFileUtil.a(SourceFile:38)
04-10 17:16:42.947 W/hpplay-java(19925): at com.hpplay.sdk.sink.util.APIFileUtil.a(SourceFile:38)
04-10 17:16:42.947 W/hpplay-java(19925): at com.hpplay.sdk.sink.proxy.ModuleLoader.c(SourceFile:12)
04-10 17:16:42.947 W/hpplay-java(19925): at com.hpplay.sdk.sink.proxy.ModuleLoader.d(SourceFile:14)
04-10 17:16:42.947 W/hpplay-java(19925): at com.hpplay.sdk.sink.proxy.ModuleLoader.c(SourceFile:1)
04-10 17:16:42.947 W/hpplay-java(19925): at com.hpplay.sdk.sink.proxy.ModuleLoader$2.call(SourceFile:1)
04-10 17:16:42.947 W/hpplay-java(19925): at com.hpplay.common.asyncmanager.AsyncCallableJob.doInBackground(SourceFile:1)
04-10 17:16:42.947 W/hpplay-java(19925): at android.os.AsyncTask$3.call(AsyncTask.java:394)
04-10 17:16:42.947 W/hpplay-java(19925): at java.util.concurrent.FutureTask.run(FutureTask.java:266)
04-10 17:16:42.947 W/hpplay-java(19925): at java.util.concurrent.ThreadPoolExecutor.runWorker(ThreadPoolExecutor.java:1167)
04-10 17:16:42.947 W/hpplay-java(19925): at java.util.concurrent.ThreadPoolExecutor$Worker.run(ThreadPoolExecutor.java:641)
04-10 17:16:42.947 W/hpplay-java(19925): at java.lang.Thread.run(Thread.java:920)
04-10 17:16:42.947 W/hpplay-java(19925): Caused by: android.system.ErrnoException: open failed: ENOENT (No such file or directory)
04-10 17:16:42.947 W/hpplay-java(19925): at libcore.io.Linux.open(Native Method)
04-10 17:16:42.947 W/hpplay-java(19925): at libcore.io.ForwardingOs.open(ForwardingOs.java:567)
04-10 17:16:42.947 W/hpplay-java(19925): at libcore.io.BlockGuardOs.open(BlockGuardOs.java:273)
04-10 17:16:42.947 W/hpplay-java(19925): at libcore.io.ForwardingOs.open(ForwardingOs.java:567)
04-10 17:16:42.947 W/hpplay-java(19925): at android.app.ActivityThread$AndroidOs.open(ActivityThread.java:7766)
04-10 17:16:42.947 W/hpplay-java(19925): at libcore.io.IoBridge.open(IoBridge.java:561)
04-10 17:16:42.947 W/hpplay-java(19925): ... 17 more
04-10 17:16:42.948 W/hpplay-java(19925): [AsyncTask #1]:APIFileUtil:java.io.FileNotFoundException: /storage/emulated/0/com.hht.lebocast/sink/sdk/hpdata/60146/25915/PLUGIN_MIRROR/YOUMI/105/libyoume_voice_engine.so: open failed: ENOENT (No such file or directory)
04-10 17:16:42.948 W/hpplay-java(19925): at libcore.io.IoBridge.open(IoBridge.java:575)
04-10 17:16:42.948 W/hpplay-java(19925): at java.io.FileOutputStream.(FileOutputStream.java:236)
04-10 17:16:42.948 W/hpplay-java(19925): at java.io.FileOutputStream.(FileOutputStream.java:186)
04-10 17:16:42.948 W/hpplay-java(19925): at com.hpplay.sdk.sink.util.APIFileUtil.a(SourceFile:4)
04-10 17:16:42.948 W/hpplay-java(19925): at com.hpplay.sdk.sink.util.APIFileUtil.a(SourceFile:34)
04-10 17:16:42.948 W/hpplay-java(19925): at com.hpplay.sdk.sink.util.APIFileUtil.a(SourceFile:38)
04-10 17:16:42.948 W/hpplay-java(19925): at com.hpplay.sdk.sink.util.APIFileUtil.a(SourceFile:38)
04-10 17:16:42.948 W/hpplay-java(19925): at com.hpplay.sdk.sink.util.APIFileUtil.a(SourceFile:38)
04-10 17:16:42.948 W/hpplay-java(19925): at com.hpplay.sdk.sink.proxy.ModuleLoader.c(SourceFile:12)
04-10 17:16:42.948 W/hpplay-java(19925): at com.hpplay.sdk.sink.proxy.ModuleLoader.d(SourceFile:14)
04-10 17:16:42.948 W/hpplay-java(19925): at com.hpplay.sdk.sink.proxy.ModuleLoader.c(SourceFile:1)
04-10 17:16:42.948 W/hpplay-java(19925): at com.hpplay.sdk.sink.proxy.ModuleLoader$2.call(SourceFile:1)
04-10 17:16:42.948 W/hpplay-java(19925): at com.hpplay.common.asyncmanager.AsyncCallableJob.doInBackground(SourceFile:1)
04-10 17:16:42.948 W/hpplay-java(19925): at android.os.AsyncTask$3.call(AsyncTask.java:394)
04-10 17:16:42.948 W/hpplay-java(19925): at java.util.concurrent.FutureTask.run(FutureTask.java:266)
04-10 17:16:42.948 W/hpplay-java(19925): at java.util.concurrent.ThreadPoolExecutor.runWorker(ThreadPoolExecutor.java:1167)
04-10 17:16:42.948 W/hpplay-java(19925): at java.util.concurrent.ThreadPoolExecutor$Worker.run(ThreadPoolExecutor.java:641)
04-10 17:16:42.948 W/hpplay-java(19925): at java.lang.Thread.run(Thread.java:920)
04-10 17:16:42.948 W/hpplay-java(19925): Caused by: android.system.ErrnoException: open failed: ENOENT (No such file or directory)
04-10 17:16:42.948 W/hpplay-java(19925): at libcore.io.Linux.open(Native Method)
04-10 17:16:42.948 W/hpplay-java(19925): at libcore.io.ForwardingOs.open(ForwardingOs.java:567)
04-10 17:16:42.948 W/hpplay-java(19925): at libcore.io.BlockGuardOs.open(BlockGuardOs.java:273)
04-10 17:16:42.948 W/hpplay-java(19925): at libcore.io.ForwardingOs.open(ForwardingOs.java:567)
04-10 17:16:42.948 W/hpplay-java(19925): at android.app.ActivityThread$AndroidOs.open(ActivityThread.java:7766)
04-10 17:16:42.948 W/hpplay-java(19925): at libcore.io.IoBridge.open(IoBridge.java:561)
04-10 17:16:42.948 W/hpplay-java(19925): ... 17 more
04-10 17:16:42.948 I/hpplay-java(19925): [AsyncTask #1]:ModuleLoader:checkDex preparedFolder:/data/user/0/com.hht.lebocast/files/hpplay/hpdata/60146/25915
04-10 17:16:42.949 I/hpplay-java(19925): [main]:ModuleLoader:handleMessage what: 1
04-10 17:16:42.949 I/hpplay-java(19925): [main]:ModuleLoader:loadBu,isFirstLoadBuDex:true
04-10 17:16:42.954 I/hpplay-java(19925): [AsyncTask #2]:ModuleLoader:loadDex path: /data/user/0/com.hht.lebocast/files/hpplay/hpdata/60146/25915/bu.dex library: /data/user/0/com.hht.lebocast/lib
04-10 17:16:42.974 I/PatchUtils(19925): system abis -----> arm64-v8a,armeabi-v7a,armeabi,
04-10 17:16:42.974 I/PatchParser(19925): no new patch
04-10 17:16:42.975 I/LinkerInfosManager(19925): start find external classloader dex
04-10 17:16:42.976 D/SystemHookUtils(19925): dex path /data/user/0/com.hht.lebocast/files/hpplay/hpdata/60146/25915/bu.dex
04-10 17:16:42.976 W/om.hht.lebocas(19925): Opening an oat file without a class loader. Are you using the deprecated DexFile APIs?
04-10 17:16:42.993 I/SystemHookUtils(19925): android high version sdk find dex file size 1
04-10 17:16:42.996 I/LinkerInfosManager(19925): ================= not patch classloader
04-10 17:16:42.996 I/LinkerInfosManager(19925): ================= external path /data/user/0/com.hht.lebocast/files/hpplay/hpdata/60146/25915/bu.dex
04-10 17:16:42.996 W/om.hht.lebocas(19925): Opening an oat file without a class loader. Are you using the deprecated DexFile APIs?
04-10 17:16:43.006 I/LinkerInfosManager(19925): =======use local path ==========
04-10 17:16:43.006 I/LinkerInfosManager(19925): ================= com.hpplay.component.common.utils.ModuleInfos
04-10 17:16:43.006 I/ModuleLoadUtils(19925): main dex find class failed
04-10 17:16:43.006 I/SystemHookUtils(19925): parent find class failed
04-10 17:16:43.006 I/ModuleLoadUtils(19925): component find class failed
04-10 17:16:43.006 I/ModuleLoadUtils(19925): .ModuleInfos not find ...
04-10 17:16:43.007 W/LinkerInfosManager(19925): java.lang.NullPointerException: Attempt to invoke virtual method 'java.lang.Class java.lang.Object.getClass()' on a null object reference
04-10 17:16:43.007 W/LinkerInfosManager(19925): at com.hpplay.component.modulelinker.d.a(SourceFile:10)
04-10 17:16:43.007 W/LinkerInfosManager(19925): at com.hpplay.component.modulelinker.b.a(SourceFile:40)
04-10 17:16:43.007 W/LinkerInfosManager(19925): at com.hpplay.component.modulelinker.b.a(SourceFile:9)
04-10 17:16:43.007 W/LinkerInfosManager(19925): at com.hpplay.component.modulelinker.c.init(SourceFile:13)
04-10 17:16:43.007 W/LinkerInfosManager(19925): at com.hpplay.component.modulelinker.api.ModuleLinker.init(SourceFile:8)
04-10 17:16:43.007 W/LinkerInfosManager(19925): at com.hpplay.sdk.sink.proxy.ModuleLoader.b(SourceFile:29)
04-10 17:16:43.007 W/LinkerInfosManager(19925): at com.hpplay.sdk.sink.proxy.ModuleLoader.b(SourceFile:2)
04-10 17:16:43.007 W/LinkerInfosManager(19925): at com.hpplay.sdk.sink.proxy.ModuleLoader$3.run(SourceFile:1)
04-10 17:16:43.007 W/LinkerInfosManager(19925): at com.hpplay.common.asyncmanager.AsyncRunnableJob.doInBackground(SourceFile:1)
04-10 17:16:43.007 W/LinkerInfosManager(19925): at android.os.AsyncTask$3.call(AsyncTask.java:394)
04-10 17:16:43.007 W/LinkerInfosManager(19925): at java.util.concurrent.FutureTask.run(FutureTask.java:266)
04-10 17:16:43.007 W/LinkerInfosManager(19925): at java.util.concurrent.ThreadPoolExecutor.runWorker(ThreadPoolExecutor.java:1167)
04-10 17:16:43.007 W/LinkerInfosManager(19925): at java.util.concurrent.ThreadPoolExecutor$Worker.run(ThreadPoolExecutor.java:641)
04-10 17:16:43.007 W/LinkerInfosManager(19925): at java.lang.Thread.run(Thread.java:920)
04-10 17:16:43.007 I/ModuleLinkerImp(19925): init time 41
04-10 17:16:43.007 I/ModuleLinkerImp(19925): =====> 0
04-10 17:16:43.009 I/hpplay-java(19925): [main]:ModuleLoader:handleMessage what: 3
04-10 17:16:43.009 I/hpplay-java(19925): [main]:ModuleLoader:mSoPath: null
04-10 17:16:43.009 I/hpplay-java(19925): [main]:ModuleLoader:liblelink commit id api:027d01cda77c3b15c41f64bb549c08dc2c00371c
04-10 17:16:43.015 I/hpplay-java(19925): [AsyncTask #3]:BuildConfigSupport:isDEBUG DEBUG:false
04-10 17:16:43.016 I/hpplay-java(19925): [AsyncTask #3]:LelinkCastImpl:liblelink commit id bu:027d01cda77c3b15c41f64bb549c08dc2c00371c
04-10 17:16:43.016 I/hpplay-java(19925): [AsyncTask #3]:BuildConfigSupport:getVersionCode VERSION_CODE:60146
04-10 17:16:43.017 I/hpplay-java(19925): [AsyncTask #3]:BuildConfigSupport:getBuVersionCode BU_VERSION_CODE: 25915
04-10 17:16:43.018 I/hpplay-java(19925): [AsyncTask #3]:LelinkLoader:no external so file found
04-10 17:16:43.018 I/hpplay-java(19925): [AsyncTask #3]:LelinkLoader:loadSo BU_VERSION_CODE:25915, PackageName:com.hht.lebocast,loadFile /data/user/0/com.hht.lebocast/lib/liblelink.so
04-10 17:16:43.022 I/hpplay-java(19925): [AsyncTask #3]:BPIFileUtil:getMd5ByFile: 0FA04FD08975C81CDD9275F6AE23A020
04-10 17:16:43.022 I/hpplay-java(19925): [AsyncTask #3]:BPIFileUtil:getMd5ByFile: 0FA04FD08975C81CDD9275F6AE23A020
04-10 17:16:43.023 I/hpplay-java(19925): [AsyncTask #3]:LibLoader:loadSo mDefaultPath:/data/user/0/com.hht.lebocast/lib
04-10 17:16:43.023 I/hpplay-java(19925): [AsyncTask #3]:LibLoader:getValidPath check path:/data/user/0/com.hht.lebocast/lib/liblelink.so
04-10 17:16:43.024 I/hpplay-java(19925): [AsyncTask #3]:LibLoader:getValidPath check path:/data/user/0/com.hht.lebocast/files/hpplay/file/liblelink.so
04-10 17:16:43.024 I/hpplay-java(19925): [AsyncTask #3]:LibLoader:getValidPath check path:/system_ext/app/TCCast/lib/arm/liblelink.so
04-10 17:16:43.024 I/hpplay-java(19925): [AsyncTask #3]:LibLoader:getValidPath check path:/system/app/com.hht.lebocast/lib/arm/liblelink.so
04-10 17:16:43.024 I/hpplay-java(19925): [AsyncTask #3]:LibLoader:getValidPath check path:/system/lib/com.hht.lebocast/liblelink.so
04-10 17:16:43.025 I/hpplay-java(19925): [AsyncTask #3]:LibLoader:getValidPath check path:/system/etc/liblelink.so
04-10 17:16:43.025 I/hpplay-java(19925): [AsyncTask #3]:LibLoader:getValidPath check path:/system/lib/liblelink.so
04-10 17:16:43.025 I/hpplay-java(19925): [AsyncTask #3]:LibLoader:getValidPath check path:/data/app-lib/com.hht.lebocast/liblelink.so
04-10 17:16:43.026 I/hpplay-java(19925): [AsyncTask #3]:LibLoader:getValidPath check path:/product/lib/liblelink.so
04-10 17:16:43.026 I/hpplay-java(19925): [AsyncTask #3]:LibLoader:getValidPath check path:/system/private-app/com.hht.lebocast/lib/arm/liblelink.so
04-10 17:16:43.026 I/hpplay-java(19925): [AsyncTask #3]:LibLoader:getValidPath check path:/system_ext/app/TCCast/lib/arm/liblelink.so
04-10 17:16:43.026 I/hpplay-java(19925): [AsyncTask #3]:LibLoader:getValidPath check path:/data/user/0/com.hht.lebocast/files/hpplay/common/liblelink.so
04-10 17:16:43.057 I/hpplay-java(19925): [AsyncTask #3]:BPIFileUtil:getMd5ByFile: 054CE34B3CB1D77895EFC5B3CCEA7E39
04-10 17:16:43.057 I/hpplay-java(19925): [AsyncTask #3]:LibLoader:getValidPath soPath:/data/user/0/com.hht.lebocast/files/hpplay/common/liblelink.so
04-10 17:16:43.062 I/hpplay-base(19925): liblelink ver: 90610 (Jul 18 2022 10:14:10)
04-10 17:16:43.062 I/hpplay-base(19925): liblelink commit id: 6854d2ad4a11b788b5c223c313843b85637a5ae2
04-10 17:16:43.063 I/hpplay-java(19925): [AsyncTask #3]:LibLoader:loadSo lelink true
04-10 17:16:43.063 I/hpplay-java(19925): [AsyncTask #3]:LelinkLoader:load so from assets java.lang.NumberFormatException: For input string: "lib"
04-10 17:16:43.063 I/hpplay-java(19925): [AsyncTask #3]:BuildConfigSupport:getBuVersionName BU_VERSION_NAME:2.59.15-2022-07-25-17-24
04-10 17:16:43.063 I/hpplay-java(19925): [main]:ModuleLoader:handleMessage what: 2
04-10 17:16:43.063 I/hpplay-java(19925): [main]:LelinkCastWrapper:onLoad isSuccess:true
04-10 17:16:43.063 I/hpplay-java(19925): [main]:LelinkCastWrapper:startService mService: null
04-10 17:16:43.064 I/hpplay-java(19925): [main]:LelinkCastWrapper:startService success: true
01-01 15:10:58.582 W/audit ( 0): audit_lost=706513387 audit_rate_limit=5 audit_backlog_limit=64
01-01 15:10:58.590 E/audit ( 0): rate limit exceeded
04-10 17:16:43.163 W/event_loop( 1802): type=1400 audit(0.0:706629968): avc: denied { read } for lport=13400 scontext=u:r:hht_ota_mgr:s0 tcontext=u:r:hht_ota_mgr:s0 tclass=udp_socket permissive=0
04-10 17:16:43.163 W/event_loop( 1802): type=1400 audit(0.0:706629969): avc: denied { read } for lport=13400 scontext=u:r:hht_ota_mgr:s0 tcontext=u:r:hht_ota_mgr:s0 tclass=udp_socket permissive=0
04-10 17:16:43.163 W/event_loop( 1802): type=1400 audit(0.0:706629970): avc: denied { read } for lport=13400 scontext=u:r:hht_ota_mgr:s0 tcontext=u:r:hht_ota_mgr:s0 tclass=udp_socket permissive=0
04-10 17:16:43.163 W/event_loop( 1802): type=1400 audit(0.0:706629971): avc: denied { read } for lport=13400 scontext=u:r:hht_ota_mgr:s0 tcontext=u:r:hht_ota_mgr:s0 tclass=udp_socket permissive=0
04-10 17:16:43.163 W/event_loop( 1802): type=1400 audit(0.0:706629972): avc: denied { read } for lport=13400 scontext=u:r:hht_ota_mgr:s0 tcontext=u:r:hht_ota_mgr:s0 tclass=udp_socket permissive=0
04-10 17:16:43.348 I/mpu_uart( 661): [MSG-P:RECV]:No message received in 1000 ms
01-01 15:10:59.586 W/audit ( 0): audit_lost=706544427 audit_rate_limit=5 audit_backlog_limit=64
01-01 15:10:59.593 E/audit ( 0): rate limit exceeded
04-10 17:16:44.167 W/event_loop( 1802): type=1400 audit(0.0:706660987): avc: denied { read } for lport=13400 scontext=u:r:hht_ota_mgr:s0 tcontext=u:r:hht_ota_mgr:s0 tclass=udp_socket permissive=0
04-10 17:16:44.167 W/event_loop( 1802): type=1400 audit(0.0:706660988): avc: denied { read } for lport=13400 scontext=u:r:hht_ota_mgr:s0 tcontext=u:r:hht_ota_mgr:s0 tclass=udp_socket permissive=0
04-10 17:16:44.167 W/event_loop( 1802): type=1400 audit(0.0:706660989): avc: denied { read } for lport=13400 scontext=u:r:hht_ota_mgr:s0 tcontext=u:r:hht_ota_mgr:s0 tclass=udp_socket permissive=0
04-10 17:16:44.167 W/event_loop( 1802): type=1400 audit(0.0:706660990): avc: denied { read } for lport=13400 scontext=u:r:hht_ota_mgr:s0 tcontext=u:r:hht_ota_mgr:s0 tclass=udp_socket permissive=0
04-10 17:16:44.167 W/event_loop( 1802): type=1400 audit(0.0:706660991): avc: denied { read } for lport=13400 scontext=u:r:hht_ota_mgr:s0 tcontext=u:r:hht_ota_mgr:s0 tclass=udp_socket permissive=0
04-10 17:16:44.318 D/LOWI-9.0.0.87.a( 1478): [LOWI-Scan] wait_event:Wait done with Cmd 33
04-10 17:16:44.318 D/LOWI-9.0.0.87.a( 1478): [LOWI-Scan] do_listen_events: Rcvd valid Netlink Cmd 0 Err 0
04-10 17:16:44.349 I/mpu_uart( 661): [MSG-P:RECV]:No message received in 1000 ms
01-01 15:10:59.868 I/[schedu][0x7399d8811e][17:16:44.395738] wlan( 0): [2447:I:OSIF] scan start scan id 41049
01-01 15:11:00.006 E/DTC_ETH,link_delay_work_func( 0): 3003, SQI=9, link=1
01-01 15:11:00.590 W/audit ( 0): audit_lost=706576187 audit_rate_limit=5 audit_backlog_limit=64
01-01 15:11:00.598 E/audit ( 0): rate limit exceeded
04-10 17:16:45.171 W/event_loop( 1802): type=1400 audit(0.0:706692836): avc: denied { read } for lport=13400 scontext=u:r:hht_ota_mgr:s0 tcontext=u:r:hht_ota_mgr:s0 tclass=udp_socket permissive=0
04-10 17:16:45.200 I/mpu_uart( 661): [MSG-P:R]:recv sync frame timeout
04-10 17:16:45.171 W/event_loop( 1802): type=1400 audit(0.0:706692837): avc: denied { read } for lport=13400 scontext=u:r:hht_ota_mgr:s0 tcontext=u:r:hht_ota_mgr:s0 tclass=udp_socket permissive=0
04-10 17:16:45.171 W/event_loop( 1802): type=1400 audit(0.0:706692838): avc: denied { read } for lport=13400 scontext=u:r:hht_ota_mgr:s0 tcontext=u:r:hht_ota_mgr:s0 tclass=udp_socket permissive=0
04-10 17:16:45.171 W/event_loop( 1802): type=1400 audit(0.0:706692839): avc: denied { read } for lport=13400 scontext=u:r:hht_ota_mgr:s0 tcontext=u:r:hht_ota_mgr:s0 tclass=udp_socket permissive=0
04-10 17:16:45.171 W/event_loop( 1802): type=1400 audit(0.0:706692840): avc: denied { read } for lport=13400 scontext=u:r:hht_ota_mgr:s0 tcontext=u:r:hht_ota_mgr:s0 tclass=udp_socket permissive=0
04-10 17:16:45.349 I/mpu_uart( 661): [MSG-P:RECV]:No message received in 1000 ms
04-10 17:16:45.805 D/ConnectivityService( 1167): NetReassign [no changes]
04-10 17:16:46.015 D/LOWI-9.0.0.87.a( 1478): [LOWI-Scan] wait_event:Wait done with Cmd 34
04-10 17:16:46.015 D/LOWI-9.0.0.87.a( 1478): [LOWI-Scan] do_listen_events: Rcvd valid Netlink Cmd 34 Err 0
04-10 17:16:46.019 D/WifiNl80211Manager( 1167): Scan result ready event
04-10 17:16:46.019 D/WifiNative( 1167): Scan result ready event
04-10 17:16:46.019 D/LOWI-9.0.0.87.a( 1478): [LOWI-Scan]
04-10 17:16:46.019 D/LOWI-9.0.0.87.a( 1478): [LOWI-Scan] print_bss_handler: Report Probe TSF 25853838807 as it greater than Beacon TSF 25827862113
04-10 17:16:46.019 D/LOWI-9.0.0.87.a( 1478): [LOWI-Scan] decode_rsn_wpa_ie: LOWI_ENCRYPTION_TYPE_WPA_PSK
04-10 17:16:46.020 D/LOWI-9.0.0.87.a( 1478): [LOWI-Scan] is_qcom_ie, bss_age: 0
04-10 17:16:46.020 D/LOWI-9.0.0.87.a( 1478): [LOWI-Scan] BSS ec:60:73:0f:c5:0c LOWI_PHY_MODE_11NG_HT40(7), Beacon Interval: 100, LOWI_ENCRYPTION_TYPE_WPA_PSK 11mcRanging: No, ANQP: No, LCI: No, Civic: No, capability(0x1411): ESS Privacy ShortSlotTime
04-10 17:16:46.020 D/LOWI-9.0.0.87.a( 1478): [LOWI-Scan] BSS ec:60:73:0f:c5:0c FREQ: 2437, cFreq1[40:80:160] = [2427:0:0] cFreq2 = 0 Country Code = CN
04-10 17:16:46.020 D/LOWI-9.0.0.87.a( 1478): [LOWI-Scan] BSS ec:60:73:0f:c5:0c (wlan0) ASSO: NO AddInfo: 0x0, TSF 0, 07:10:53.838, RSSI: -98, CPL: 127, AGE: 1056, SSID HH_Colorgroup, TSFDelta: 0xdfddcc9e, TXRate: 0
04-10 17:16:46.020 D/LOWI-9.0.0.87.a( 1478): [LOWI-Scan]
04-10 17:16:46.020 D/LOWI-9.0.0.87.a( 1478): [LOWI-Scan] print_bss_handler: Report Probe TSF 25853954660 as it greater than Beacon TSF 25787100400
04-10 17:16:46.020 D/LOWI-9.0.0.87.a( 1478): [LOWI-Scan] decode_rsn_wpa_ie: LOWI_ENCRYPTION_TYPE_WPA_PSK
04-10 17:16:46.021 D/LOWI-9.0.0.87.a( 1478): [LOWI-Scan] is_qcom_ie, bss_age: 0
04-10 17:16:46.021 D/LOWI-9.0.0.87.a( 1478): [LOWI-Scan] BSS ec:60:73:0f:c5:0e LOWI_PHY_MODE_11AC_VHT80(10), Beacon Interval: 100, LOWI_ENCRYPTION_TYPE_WPA_PSK 11mcRanging: No, ANQP: No, LCI: No, Civic: No, capability(0x1011): ESS Privacy
04-10 17:16:46.021 D/LOWI-9.0.0.87.a( 1478): [LOWI-Scan] BSS ec:60:73:0f:c5:0e FREQ: 5785, cFreq1[40:80:160] = [5795:5775:0] cFreq2 = 0 Country Code = CN
04-10 17:16:46.028 D/LOWI-9.0.0.87.a( 1478): [LOWI-Scan] BSS ec:60:73:0f:c5:0e (wlan0) ASSO: NO AddInfo: 0x0, TSF 0, 07:10:53.954, RSSI: -88, CPL: 127, AGE: 940, SSID HH_Colorgroup, TSFDelta: 0xe281de91, TXRate: 0
04-10 17:16:46.029 D/LOWI-9.0.0.87.a( 1478): [LOWI-Scan]
04-10 17:16:46.029 D/LOWI-9.0.0.87.a( 1478): [LOWI-Scan] print_bss_handler: Report beacon TSF 25854846051 as it greater than probe TSF 25074772351
04-10 17:16:46.029 D/LOWI-9.0.0.87.a( 1478): [LOWI-Scan] decode_rsn_wpa_ie: LOWI_ENCRYPTION_TYPE_WPA_EAP
04-10 17:16:46.029 D/LOWI-9.0.0.87.a( 1478): [LOWI-Scan] is_qcom_ie, bss_age: 0
04-10 17:16:46.031 D/LOWI-9.0.0.87.a( 1478): [LOWI-Scan] BSS 98:f1:81:81:6e:c1 LOWI_PHY_MODE_11AC_VHT80(10), Beacon Interval: 100, LOWI_ENCRYPTION_TYPE_WPA_EAP 11mcRanging: No, ANQP: No, LCI: No, Civic: No, capability(0x8011): ESS Privacy
04-10 17:16:46.031 D/LOWI-9.0.0.87.a( 1478): [LOWI-Scan] BSS 98:f1:81:81:6e:c1 FREQ: 5320, cFreq1[40:80:160] = [5310:5290:0] cFreq2 = 0 Country Code = CN
04-10 17:16:46.031 D/LOWI-9.0.0.87.a( 1478): [LOWI-Scan] BSS 98:f1:81:81:6e:c1 (wlan0) ASSO: NO AddInfo: 0x1, TSF 0, 07:10:54.846, RSSI: -166, CPL: 127, AGE: 48, SSID HH, TSFDelta: 0x1795ba7d, TXRate: 0
04-10 17:16:46.032 D/LOWI-9.0.0.87.a( 1478): [LOWI-Scan]
04-10 17:16:46.032 D/LOWI-9.0.0.87.a( 1478): [LOWI-Scan] print_bss_handler: Report beacon TSF 25854847641 as it greater than probe TSF 25074773935
04-10 17:16:46.032 D/LOWI-9.0.0.87.a( 1478): [LOWI-Scan] is_qcom_ie, bss_age: 0
04-10 17:16:46.032 D/LOWI-9.0.0.87.a( 1478): [LOWI-Scan] BSS 98:f1:81:81:6e:c2 LOWI_PHY_MODE_11AC_VHT80(10), Beacon Interval: 100, LOWI_ENCRYPTION_TYPE_OPEN 11mcRanging: No, ANQP: No, LCI: No, Civic: No, capability(0x8001): ESS
04-10 17:16:46.032 D/LOWI-9.0.0.87.a( 1478): [LOWI-Scan] BSS 98:f1:81:81:6e:c2 FREQ: 5320, cFreq1[40:80:160] = [5310:5290:0] cFreq2 = 0 Country Code = CN
04-10 17:16:46.032 D/LOWI-9.0.0.87.a( 1478): [LOWI-Scan] BSS 98:f1:81:81:6e:c2 (wlan0) ASSO: NO AddInfo: 0x1, TSF 0, 07:10:54.847, RSSI: -168, CPL: 127, AGE: 48, SSID HH-mobile, TSFDelta: 0x17a15619, TXRate: 0
04-10 17:16:46.033 D/LOWI-9.0.0.87.a( 1478): [LOWI-Scan]
04-10 17:16:46.033 D/LOWI-9.0.0.87.a( 1478): [LOWI-Scan] print_bss_handler: Report beacon TSF 25854849604 as it greater than probe TSF 25074774343
04-10 17:16:46.033 D/LOWI-9.0.0.87.a( 1478): [LOWI-Scan] is_qcom_ie, bss_age: 0
04-10 17:16:46.033 D/LOWI-9.0.0.87.a( 1478): [LOWI-Scan] BSS 98:f1:81:81:6e:c3 LOWI_PHY_MODE_11AC_VHT80(10), Beacon Interval: 100, LOWI_ENCRYPTION_TYPE_OPEN 11mcRanging: No, ANQP: No, LCI: No, Civic: No, capability(0x8001): ESS
04-10 17:16:46.033 D/LOWI-9.0.0.87.a( 1478): [LOWI-Scan] BSS 98:f1:81:81:6e:c3 FREQ: 5320, cFreq1[40:80:160] = [5310:5290:0] cFreq2 = 0 Country Code = CN
04-10 17:16:46.033 D/LOWI-9.0.0.87.a( 1478): [LOWI-Scan] BSS 98:f1:81:81:6e:c3 (wlan0) ASSO: NO AddInfo: 0x1, TSF 0, 07:10:54.849, RSSI: -170, CPL: 127, AGE: 44, SSID HH-Guest, TSFDelta: 0x17a540a1, TXRate: 0
04-10 17:16:46.034 D/LOWI-9.0.0.87.a( 1478): [LOWI-Scan]
04-10 17:16:46.034 D/LOWI-9.0.0.87.a( 1478): [LOWI-Scan] print_bss_handler: Report beacon TSF 25854850387 as it greater than probe TSF 25074775603
04-10 17:16:46.034 D/LOWI-9.0.0.87.a( 1478): [LOWI-Scan] decode_rsn_wpa_ie: LOWI_ENCRYPTION_TYPE_WPA_PSK
04-10 17:16:46.034 D/LOWI-9.0.0.87.a( 1478): [LOWI-Scan] is_qcom_ie, bss_age: 0
04-10 17:16:46.034 D/LOWI-9.0.0.87.a( 1478): [LOWI-Scan] BSS 98:f1:81:81:6e:c4 LOWI_PHY_MODE_11AC_VHT80(10), Beacon Interval: 100, LOWI_ENCRYPTION_TYPE_WPA_PSK 11mcRanging: No, ANQP: No, LCI: No, Civic: No, capability(0x8011): ESS Privacy
04-10 17:16:46.034 D/LOWI-9.0.0.87.a( 1478): [LOWI-Scan] BSS 98:f1:81:81:6e:c4 FREQ: 5320, cFreq1[40:80:160] = [5310:5290:0] cFreq2 = 0 Country Code = CN
04-10 17:16:46.034 D/LOWI-9.0.0.87.a( 1478): [LOWI-Scan] BSS 98:f1:81:81:6e:c4 (wlan0) ASSO: NO AddInfo: 0x1, TSF 0, 07:10:54.850, RSSI: -170, CPL: 127, AGE: 44, SSID Hello, TSFDelta: 0x17b1b8ae, TXRate: 0
04-10 17:16:46.035 D/LOWI-9.0.0.87.a( 1478): [LOWI-Scan]
04-10 17:16:46.035 D/LOWI-9.0.0.87.a( 1478): [LOWI-Scan] print_bss_handler: Report Probe TSF 25853635190 as it greater than Beacon TSF 25828304818
04-10 17:16:46.035 D/LOWI-9.0.0.87.a( 1478): [LOWI-Scan] decode_rsn_wpa_ie: LOWI_ENCRYPTION_TYPE_WPA_PSK
04-10 17:16:46.035 D/LOWI-9.0.0.87.a( 1478): [LOWI-Scan] is_qcom_ie, bss_age: 0
04-10 17:16:46.035 D/LOWI-9.0.0.87.a( 1478): [LOWI-Scan] BSS 98:f1:81:80:9c:30 LOWI_PHY_MODE_11AC_VHT80(10), Beacon Interval: 100, LOWI_ENCRYPTION_TYPE_WPA_PSK 11mcRanging: No, ANQP: No, LCI: No, Civic: No, capability(0x8011): ESS Privacy
04-10 17:16:46.035 D/LOWI-9.0.0.87.a( 1478): [LOWI-Scan] BSS 98:f1:81:80:9c:30 FREQ: 5240, cFreq1[40:80:160] = [5230:5210:0] cFreq2 = 0 Country Code = CN
04-10 17:16:46.035 D/LOWI-9.0.0.87.a( 1478): [LOWI-Scan] BSS 98:f1:81:80:9c:30 (wlan0) ASSO: NO AddInfo: 0x0, TSF 0, 07:10:53.635, RSSI: -164, CPL: 127, AGE: 1260, SSID HH-NEW, TSFDelta: 0xbdf950ec, TXRate: 0
04-10 17:16:46.036 D/LOWI-9.0.0.87.a( 1478): [LOWI-Scan]
04-10 17:16:46.036 D/LOWI-9.0.0.87.a( 1478): [LOWI-Scan] print_bss_handler: Report Probe TSF 25853636285 as it greater than Beacon TSF 25828304915
04-10 17:16:46.036 D/LOWI-9.0.0.87.a( 1478): [LOWI-Scan] decode_rsn_wpa_ie: LOWI_ENCRYPTION_TYPE_WPA_EAP
04-10 17:16:46.036 D/LOWI-9.0.0.87.a( 1478): [LOWI-Scan] is_qcom_ie, bss_age: 0
04-10 17:16:46.036 D/LOWI-9.0.0.87.a( 1478): [LOWI-Scan] BSS 98:f1:81:80:9c:31 LOWI_PHY_MODE_11AC_VHT80(10), Beacon Interval: 100, LOWI_ENCRYPTION_TYPE_WPA_EAP 11mcRanging: No, ANQP: No, LCI: No, Civic: No, capability(0x8011): ESS Privacy
04-10 17:16:46.036 D/LOWI-9.0.0.87.a( 1478): [LOWI-Scan] BSS 98:f1:81:80:9c:31 FREQ: 5240, cFreq1[40:80:160] = [5230:5210:0] cFreq2 = 0 Country Code = CN
04-10 17:16:46.036 D/LOWI-9.0.0.87.a( 1478): [LOWI-Scan] BSS 98:f1:81:80:9c:31 (wlan0) ASSO: NO AddInfo: 0x0, TSF 0, 07:10:53.636, RSSI: -162, CPL: 127, AGE: 1256, SSID HH, TSFDelta: 0xbdfdc096, TXRate: 0
04-10 17:16:46.037 D/LOWI-9.0.0.87.a( 1478): [LOWI-Scan]
04-10 17:16:46.037 D/LOWI-9.0.0.87.a( 1478): [LOWI-Scan] print_bss_handler: Report Probe TSF 25853637220 as it greater than Beacon TSF 25828305008
04-10 17:16:46.037 D/LOWI-9.0.0.87.a( 1478): [LOWI-Scan] is_qcom_ie, bss_age: 0
04-10 17:16:46.037 D/LOWI-9.0.0.87.a( 1478): [LOWI-Scan] BSS 98:f1:81:80:9c:32 LOWI_PHY_MODE_11AC_VHT80(10), Beacon Interval: 100, LOWI_ENCRYPTION_TYPE_OPEN 11mcRanging: No, ANQP: No, LCI: No, Civic: No, capability(0x8001): ESS
04-10 17:16:46.037 D/LOWI-9.0.0.87.a( 1478): [LOWI-Scan] BSS 98:f1:81:80:9c:32 FREQ: 5240, cFreq1[40:80:160] = [5230:5210:0] cFreq2 = 0 Country Code = CN
04-10 17:16:46.037 D/LOWI-9.0.0.87.a( 1478): [LOWI-Scan] BSS 98:f1:81:80:9c:32 (wlan0) ASSO: NO AddInfo: 0x0, TSF 0, 07:10:53.637, RSSI: -162, CPL: 127, AGE: 1256, SSID HH-mobile, TSFDelta: 0xbe02180c, TXRate: 0
04-10 17:16:46.038 D/LOWI-9.0.0.87.a( 1478): [LOWI-Scan]
04-10 17:16:46.038 D/LOWI-9.0.0.87.a( 1478): [LOWI-Scan] print_bss_handler: Report Probe TSF 25853638014 as it greater than Beacon TSF 25828305100
04-10 17:16:46.038 D/LOWI-9.0.0.87.a( 1478): [LOWI-Scan] is_qcom_ie, bss_age: 0
04-10 17:16:46.038 D/LOWI-9.0.0.87.a( 1478): [LOWI-Scan] BSS 98:f1:81:80:9c:33 LOWI_PHY_MODE_11AC_VHT80(10), Beacon Interval: 100, LOWI_ENCRYPTION_TYPE_OPEN 11mcRanging: No, ANQP: No, LCI: No, Civic: No, capability(0x8001): ESS
04-10 17:16:46.038 D/LOWI-9.0.0.87.a( 1478): [LOWI-Scan] BSS 98:f1:81:80:9c:33 FREQ: 5240, cFreq1[40:80:160] = [5230:5210:0] cFreq2 = 0 Country Code = CN
04-10 17:16:46.038 D/LOWI-9.0.0.87.a( 1478): [LOWI-Scan] BSS 98:f1:81:80:9c:33 (wlan0) ASSO: NO AddInfo: 0x0, TSF 0, 07:10:53.638, RSSI: -160, CPL: 127, AGE: 1256, SSID HH-Guest, TSFDelta: 0xbe05ff36, TXRate: 0
04-10 17:16:46.039 D/LOWI-9.0.0.87.a( 1478): [LOWI-Scan]
04-10 17:16:46.039 D/LOWI-9.0.0.87.a( 1478): [LOWI-Scan] print_bss_handler: Report Probe TSF 25853638776 as it greater than Beacon TSF 25828305192
04-10 17:16:46.039 D/LOWI-9.0.0.87.a( 1478): [LOWI-Scan] decode_rsn_wpa_ie: LOWI_ENCRYPTION_TYPE_WPA_PSK
04-10 17:16:46.039 D/LOWI-9.0.0.87.a( 1478): [LOWI-Scan] is_qcom_ie, bss_age: 0
04-10 17:16:46.039 D/LOWI-9.0.0.87.a( 1478): [LOWI-Scan] BSS 98:f1:81:80:9c:34 LOWI_PHY_MODE_11AC_VHT80(10), Beacon Interval: 100, LOWI_ENCRYPTION_TYPE_WPA_PSK 11mcRanging: No, ANQP: No, LCI: No, Civic: No, capability(0x8011): ESS Privacy
04-10 17:16:46.039 D/LOWI-9.0.0.87.a( 1478): [LOWI-Scan] BSS 98:f1:81:80:9c:34 FREQ: 5240, cFreq1[40:80:160] = [5230:5210:0] cFreq2 = 0 Country Code = CN
04-10 17:16:46.039 D/LOWI-9.0.0.87.a( 1478): [LOWI-Scan] BSS 98:f1:81:80:9c:34 (wlan0) ASSO: NO AddInfo: 0x0, TSF 0, 07:10:53.638, RSSI: -158, CPL: 127, AGE: 1256, SSID Hello, TSFDelta: 0xbe0da636, TXRate: 0
04-10 17:16:46.040 D/LOWI-9.0.0.87.a( 1478): [LOWI-Scan] -- associated
04-10 17:16:46.040 D/LOWI-9.0.0.87.a( 1478): [LOWI-Scan]
01-01 15:11:01.498 I/[schedu][0x739bb5f9c8][17:16:46.025507] wlan( 0): [2447:I:OSIF] vdev 0, scan id 41049 type COMPLETED(1) reason COMPLETED(1) scan found 34 bss
04-10 17:16:46.040 D/LOWI-9.0.0.87.a( 1478): [LOWI-Scan] print_bss_handler: Report beacon TSF 25854787380 as it greater than probe TSF 25853734871
04-10 17:16:46.040 D/LOWI-9.0.0.87.a( 1478): [LOWI-Scan] decode_rsn_wpa_ie: LOWI_ENCRYPTION_TYPE_WPA_PSK
04-10 17:16:46.040 D/LOWI-9.0.0.87.a( 1478): [LOWI-Scan] is_qcom_ie, bss_age: 0
04-10 17:16:46.040 D/LOWI-9.0.0.87.a( 1478): [LOWI-Scan] BSS 98:f1:81:80:45:71 LOWI_PHY_MODE_11AC_VHT80(10), Beacon Interval: 100, LOWI_ENCRYPTION_TYPE_WPA_PSK 11mcRanging: No, ANQP: No, LCI: No, Civic: No, capability(0x8011): ESS Privacy
04-10 17:16:46.040 D/LOWI-9.0.0.87.a( 1478): [LOWI-Scan] BSS 98:f1:81:80:45:71 FREQ: 5745, cFreq1[40:80:160] = [5755:5775:0] cFreq2 = 0 Country Code = CN
04-10 17:16:46.040 D/LOWI-9.0.0.87.a( 1478): [LOWI-Scan] BSS 98:f1:81:80:45:71 (wlan0) ASSO: YES AddInfo: 0x1, TSF 0, 07:10:54.787, RSSI: -176, CPL: 127, AGE: 0, SSID HH-NEW, TSFDelta: 0xc0c3e474, TXRate: 0
04-10 17:16:46.041 D/LOWI-9.0.0.87.a( 1478): [LOWI-Scan]
04-10 17:16:46.041 D/LOWI-9.0.0.87.a( 1478): [LOWI-Scan] print_bss_handler: Report Probe TSF 25853719733 as it greater than Beacon TSF 25830023359
04-10 17:16:46.042 D/LOWI-9.0.0.87.a( 1478): [LOWI-Scan] decode_rsn_wpa_ie: LOWI_ENCRYPTION_TYPE_WPA_PSK
04-10 17:16:46.042 D/LOWI-9.0.0.87.a( 1478): [LOWI-Scan] is_qcom_ie, bss_age: 0
04-10 17:16:46.042 D/LOWI-9.0.0.87.a( 1478): [LOWI-Scan] BSS 98:f1:81:80:45:70 LOWI_PHY_MODE_11AC_VHT80(10), Beacon Interval: 100, LOWI_ENCRYPTION_TYPE_WPA_PSK 11mcRanging: No, ANQP: No, LCI: No, Civic: No, capability(0x8011): ESS Privacy
04-10 17:16:46.042 D/LOWI-9.0.0.87.a( 1478): [LOWI-Scan] BSS 98:f1:81:80:45:70 FREQ: 5745, cFreq1[40:80:160] = [5755:5775:0] cFreq2 = 0 Country Code = CN
04-10 17:16:46.042 D/LOWI-9.0.0.87.a( 1478): [LOWI-Scan] BSS 98:f1:81:80:45:70 (wlan0) ASSO: NO AddInfo: 0x0, TSF 0, 07:10:53.719, RSSI: -176, CPL: 127, AGE: 1176, SSID Hello, TSFDelta: 0xc0b9f961, TXRate: 0
04-10 17:16:46.042 D/LOWI-9.0.0.87.a( 1478): [LOWI-Scan]
04-10 17:16:46.042 D/LOWI-9.0.0.87.a( 1478): [LOWI-Scan] print_bss_handler: Report Probe TSF 25853736381 as it greater than Beacon TSF 25830023528
04-10 17:16:46.042 D/LOWI-9.0.0.87.a( 1478): [LOWI-Scan] decode_rsn_wpa_ie: LOWI_ENCRYPTION_TYPE_WPA_EAP
04-10 17:16:46.042 D/LOWI-9.0.0.87.a( 1478): [LOWI-Scan] is_qcom_ie, bss_age: 0
04-10 17:16:46.043 D/LOWI-9.0.0.87.a( 1478): [LOWI-Scan] BSS 98:f1:81:80:45:72 LOWI_PHY_MODE_11AC_VHT80(10), Beacon Interval: 100, LOWI_ENCRYPTION_TYPE_WPA_EAP 11mcRanging: No, ANQP: No, LCI: No, Civic: No, capability(0x8011): ESS Privacy
04-10 17:16:46.043 D/LOWI-9.0.0.87.a( 1478): [LOWI-Scan] BSS 98:f1:81:80:45:72 FREQ: 5745, cFreq1[40:80:160] = [5755:5775:0] cFreq2 = 0 Country Code = CN
04-10 17:16:46.043 D/LOWI-9.0.0.87.a( 1478): [LOWI-Scan] BSS 98:f1:81:80:45:72 (wlan0) ASSO: NO AddInfo: 0x0, TSF 0, 07:10:53.736, RSSI: -176, CPL: 127, AGE: 1156, SSID HH, TSFDelta: 0xc0cd993f, TXRate: 0
04-10 17:16:46.043 D/LOWI-9.0.0.87.a( 1478): [LOWI-Scan]
04-10 17:16:46.043 D/LOWI-9.0.0.87.a( 1478): [LOWI-Scan] print_bss_handler: Report Probe TSF 25853737201 as it greater than Beacon TSF 25830023616
04-10 17:16:46.043 D/LOWI-9.0.0.87.a( 1478): [LOWI-Scan] is_qcom_ie, bss_age: 0
04-10 17:16:46.044 D/LOWI-9.0.0.87.a( 1478): [LOWI-Scan] BSS 98:f1:81:80:45:73 LOWI_PHY_MODE_11AC_VHT80(10), Beacon Interval: 100, LOWI_ENCRYPTION_TYPE_OPEN 11mcRanging: No, ANQP: No, LCI: No, Civic: No, capability(0x8001): ESS
04-10 17:16:46.044 D/LOWI-9.0.0.87.a( 1478): [LOWI-Scan] BSS 98:f1:81:80:45:73 FREQ: 5745, cFreq1[40:80:160] = [5755:5775:0] cFreq2 = 0 Country Code = CN
04-10 17:16:46.044 D/LOWI-9.0.0.87.a( 1478): [LOWI-Scan] BSS 98:f1:81:80:45:73 (wlan0) ASSO: NO AddInfo: 0x0, TSF 0, 07:10:53.737, RSSI: -178, CPL: 127, AGE: 1156, SSID HH-mobile, TSFDelta: 0xc0d20cea, TXRate: 0
04-10 17:16:46.044 D/LOWI-9.0.0.87.a( 1478): [LOWI-Scan]
04-10 17:16:46.044 D/LOWI-9.0.0.87.a( 1478): [LOWI-Scan] print_bss_handler: Report Probe TSF 25853737993 as it greater than Beacon TSF 25830023699
04-10 17:16:46.044 D/LOWI-9.0.0.87.a( 1478): [LOWI-Scan] is_qcom_ie, bss_age: 0
04-10 17:16:46.044 D/LOWI-9.0.0.87.a( 1478): [LOWI-Scan] BSS 98:f1:81:80:45:74 LOWI_PHY_MODE_11AC_VHT80(10), Beacon Interval: 100, LOWI_ENCRYPTION_TYPE_OPEN 11mcRanging: No, ANQP: No, LCI: No, Civic: No, capability(0x8001): ESS
04-10 17:16:46.045 D/LOWI-9.0.0.87.a( 1478): [LOWI-Scan] BSS 98:f1:81:80:45:74 FREQ: 5745, cFreq1[40:80:160] = [5755:5775:0] cFreq2 = 0 Country Code = CN
04-10 17:16:46.045 D/LOWI-9.0.0.87.a( 1478): [LOWI-Scan] BSS 98:f1:81:80:45:74 (wlan0) ASSO: NO AddInfo: 0x0, TSF 0, 07:10:53.737, RSSI: -176, CPL: 127, AGE: 1156, SSID HH-Guest, TSFDelta: 0xc0d6f08f, TXRate: 0
04-10 17:16:46.045 D/WificondScannerImpl( 1167): Filtering out 2 scan results.
04-10 17:16:46.045 D/LOWI-9.0.0.87.a( 1478): [LOWI-Scan]
04-10 17:16:46.045 D/LOWI-9.0.0.87.a( 1478): [LOWI-Scan] print_bss_handler: Report Probe TSF 25853337463 as it greater than Beacon TSF 0
04-10 17:16:46.045 D/LOWI-9.0.0.87.a( 1478): [LOWI-Scan] decode_rsn_wpa_ie: LOWI_ENCRYPTION_TYPE_WPA_PSK
04-10 17:16:46.045 D/LOWI-9.0.0.87.a( 1478): [LOWI-Scan] is_qcom_ie, bss_age: 0
04-10 17:16:46.045 D/LOWI-9.0.0.87.a( 1478): [LOWI-Scan] BSS 98:f1:81:80:45:60 LOWI_PHY_MODE_11AC_VHT80(10), Beacon Interval: 100, LOWI_ENCRYPTION_TYPE_WPA_PSK 11mcRanging: No, ANQP: No, LCI: No, Civic: No, capability(0x8011): ESS Privacy
04-10 17:16:46.045 D/LOWI-9.0.0.87.a( 1478): [LOWI-Scan] BSS 98:f1:81:80:45:60 FREQ: 5180, cFreq1[40:80:160] = [5190:5210:0] cFreq2 = 0 Country Code = CN
04-10 17:16:46.045 D/LOWI-9.0.0.87.a( 1478): [LOWI-Scan] BSS 98:f1:81:80:45:60 (wlan0) ASSO: NO AddInfo: 0x0, TSF 0, 07:10:53.337, RSSI: -140, CPL: 127, AGE: 1556, SSID Hello, TSFDelta: 0xb57c5c04, TXRate: 0
04-10 17:16:46.046 D/LOWI-9.0.0.87.a( 1478): [LOWI-Scan]
04-10 17:16:46.046 D/LOWI-9.0.0.87.a( 1478): [LOWI-Scan] print_bss_handler: Report Probe TSF 25853338350 as it greater than Beacon TSF 0
04-10 17:16:46.046 D/LOWI-9.0.0.87.a( 1478): [LOWI-Scan] decode_rsn_wpa_ie: LOWI_ENCRYPTION_TYPE_WPA_EAP
04-10 17:16:46.046 D/LOWI-9.0.0.87.a( 1478): [LOWI-Scan] is_qcom_ie, bss_age: 0
04-10 17:16:46.046 D/LOWI-9.0.0.87.a( 1478): [LOWI-Scan] BSS 98:f1:81:80:45:62 LOWI_PHY_MODE_11AC_VHT80(10), Beacon Interval: 100, LOWI_ENCRYPTION_TYPE_WPA_EAP 11mcRanging: No, ANQP: No, LCI: No, Civic: No, capability(0x8011): ESS Privacy
04-10 17:16:46.046 D/LOWI-9.0.0.87.a( 1478): [LOWI-Scan] BSS 98:f1:81:80:45:62 FREQ: 5180, cFreq1[40:80:160] = [5190:5210:0] cFreq2 = 0 Country Code = CN
04-10 17:16:46.046 D/LOWI-9.0.0.87.a( 1478): [LOWI-Scan] BSS 98:f1:81:80:45:62 (wlan0) ASSO: NO AddInfo: 0x0, TSF 0, 07:10:53.338, RSSI: -140, CPL: 127, AGE: 1556, SSID HH, TSFDelta: 0xb58e2a01, TXRate: 0
04-10 17:16:46.046 D/LOWI-9.0.0.87.a( 1478): [LOWI-Scan]
04-10 17:16:46.046 D/LOWI-9.0.0.87.a( 1478): [LOWI-Scan] print_bss_handler: Report Probe TSF 25853338686 as it greater than Beacon TSF 0
04-10 17:16:46.046 D/LOWI-9.0.0.87.a( 1478): [LOWI-Scan] is_qcom_ie, bss_age: 0
04-10 17:16:46.046 D/LOWI-9.0.0.87.a( 1478): [LOWI-Scan] BSS 98:f1:81:80:45:63 LOWI_PHY_MODE_11AC_VHT80(10), Beacon Interval: 100, LOWI_ENCRYPTION_TYPE_OPEN 11mcRanging: No, ANQP: No, LCI: No, Civic: No, capability(0x8001): ESS
04-10 17:16:46.046 D/LOWI-9.0.0.87.a( 1478): [LOWI-Scan] BSS 98:f1:81:80:45:63 FREQ: 5180, cFreq1[40:80:160] = [5190:5210:0] cFreq2 = 0 Country Code = CN
04-10 17:16:46.046 D/LOWI-9.0.0.87.a( 1478): [LOWI-Scan] BSS 98:f1:81:80:45:63 (wlan0) ASSO: NO AddInfo: 0x0, TSF 0, 07:10:53.338, RSSI: -138, CPL: 127, AGE: 1556, SSID HH-mobile, TSFDelta: 0xb596bb25, TXRate: 0
04-10 17:16:46.046 D/LOWI-9.0.0.87.a( 1478): [LOWI-Scan]
04-10 17:16:46.046 D/LOWI-9.0.0.87.a( 1478): [LOWI-Scan] print_bss_handler: Report Probe TSF 25853355216 as it greater than Beacon TSF 0
04-10 17:16:46.046 D/LOWI-9.0.0.87.a( 1478): [LOWI-Scan] is_qcom_ie, bss_age: 0
04-10 17:16:46.046 D/LOWI-9.0.0.87.a( 1478): [LOWI-Scan] BSS 98:f1:81:80:45:64 LOWI_PHY_MODE_11AC_VHT80(10), Beacon Interval: 100, LOWI_ENCRYPTION_TYPE_OPEN 11mcRanging: No, ANQP: No, LCI: No, Civic: No, capability(0x8001): ESS
04-10 17:16:46.046 D/LOWI-9.0.0.87.a( 1478): [LOWI-Scan] BSS 98:f1:81:80:45:64 FREQ: 5180, cFreq1[40:80:160] = [5190:5210:0] cFreq2 = 0 Country Code = CN
04-10 17:16:46.046 D/LOWI-9.0.0.87.a( 1478): [LOWI-Scan] BSS 98:f1:81:80:45:64 (wlan0) ASSO: NO AddInfo: 0x0, TSF 0, 07:10:53.355, RSSI: -136, CPL: 127, AGE: 1540, SSID HH-Guest, TSFDelta: 0xb59e604f, TXRate: 0
04-10 17:16:46.047 D/LOWI-9.0.0.87.a( 1478): [LOWI-Scan]
04-10 17:16:46.047 D/LOWI-9.0.0.87.a( 1478): [LOWI-Scan] print_bss_handler: Report beacon TSF 25853821469 as it greater than probe TSF 25853821469
04-10 17:16:46.047 D/LOWI-9.0.0.87.a( 1478): [LOWI-Scan] decode_rsn_wpa_ie: LOWI_ENCRYPTION_TYPE_WPA_EAP
04-10 17:16:46.047 D/LOWI-9.0.0.87.a( 1478): [LOWI-Scan] is_qcom_ie, bss_age: 0
04-10 17:16:46.047 D/LOWI-9.0.0.87.a( 1478): [LOWI-Scan] BSS 98:f1:81:81:83:21 LOWI_PHY_MODE_11AC_VHT20_2G(11), Beacon Interval: 100, LOWI_ENCRYPTION_TYPE_WPA_EAP 11mcRanging: No, ANQP: No, LCI: No, Civic: No, capability(0x8431): ESS Privacy ShortPreamble ShortSlotTime
04-10 17:16:46.047 D/LOWI-9.0.0.87.a( 1478): [LOWI-Scan] BSS 98:f1:81:81:83:21 FREQ: 2437, cFreq1[40:80:160] = [0:0:0] cFreq2 = 0 Country Code = CN
04-10 17:16:46.047 D/LOWI-9.0.0.87.a( 1478): [LOWI-Scan] BSS 98:f1:81:81:83:21 (wlan0) ASSO: NO AddInfo: 0x1, TSF 0, 07:10:53.821, RSSI: -172, CPL: 127, AGE: 1072, SSID HH, TSFDelta: 0xc2bbb814, TXRate: 0
04-10 17:16:46.047 D/LOWI-9.0.0.87.a( 1478): [LOWI-Scan]
04-10 17:16:46.047 D/LOWI-9.0.0.87.a( 1478): [LOWI-Scan] print_bss_handler: Report beacon TSF 25853822440 as it greater than probe TSF 25853822440
04-10 17:16:46.047 D/LOWI-9.0.0.87.a( 1478): [LOWI-Scan] is_qcom_ie, bss_age: 0
04-10 17:16:46.047 D/LOWI-9.0.0.87.a( 1478): [LOWI-Scan] BSS 98:f1:81:81:83:22 LOWI_PHY_MODE_11AC_VHT20_2G(11), Beacon Interval: 100, LOWI_ENCRYPTION_TYPE_OPEN 11mcRanging: No, ANQP: No, LCI: No, Civic: No, capability(0x8421): ESS ShortPreamble ShortSlotTime
04-10 17:16:46.047 D/LOWI-9.0.0.87.a( 1478): [LOWI-Scan] BSS 98:f1:81:81:83:22 FREQ: 2437, cFreq1[40:80:160] = [0:0:0] cFreq2 = 0 Country Code = CN
04-10 17:16:46.047 D/LOWI-9.0.0.87.a( 1478): [LOWI-Scan] BSS 98:f1:81:81:83:22 (wlan0) ASSO: NO AddInfo: 0x1, TSF 0, 07:10:53.822, RSSI: -172, CPL: 127, AGE: 1072, SSID HH-Guest, TSFDelta: 0xc2cdbaea, TXRate: 0
04-10 17:16:46.047 D/LOWI-9.0.0.87.a( 1478): [LOWI-Scan]
04-10 17:16:46.047 D/LOWI-9.0.0.87.a( 1478): [LOWI-Scan] print_bss_handler: Report beacon TSF 25827862436 as it greater than probe TSF 25827862436
04-10 17:16:46.047 D/LOWI-9.0.0.87.a( 1478): [LOWI-Scan] decode_rsn_wpa_ie: LOWI_ENCRYPTION_TYPE_WPA_PSK
04-10 17:16:46.047 D/LOWI-9.0.0.87.a( 1478): [LOWI-Scan] is_qcom_ie, bss_age: 0
04-10 17:16:46.048 D/LOWI-9.0.0.87.a( 1478): [LOWI-Scan] adjust_age:AP AGE upper limit reached. Dont store
04-10 17:16:46.048 D/LOWI-9.0.0.87.a( 1478): [LOWI-Scan] BSS ee:60:73:0d:c5:0c LOWI_PHY_MODE_11NG_HT40(7), Beacon Interval: 100, LOWI_ENCRYPTION_TYPE_WPA_PSK 11mcRanging: No, ANQP: No, LCI: No, Civic: No, capability(0x0411): ESS Privacy ShortSlotTime
04-10 17:16:46.048 D/LOWI-9.0.0.87.a( 1478): [LOWI-Scan] BSS ee:60:73:0d:c5:0c FREQ: 2437, cFreq1[40:80:160] = [2427:0:0] cFreq2 = 0 Country Code = CN
04-10 17:16:46.048 D/LOWI-9.0.0.87.a( 1478): [LOWI-Scan] BSS ee:60:73:0d:c5:0c (wlan0) ASSO: NO AddInfo: 0x1, TSF 0, 07:10:27.862, RSSI: -100, CPL: 127, AGE: 27032, SSID , TSFDelta: 0x17b1c504, TXRate: 0
04-10 17:16:46.048 D/LOWI-9.0.0.87.a( 1478): [LOWI-Scan]
04-10 17:16:46.048 D/LOWI-9.0.0.87.a( 1478): [LOWI-Scan] print_bss_handler: Report beacon TSF 25826717198 as it greater than probe TSF 25826717198
04-10 17:16:46.048 D/LOWI-9.0.0.87.a( 1478): [LOWI-Scan] decode_rsn_wpa_ie: LOWI_ENCRYPTION_TYPE_WPA_PSK
