03-28 20:58:58.886 I/SystemServerTimingAsync( 1167): ssm.onUnlockedUser-0_com.android.server.SensorNotificationService
03-28 20:58:58.886 D/SystemServerTimingAsync( 1167): ssm.onUnlockedUser-0_com.android.server.SensorNotificationService took to complete: 0ms
03-28 20:58:58.886 I/SystemServerTimingAsync( 1167): ssm.onUnlockedUser-0_com.android.server.emergency.EmergencyAffordanceService
03-28 20:58:58.886 D/SystemServerTimingAsync( 1167): ssm.onUnlockedUser-0_com.android.server.emergency.EmergencyAffordanceService took to complete: 0ms
03-28 20:58:58.886 I/SystemServerTimingAsync( 1167): ssm.onUnlockedUser-0_com.android.server.blob.BlobStoreManagerService
03-28 20:58:58.886 D/SystemServerTimingAsync( 1167): ssm.onUnlockedUser-0_com.android.server.blob.BlobStoreManagerService took to complete: 0ms
03-28 20:58:58.886 I/SystemServerTimingAsync( 1167): ssm.onUnlockedUser-0_com.android.server.dreams.DreamManagerService
03-28 20:58:58.886 D/SystemServerTimingAsync( 1167): ssm.onUnlockedUser-0_com.android.server.dreams.DreamManagerService took to complete: 0ms
03-28 20:58:58.886 I/SystemServerTimingAsync( 1167): ssm.onUnlockedUser-0_com.android.server.companion.CompanionDeviceManagerService
03-28 20:58:58.886 D/SystemServerTimingAsync( 1167): ssm.onUnlockedUser-0_com.android.server.companion.CompanionDeviceManagerService took to complete: 0ms
03-28 20:58:58.886 I/SystemServerTimingAsync( 1167): ssm.onUnlockedUser-0_com.android.server.restrictions.RestrictionsManagerService
03-28 20:58:58.886 D/SystemServerTimingAsync( 1167): ssm.onUnlockedUser-0_com.android.server.restrictions.RestrictionsManagerService took to complete: 0ms
03-28 20:58:58.886 I/SystemServerTimingAsync( 1167): ssm.onUnlockedUser-0_com.android.server.media.MediaSessionService
03-28 20:58:58.886 D/SystemServerTimingAsync( 1167): ssm.onUnlockedUser-0_com.android.server.media.MediaSessionService took to complete: 0ms
03-28 20:58:58.886 I/SystemServerTimingAsync( 1167): ssm.onUnlockedUser-0_com.android.server.media.MediaResourceMonitorService
03-28 20:58:58.886 D/SystemServerTimingAsync( 1167): ssm.onUnlockedUser-0_com.android.server.media.MediaResourceMonitorService took to complete: 0ms
03-28 20:58:58.886 I/SystemServerTimingAsync( 1167): ssm.onUnlockedUser-0_com.android.server.biometrics.sensors.fingerprint.FingerprintService
03-28 20:58:58.886 D/SystemServerTimingAsync( 1167): ssm.onUnlockedUser-0_com.android.server.biometrics.sensors.fingerprint.FingerprintService took to complete: 0ms
03-28 20:58:58.886 I/SystemServerTimingAsync( 1167): ssm.onUnlockedUser-0_com.android.server.biometrics.BiometricService
03-28 20:58:58.886 D/SystemServerTimingAsync( 1167): ssm.onUnlockedUser-0_com.android.server.biometrics.BiometricService took to complete: 0ms
03-28 20:58:58.887 I/SystemServerTimingAsync( 1167): ssm.onUnlockedUser-0_com.android.server.biometrics.AuthService
03-28 20:58:58.887 D/SystemServerTimingAsync( 1167): ssm.onUnlockedUser-0_com.android.server.biometrics.AuthService took to complete: 0ms
03-28 20:58:58.887 I/SystemServerTimingAsync( 1167): ssm.onUnlockedUser-0_com.android.server.pm.ShortcutService$Lifecycle
03-28 20:58:58.887 D/SystemServerTimingAsync( 1167): ssm.onUnlockedUser-0_com.android.server.pm.ShortcutService$Lifecycle took to complete: 0ms
03-28 20:58:58.887 I/SystemServerTimingAsync( 1167): ssm.onUnlockedUser-0_com.android.server.pm.LauncherAppsService
03-28 20:58:58.887 D/SystemServerTimingAsync( 1167): ssm.onUnlockedUser-0_com.android.server.pm.LauncherAppsService took to complete: 0ms
03-28 20:58:58.887 I/SystemServerTimingAsync( 1167): ssm.onUnlockedUser-0_com.android.server.pm.CrossProfileAppsService
03-28 20:58:58.887 D/SystemServerTimingAsync( 1167): ssm.onUnlockedUser-0_com.android.server.pm.CrossProfileAppsService took to complete: 0ms
03-28 20:58:58.887 I/SystemServerTimingAsync( 1167): ssm.onUnlockedUser-0_com.android.server.people.PeopleService
03-28 20:58:58.888 D/SystemServerTimingAsync( 1167): ssm.onUnlockedUser-0_com.android.server.people.PeopleService took to complete: 0ms
03-28 20:58:58.888 I/vold ( 562): Bind mounting /mnt/runtime/full/emulated to /mnt/pass_through/0/emulated
03-28 20:58:58.888 I/SystemServerTimingAsync( 1167): ssm.onUnlockedUser-0_com.android.server.media.metrics.MediaMetricsManagerService
03-28 20:58:58.888 D/SystemServerTimingAsync( 1167): ssm.onUnlockedUser-0_com.android.server.media.metrics.MediaMetricsManagerService took to complete: 0ms
03-28 20:58:58.888 I/SystemServerTimingAsync( 1167): ssm.onUnlockedUser-0_com.android.server.media.projection.MediaProjectionManagerService
03-28 20:58:58.888 D/SystemServerTimingAsync( 1167): ssm.onUnlockedUser-0_com.android.server.media.projection.MediaProjectionManagerService took to complete: 0ms
03-28 20:58:58.888 I/SystemServerTimingAsync( 1167): ssm.onUnlockedUser-0_com.android.server.slice.SliceManagerService$Lifecycle
03-28 20:58:58.888 D/SystemServerTimingAsync( 1167): ssm.onUnlockedUser-0_com.android.server.slice.SliceManagerService$Lifecycle took to complete: 0ms
03-28 20:58:58.888 I/SystemServerTimingAsync( 1167): ssm.onUnlockedUser-0_com.android.server.stats.StatsCompanion$Lifecycle
03-28 20:58:58.888 D/SystemServerTimingAsync( 1167): ssm.onUnlockedUser-0_com.android.server.stats.StatsCompanion$Lifecycle took to complete: 0ms
03-28 20:58:58.888 I/SystemServerTimingAsync( 1167): ssm.onUnlockedUser-0_com.android.server.scheduling.RebootReadinessManagerService$Lifecycle
03-28 20:58:58.888 D/SystemServerTimingAsync( 1167): ssm.onUnlockedUser-0_com.android.server.scheduling.RebootReadinessManagerService$Lifecycle took to complete: 0ms
03-28 20:58:58.888 I/SystemServerTimingAsync( 1167): ssm.onUnlockedUser-0_com.android.server.stats.pull.StatsPullAtomService
03-28 20:58:58.888 D/SystemServerTimingAsync( 1167): ssm.onUnlockedUser-0_com.android.server.stats.pull.StatsPullAtomService took to complete: 0ms
03-28 20:58:58.888 I/SystemServerTimingAsync( 1167): ssm.onUnlockedUser-0_com.android.server.incident.IncidentCompanionService
03-28 20:58:58.888 D/SystemServerTimingAsync( 1167): ssm.onUnlockedUser-0_com.android.server.incident.IncidentCompanionService took to complete: 0ms
03-28 20:58:58.888 I/SystemServerTimingAsync( 1167): ssm.onUnlockedUser-0_com.android.server.MmsServiceBroker
03-28 20:58:58.888 D/SystemServerTimingAsync( 1167): ssm.onUnlockedUser-0_com.android.server.MmsServiceBroker took to complete: 0ms
03-28 20:58:58.888 I/SystemServerTimingAsync( 1167): ssm.onUnlockedUser-0_com.android.server.autofill.AutofillManagerService
03-28 20:58:58.888 D/SystemServerTimingAsync( 1167): ssm.onUnlockedUser-0_com.android.server.autofill.AutofillManagerService took to complete: 0ms
03-28 20:58:58.888 I/SystemServerTimingAsync( 1167): ssm.onUnlockedUser-0_com.android.server.clipboard.ClipboardService
03-28 20:58:58.888 D/SystemServerTimingAsync( 1167): ssm.onUnlockedUser-0_com.android.server.clipboard.ClipboardService took to complete: 0ms
03-28 20:58:58.888 I/SystemServerTimingAsync( 1167): ssm.onUnlockedUser-0_com.android.server.appbinding.AppBindingService$Lifecycle
03-28 20:58:58.889 D/SystemServerTimingAsync( 1167): ssm.onUnlockedUser-0_com.android.server.appbinding.AppBindingService$Lifecycle took to complete: 0ms
03-28 20:58:58.889 I/SystemServerTimingAsync( 1167): ssm.onUnlockedUser-0_com.android.server.tracing.TracingServiceProxy
03-28 20:58:58.889 D/SystemServerTimingAsync( 1167): ssm.onUnlockedUser-0_com.android.server.tracing.TracingServiceProxy took to complete: 0ms
03-28 20:58:58.889 I/SystemServerTimingAsync( 1167): ssm.onUnlockedUser-0_com.android.server.policy.PermissionPolicyService
03-28 20:58:58.889 D/SystemServerTimingAsync( 1167): ssm.onUnlockedUser-0_com.android.server.policy.PermissionPolicyService took to complete: 0ms
03-28 20:58:58.889 I/SystemServerTimingAsync( 1167): ssm.onUnlockedUser-0_com.android.server.pm.StagingManager$Lifecycle
03-28 20:58:58.889 D/SystemServerTimingAsync( 1167): ssm.onUnlockedUser-0_com.android.server.pm.StagingManager$Lifecycle took to complete: 0ms
03-28 20:58:58.889 I/SystemServerTimingAsync( 1167): ssm.onUnlockedUser-0_com.android.server.app.GameManagerService$Lifecycle
03-28 20:58:58.889 D/SystemServerTimingAsync( 1167): ssm.onUnlockedUser-0_com.android.server.app.GameManagerService$Lifecycle took to complete: 0ms
03-28 20:58:58.889 I/SystemServerTimingAsync( 1167): ssm.onUnlockedUser-0_com.android.server.appsearch.AppSearchManagerService
03-28 20:58:58.889 D/SystemServerTimingAsync( 1167): ssm.onUnlockedUser-0_com.android.server.appsearch.AppSearchManagerService took to complete: 0ms
03-28 20:58:58.889 I/SystemServerTimingAsync( 1167): ssm.onUnlockedUser-0_com.android.server.media.MediaCommunicationService
03-28 20:58:58.889 D/SystemServerTimingAsync( 1167): ssm.onUnlockedUser-0_com.android.server.media.MediaCommunicationService took to complete: 0ms
03-28 20:58:58.889 D/SystemServerTimingAsync( 1167): ssm.UnlockedUser-0 took to complete: 41ms
03-28 20:58:58.889 W/ActivityManager( 1167): UserLifecycleEvent 6 received without an active userJourneySession.
03-28 20:58:58.890 I/DropBoxManagerService( 1167): add tag=system_server_strictmode isTagEnabled=true flags=0x2
03-28 20:58:58.891 I/StorageSessionController( 1167): On volume mount VolumeInfo{emulated;0}:
03-28 20:58:58.891 I/StorageSessionController( 1167): type=EMULATED diskId=null partGuid= mountFlags=PRIMARY|VISIBLE
03-28 20:58:58.891 I/StorageSessionController( 1167): mountUserId=0 state=CHECKING
03-28 20:58:58.891 I/StorageSessionController( 1167): fsType=null fsUuid=null fsLabel=null
03-28 20:58:58.891 I/StorageSessionController( 1167): path=/storage/emulated internalPath=/data/media
03-28 20:58:58.892 I/StorageSessionController( 1167): Creating connection for user: 0
03-28 20:58:58.893 I/StorageSessionController( 1167): Creating and starting session with id: emulated;0
03-28 20:58:58.894 I/StorageUserConnection( 1167): Binding to the ExternalStorageService for user 0
03-28 20:58:58.900 E/BackupPasswordManager( 1167): Unable to read backup pw version
03-28 20:58:58.900 E/BackupPasswordManager( 1167): Unable to read saved backup pw hash
03-28 20:58:58.907 W/ActivityManager( 1167): Slow operation: 82ms so far, now at startProcess: returned from zygote!
03-28 20:58:58.922 D/CompatibilityChangeReporter( 1167): Compat change id reported: 168419799; UID 10077; state: DISABLED
03-28 20:58:58.924 I/ActivityTaskManager( 1167): FOREGROUND_APPLICATION_CHANGED to com.android.launcher3.uioverrides.QuickstepLauncher
03-28 20:58:58.926 I/ActivityTaskManager( 1167): The Process com.android.launcher3 Already Exists in BG. So sending its PID: 2651
03-28 20:58:58.940 W/Looper ( 1167): Slow dispatch took 120ms main h=android.os.Handler c=null m=5000
03-28 20:58:58.948 E/TaskPersister( 1167): File error accessing recents directory (directory doesn't exist?).
03-28 20:58:58.952 W/ActivityManager( 1167): Slow operation: 128ms so far, now at startProcess: done updating battery stats
03-28 20:58:58.952 W/ActivityManager( 1167): Slow operation: 128ms so far, now at startProcess: building log message
03-28 20:58:58.952 I/ActivityManager( 1167): Start proc 2949:com.hht.lebocast/u0a86 for added application com.hht.lebocast
03-28 20:58:58.952 W/ActivityManager( 1167): Slow operation: 128ms so far, now at startProcess: starting to update pids map
03-28 20:58:58.953 W/ActivityManager( 1167): Slow operation: 129ms so far, now at startProcess: done updating pids map
03-28 20:58:58.953 W/ActivityManager( 1167): Slow operation: 126ms so far, now at startProcess: asking zygote to start proc
03-28 20:58:58.953 D/CompatibilityChangeReporter( 1167): Compat change id reported: 143937733; UID 10056; state: ENABLED
03-28 20:58:58.954 E/TimeSparseArray( 1167): Overwriting value android.util.AtomicFile@4fa4de2 by android.util.AtomicFile@11a3573
03-28 20:58:58.957 E/TimeSparseArray( 1167): Overwriting value android.util.AtomicFile@48930a9 by android.util.AtomicFile@6f3662e
03-28 20:58:58.957 I/DropBoxManagerService( 1167): add tag=system_server_wtf isTagEnabled=true flags=0x2
03-28 20:58:58.962 E/TimeSparseArray( 1167): Overwriting value android.util.AtomicFile@553b73a by android.util.AtomicFile@754dfeb
03-28 20:58:58.965 E/TimeSparseArray( 1167): Overwriting value android.util.AtomicFile@79f8fc7 by android.util.AtomicFile@7a909f4
03-28 20:58:58.967 D/CompatibilityChangeReporter( 1167): Compat change id reported: 135634846; UID 10097; state: DISABLED
03-28 20:58:58.968 D/CompatibilityChangeReporter( 1167): Compat change id reported: 177438394; UID 10097; state: DISABLED
03-28 20:58:58.968 D/CompatibilityChangeReporter( 1167): Compat change id reported: 135772972; UID 10097; state: DISABLED
03-28 20:58:58.968 D/CompatibilityChangeReporter( 1167): Compat change id reported: 135754954; UID 10097; state: ENABLED
03-28 20:58:58.968 I/StorageUserConnection( 1167): Bound to the ExternalStorageService for user 0
03-28 20:58:58.969 D/BiometricScheduler/Fingerprint21( 1167): [Finishing] {[1] FingerprintUpdateActiveUserClient, proto=1, owner=android, cookie=0, requestId=-1, userId=0}, success: true
03-28 20:58:58.969 D/BiometricScheduler/Fingerprint21( 1167): [Polled] {[2] FingerprintInternalCleanupClient, proto=7, owner=android, cookie=0, requestId=-1, userId=0}, State: 0
03-28 20:58:58.969 D/BiometricScheduler/Fingerprint21( 1167): [Starting] {[2] FingerprintInternalCleanupClient, proto=7, owner=android, cookie=0, requestId=-1, userId=0}, State: 0
03-28 20:58:58.969 D/BiometricScheduler/Fingerprint21( 1167): [Started] {[2] FingerprintInternalCleanupClient, proto=7, owner=android, cookie=0, requestId=-1, userId=0}
03-28 20:58:58.970 D/Biometrics/InternalCleanupClient( 1167): Starting enumerate: {[3] FingerprintInternalEnumerateClient, proto=6, owner=android, cookie=0, requestId=-1, userId=0}
03-28 20:58:58.972 I/NotificationHistory( 1167): Attempted to unlock gone/disabled user 0
03-28 20:58:58.979 D/CompatibilityChangeReporter( 1167): Compat change id reported: 135634846; UID 10075; state: DISABLED
03-28 20:58:58.979 D/CompatibilityChangeReporter( 1167): Compat change id reported: 177438394; UID 10075; state: DISABLED
03-28 20:58:58.979 D/CompatibilityChangeReporter( 1167): Compat change id reported: 135772972; UID 10075; state: DISABLED
03-28 20:58:58.979 D/CompatibilityChangeReporter( 1167): Compat change id reported: 135754954; UID 10075; state: ENABLED
03-28 20:58:58.982 I/Telecom ( 1167): BluetoothDeviceManager: Got BluetoothHeadset: com.android.server.telecom.BluetoothHeadsetProxy@af89254: BMSL.oSC@AAs
03-28 20:58:58.990 V/NotificationAssistants( 1167): disabling notification assistant for user 0: ComponentInfo{android.ext.services/android.ext.services.notification.Assistant}
03-28 20:58:58.990 D/NotificationListeners( 1167): Removing active service ComponentInfo{android.ext.services/android.ext.services.notification.Assistant}
03-28 20:58:59.008 W/ActivityManager( 1167): Slow operation: 181ms so far, now at startProcess: returned from zygote!
03-28 20:58:59.019 W/ActivityManager( 1167): Slow operation: 192ms so far, now at startProcess: done updating battery stats
03-28 20:58:59.019 W/ActivityManager( 1167): Slow operation: 192ms so far, now at startProcess: building log message
03-28 20:58:59.019 I/ActivityManager( 1167): Start proc 2960:ts.car.uart/u0a56 for added application ts.car.uart
03-28 20:58:59.019 W/ActivityManager( 1167): Slow operation: 192ms so far, now at startProcess: starting to update pids map
03-28 20:58:59.020 W/ActivityManager( 1167): Slow operation: 193ms so far, now at startProcess: done updating pids map
03-28 20:58:59.020 W/ActivityManager( 1167): Slow operation: 188ms so far, now at startProcess: asking zygote to start proc
03-28 20:58:59.021 V/NotificationAssistants( 1167): enabling notification assistant for 0: ComponentInfo{android.ext.services/android.ext.services.notification.Assistant}
03-28 20:58:59.022 V/NotificationAssistants( 1167): binding: Intent { act=android.service.notification.NotificationAssistantService cmp=android.ext.services/.notification.Assistant (has extras) }
03-28 20:58:59.035 D/CompatibilityChangeReporter( 1167): Compat change id reported: 168419799; UID 10098; state: DISABLED
03-28 20:58:59.068 V/BackupManagerService( 1167): [UserID:0] No ancestral data
03-28 20:58:59.072 D/CompatibilityChangeReporter( 1167): Compat change id reported: 157233955; UID 10079; state: DISABLED
03-28 20:58:59.093 V/BackupManagerConstants( 1167): getKeyValueBackupIntervalMilliseconds(...) returns 14400000
03-28 20:58:59.093 V/BackupManagerConstants( 1167): getKeyValueBackupFuzzMilliseconds(...) returns 600000
03-28 20:58:59.093 V/BackupManagerConstants( 1167): getKeyValueBackupRequiredNetworkType(...) returns 1
03-28 20:58:59.093 V/BackupManagerConstants( 1167): getKeyValueBackupRequireCharging(...) returns true
03-28 20:58:59.093 V/KeyValueBackupJob( 1167): Scheduling k/v pass in 242 minutes
03-28 20:58:59.106 D/CompatibilityChangeReporter( 1167): Compat change id reported: 168419799; UID 10053; state: DISABLED
03-28 20:58:59.111 W/ActivityManager( 1167): Slow operation: 278ms so far, now at startProcess: returned from zygote!
03-28 20:58:59.125 I/UsageStatsService( 1167): User[0] Rollover scheduled @ 2023-03-29 20:58:58(1680094738602)
03-28 20:58:59.126 I/UsageStatsService( 1167): Time changed in by 1680008282 seconds
03-28 20:58:59.135 W/ActivityManager( 1167): Slow operation: 302ms so far, now at startProcess: done updating battery stats
03-28 20:58:59.135 W/ActivityManager( 1167): Slow operation: 303ms so far, now at startProcess: building log message
03-28 20:58:59.135 I/ActivityManager( 1167): Start proc 2970:com.hryt.hiphishowfsecontrol/1000 for added application com.hryt.hiphishowfsecontrol
03-28 20:58:59.135 W/ActivityManager( 1167): Slow operation: 303ms so far, now at startProcess: starting to update pids map
03-28 20:58:59.135 W/ActivityManager( 1167): Slow operation: 303ms so far, now at startProcess: done updating pids map
03-28 20:58:59.135 W/ActivityManager( 1167): Slow operation: 300ms so far, now at startProcess: asking zygote to start proc
03-28 20:58:59.136 D/CompatibilityChangeReporter( 1167): Compat change id reported: 143937733; UID 10054; state: ENABLED
03-28 20:58:59.138 I/UsageStatsService( 1167): User[0] Flushing usage stats to disk
03-28 20:58:59.151 D/CompatibilityChangeReporter( 1167): Compat change id reported: 168419799; UID 1000; state: DISABLED
03-28 20:58:59.151 I/SyncManager( 1167): Loaded persisted syncs: 0 periodic syncs, 0 oneshot syncs, 17 total system server jobs, JobStats: FirstLoad: 6/5/0 LastSave: -1/-1/-1
03-28 20:58:59.154 W/ContextImpl( 2404): Calling a method in the system process without a qualified user: android.app.ContextImpl.startService:1816 android.content.ContextWrapper.startService:774 android.content.ContextWrapper.startService:774 vendor.qti.qesdk.sysservice.QesdkSysReceiver.onReceive:42 android.app.ActivityThread.handleReceiver:4309
03-28 20:58:59.174 D/CompatibilityChangeReporter( 1167): Compat change id reported: 135634846; UID 10033; state: DISABLED
03-28 20:58:59.174 D/CompatibilityChangeReporter( 1167): Compat change id reported: 177438394; UID 10033; state: DISABLED
03-28 20:58:59.174 D/CompatibilityChangeReporter( 1167): Compat change id reported: 135772972; UID 10033; state: DISABLED
03-28 20:58:59.174 D/CompatibilityChangeReporter( 1167): Compat change id reported: 135754954; UID 10033; state: ENABLED
03-28 20:58:59.198 W/ActivityManager( 1167): Slow operation: 363ms so far, now at startProcess: returned from zygote!
03-28 20:58:59.199 W/ActivityManager( 1167): Slow operation: 363ms so far, now at startProcess: done updating battery stats
03-28 20:58:59.199 W/ActivityManager( 1167): Slow operation: 364ms so far, now at startProcess: building log message
03-28 20:58:59.199 I/ActivityManager( 1167): Start proc 2981:.pasr/u0a54 for added application .pasr
03-28 20:58:59.199 W/ActivityManager( 1167): Slow operation: 364ms so far, now at startProcess: starting to update pids map
03-28 20:58:59.199 W/ActivityManager( 1167): Slow operation: 364ms so far, now at startProcess: done updating pids map
03-28 20:58:59.199 W/ActivityManager( 1167): Slow operation: 362ms so far, now at startProcess: asking zygote to start proc
03-28 20:58:59.200 D/CompatibilityChangeReporter( 1167): Compat change id reported: 143937733; UID 10074; state: DISABLED
03-28 20:58:59.217 I/BackupManagerService( 1167): isBackupEnabled() => false due to absent settings file
03-28 20:58:59.217 D/BackupManagerService( 1167): user:0 readBackupEnableState enabled:false
03-28 20:58:59.218 I/BackupManagerService( 1167): [UserID:0] Backup enabled => false
03-28 20:58:59.258 D/CompatibilityChangeReporter( 1167): Compat change id reported: 168419799; UID 10056; state: DISABLED
03-28 20:58:59.270 W/ActivityManager( 1167): Slow operation: 432ms so far, now at startProcess: returned from zygote!
03-28 20:58:59.275 D/CompatibilityChangeReporter( 1167): Compat change id reported: 168419799; UID 10086; state: DISABLED
03-28 20:58:59.279 W/Looper ( 1167): Slow dispatch took 119ms main h=android.app.ActivityThread$H c=null m=116
03-28 20:58:59.279 W/ActivityManager( 1167): Slow operation: 442ms so far, now at startProcess: done updating battery stats
03-28 20:58:59.279 W/ActivityManager( 1167): Slow operation: 442ms so far, now at startProcess: building log message
03-28 20:58:59.280 I/ActivityManager( 1167): Start proc 3028:com.qualcomm.qti.services.systemhelper:systemhelper_service/u0a74 for added application com.qualcomm.qti.services.systemhelper:systemhelper_service
03-28 20:58:59.280 W/ActivityManager( 1167): Slow operation: 442ms so far, now at startProcess: starting to update pids map
03-28 20:58:59.280 V/NotificationAssistants( 1167): 0 notification assistant service connected: ComponentInfo{android.ext.services/android.ext.services.notification.Assistant}
03-28 20:58:59.280 W/ActivityManager( 1167): Slow operation: 443ms so far, now at startProcess: done updating pids map
03-28 20:58:59.280 W/ActivityManager( 1167): Slow operation: 439ms so far, now at startProcess: asking zygote to start proc
03-28 20:58:59.281 D/CompatibilityChangeReporter( 1167): Compat change id reported: 143937733; UID 10089; state: ENABLED
03-28 20:58:59.283 W/Looper ( 1167): Drained
03-28 20:58:59.335 D/CompatibilityChangeReporter( 1167): Compat change id reported: 168419799; UID 10054; state: DISABLED
03-28 20:58:59.366 D/CompatibilityChangeReporter( 1167): Compat change id reported: 168419799; UID 10074; state: DISABLED
03-28 20:58:59.422 W/ActivityManager( 1167): Slow operation: 581ms so far, now at startProcess: returned from zygote!
03-28 20:58:59.423 W/ActivityManager( 1167): Slow operation: 581ms so far, now at startProcess: done updating battery stats
03-28 20:58:59.423 W/ActivityManager( 1167): Slow operation: 581ms so far, now at startProcess: building log message
03-28 20:58:59.423 I/ActivityManager( 1167): Start proc 3071:com.qualcomm.qti.qccnetstat/u0a89 for added application com.qualcomm.qti.qccnetstat
03-28 20:58:59.423 W/ActivityManager( 1167): Slow operation: 581ms so far, now at startProcess: starting to update pids map
03-28 20:58:59.423 W/ActivityManager( 1167): Slow operation: 582ms so far, now at startProcess: done updating pids map
03-28 20:58:59.423 W/ActivityManager( 1167): Slow operation: 581ms so far, now at startProcess: asking zygote to start proc
03-28 20:58:59.424 D/CompatibilityChangeReporter( 1167): Compat change id reported: 143937733; UID 10090; state: ENABLED
03-28 20:58:59.439 D/android.hardware.wifi@1.0-service( 951): Successfully SetMacAddress.
03-28 20:58:59.528 W/wificond( 1293): Scan is not started. Ignore abort request
03-28 20:58:59.559 W/ActivityManager( 1167): Slow operation: 716ms so far, now at startProcess: returned from zygote!
03-28 20:58:59.602 D/Fingerprint21( 1167): handleError, client: FingerprintInternalCleanupClient, error: 2, vendorCode: 0
03-28 20:58:59.603 E/Fingerprint21( 1167): onError for non-error consumer: FingerprintInternalCleanupClient
03-28 20:58:59.676 W/ActivityManager( 1167): Slow operation: 168ms so far, now at attachApplicationLocked: before bindApplication
03-28 20:58:59.678 D/CompatibilityChangeReporter( 1167): Compat change id reported: 168419799; UID 10089; state: DISABLED
03-28 20:58:59.679 W/ActivityManager( 1167): Slow operation: 171ms so far, now at attachApplicationLocked: immediately before bindApplication
03-28 20:58:59.682 W/ActivityManager( 1167): Slow operation: 173ms so far, now at attachApplicationLocked: immediately after bindApplication
03-28 20:58:59.682 W/ActivityManager( 1167): Slow operation: 173ms so far, now at attachApplicationLocked: after updateLruProcessLocked
03-28 20:58:59.696 W/ActivityManager( 1167): Slow operation: 187ms so far, now at attachApplicationLocked: after mServices.attachApplicationLocked
03-28 20:58:59.697 W/ActivityManager( 1167): Slow operation: 189ms so far, now at attachApplicationLocked: after updateOomAdjLocked
03-28 20:58:59.706 W/ActivityManager( 1167): Slow operation: 864ms so far, now at startProcess: done updating battery stats
03-28 20:58:59.706 W/ActivityManager( 1167): Slow operation: 864ms so far, now at startProcess: building log message
03-28 20:58:59.706 I/ActivityManager( 1167): Start proc 3099:com.qualcomm.qti.workloadclassifier/u0a90 for added application com.qualcomm.qti.workloadclassifier
03-28 20:58:59.707 W/ActivityManager( 1167): Slow operation: 864ms so far, now at startProcess: starting to update pids map
03-28 20:58:59.707 W/ActivityManager( 1167): Slow operation: 864ms so far, now at startProcess: done updating pids map
03-28 20:58:59.707 W/ActivityManager( 1167): Slow operation: 761ms so far, now at startProcess: asking zygote to start proc
03-28 20:58:59.717 D/CompatibilityChangeReporter( 1167): Compat change id reported: 168419799; UID 10090; state: DISABLED
03-28 20:58:59.765 W/ActivityManager( 1167): Slow operation: 819ms so far, now at startProcess: returned from zygote!
03-28 20:58:59.766 W/ActivityManager( 1167): Slow operation: 819ms so far, now at startProcess: done updating battery stats
03-28 20:58:59.766 W/ActivityManager( 1167): Slow operation: 819ms so far, now at startProcess: building log message
03-28 20:58:59.766 I/ActivityManager( 1167): Start proc 3126:com.android.keychain/1000 for service {com.android.keychain/com.android.keychain.KeyChainService}
03-28 20:58:59.766 W/ActivityManager( 1167): Slow operation: 819ms so far, now at startProcess: starting to update pids map
03-28 20:58:59.766 W/ActivityManager( 1167): Slow operation: 820ms so far, now at startProcess: done updating pids map
03-28 20:58:59.766 W/ActivityManager( 1167): Slow operation: 799ms so far, now at startProcess: asking zygote to start proc
03-28 20:58:59.767 D/CompatibilityChangeReporter( 1167): Compat change id reported: 143937733; UID 10097; state: ENABLED
03-28 20:58:59.821 W/ActivityManager( 1167): Slow operation: 854ms so far, now at startProcess: returned from zygote!
03-28 20:58:59.822 W/ActivityManager( 1167): Slow operation: 854ms so far, now at startProcess: done updating battery stats
03-28 20:58:59.822 I/Watchdog( 1167): Interesting Java process com.android.providers.media.module started. Pid 3133
03-28 20:58:59.822 W/ActivityManager( 1167): Slow operation: 854ms so far, now at startProcess: building log message
03-28 20:58:59.822 I/ActivityManager( 1167): Start proc 3133:com.android.providers.media.module/u0a97 for service {com.android.providers.media.module/com.android.providers.media.fuse.ExternalStorageServiceImpl}
03-28 20:58:59.822 W/ActivityManager( 1167): Slow operation: 855ms so far, now at startProcess: starting to update pids map
03-28 20:58:59.822 W/ActivityManager( 1167): Slow operation: 855ms so far, now at startProcess: done updating pids map
03-28 20:58:59.822 W/ActivityManager( 1167): Slow operation: 844ms so far, now at startProcess: asking zygote to start proc
03-28 20:58:59.822 D/CompatibilityChangeReporter( 1167): Compat change id reported: 143937733; UID 10075; state: ENABLED
03-28 20:58:59.954 I/wificond( 1293): Regulatory domain changed to country: CN on wiphy_index: 0
03-28 20:58:59.969 I/wificond( 1293): 2.4Ghz frequencies: 2412 2417 2422 2427 2432 2437 2442 2447 2452 2457 2462 2467 2472
03-28 20:58:59.969 I/wificond( 1293): 5Ghz non-DFS frequencies: 5180 5200 5220 5240 5745 5765 5785 5805 5825
03-28 20:58:59.969 I/wificond( 1293): 5Ghz DFS frequencies: 5260 5280 5300 5320
03-28 20:58:59.969 I/wificond( 1293): 6Ghz frequencies:
03-28 20:58:59.969 I/wificond( 1293): 60Ghz frequencies:
03-28 20:59:00.006 W/ActivityManager( 1167): Slow operation: 1028ms so far, now at startProcess: returned from zygote!
03-28 20:59:00.009 W/ActivityManager( 1167): Slow operation: 1030ms so far, now at startProcess: done updating battery stats
03-28 20:59:00.009 W/ActivityManager( 1167): Slow operation: 1030ms so far, now at startProcess: building log message
03-28 20:59:00.009 I/ActivityManager( 1167): Start proc 3188:com.qualcomm.location.XT/u0a75 for service {com.qualcomm.location.XT/com.qualcomm.location.XT.XTSrv}
03-28 20:59:00.009 W/ActivityManager( 1167): Slow operation: 1030ms so far, now at startProcess: starting to update pids map
03-28 20:59:00.009 W/ActivityManager( 1167): Slow operation: 1031ms so far, now at startProcess: done updating pids map
03-28 20:59:00.009 W/ActivityManager( 1167): Slow operation: 836ms so far, now at startProcess: asking zygote to start proc
03-28 20:59:00.010 D/CompatibilityChangeReporter( 1167): Compat change id reported: 143937733; UID 10033; state: ENABLED
03-28 20:59:00.034 D/CompatibilityChangeReporter( 1167): Compat change id reported: 168419799; UID 10097; state: DISABLED
03-28 20:59:00.040 W/FreeFormWindowHelper( 1167): Current Display FreeFormTask is null
03-28 20:59:00.058 D/CompatibilityChangeReporter( 1167): Compat change id reported: 168419799; UID 1000; state: DISABLED
03-28 20:59:00.109 W/ActivityManager( 1167): Slow operation: 936ms so far, now at startProcess: returned from zygote!
03-28 20:59:00.110 W/ActivityManager( 1167): Slow operation: 936ms so far, now at startProcess: done updating battery stats
03-28 20:59:00.110 W/ActivityManager( 1167): Slow operation: 936ms so far, now at startProcess: building log message
03-28 20:59:00.110 I/ActivityManager( 1167): Start proc 3206:com.android.traceur/u0a33 for broadcast {com.android.traceur/com.android.traceur.Receiver}
03-28 20:59:00.110 W/ActivityManager( 1167): Slow operation: 937ms so far, now at startProcess: starting to update pids map
03-28 20:59:00.111 D/CompatibilityChangeReporter( 1167): Compat change id reported: 174042980; UID 1000; state: DISABLED
03-28 20:59:00.112 W/ActivityManager( 1167): Slow operation: 939ms so far, now at startProcess: done updating pids map
03-28 20:59:00.169 W/FreeFormWindowHelper( 1167): Current Display FreeFormTask is null
03-28 20:59:00.192 W/FreeFormWindowHelper( 1167): Current Display FreeFormTask is null
03-28 20:59:00.225 D/CompatibilityChangeReporter( 1167): Compat change id reported: 168419799; UID 10075; state: DISABLED
03-28 20:59:00.257 D/CompatibilityChangeReporter( 1167): Compat change id reported: 168419799; UID 10033; state: DISABLED
03-28 20:59:00.282 I/ActivityRecord( 1167): real home.....com.android.launcher3/.uioverrides.QuickstepLauncher
03-28 20:59:00.285 I/WindowManager( 1167): ******* TELLING SURFACE FLINGER WE ARE BOOTED!
03-28 20:59:00.376 W/ActivityManager( 1167): Slow operation: 125ms so far, now at attachApplicationLocked: immediately after bindApplication
03-28 20:59:00.376 W/ActivityManager( 1167): Slow operation: 125ms so far, now at attachApplicationLocked: after updateLruProcessLocked
03-28 20:59:00.380 W/ActivityManager( 1167): Slow operation: 128ms so far, now at attachApplicationLocked: after mServices.attachApplicationLocked
03-28 20:59:00.388 W/ActivityManager( 1167): Slow operation: 137ms so far, now at attachApplicationLocked: after sendPendingBroadcastsLocked
03-28 20:59:00.502 I/GameModeConfig( 1167): isGameModeOn = false
03-28 20:59:00.503 I/GameModeConfig( 1167): isGameModeOn = false
03-28 20:59:00.505 I/GameModeConfig( 1167): isGameModeOn = false
03-28 20:59:00.506 I/GameModeConfig( 1167): isGameModeOn = false
03-28 20:59:00.510 D/CompatibilityChangeReporter( 1167): Compat change id reported: 135634846; UID 10027; state: DISABLED
03-28 20:59:00.511 D/CompatibilityChangeReporter( 1167): Compat change id reported: 177438394; UID 10027; state: DISABLED
03-28 20:59:00.511 D/CompatibilityChangeReporter( 1167): Compat change id reported: 135772972; UID 10027; state: DISABLED
03-28 20:59:00.511 D/CompatibilityChangeReporter( 1167): Compat change id reported: 135754954; UID 10027; state: DISABLED
03-28 20:59:00.514 D/CompatibilityChangeReporter( 1167): Compat change id reported: 143937733; UID 10027; state: DISABLED
03-28 20:59:00.630 W/ActivityManager( 1167): Slow operation: 120ms so far, now at startProcess: returned from zygote!
03-28 20:59:00.630 W/ActivityManager( 1167): Slow operation: 120ms so far, now at startProcess: done updating battery stats
03-28 20:59:00.630 W/ActivityManager( 1167): Slow operation: 120ms so far, now at startProcess: building log message
03-28 20:59:00.630 I/ActivityManager( 1167): Start proc 3309:com.baidu.input/u0a27 for service {com.baidu.input/com.baidu.input.ImeService}
03-28 20:59:00.631 W/ActivityManager( 1167): Slow operation: 120ms so far, now at startProcess: starting to update pids map
03-28 20:59:00.631 W/ActivityManager( 1167): Slow operation: 120ms so far, now at startProcess: done updating pids map
03-28 20:59:00.680 I/StorageUserConnection( 1167): Service: [ComponentInfo{com.android.providers.media.module/com.android.providers.media.fuse.ExternalStorageServiceImpl}] connected. User [0]
03-28 20:59:00.713 D/CompatibilityChangeReporter( 1167): Compat change id reported: 168419799; UID 10027; state: DISABLED
03-28 20:59:00.969 I/GameModeConfig( 1167): isGameModeOn = false
03-28 20:59:00.970 I/GameModeConfig( 1167): isGameModeOn = false
03-28 20:59:00.971 I/GameModeConfig( 1167): isGameModeOn = false
03-28 20:59:00.971 I/GameModeConfig( 1167): isGameModeOn = false
03-28 20:59:01.010 D/CompatibilityChangeReporter( 1167): Compat change id reported: 135634846; UID 1000; state: DISABLED
03-28 20:59:01.010 D/CompatibilityChangeReporter( 1167): Compat change id reported: 177438394; UID 1000; state: DISABLED
03-28 20:59:01.010 D/CompatibilityChangeReporter( 1167): Compat change id reported: 135772972; UID 1000; state: DISABLED
03-28 20:59:01.010 D/CompatibilityChangeReporter( 1167): Compat change id reported: 135754954; UID 1000; state: DISABLED
03-28 20:59:01.058 I/iorapd ( 1226): Perfetto TraceBuffer saved to file: /data/misc/iorapd/com.android.settings/31/com.android.settings.FallbackHome/raw_traces/1680008340982111611.perfetto_trace.pb
03-28 20:59:01.078 W/ActivityManager( 1167): Slow operation: 69ms so far, now at startProcess: returned from zygote!
03-28 20:59:01.078 W/ActivityManager( 1167): Slow operation: 70ms so far, now at startProcess: done updating battery stats
03-28 20:59:01.078 W/ActivityManager( 1167): Slow operation: 70ms so far, now at startProcess: building log message
03-28 20:59:01.078 I/ActivityManager( 1167): Start proc 3352:com.qualcomm.qti.qmmi/1000 for broadcast {com.qualcomm.qti.qmmi/com.qualcomm.qti.qmmi.framework.QmmiReceiver}
03-28 20:59:01.078 W/ActivityManager( 1167): Slow operation: 70ms so far, now at startProcess: starting to update pids map
03-28 20:59:01.079 W/ActivityManager( 1167): Slow operation: 70ms so far, now at startProcess: done updating pids map
03-28 20:59:01.160 D/CompatibilityChangeReporter( 1167): Compat change id reported: 168419799; UID 1000; state: DISABLED
03-28 20:59:01.203 E/NetlinkEvent( 686): NetlinkEvent::FindParam(): Parameter 'INTERFACE' not found
03-28 20:59:01.203 E/NetlinkEvent( 686): NetlinkEvent::FindParam(): Parameter 'STATE' not found
03-28 20:59:01.203 E/NetlinkEvent( 686): NetlinkEvent::FindParam(): Parameter 'TIME_NS' not found
03-28 20:59:01.203 E/NetlinkEvent( 686): NetlinkEvent::FindParam(): Parameter 'UID' not found
03-28 20:59:01.232 W/StorageManagerService( 1167): Reporting emulated;0 unmounted due to system locked
03-28 20:59:01.253 W/ContextImpl( 1167): Calling a method in the system process without a qualified user: android.app.ContextImpl.sendStickyBroadcast:1559 com.android.server.ConnectivityService.sendStickyBroadcast:2811 com.android.server.ConnectivityService.sendGeneralBroadcast:2786 com.android.server.ConnectivityService.sendConnectedBroadcast:2759 com.android.server.ConnectivityService.sendLegacyNetworkBroadcast:8704
03-28 20:59:01.275 W/ContextImpl( 1167): Calling a method in the system process without a qualified user: android.app.ContextImpl.sendStickyBroadcast:1559 com.android.server.ConnectivityService.sendStickyBroadcast:2811 com.android.server.ConnectivityService.sendGeneralBroadcast:2786 com.android.server.ConnectivityService.sendInetConditionBroadcast:2763 com.android.server.ConnectivityService.updateInetCondition:8451
03-28 20:59:01.385 D/CompatibilityChangeReporter( 1167): Compat change id reported: 168419799; UID 10066; state: DISABLED --------- beginning of crash
03-28 20:59:01.392 E/AndroidRuntime( 2514): FATAL EXCEPTION: main
03-28 20:59:01.392 E/AndroidRuntime( 2514): Process: com.qualcomm.qti.devicestatisticsservice, PID: 2514
03-28 20:59:01.392 E/AndroidRuntime( 2514): java.lang.NoClassDefFoundError: Failed resolution of: Landroid/hidl/manager/V1_0/IServiceNotification$Stub;
03-28 20:59:01.392 E/AndroidRuntime( 2514): at com.qualcomm.qti.devicestatisticsservice.DeviceStatisticsService.onStartCommand(DeviceStatisticsService.java:83)
03-28 20:59:01.392 E/AndroidRuntime( 2514): at android.app.ActivityThread.handleServiceArgs(ActivityThread.java:4640)
03-28 20:59:01.392 E/AndroidRuntime( 2514): at android.app.ActivityThread.access$2000(ActivityThread.java:248)
03-28 20:59:01.392 E/AndroidRuntime( 2514): at android.app.ActivityThread$H.handleMessage(ActivityThread.java:2092)
03-28 20:59:01.392 E/AndroidRuntime( 2514): at android.os.Handler.dispatchMessage(Handler.java:106)
03-28 20:59:01.392 E/AndroidRuntime( 2514): at android.os.Looper.loopOnce(Looper.java:201)
03-28 20:59:01.392 E/AndroidRuntime( 2514): at android.os.Looper.loop(Looper.java:288)
03-28 20:59:01.392 E/AndroidRuntime( 2514): at android.app.ActivityThread.main(ActivityThread.java:7880)
03-28 20:59:01.392 E/AndroidRuntime( 2514): at java.lang.reflect.Method.invoke(Native Method)
03-28 20:59:01.392 E/AndroidRuntime( 2514): at com.android.internal.os.RuntimeInit$MethodAndArgsCaller.run(RuntimeInit.java:548)
03-28 20:59:01.392 E/AndroidRuntime( 2514): at com.android.internal.os.ZygoteInit.main(ZygoteInit.java:1009)
03-28 20:59:01.392 E/AndroidRuntime( 2514): Caused by: java.lang.ClassNotFoundException: android.hidl.manager.V1_0.IServiceNotification$Stub
03-28 20:59:01.392 E/AndroidRuntime( 2514): ... 11 more
03-28 20:59:01.398 D/CompatibilityChangeReporter( 1167): Compat change id reported: 168419799; UID 1000; state: DISABLED
03-28 20:59:01.399 I/DropBoxManagerService( 1167): add tag=system_app_crash isTagEnabled=true flags=0x2
03-28 20:59:01.406 E/BootReceiver( 1167): Could not open /sys/kernel/tracing/instances/bootreceiver/trace_pipe
03-28 20:59:01.406 E/BootReceiver( 1167): android.system.ErrnoException: open failed: ENOENT (No such file or directory)
03-28 20:59:01.406 E/BootReceiver( 1167): at libcore.io.Linux.open(Native Method)
03-28 20:59:01.406 E/BootReceiver( 1167): at libcore.io.ForwardingOs.open(ForwardingOs.java:567)
03-28 20:59:01.406 E/BootReceiver( 1167): at libcore.io.BlockGuardOs.open(BlockGuardOs.java:273)
03-28 20:59:01.406 E/BootReceiver( 1167): at android.system.Os.open(Os.java:501)
03-28 20:59:01.406 E/BootReceiver( 1167): at com.android.server.BootReceiver.onReceive(BootReceiver.java:167)
03-28 20:59:01.406 E/BootReceiver( 1167): at android.app.ActivityThread.handleReceiver(ActivityThread.java:4309)
03-28 20:59:01.406 E/BootReceiver( 1167): at android.app.ActivityThread.access$1600(ActivityThread.java:248)
03-28 20:59:01.406 E/BootReceiver( 1167): at android.app.ActivityThread$H.handleMessage(ActivityThread.java:2065)
03-28 20:59:01.406 E/BootReceiver( 1167): at android.os.Handler.dispatchMessage(Handler.java:106)
03-28 20:59:01.406 E/BootReceiver( 1167): at android.os.Looper.loopOnce(Looper.java:201)
03-28 20:59:01.406 E/BootReceiver( 1167): at android.os.Looper.loop(Looper.java:288)
03-28 20:59:01.406 E/BootReceiver( 1167): at com.android.server.SystemServer.run(SystemServer.java:909)
03-28 20:59:01.406 E/BootReceiver( 1167): at com.android.server.SystemServer.main(SystemServer.java:616)
03-28 20:59:01.406 E/BootReceiver( 1167): at java.lang.reflect.Method.invoke(Native Method)
03-28 20:59:01.406 E/BootReceiver( 1167): at com.android.internal.os.RuntimeInit$MethodAndArgsCaller.run(RuntimeInit.java:548)
03-28 20:59:01.406 E/BootReceiver( 1167): at com.android.internal.os.ZygoteInit.main(ZygoteInit.java:987)
03-28 20:59:01.448 I/DropBoxManagerService( 1167): add tag=SYSTEM_BOOT isTagEnabled=true flags=0x2
03-28 20:59:01.450 I/BootReceiver( 1167): Copying audit failures to DropBox
03-28 20:59:01.451 I/BootReceiver( 1167): Checking for fsck errors
03-28 20:59:01.457 I/BootReceiver( 1167): fs_stat, partition:dsp_a stat:0x3
03-28 20:59:01.457 I/BootReceiver( 1167): fs_stat, partition:persist stat:0x40b
03-28 20:59:01.468 D/CompatibilityChangeReporter( 1167): Compat change id reported: 135634846; UID 10020; state: DISABLED
03-28 20:59:01.468 D/CompatibilityChangeReporter( 1167): Compat change id reported: 177438394; UID 10020; state: DISABLED
03-28 20:59:01.468 D/CompatibilityChangeReporter( 1167): Compat change id reported: 135772972; UID 10020; state: DISABLED
03-28 20:59:01.468 D/CompatibilityChangeReporter( 1167): Compat change id reported: 135754954; UID 10020; state: ENABLED
03-28 20:59:01.468 D/CompatibilityChangeReporter( 1167): Compat change id reported: 143937733; UID 10020; state: ENABLED
03-28 20:59:01.473 D/CompatibilityChangeReporter( 1167): Compat change id reported: 168419799; UID 10074; state: DISABLED
03-28 20:59:01.487 I/ActivityManager( 1167): Process com.qualcomm.qti.devicestatisticsservice (pid 2514) has died: pers PER
03-28 20:59:01.490 W/ActivityManager( 1167): Scheduling restart of crashed service com.qualcomm.qti.devicestatisticsservice/.DeviceStatisticsService in 0ms for persistent
03-28 20:59:01.494 W/ActivityManager( 1167): Re-adding persistent process ProcessRecord{892d7c6 2514:com.qualcomm.qti.devicestatisticsservice/u0a66}
03-28 20:59:01.496 D/CompatibilityChangeReporter( 1167): Compat change id reported: 135634846; UID 10066; state: DISABLED
03-28 20:59:01.496 D/CompatibilityChangeReporter( 1167): Compat change id reported: 177438394; UID 10066; state: DISABLED
03-28 20:59:01.497 D/CompatibilityChangeReporter( 1167): Compat change id reported: 135772972; UID 10066; state: DISABLED
03-28 20:59:01.497 D/CompatibilityChangeReporter( 1167): Compat change id reported: 135754954; UID 10066; state: ENABLED
03-28 20:59:01.509 I/ActivityManager( 1167): Start proc 3412:android.process.media/u0a20 for content provider {com.android.providers.downloads/com.android.providers.downloads.DownloadProvider}
03-28 20:59:01.509 D/CompatibilityChangeReporter( 1167): Compat change id reported: 143937733; UID 10066; state: ENABLED
03-28 20:59:01.523 D/CompatibilityChangeReporter( 1167): Compat change id reported: 135634846; UID 1000; state: DISABLED
03-28 20:59:01.523 D/CompatibilityChangeReporter( 1167): Compat change id reported: 177438394; UID 1000; state: DISABLED
03-28 20:59:01.523 D/CompatibilityChangeReporter( 1167): Compat change id reported: 135772972; UID 1000; state: DISABLED
03-28 20:59:01.523 D/CompatibilityChangeReporter( 1167): Compat change id reported: 135754954; UID 1000; state: ENABLED
03-28 20:59:01.545 W/ActivityManager( 1167): Slow operation: 52ms so far, now at startProcess: returned from zygote!
03-28 20:59:01.546 W/ActivityManager( 1167): Slow operation: 52ms so far, now at startProcess: done updating battery stats
03-28 20:59:01.546 W/ActivityManager( 1167): Slow operation: 52ms so far, now at startProcess: building log message
03-28 20:59:01.546 I/ActivityManager( 1167): Start proc 3417:com.qualcomm.qti.devicestatisticsservice/u0a66 for restart com.qualcomm.qti.devicestatisticsservice
03-28 20:59:01.546 W/ActivityManager( 1167): Slow operation: 52ms so far, now at startProcess: starting to update pids map
03-28 20:59:01.546 W/ActivityManager( 1167): Slow operation: 53ms so far, now at startProcess: done updating pids map
03-28 20:59:01.582 W/ActivityManager( 1167): Slow operation: 60ms so far, now at startProcess: returned from zygote!
03-28 20:59:01.582 W/ActivityManager( 1167): Slow operation: 60ms so far, now at startProcess: done updating battery stats
03-28 20:59:01.582 W/ActivityManager( 1167): Slow operation: 60ms so far, now at startProcess: building log message
03-28 20:59:01.582 I/ActivityManager( 1167): Start proc 3433:com.qti.diagservices/1000 for broadcast {com.qti.diagservices/com.qti.diagservices.Diag_OnBoot}
03-28 20:59:01.582 W/ActivityManager( 1167): Slow operation: 60ms so far, now at startProcess: starting to update pids map
03-28 20:59:01.583 W/ActivityManager( 1167): Slow operation: 61ms so far, now at startProcess: done updating pids map
03-28 20:59:01.589 D/CompatibilityChangeReporter( 1167): Compat change id reported: 168419799; UID 10020; state: DISABLED
03-28 20:59:01.719 I/vold ( 562): Bind mounting /mnt/runtime/default/emulated/0/Android/data on /mnt/user/0/emulated/0/Android/data
03-28 20:59:01.728 I/vold ( 562): Bind mounted /mnt/runtime/default/emulated/0/Android/data on /mnt/user/0/emulated/0/Android/data
03-28 20:59:01.729 I/vold ( 562): Bind mounting /mnt/runtime/default/emulated/0/Android/obb on /mnt/user/0/emulated/0/Android/obb
03-28 20:59:01.734 I/vold ( 562): Bind mounted /mnt/runtime/default/emulated/0/Android/obb on /mnt/user/0/emulated/0/Android/obb
03-28 20:59:01.734 I/vold ( 562): Bind mounting /mnt/runtime/write/emulated/0/Android/obb on /mnt/installer/0/emulated/0/Android/obb
03-28 20:59:01.737 I/vold ( 562): Bind mounted /mnt/runtime/write/emulated/0/Android/obb on /mnt/installer/0/emulated/0/Android/obb
03-28 20:59:01.737 I/vold ( 562): Configuring read_ahead of /mnt/user/0/emulated fuse filesystem to 256kb
03-28 20:59:01.738 I/vold ( 562): Writing 256 to /sys/class/bdi/0:85/read_ahead_kb
03-28 20:59:01.738 I/vold ( 562): Configuring max_ratio of /mnt/user/0/emulated fuse filesystem to 40
03-28 20:59:01.738 I/vold ( 562): Writing 40 to /sys/class/bdi/0:85/max_ratio
03-28 20:59:01.739 I/StorageManagerService( 1167): Mounted volume VolumeInfo{emulated;0}:
03-28 20:59:01.739 I/StorageManagerService( 1167): type=EMULATED diskId=null partGuid= mountFlags=PRIMARY|VISIBLE
03-28 20:59:01.739 I/StorageManagerService( 1167): mountUserId=0 state=MOUNTED
03-28 20:59:01.739 I/StorageManagerService( 1167): fsType=null fsUuid=null fsLabel=null
03-28 20:59:01.739 I/StorageManagerService( 1167): path=/storage/emulated internalPath=/data/media
03-28 20:59:01.740 I/StorageSessionController( 1167): Notifying volume state changed for session with id: emulated;0
03-28 20:59:01.741 I/GameModeConfig( 1167): isGameModeOn = false
03-28 20:59:01.742 I/GameModeConfig( 1167): isGameModeOn = false
03-28 20:59:01.743 W/StorageManagerService( 1167): Reporting emulated;0 unmounted due to system locked
03-28 20:59:01.746 W/StorageManagerService( 1167): Reporting emulated;0 unmounted due to system locked
03-28 20:59:01.748 W/StorageManagerService( 1167): Reporting emulated;0 unmounted due to system locked
03-28 20:59:01.749 W/StorageManagerService( 1167): Reporting emulated;0 unmounted due to system locked
03-28 20:59:01.750 W/StorageManagerService( 1167): Reporting emulated;0 unmounted due to system locked
03-28 20:59:01.752 W/StorageManagerService( 1167): Reporting emulated;0 unmounted due to system locked
03-28 20:59:01.753 W/StorageManagerService( 1167): Reporting emulated;0 unmounted due to system locked
03-28 20:59:01.754 W/StorageManagerService( 1167): Reporting emulated;0 unmounted due to system locked
03-28 20:59:01.757 I/StorageSessionController( 1167): Notifying volume state changed for session with id: emulated;0
03-28 20:59:01.765 I/StorageSessionController( 1167): Notifying volume state changed for session with id: emulated;0
03-28 20:59:01.783 D/StorageManagerService( 1167): Volume emulated;0 broadcasting mounted to UserHandle{0}
03-28 20:59:01.784 D/StorageManagerService( 1167): Volume emulated;0 broadcasting mounted to UserHandle{0}
03-28 20:59:01.787 W/ContextImpl( 3433): Calling a method in the system process without a qualified user: android.app.ContextImpl.startService:1816 android.content.ContextWrapper.startService:774 android.content.ContextWrapper.startService:774 com.qti.diagservices.Diag_OnBoot.onReceive:40 android.app.ActivityThread.handleReceiver:4309
03-28 20:59:01.791 W/OverlayManager( 1167): service 'idmap' died
03-28 20:59:01.805 I/Telecom ( 1167): DefaultDialerCache: Refreshing default dialer for user 0: now null: DDC.oR@AAw
03-28 20:59:01.806 I/Telecom ( 1167): MissedCallNotifierImpl: reloadAfterBootComplete: user=0: TSBCR.oR@AA0
03-28 20:59:01.811 I/Telecom ( 1167): MissedCallNotifierImpl: reloadAfterBootComplete: user=0: TSBCR.oR@AA0
03-28 20:59:01.814 D/CompatibilityChangeReporter( 1167): Compat change id reported: 135634846; UID 10029; state: DISABLED
03-28 20:59:01.814 D/CompatibilityChangeReporter( 1167): Compat change id reported: 177438394; UID 10029; state: DISABLED
03-28 20:59:01.814 D/CompatibilityChangeReporter( 1167): Compat change id reported: 135772972; UID 10029; state: DISABLED
03-28 20:59:01.814 D/CompatibilityChangeReporter( 1167): Compat change id reported: 135754954; UID 10029; state: ENABLED
03-28 20:59:01.815 D/CompatibilityChangeReporter( 1167): Compat change id reported: 143937733; UID 10029; state: ENABLED
