03-28 20:59:01.817 D/CompatibilityChangeReporter( 1167): Compat change id reported: 135634846; UID 1000; state: DISABLED
03-28 20:59:01.818 D/CompatibilityChangeReporter( 1167): Compat change id reported: 177438394; UID 1000; state: DISABLED
03-28 20:59:01.818 D/CompatibilityChangeReporter( 1167): Compat change id reported: 135772972; UID 1000; state: DISABLED
03-28 20:59:01.818 D/CompatibilityChangeReporter( 1167): Compat change id reported: 135754954; UID 1000; state: ENABLED
03-28 20:59:01.837 D/CompatibilityChangeReporter( 1167): Compat change id reported: 149924527; UID 10097; state: ENABLED
03-28 20:59:01.837 D/CompatibilityChangeReporter( 1167): Compat change id reported: 132649864; UID 10097; state: DISABLED
03-28 20:59:01.839 D/CompatibilityChangeReporter( 1167): Compat change id reported: 182734110; UID 10097; state: DISABLED
03-28 20:59:01.840 I/GameModeConfig( 1167): isGameModeOn = false
03-28 20:59:01.840 I/GameModeConfig( 1167): isGameModeOn = false
03-28 20:59:01.841 I/GameModeConfig( 1167): isGameModeOn = false
03-28 20:59:01.841 I/GameModeConfig( 1167): isGameModeOn = false
03-28 20:59:01.842 I/GameModeConfig( 1167): isGameModeOn = false
03-28 20:59:01.842 I/GameModeConfig( 1167): isGameModeOn = false
03-28 20:59:01.847 I/ActivityManager( 1167): Start proc 3477:android.process.acore/u0a29 for content provider {com.android.providers.contacts/com.android.providers.contacts.CallLogProvider}
03-28 20:59:01.880 W/ActivityManager( 1167): Slow operation: 63ms so far, now at startProcess: returned from zygote!
03-28 20:59:01.880 W/ActivityManager( 1167): Slow operation: 63ms so far, now at startProcess: done updating battery stats
03-28 20:59:01.880 W/ActivityManager( 1167): Slow operation: 63ms so far, now at startProcess: building log message
03-28 20:59:01.880 I/ActivityManager( 1167): Start proc 3482:com.android.dynsystem/1000 for broadcast {com.android.dynsystem/com.android.dynsystem.BootCompletedReceiver}
03-28 20:59:01.880 W/ActivityManager( 1167): Slow operation: 63ms so far, now at startProcess: starting to update pids map
03-28 20:59:01.880 W/ActivityManager( 1167): Slow operation: 63ms so far, now at startProcess: done updating pids map
03-28 20:59:01.905 D/CompatibilityChangeReporter( 1167): Compat change id reported: 168419799; UID 10029; state: DISABLED
03-28 20:59:01.936 D/CompatibilityChangeReporter( 1167): Compat change id reported: 168419799; UID 1000; state: DISABLED
03-28 20:59:02.052 D/CountryDetector( 1167): The first listener is added
03-28 20:59:02.063 D/CompatibilityChangeReporter( 1167): Compat change id reported: 135634846; UID 1000; state: DISABLED
03-28 20:59:02.063 D/CompatibilityChangeReporter( 1167): Compat change id reported: 177438394; UID 1000; state: DISABLED
03-28 20:59:02.063 D/CompatibilityChangeReporter( 1167): Compat change id reported: 135772972; UID 1000; state: DISABLED
03-28 20:59:02.063 D/CompatibilityChangeReporter( 1167): Compat change id reported: 135754954; UID 1000; state: ENABLED
03-28 20:59:02.093 D/CompatibilityChangeReporter( 1167): Compat change id reported: 135634846; UID 10073; state: DISABLED
03-28 20:59:02.093 D/CompatibilityChangeReporter( 1167): Compat change id reported: 177438394; UID 10073; state: DISABLED
03-28 20:59:02.094 D/CompatibilityChangeReporter( 1167): Compat change id reported: 135772972; UID 10073; state: DISABLED
03-28 20:59:02.095 D/CompatibilityChangeReporter( 1167): Compat change id reported: 135754954; UID 10073; state: ENABLED
03-28 20:59:02.105 I/ActivityManager( 1167): Start proc 3539:com.android.localtransport/1000 for service {com.android.localtransport/com.android.localtransport.LocalTransportService}
03-28 20:59:02.167 W/ActivityManager( 1167): Slow operation: 80ms so far, now at startProcess: returned from zygote!
03-28 20:59:02.168 D/CompatibilityChangeReporter( 1167): Compat change id reported: 168419799; UID 1000; state: DISABLED
03-28 20:59:02.182 W/ActivityManager( 1167): Slow operation: 94ms so far, now at startProcess: done updating battery stats
03-28 20:59:02.182 W/ActivityManager( 1167): Slow operation: 95ms so far, now at startProcess: building log message
03-28 20:59:02.182 I/ActivityManager( 1167): Start proc 3558:com.android.dynsystem:dynsystem/1000 for service {com.android.dynsystem/com.android.dynsystem.DynamicSystemInstallationService}
03-28 20:59:02.182 W/ActivityManager( 1167): Slow operation: 95ms so far, now at startProcess: starting to update pids map
03-28 20:59:02.182 W/ActivityManager( 1167): Slow operation: 95ms so far, now at startProcess: done updating pids map
03-28 20:59:02.182 W/ActivityManager( 1167): Slow operation: 90ms so far, now at startProcess: asking zygote to start proc
03-28 20:59:02.183 D/CompatibilityChangeReporter( 1167): Compat change id reported: 143937733; UID 10073; state: ENABLED
03-28 20:59:02.241 W/ActivityManager( 1167): Slow operation: 148ms so far, now at startProcess: returned from zygote!
03-28 20:59:02.241 W/ActivityManager( 1167): Slow operation: 149ms so far, now at startProcess: done updating battery stats
03-28 20:59:02.242 W/ActivityManager( 1167): Slow operation: 149ms so far, now at startProcess: building log message
03-28 20:59:02.242 I/ActivityManager( 1167): Start proc 3575:com.android.inputmethod.latin/u0a73 for broadcast {com.android.inputmethod.latin/com.android.inputmethod.latin.SystemBroadcastReceiver}
03-28 20:59:02.242 W/ActivityManager( 1167): Slow operation: 149ms so far, now at startProcess: starting to update pids map
03-28 20:59:02.242 W/ActivityManager( 1167): Slow operation: 150ms so far, now at startProcess: done updating pids map
03-28 20:59:02.287 I/TransportClient( 1167): LocalTransportService#0: Notifying [TransportManager.registerTransport()] transport = IBackupTransport
03-28 20:59:02.302 D/BackupTransportManager( 1167): Transport com.android.localtransport/.LocalTransportService registered
03-28 20:59:02.302 D/BackupManagerService( 1167): [UserID:0] Transport com.android.localtransport/.LocalTransport registered 3253ms after first request (delay = 3000ms)
03-28 20:59:02.314 I/BackupManagerService( 1167): [UserID:0] Found 5 stale backup journal(s), scheduling.
03-28 20:59:02.319 V/BackupManagerConstants( 1167): getKeyValueBackupIntervalMilliseconds(...) returns 14400000
03-28 20:59:02.319 V/BackupManagerConstants( 1167): getKeyValueBackupFuzzMilliseconds(...) returns 600000
03-28 20:59:02.319 V/BackupManagerConstants( 1167): getKeyValueBackupRequiredNetworkType(...) returns 1
03-28 20:59:02.319 V/BackupManagerConstants( 1167): getKeyValueBackupRequireCharging(...) returns true
03-28 20:59:02.319 V/KeyValueBackupJob( 1167): Scheduling k/v pass in 242 minutes
03-28 20:59:02.352 D/CompatibilityChangeReporter( 1167): Compat change id reported: 168419799; UID 10073; state: DISABLED
03-28 20:59:02.356 I/BackupManagerService( 1167): [UserID:0] Stale backup journals: Scheduled 7 package(s) total
03-28 20:59:02.409 D/CompatibilityChangeReporter( 1167): Compat change id reported: 171306433; UID 10027; state: DISABLED
03-28 20:59:02.412 I/GameModeConfig( 1167): isGameModeOn = false
03-28 20:59:02.412 I/GameModeConfig( 1167): isGameModeOn = false
03-28 20:59:02.423 I/DynamicSystemService( 1167): isInstalled(): false
03-28 20:59:02.496 I/DropBoxManagerService( 1167): add tag=system_server_strictmode isTagEnabled=true flags=0x2
03-28 20:59:02.543 D/CompatibilityChangeReporter( 1167): Compat change id reported: 172100307; UID 10097; state: DISABLED
03-28 20:59:02.654 W/ActivityTaskManager( 1167): Current config: {1.0 ?mcc?mnc [zh_CN] ldltr sw680dp w1586dp h612dp 240dpi lrg long hdr land finger -keyb/v/h -nav/h winConfig={ mBounds=Rect(0, 0 - 2380, 1020) mAppBounds=Rect(0, 0 - 2380, 954) mMaxBounds=Rect(0, 0 - 2380, 1020) mWindowingMode=fullscreen mDisplayWindowingMode=fullscreen mActivityType=undefined mAlwaysOnTop=undefined mRotation=ROTATION_0} s.10 fontWeightAdjustment=0} unchanged for IME proc com.baidu.input
03-28 20:59:02.654 W/ActivityTaskManager( 1167): Current config: {1.0 ?mcc?mnc [zh_CN] ldltr sw680dp w1586dp h612dp 240dpi lrg long hdr land finger -keyb/v/h -nav/h winConfig={ mBounds=Rect(0, 0 - 2380, 1020) mAppBounds=Rect(0, 0 - 2380, 954) mMaxBounds=Rect(0, 0 - 2380, 1020) mWindowingMode=fullscreen mDisplayWindowingMode=fullscreen mActivityType=undefined mAlwaysOnTop=undefined mRotation=ROTATION_0} s.10 fontWeightAdjustment=0} unchanged for IME proc com.baidu.input
03-28 20:59:03.216 I/ActivityManager( 1167): Process com.android.inputmethod.latin (pid 3575) has died: fg RCVR
03-28 20:59:03.239 I/ActivityManager( 1167): com.android.managedprovisioning is exempt from freezer
03-28 20:59:03.240 D/CompatibilityChangeReporter( 1167): Compat change id reported: 135634846; UID 10032; state: DISABLED
03-28 20:59:03.240 D/CompatibilityChangeReporter( 1167): Compat change id reported: 177438394; UID 10032; state: DISABLED
03-28 20:59:03.240 D/CompatibilityChangeReporter( 1167): Compat change id reported: 135772972; UID 10032; state: DISABLED
03-28 20:59:03.240 D/CompatibilityChangeReporter( 1167): Compat change id reported: 135754954; UID 10032; state: ENABLED
03-28 20:59:03.240 D/CompatibilityChangeReporter( 1167): Compat change id reported: 143937733; UID 10032; state: ENABLED
03-28 20:59:03.272 I/ActivityManager( 1167): Start proc 3677:com.android.managedprovisioning/u0a32 for broadcast {com.android.managedprovisioning/com.android.managedprovisioning.BootReminder}
03-28 20:59:03.350 E/PackageDexUsage( 1167): Unsupported context?
03-28 20:59:03.354 D/CompatibilityChangeReporter( 1167): Compat change id reported: 168419799; UID 10032; state: DISABLED
03-28 20:59:03.689 D/CompatibilityChangeReporter( 1167): Compat change id reported: 168419799; UID 10020; state: DISABLED
03-28 20:59:03.699 D/CompatibilityChangeReporter( 1167): Compat change id reported: 135634846; UID 10092; state: DISABLED
03-28 20:59:03.700 D/CompatibilityChangeReporter( 1167): Compat change id reported: 177438394; UID 10092; state: DISABLED
03-28 20:59:03.700 D/CompatibilityChangeReporter( 1167): Compat change id reported: 135772972; UID 10092; state: DISABLED
03-28 20:59:03.700 D/CompatibilityChangeReporter( 1167): Compat change id reported: 135754954; UID 10092; state: ENABLED
03-28 20:59:03.700 D/CompatibilityChangeReporter( 1167): Compat change id reported: 143937733; UID 10092; state: ENABLED
03-28 20:59:03.745 I/ActivityManager( 1167): Start proc 3722:com.android.music/u0a92 for broadcast {com.android.music/com.android.music.MediaPlaybackReceiver}
03-28 20:59:03.772 E/ActivityThread( 3309): Failed to find provider info for telephony
03-28 20:59:03.864 D/CompatibilityChangeReporter( 1167): Compat change id reported: 168419799; UID 10092; state: DISABLED
03-28 20:59:03.874 W/BroadcastQueue( 1167): Permission Denial: broadcasting Intent { act=android.net.conn.CONNECTIVITY_CHANGE flg=0x4200010 (has extras) } from null (pid=-1, uid=-1) requires com.baidu.input.permission.sofire.RECEIVE due to registered receiver BroadcastFilter{f8b95db 10027/u0 ReceiverList{65cceea 3309 com.baidu.input/10027/u0 remote:42016d5}}
03-28 20:59:04.139 D/CompatibilityChangeReporter( 1167): Compat change id reported: 135634846; UID 10062; state: DISABLED
03-28 20:59:04.139 D/CompatibilityChangeReporter( 1167): Compat change id reported: 177438394; UID 10062; state: DISABLED
03-28 20:59:04.140 D/CompatibilityChangeReporter( 1167): Compat change id reported: 135772972; UID 10062; state: DISABLED
03-28 20:59:04.141 D/CompatibilityChangeReporter( 1167): Compat change id reported: 135754954; UID 10062; state: ENABLED
03-28 20:59:04.142 D/CompatibilityChangeReporter( 1167): Compat change id reported: 143937733; UID 10062; state: ENABLED
03-28 20:59:04.184 I/ActivityManager( 1167): Start proc 3762:com.android.onetimeinitializer/u0a62 for broadcast {com.android.onetimeinitializer/com.android.onetimeinitializer.OneTimeInitializerReceiver}
03-28 20:59:04.286 D/CompatibilityChangeReporter( 1167): Compat change id reported: 168419799; UID 10062; state: DISABLED
03-28 20:59:04.472 I/ActivityManager( 1167): com.android.packageinstaller is exempt from freezer
03-28 20:59:04.472 D/CompatibilityChangeReporter( 1167): Compat change id reported: 135634846; UID 10031; state: DISABLED
03-28 20:59:04.473 D/CompatibilityChangeReporter( 1167): Compat change id reported: 177438394; UID 10031; state: DISABLED
03-28 20:59:04.473 D/CompatibilityChangeReporter( 1167): Compat change id reported: 135772972; UID 10031; state: DISABLED
03-28 20:59:04.473 D/CompatibilityChangeReporter( 1167): Compat change id reported: 135754954; UID 10031; state: ENABLED
03-28 20:59:04.475 D/CompatibilityChangeReporter( 1167): Compat change id reported: 143937733; UID 10031; state: ENABLED
03-28 20:59:04.527 W/ActivityManager( 1167): Slow operation: 55ms so far, now at startProcess: returned from zygote!
03-28 20:59:04.527 W/ActivityManager( 1167): Slow operation: 55ms so far, now at startProcess: done updating battery stats
03-28 20:59:04.527 W/ActivityManager( 1167): Slow operation: 55ms so far, now at startProcess: building log message
03-28 20:59:04.527 I/ActivityManager( 1167): Start proc 3790:com.android.packageinstaller/u0a31 for broadcast {com.android.packageinstaller/com.android.packageinstaller.TemporaryFileManager}
03-28 20:59:04.527 W/ActivityManager( 1167): Slow operation: 55ms so far, now at startProcess: starting to update pids map
03-28 20:59:04.528 W/ActivityManager( 1167): Slow operation: 55ms so far, now at startProcess: done updating pids map
03-28 20:59:04.604 D/CompatibilityChangeReporter( 1167): Compat change id reported: 168419799; UID 10031; state: DISABLED
03-28 20:59:04.690 W/PackageParser( 3309): No actions in intent filter at /system/priv-app/baidu_ime-mainLine-release/baidu_ime-mainLine-release.apk Binary XML file line #1529
03-28 20:59:04.834 D/CompatibilityChangeReporter( 1167): Compat change id reported: 135634846; UID 10096; state: DISABLED
03-28 20:59:04.834 D/CompatibilityChangeReporter( 1167): Compat change id reported: 177438394; UID 10096; state: DISABLED
03-28 20:59:04.834 D/CompatibilityChangeReporter( 1167): Compat change id reported: 135772972; UID 10096; state: DISABLED
03-28 20:59:04.835 D/CompatibilityChangeReporter( 1167): Compat change id reported: 135754954; UID 10096; state: DISABLED
03-28 20:59:04.836 D/CompatibilityChangeReporter( 1167): Compat change id reported: 143937733; UID 10096; state: DISABLED
03-28 20:59:04.879 I/ActivityManager( 1167): Start proc 3818:com.android.permissioncontroller/u0a96 for broadcast {com.android.permissioncontroller/com.android.permissioncontroller.permission.service.LocationAccessCheck$SetupPeriodicBackgroundLocationAccessCheck}
03-28 20:59:04.970 D/CompatibilityChangeReporter( 1167): Compat change id reported: 168419799; UID 10096; state: DISABLED
03-28 20:59:05.444 D/CompatibilityChangeReporter( 1167): Compat change id reported: 135634846; UID 10023; state: DISABLED
03-28 20:59:05.444 D/CompatibilityChangeReporter( 1167): Compat change id reported: 177438394; UID 10023; state: DISABLED
03-28 20:59:05.444 D/CompatibilityChangeReporter( 1167): Compat change id reported: 135772972; UID 10023; state: DISABLED
03-28 20:59:05.444 D/CompatibilityChangeReporter( 1167): Compat change id reported: 135754954; UID 10023; state: ENABLED
03-28 20:59:05.445 D/CompatibilityChangeReporter( 1167): Compat change id reported: 143937733; UID 10023; state: ENABLED
03-28 20:59:05.486 I/ActivityManager( 1167): Start proc 3835:com.android.providers.calendar/u0a23 for broadcast {com.android.providers.calendar/com.android.providers.calendar.CalendarReceiver}
03-28 20:59:05.575 D/CompatibilityChangeReporter( 1167): Compat change id reported: 168419799; UID 10023; state: DISABLED
03-28 20:59:05.819 D/CompatibilityChangeReporter( 1167): Compat change id reported: 171306433; UID 10023; state: ENABLED
03-28 20:59:05.862 D/CompatibilityChangeReporter( 1167): Compat change id reported: 143231523; UID 10023; state: DISABLED
03-28 20:59:05.869 D/CompatibilityChangeReporter( 1167): Compat change id reported: 168419799; UID 1000; state: DISABLED
03-28 20:59:05.999 I/ActivityManager( 1167): com.android.shell is exempt from freezer
03-28 20:59:06.000 D/CompatibilityChangeReporter( 1167): Compat change id reported: 135634846; UID 2000; state: DISABLED
03-28 20:59:06.000 D/CompatibilityChangeReporter( 1167): Compat change id reported: 177438394; UID 2000; state: DISABLED
03-28 20:59:06.001 D/CompatibilityChangeReporter( 1167): Compat change id reported: 135772972; UID 2000; state: DISABLED
03-28 20:59:06.001 D/CompatibilityChangeReporter( 1167): Compat change id reported: 135754954; UID 2000; state: ENABLED
03-28 20:59:06.047 I/ActivityManager( 1167): Start proc 3858:com.android.shell/2000 for broadcast {com.android.shell/com.android.shell.HeapDumpReceiver}
03-28 20:59:06.109 I/GameModeConfig( 1167): isGameModeOn = false
03-28 20:59:06.140 D/CompatibilityChangeReporter( 1167): Compat change id reported: 168419799; UID 2000; state: DISABLED
03-28 20:59:06.329 W/BroadcastQueue( 1167): Permission Denial: receiving Intent { act=android.intent.action.BOOT_COMPLETED flg=0x89000010 (has extras) } to com.baidu.input/.directboot.DirectBootReceiver requires android.permission.RECEIVE_BOOT_COMPLETED due to sender null (uid 1000)
03-28 20:59:06.333 W/BroadcastQueue( 1167): Permission Denial: receiving Intent { act=android.intent.action.BOOT_COMPLETED flg=0x89000010 (has extras) } to com.baidu.input/.switchguide.InputMethodChangedReceiver requires android.permission.RECEIVE_BOOT_COMPLETED due to sender null (uid 1000)
03-28 20:59:06.338 D/CompatibilityChangeReporter( 1167): Compat change id reported: 168419799; UID 10086; state: DISABLED
03-28 20:59:06.374 W/ContextImpl( 2970): Calling a method in the system process without a qualified user: android.app.ContextImpl.startService:1816 android.content.ContextWrapper.startService:774 com.hryt.hiphishowfsecontrol.mce_app.broadcasts.FseReceiver.onReceive:49 android.app.ActivityThread.handleReceiver:4309 android.app.ActivityThread.access$1600:248
03-28 20:59:06.382 D/CompatibilityChangeReporter( 1167): Compat change id reported: 135634846; UID 10076; state: DISABLED
03-28 20:59:06.382 D/CompatibilityChangeReporter( 1167): Compat change id reported: 177438394; UID 10076; state: DISABLED
03-28 20:59:06.382 D/CompatibilityChangeReporter( 1167): Compat change id reported: 135772972; UID 10076; state: DISABLED
03-28 20:59:06.382 D/CompatibilityChangeReporter( 1167): Compat change id reported: 135754954; UID 10076; state: ENABLED
03-28 20:59:06.383 D/CompatibilityChangeReporter( 1167): Compat change id reported: 143937733; UID 10076; state: ENABLED
03-28 20:59:06.384 D/CompatibilityChangeReporter( 1167): Compat change id reported: 149924527; UID 10086; state: ENABLED
03-28 20:59:06.384 D/CompatibilityChangeReporter( 1167): Compat change id reported: 132649864; UID 10086; state: DISABLED
03-28 20:59:06.420 I/ActivityManager( 1167): Start proc 3878:com.qti.ltebc/u0a76 for broadcast {com.qti.ltebc/com.qualcomm.ltebc.LTEBroadcastBootReceiver}
03-28 20:59:06.504 D/CompatibilityChangeReporter( 1167): Compat change id reported: 168419799; UID 10076; state: DISABLED
03-28 20:59:06.779 W/ActivityManager( 1167): Receiver with filter android.content.IntentFilter@aea33d6 already registered for pid 3309, callerPackage is com.baidu.input
03-28 20:59:06.990 E/ActivityThread( 2949): Failed to find provider info for com.tcl.xian.StartandroidService.MyContentProvider
03-28 20:59:08.130 I/GameModeConfig( 1167): isGameModeOn = false
03-28 20:59:08.373 I/GameModeConfig( 1167): isGameModeOn = false
03-28 20:59:09.073 W/ActivityManager( 1167): Unable to start service Intent { act=android.intent.action.START_LEBO_SERVICE pkg=com.hpplay.happyplay.aw } U=0: not found
03-28 20:59:10.511 I/GameModeConfig( 1167): isGameModeOn = false
03-28 20:59:10.515 I/GameModeConfig( 1167): isGameModeOn = false
03-28 20:59:10.971 I/GameModeConfig( 1167): isGameModeOn = false
03-28 20:59:10.972 I/GameModeConfig( 1167): isGameModeOn = false
03-28 20:59:11.746 I/GameModeConfig( 1167): isGameModeOn = false
03-28 20:59:11.841 I/GameModeConfig( 1167): isGameModeOn = false
03-28 20:59:11.845 I/GameModeConfig( 1167): isGameModeOn = false
03-28 20:59:11.845 I/GameModeConfig( 1167): isGameModeOn = false
03-28 20:59:12.136 D/CompatibilityChangeReporter( 1167): Compat change id reported: 168419799; UID 10054; state: DISABLED
03-28 20:59:12.149 D/CompatibilityChangeReporter( 1167): Compat change id reported: 171306433; UID 10076; state: ENABLED
03-28 20:59:12.154 D/CompatibilityChangeReporter( 1167): Compat change id reported: 168419799; UID 10079; state: DISABLED
03-28 20:59:12.169 D/CompatibilityChangeReporter( 1167): Compat change id reported: 168419799; UID 10075; state: DISABLED
03-28 20:59:12.178 D/CompatibilityChangeReporter( 1167): Compat change id reported: 168419799; UID 10091; state: DISABLED
03-28 20:59:12.194 D/CompatibilityChangeReporter( 1167): Compat change id reported: 168419799; UID 10089; state: DISABLED
03-28 20:59:12.213 D/CompatibilityChangeReporter( 1167): Compat change id reported: 135634846; UID 10059; state: DISABLED
03-28 20:59:12.214 D/CompatibilityChangeReporter( 1167): Compat change id reported: 143937733; UID 10059; state: DISABLED
03-28 20:59:12.270 W/ActivityManager( 1167): Slow operation: 57ms so far, now at startProcess: returned from zygote!
03-28 20:59:12.270 W/ActivityManager( 1167): Slow operation: 58ms so far, now at startProcess: done updating battery stats
03-28 20:59:12.270 W/ActivityManager( 1167): Slow operation: 58ms so far, now at startProcess: building log message
03-28 20:59:12.270 I/ActivityManager( 1167): Start proc 4003:com.qualcomm.qti.qms.service.connectionsecurity/u0a59 for broadcast {com.qualcomm.qti.qms.service.connectionsecurity/com.qualcomm.qti.qms.service.connectionsecurity.ConnSecBroadcastReceiver}
03-28 20:59:12.270 W/ActivityManager( 1167): Slow operation: 58ms so far, now at startProcess: starting to update pids map
03-28 20:59:12.270 W/ActivityManager( 1167): Slow operation: 58ms so far, now at startProcess: done updating pids map
03-28 20:59:12.347 D/CompatibilityChangeReporter( 1167): Compat change id reported: 168419799; UID 10059; state: DISABLED
03-28 20:59:12.369 I/ActivityManager( 1167): Process com.qti.ltebc (pid 3878) has died: cch+5 CEM
03-28 20:59:12.417 I/GameModeConfig( 1167): isGameModeOn = false
03-28 20:59:12.575 D/CompatibilityChangeReporter( 1167): Compat change id reported: 168419799; UID 10090; state: DISABLED
03-28 20:59:12.604 D/CompatibilityChangeReporter( 1167): Compat change id reported: 168419799; UID 10088; state: DISABLED
03-28 20:59:12.697 I/ActivityManager( 1167): Finished processing BOOT_COMPLETED for u0
03-28 20:59:12.697 W/BroadcastQueue( 1167): Background execution not allowed: receiving Intent { act=android.intent.action.INPUT_METHOD_CHANGED flg=0x20000010 (has extras) } to com.baidu.input/.switchguide.InputMethodChangedReceiver
03-28 20:59:12.702 D/CompatibilityChangeReporter( 1167): Compat change id reported: 135634846; UID 10022; state: DISABLED
03-28 20:59:12.702 D/CompatibilityChangeReporter( 1167): Compat change id reported: 177438394; UID 10022; state: DISABLED
03-28 20:59:12.702 D/CompatibilityChangeReporter( 1167): Compat change id reported: 135772972; UID 10022; state: DISABLED
03-28 20:59:12.702 D/CompatibilityChangeReporter( 1167): Compat change id reported: 135754954; UID 10022; state: ENABLED
03-28 20:59:12.704 D/CompatibilityChangeReporter( 1167): Compat change id reported: 143937733; UID 10022; state: ENABLED
03-28 20:59:12.736 W/ContextImpl( 2192): Calling a method in the system process without a qualified user: android.app.ContextImpl.startService:1816 android.content.ContextWrapper.startService:774 com.thundercomm.gamemode.ingame.services.GameModeActionUtils.startGameModeService:118 com.thundercomm.gamemode.ingame.services.GameModeActionUtils.startGameModeEntry:29 com.thundercomm.gamemode.ingame.services.ActivityMonitoringService$1.onActivityLaunch:140
03-28 20:59:12.741 I/ActivityManager( 1167): Start proc 4030:com.android.externalstorage/u0a22 for broadcast {com.android.externalstorage/com.android.externalstorage.MountReceiver}
03-28 20:59:12.743 I/GameModeConfig( 1167): Current uri is uri = content://com.thundercomm.gamemode.api/gamemode_settings/gamemode_isgaming
03-28 20:59:12.748 I/GameModeConfig( 1167): isGameModeOn = false
03-28 20:59:12.749 I/GameModeConfig( 1167): isGameModeOn = false
03-28 20:59:12.749 I/GameModeConfig( 1167): isDisableVoice = true
03-28 20:59:12.750 I/GameModeConfig( 1167): isGameModeOn = false
03-28 20:59:12.750 I/GameModeConfig( 1167): isGameModeOn = false
03-28 20:59:12.809 D/CompatibilityChangeReporter( 1167): Compat change id reported: 168419799; UID 10022; state: DISABLED
03-28 20:59:13.013 D/CompatibilityChangeReporter( 1167): Compat change id reported: 168419799; UID 10097; state: DISABLED
03-28 20:59:13.071 D/CompatibilityChangeReporter( 1167): Compat change id reported: 168419799; UID 10023; state: DISABLED
03-28 20:59:13.091 D/CompatibilityChangeReporter( 1167): Compat change id reported: 135634846; UID 10076; state: DISABLED
03-28 20:59:13.091 D/CompatibilityChangeReporter( 1167): Compat change id reported: 177438394; UID 10076; state: DISABLED
03-28 20:59:13.092 D/CompatibilityChangeReporter( 1167): Compat change id reported: 135772972; UID 10076; state: DISABLED
03-28 20:59:13.092 D/CompatibilityChangeReporter( 1167): Compat change id reported: 135754954; UID 10076; state: ENABLED
03-28 20:59:13.093 D/CompatibilityChangeReporter( 1167): Compat change id reported: 143937733; UID 10076; state: ENABLED
03-28 20:59:13.133 I/ActivityManager( 1167): Start proc 4054:com.qti.ltebc/u0a76 for broadcast {com.qti.ltebc/com.qualcomm.ltebc.LTEBroadcastReceiver}
03-28 20:59:13.190 D/CompatibilityChangeReporter( 1167): Compat change id reported: 168419799; UID 10076; state: DISABLED
03-28 20:59:16.796 I/ActivityManager( 1167): Waited long enough for: ServiceRecord{d6bb352 u0 com.qti.diagservices/.QTIDiagServices}
03-28 20:59:17.683 I/ActivityManager( 1167): Process com.qti.ltebc (pid 4054) has died: fg RCVR
03-28 20:59:17.702 D/CompatibilityChangeReporter( 1167): Compat change id reported: 135634846; UID 10076; state: DISABLED
03-28 20:59:17.702 D/CompatibilityChangeReporter( 1167): Compat change id reported: 177438394; UID 10076; state: DISABLED
03-28 20:59:17.703 D/CompatibilityChangeReporter( 1167): Compat change id reported: 135772972; UID 10076; state: DISABLED
03-28 20:59:17.703 D/CompatibilityChangeReporter( 1167): Compat change id reported: 135754954; UID 10076; state: ENABLED
03-28 20:59:17.704 D/CompatibilityChangeReporter( 1167): Compat change id reported: 143937733; UID 10076; state: ENABLED
03-28 20:59:17.746 I/ActivityManager( 1167): Start proc 4122:com.qti.ltebc/u0a76 for broadcast {com.qti.ltebc/com.qualcomm.ltebc.LTEBroadcastReceiver}
03-28 20:59:23.241 I/ActivityManager( 1167): Process com.qti.ltebc (pid 4122) has died: fg RCVR
03-28 20:59:23.263 D/CompatibilityChangeReporter( 1167): Compat change id reported: 135634846; UID 10076; state: DISABLED
03-28 20:59:23.263 D/CompatibilityChangeReporter( 1167): Compat change id reported: 177438394; UID 10076; state: DISABLED
03-28 20:59:23.263 D/CompatibilityChangeReporter( 1167): Compat change id reported: 135772972; UID 10076; state: DISABLED
03-28 20:59:23.264 D/CompatibilityChangeReporter( 1167): Compat change id reported: 135754954; UID 10076; state: ENABLED
03-28 20:59:23.265 D/CompatibilityChangeReporter( 1167): Compat change id reported: 143937733; UID 10076; state: ENABLED
03-28 20:59:23.317 W/ActivityManager( 1167): Slow operation: 55ms so far, now at startProcess: returned from zygote!
03-28 20:59:23.317 W/ActivityManager( 1167): Slow operation: 55ms so far, now at startProcess: done updating battery stats
03-28 20:59:23.317 W/ActivityManager( 1167): Slow operation: 55ms so far, now at startProcess: building log message
03-28 20:59:23.317 I/ActivityManager( 1167): Start proc 4207:com.qti.ltebc/u0a76 for broadcast {com.qti.ltebc/com.qualcomm.ltebc.LTEBroadcastAlarmReceiver}
03-28 20:59:23.317 W/ActivityManager( 1167): Slow operation: 55ms so far, now at startProcess: starting to update pids map
03-28 20:59:23.318 W/ActivityManager( 1167): Slow operation: 55ms so far, now at startProcess: done updating pids map
03-28 20:59:28.790 D/CompatibilityChangeReporter( 1167): Compat change id reported: 135634846; UID 10058; state: DISABLED
03-28 20:59:28.790 D/CompatibilityChangeReporter( 1167): Compat change id reported: 177438394; UID 10058; state: DISABLED
03-28 20:59:28.790 D/CompatibilityChangeReporter( 1167): Compat change id reported: 135772972; UID 10058; state: DISABLED
03-28 20:59:28.791 D/CompatibilityChangeReporter( 1167): Compat change id reported: 135754954; UID 10058; state: DISABLED
03-28 20:59:28.792 D/CompatibilityChangeReporter( 1167): Compat change id reported: 143937733; UID 10058; state: DISABLED
03-28 20:59:28.853 W/ActivityManager( 1167): Slow operation: 63ms so far, now at startProcess: returned from zygote!
03-28 20:59:28.853 W/ActivityManager( 1167): Slow operation: 64ms so far, now at startProcess: done updating battery stats
03-28 20:59:28.853 W/ActivityManager( 1167): Slow operation: 64ms so far, now at startProcess: building log message
03-28 20:59:28.853 I/ActivityManager( 1167): Start proc 4302:com.qualcomm.qti.qms.service.trustzoneaccess/u0a58 for service {com.qualcomm.qti.qms.service.trustzoneaccess/com.qualcomm.qti.qms.service.trustzoneaccess.TZAccessService}
03-28 20:59:28.853 W/ActivityManager( 1167): Slow operation: 64ms so far, now at startProcess: starting to update pids map
03-28 20:59:28.853 W/ActivityManager( 1167): Slow operation: 64ms so far, now at startProcess: done updating pids map
03-28 20:59:28.954 D/CompatibilityChangeReporter( 1167): Compat change id reported: 168419799; UID 10058; state: DISABLED
03-28 20:59:29.362 I/ActivityManager( 1167): Process com.qti.ltebc (pid 4207) has died: cch+5 CEM
03-28 20:59:51.890 V/DisplayPowerController[0]( 1167): Brightness [0.05] reason changing to: 'manual [ dim ]', previous reason: 'manual'.
03-28 20:59:51.894 E/DisplayDeviceConfig( 1167): requesting nits when no mapping exists.
03-28 20:59:51.895 E/DisplayDeviceConfig( 1167): requesting nits when no mapping exists.
03-28 20:59:51.918 I/DropBoxManagerService( 1167): add tag=system_server_wtf isTagEnabled=true flags=0x2
03-28 20:59:51.928 I/DropBoxManagerService( 1167): add tag=system_server_wtf isTagEnabled=true flags=0x2
03-28 20:59:53.774 D/CompatibilityChangeReporter( 1167): Compat change id reported: 168419799; UID 10096; state: DISABLED
03-28 20:59:58.860 I/PowerManagerService( 1167): Napping display group (groupId=0, uid=1000)...
03-28 20:59:58.860 I/PowerManagerService( 1167): Nap time (uid 1000)...
03-28 20:59:58.865 I/DreamManagerService( 1167): Entering dreamland.
03-28 20:59:58.889 I/PowerManagerService( 1167): Dreaming...
03-28 20:59:58.892 I/DreamController( 1167): Starting dream: name=ComponentInfo{com.thundercomm.screensaver/com.thundercomm.screensaver.service.SystemDream}, isTest=false, canDoze=false, userId=0
03-28 20:59:58.901 D/CompatibilityChangeReporter( 1167): Compat change id reported: 135634846; UID 10050; state: DISABLED
03-28 20:59:58.902 D/CompatibilityChangeReporter( 1167): Compat change id reported: 177438394; UID 10050; state: DISABLED
03-28 20:59:58.902 D/CompatibilityChangeReporter( 1167): Compat change id reported: 135772972; UID 10050; state: DISABLED
03-28 20:59:58.902 D/CompatibilityChangeReporter( 1167): Compat change id reported: 135754954; UID 10050; state: ENABLED
03-28 20:59:58.903 D/CompatibilityChangeReporter( 1167): Compat change id reported: 143937733; UID 10050; state: ENABLED
03-28 20:59:58.952 W/ActivityManager( 1167): Slow operation: 51ms so far, now at startProcess: returned from zygote!
03-28 20:59:58.953 W/ActivityManager( 1167): Slow operation: 51ms so far, now at startProcess: done updating battery stats
03-28 20:59:58.953 W/ActivityManager( 1167): Slow operation: 51ms so far, now at startProcess: building log message
03-28 20:59:58.953 I/ActivityManager( 1167): Start proc 4517:com.thundercomm.screensaver/u0a50 for service {com.thundercomm.screensaver/com.thundercomm.screensaver.service.SystemDream}
03-28 20:59:58.953 W/ActivityManager( 1167): Slow operation: 51ms so far, now at startProcess: starting to update pids map
03-28 20:59:58.953 W/ActivityManager( 1167): Slow operation: 52ms so far, now at startProcess: done updating pids map
03-28 20:59:59.049 D/CompatibilityChangeReporter( 1167): Compat change id reported: 168419799; UID 10050; state: DISABLED
03-28 20:59:59.236 D/MicroServiceManager( 4517): add linkToDeath
03-28 20:59:59.237 D/MicroServiceManager( 4517): bindMicroService: called already get service
03-28 20:59:59.238 I/MicroServiceManager( 4517): addCommonCallbackListener add listener
03-28 20:59:59.238 I/MicroServiceManager( 4517): addConnectChangedListener add listener
03-28 20:59:59.244 I/ActivityTaskManager( 1167): START u0 {flg=0x10000000 pkg=com.thundercomm.screensaver cmp=com.thundercomm.screensaver/android.service.dreams.DreamActivity (has extras)} from uid 10050
03-28 20:59:59.250 D/CompatibilityChangeReporter( 1167): Compat change id reported: 184838306; UID 10050; state: DISABLED
03-28 20:59:59.252 D/CompatibilityChangeReporter( 1167): Compat change id reported: 185004937; UID 10050; state: DISABLED
03-28 20:59:59.254 D/CompatibilityChangeReporter( 1167): Compat change id reported: 181136395; UID 10050; state: DISABLED
03-28 20:59:59.255 D/CompatibilityChangeReporter( 1167): Compat change id reported: 174042936; UID 10050; state: DISABLED
03-28 20:59:59.260 D/CompatibilityChangeReporter( 1167): Compat change id reported: 174042980; UID 10050; state: DISABLED
03-28 20:59:59.262 W/ActivityTaskManager( 1167): Can't find TaskDisplayArea to determine support for multi window. Task id=74 attached=false
03-28 20:59:59.283 I/MicroServiceManager( 4517): requestResult(requestOperationInfo) parameters isnull.
03-28 20:59:59.286 I/ActivityTaskManager( 1167): FOREGROUND_APPLICATION_CHANGED to android.service.dreams.DreamActivity
03-28 20:59:59.287 I/ActivityTaskManager( 1167): The Process com.thundercomm.screensaver Already Exists in BG. So sending its PID: 4517
03-28 20:59:59.336 W/WindowManager( 1167): Failed looking up window session=Session{b7bae30 4517:u0a10050} callers=com.android.server.wm.WindowManagerService.windowForClientLocked:5628 com.android.server.wm.Session.insetsModified:629 android.view.IWindowSession$Stub.onTransact:1151
03-28 20:59:59.384 I/DropBoxManagerService( 1167): add tag=system_app_wtf isTagEnabled=true flags=0x2
03-28 20:59:59.407 W/FreeFormWindowHelper( 1167): Current Display FreeFormTask is null
03-28 20:59:59.460 V/DisplayPowerController[0]( 1167): Brightness [1.0] reason changing to: 'manual', previous reason: 'manual [ dim ]'.
03-28 20:59:59.471 E/DisplayDeviceConfig( 1167): requesting nits when no mapping exists.
03-28 20:59:59.472 E/DisplayDeviceConfig( 1167): requesting nits when no mapping exists.
03-28 20:59:59.473 I/DropBoxManagerService( 1167): add tag=system_server_wtf isTagEnabled=true flags=0x2
03-28 20:59:59.476 I/DropBoxManagerService( 1167): add tag=system_server_wtf isTagEnabled=true flags=0x2
03-28 20:59:59.493 E/DisplayDeviceConfig( 1167): requesting nits when no mapping exists.
03-28 20:59:59.494 E/DisplayDeviceConfig( 1167): requesting nits when no mapping exists.
03-28 20:59:59.506 E/DisplayDeviceConfig( 1167): requesting nits when no mapping exists.
03-28 20:59:59.507 E/DisplayDeviceConfig( 1167): requesting nits when no mapping exists.
03-28 20:59:59.526 E/DisplayDeviceConfig( 1167): requesting nits when no mapping exists.
03-28 20:59:59.526 E/DisplayDeviceConfig( 1167): requesting nits when no mapping exists.
03-28 20:59:59.542 E/DisplayDeviceConfig( 1167): requesting nits when no mapping exists.
03-28 20:59:59.543 E/DisplayDeviceConfig( 1167): requesting nits when no mapping exists.
03-28 20:59:59.554 E/DisplayDeviceConfig( 1167): requesting nits when no mapping exists.
03-28 20:59:59.555 E/DisplayDeviceConfig( 1167): requesting nits when no mapping exists.
03-28 20:59:59.570 E/DisplayDeviceConfig( 1167): requesting nits when no mapping exists.
03-28 20:59:59.571 E/DisplayDeviceConfig( 1167): requesting nits when no mapping exists.
03-28 20:59:59.587 E/DisplayDeviceConfig( 1167): requesting nits when no mapping exists.
03-28 20:59:59.587 E/DisplayDeviceConfig( 1167): requesting nits when no mapping exists.
03-28 20:59:59.604 E/DisplayDeviceConfig( 1167): requesting nits when no mapping exists.
03-28 20:59:59.604 E/DisplayDeviceConfig( 1167): requesting nits when no mapping exists.
03-28 20:59:59.622 E/DisplayDeviceConfig( 1167): requesting nits when no mapping exists.
03-28 20:59:59.622 E/DisplayDeviceConfig( 1167): requesting nits when no mapping exists.
03-28 20:59:59.638 E/DisplayDeviceConfig( 1167): requesting nits when no mapping exists.
03-28 20:59:59.638 E/DisplayDeviceConfig( 1167): requesting nits when no mapping exists.
03-28 20:59:59.653 E/DisplayDeviceConfig( 1167): requesting nits when no mapping exists.
03-28 20:59:59.653 E/DisplayDeviceConfig( 1167): requesting nits when no mapping exists.
03-28 20:59:59.670 E/DisplayDeviceConfig( 1167): requesting nits when no mapping exists.
03-28 20:59:59.671 E/DisplayDeviceConfig( 1167): requesting nits when no mapping exists.
03-28 20:59:59.686 E/DisplayDeviceConfig( 1167): requesting nits when no mapping exists.
03-28 20:59:59.687 E/DisplayDeviceConfig( 1167): requesting nits when no mapping exists.
03-28 20:59:59.703 E/DisplayDeviceConfig( 1167): requesting nits when no mapping exists.
03-28 20:59:59.704 E/DisplayDeviceConfig( 1167): requesting nits when no mapping exists.
03-28 20:59:59.720 E/DisplayDeviceConfig( 1167): requesting nits when no mapping exists.
03-28 20:59:59.721 E/DisplayDeviceConfig( 1167): requesting nits when no mapping exists.
03-28 20:59:59.737 E/DisplayDeviceConfig( 1167): requesting nits when no mapping exists.
03-28 20:59:59.737 E/DisplayDeviceConfig( 1167): requesting nits when no mapping exists.
03-28 20:59:59.754 E/DisplayDeviceConfig( 1167): requesting nits when no mapping exists.
03-28 20:59:59.756 E/DisplayDeviceConfig( 1167): requesting nits when no mapping exists.
03-28 20:59:59.772 E/DisplayDeviceConfig( 1167): requesting nits when no mapping exists.
03-28 20:59:59.772 E/DisplayDeviceConfig( 1167): requesting nits when no mapping exists.
03-28 20:59:59.787 E/DisplayDeviceConfig( 1167): requesting nits when no mapping exists.
03-28 20:59:59.788 E/DisplayDeviceConfig( 1167): requesting nits when no mapping exists.
03-28 20:59:59.805 E/DisplayDeviceConfig( 1167): requesting nits when no mapping exists.
03-28 20:59:59.805 E/DisplayDeviceConfig( 1167): requesting nits when no mapping exists.
03-28 20:59:59.820 E/DisplayDeviceConfig( 1167): requesting nits when no mapping exists.
03-28 20:59:59.820 E/DisplayDeviceConfig( 1167): requesting nits when no mapping exists.
03-28 20:59:59.837 E/DisplayDeviceConfig( 1167): requesting nits when no mapping exists.
03-28 20:59:59.837 E/DisplayDeviceConfig( 1167): requesting nits when no mapping exists.
03-28 20:59:59.854 E/DisplayDeviceConfig( 1167): requesting nits when no mapping exists.
03-28 20:59:59.854 E/DisplayDeviceConfig( 1167): requesting nits when no mapping exists.
03-28 20:59:59.871 E/DisplayDeviceConfig( 1167): requesting nits when no mapping exists.
03-28 20:59:59.871 E/DisplayDeviceConfig( 1167): requesting nits when no mapping exists.
03-28 20:59:59.887 E/DisplayDeviceConfig( 1167): requesting nits when no mapping exists.
03-28 20:59:59.887 E/DisplayDeviceConfig( 1167): requesting nits when no mapping exists.
03-28 20:59:59.904 E/DisplayDeviceConfig( 1167): requesting nits when no mapping exists.
03-28 20:59:59.904 E/DisplayDeviceConfig( 1167): requesting nits when no mapping exists.
03-28 20:59:59.920 E/DisplayDeviceConfig( 1167): requesting nits when no mapping exists.
03-28 20:59:59.921 E/DisplayDeviceConfig( 1167): requesting nits when no mapping exists.
03-28 20:59:59.937 E/DisplayDeviceConfig( 1167): requesting nits when no mapping exists.
03-28 20:59:59.937 E/DisplayDeviceConfig( 1167): requesting nits when no mapping exists.
03-28 20:59:59.954 E/DisplayDeviceConfig( 1167): requesting nits when no mapping exists.
03-28 20:59:59.954 E/DisplayDeviceConfig( 1167): requesting nits when no mapping exists.
03-28 20:59:59.970 E/DisplayDeviceConfig( 1167): requesting nits when no mapping exists.
03-28 20:59:59.971 E/DisplayDeviceConfig( 1167): requesting nits when no mapping exists.
03-28 20:59:59.987 E/DisplayDeviceConfig( 1167): requesting nits when no mapping exists.
03-28 20:59:59.987 E/DisplayDeviceConfig( 1167): requesting nits when no mapping exists.
03-28 21:00:00.004 E/DisplayDeviceConfig( 1167): requesting nits when no mapping exists.
03-28 21:00:00.004 E/DisplayDeviceConfig( 1167): requesting nits when no mapping exists.
03-28 21:00:00.021 E/DisplayDeviceConfig( 1167): requesting nits when no mapping exists.
03-28 21:00:00.021 E/DisplayDeviceConfig( 1167): requesting nits when no mapping exists.
03-28 21:00:00.037 E/DisplayDeviceConfig( 1167): requesting nits when no mapping exists.
03-28 21:00:00.038 E/DisplayDeviceConfig( 1167): requesting nits when no mapping exists.
03-28 21:00:00.054 E/DisplayDeviceConfig( 1167): requesting nits when no mapping exists.
03-28 21:00:00.054 E/DisplayDeviceConfig( 1167): requesting nits when no mapping exists.
03-28 21:00:00.071 E/DisplayDeviceConfig( 1167): requesting nits when no mapping exists.
03-28 21:00:00.071 E/DisplayDeviceConfig( 1167): requesting nits when no mapping exists.
03-28 21:00:00.087 E/DisplayDeviceConfig( 1167): requesting nits when no mapping exists.
03-28 21:00:00.088 E/DisplayDeviceConfig( 1167): requesting nits when no mapping exists.
03-28 21:00:00.104 E/DisplayDeviceConfig( 1167): requesting nits when no mapping exists.
03-28 21:00:00.104 E/DisplayDeviceConfig( 1167): requesting nits when no mapping exists.
03-28 21:00:00.121 E/DisplayDeviceConfig( 1167): requesting nits when no mapping exists.
03-28 21:00:00.121 E/DisplayDeviceConfig( 1167): requesting nits when no mapping exists.
03-28 21:00:00.137 E/DisplayDeviceConfig( 1167): requesting nits when no mapping exists.
03-28 21:00:00.138 E/DisplayDeviceConfig( 1167): requesting nits when no mapping exists.
03-28 21:00:00.154 E/DisplayDeviceConfig( 1167): requesting nits when no mapping exists.
03-28 21:00:00.154 E/DisplayDeviceConfig( 1167): requesting nits when no mapping exists.
03-28 21:00:00.171 E/DisplayDeviceConfig( 1167): requesting nits when no mapping exists.
03-28 21:00:00.171 E/DisplayDeviceConfig( 1167): requesting nits when no mapping exists.
03-28 21:00:00.188 E/DisplayDeviceConfig( 1167): requesting nits when no mapping exists.
03-28 21:00:00.188 E/DisplayDeviceConfig( 1167): requesting nits when no mapping exists.
03-28 21:00:00.204 E/DisplayDeviceConfig( 1167): requesting nits when no mapping exists.
03-28 21:00:00.204 E/DisplayDeviceConfig( 1167): requesting nits when no mapping exists.
03-28 21:00:00.221 E/DisplayDeviceConfig( 1167): requesting nits when no mapping exists.
03-28 21:00:00.221 E/DisplayDeviceConfig( 1167): requesting nits when no mapping exists.
03-28 21:00:00.238 E/DisplayDeviceConfig( 1167): requesting nits when no mapping exists.
03-28 21:00:00.238 E/DisplayDeviceConfig( 1167): requesting nits when no mapping exists.
03-28 21:00:00.254 E/DisplayDeviceConfig( 1167): requesting nits when no mapping exists.
03-28 21:00:00.255 E/DisplayDeviceConfig( 1167): requesting nits when no mapping exists.
03-28 21:00:00.271 E/DisplayDeviceConfig( 1167): requesting nits when no mapping exists.
03-28 21:00:00.272 E/DisplayDeviceConfig( 1167): requesting nits when no mapping exists.
03-28 21:00:00.288 E/DisplayDeviceConfig( 1167): requesting nits when no mapping exists.
03-28 21:00:00.288 E/DisplayDeviceConfig( 1167): requesting nits when no mapping exists.
03-28 21:00:00.304 E/DisplayDeviceConfig( 1167): requesting nits when no mapping exists.
03-28 21:00:00.305 E/DisplayDeviceConfig( 1167): requesting nits when no mapping exists.
03-28 21:00:00.321 E/DisplayDeviceConfig( 1167): requesting nits when no mapping exists.
03-28 21:00:00.321 E/DisplayDeviceConfig( 1167): requesting nits when no mapping exists.
03-28 21:00:00.338 E/DisplayDeviceConfig( 1167): requesting nits when no mapping exists.
03-28 21:00:00.338 E/DisplayDeviceConfig( 1167): requesting nits when no mapping exists.
03-28 21:00:00.355 E/DisplayDeviceConfig( 1167): requesting nits when no mapping exists.
03-28 21:00:00.355 E/DisplayDeviceConfig( 1167): requesting nits when no mapping exists.
03-28 21:00:00.371 E/DisplayDeviceConfig( 1167): requesting nits when no mapping exists.
03-28 21:00:00.372 E/DisplayDeviceConfig( 1167): requesting nits when no mapping exists.
03-28 21:00:00.388 E/DisplayDeviceConfig( 1167): requesting nits when no mapping exists.
03-28 21:00:00.388 E/DisplayDeviceConfig( 1167): requesting nits when no mapping exists.
03-28 21:00:00.405 E/DisplayDeviceConfig( 1167): requesting nits when no mapping exists.
03-28 21:00:00.405 E/DisplayDeviceConfig( 1167): requesting nits when no mapping exists.
03-28 21:00:00.421 E/DisplayDeviceConfig( 1167): requesting nits when no mapping exists.
03-28 21:00:00.422 E/DisplayDeviceConfig( 1167): requesting nits when no mapping exists.
03-28 21:03:42.261 E/spcomlib( 585): [spcom_wait_for_event] event [1] [nvm_ready] EVENT_STATUS_TIMEOUT
03-28 21:03:42.261 E/spdaemon( 585): spcom_wait_for_nvm_ready() failed. ret [-110] [Connection timed out].
03-28 21:03:42.261 E/spdaemon( 585): Initial SP initialization failed. ret [-110].
03-28 21:03:42.261 D/spdaemon( 585): going to sleep for a day.
03-28 21:03:53.942 I/DropBoxManagerService( 1167): add tag=system_server_strictmode isTagEnabled=true flags=0x2
03-28 21:03:53.945 I/DropBoxManagerService( 1167): add tag=system_server_strictmode isTagEnabled=true flags=0x2
03-28 21:03:53.947 I/DropBoxManagerService( 1167): add tag=system_server_strictmode isTagEnabled=true flags=0x2
03-28 21:03:53.949 I/DropBoxManagerService( 1167): add tag=system_server_strictmode isTagEnabled=true flags=0x2
03-28 21:03:53.951 I/DropBoxManagerService( 1167): add tag=system_server_strictmode isTagEnabled=true flags=0x2
03-28 21:03:53.953 I/DropBoxManagerService( 1167): add tag=system_server_strictmode isTagEnabled=true flags=0x2
03-28 21:03:53.954 I/DropBoxManagerService( 1167): add tag=system_server_strictmode isTagEnabled=true flags=0x2
03-28 21:03:53.956 I/DropBoxManagerService( 1167): add tag=system_server_strictmode isTagEnabled=true flags=0x2
03-28 21:03:53.958 I/DropBoxManagerService( 1167): add tag=system_server_strictmode isTagEnabled=true flags=0x2
03-28 21:03:53.960 I/DropBoxManagerService( 1167): add tag=system_server_strictmode isTagEnabled=true flags=0x2
03-28 21:04:34.206 I/DropBoxManagerService( 1167): add tag=system_server_strictmode isTagEnabled=true flags=0x2
03-28 21:07:39.581 W/FreeFormWindowHelper( 1167): Current Display FreeFormTask is null
03-28 21:07:39.583 I/DreamManagerService( 1167): Gently waking up from dream.
03-28 21:07:39.583 W/FreeFormWindowHelper( 1167): Current Display FreeFormTask is null
03-28 21:07:39.583 W/FreeFormWindowHelper( 1167): Current Display FreeFormTask is null
03-28 21:07:39.587 I/DreamManagerService( 1167): Performing gentle wake from dream.
03-28 21:07:39.594 I/ActivityTaskManager( 1167): FOREGROUND_APPLICATION_CHANGED to com.android.launcher3.uioverrides.QuickstepLauncher
03-28 21:07:39.616 W/FreeFormWindowHelper( 1167): Current Display FreeFormTask is null
03-28 21:07:39.617 W/FreeFormWindowHelper( 1167): Current Display FreeFormTask is null
03-28 21:07:39.618 W/FreeFormWindowHelper( 1167): Current Display FreeFormTask is null
03-28 21:07:39.618 W/FreeFormWindowHelper( 1167): Current Display FreeFormTask is null
03-28 21:07:39.618 W/FreeFormWindowHelper( 1167): Current Display FreeFormTask is null
03-28 21:07:39.637 D/CompatibilityChangeReporter( 1167): Compat change id reported: 135634846; UID 10036; state: DISABLED
03-28 21:07:39.637 D/CompatibilityChangeReporter( 1167): Compat change id reported: 177438394; UID 10036; state: DISABLED
03-28 21:07:39.637 D/CompatibilityChangeReporter( 1167): Compat change id reported: 135772972; UID 10036; state: DISABLED
03-28 21:07:39.637 D/CompatibilityChangeReporter( 1167): Compat change id reported: 135754954; UID 10036; state: ENABLED
03-28 21:07:39.638 D/CompatibilityChangeReporter( 1167): Compat change id reported: 143937733; UID 10036; state: ENABLED
03-28 21:07:39.644 D/CompatibilityChangeReporter( 1167): Compat change id reported: 135634846; UID 10071; state: DISABLED
03-28 21:07:39.644 D/CompatibilityChangeReporter( 1167): Compat change id reported: 177438394; UID 10071; state: DISABLED
03-28 21:07:39.644 D/CompatibilityChangeReporter( 1167): Compat change id reported: 135772972; UID 10071; state: DISABLED
03-28 21:07:39.644 D/CompatibilityChangeReporter( 1167): Compat change id reported: 135754954; UID 10071; state: DISABLED
03-28 21:07:39.644 D/CompatibilityChangeReporter( 1167): Compat change id reported: 135634846; UID 10068; state: DISABLED
03-28 21:07:39.645 D/CompatibilityChangeReporter( 1167): Compat change id reported: 177438394; UID 10068; state: DISABLED
03-28 21:07:39.645 D/CompatibilityChangeReporter( 1167): Compat change id reported: 135772972; UID 10068; state: DISABLED
03-28 21:07:39.645 D/CompatibilityChangeReporter( 1167): Compat change id reported: 135754954; UID 10068; state: ENABLED
03-28 21:07:39.655 I/PowerManagerService( 1167): Powering on display group fromDreaming (groupId=0, uid=1000, reason=WAKE_REASON_UNKNOWN, details=android.server.power:DREAM_FINISHED)...
03-28 21:07:39.655 I/PowerManagerService( 1167): Waking up from Dreaming (uid=1000, reason=WAKE_REASON_UNKNOWN, details=android.server.power:DREAM_FINISHED)...
