04-10 17:17:21.267 D/LOWI-9.0.0.87.a( 1478): [LOWI-Scan] decode_rsn_wpa_ie: LOWI_ENCRYPTION_TYPE_WPA_PSK
04-10 17:17:21.267 D/LOWI-9.0.0.87.a( 1478): [LOWI-Scan] is_qcom_ie, bss_age: 0
04-10 17:17:21.267 D/LOWI-9.0.0.87.a( 1478): [LOWI-Scan] BSS 98:f1:81:81:83:01 LOWI_PHY_MODE_11AC_VHT80(10), Beacon Interval: 100, LOWI_ENCRYPTION_TYPE_WPA_PSK 11mcRanging: No, ANQP: No, LCI: No, Civic: No, capability(0x8011): ESS Privacy
04-10 17:17:21.267 D/LOWI-9.0.0.87.a( 1478): [LOWI-Scan] BSS 98:f1:81:81:83:01 FREQ: 5200, cFreq1[40:80:160] = [5190:5210:0] cFreq2 = 0 Country Code = CN
04-10 17:17:21.267 D/LOWI-9.0.0.87.a( 1478): [LOWI-Scan] BSS 98:f1:81:81:83:01 (wlan0) ASSO: NO AddInfo: 0x0, TSF 0, 07:11:28.452, RSSI: -182, CPL: 127, AGE: 1660, SSID HH-NEW, TSFDelta: 0xb66affe7, TXRate: 0
04-10 17:17:21.268 D/LOWI-9.0.0.87.a( 1478): [LOWI-Scan]
04-10 17:17:21.268 D/LOWI-9.0.0.87.a( 1478): [LOWI-Scan] print_bss_handler: Report Probe TSF 25888453317 as it greater than Beacon TSF 0
04-10 17:17:21.268 D/LOWI-9.0.0.87.a( 1478): [LOWI-Scan] decode_rsn_wpa_ie: LOWI_ENCRYPTION_TYPE_WPA_EAP
04-10 17:17:21.268 D/LOWI-9.0.0.87.a( 1478): [LOWI-Scan] is_qcom_ie, bss_age: 0
01-01 15:11:36.726 I/[schedu][0x73c406c61a][17:17:21.253831] wlan( 0): [2447:I:OSIF] vdev 0, scan id 41050 type COMPLETED(1) reason COMPLETED(1) scan found 33 bss
04-10 17:17:21.268 D/LOWI-9.0.0.87.a( 1478): [LOWI-Scan] BSS 98:f1:81:81:83:02 LOWI_PHY_MODE_11AC_VHT80(10), Beacon Interval: 100, LOWI_ENCRYPTION_TYPE_WPA_EAP 11mcRanging: No, ANQP: No, LCI: No, Civic: No, capability(0x8011): ESS Privacy
04-10 17:17:21.268 D/LOWI-9.0.0.87.a( 1478): [LOWI-Scan] BSS 98:f1:81:81:83:02 FREQ: 5200, cFreq1[40:80:160] = [5190:5210:0] cFreq2 = 0 Country Code = CN
04-10 17:17:21.268 D/LOWI-9.0.0.87.a( 1478): [LOWI-Scan] BSS 98:f1:81:81:83:02 (wlan0) ASSO: NO AddInfo: 0x0, TSF 0, 07:11:28.453, RSSI: -180, CPL: 127, AGE: 1660, SSID HH, TSFDelta: 0xb66f6cf2, TXRate: 0
04-10 17:17:21.269 D/LOWI-9.0.0.87.a( 1478): [LOWI-Scan]
04-10 17:17:21.269 D/LOWI-9.0.0.87.a( 1478): [LOWI-Scan] print_bss_handler: Report Probe TSF 25888453917 as it greater than Beacon TSF 0
04-10 17:17:21.269 D/LOWI-9.0.0.87.a( 1478): [LOWI-Scan] is_qcom_ie, bss_age: 0
04-10 17:17:21.269 D/LOWI-9.0.0.87.a( 1478): [LOWI-Scan] BSS 98:f1:81:81:83:03 LOWI_PHY_MODE_11AC_VHT80(10), Beacon Interval: 100, LOWI_ENCRYPTION_TYPE_OPEN 11mcRanging: No, ANQP: No, LCI: No, Civic: No, capability(0x8001): ESS
04-10 17:17:21.269 D/LOWI-9.0.0.87.a( 1478): [LOWI-Scan] BSS 98:f1:81:81:83:03 FREQ: 5200, cFreq1[40:80:160] = [5190:5210:0] cFreq2 = 0 Country Code = CN
04-10 17:17:21.269 D/LOWI-9.0.0.87.a( 1478): [LOWI-Scan] BSS 98:f1:81:81:83:03 (wlan0) ASSO: NO AddInfo: 0x0, TSF 0, 07:11:28.453, RSSI: -182, CPL: 127, AGE: 1660, SSID HH-mobile, TSFDelta: 0xb673c540, TXRate: 0
04-10 17:17:21.270 D/LOWI-9.0.0.87.a( 1478): [LOWI-Scan]
04-10 17:17:21.270 D/LOWI-9.0.0.87.a( 1478): [LOWI-Scan] print_bss_handler: Report Probe TSF 25888476169 as it greater than Beacon TSF 0
04-10 17:17:21.270 D/LOWI-9.0.0.87.a( 1478): [LOWI-Scan] is_qcom_ie, bss_age: 0
04-10 17:17:21.270 D/LOWI-9.0.0.87.a( 1478): [LOWI-Scan] BSS 98:f1:81:81:83:04 LOWI_PHY_MODE_11AC_VHT80(10), Beacon Interval: 100, LOWI_ENCRYPTION_TYPE_OPEN 11mcRanging: No, ANQP: No, LCI: No, Civic: No, capability(0x8001): ESS
04-10 17:17:21.270 D/LOWI-9.0.0.87.a( 1478): [LOWI-Scan] BSS 98:f1:81:81:83:04 FREQ: 5200, cFreq1[40:80:160] = [5190:5210:0] cFreq2 = 0 Country Code = CN
04-10 17:17:21.270 D/LOWI-9.0.0.87.a( 1478): [LOWI-Scan] BSS 98:f1:81:81:83:04 (wlan0) ASSO: NO AddInfo: 0x0, TSF 0, 07:11:28.476, RSSI: -186, CPL: 127, AGE: 1636, SSID HH-Guest, TSFDelta: 0xb69ed3ad, TXRate: 0
04-10 17:17:21.271 D/LOWI-9.0.0.87.a( 1478): [LOWI-Scan]
04-10 17:17:21.271 D/LOWI-9.0.0.87.a( 1478): [LOWI-Scan] print_bss_handler: Report beacon TSF 25888823064 as it greater than probe TSF 25888823064
04-10 17:17:21.271 D/LOWI-9.0.0.87.a( 1478): [LOWI-Scan] decode_rsn_wpa_ie: LOWI_ENCRYPTION_TYPE_WPA_PSK
04-10 17:17:21.271 D/LOWI-9.0.0.87.a( 1478): [LOWI-Scan] is_qcom_ie, bss_age: 0
04-10 17:17:21.271 D/LOWI-9.0.0.87.a( 1478): [LOWI-Scan] BSS 98:f1:81:81:83:20 LOWI_PHY_MODE_11AC_VHT20_2G(11), Beacon Interval: 100, LOWI_ENCRYPTION_TYPE_WPA_PSK 11mcRanging: No, ANQP: No, LCI: No, Civic: No, capability(0x8431): ESS Privacy ShortPreamble ShortSlotTime
04-10 17:17:21.272 D/LOWI-9.0.0.87.a( 1478): [LOWI-Scan] BSS 98:f1:81:81:83:20 FREQ: 2437, cFreq1[40:80:160] = [0:0:0] cFreq2 = 0 Country Code = CN
04-10 17:17:21.272 D/LOWI-9.0.0.87.a( 1478): [LOWI-Scan] BSS 98:f1:81:81:83:20 (wlan0) ASSO: NO AddInfo: 0x1, TSF 0, 07:11:28.823, RSSI: -172, CPL: 127, AGE: 1292, SSID HH-NEW, TSFDelta: 0xc0faddc7, TXRate: 0
04-10 17:17:21.272 D/LOWI-9.0.0.87.a( 1478): [LOWI-Scan]
04-10 17:17:21.272 D/LOWI-9.0.0.87.a( 1478): [LOWI-Scan] print_bss_handler: Report beacon TSF 25890067079 as it greater than probe TSF 25890067079
04-10 17:17:21.272 D/LOWI-9.0.0.87.a( 1478): [LOWI-Scan] decode_rsn_wpa_ie: LOWI_ENCRYPTION_TYPE_WPA_PSK
04-10 17:17:21.272 D/LOWI-9.0.0.87.a( 1478): [LOWI-Scan] is_qcom_ie, bss_age: 0
04-10 17:17:21.272 D/LOWI-9.0.0.87.a( 1478): [LOWI-Scan] BSS 98:f1:81:81:6e:c0 LOWI_PHY_MODE_11AC_VHT80(10), Beacon Interval: 100, LOWI_ENCRYPTION_TYPE_WPA_PSK 11mcRanging: No, ANQP: No, LCI: No, Civic: No, capability(0x8011): ESS Privacy
04-10 17:17:21.272 D/LOWI-9.0.0.87.a( 1478): [LOWI-Scan] BSS 98:f1:81:81:6e:c0 FREQ: 5320, cFreq1[40:80:160] = [5310:5290:0] cFreq2 = 0 Country Code = CN
04-10 17:17:21.272 D/LOWI-9.0.0.87.a( 1478): [LOWI-Scan] BSS 98:f1:81:81:6e:c0 (wlan0) ASSO: NO AddInfo: 0x1, TSF 0, 07:11:30.067, RSSI: -170, CPL: 127, AGE: 48, SSID HH-NEW, TSFDelta: 0xe4c7429e, TXRate: 0
04-10 17:17:21.273 D/LOWI-9.0.0.87.a( 1478): [LOWI-Scan] -- associated
04-10 17:17:21.273 D/LOWI-9.0.0.87.a( 1478): [LOWI-Scan]
04-10 17:17:21.273 D/LOWI-9.0.0.87.a( 1478): [LOWI-Scan] print_bss_handler: Report beacon TSF 25889934684 as it greater than probe TSF 25888322242
04-10 17:17:21.274 D/LOWI-9.0.0.87.a( 1478): [LOWI-Scan] decode_rsn_wpa_ie: LOWI_ENCRYPTION_TYPE_WPA_PSK
04-10 17:17:21.274 D/LOWI-9.0.0.87.a( 1478): [LOWI-Scan] is_qcom_ie, bss_age: 0
04-10 17:17:21.274 D/LOWI-9.0.0.87.a( 1478): [LOWI-Scan] BSS 98:f1:81:80:45:61 LOWI_PHY_MODE_11AC_VHT80(10), Beacon Interval: 100, LOWI_ENCRYPTION_TYPE_WPA_PSK 11mcRanging: No, ANQP: No, LCI: No, Civic: No, capability(0x8011): ESS Privacy
04-10 17:17:21.274 D/LOWI-9.0.0.87.a( 1478): [LOWI-Scan] BSS 98:f1:81:80:45:61 FREQ: 5180, cFreq1[40:80:160] = [5190:5210:0] cFreq2 = 0 Country Code = CN
04-10 17:17:21.274 D/LOWI-9.0.0.87.a( 1478): [LOWI-Scan] BSS 98:f1:81:80:45:61 (wlan0) ASSO: YES AddInfo: 0x1, TSF 0, 07:11:29.934, RSSI: -134, CPL: 127, AGE: 0, SSID HH-NEW, TSFDelta: 0xb2d3f472, TXRate: 0
01-01 15:11:36.734 W/audit ( 0): audit_lost=707715183 audit_rate_limit=5 audit_backlog_limit=64
01-01 15:11:36.748 E/audit ( 0): rate limit exceeded
04-10 17:17:21.275 D/LOWI-9.0.0.87.a( 1478): [LOWI-Scan]
04-10 17:17:21.275 D/LOWI-9.0.0.87.a( 1478): [LOWI-Scan] print_bss_handler: Report beacon TSF 25888361035 as it greater than probe TSF 25888361035
04-10 17:17:21.275 D/LOWI-9.0.0.87.a( 1478): [LOWI-Scan] decode_rsn_wpa_ie: LOWI_ENCRYPTION_TYPE_WPA_PSK
04-10 17:17:21.275 D/LOWI-9.0.0.87.a( 1478): [LOWI-Scan] is_qcom_ie, bss_age: 0
04-10 17:17:21.275 D/LOWI-9.0.0.87.a( 1478): [LOWI-Scan] BSS 98:f1:81:80:45:80 LOWI_PHY_MODE_11AC_VHT20_2G(11), Beacon Interval: 100, LOWI_ENCRYPTION_TYPE_WPA_PSK 11mcRanging: No, ANQP: No, LCI: No, Civic: No, capability(0x8431): ESS Privacy ShortPreamble ShortSlotTime
04-10 17:17:21.275 D/LOWI-9.0.0.87.a( 1478): [LOWI-Scan] BSS 98:f1:81:80:45:80 FREQ: 2412, cFreq1[40:80:160] = [0:0:0] cFreq2 = 0 Country Code = CN
04-10 17:17:21.275 D/LOWI-9.0.0.87.a( 1478): [LOWI-Scan] BSS 98:f1:81:80:45:80 (wlan0) ASSO: NO AddInfo: 0x1, TSF 0, 07:11:28.361, RSSI: -176, CPL: 127, AGE: 1752, SSID HH-NEW, TSFDelta: 0xb3b20234, TXRate: 0
04-10 17:17:21.276 D/LOWI-9.0.0.87.a( 1478): [LOWI-Scan]
04-10 17:17:21.276 D/LOWI-9.0.0.87.a( 1478): [LOWI-Scan] print_bss_handler: Report beacon TSF 25888361485 as it greater than probe TSF 25888361485
04-10 17:17:21.276 D/LOWI-9.0.0.87.a( 1478): [LOWI-Scan] decode_rsn_wpa_ie: LOWI_ENCRYPTION_TYPE_WPA_EAP
04-10 17:17:21.276 D/LOWI-9.0.0.87.a( 1478): [LOWI-Scan] is_qcom_ie, bss_age: 0
04-10 17:17:21.276 D/LOWI-9.0.0.87.a( 1478): [LOWI-Scan] BSS 98:f1:81:80:45:81 LOWI_PHY_MODE_11AC_VHT20_2G(11), Beacon Interval: 100, LOWI_ENCRYPTION_TYPE_WPA_EAP 11mcRanging: No, ANQP: No, LCI: No, Civic: No, capability(0x8431): ESS Privacy ShortPreamble ShortSlotTime
04-10 17:17:21.276 D/LOWI-9.0.0.87.a( 1478): [LOWI-Scan] BSS 98:f1:81:80:45:81 FREQ: 2412, cFreq1[40:80:160] = [0:0:0] cFreq2 = 0 Country Code = CN
04-10 17:17:21.276 D/LOWI-9.0.0.87.a( 1478): [LOWI-Scan] BSS 98:f1:81:80:45:81 (wlan0) ASSO: NO AddInfo: 0x1, TSF 0, 07:11:28.361, RSSI: -176, CPL: 127, AGE: 1752, SSID HH, TSFDelta: 0xb3e552e9, TXRate: 0
04-10 17:17:21.277 D/LOWI-9.0.0.87.a( 1478): [LOWI-Scan]
04-10 17:17:21.277 D/LOWI-9.0.0.87.a( 1478): [LOWI-Scan] print_bss_handler: Report beacon TSF 25888362214 as it greater than probe TSF 25888362214
04-10 17:17:21.277 D/LOWI-9.0.0.87.a( 1478): [LOWI-Scan] is_qcom_ie, bss_age: 0
04-10 17:17:21.277 D/LOWI-9.0.0.87.a( 1478): [LOWI-Scan] BSS 98:f1:81:80:45:82 LOWI_PHY_MODE_11AC_VHT20_2G(11), Beacon Interval: 100, LOWI_ENCRYPTION_TYPE_OPEN 11mcRanging: No, ANQP: No, LCI: No, Civic: No, capability(0x8421): ESS ShortPreamble ShortSlotTime
04-10 17:17:21.277 D/LOWI-9.0.0.87.a( 1478): [LOWI-Scan] BSS 98:f1:81:80:45:82 FREQ: 2412, cFreq1[40:80:160] = [0:0:0] cFreq2 = 0 Country Code = CN
04-10 17:17:21.278 D/LOWI-9.0.0.87.a( 1478): [LOWI-Scan] BSS 98:f1:81:80:45:82 (wlan0) ASSO: NO AddInfo: 0x1, TSF 0, 07:11:28.362, RSSI: -178, CPL: 127, AGE: 1752, SSID HH-Guest, TSFDelta: 0xb3f763b7, TXRate: 0
04-10 17:17:21.278 D/LOWI-9.0.0.87.a( 1478): [LOWI-Scan]
04-10 17:17:21.278 D/LOWI-9.0.0.87.a( 1478): [LOWI-Scan] print_bss_handler: Report beacon TSF 25889240841 as it greater than probe TSF 25889240841
04-10 17:17:21.278 D/LOWI-9.0.0.87.a( 1478): [LOWI-Scan] decode_rsn_wpa_ie: LOWI_ENCRYPTION_TYPE_WPA_PSK
04-10 17:17:21.278 D/LOWI-9.0.0.87.a( 1478): [LOWI-Scan] is_qcom_ie, bss_age: 0
04-10 17:17:21.278 D/LOWI-9.0.0.87.a( 1478): [LOWI-Scan] BSS ec:60:73:2a:8d:f7 LOWI_PHY_MODE_11NG_HT40(7), Beacon Interval: 100, LOWI_ENCRYPTION_TYPE_WPA_PSK 11mcRanging: No, ANQP: No, LCI: No, Civic: No, capability(0x1411): ESS Privacy ShortSlotTime
04-10 17:17:21.278 D/LOWI-9.0.0.87.a( 1478): [LOWI-Scan] BSS ec:60:73:2a:8d:f7 FREQ: 2462, cFreq1[40:80:160] = [2452:0:0] cFreq2 = 0 Country Code = CN
04-10 17:17:21.279 D/LOWI-9.0.0.87.a( 1478): [LOWI-Scan] BSS ec:60:73:2a:8d:f7 (wlan0) ASSO: NO AddInfo: 0x1, TSF 0, 07:11:29.240, RSSI: -180, CPL: 127, AGE: 872, SSID HH_MediaGroup, TSFDelta: 0xe50cc4, TXRate: 0
04-10 17:17:21.279 D/LOWI-9.0.0.87.a( 1478): [LOWI-Scan]
04-10 17:17:21.279 D/LOWI-9.0.0.87.a( 1478): [LOWI-Scan] print_bss_handler: Report beacon TSF 25889241505 as it greater than probe TSF 25889241505
04-10 17:17:21.279 D/LOWI-9.0.0.87.a( 1478): [LOWI-Scan] decode_rsn_wpa_ie: LOWI_ENCRYPTION_TYPE_WPA_PSK
04-10 17:17:21.279 D/LOWI-9.0.0.87.a( 1478): [LOWI-Scan] is_qcom_ie, bss_age: 0
04-10 17:17:21.279 D/LOWI-9.0.0.87.a( 1478): [LOWI-Scan] BSS ee:60:73:29:8d:f7 LOWI_PHY_MODE_11NG_HT40(7), Beacon Interval: 100, LOWI_ENCRYPTION_TYPE_WPA_PSK 11mcRanging: No, ANQP: No, LCI: No, Civic: No, capability(0x0411): ESS Privacy ShortSlotTime
04-10 17:17:21.280 D/LOWI-9.0.0.87.a( 1478): [LOWI-Scan] BSS ee:60:73:29:8d:f7 FREQ: 2462, cFreq1[40:80:160] = [2452:0:0] cFreq2 = 0 Country Code = CN
04-10 17:17:21.280 D/LOWI-9.0.0.87.a( 1478): [LOWI-Scan] BSS ee:60:73:29:8d:f7 (wlan0) ASSO: NO AddInfo: 0x1, TSF 0, 07:11:29.241, RSSI: -174, CPL: 127, AGE: 872, SSID , TSFDelta: 0xf79a7b, TXRate: 0
04-10 17:17:21.280 D/LOWI-9.0.0.87.a( 1478): [LOWIDiagLog] Log: lowiMeasResult->request: invalid null argument
04-10 17:17:21.280 I/LOWI-9.0.0.87.a( 1478): [LOWI-Scan] lowi_close_record:Scan done in 25842612ms, 33 APs in scan results
04-10 17:17:21.280 D/LOWI-9.0.0.87.a( 1478): [LOWI-Scan] WipsScanUsingNL: passive scan cached 0, took 35015 ms, err 0
04-10 17:17:21.280 D/LOWI-9.0.0.87.a( 1478): [LOWI-Scan] lowi_proc_req_passive_scan_with_live_meas - No WLAN Frames to be parsed
04-10 17:17:21.280 D/LOWI-9.0.0.87.a( 1478): [LOWIScanResultReceiver] Send scan meas to listener
04-10 17:17:21.280 D/LOWI-9.0.0.87.a( 1478): [LOWIScanResultReceiver] Enter passive listening mode
04-10 17:17:21.280 D/LOWI-9.0.0.87.a( 1478): [LOWIWifiDriverInterface] getMeasurements - Passive listening mode
04-10 17:17:21.280 D/LOWI-9.0.0.87.a( 1478): [LOWI-Scan] WipsScanUsingNL:wait -1 sec for netlink message
04-10 17:17:21.280 D/LOWI-9.0.0.87.a( 1478): [LOWIEventReceiver] handleEvent:FROM:NA, TO:NA, REQ:NA, IREQ:NA, REQ_ID:0, RESP:NA, INFO:NA
04-10 17:17:21.281 D/LOWI-9.0.0.87.a( 1478): [LOWIBackgroundScanMgr] isRspForBgScanMgr: evt(LOWI_NO_EVT) - not handled
04-10 17:17:21.281 D/LOWI-9.0.0.87.a( 1478): [LOWIScheduler] manageMsg: NULL results or NULL request in results
04-10 17:17:21.281 D/LOWI-9.0.0.87.a( 1478): [LOWIController] Measurements received
04-10 17:17:21.281 D/LOWI-9.0.0.87.a( 1478): [LOWICacheManager] putInCache:Num of Meas to add: 33
04-10 17:17:21.282 D/LOWI-9.0.0.87.a( 1478): [LOWIController] processMeasurementResults: No current Request. Cache measurements
04-10 17:17:21.282 D/LOWI-9.0.0.87.a( 1478): [LOWIControllerExtn] sendLOWILpDiscoveryScanResponse: Not a discovery scan response
04-10 17:17:21.316 W/WifiDebugService( 2512): Can not find target wifi network : hht_test_wifi_fc4318c9
04-10 17:17:21.315 W/event_loop( 1802): type=1400 audit(0.0:707831766): avc: denied { read } for lport=13400 scontext=u:r:hht_ota_mgr:s0 tcontext=u:r:hht_ota_mgr:s0 tclass=udp_socket permissive=0
04-10 17:17:21.315 W/event_loop( 1802): type=1400 audit(0.0:707831767): avc: denied { read } for lport=13400 scontext=u:r:hht_ota_mgr:s0 tcontext=u:r:hht_ota_mgr:s0 tclass=udp_socket permissive=0
04-10 17:17:21.369 I/mpu_uart( 661): [MSG-P:RECV]:No message received in 1000 ms
04-10 17:17:21.315 W/event_loop( 1802): type=1400 audit(0.0:707831768): avc: denied { read } for lport=13400 scontext=u:r:hht_ota_mgr:s0 tcontext=u:r:hht_ota_mgr:s0 tclass=udp_socket permissive=0
04-10 17:17:21.315 W/event_loop( 1802): type=1400 audit(0.0:707831769): avc: denied { read } for lport=13400 scontext=u:r:hht_ota_mgr:s0 tcontext=u:r:hht_ota_mgr:s0 tclass=udp_socket permissive=0
04-10 17:17:21.315 W/event_loop( 1802): type=1400 audit(0.0:707831770): avc: denied { read } for lport=13400 scontext=u:r:hht_ota_mgr:s0 tcontext=u:r:hht_ota_mgr:s0 tclass=udp_socket permissive=0
01-01 15:11:37.738 W/audit ( 0): audit_lost=707747039 audit_rate_limit=5 audit_backlog_limit=64
01-01 15:11:37.745 E/audit ( 0): rate limit exceeded
04-10 17:17:22.319 W/event_loop( 1802): type=1400 audit(0.0:707863828): avc: denied { read } for lport=13400 scontext=u:r:hht_ota_mgr:s0 tcontext=u:r:hht_ota_mgr:s0 tclass=udp_socket permissive=0
04-10 17:17:22.319 W/event_loop( 1802): type=1400 audit(0.0:707863829): avc: denied { read } for lport=13400 scontext=u:r:hht_ota_mgr:s0 tcontext=u:r:hht_ota_mgr:s0 tclass=udp_socket permissive=0
04-10 17:17:22.319 W/event_loop( 1802): type=1400 audit(0.0:707863830): avc: denied { read } for lport=13400 scontext=u:r:hht_ota_mgr:s0 tcontext=u:r:hht_ota_mgr:s0 tclass=udp_socket permissive=0
04-10 17:17:22.319 W/event_loop( 1802): type=1400 audit(0.0:707863831): avc: denied { read } for lport=13400 scontext=u:r:hht_ota_mgr:s0 tcontext=u:r:hht_ota_mgr:s0 tclass=udp_socket permissive=0
04-10 17:17:22.319 W/event_loop( 1802): type=1400 audit(0.0:707863832): avc: denied { read } for lport=13400 scontext=u:r:hht_ota_mgr:s0 tcontext=u:r:hht_ota_mgr:s0 tclass=udp_socket permissive=0
04-10 17:17:22.369 I/mpu_uart( 661): [MSG-P:RECV]:No message received in 1000 ms
01-01 15:11:38.742 W/audit ( 0): audit_lost=707779387 audit_rate_limit=5 audit_backlog_limit=64
01-01 15:11:38.749 E/audit ( 0): rate limit exceeded
04-10 17:17:23.319 W/event_loop( 1802): type=1400 audit(0.0:707896101): avc: denied { read } for lport=13400 scontext=u:r:hht_ota_mgr:s0 tcontext=u:r:hht_ota_mgr:s0 tclass=udp_socket permissive=0
04-10 17:17:23.323 W/event_loop( 1802): type=1400 audit(0.0:707896102): avc: denied { read } for lport=13400 scontext=u:r:hht_ota_mgr:s0 tcontext=u:r:hht_ota_mgr:s0 tclass=udp_socket permissive=0
04-10 17:17:23.323 W/event_loop( 1802): type=1400 audit(0.0:707896103): avc: denied { read } for lport=13400 scontext=u:r:hht_ota_mgr:s0 tcontext=u:r:hht_ota_mgr:s0 tclass=udp_socket permissive=0
04-10 17:17:23.323 W/event_loop( 1802): type=1400 audit(0.0:707896104): avc: denied { read } for lport=13400 scontext=u:r:hht_ota_mgr:s0 tcontext=u:r:hht_ota_mgr:s0 tclass=udp_socket permissive=0
04-10 17:17:23.323 W/event_loop( 1802): type=1400 audit(0.0:707896105): avc: denied { read } for lport=13400 scontext=u:r:hht_ota_mgr:s0 tcontext=u:r:hht_ota_mgr:s0 tclass=udp_socket permissive=0
04-10 17:17:23.370 I/mpu_uart( 661): [MSG-P:RECV]:No message received in 1000 ms
04-10 17:17:24.246 I/mpu_uart( 661): [MSG-P:R]:recv sync frame timeout
01-01 15:11:39.746 W/audit ( 0): audit_lost=707810407 audit_rate_limit=5 audit_backlog_limit=64
01-01 15:11:39.753 E/audit ( 0): rate limit exceeded
04-10 17:17:24.327 W/event_loop( 1802): type=1400 audit(0.0:707927184): avc: denied { read } for lport=13400 scontext=u:r:hht_ota_mgr:s0 tcontext=u:r:hht_ota_mgr:s0 tclass=udp_socket permissive=0
04-10 17:17:24.327 W/event_loop( 1802): type=1400 audit(0.0:707927185): avc: denied { read } for lport=13400 scontext=u:r:hht_ota_mgr:s0 tcontext=u:r:hht_ota_mgr:s0 tclass=udp_socket permissive=0
04-10 17:17:24.327 W/event_loop( 1802): type=1400 audit(0.0:707927186): avc: denied { read } for lport=13400 scontext=u:r:hht_ota_mgr:s0 tcontext=u:r:hht_ota_mgr:s0 tclass=udp_socket permissive=0
04-10 17:17:24.327 W/event_loop( 1802): type=1400 audit(0.0:707927187): avc: denied { read } for lport=13400 scontext=u:r:hht_ota_mgr:s0 tcontext=u:r:hht_ota_mgr:s0 tclass=udp_socket permissive=0
04-10 17:17:24.327 W/event_loop( 1802): type=1400 audit(0.0:707927188): avc: denied { read } for lport=13400 scontext=u:r:hht_ota_mgr:s0 tcontext=u:r:hht_ota_mgr:s0 tclass=udp_socket permissive=0
04-10 17:17:24.370 I/mpu_uart( 661): [MSG-P:RECV]:No message received in 1000 ms
01-01 15:11:40.750 W/audit ( 0): audit_lost=707842152 audit_rate_limit=5 audit_backlog_limit=64
01-01 15:11:40.757 E/audit ( 0): rate limit exceeded
04-10 17:17:25.331 W/event_loop( 1802): type=1400 audit(0.0:707958892): avc: denied { read } for lport=13400 scontext=u:r:hht_ota_mgr:s0 tcontext=u:r:hht_ota_mgr:s0 tclass=udp_socket permissive=0
04-10 17:17:25.371 I/mpu_uart( 661): [MSG-P:RECV]:No message received in 1000 ms
04-10 17:17:25.331 W/event_loop( 1802): type=1400 audit(0.0:707958893): avc: denied { read } for lport=13400 scontext=u:r:hht_ota_mgr:s0 tcontext=u:r:hht_ota_mgr:s0 tclass=udp_socket permissive=0
04-10 17:17:25.331 W/event_loop( 1802): type=1400 audit(0.0:707958894): avc: denied { read } for lport=13400 scontext=u:r:hht_ota_mgr:s0 tcontext=u:r:hht_ota_mgr:s0 tclass=udp_socket permissive=0
04-10 17:17:25.331 W/event_loop( 1802): type=1400 audit(0.0:707958895): avc: denied { read } for lport=13400 scontext=u:r:hht_ota_mgr:s0 tcontext=u:r:hht_ota_mgr:s0 tclass=udp_socket permissive=0
04-10 17:17:25.331 W/event_loop( 1802): type=1400 audit(0.0:707958896): avc: denied { read } for lport=13400 scontext=u:r:hht_ota_mgr:s0 tcontext=u:r:hht_ota_mgr:s0 tclass=udp_socket permissive=0
01-01 15:11:41.754 W/audit ( 0): audit_lost=707874054 audit_rate_limit=5 audit_backlog_limit=64
01-01 15:11:41.761 E/audit ( 0): rate limit exceeded
04-10 17:17:26.335 W/event_loop( 1802): type=1400 audit(0.0:707990849): avc: denied { read } for lport=13400 scontext=u:r:hht_ota_mgr:s0 tcontext=u:r:hht_ota_mgr:s0 tclass=udp_socket permissive=0
04-10 17:17:26.371 I/mpu_uart( 661): [MSG-P:RECV]:No message received in 1000 ms
04-10 17:17:26.335 W/event_loop( 1802): type=1400 audit(0.0:707990850): avc: denied { read } for lport=13400 scontext=u:r:hht_ota_mgr:s0 tcontext=u:r:hht_ota_mgr:s0 tclass=udp_socket permissive=0
04-10 17:17:26.335 W/event_loop( 1802): type=1400 audit(0.0:707990851): avc: denied { read } for lport=13400 scontext=u:r:hht_ota_mgr:s0 tcontext=u:r:hht_ota_mgr:s0 tclass=udp_socket permissive=0
04-10 17:17:26.335 W/event_loop( 1802): type=1400 audit(0.0:707990852): avc: denied { read } for lport=13400 scontext=u:r:hht_ota_mgr:s0 tcontext=u:r:hht_ota_mgr:s0 tclass=udp_socket permissive=0
04-10 17:17:26.335 W/event_loop( 1802): type=1400 audit(0.0:707990853): avc: denied { read } for lport=13400 scontext=u:r:hht_ota_mgr:s0 tcontext=u:r:hht_ota_mgr:s0 tclass=udp_socket permissive=0
04-10 17:17:27.249 I/mpu_uart( 661): [MSG-P:R]:recv sync frame timeout
01-01 15:11:42.758 W/audit ( 0): audit_lost=707905756 audit_rate_limit=5 audit_backlog_limit=64
01-01 15:11:42.765 E/audit ( 0): rate limit exceeded
04-10 17:17:27.339 W/event_loop( 1802): type=1400 audit(0.0:708022594): avc: denied { read } for lport=13400 scontext=u:r:hht_ota_mgr:s0 tcontext=u:r:hht_ota_mgr:s0 tclass=udp_socket permissive=0
04-10 17:17:27.339 W/event_loop( 1802): type=1400 audit(0.0:708022595): avc: denied { read } for lport=13400 scontext=u:r:hht_ota_mgr:s0 tcontext=u:r:hht_ota_mgr:s0 tclass=udp_socket permissive=0
04-10 17:17:27.339 W/event_loop( 1802): type=1400 audit(0.0:708022596): avc: denied { read } for lport=13400 scontext=u:r:hht_ota_mgr:s0 tcontext=u:r:hht_ota_mgr:s0 tclass=udp_socket permissive=0
04-10 17:17:27.339 W/event_loop( 1802): type=1400 audit(0.0:708022597): avc: denied { read } for lport=13400 scontext=u:r:hht_ota_mgr:s0 tcontext=u:r:hht_ota_mgr:s0 tclass=udp_socket permissive=0
04-10 17:17:27.339 W/event_loop( 1802): type=1400 audit(0.0:708022598): avc: denied { read } for lport=13400 scontext=u:r:hht_ota_mgr:s0 tcontext=u:r:hht_ota_mgr:s0 tclass=udp_socket permissive=0
04-10 17:17:27.372 I/mpu_uart( 661): [MSG-P:RECV]:No message received in 1000 ms
04-10 17:17:27.773 D/DhcpClient( 2124): Broadcasting DHCPDISCOVER
01-01 15:11:43.762 W/audit ( 0): audit_lost=707937264 audit_rate_limit=5 audit_backlog_limit=64
01-01 15:11:43.769 E/audit ( 0): rate limit exceeded
04-10 17:17:28.343 W/event_loop( 1802): type=1400 audit(0.0:708054042): avc: denied { read } for lport=13400 scontext=u:r:hht_ota_mgr:s0 tcontext=u:r:hht_ota_mgr:s0 tclass=udp_socket permissive=0
04-10 17:17:28.343 W/event_loop( 1802): type=1400 audit(0.0:708054043): avc: denied { read } for lport=13400 scontext=u:r:hht_ota_mgr:s0 tcontext=u:r:hht_ota_mgr:s0 tclass=udp_socket permissive=0
04-10 17:17:28.343 W/event_loop( 1802): type=1400 audit(0.0:708054044): avc: denied { read } for lport=13400 scontext=u:r:hht_ota_mgr:s0 tcontext=u:r:hht_ota_mgr:s0 tclass=udp_socket permissive=0
04-10 17:17:28.343 W/event_loop( 1802): type=1400 audit(0.0:708054045): avc: denied { read } for lport=13400 scontext=u:r:hht_ota_mgr:s0 tcontext=u:r:hht_ota_mgr:s0 tclass=udp_socket permissive=0
04-10 17:17:28.343 W/event_loop( 1802): type=1400 audit(0.0:708054046): avc: denied { read } for lport=13400 scontext=u:r:hht_ota_mgr:s0 tcontext=u:r:hht_ota_mgr:s0 tclass=udp_socket permissive=0
04-10 17:17:28.373 I/mpu_uart( 661): [MSG-P:RECV]:No message received in 1000 ms
01-01 15:11:44.766 W/audit ( 0): audit_lost=707968059 audit_rate_limit=5 audit_backlog_limit=64
01-01 15:11:44.773 E/audit ( 0): rate limit exceeded
04-10 17:17:29.347 W/event_loop( 1802): type=1400 audit(0.0:708084841): avc: denied { read } for lport=13400 scontext=u:r:hht_ota_mgr:s0 tcontext=u:r:hht_ota_mgr:s0 tclass=udp_socket permissive=0
04-10 17:17:29.347 W/event_loop( 1802): type=1400 audit(0.0:708084842): avc: denied { read } for lport=13400 scontext=u:r:hht_ota_mgr:s0 tcontext=u:r:hht_ota_mgr:s0 tclass=udp_socket permissive=0
04-10 17:17:29.347 W/event_loop( 1802): type=1400 audit(0.0:708084843): avc: denied { read } for lport=13400 scontext=u:r:hht_ota_mgr:s0 tcontext=u:r:hht_ota_mgr:s0 tclass=udp_socket permissive=0
04-10 17:17:29.347 W/event_loop( 1802): type=1400 audit(0.0:708084844): avc: denied { read } for lport=13400 scontext=u:r:hht_ota_mgr:s0 tcontext=u:r:hht_ota_mgr:s0 tclass=udp_socket permissive=0
04-10 17:17:29.347 W/event_loop( 1802): type=1400 audit(0.0:708084845): avc: denied { read } for lport=13400 scontext=u:r:hht_ota_mgr:s0 tcontext=u:r:hht_ota_mgr:s0 tclass=udp_socket permissive=0
04-10 17:17:29.373 I/mpu_uart( 661): [MSG-P:RECV]:No message received in 1000 ms
04-10 17:17:30.253 I/mpu_uart( 661): [MSG-P:R]:recv sync frame timeout
01-01 15:11:45.770 W/audit ( 0): audit_lost=708000027 audit_rate_limit=5 audit_backlog_limit=64
01-01 15:11:45.777 E/audit ( 0): rate limit exceeded
04-10 17:17:30.351 W/event_loop( 1802): type=1400 audit(0.0:708116827): avc: denied { read } for lport=13400 scontext=u:r:hht_ota_mgr:s0 tcontext=u:r:hht_ota_mgr:s0 tclass=udp_socket permissive=0
04-10 17:17:30.374 I/mpu_uart( 661): [MSG-P:RECV]:No message received in 1000 ms
04-10 17:17:30.351 W/event_loop( 1802): type=1400 audit(0.0:708116828): avc: denied { read } for lport=13400 scontext=u:r:hht_ota_mgr:s0 tcontext=u:r:hht_ota_mgr:s0 tclass=udp_socket permissive=0
04-10 17:17:30.351 W/event_loop( 1802): type=1400 audit(0.0:708116829): avc: denied { read } for lport=13400 scontext=u:r:hht_ota_mgr:s0 tcontext=u:r:hht_ota_mgr:s0 tclass=udp_socket permissive=0
04-10 17:17:30.351 W/event_loop( 1802): type=1400 audit(0.0:708116830): avc: denied { read } for lport=13400 scontext=u:r:hht_ota_mgr:s0 tcontext=u:r:hht_ota_mgr:s0 tclass=udp_socket permissive=0
04-10 17:17:30.351 W/event_loop( 1802): type=1400 audit(0.0:708116831): avc: denied { read } for lport=13400 scontext=u:r:hht_ota_mgr:s0 tcontext=u:r:hht_ota_mgr:s0 tclass=udp_socket permissive=0
04-10 17:17:31.147 I/CNSS ( 1247): cnss_open_log_file: directory /data/vendor/wifi/wlan_logs/ created
01-01 15:11:46.774 W/audit ( 0): audit_lost=708030485 audit_rate_limit=5 audit_backlog_limit=64
01-01 15:11:46.781 E/audit ( 0): rate limit exceeded
04-10 17:17:31.374 I/mpu_uart( 661): [MSG-P:RECV]:No message received in 1000 ms
04-10 17:17:31.355 W/event_loop( 1802): type=1400 audit(0.0:708147290): avc: denied { read } for lport=13400 scontext=u:r:hht_ota_mgr:s0 tcontext=u:r:hht_ota_mgr:s0 tclass=udp_socket permissive=0
04-10 17:17:31.355 W/event_loop( 1802): type=1400 audit(0.0:708147291): avc: denied { read } for lport=13400 scontext=u:r:hht_ota_mgr:s0 tcontext=u:r:hht_ota_mgr:s0 tclass=udp_socket permissive=0
04-10 17:17:31.355 W/event_loop( 1802): type=1400 audit(0.0:708147292): avc: denied { read } for lport=13400 scontext=u:r:hht_ota_mgr:s0 tcontext=u:r:hht_ota_mgr:s0 tclass=udp_socket permissive=0
04-10 17:17:31.355 W/event_loop( 1802): type=1400 audit(0.0:708147293): avc: denied { read } for lport=13400 scontext=u:r:hht_ota_mgr:s0 tcontext=u:r:hht_ota_mgr:s0 tclass=udp_socket permissive=0
04-10 17:17:31.355 W/event_loop( 1802): type=1400 audit(0.0:708147294): avc: denied { read } for lport=13400 scontext=u:r:hht_ota_mgr:s0 tcontext=u:r:hht_ota_mgr:s0 tclass=udp_socket permissive=0
01-01 15:11:47.778 W/audit ( 0): audit_lost=708061690 audit_rate_limit=5 audit_backlog_limit=64
01-01 15:11:47.785 E/audit ( 0): rate limit exceeded
04-10 17:17:32.359 W/event_loop( 1802): type=1400 audit(0.0:708178500): avc: denied { read } for lport=13400 scontext=u:r:hht_ota_mgr:s0 tcontext=u:r:hht_ota_mgr:s0 tclass=udp_socket permissive=0
04-10 17:17:32.359 W/event_loop( 1802): type=1400 audit(0.0:708178501): avc: denied { read } for lport=13400 scontext=u:r:hht_ota_mgr:s0 tcontext=u:r:hht_ota_mgr:s0 tclass=udp_socket permissive=0
04-10 17:17:32.359 W/event_loop( 1802): type=1400 audit(0.0:708178502): avc: denied { read } for lport=13400 scontext=u:r:hht_ota_mgr:s0 tcontext=u:r:hht_ota_mgr:s0 tclass=udp_socket permissive=0
04-10 17:17:32.359 W/event_loop( 1802): type=1400 audit(0.0:708178503): avc: denied { read } for lport=13400 scontext=u:r:hht_ota_mgr:s0 tcontext=u:r:hht_ota_mgr:s0 tclass=udp_socket permissive=0
04-10 17:17:32.359 W/event_loop( 1802): type=1400 audit(0.0:708178504): avc: denied { read } for lport=13400 scontext=u:r:hht_ota_mgr:s0 tcontext=u:r:hht_ota_mgr:s0 tclass=udp_socket permissive=0
04-10 17:17:32.375 I/mpu_uart( 661): [MSG-P:RECV]:No message received in 1000 ms
04-10 17:17:33.256 I/mpu_uart( 661): [MSG-P:R]:recv sync frame timeout
01-01 15:11:48.782 W/audit ( 0): audit_lost=708091806 audit_rate_limit=5 audit_backlog_limit=64
01-01 15:11:48.789 E/audit ( 0): rate limit exceeded
04-10 17:17:33.363 W/event_loop( 1802): type=1400 audit(0.0:708208567): avc: denied { read } for lport=13400 scontext=u:r:hht_ota_mgr:s0 tcontext=u:r:hht_ota_mgr:s0 tclass=udp_socket permissive=0
04-10 17:17:33.363 W/event_loop( 1802): type=1400 audit(0.0:708208568): avc: denied { read } for lport=13400 scontext=u:r:hht_ota_mgr:s0 tcontext=u:r:hht_ota_mgr:s0 tclass=udp_socket permissive=0
04-10 17:17:33.363 W/event_loop( 1802): type=1400 audit(0.0:708208569): avc: denied { read } for lport=13400 scontext=u:r:hht_ota_mgr:s0 tcontext=u:r:hht_ota_mgr:s0 tclass=udp_socket permissive=0
04-10 17:17:33.363 W/event_loop( 1802): type=1400 audit(0.0:708208570): avc: denied { read } for lport=13400 scontext=u:r:hht_ota_mgr:s0 tcontext=u:r:hht_ota_mgr:s0 tclass=udp_socket permissive=0
04-10 17:17:33.363 W/event_loop( 1802): type=1400 audit(0.0:708208571): avc: denied { read } for lport=13400 scontext=u:r:hht_ota_mgr:s0 tcontext=u:r:hht_ota_mgr:s0 tclass=udp_socket permissive=0
04-10 17:17:33.376 I/mpu_uart( 661): [MSG-P:RECV]:No message received in 1000 ms
01-01 15:11:49.786 W/audit ( 0): audit_lost=708123070 audit_rate_limit=5 audit_backlog_limit=64
01-01 15:11:49.793 E/audit ( 0): rate limit exceeded
04-10 17:17:34.367 W/event_loop( 1802): type=1400 audit(0.0:708239796): avc: denied { read } for lport=13400 scontext=u:r:hht_ota_mgr:s0 tcontext=u:r:hht_ota_mgr:s0 tclass=udp_socket permissive=0
04-10 17:17:34.367 W/event_loop( 1802): type=1400 audit(0.0:708239797): avc: denied { read } for lport=13400 scontext=u:r:hht_ota_mgr:s0 tcontext=u:r:hht_ota_mgr:s0 tclass=udp_socket permissive=0
04-10 17:17:34.367 W/event_loop( 1802): type=1400 audit(0.0:708239798): avc: denied { read } for lport=13400 scontext=u:r:hht_ota_mgr:s0 tcontext=u:r:hht_ota_mgr:s0 tclass=udp_socket permissive=0
04-10 17:17:34.367 W/event_loop( 1802): type=1400 audit(0.0:708239799): avc: denied { read } for lport=13400 scontext=u:r:hht_ota_mgr:s0 tcontext=u:r:hht_ota_mgr:s0 tclass=udp_socket permissive=0
04-10 17:17:34.367 W/event_loop( 1802): type=1400 audit(0.0:708239800): avc: denied { read } for lport=13400 scontext=u:r:hht_ota_mgr:s0 tcontext=u:r:hht_ota_mgr:s0 tclass=udp_socket permissive=0
04-10 17:17:34.376 I/mpu_uart( 661): [MSG-P:RECV]:No message received in 1000 ms
01-01 15:11:50.790 W/audit ( 0): audit_lost=708154084 audit_rate_limit=5 audit_backlog_limit=64
01-01 15:11:50.797 E/audit ( 0): rate limit exceeded
04-10 17:17:35.377 I/mpu_uart( 661): [MSG-P:RECV]:No message received in 1000 ms
04-10 17:17:35.367 W/event_loop( 1802): type=1400 audit(0.0:708271052): avc: denied { read } for lport=13400 scontext=u:r:hht_ota_mgr:s0 tcontext=u:r:hht_ota_mgr:s0 tclass=udp_socket permissive=0
04-10 17:17:35.371 W/event_loop( 1802): type=1400 audit(0.0:708271053): avc: denied { read } for lport=13400 scontext=u:r:hht_ota_mgr:s0 tcontext=u:r:hht_ota_mgr:s0 tclass=udp_socket permissive=0
04-10 17:17:35.371 W/event_loop( 1802): type=1400 audit(0.0:708271054): avc: denied { read } for lport=13400 scontext=u:r:hht_ota_mgr:s0 tcontext=u:r:hht_ota_mgr:s0 tclass=udp_socket permissive=0
04-10 17:17:35.371 W/event_loop( 1802): type=1400 audit(0.0:708271055): avc: denied { read } for lport=13400 scontext=u:r:hht_ota_mgr:s0 tcontext=u:r:hht_ota_mgr:s0 tclass=udp_socket permissive=0
04-10 17:17:35.371 W/event_loop( 1802): type=1400 audit(0.0:708271056): avc: denied { read } for lport=13400 scontext=u:r:hht_ota_mgr:s0 tcontext=u:r:hht_ota_mgr:s0 tclass=udp_socket permissive=0
04-10 17:17:36.260 I/mpu_uart( 661): [MSG-P:R]:recv sync frame timeout
01-01 15:11:51.794 W/audit ( 0): audit_lost=708186997 audit_rate_limit=5 audit_backlog_limit=64
01-01 15:11:51.801 E/audit ( 0): rate limit exceeded
04-10 17:17:36.377 I/mpu_uart( 661): [MSG-P:RECV]:No message received in 1000 ms
04-10 17:17:36.375 W/event_loop( 1802): type=1400 audit(0.0:708303938): avc: denied { read } for lport=13400 scontext=u:r:hht_ota_mgr:s0 tcontext=u:r:hht_ota_mgr:s0 tclass=udp_socket permissive=0
04-10 17:17:36.375 W/event_loop( 1802): type=1400 audit(0.0:708303939): avc: denied { read } for lport=13400 scontext=u:r:hht_ota_mgr:s0 tcontext=u:r:hht_ota_mgr:s0 tclass=udp_socket permissive=0
04-10 17:17:36.375 W/event_loop( 1802): type=1400 audit(0.0:708303940): avc: denied { read } for lport=13400 scontext=u:r:hht_ota_mgr:s0 tcontext=u:r:hht_ota_mgr:s0 tclass=udp_socket permissive=0
04-10 17:17:36.375 W/event_loop( 1802): type=1400 audit(0.0:708303941): avc: denied { read } for lport=13400 scontext=u:r:hht_ota_mgr:s0 tcontext=u:r:hht_ota_mgr:s0 tclass=udp_socket permissive=0
04-10 17:17:36.375 W/event_loop( 1802): type=1400 audit(0.0:708303942): avc: denied { read } for lport=13400 scontext=u:r:hht_ota_mgr:s0 tcontext=u:r:hht_ota_mgr:s0 tclass=udp_socket permissive=0
01-01 15:11:52.798 W/audit ( 0): audit_lost=708218445 audit_rate_limit=5 audit_backlog_limit=64
01-01 15:11:52.805 E/audit ( 0): rate limit exceeded
04-10 17:17:37.377 I/mpu_uart( 661): [MSG-P:RECV]:No message received in 1000 ms
04-10 17:17:37.379 W/event_loop( 1802): type=1400 audit(0.0:708335311): avc: denied { read } for lport=13400 scontext=u:r:hht_ota_mgr:s0 tcontext=u:r:hht_ota_mgr:s0 tclass=udp_socket permissive=0
04-10 17:17:37.379 W/event_loop( 1802): type=1400 audit(0.0:708335312): avc: denied { read } for lport=13400 scontext=u:r:hht_ota_mgr:s0 tcontext=u:r:hht_ota_mgr:s0 tclass=udp_socket permissive=0
04-10 17:17:37.379 W/event_loop( 1802): type=1400 audit(0.0:708335313): avc: denied { read } for lport=13400 scontext=u:r:hht_ota_mgr:s0 tcontext=u:r:hht_ota_mgr:s0 tclass=udp_socket permissive=0
04-10 17:17:37.379 W/event_loop( 1802): type=1400 audit(0.0:708335314): avc: denied { read } for lport=13400 scontext=u:r:hht_ota_mgr:s0 tcontext=u:r:hht_ota_mgr:s0 tclass=udp_socket permissive=0
04-10 17:17:37.379 W/event_loop( 1802): type=1400 audit(0.0:708335315): avc: denied { read } for lport=13400 scontext=u:r:hht_ota_mgr:s0 tcontext=u:r:hht_ota_mgr:s0 tclass=udp_socket permissive=0
04-10 17:17:37.467 W/livelock( 1592): sample 2.071s
01-01 15:11:53.802 W/audit ( 0): audit_lost=708249732 audit_rate_limit=5 audit_backlog_limit=64
01-01 15:11:53.809 E/audit ( 0): rate limit exceeded
04-10 17:17:38.378 I/mpu_uart( 661): [MSG-P:RECV]:No message received in 1000 ms
04-10 17:17:38.383 W/event_loop( 1802): type=1400 audit(0.0:708366541): avc: denied { read } for lport=13400 scontext=u:r:hht_ota_mgr:s0 tcontext=u:r:hht_ota_mgr:s0 tclass=udp_socket permissive=0
04-10 17:17:38.383 W/event_loop( 1802): type=1400 audit(0.0:708366542): avc: denied { read } for lport=13400 scontext=u:r:hht_ota_mgr:s0 tcontext=u:r:hht_ota_mgr:s0 tclass=udp_socket permissive=0
04-10 17:17:38.383 W/event_loop( 1802): type=1400 audit(0.0:708366543): avc: denied { read } for lport=13400 scontext=u:r:hht_ota_mgr:s0 tcontext=u:r:hht_ota_mgr:s0 tclass=udp_socket permissive=0
04-10 17:17:38.383 W/event_loop( 1802): type=1400 audit(0.0:708366544): avc: denied { read } for lport=13400 scontext=u:r:hht_ota_mgr:s0 tcontext=u:r:hht_ota_mgr:s0 tclass=udp_socket permissive=0
04-10 17:17:38.383 W/event_loop( 1802): type=1400 audit(0.0:708366545): avc: denied { read } for lport=13400 scontext=u:r:hht_ota_mgr:s0 tcontext=u:r:hht_ota_mgr:s0 tclass=udp_socket permissive=0
04-10 17:17:39.262 I/mpu_uart( 661): [MSG-P:R]:recv sync frame timeout
01-01 15:11:54.806 W/audit ( 0): audit_lost=708283222 audit_rate_limit=5 audit_backlog_limit=64
01-01 15:11:54.813 E/audit ( 0): rate limit exceeded
04-10 17:17:39.378 I/mpu_uart( 661): [MSG-P:RECV]:No message received in 1000 ms
04-10 17:17:39.387 W/event_loop( 1802): type=1400 audit(0.0:708400084): avc: denied { read } for lport=13400 scontext=u:r:hht_ota_mgr:s0 tcontext=u:r:hht_ota_mgr:s0 tclass=udp_socket permissive=0
04-10 17:17:39.387 W/event_loop( 1802): type=1400 audit(0.0:708400085): avc: denied { read } for lport=13400 scontext=u:r:hht_ota_mgr:s0 tcontext=u:r:hht_ota_mgr:s0 tclass=udp_socket permissive=0
04-10 17:17:39.387 W/event_loop( 1802): type=1400 audit(0.0:708400086): avc: denied { read } for lport=13400 scontext=u:r:hht_ota_mgr:s0 tcontext=u:r:hht_ota_mgr:s0 tclass=udp_socket permissive=0
04-10 17:17:39.387 W/event_loop( 1802): type=1400 audit(0.0:708400087): avc: denied { read } for lport=13400 scontext=u:r:hht_ota_mgr:s0 tcontext=u:r:hht_ota_mgr:s0 tclass=udp_socket permissive=0
04-10 17:17:39.387 W/event_loop( 1802): type=1400 audit(0.0:708400088): avc: denied { read } for lport=13400 scontext=u:r:hht_ota_mgr:s0 tcontext=u:r:hht_ota_mgr:s0 tclass=udp_socket permissive=0
01-01 15:11:55.583 I/[dp_rx_][0x73d99b25c5][17:17:40.110362] wlan( 0): [2588:I:QDF] DHCP-R RX: SA:04:7f:0e:5f:47:5f DA:ff:ff:ff:ff:ff:ff
01-01 15:11:55.810 W/audit ( 0): audit_lost=708314403 audit_rate_limit=5 audit_backlog_limit=64
01-01 15:11:55.817 E/audit ( 0): rate limit exceeded
04-10 17:17:40.379 I/mpu_uart( 661): [MSG-P:RECV]:No message received in 1000 ms
04-10 17:17:40.387 W/event_loop( 1802): type=1400 audit(0.0:708431313): avc: denied { read } for lport=13400 scontext=u:r:hht_ota_mgr:s0 tcontext=u:r:hht_ota_mgr:s0 tclass=udp_socket permissive=0
04-10 17:17:40.391 W/event_loop( 1802): type=1400 audit(0.0:708431314): avc: denied { read } for lport=13400 scontext=u:r:hht_ota_mgr:s0 tcontext=u:r:hht_ota_mgr:s0 tclass=udp_socket permissive=0
04-10 17:17:40.391 W/event_loop( 1802): type=1400 audit(0.0:708431315): avc: denied { read } for lport=13400 scontext=u:r:hht_ota_mgr:s0 tcontext=u:r:hht_ota_mgr:s0 tclass=udp_socket permissive=0
04-10 17:17:40.391 W/event_loop( 1802): type=1400 audit(0.0:708431316): avc: denied { read } for lport=13400 scontext=u:r:hht_ota_mgr:s0 tcontext=u:r:hht_ota_mgr:s0 tclass=udp_socket permissive=0
04-10 17:17:40.391 W/event_loop( 1802): type=1400 audit(0.0:708431317): avc: denied { read } for lport=13400 scontext=u:r:hht_ota_mgr:s0 tcontext=u:r:hht_ota_mgr:s0 tclass=udp_socket permissive=0
01-01 15:11:56.814 W/audit ( 0): audit_lost=708346543 audit_rate_limit=5 audit_backlog_limit=64
01-01 15:11:56.821 E/audit ( 0): rate limit exceeded
04-10 17:17:41.380 I/mpu_uart( 661): [MSG-P:RECV]:No message received in 1000 ms
04-10 17:17:41.391 W/event_loop( 1802): type=1400 audit(0.0:708463442): avc: denied { read } for lport=13400 scontext=u:r:hht_ota_mgr:s0 tcontext=u:r:hht_ota_mgr:s0 tclass=udp_socket permissive=0
04-10 17:17:41.395 W/event_loop( 1802): type=1400 audit(0.0:708463443): avc: denied { read } for lport=13400 scontext=u:r:hht_ota_mgr:s0 tcontext=u:r:hht_ota_mgr:s0 tclass=udp_socket permissive=0
04-10 17:17:41.395 W/event_loop( 1802): type=1400 audit(0.0:708463444): avc: denied { read } for lport=13400 scontext=u:r:hht_ota_mgr:s0 tcontext=u:r:hht_ota_mgr:s0 tclass=udp_socket permissive=0
04-10 17:17:41.395 W/event_loop( 1802): type=1400 audit(0.0:708463445): avc: denied { read } for lport=13400 scontext=u:r:hht_ota_mgr:s0 tcontext=u:r:hht_ota_mgr:s0 tclass=udp_socket permissive=0
04-10 17:17:41.395 W/event_loop( 1802): type=1400 audit(0.0:708463446): avc: denied { read } for lport=13400 scontext=u:r:hht_ota_mgr:s0 tcontext=u:r:hht_ota_mgr:s0 tclass=udp_socket permissive=0
04-10 17:17:42.266 I/mpu_uart( 661): [MSG-P:R]:recv sync frame timeout
01-01 15:11:57.818 W/audit ( 0): audit_lost=708378939 audit_rate_limit=5 audit_backlog_limit=64
01-01 15:11:57.825 E/audit ( 0): rate limit exceeded
04-10 17:17:42.380 I/mpu_uart( 661): [MSG-P:RECV]:No message received in 1000 ms
04-10 17:17:42.399 W/event_loop( 1802): type=1400 audit(0.0:708495837): avc: denied { read } for lport=13400 scontext=u:r:hht_ota_mgr:s0 tcontext=u:r:hht_ota_mgr:s0 tclass=udp_socket permissive=0
04-10 17:17:42.399 W/event_loop( 1802): type=1400 audit(0.0:708495838): avc: denied { read } for lport=13400 scontext=u:r:hht_ota_mgr:s0 tcontext=u:r:hht_ota_mgr:s0 tclass=udp_socket permissive=0
04-10 17:17:42.399 W/event_loop( 1802): type=1400 audit(0.0:708495839): avc: denied { read } for lport=13400 scontext=u:r:hht_ota_mgr:s0 tcontext=u:r:hht_ota_mgr:s0 tclass=udp_socket permissive=0
04-10 17:17:42.399 W/event_loop( 1802): type=1400 audit(0.0:708495840): avc: denied { read } for lport=13400 scontext=u:r:hht_ota_mgr:s0 tcontext=u:r:hht_ota_mgr:s0 tclass=udp_socket permissive=0
04-10 17:17:42.399 W/event_loop( 1802): type=1400 audit(0.0:708495841): avc: denied { read } for lport=13400 scontext=u:r:hht_ota_mgr:s0 tcontext=u:r:hht_ota_mgr:s0 tclass=udp_socket permissive=0
01-01 15:11:58.822 W/audit ( 0): audit_lost=708411013 audit_rate_limit=5 audit_backlog_limit=64
01-01 15:11:58.829 E/audit ( 0): rate limit exceeded
04-10 17:17:43.380 I/mpu_uart( 661): [MSG-P:RECV]:No message received in 1000 ms
04-10 17:17:43.403 W/event_loop( 1802): type=1400 audit(0.0:708527889): avc: denied { read } for lport=13400 scontext=u:r:hht_ota_mgr:s0 tcontext=u:r:hht_ota_mgr:s0 tclass=udp_socket permissive=0
04-10 17:17:43.403 W/event_loop( 1802): type=1400 audit(0.0:708527890): avc: denied { read } for lport=13400 scontext=u:r:hht_ota_mgr:s0 tcontext=u:r:hht_ota_mgr:s0 tclass=udp_socket permissive=0
04-10 17:17:43.403 W/event_loop( 1802): type=1400 audit(0.0:708527891): avc: denied { read } for lport=13400 scontext=u:r:hht_ota_mgr:s0 tcontext=u:r:hht_ota_mgr:s0 tclass=udp_socket permissive=0
04-10 17:17:43.403 W/event_loop( 1802): type=1400 audit(0.0:708527892): avc: denied { read } for lport=13400 scontext=u:r:hht_ota_mgr:s0 tcontext=u:r:hht_ota_mgr:s0 tclass=udp_socket permissive=0
04-10 17:17:43.403 W/event_loop( 1802): type=1400 audit(0.0:708527893): avc: denied { read } for lport=13400 scontext=u:r:hht_ota_mgr:s0 tcontext=u:r:hht_ota_mgr:s0 tclass=udp_socket permissive=0
01-01 15:11:59.826 W/audit ( 0): audit_lost=708442289 audit_rate_limit=5 audit_backlog_limit=64
01-01 15:11:59.833 E/audit ( 0): rate limit exceeded
04-10 17:17:44.381 I/mpu_uart( 661): [MSG-P:RECV]:No message received in 1000 ms
04-10 17:17:44.403 W/event_loop( 1802): type=1400 audit(0.0:708559248): avc: denied { read } for lport=13400 scontext=u:r:hht_ota_mgr:s0 tcontext=u:r:hht_ota_mgr:s0 tclass=udp_socket permissive=0
04-10 17:17:44.407 W/event_loop( 1802): type=1400 audit(0.0:708559249): avc: denied { read } for lport=13400 scontext=u:r:hht_ota_mgr:s0 tcontext=u:r:hht_ota_mgr:s0 tclass=udp_socket permissive=0
04-10 17:17:44.407 W/event_loop( 1802): type=1400 audit(0.0:708559250): avc: denied { read } for lport=13400 scontext=u:r:hht_ota_mgr:s0 tcontext=u:r:hht_ota_mgr:s0 tclass=udp_socket permissive=0
04-10 17:17:44.407 W/event_loop( 1802): type=1400 audit(0.0:708559251): avc: denied { read } for lport=13400 scontext=u:r:hht_ota_mgr:s0 tcontext=u:r:hht_ota_mgr:s0 tclass=udp_socket permissive=0
04-10 17:17:44.407 W/event_loop( 1802): type=1400 audit(0.0:708559252): avc: denied { read } for lport=13400 scontext=u:r:hht_ota_mgr:s0 tcontext=u:r:hht_ota_mgr:s0 tclass=udp_socket permissive=0
04-10 17:17:45.270 I/mpu_uart( 661): [MSG-P:R]:recv sync frame timeout
01-01 15:12:00.830 W/audit ( 0): audit_lost=708473054 audit_rate_limit=5 audit_backlog_limit=64
01-01 15:12:00.837 E/audit ( 0): rate limit exceeded
04-10 17:17:45.382 I/mpu_uart( 661): [MSG-P:RECV]:No message received in 1000 ms
04-10 17:17:45.411 W/event_loop( 1802): type=1400 audit(0.0:708590034): avc: denied { read } for lport=13400 scontext=u:r:hht_ota_mgr:s0 tcontext=u:r:hht_ota_mgr:s0 tclass=udp_socket permissive=0
04-10 17:17:45.411 W/event_loop( 1802): type=1400 audit(0.0:708590035): avc: denied { read } for lport=13400 scontext=u:r:hht_ota_mgr:s0 tcontext=u:r:hht_ota_mgr:s0 tclass=udp_socket permissive=0
04-10 17:17:45.411 W/event_loop( 1802): type=1400 audit(0.0:708590036): avc: denied { read } for lport=13400 scontext=u:r:hht_ota_mgr:s0 tcontext=u:r:hht_ota_mgr:s0 tclass=udp_socket permissive=0
04-10 17:17:45.411 W/event_loop( 1802): type=1400 audit(0.0:708590037): avc: denied { read } for lport=13400 scontext=u:r:hht_ota_mgr:s0 tcontext=u:r:hht_ota_mgr:s0 tclass=udp_socket permissive=0
04-10 17:17:45.411 W/event_loop( 1802): type=1400 audit(0.0:708590038): avc: denied { read } for lport=13400 scontext=u:r:hht_ota_mgr:s0 tcontext=u:r:hht_ota_mgr:s0 tclass=udp_socket permissive=0
01-01 15:12:01.834 W/audit ( 0): audit_lost=708506496 audit_rate_limit=5 audit_backlog_limit=64
01-01 15:12:01.841 E/audit ( 0): rate limit exceeded
04-10 17:17:46.382 I/mpu_uart( 661): [MSG-P:RECV]:No message received in 1000 ms
04-10 17:17:46.415 W/event_loop( 1802): type=1400 audit(0.0:708623428): avc: denied { read } for lport=13400 scontext=u:r:hht_ota_mgr:s0 tcontext=u:r:hht_ota_mgr:s0 tclass=udp_socket permissive=0
04-10 17:17:46.415 W/event_loop( 1802): type=1400 audit(0.0:708623429): avc: denied { read } for lport=13400 scontext=u:r:hht_ota_mgr:s0 tcontext=u:r:hht_ota_mgr:s0 tclass=udp_socket permissive=0
04-10 17:17:46.415 W/event_loop( 1802): type=1400 audit(0.0:708623430): avc: denied { read } for lport=13400 scontext=u:r:hht_ota_mgr:s0 tcontext=u:r:hht_ota_mgr:s0 tclass=udp_socket permissive=0
04-10 17:17:46.415 W/event_loop( 1802): type=1400 audit(0.0:708623431): avc: denied { read } for lport=13400 scontext=u:r:hht_ota_mgr:s0 tcontext=u:r:hht_ota_mgr:s0 tclass=udp_socket permissive=0
04-10 17:17:46.415 W/event_loop( 1802): type=1400 audit(0.0:708623432): avc: denied { read } for lport=13400 scontext=u:r:hht_ota_mgr:s0 tcontext=u:r:hht_ota_mgr:s0 tclass=udp_socket permissive=0
01-01 15:12:02.838 W/audit ( 0): audit_lost=708538956 audit_rate_limit=5 audit_backlog_limit=64
01-01 15:12:02.845 E/audit ( 0): rate limit exceeded
04-10 17:17:47.383 I/mpu_uart( 661): [MSG-P:RECV]:No message received in 1000 ms
04-10 17:17:47.419 W/event_loop( 1802): type=1400 audit(0.0:708655831): avc: denied { read } for lport=13400 scontext=u:r:hht_ota_mgr:s0 tcontext=u:r:hht_ota_mgr:s0 tclass=udp_socket permissive=0
04-10 17:17:47.419 W/event_loop( 1802): type=1400 audit(0.0:708655832): avc: denied { read } for lport=13400 scontext=u:r:hht_ota_mgr:s0 tcontext=u:r:hht_ota_mgr:s0 tclass=udp_socket permissive=0
04-10 17:17:47.419 W/event_loop( 1802): type=1400 audit(0.0:708655833): avc: denied { read } for lport=13400 scontext=u:r:hht_ota_mgr:s0 tcontext=u:r:hht_ota_mgr:s0 tclass=udp_socket permissive=0
04-10 17:17:47.419 W/event_loop( 1802): type=1400 audit(0.0:708655834): avc: denied { read } for lport=13400 scontext=u:r:hht_ota_mgr:s0 tcontext=u:r:hht_ota_mgr:s0 tclass=udp_socket permissive=0
04-10 17:17:47.419 W/event_loop( 1802): type=1400 audit(0.0:708655835): avc: denied { read } for lport=13400 scontext=u:r:hht_ota_mgr:s0 tcontext=u:r:hht_ota_mgr:s0 tclass=udp_socket permissive=0
04-10 17:17:48.273 I/mpu_uart( 661): [MSG-P:R]:recv sync frame timeout
01-01 15:12:03.842 W/audit ( 0): audit_lost=708570777 audit_rate_limit=5 audit_backlog_limit=64
01-01 15:12:03.849 E/audit ( 0): rate limit exceeded
04-10 17:17:48.383 I/mpu_uart( 661): [MSG-P:RECV]:No message received in 1000 ms
04-10 17:17:48.423 W/event_loop( 1802): type=1400 audit(0.0:708687652): avc: denied { read } for lport=13400 scontext=u:r:hht_ota_mgr:s0 tcontext=u:r:hht_ota_mgr:s0 tclass=udp_socket permissive=0
04-10 17:17:48.423 W/event_loop( 1802): type=1400 audit(0.0:708687653): avc: denied { read } for lport=13400 scontext=u:r:hht_ota_mgr:s0 tcontext=u:r:hht_ota_mgr:s0 tclass=udp_socket permissive=0
04-10 17:17:48.423 W/event_loop( 1802): type=1400 audit(0.0:708687654): avc: denied { read } for lport=13400 scontext=u:r:hht_ota_mgr:s0 tcontext=u:r:hht_ota_mgr:s0 tclass=udp_socket permissive=0
04-10 17:17:48.423 W/event_loop( 1802): type=1400 audit(0.0:708687655): avc: denied { read } for lport=13400 scontext=u:r:hht_ota_mgr:s0 tcontext=u:r:hht_ota_mgr:s0 tclass=udp_socket permissive=0
04-10 17:17:48.423 W/event_loop( 1802): type=1400 audit(0.0:708687656): avc: denied { read } for lport=13400 scontext=u:r:hht_ota_mgr:s0 tcontext=u:r:hht_ota_mgr:s0 tclass=udp_socket permissive=0
04-10 17:17:49.384 I/mpu_uart( 661): [MSG-P:RECV]:No message received in 1000 ms
01-01 15:12:04.846 W/audit ( 0): audit_lost=708602743 audit_rate_limit=5 audit_backlog_limit=64
01-01 15:12:04.853 E/audit ( 0): rate limit exceeded
04-10 17:17:49.427 W/event_loop( 1802): type=1400 audit(0.0:708719645): avc: denied { read } for lport=13400 scontext=u:r:hht_ota_mgr:s0 tcontext=u:r:hht_ota_mgr:s0 tclass=udp_socket permissive=0
04-10 17:17:49.427 W/event_loop( 1802): type=1400 audit(0.0:708719646): avc: denied { read } for lport=13400 scontext=u:r:hht_ota_mgr:s0 tcontext=u:r:hht_ota_mgr:s0 tclass=udp_socket permissive=0
04-10 17:17:49.427 W/event_loop( 1802): type=1400 audit(0.0:708719647): avc: denied { read } for lport=13400 scontext=u:r:hht_ota_mgr:s0 tcontext=u:r:hht_ota_mgr:s0 tclass=udp_socket permissive=0
04-10 17:17:49.427 W/event_loop( 1802): type=1400 audit(0.0:708719648): avc: denied { read } for lport=13400 scontext=u:r:hht_ota_mgr:s0 tcontext=u:r:hht_ota_mgr:s0 tclass=udp_socket permissive=0
04-10 17:17:49.427 W/event_loop( 1802): type=1400 audit(0.0:708719649): avc: denied { read } for lport=13400 scontext=u:r:hht_ota_mgr:s0 tcontext=u:r:hht_ota_mgr:s0 tclass=udp_socket permissive=0
04-10 17:17:50.385 I/mpu_uart( 661): [MSG-P:RECV]:No message received in 1000 ms
01-01 15:12:05.850 W/audit ( 0): audit_lost=708633988 audit_rate_limit=5 audit_backlog_limit=64
01-01 15:12:05.857 E/audit ( 0): rate limit exceeded
04-10 17:17:50.427 W/event_loop( 1802): type=1400 audit(0.0:708750831): avc: denied { read } for lport=13400 scontext=u:r:hht_ota_mgr:s0 tcontext=u:r:hht_ota_mgr:s0 tclass=udp_socket permissive=0
