04-10 17:16:58.223 W/event_loop( 1802): type=1400 audit(0.0:707104694): avc: denied { read } for lport=13400 scontext=u:r:hht_ota_mgr:s0 tcontext=u:r:hht_ota_mgr:s0 tclass=udp_socket permissive=0
04-10 17:16:58.356 I/mpu_uart( 661): [MSG-P:RECV]:No message received in 1000 ms
01-01 15:11:14.646 W/audit ( 0): audit_lost=707019671 audit_rate_limit=5 audit_backlog_limit=64
01-01 15:11:14.653 E/audit ( 0): rate limit exceeded
04-10 17:16:59.223 W/event_loop( 1802): type=1400 audit(0.0:707136324): avc: denied { read } for lport=13400 scontext=u:r:hht_ota_mgr:s0 tcontext=u:r:hht_ota_mgr:s0 tclass=udp_socket permissive=0
04-10 17:16:59.227 W/event_loop( 1802): type=1400 audit(0.0:707136325): avc: denied { read } for lport=13400 scontext=u:r:hht_ota_mgr:s0 tcontext=u:r:hht_ota_mgr:s0 tclass=udp_socket permissive=0
04-10 17:16:59.227 W/event_loop( 1802): type=1400 audit(0.0:707136326): avc: denied { read } for lport=13400 scontext=u:r:hht_ota_mgr:s0 tcontext=u:r:hht_ota_mgr:s0 tclass=udp_socket permissive=0
04-10 17:16:59.227 W/event_loop( 1802): type=1400 audit(0.0:707136327): avc: denied { read } for lport=13400 scontext=u:r:hht_ota_mgr:s0 tcontext=u:r:hht_ota_mgr:s0 tclass=udp_socket permissive=0
04-10 17:16:59.227 W/event_loop( 1802): type=1400 audit(0.0:707136328): avc: denied { read } for lport=13400 scontext=u:r:hht_ota_mgr:s0 tcontext=u:r:hht_ota_mgr:s0 tclass=udp_socket permissive=0
04-10 17:16:59.357 I/mpu_uart( 661): [MSG-P:RECV]:No message received in 1000 ms
04-10 17:17:00.006 D/KeyguardUpdateMonitor( 2054): received broadcast android.intent.action.TIME_TICK
04-10 17:17:00.007 D/KeyguardUpdateMonitor( 2054): handleTimeUpdate
01-01 15:11:15.650 W/audit ( 0): audit_lost=707051962 audit_rate_limit=5 audit_backlog_limit=64
01-01 15:11:15.657 E/audit ( 0): rate limit exceeded
04-10 17:17:00.218 I/mpu_uart( 661): [MSG-P:R]:recv sync frame timeout
04-10 17:17:00.231 W/event_loop( 1802): type=1400 audit(0.0:707168629): avc: denied { read } for lport=13400 scontext=u:r:hht_ota_mgr:s0 tcontext=u:r:hht_ota_mgr:s0 tclass=udp_socket permissive=0
04-10 17:17:00.231 W/event_loop( 1802): type=1400 audit(0.0:707168630): avc: denied { read } for lport=13400 scontext=u:r:hht_ota_mgr:s0 tcontext=u:r:hht_ota_mgr:s0 tclass=udp_socket permissive=0
04-10 17:17:00.231 W/event_loop( 1802): type=1400 audit(0.0:707168631): avc: denied { read } for lport=13400 scontext=u:r:hht_ota_mgr:s0 tcontext=u:r:hht_ota_mgr:s0 tclass=udp_socket permissive=0
04-10 17:17:00.231 W/event_loop( 1802): type=1400 audit(0.0:707168632): avc: denied { read } for lport=13400 scontext=u:r:hht_ota_mgr:s0 tcontext=u:r:hht_ota_mgr:s0 tclass=udp_socket permissive=0
04-10 17:17:00.231 W/event_loop( 1802): type=1400 audit(0.0:707168633): avc: denied { read } for lport=13400 scontext=u:r:hht_ota_mgr:s0 tcontext=u:r:hht_ota_mgr:s0 tclass=udp_socket permissive=0
04-10 17:17:00.358 I/mpu_uart( 661): [MSG-P:RECV]:No message received in 1000 ms
01-01 15:11:16.654 W/audit ( 0): audit_lost=707083574 audit_rate_limit=5 audit_backlog_limit=64
01-01 15:11:16.661 E/audit ( 0): rate limit exceeded
04-10 17:17:01.235 W/event_loop( 1802): type=1400 audit(0.0:707200267): avc: denied { read } for lport=13400 scontext=u:r:hht_ota_mgr:s0 tcontext=u:r:hht_ota_mgr:s0 tclass=udp_socket permissive=0
04-10 17:17:01.235 W/event_loop( 1802): type=1400 audit(0.0:707200268): avc: denied { read } for lport=13400 scontext=u:r:hht_ota_mgr:s0 tcontext=u:r:hht_ota_mgr:s0 tclass=udp_socket permissive=0
04-10 17:17:01.235 W/event_loop( 1802): type=1400 audit(0.0:707200269): avc: denied { read } for lport=13400 scontext=u:r:hht_ota_mgr:s0 tcontext=u:r:hht_ota_mgr:s0 tclass=udp_socket permissive=0
04-10 17:17:01.235 W/event_loop( 1802): type=1400 audit(0.0:707200270): avc: denied { read } for lport=13400 scontext=u:r:hht_ota_mgr:s0 tcontext=u:r:hht_ota_mgr:s0 tclass=udp_socket permissive=0
04-10 17:17:01.235 W/event_loop( 1802): type=1400 audit(0.0:707200271): avc: denied { read } for lport=13400 scontext=u:r:hht_ota_mgr:s0 tcontext=u:r:hht_ota_mgr:s0 tclass=udp_socket permissive=0
04-10 17:17:01.358 I/mpu_uart( 661): [MSG-P:RECV]:No message received in 1000 ms
01-01 15:11:17.658 W/audit ( 0): audit_lost=707115677 audit_rate_limit=5 audit_backlog_limit=64
01-01 15:11:17.665 E/audit ( 0): rate limit exceeded
04-10 17:17:02.235 W/event_loop( 1802): type=1400 audit(0.0:707232511): avc: denied { read } for lport=13400 scontext=u:r:hht_ota_mgr:s0 tcontext=u:r:hht_ota_mgr:s0 tclass=udp_socket permissive=0
04-10 17:17:02.239 W/event_loop( 1802): type=1400 audit(0.0:707232512): avc: denied { read } for lport=13400 scontext=u:r:hht_ota_mgr:s0 tcontext=u:r:hht_ota_mgr:s0 tclass=udp_socket permissive=0
04-10 17:17:02.239 W/event_loop( 1802): type=1400 audit(0.0:707232513): avc: denied { read } for lport=13400 scontext=u:r:hht_ota_mgr:s0 tcontext=u:r:hht_ota_mgr:s0 tclass=udp_socket permissive=0
04-10 17:17:02.239 W/event_loop( 1802): type=1400 audit(0.0:707232514): avc: denied { read } for lport=13400 scontext=u:r:hht_ota_mgr:s0 tcontext=u:r:hht_ota_mgr:s0 tclass=udp_socket permissive=0
04-10 17:17:02.239 W/event_loop( 1802): type=1400 audit(0.0:707232515): avc: denied { read } for lport=13400 scontext=u:r:hht_ota_mgr:s0 tcontext=u:r:hht_ota_mgr:s0 tclass=udp_socket permissive=0
04-10 17:17:02.359 I/mpu_uart( 661): [MSG-P:RECV]:No message received in 1000 ms
01-01 15:11:18.662 W/audit ( 0): audit_lost=707147905 audit_rate_limit=5 audit_backlog_limit=64
01-01 15:11:18.670 E/audit ( 0): rate limit exceeded
04-10 17:17:03.222 I/mpu_uart( 661): [MSG-P:R]:recv sync frame timeout
04-10 17:17:03.243 W/event_loop( 1802): type=1400 audit(0.0:707264624): avc: denied { read } for lport=13400 scontext=u:r:hht_ota_mgr:s0 tcontext=u:r:hht_ota_mgr:s0 tclass=udp_socket permissive=0
04-10 17:17:03.243 W/event_loop( 1802): type=1400 audit(0.0:707264625): avc: denied { read } for lport=13400 scontext=u:r:hht_ota_mgr:s0 tcontext=u:r:hht_ota_mgr:s0 tclass=udp_socket permissive=0
04-10 17:17:03.243 W/event_loop( 1802): type=1400 audit(0.0:707264626): avc: denied { read } for lport=13400 scontext=u:r:hht_ota_mgr:s0 tcontext=u:r:hht_ota_mgr:s0 tclass=udp_socket permissive=0
04-10 17:17:03.243 W/event_loop( 1802): type=1400 audit(0.0:707264627): avc: denied { read } for lport=13400 scontext=u:r:hht_ota_mgr:s0 tcontext=u:r:hht_ota_mgr:s0 tclass=udp_socket permissive=0
04-10 17:17:03.243 W/event_loop( 1802): type=1400 audit(0.0:707264628): avc: denied { read } for lport=13400 scontext=u:r:hht_ota_mgr:s0 tcontext=u:r:hht_ota_mgr:s0 tclass=udp_socket permissive=0
04-10 17:17:03.360 I/mpu_uart( 661): [MSG-P:RECV]:No message received in 1000 ms
01-01 15:11:19.666 W/audit ( 0): audit_lost=707180474 audit_rate_limit=5 audit_backlog_limit=64
01-01 15:11:19.673 E/audit ( 0): rate limit exceeded
04-10 17:17:04.247 W/event_loop( 1802): type=1400 audit(0.0:707297159): avc: denied { read } for lport=13400 scontext=u:r:hht_ota_mgr:s0 tcontext=u:r:hht_ota_mgr:s0 tclass=udp_socket permissive=0
04-10 17:17:04.247 W/event_loop( 1802): type=1400 audit(0.0:707297160): avc: denied { read } for lport=13400 scontext=u:r:hht_ota_mgr:s0 tcontext=u:r:hht_ota_mgr:s0 tclass=udp_socket permissive=0
04-10 17:17:04.247 W/event_loop( 1802): type=1400 audit(0.0:707297161): avc: denied { read } for lport=13400 scontext=u:r:hht_ota_mgr:s0 tcontext=u:r:hht_ota_mgr:s0 tclass=udp_socket permissive=0
04-10 17:17:04.247 W/event_loop( 1802): type=1400 audit(0.0:707297162): avc: denied { read } for lport=13400 scontext=u:r:hht_ota_mgr:s0 tcontext=u:r:hht_ota_mgr:s0 tclass=udp_socket permissive=0
04-10 17:17:04.247 W/event_loop( 1802): type=1400 audit(0.0:707297163): avc: denied { read } for lport=13400 scontext=u:r:hht_ota_mgr:s0 tcontext=u:r:hht_ota_mgr:s0 tclass=udp_socket permissive=0
04-10 17:17:04.360 I/mpu_uart( 661): [MSG-P:RECV]:No message received in 1000 ms
01-01 15:11:20.670 W/audit ( 0): audit_lost=707211843 audit_rate_limit=5 audit_backlog_limit=64
01-01 15:11:20.677 E/audit ( 0): rate limit exceeded
04-10 17:17:05.251 W/event_loop( 1802): type=1400 audit(0.0:707328537): avc: denied { read } for lport=13400 scontext=u:r:hht_ota_mgr:s0 tcontext=u:r:hht_ota_mgr:s0 tclass=udp_socket permissive=0
04-10 17:17:05.251 W/event_loop( 1802): type=1400 audit(0.0:707328538): avc: denied { read } for lport=13400 scontext=u:r:hht_ota_mgr:s0 tcontext=u:r:hht_ota_mgr:s0 tclass=udp_socket permissive=0
04-10 17:17:05.251 W/event_loop( 1802): type=1400 audit(0.0:707328539): avc: denied { read } for lport=13400 scontext=u:r:hht_ota_mgr:s0 tcontext=u:r:hht_ota_mgr:s0 tclass=udp_socket permissive=0
04-10 17:17:05.251 W/event_loop( 1802): type=1400 audit(0.0:707328540): avc: denied { read } for lport=13400 scontext=u:r:hht_ota_mgr:s0 tcontext=u:r:hht_ota_mgr:s0 tclass=udp_socket permissive=0
04-10 17:17:05.251 W/event_loop( 1802): type=1400 audit(0.0:707328541): avc: denied { read } for lport=13400 scontext=u:r:hht_ota_mgr:s0 tcontext=u:r:hht_ota_mgr:s0 tclass=udp_socket permissive=0
04-10 17:17:05.361 I/mpu_uart( 661): [MSG-P:RECV]:No message received in 1000 ms
01-01 15:11:21.674 W/audit ( 0): audit_lost=707243183 audit_rate_limit=5 audit_backlog_limit=64
01-01 15:11:21.681 E/audit ( 0): rate limit exceeded
04-10 17:17:06.225 I/mpu_uart( 661): [MSG-P:R]:recv sync frame timeout
04-10 17:17:06.251 W/event_loop( 1802): type=1400 audit(0.0:707359977): avc: denied { read } for lport=13400 scontext=u:r:hht_ota_mgr:s0 tcontext=u:r:hht_ota_mgr:s0 tclass=udp_socket permissive=0
04-10 17:17:06.255 W/event_loop( 1802): type=1400 audit(0.0:707359978): avc: denied { read } for lport=13400 scontext=u:r:hht_ota_mgr:s0 tcontext=u:r:hht_ota_mgr:s0 tclass=udp_socket permissive=0
04-10 17:17:06.255 W/event_loop( 1802): type=1400 audit(0.0:707359979): avc: denied { read } for lport=13400 scontext=u:r:hht_ota_mgr:s0 tcontext=u:r:hht_ota_mgr:s0 tclass=udp_socket permissive=0
04-10 17:17:06.255 W/event_loop( 1802): type=1400 audit(0.0:707359980): avc: denied { read } for lport=13400 scontext=u:r:hht_ota_mgr:s0 tcontext=u:r:hht_ota_mgr:s0 tclass=udp_socket permissive=0
04-10 17:17:06.255 W/event_loop( 1802): type=1400 audit(0.0:707359981): avc: denied { read } for lport=13400 scontext=u:r:hht_ota_mgr:s0 tcontext=u:r:hht_ota_mgr:s0 tclass=udp_socket permissive=0
04-10 17:17:06.361 I/mpu_uart( 661): [MSG-P:RECV]:No message received in 1000 ms
01-01 15:11:22.678 W/audit ( 0): audit_lost=707273623 audit_rate_limit=5 audit_backlog_limit=64
01-01 15:11:22.685 E/audit ( 0): rate limit exceeded
04-10 17:17:07.255 W/event_loop( 1802): type=1400 audit(0.0:707390330): avc: denied { read } for lport=13400 scontext=u:r:hht_ota_mgr:s0 tcontext=u:r:hht_ota_mgr:s0 tclass=udp_socket permissive=0
04-10 17:17:07.259 W/event_loop( 1802): type=1400 audit(0.0:707390331): avc: denied { read } for lport=13400 scontext=u:r:hht_ota_mgr:s0 tcontext=u:r:hht_ota_mgr:s0 tclass=udp_socket permissive=0
04-10 17:17:07.259 W/event_loop( 1802): type=1400 audit(0.0:707390332): avc: denied { read } for lport=13400 scontext=u:r:hht_ota_mgr:s0 tcontext=u:r:hht_ota_mgr:s0 tclass=udp_socket permissive=0
04-10 17:17:07.259 W/event_loop( 1802): type=1400 audit(0.0:707390333): avc: denied { read } for lport=13400 scontext=u:r:hht_ota_mgr:s0 tcontext=u:r:hht_ota_mgr:s0 tclass=udp_socket permissive=0
04-10 17:17:07.259 W/event_loop( 1802): type=1400 audit(0.0:707390334): avc: denied { read } for lport=13400 scontext=u:r:hht_ota_mgr:s0 tcontext=u:r:hht_ota_mgr:s0 tclass=udp_socket permissive=0
04-10 17:17:07.362 I/mpu_uart( 661): [MSG-P:RECV]:No message received in 1000 ms
01-01 15:11:23.682 W/audit ( 0): audit_lost=707304299 audit_rate_limit=5 audit_backlog_limit=64
01-01 15:11:23.689 E/audit ( 0): rate limit exceeded
04-10 17:17:08.259 W/event_loop( 1802): type=1400 audit(0.0:707420933): avc: denied { read } for lport=13400 scontext=u:r:hht_ota_mgr:s0 tcontext=u:r:hht_ota_mgr:s0 tclass=udp_socket permissive=0
04-10 17:17:08.263 W/event_loop( 1802): type=1400 audit(0.0:707420934): avc: denied { read } for lport=13400 scontext=u:r:hht_ota_mgr:s0 tcontext=u:r:hht_ota_mgr:s0 tclass=udp_socket permissive=0
04-10 17:17:08.263 W/event_loop( 1802): type=1400 audit(0.0:707420935): avc: denied { read } for lport=13400 scontext=u:r:hht_ota_mgr:s0 tcontext=u:r:hht_ota_mgr:s0 tclass=udp_socket permissive=0
04-10 17:17:08.263 W/event_loop( 1802): type=1400 audit(0.0:707420936): avc: denied { read } for lport=13400 scontext=u:r:hht_ota_mgr:s0 tcontext=u:r:hht_ota_mgr:s0 tclass=udp_socket permissive=0
04-10 17:17:08.263 W/event_loop( 1802): type=1400 audit(0.0:707420937): avc: denied { read } for lport=13400 scontext=u:r:hht_ota_mgr:s0 tcontext=u:r:hht_ota_mgr:s0 tclass=udp_socket permissive=0
04-10 17:17:08.362 I/mpu_uart( 661): [MSG-P:RECV]:No message received in 1000 ms
01-01 15:11:24.686 W/audit ( 0): audit_lost=707335777 audit_rate_limit=5 audit_backlog_limit=64
01-01 15:11:24.693 E/audit ( 0): rate limit exceeded
04-10 17:17:09.229 I/mpu_uart( 661): [MSG-P:R]:recv sync frame timeout
04-10 17:17:09.267 W/event_loop( 1802): type=1400 audit(0.0:707452516): avc: denied { read } for lport=13400 scontext=u:r:hht_ota_mgr:s0 tcontext=u:r:hht_ota_mgr:s0 tclass=udp_socket permissive=0
04-10 17:17:09.267 W/event_loop( 1802): type=1400 audit(0.0:707452517): avc: denied { read } for lport=13400 scontext=u:r:hht_ota_mgr:s0 tcontext=u:r:hht_ota_mgr:s0 tclass=udp_socket permissive=0
04-10 17:17:09.267 W/event_loop( 1802): type=1400 audit(0.0:707452518): avc: denied { read } for lport=13400 scontext=u:r:hht_ota_mgr:s0 tcontext=u:r:hht_ota_mgr:s0 tclass=udp_socket permissive=0
04-10 17:17:09.267 W/event_loop( 1802): type=1400 audit(0.0:707452519): avc: denied { read } for lport=13400 scontext=u:r:hht_ota_mgr:s0 tcontext=u:r:hht_ota_mgr:s0 tclass=udp_socket permissive=0
04-10 17:17:09.267 W/event_loop( 1802): type=1400 audit(0.0:707452520): avc: denied { read } for lport=13400 scontext=u:r:hht_ota_mgr:s0 tcontext=u:r:hht_ota_mgr:s0 tclass=udp_socket permissive=0
04-10 17:17:09.363 I/mpu_uart( 661): [MSG-P:RECV]:No message received in 1000 ms
01-01 15:11:25.690 W/audit ( 0): audit_lost=707368415 audit_rate_limit=5 audit_backlog_limit=64
01-01 15:11:25.698 E/audit ( 0): rate limit exceeded
04-10 17:17:10.271 W/event_loop( 1802): type=1400 audit(0.0:707485046): avc: denied { read } for lport=13400 scontext=u:r:hht_ota_mgr:s0 tcontext=u:r:hht_ota_mgr:s0 tclass=udp_socket permissive=0
04-10 17:17:10.271 W/event_loop( 1802): type=1400 audit(0.0:707485047): avc: denied { read } for lport=13400 scontext=u:r:hht_ota_mgr:s0 tcontext=u:r:hht_ota_mgr:s0 tclass=udp_socket permissive=0
04-10 17:17:10.271 W/event_loop( 1802): type=1400 audit(0.0:707485048): avc: denied { read } for lport=13400 scontext=u:r:hht_ota_mgr:s0 tcontext=u:r:hht_ota_mgr:s0 tclass=udp_socket permissive=0
04-10 17:17:10.271 W/event_loop( 1802): type=1400 audit(0.0:707485049): avc: denied { read } for lport=13400 scontext=u:r:hht_ota_mgr:s0 tcontext=u:r:hht_ota_mgr:s0 tclass=udp_socket permissive=0
04-10 17:17:10.363 I/mpu_uart( 661): [MSG-P:RECV]:No message received in 1000 ms
04-10 17:17:10.271 W/event_loop( 1802): type=1400 audit(0.0:707485050): avc: denied { read } for lport=13400 scontext=u:r:hht_ota_mgr:s0 tcontext=u:r:hht_ota_mgr:s0 tclass=udp_socket permissive=0
01-01 15:11:26.694 W/audit ( 0): audit_lost=707399505 audit_rate_limit=5 audit_backlog_limit=64
01-01 15:11:26.701 E/audit ( 0): rate limit exceeded
04-10 17:17:11.275 W/event_loop( 1802): type=1400 audit(0.0:707516147): avc: denied { read } for lport=13400 scontext=u:r:hht_ota_mgr:s0 tcontext=u:r:hht_ota_mgr:s0 tclass=udp_socket permissive=0
04-10 17:17:11.275 W/event_loop( 1802): type=1400 audit(0.0:707516148): avc: denied { read } for lport=13400 scontext=u:r:hht_ota_mgr:s0 tcontext=u:r:hht_ota_mgr:s0 tclass=udp_socket permissive=0
04-10 17:17:11.275 W/event_loop( 1802): type=1400 audit(0.0:707516149): avc: denied { read } for lport=13400 scontext=u:r:hht_ota_mgr:s0 tcontext=u:r:hht_ota_mgr:s0 tclass=udp_socket permissive=0
04-10 17:17:11.275 W/event_loop( 1802): type=1400 audit(0.0:707516150): avc: denied { read } for lport=13400 scontext=u:r:hht_ota_mgr:s0 tcontext=u:r:hht_ota_mgr:s0 tclass=udp_socket permissive=0
04-10 17:17:11.364 I/mpu_uart( 661): [MSG-P:RECV]:No message received in 1000 ms
04-10 17:17:11.275 W/event_loop( 1802): type=1400 audit(0.0:707516151): avc: denied { read } for lport=13400 scontext=u:r:hht_ota_mgr:s0 tcontext=u:r:hht_ota_mgr:s0 tclass=udp_socket permissive=0
04-10 17:17:12.232 I/mpu_uart( 661): [MSG-P:R]:recv sync frame timeout
01-01 15:11:27.698 W/audit ( 0): audit_lost=707430078 audit_rate_limit=5 audit_backlog_limit=64
01-01 15:11:27.705 E/audit ( 0): rate limit exceeded
04-10 17:17:12.275 W/event_loop( 1802): type=1400 audit(0.0:707546728): avc: denied { read } for lport=13400 scontext=u:r:hht_ota_mgr:s0 tcontext=u:r:hht_ota_mgr:s0 tclass=udp_socket permissive=0
04-10 17:17:12.279 W/event_loop( 1802): type=1400 audit(0.0:707546729): avc: denied { read } for lport=13400 scontext=u:r:hht_ota_mgr:s0 tcontext=u:r:hht_ota_mgr:s0 tclass=udp_socket permissive=0
04-10 17:17:12.279 W/event_loop( 1802): type=1400 audit(0.0:707546730): avc: denied { read } for lport=13400 scontext=u:r:hht_ota_mgr:s0 tcontext=u:r:hht_ota_mgr:s0 tclass=udp_socket permissive=0
04-10 17:17:12.279 W/event_loop( 1802): type=1400 audit(0.0:707546731): avc: denied { read } for lport=13400 scontext=u:r:hht_ota_mgr:s0 tcontext=u:r:hht_ota_mgr:s0 tclass=udp_socket permissive=0
04-10 17:17:12.279 W/event_loop( 1802): type=1400 audit(0.0:707546732): avc: denied { read } for lport=13400 scontext=u:r:hht_ota_mgr:s0 tcontext=u:r:hht_ota_mgr:s0 tclass=udp_socket permissive=0
04-10 17:17:12.364 I/mpu_uart( 661): [MSG-P:RECV]:No message received in 1000 ms
01-01 15:11:28.702 W/audit ( 0): audit_lost=707461399 audit_rate_limit=5 audit_backlog_limit=64
01-01 15:11:28.709 E/audit ( 0): rate limit exceeded
04-10 17:17:13.283 W/event_loop( 1802): type=1400 audit(0.0:707578105): avc: denied { read } for lport=13400 scontext=u:r:hht_ota_mgr:s0 tcontext=u:r:hht_ota_mgr:s0 tclass=udp_socket permissive=0
04-10 17:17:13.283 W/event_loop( 1802): type=1400 audit(0.0:707578106): avc: denied { read } for lport=13400 scontext=u:r:hht_ota_mgr:s0 tcontext=u:r:hht_ota_mgr:s0 tclass=udp_socket permissive=0
04-10 17:17:13.283 W/event_loop( 1802): type=1400 audit(0.0:707578107): avc: denied { read } for lport=13400 scontext=u:r:hht_ota_mgr:s0 tcontext=u:r:hht_ota_mgr:s0 tclass=udp_socket permissive=0
04-10 17:17:13.283 W/event_loop( 1802): type=1400 audit(0.0:707578108): avc: denied { read } for lport=13400 scontext=u:r:hht_ota_mgr:s0 tcontext=u:r:hht_ota_mgr:s0 tclass=udp_socket permissive=0
04-10 17:17:13.283 W/event_loop( 1802): type=1400 audit(0.0:707578109): avc: denied { read } for lport=13400 scontext=u:r:hht_ota_mgr:s0 tcontext=u:r:hht_ota_mgr:s0 tclass=udp_socket permissive=0
04-10 17:17:13.365 I/mpu_uart( 661): [MSG-P:RECV]:No message received in 1000 ms
01-01 15:11:29.706 W/audit ( 0): audit_lost=707492110 audit_rate_limit=5 audit_backlog_limit=64
01-01 15:11:29.713 E/audit ( 0): rate limit exceeded
04-10 17:17:14.287 W/event_loop( 1802): type=1400 audit(0.0:707608794): avc: denied { read } for lport=13400 scontext=u:r:hht_ota_mgr:s0 tcontext=u:r:hht_ota_mgr:s0 tclass=udp_socket permissive=0
04-10 17:17:14.287 W/event_loop( 1802): type=1400 audit(0.0:707608795): avc: denied { read } for lport=13400 scontext=u:r:hht_ota_mgr:s0 tcontext=u:r:hht_ota_mgr:s0 tclass=udp_socket permissive=0
04-10 17:17:14.287 W/event_loop( 1802): type=1400 audit(0.0:707608796): avc: denied { read } for lport=13400 scontext=u:r:hht_ota_mgr:s0 tcontext=u:r:hht_ota_mgr:s0 tclass=udp_socket permissive=0
04-10 17:17:14.287 W/event_loop( 1802): type=1400 audit(0.0:707608797): avc: denied { read } for lport=13400 scontext=u:r:hht_ota_mgr:s0 tcontext=u:r:hht_ota_mgr:s0 tclass=udp_socket permissive=0
04-10 17:17:14.287 W/event_loop( 1802): type=1400 audit(0.0:707608798): avc: denied { read } for lport=13400 scontext=u:r:hht_ota_mgr:s0 tcontext=u:r:hht_ota_mgr:s0 tclass=udp_socket permissive=0
04-10 17:17:14.366 I/mpu_uart( 661): [MSG-P:RECV]:No message received in 1000 ms
04-10 17:17:15.236 I/mpu_uart( 661): [MSG-P:R]:recv sync frame timeout
01-01 15:11:30.710 W/audit ( 0): audit_lost=707523040 audit_rate_limit=5 audit_backlog_limit=64
01-01 15:11:30.717 E/audit ( 0): rate limit exceeded
04-10 17:17:15.287 W/event_loop( 1802): type=1400 audit(0.0:707639814): avc: denied { read } for lport=13400 scontext=u:r:hht_ota_mgr:s0 tcontext=u:r:hht_ota_mgr:s0 tclass=udp_socket permissive=0
04-10 17:17:15.291 W/event_loop( 1802): type=1400 audit(0.0:707639815): avc: denied { read } for lport=13400 scontext=u:r:hht_ota_mgr:s0 tcontext=u:r:hht_ota_mgr:s0 tclass=udp_socket permissive=0
04-10 17:17:15.291 W/event_loop( 1802): type=1400 audit(0.0:707639816): avc: denied { read } for lport=13400 scontext=u:r:hht_ota_mgr:s0 tcontext=u:r:hht_ota_mgr:s0 tclass=udp_socket permissive=0
04-10 17:17:15.366 I/mpu_uart( 661): [MSG-P:RECV]:No message received in 1000 ms
04-10 17:17:15.291 W/event_loop( 1802): type=1400 audit(0.0:707639817): avc: denied { read } for lport=13400 scontext=u:r:hht_ota_mgr:s0 tcontext=u:r:hht_ota_mgr:s0 tclass=udp_socket permissive=0
04-10 17:17:15.291 W/event_loop( 1802): type=1400 audit(0.0:707639818): avc: denied { read } for lport=13400 scontext=u:r:hht_ota_mgr:s0 tcontext=u:r:hht_ota_mgr:s0 tclass=udp_socket permissive=0
01-01 15:11:31.714 W/audit ( 0): audit_lost=707555276 audit_rate_limit=5 audit_backlog_limit=64
01-01 15:11:31.721 E/audit ( 0): rate limit exceeded
04-10 17:17:16.295 W/event_loop( 1802): type=1400 audit(0.0:707671997): avc: denied { read } for lport=13400 scontext=u:r:hht_ota_mgr:s0 tcontext=u:r:hht_ota_mgr:s0 tclass=udp_socket permissive=0
04-10 17:17:16.295 W/event_loop( 1802): type=1400 audit(0.0:707671998): avc: denied { read } for lport=13400 scontext=u:r:hht_ota_mgr:s0 tcontext=u:r:hht_ota_mgr:s0 tclass=udp_socket permissive=0
04-10 17:17:16.295 W/event_loop( 1802): type=1400 audit(0.0:707671999): avc: denied { read } for lport=13400 scontext=u:r:hht_ota_mgr:s0 tcontext=u:r:hht_ota_mgr:s0 tclass=udp_socket permissive=0
04-10 17:17:16.367 I/mpu_uart( 661): [MSG-P:RECV]:No message received in 1000 ms
04-10 17:17:16.295 W/event_loop( 1802): type=1400 audit(0.0:707672000): avc: denied { read } for lport=13400 scontext=u:r:hht_ota_mgr:s0 tcontext=u:r:hht_ota_mgr:s0 tclass=udp_socket permissive=0
04-10 17:17:16.295 W/event_loop( 1802): type=1400 audit(0.0:707672001): avc: denied { read } for lport=13400 scontext=u:r:hht_ota_mgr:s0 tcontext=u:r:hht_ota_mgr:s0 tclass=udp_socket permissive=0
04-10 17:17:17.078 I/netd ( 686): setProcSysNet(4, 2, wlan0, retrans_time_ms, 750) <0.59ms>
04-10 17:17:17.079 I/netd ( 686): setProcSysNet(4, 2, wlan0, ucast_solicit, 10) <0.33ms>
04-10 17:17:17.080 I/netd ( 686): setProcSysNet(6, 2, wlan0, retrans_time_ms, 750) <0.49ms>
04-10 17:17:17.082 I/netd ( 686): setProcSysNet(6, 2, wlan0, ucast_solicit, 10) <0.29ms>
01-01 15:11:32.718 W/audit ( 0): audit_lost=707586514 audit_rate_limit=5 audit_backlog_limit=64
01-01 15:11:32.725 E/audit ( 0): rate limit exceeded
04-10 17:17:17.299 W/event_loop( 1802): type=1400 audit(0.0:707703259): avc: denied { read } for lport=13400 scontext=u:r:hht_ota_mgr:s0 tcontext=u:r:hht_ota_mgr:s0 tclass=udp_socket permissive=0
04-10 17:17:17.299 W/event_loop( 1802): type=1400 audit(0.0:707703260): avc: denied { read } for lport=13400 scontext=u:r:hht_ota_mgr:s0 tcontext=u:r:hht_ota_mgr:s0 tclass=udp_socket permissive=0
04-10 17:17:17.299 W/event_loop( 1802): type=1400 audit(0.0:707703261): avc: denied { read } for lport=13400 scontext=u:r:hht_ota_mgr:s0 tcontext=u:r:hht_ota_mgr:s0 tclass=udp_socket permissive=0
04-10 17:17:17.299 W/event_loop( 1802): type=1400 audit(0.0:707703262): avc: denied { read } for lport=13400 scontext=u:r:hht_ota_mgr:s0 tcontext=u:r:hht_ota_mgr:s0 tclass=udp_socket permissive=0
04-10 17:17:17.299 W/event_loop( 1802): type=1400 audit(0.0:707703263): avc: denied { read } for lport=13400 scontext=u:r:hht_ota_mgr:s0 tcontext=u:r:hht_ota_mgr:s0 tclass=udp_socket permissive=0
04-10 17:17:17.367 I/mpu_uart( 661): [MSG-P:RECV]:No message received in 1000 ms
04-10 17:17:18.239 I/mpu_uart( 661): [MSG-P:R]:recv sync frame timeout
01-01 15:11:33.722 W/audit ( 0): audit_lost=707619235 audit_rate_limit=5 audit_backlog_limit=64
01-01 15:11:33.729 E/audit ( 0): rate limit exceeded
04-10 17:17:18.303 W/event_loop( 1802): type=1400 audit(0.0:707736159): avc: denied { read } for lport=13400 scontext=u:r:hht_ota_mgr:s0 tcontext=u:r:hht_ota_mgr:s0 tclass=udp_socket permissive=0
04-10 17:17:18.303 W/event_loop( 1802): type=1400 audit(0.0:707736160): avc: denied { read } for lport=13400 scontext=u:r:hht_ota_mgr:s0 tcontext=u:r:hht_ota_mgr:s0 tclass=udp_socket permissive=0
04-10 17:17:18.303 W/event_loop( 1802): type=1400 audit(0.0:707736161): avc: denied { read } for lport=13400 scontext=u:r:hht_ota_mgr:s0 tcontext=u:r:hht_ota_mgr:s0 tclass=udp_socket permissive=0
04-10 17:17:18.303 W/event_loop( 1802): type=1400 audit(0.0:707736162): avc: denied { read } for lport=13400 scontext=u:r:hht_ota_mgr:s0 tcontext=u:r:hht_ota_mgr:s0 tclass=udp_socket permissive=0
04-10 17:17:18.303 W/event_loop( 1802): type=1400 audit(0.0:707736163): avc: denied { read } for lport=13400 scontext=u:r:hht_ota_mgr:s0 tcontext=u:r:hht_ota_mgr:s0 tclass=udp_socket permissive=0
04-10 17:17:18.368 I/mpu_uart( 661): [MSG-P:RECV]:No message received in 1000 ms
01-01 15:11:34.726 W/audit ( 0): audit_lost=707651595 audit_rate_limit=5 audit_backlog_limit=64
01-01 15:11:34.734 E/audit ( 0): rate limit exceeded
04-10 17:17:19.307 W/event_loop( 1802): type=1400 audit(0.0:707768359): avc: denied { read } for lport=13400 scontext=u:r:hht_ota_mgr:s0 tcontext=u:r:hht_ota_mgr:s0 tclass=udp_socket permissive=0
04-10 17:17:19.307 W/event_loop( 1802): type=1400 audit(0.0:707768360): avc: denied { read } for lport=13400 scontext=u:r:hht_ota_mgr:s0 tcontext=u:r:hht_ota_mgr:s0 tclass=udp_socket permissive=0
04-10 17:17:19.307 W/event_loop( 1802): type=1400 audit(0.0:707768361): avc: denied { read } for lport=13400 scontext=u:r:hht_ota_mgr:s0 tcontext=u:r:hht_ota_mgr:s0 tclass=udp_socket permissive=0
04-10 17:17:19.307 W/event_loop( 1802): type=1400 audit(0.0:707768362): avc: denied { read } for lport=13400 scontext=u:r:hht_ota_mgr:s0 tcontext=u:r:hht_ota_mgr:s0 tclass=udp_socket permissive=0
04-10 17:17:19.307 W/event_loop( 1802): type=1400 audit(0.0:707768363): avc: denied { read } for lport=13400 scontext=u:r:hht_ota_mgr:s0 tcontext=u:r:hht_ota_mgr:s0 tclass=udp_socket permissive=0
04-10 17:17:19.325 D/LOWI-9.0.0.87.a( 1478): [LOWI-Scan] wait_event:Wait done with Cmd 33
04-10 17:17:19.326 D/LOWI-9.0.0.87.a( 1478): [LOWI-Scan] do_listen_events: Rcvd valid Netlink Cmd 0 Err 0
04-10 17:17:19.368 I/mpu_uart( 661): [MSG-P:RECV]:No message received in 1000 ms
01-01 15:11:34.871 I/[schedu][0x73c1e71fec][17:17:19.398177] wlan( 0): [2447:I:OSIF] scan start scan id 41050
01-01 15:11:35.642 I/[dp_rx_][0x73c2c917d7][17:17:20.169481] wlan( 0): [2588:I:QDF] EAPOL-3 RX: SA:98:f1:81:80:45:61 DA:92:89:f9:36:97:7d
04-10 17:17:20.192 D/OsAgent ( 2810): [wifi_supplicant_status_update][3202] [HC] =>> [HS]
04-10 17:17:20.193 V/LocSvc_HIDL_IzatSubscription( 847): [wifiSupplicantStatusUpdate][682] [HS] <<<<= [HC]
04-10 17:17:20.194 I/LocSvc_SystemStatusOsObserver( 847): DataItem: Attach state: 8, Mac address valid: false, AP MAC address: [00:00:00:00:00:00], Wifi-Ap SSID Valid: false, SSID: >> Wiper
04-10 17:17:20.205 I/wpa_supplicant( 2763): wlan0: WPA: Group rekeying completed with 98:f1:81:80:45:61 [GTK=TKIP]
04-10 17:17:20.220 D/OsAgent ( 2810): [wifi_supplicant_status_update][3202] [HC] =>> [HS]
04-10 17:17:20.220 V/LocSvc_HIDL_IzatSubscription( 847): [wifiSupplicantStatusUpdate][682] [HS] <<<<= [HC]
04-10 17:17:20.220 I/LocSvc_SystemStatusOsObserver( 847): DataItem: Attach state: 9, Mac address valid: true, AP MAC address: [98:f1:81:80:45:61], Wifi-Ap SSID Valid: true, SSID: "HH-NEW" >> Wiper
01-01 15:11:35.686 I/[soft_i][0x73c2d623d1][17:17:20.214016] wlan( 0): [0:I:QDF] EAPOL-4 TX: SA:92:89:f9:36:97:7d DA:98:f1:81:80:45:61 msdu_id:6 status: succ
01-01 15:11:35.730 W/audit ( 0): audit_lost=707683448 audit_rate_limit=5 audit_backlog_limit=64
01-01 15:11:35.737 E/audit ( 0): rate limit exceeded
04-10 17:17:20.311 W/event_loop( 1802): type=1400 audit(0.0:707800171): avc: denied { read } for lport=13400 scontext=u:r:hht_ota_mgr:s0 tcontext=u:r:hht_ota_mgr:s0 tclass=udp_socket permissive=0
04-10 17:17:20.311 W/event_loop( 1802): type=1400 audit(0.0:707800172): avc: denied { read } for lport=13400 scontext=u:r:hht_ota_mgr:s0 tcontext=u:r:hht_ota_mgr:s0 tclass=udp_socket permissive=0
04-10 17:17:20.369 I/mpu_uart( 661): [MSG-P:RECV]:No message received in 1000 ms
04-10 17:17:20.311 W/event_loop( 1802): type=1400 audit(0.0:707800173): avc: denied { read } for lport=13400 scontext=u:r:hht_ota_mgr:s0 tcontext=u:r:hht_ota_mgr:s0 tclass=udp_socket permissive=0
04-10 17:17:20.311 W/event_loop( 1802): type=1400 audit(0.0:707800174): avc: denied { read } for lport=13400 scontext=u:r:hht_ota_mgr:s0 tcontext=u:r:hht_ota_mgr:s0 tclass=udp_socket permissive=0
04-10 17:17:20.311 W/event_loop( 1802): type=1400 audit(0.0:707800175): avc: denied { read } for lport=13400 scontext=u:r:hht_ota_mgr:s0 tcontext=u:r:hht_ota_mgr:s0 tclass=udp_socket permissive=0
04-10 17:17:21.238 D/LOWI-9.0.0.87.a( 1478): [LOWI-Scan] wait_event:Wait done with Cmd 34
04-10 17:17:21.238 D/LOWI-9.0.0.87.a( 1478): [LOWI-Scan] do_listen_events: Rcvd valid Netlink Cmd 34 Err 0
04-10 17:17:21.239 D/WifiNl80211Manager( 1167): Scan result ready event
04-10 17:17:21.239 D/WifiNative( 1167): Scan result ready event
04-10 17:17:21.240 D/LOWI-9.0.0.87.a( 1478): [LOWI-Scan]
04-10 17:17:21.240 D/LOWI-9.0.0.87.a( 1478): [LOWI-Scan] print_bss_handler: Report beacon TSF 25888790640 as it greater than probe TSF 25888776450
04-10 17:17:21.240 D/LOWI-9.0.0.87.a( 1478): [LOWI-Scan] decode_rsn_wpa_ie: LOWI_ENCRYPTION_TYPE_WPA_PSK
04-10 17:17:21.240 D/LOWI-9.0.0.87.a( 1478): [LOWI-Scan] is_qcom_ie, bss_age: 0
04-10 17:17:21.240 D/LOWI-9.0.0.87.a( 1478): [LOWI-Scan] BSS ec:60:73:0f:c5:0c LOWI_PHY_MODE_11NG_HT40(7), Beacon Interval: 100, LOWI_ENCRYPTION_TYPE_WPA_PSK 11mcRanging: No, ANQP: No, LCI: No, Civic: No, capability(0x1411): ESS Privacy ShortSlotTime
04-10 17:17:21.240 D/LOWI-9.0.0.87.a( 1478): [LOWI-Scan] BSS ec:60:73:0f:c5:0c FREQ: 2437, cFreq1[40:80:160] = [2427:0:0] cFreq2 = 0 Country Code = CN
04-10 17:17:21.240 D/LOWI-9.0.0.87.a( 1478): [LOWI-Scan] BSS ec:60:73:0f:c5:0c (wlan0) ASSO: NO AddInfo: 0x1, TSF 0, 07:11:28.790, RSSI: -96, CPL: 127, AGE: 1324, SSID HH_Colorgroup, TSFDelta: 0xdb732ed8, TXRate: 0
04-10 17:17:21.241 D/LOWI-9.0.0.87.a( 1478): [LOWI-Scan]
04-10 17:17:21.241 D/LOWI-9.0.0.87.a( 1478): [LOWI-Scan] print_bss_handler: Report Probe TSF 25888996385 as it greater than Beacon TSF 25888995560
04-10 17:17:21.241 D/LOWI-9.0.0.87.a( 1478): [LOWI-Scan] decode_rsn_wpa_ie: LOWI_ENCRYPTION_TYPE_WPA_PSK
04-10 17:17:21.241 D/LOWI-9.0.0.87.a( 1478): [LOWI-Scan] is_qcom_ie, bss_age: 0
04-10 17:17:21.242 D/LOWI-9.0.0.87.a( 1478): [LOWI-Scan] BSS ec:60:73:0f:c5:0e LOWI_PHY_MODE_11AC_VHT80(10), Beacon Interval: 100, LOWI_ENCRYPTION_TYPE_WPA_PSK 11mcRanging: No, ANQP: No, LCI: No, Civic: No, capability(0x1011): ESS Privacy
04-10 17:17:21.242 D/LOWI-9.0.0.87.a( 1478): [LOWI-Scan] BSS ec:60:73:0f:c5:0e FREQ: 5785, cFreq1[40:80:160] = [5795:5775:0] cFreq2 = 0 Country Code = CN
04-10 17:17:21.242 D/LOWI-9.0.0.87.a( 1478): [LOWI-Scan] BSS ec:60:73:0f:c5:0e (wlan0) ASSO: NO AddInfo: 0x0, TSF 0, 07:11:28.996, RSSI: -88, CPL: 127, AGE: 1116, SSID HH_Colorgroup, TSFDelta: 0xe150635b, TXRate: 0
04-10 17:17:21.242 D/LOWI-9.0.0.87.a( 1478): [LOWI-Scan]
04-10 17:17:21.242 D/LOWI-9.0.0.87.a( 1478): [LOWI-Scan] print_bss_handler: Report beacon TSF 25890069459 as it greater than probe TSF 25074772351
04-10 17:17:21.242 D/LOWI-9.0.0.87.a( 1478): [LOWI-Scan] decode_rsn_wpa_ie: LOWI_ENCRYPTION_TYPE_WPA_EAP
04-10 17:17:21.243 D/LOWI-9.0.0.87.a( 1478): [LOWI-Scan] is_qcom_ie, bss_age: 0
04-10 17:17:21.243 D/LOWI-9.0.0.87.a( 1478): [LOWI-Scan] BSS 98:f1:81:81:6e:c1 LOWI_PHY_MODE_11AC_VHT80(10), Beacon Interval: 100, LOWI_ENCRYPTION_TYPE_WPA_EAP 11mcRanging: No, ANQP: No, LCI: No, Civic: No, capability(0x8011): ESS Privacy
04-10 17:17:21.243 D/LOWI-9.0.0.87.a( 1478): [LOWI-Scan] BSS 98:f1:81:81:6e:c1 FREQ: 5320, cFreq1[40:80:160] = [5310:5290:0] cFreq2 = 0 Country Code = CN
04-10 17:17:21.243 I/mpu_uart( 661): [MSG-P:R]:recv sync frame timeout
04-10 17:17:21.243 D/LOWI-9.0.0.87.a( 1478): [LOWI-Scan] BSS 98:f1:81:81:6e:c1 (wlan0) ASSO: NO AddInfo: 0x1, TSF 0, 07:11:30.069, RSSI: -168, CPL: 127, AGE: 44, SSID HH, TSFDelta: 0x1795ba7d, TXRate: 0
04-10 17:17:21.243 D/LOWI-9.0.0.87.a( 1478): [LOWI-Scan]
04-10 17:17:21.243 D/LOWI-9.0.0.87.a( 1478): [LOWI-Scan] print_bss_handler: Report beacon TSF 25890071294 as it greater than probe TSF 25074773935
04-10 17:17:21.243 D/LOWI-9.0.0.87.a( 1478): [LOWI-Scan] is_qcom_ie, bss_age: 0
04-10 17:17:21.244 D/LOWI-9.0.0.87.a( 1478): [LOWI-Scan] BSS 98:f1:81:81:6e:c2 LOWI_PHY_MODE_11AC_VHT80(10), Beacon Interval: 100, LOWI_ENCRYPTION_TYPE_OPEN 11mcRanging: No, ANQP: No, LCI: No, Civic: No, capability(0x8001): ESS
04-10 17:17:21.244 D/LOWI-9.0.0.87.a( 1478): [LOWI-Scan] BSS 98:f1:81:81:6e:c2 FREQ: 5320, cFreq1[40:80:160] = [5310:5290:0] cFreq2 = 0 Country Code = CN
04-10 17:17:21.244 D/LOWI-9.0.0.87.a( 1478): [LOWI-Scan] BSS 98:f1:81:81:6e:c2 (wlan0) ASSO: NO AddInfo: 0x1, TSF 0, 07:11:30.071, RSSI: -170, CPL: 127, AGE: 44, SSID HH-mobile, TSFDelta: 0x17a15619, TXRate: 0
04-10 17:17:21.244 D/LOWI-9.0.0.87.a( 1478): [LOWI-Scan]
04-10 17:17:21.244 D/LOWI-9.0.0.87.a( 1478): [LOWI-Scan] print_bss_handler: Report beacon TSF 25890071782 as it greater than probe TSF 25074774343
04-10 17:17:21.244 D/LOWI-9.0.0.87.a( 1478): [LOWI-Scan] is_qcom_ie, bss_age: 0
04-10 17:17:21.244 D/LOWI-9.0.0.87.a( 1478): [LOWI-Scan] BSS 98:f1:81:81:6e:c3 LOWI_PHY_MODE_11AC_VHT80(10), Beacon Interval: 100, LOWI_ENCRYPTION_TYPE_OPEN 11mcRanging: No, ANQP: No, LCI: No, Civic: No, capability(0x8001): ESS
04-10 17:17:21.244 D/LOWI-9.0.0.87.a( 1478): [LOWI-Scan] BSS 98:f1:81:81:6e:c3 FREQ: 5320, cFreq1[40:80:160] = [5310:5290:0] cFreq2 = 0 Country Code = CN
04-10 17:17:21.245 D/LOWI-9.0.0.87.a( 1478): [LOWI-Scan] BSS 98:f1:81:81:6e:c3 (wlan0) ASSO: NO AddInfo: 0x1, TSF 0, 07:11:30.071, RSSI: -168, CPL: 127, AGE: 44, SSID HH-Guest, TSFDelta: 0x17a540a1, TXRate: 0
04-10 17:17:21.249 D/LOWI-9.0.0.87.a( 1478): [LOWI-Scan]
04-10 17:17:21.249 D/LOWI-9.0.0.87.a( 1478): [LOWI-Scan] print_bss_handler: Report beacon TSF 25890072697 as it greater than probe TSF 25074775603
04-10 17:17:21.249 D/LOWI-9.0.0.87.a( 1478): [LOWI-Scan] decode_rsn_wpa_ie: LOWI_ENCRYPTION_TYPE_WPA_PSK
04-10 17:17:21.250 D/LOWI-9.0.0.87.a( 1478): [LOWI-Scan] is_qcom_ie, bss_age: 0
04-10 17:17:21.250 D/LOWI-9.0.0.87.a( 1478): [LOWI-Scan] BSS 98:f1:81:81:6e:c4 LOWI_PHY_MODE_11AC_VHT80(10), Beacon Interval: 100, LOWI_ENCRYPTION_TYPE_WPA_PSK 11mcRanging: No, ANQP: No, LCI: No, Civic: No, capability(0x8011): ESS Privacy
04-10 17:17:21.250 D/LOWI-9.0.0.87.a( 1478): [LOWI-Scan] BSS 98:f1:81:81:6e:c4 FREQ: 5320, cFreq1[40:80:160] = [5310:5290:0] cFreq2 = 0 Country Code = CN
04-10 17:17:21.250 D/LOWI-9.0.0.87.a( 1478): [LOWI-Scan] BSS 98:f1:81:81:6e:c4 (wlan0) ASSO: NO AddInfo: 0x1, TSF 0, 07:11:30.072, RSSI: -174, CPL: 127, AGE: 40, SSID Hello, TSFDelta: 0x17b1b8ae, TXRate: 0
04-10 17:17:21.251 D/LOWI-9.0.0.87.a( 1478): [LOWI-Scan]
04-10 17:17:21.251 D/LOWI-9.0.0.87.a( 1478): [LOWI-Scan] print_bss_handler: Report beacon TSF 25888686962 as it greater than probe TSF 25853636285
04-10 17:17:21.251 D/LOWI-9.0.0.87.a( 1478): [LOWI-Scan] decode_rsn_wpa_ie: LOWI_ENCRYPTION_TYPE_WPA_EAP
04-10 17:17:21.251 D/LOWI-9.0.0.87.a( 1478): [LOWI-Scan] is_qcom_ie, bss_age: 0
04-10 17:17:21.251 D/LOWI-9.0.0.87.a( 1478): [LOWI-Scan] BSS 98:f1:81:80:9c:31 LOWI_PHY_MODE_11AC_VHT80(10), Beacon Interval: 100, LOWI_ENCRYPTION_TYPE_WPA_EAP 11mcRanging: No, ANQP: No, LCI: No, Civic: No, capability(0x8011): ESS Privacy
04-10 17:17:21.251 D/LOWI-9.0.0.87.a( 1478): [LOWI-Scan] BSS 98:f1:81:80:9c:31 FREQ: 5240, cFreq1[40:80:160] = [5230:5210:0] cFreq2 = 0 Country Code = CN
04-10 17:17:21.251 D/LOWI-9.0.0.87.a( 1478): [LOWI-Scan] BSS 98:f1:81:80:9c:31 (wlan0) ASSO: NO AddInfo: 0x1, TSF 0, 07:11:28.686, RSSI: -162, CPL: 127, AGE: 1428, SSID HH, TSFDelta: 0xbdfdc096, TXRate: 0
04-10 17:17:21.252 D/LOWI-9.0.0.87.a( 1478): [LOWI-Scan]
04-10 17:17:21.252 D/LOWI-9.0.0.87.a( 1478): [LOWI-Scan] print_bss_handler: Report beacon TSF 25888689137 as it greater than probe TSF 25853637220
04-10 17:17:21.252 D/LOWI-9.0.0.87.a( 1478): [LOWI-Scan] is_qcom_ie, bss_age: 0
04-10 17:17:21.252 D/LOWI-9.0.0.87.a( 1478): [LOWI-Scan] BSS 98:f1:81:80:9c:32 LOWI_PHY_MODE_11AC_VHT80(10), Beacon Interval: 100, LOWI_ENCRYPTION_TYPE_OPEN 11mcRanging: No, ANQP: No, LCI: No, Civic: No, capability(0x8001): ESS
04-10 17:17:21.252 D/LOWI-9.0.0.87.a( 1478): [LOWI-Scan] BSS 98:f1:81:80:9c:32 FREQ: 5240, cFreq1[40:80:160] = [5230:5210:0] cFreq2 = 0 Country Code = CN
04-10 17:17:21.252 D/LOWI-9.0.0.87.a( 1478): [LOWI-Scan] BSS 98:f1:81:80:9c:32 (wlan0) ASSO: NO AddInfo: 0x1, TSF 0, 07:11:28.689, RSSI: -164, CPL: 127, AGE: 1424, SSID HH-mobile, TSFDelta: 0xbe02180c, TXRate: 0
04-10 17:17:21.253 D/LOWI-9.0.0.87.a( 1478): [LOWI-Scan]
04-10 17:17:21.253 D/LOWI-9.0.0.87.a( 1478): [LOWI-Scan] print_bss_handler: Report beacon TSF 25888691679 as it greater than probe TSF 25853638014
04-10 17:17:21.253 D/LOWI-9.0.0.87.a( 1478): [LOWI-Scan] is_qcom_ie, bss_age: 0
04-10 17:17:21.253 D/LOWI-9.0.0.87.a( 1478): [LOWI-Scan] BSS 98:f1:81:80:9c:33 LOWI_PHY_MODE_11AC_VHT80(10), Beacon Interval: 100, LOWI_ENCRYPTION_TYPE_OPEN 11mcRanging: No, ANQP: No, LCI: No, Civic: No, capability(0x8001): ESS
04-10 17:17:21.253 D/LOWI-9.0.0.87.a( 1478): [LOWI-Scan] BSS 98:f1:81:80:9c:33 FREQ: 5240, cFreq1[40:80:160] = [5230:5210:0] cFreq2 = 0 Country Code = CN
04-10 17:17:21.253 D/LOWI-9.0.0.87.a( 1478): [LOWI-Scan] BSS 98:f1:81:80:9c:33 (wlan0) ASSO: NO AddInfo: 0x1, TSF 0, 07:11:28.691, RSSI: -164, CPL: 127, AGE: 1424, SSID HH-Guest, TSFDelta: 0xbe05ff36, TXRate: 0
04-10 17:17:21.254 D/LOWI-9.0.0.87.a( 1478): [LOWI-Scan]
04-10 17:17:21.254 D/LOWI-9.0.0.87.a( 1478): [LOWI-Scan] print_bss_handler: Report beacon TSF 25888692708 as it greater than probe TSF 25853638776
04-10 17:17:21.254 D/LOWI-9.0.0.87.a( 1478): [LOWI-Scan] decode_rsn_wpa_ie: LOWI_ENCRYPTION_TYPE_WPA_PSK
04-10 17:17:21.254 D/LOWI-9.0.0.87.a( 1478): [LOWI-Scan] is_qcom_ie, bss_age: 0
04-10 17:17:21.254 D/LOWI-9.0.0.87.a( 1478): [LOWI-Scan] BSS 98:f1:81:80:9c:34 LOWI_PHY_MODE_11AC_VHT80(10), Beacon Interval: 100, LOWI_ENCRYPTION_TYPE_WPA_PSK 11mcRanging: No, ANQP: No, LCI: No, Civic: No, capability(0x8011): ESS Privacy
04-10 17:17:21.254 D/LOWI-9.0.0.87.a( 1478): [LOWI-Scan] BSS 98:f1:81:80:9c:34 FREQ: 5240, cFreq1[40:80:160] = [5230:5210:0] cFreq2 = 0 Country Code = CN
04-10 17:17:21.254 D/LOWI-9.0.0.87.a( 1478): [LOWI-Scan] BSS 98:f1:81:80:9c:34 (wlan0) ASSO: NO AddInfo: 0x1, TSF 0, 07:11:28.692, RSSI: -160, CPL: 127, AGE: 1420, SSID Hello, TSFDelta: 0xbe0da636, TXRate: 0
04-10 17:17:21.254 D/LOWI-9.0.0.87.a( 1478): [LOWI-Scan]
04-10 17:17:21.255 D/LOWI-9.0.0.87.a( 1478): [LOWI-Scan] print_bss_handler: Report beacon TSF 25888792219 as it greater than probe TSF 25853734871
04-10 17:17:21.255 D/LOWI-9.0.0.87.a( 1478): [LOWI-Scan] decode_rsn_wpa_ie: LOWI_ENCRYPTION_TYPE_WPA_PSK
04-10 17:17:21.255 D/LOWI-9.0.0.87.a( 1478): [LOWI-Scan] is_qcom_ie, bss_age: 0
04-10 17:17:21.255 D/LOWI-9.0.0.87.a( 1478): [LOWI-Scan] BSS 98:f1:81:80:45:71 LOWI_PHY_MODE_11AC_VHT80(10), Beacon Interval: 100, LOWI_ENCRYPTION_TYPE_WPA_PSK 11mcRanging: No, ANQP: No, LCI: No, Civic: No, capability(0x8011): ESS Privacy
04-10 17:17:21.255 D/LOWI-9.0.0.87.a( 1478): [LOWI-Scan] BSS 98:f1:81:80:45:71 FREQ: 5745, cFreq1[40:80:160] = [5755:5775:0] cFreq2 = 0 Country Code = CN
04-10 17:17:21.255 D/LOWI-9.0.0.87.a( 1478): [LOWI-Scan] BSS 98:f1:81:80:45:71 (wlan0) ASSO: NO AddInfo: 0x1, TSF 0, 07:11:28.792, RSSI: -166, CPL: 127, AGE: 1320, SSID HH-NEW, TSFDelta: 0xc0c3e474, TXRate: 0
04-10 17:17:21.255 D/LOWI-9.0.0.87.a( 1478): [LOWI-Scan]
04-10 17:17:21.255 D/LOWI-9.0.0.87.a( 1478): [LOWI-Scan] print_bss_handler: Report beacon TSF 25888791375 as it greater than probe TSF 25853719733
04-10 17:17:21.255 D/LOWI-9.0.0.87.a( 1478): [LOWI-Scan] decode_rsn_wpa_ie: LOWI_ENCRYPTION_TYPE_WPA_PSK
04-10 17:17:21.255 D/LOWI-9.0.0.87.a( 1478): [LOWI-Scan] is_qcom_ie, bss_age: 0
04-10 17:17:21.256 D/LOWI-9.0.0.87.a( 1478): [LOWI-Scan] BSS 98:f1:81:80:45:70 LOWI_PHY_MODE_11AC_VHT80(10), Beacon Interval: 100, LOWI_ENCRYPTION_TYPE_WPA_PSK 11mcRanging: No, ANQP: No, LCI: No, Civic: No, capability(0x8011): ESS Privacy
04-10 17:17:21.256 D/LOWI-9.0.0.87.a( 1478): [LOWI-Scan] BSS 98:f1:81:80:45:70 FREQ: 5745, cFreq1[40:80:160] = [5755:5775:0] cFreq2 = 0 Country Code = CN
04-10 17:17:21.256 D/LOWI-9.0.0.87.a( 1478): [LOWI-Scan] BSS 98:f1:81:80:45:70 (wlan0) ASSO: NO AddInfo: 0x1, TSF 0, 07:11:28.791, RSSI: -170, CPL: 127, AGE: 1324, SSID Hello, TSFDelta: 0xc0b9f961, TXRate: 0
04-10 17:17:21.256 D/LOWI-9.0.0.87.a( 1478): [LOWI-Scan]
04-10 17:17:21.256 D/LOWI-9.0.0.87.a( 1478): [LOWI-Scan] print_bss_handler: Report beacon TSF 25888793113 as it greater than probe TSF 25853736381
04-10 17:17:21.256 D/LOWI-9.0.0.87.a( 1478): [LOWI-Scan] decode_rsn_wpa_ie: LOWI_ENCRYPTION_TYPE_WPA_EAP
04-10 17:17:21.256 D/LOWI-9.0.0.87.a( 1478): [LOWI-Scan] is_qcom_ie, bss_age: 0
04-10 17:17:21.256 D/LOWI-9.0.0.87.a( 1478): [LOWI-Scan] BSS 98:f1:81:80:45:72 LOWI_PHY_MODE_11AC_VHT80(10), Beacon Interval: 100, LOWI_ENCRYPTION_TYPE_WPA_EAP 11mcRanging: No, ANQP: No, LCI: No, Civic: No, capability(0x8011): ESS Privacy
04-10 17:17:21.256 D/LOWI-9.0.0.87.a( 1478): [LOWI-Scan] BSS 98:f1:81:80:45:72 FREQ: 5745, cFreq1[40:80:160] = [5755:5775:0] cFreq2 = 0 Country Code = CN
04-10 17:17:21.256 D/LOWI-9.0.0.87.a( 1478): [LOWI-Scan] BSS 98:f1:81:80:45:72 (wlan0) ASSO: NO AddInfo: 0x1, TSF 0, 07:11:28.793, RSSI: -172, CPL: 127, AGE: 1320, SSID HH, TSFDelta: 0xc0cd993f, TXRate: 0
04-10 17:17:21.257 D/LOWI-9.0.0.87.a( 1478): [LOWI-Scan]
04-10 17:17:21.257 D/LOWI-9.0.0.87.a( 1478): [LOWI-Scan] print_bss_handler: Report beacon TSF 25888793806 as it greater than probe TSF 25853737201
04-10 17:17:21.257 D/LOWI-9.0.0.87.a( 1478): [LOWI-Scan] is_qcom_ie, bss_age: 0
04-10 17:17:21.257 D/LOWI-9.0.0.87.a( 1478): [LOWI-Scan] BSS 98:f1:81:80:45:73 LOWI_PHY_MODE_11AC_VHT80(10), Beacon Interval: 100, LOWI_ENCRYPTION_TYPE_OPEN 11mcRanging: No, ANQP: No, LCI: No, Civic: No, capability(0x8001): ESS
04-10 17:17:21.257 D/LOWI-9.0.0.87.a( 1478): [LOWI-Scan] BSS 98:f1:81:80:45:73 FREQ: 5745, cFreq1[40:80:160] = [5755:5775:0] cFreq2 = 0 Country Code = CN
04-10 17:17:21.257 D/LOWI-9.0.0.87.a( 1478): [LOWI-Scan] BSS 98:f1:81:80:45:73 (wlan0) ASSO: NO AddInfo: 0x1, TSF 0, 07:11:28.793, RSSI: -170, CPL: 127, AGE: 1320, SSID HH-mobile, TSFDelta: 0xc0d20cea, TXRate: 0
04-10 17:17:21.258 D/LOWI-9.0.0.87.a( 1478): [LOWI-Scan]
04-10 17:17:21.258 D/LOWI-9.0.0.87.a( 1478): [LOWI-Scan] print_bss_handler: Report beacon TSF 25888794534 as it greater than probe TSF 25853737993
04-10 17:17:21.258 D/LOWI-9.0.0.87.a( 1478): [LOWI-Scan] is_qcom_ie, bss_age: 0
04-10 17:17:21.258 D/LOWI-9.0.0.87.a( 1478): [LOWI-Scan] BSS 98:f1:81:80:45:74 LOWI_PHY_MODE_11AC_VHT80(10), Beacon Interval: 100, LOWI_ENCRYPTION_TYPE_OPEN 11mcRanging: No, ANQP: No, LCI: No, Civic: No, capability(0x8001): ESS
04-10 17:17:21.258 D/LOWI-9.0.0.87.a( 1478): [LOWI-Scan] BSS 98:f1:81:80:45:74 FREQ: 5745, cFreq1[40:80:160] = [5755:5775:0] cFreq2 = 0 Country Code = CN
04-10 17:17:21.258 D/LOWI-9.0.0.87.a( 1478): [LOWI-Scan] BSS 98:f1:81:80:45:74 (wlan0) ASSO: NO AddInfo: 0x1, TSF 0, 07:11:28.794, RSSI: -172, CPL: 127, AGE: 1320, SSID HH-Guest, TSFDelta: 0xc0d6f08f, TXRate: 0
04-10 17:17:21.259 D/LOWI-9.0.0.87.a( 1478): [LOWI-Scan]
04-10 17:17:21.259 D/LOWI-9.0.0.87.a( 1478): [LOWI-Scan] print_bss_handler: Report Probe TSF 25888321692 as it greater than Beacon TSF 25888298702
04-10 17:17:21.259 D/LOWI-9.0.0.87.a( 1478): [LOWI-Scan] decode_rsn_wpa_ie: LOWI_ENCRYPTION_TYPE_WPA_PSK
04-10 17:17:21.259 D/LOWI-9.0.0.87.a( 1478): [LOWI-Scan] is_qcom_ie, bss_age: 0
04-10 17:17:21.259 D/LOWI-9.0.0.87.a( 1478): [LOWI-Scan] BSS 98:f1:81:80:45:60 LOWI_PHY_MODE_11AC_VHT80(10), Beacon Interval: 100, LOWI_ENCRYPTION_TYPE_WPA_PSK 11mcRanging: No, ANQP: No, LCI: No, Civic: No, capability(0x8011): ESS Privacy
04-10 17:17:21.259 D/LOWI-9.0.0.87.a( 1478): [LOWI-Scan] BSS 98:f1:81:80:45:60 FREQ: 5180, cFreq1[40:80:160] = [5190:5210:0] cFreq2 = 0 Country Code = CN
04-10 17:17:21.259 D/LOWI-9.0.0.87.a( 1478): [LOWI-Scan] BSS 98:f1:81:80:45:60 (wlan0) ASSO: NO AddInfo: 0x0, TSF 0, 07:11:28.321, RSSI: -136, CPL: 127, AGE: 1792, SSID Hello, TSFDelta: 0xb2cf8857, TXRate: 0
04-10 17:17:21.260 D/LOWI-9.0.0.87.a( 1478): [LOWI-Scan]
04-10 17:17:21.260 D/LOWI-9.0.0.87.a( 1478): [LOWI-Scan] print_bss_handler: Report Probe TSF 25888322548 as it greater than Beacon TSF 25888300496
04-10 17:17:21.260 D/LOWI-9.0.0.87.a( 1478): [LOWI-Scan] decode_rsn_wpa_ie: LOWI_ENCRYPTION_TYPE_WPA_EAP
04-10 17:17:21.260 D/LOWI-9.0.0.87.a( 1478): [LOWI-Scan] is_qcom_ie, bss_age: 0
04-10 17:17:21.260 D/LOWI-9.0.0.87.a( 1478): [LOWI-Scan] BSS 98:f1:81:80:45:62 LOWI_PHY_MODE_11AC_VHT80(10), Beacon Interval: 100, LOWI_ENCRYPTION_TYPE_WPA_EAP 11mcRanging: No, ANQP: No, LCI: No, Civic: No, capability(0x8011): ESS Privacy
04-10 17:17:21.260 D/LOWI-9.0.0.87.a( 1478): [LOWI-Scan] BSS 98:f1:81:80:45:62 FREQ: 5180, cFreq1[40:80:160] = [5190:5210:0] cFreq2 = 0 Country Code = CN
04-10 17:17:21.260 D/LOWI-9.0.0.87.a( 1478): [LOWI-Scan] BSS 98:f1:81:80:45:62 (wlan0) ASSO: NO AddInfo: 0x0, TSF 0, 07:11:28.322, RSSI: -134, CPL: 127, AGE: 1792, SSID HH, TSFDelta: 0xb2dc99f4, TXRate: 0
04-10 17:17:21.261 D/LOWI-9.0.0.87.a( 1478): [LOWI-Scan]
04-10 17:17:21.261 D/LOWI-9.0.0.87.a( 1478): [LOWI-Scan] print_bss_handler: Report Probe TSF 25888323688 as it greater than Beacon TSF 25888301122
04-10 17:17:21.261 D/LOWI-9.0.0.87.a( 1478): [LOWI-Scan] is_qcom_ie, bss_age: 0
04-10 17:17:21.261 D/LOWI-9.0.0.87.a( 1478): [LOWI-Scan] BSS 98:f1:81:80:45:63 LOWI_PHY_MODE_11AC_VHT80(10), Beacon Interval: 100, LOWI_ENCRYPTION_TYPE_OPEN 11mcRanging: No, ANQP: No, LCI: No, Civic: No, capability(0x8001): ESS
04-10 17:17:21.261 D/LOWI-9.0.0.87.a( 1478): [LOWI-Scan] BSS 98:f1:81:80:45:63 FREQ: 5180, cFreq1[40:80:160] = [5190:5210:0] cFreq2 = 0 Country Code = CN
04-10 17:17:21.261 D/LOWI-9.0.0.87.a( 1478): [LOWI-Scan] BSS 98:f1:81:80:45:63 (wlan0) ASSO: NO AddInfo: 0x0, TSF 0, 07:11:28.323, RSSI: -134, CPL: 127, AGE: 1792, SSID HH-mobile, TSFDelta: 0xb2e52ae8, TXRate: 0
04-10 17:17:21.263 D/LOWI-9.0.0.87.a( 1478): [LOWI-Scan]
04-10 17:17:21.264 D/LOWI-9.0.0.87.a( 1478): [LOWI-Scan] print_bss_handler: Report Probe TSF 25888324050 as it greater than Beacon TSF 25888301739
04-10 17:17:21.264 D/LOWI-9.0.0.87.a( 1478): [LOWI-Scan] is_qcom_ie, bss_age: 0
04-10 17:17:21.264 D/LOWI-9.0.0.87.a( 1478): [LOWI-Scan] BSS 98:f1:81:80:45:64 LOWI_PHY_MODE_11AC_VHT80(10), Beacon Interval: 100, LOWI_ENCRYPTION_TYPE_OPEN 11mcRanging: No, ANQP: No, LCI: No, Civic: No, capability(0x8001): ESS
04-10 17:17:21.264 D/LOWI-9.0.0.87.a( 1478): [LOWI-Scan] BSS 98:f1:81:80:45:64 FREQ: 5180, cFreq1[40:80:160] = [5190:5210:0] cFreq2 = 0 Country Code = CN
04-10 17:17:21.264 D/LOWI-9.0.0.87.a( 1478): [LOWI-Scan] BSS 98:f1:81:80:45:64 (wlan0) ASSO: NO AddInfo: 0x0, TSF 0, 07:11:28.324, RSSI: -132, CPL: 127, AGE: 1788, SSID HH-Guest, TSFDelta: 0xb2ed4999, TXRate: 0
04-10 17:17:21.264 D/LOWI-9.0.0.87.a( 1478): [LOWI-Scan]
04-10 17:17:21.264 D/LOWI-9.0.0.87.a( 1478): [LOWI-Scan] print_bss_handler: Report beacon TSF 25888795630 as it greater than probe TSF 25888795630
04-10 17:17:21.265 D/LOWI-9.0.0.87.a( 1478): [LOWI-Scan] decode_rsn_wpa_ie: LOWI_ENCRYPTION_TYPE_WPA_PSK
04-10 17:17:21.265 D/LOWI-9.0.0.87.a( 1478): [LOWI-Scan] is_qcom_ie, bss_age: 0
04-10 17:17:21.265 D/LOWI-9.0.0.87.a( 1478): [LOWI-Scan] BSS ee:60:73:0d:c5:0c LOWI_PHY_MODE_11NG_HT40(7), Beacon Interval: 100, LOWI_ENCRYPTION_TYPE_WPA_PSK 11mcRanging: No, ANQP: No, LCI: No, Civic: No, capability(0x0411): ESS Privacy ShortSlotTime
04-10 17:17:21.265 D/LOWI-9.0.0.87.a( 1478): [LOWI-Scan] BSS ee:60:73:0d:c5:0c FREQ: 2437, cFreq1[40:80:160] = [2427:0:0] cFreq2 = 0 Country Code = CN
04-10 17:17:21.265 D/LOWI-9.0.0.87.a( 1478): [LOWI-Scan] BSS ee:60:73:0d:c5:0c (wlan0) ASSO: NO AddInfo: 0x1, TSF 0, 07:11:28.795, RSSI: -96, CPL: 127, AGE: 1320, SSID , TSFDelta: 0xdbff2a36, TXRate: 0
04-10 17:17:21.266 D/LOWI-9.0.0.87.a( 1478): [LOWI-Scan]
04-10 17:17:21.266 D/LOWI-9.0.0.87.a( 1478): [LOWI-Scan] print_bss_handler: Report Probe TSF 25888449691 as it greater than Beacon TSF 0
04-10 17:17:21.266 D/LOWI-9.0.0.87.a( 1478): [LOWI-Scan] decode_rsn_wpa_ie: LOWI_ENCRYPTION_TYPE_WPA_PSK
04-10 17:17:21.266 D/LOWI-9.0.0.87.a( 1478): [LOWI-Scan] is_qcom_ie, bss_age: 0
04-10 17:17:21.266 D/LOWI-9.0.0.87.a( 1478): [LOWI-Scan] BSS 98:f1:81:81:83:00 LOWI_PHY_MODE_11AC_VHT80(10), Beacon Interval: 100, LOWI_ENCRYPTION_TYPE_WPA_PSK 11mcRanging: No, ANQP: No, LCI: No, Civic: No, capability(0x8011): ESS Privacy
04-10 17:17:21.266 D/LOWI-9.0.0.87.a( 1478): [LOWI-Scan] BSS 98:f1:81:81:83:00 FREQ: 5200, cFreq1[40:80:160] = [5190:5210:0] cFreq2 = 0 Country Code = CN
04-10 17:17:21.266 D/LOWI-9.0.0.87.a( 1478): [LOWI-Scan] BSS 98:f1:81:81:83:00 (wlan0) ASSO: NO AddInfo: 0x0, TSF 0, 07:11:28.449, RSSI: -182, CPL: 127, AGE: 1664, SSID Hello, TSFDelta: 0xb6669742, TXRate: 0
04-10 17:17:21.267 D/LOWI-9.0.0.87.a( 1478): [LOWI-Scan]
04-10 17:17:21.267 D/LOWI-9.0.0.87.a( 1478): [LOWI-Scan] print_bss_handler: Report Probe TSF 25888452692 as it greater than Beacon TSF 0
