01-01 14:00:43.790 W/audit ( 0): audit_lost=573155321 audit_rate_limit=5 audit_backlog_limit=64
01-01 14:00:43.797 E/audit ( 0): rate limit exceeded
01-01 14:00:44.794 W/audit ( 0): audit_lost=573187067 audit_rate_limit=5 audit_backlog_limit=64
01-01 14:00:44.801 E/audit ( 0): rate limit exceeded
01-01 14:00:45.798 W/audit ( 0): audit_lost=573219594 audit_rate_limit=5 audit_backlog_limit=64
01-01 14:00:45.805 E/audit ( 0): rate limit exceeded
01-01 14:00:46.802 W/audit ( 0): audit_lost=573251541 audit_rate_limit=5 audit_backlog_limit=64
01-01 14:00:46.809 E/audit ( 0): rate limit exceeded
01-01 14:00:47.806 W/audit ( 0): audit_lost=573283338 audit_rate_limit=5 audit_backlog_limit=64
01-01 14:00:47.813 E/audit ( 0): rate limit exceeded
01-01 14:00:48.810 W/audit ( 0): audit_lost=573315056 audit_rate_limit=5 audit_backlog_limit=64
01-01 14:00:48.817 E/audit ( 0): rate limit exceeded
04-10 16:06:33.525 I/EntropyMixer( 1167): Writing entropy...
01-01 14:00:49.814 W/audit ( 0): audit_lost=573348310 audit_rate_limit=5 audit_backlog_limit=64
01-01 14:00:49.821 E/audit ( 0): rate limit exceeded
01-01 14:00:50.818 W/audit ( 0): audit_lost=573380422 audit_rate_limit=5 audit_backlog_limit=64
01-01 14:00:50.825 E/audit ( 0): rate limit exceeded
04-10 16:06:35.905 I/UsageStatsService( 1167): User[0] Flushing usage stats to disk
01-01 14:00:51.822 W/audit ( 0): audit_lost=573411808 audit_rate_limit=5 audit_backlog_limit=64
01-01 14:00:51.829 E/audit ( 0): rate limit exceeded
01-01 14:00:52.826 W/audit ( 0): audit_lost=573444255 audit_rate_limit=5 audit_backlog_limit=64
01-01 14:00:52.833 E/audit ( 0): rate limit exceeded
01-01 14:00:53.830 W/audit ( 0): audit_lost=573476693 audit_rate_limit=5 audit_backlog_limit=64
01-01 14:00:53.837 E/audit ( 0): rate limit exceeded
01-01 14:00:54.834 W/audit ( 0): audit_lost=573508270 audit_rate_limit=5 audit_backlog_limit=64
01-01 14:00:54.841 E/audit ( 0): rate limit exceeded
01-01 14:00:55.838 W/audit ( 0): audit_lost=573540216 audit_rate_limit=5 audit_backlog_limit=64
01-01 14:00:55.845 E/audit ( 0): rate limit exceeded
01-01 14:00:56.842 W/audit ( 0): audit_lost=573571190 audit_rate_limit=5 audit_backlog_limit=64
01-01 14:00:56.849 E/audit ( 0): rate limit exceeded
01-01 14:00:57.846 W/audit ( 0): audit_lost=573602186 audit_rate_limit=5 audit_backlog_limit=64
01-01 14:00:57.853 E/audit ( 0): rate limit exceeded
01-01 14:00:58.850 W/audit ( 0): audit_lost=573633935 audit_rate_limit=5 audit_backlog_limit=64
01-01 14:00:58.858 E/audit ( 0): rate limit exceeded
01-01 14:00:59.854 W/audit ( 0): audit_lost=573665680 audit_rate_limit=5 audit_backlog_limit=64
01-01 14:00:59.861 E/audit ( 0): rate limit exceeded
01-01 14:01:00.858 W/audit ( 0): audit_lost=573696498 audit_rate_limit=5 audit_backlog_limit=64
01-01 14:01:00.865 E/audit ( 0): rate limit exceeded
01-01 14:01:01.862 W/audit ( 0): audit_lost=573728892 audit_rate_limit=5 audit_backlog_limit=64
01-01 14:01:01.869 E/audit ( 0): rate limit exceeded
01-01 14:01:01.962 I/[dp_rx_][0x60d5b90e17][16:06:46.489142] wlan( 0): [2588:I:QDF] DHCP-R RX: SA:cc:15:31:9d:4b:12 DA:ff:ff:ff:ff:ff:ff
01-01 14:01:02.866 W/audit ( 0): audit_lost=573759476 audit_rate_limit=5 audit_backlog_limit=64
01-01 14:01:02.873 E/audit ( 0): rate limit exceeded
01-01 14:01:03.870 W/audit ( 0): audit_lost=573792149 audit_rate_limit=5 audit_backlog_limit=64
01-01 14:01:03.877 E/audit ( 0): rate limit exceeded
01-01 14:01:04.874 W/audit ( 0): audit_lost=573823874 audit_rate_limit=5 audit_backlog_limit=64
01-01 14:01:04.881 E/audit ( 0): rate limit exceeded
01-01 14:01:05.878 W/audit ( 0): audit_lost=573857198 audit_rate_limit=5 audit_backlog_limit=64
01-01 14:01:05.885 E/audit ( 0): rate limit exceeded
01-01 14:01:06.882 W/audit ( 0): audit_lost=573889527 audit_rate_limit=5 audit_backlog_limit=64
01-01 14:01:06.889 E/audit ( 0): rate limit exceeded
01-01 14:01:07.886 W/audit ( 0): audit_lost=573920822 audit_rate_limit=5 audit_backlog_limit=64
01-01 14:01:07.893 E/audit ( 0): rate limit exceeded
01-01 14:01:08.890 W/audit ( 0): audit_lost=573952577 audit_rate_limit=5 audit_backlog_limit=64
01-01 14:01:08.898 E/audit ( 0): rate limit exceeded
01-01 14:01:09.894 W/audit ( 0): audit_lost=573983490 audit_rate_limit=5 audit_backlog_limit=64
01-01 14:01:09.901 E/audit ( 0): rate limit exceeded
01-01 14:01:10.898 W/audit ( 0): audit_lost=574013934 audit_rate_limit=5 audit_backlog_limit=64
01-01 14:01:10.905 E/audit ( 0): rate limit exceeded
01-01 14:01:11.902 W/audit ( 0): audit_lost=574045642 audit_rate_limit=5 audit_backlog_limit=64
01-01 14:01:11.909 E/audit ( 0): rate limit exceeded
01-01 14:01:12.906 W/audit ( 0): audit_lost=574076696 audit_rate_limit=5 audit_backlog_limit=64
01-01 14:01:12.913 E/audit ( 0): rate limit exceeded
01-01 14:01:13.910 W/audit ( 0): audit_lost=574107712 audit_rate_limit=5 audit_backlog_limit=64
01-01 14:01:13.918 E/audit ( 0): rate limit exceeded
01-01 14:01:14.914 W/audit ( 0): audit_lost=574140427 audit_rate_limit=5 audit_backlog_limit=64
01-01 14:01:14.921 E/audit ( 0): rate limit exceeded
01-01 14:01:15.918 W/audit ( 0): audit_lost=574171919 audit_rate_limit=5 audit_backlog_limit=64
01-01 14:01:15.925 E/audit ( 0): rate limit exceeded
01-01 14:01:16.922 W/audit ( 0): audit_lost=574204668 audit_rate_limit=5 audit_backlog_limit=64
01-01 14:01:16.929 E/audit ( 0): rate limit exceeded
01-01 14:01:17.926 W/audit ( 0): audit_lost=574237496 audit_rate_limit=5 audit_backlog_limit=64
01-01 14:01:17.933 E/audit ( 0): rate limit exceeded
01-01 14:01:18.930 W/audit ( 0): audit_lost=574269733 audit_rate_limit=5 audit_backlog_limit=64
01-01 14:01:18.937 E/audit ( 0): rate limit exceeded
01-01 14:01:19.934 W/audit ( 0): audit_lost=574300679 audit_rate_limit=5 audit_backlog_limit=64
01-01 14:01:19.941 E/audit ( 0): rate limit exceeded
01-01 14:01:20.938 W/audit ( 0): audit_lost=574331891 audit_rate_limit=5 audit_backlog_limit=64
01-01 14:01:20.945 E/audit ( 0): rate limit exceeded
01-01 14:01:21.942 W/audit ( 0): audit_lost=574363031 audit_rate_limit=5 audit_backlog_limit=64
01-01 14:01:21.949 E/audit ( 0): rate limit exceeded
01-01 14:01:22.946 W/audit ( 0): audit_lost=574395093 audit_rate_limit=5 audit_backlog_limit=64
01-01 14:01:22.953 E/audit ( 0): rate limit exceeded
01-01 14:01:23.950 W/audit ( 0): audit_lost=574426544 audit_rate_limit=5 audit_backlog_limit=64
01-01 14:01:23.957 E/audit ( 0): rate limit exceeded
01-01 14:01:24.954 W/audit ( 0): audit_lost=574457227 audit_rate_limit=5 audit_backlog_limit=64
01-01 14:01:24.961 E/audit ( 0): rate limit exceeded
01-01 14:01:25.958 W/audit ( 0): audit_lost=574488274 audit_rate_limit=5 audit_backlog_limit=64
01-01 14:01:25.965 E/audit ( 0): rate limit exceeded
01-01 14:01:26.962 W/audit ( 0): audit_lost=574519764 audit_rate_limit=5 audit_backlog_limit=64
01-01 14:01:26.969 E/audit ( 0): rate limit exceeded
01-01 14:01:27.723 D/cnss ( 0): Host time = 21687352030 us, device time = 21628203820 us, offset = 59148210 us
01-01 14:01:27.732 D/cnss ( 0): Updated time sync regs [0x984] = 0x38687b2, [0x988] = 0x0
01-01 14:01:27.966 W/audit ( 0): audit_lost=574552072 audit_rate_limit=5 audit_backlog_limit=64
01-01 14:01:27.973 E/audit ( 0): rate limit exceeded
01-01 14:01:28.970 W/audit ( 0): audit_lost=574583654 audit_rate_limit=5 audit_backlog_limit=64
01-01 14:01:28.977 E/audit ( 0): rate limit exceeded
01-01 14:01:29.316 I/init ( 0): Untracked pid 19499 exited with status 0
01-01 14:01:29.974 W/audit ( 0): audit_lost=574615229 audit_rate_limit=5 audit_backlog_limit=64
01-01 14:01:29.981 E/audit ( 0): rate limit exceeded
01-01 14:01:30.978 W/audit ( 0): audit_lost=574646470 audit_rate_limit=5 audit_backlog_limit=64
01-01 14:01:30.985 E/audit ( 0): rate limit exceeded
01-01 14:01:31.982 W/audit ( 0): audit_lost=574678901 audit_rate_limit=5 audit_backlog_limit=64
01-01 14:01:31.989 E/audit ( 0): rate limit exceeded
01-01 14:01:32.986 W/audit ( 0): audit_lost=574709649 audit_rate_limit=5 audit_backlog_limit=64
01-01 14:01:32.993 E/audit ( 0): rate limit exceeded
01-01 14:01:33.990 W/audit ( 0): audit_lost=574740502 audit_rate_limit=5 audit_backlog_limit=64
01-01 14:01:33.997 E/audit ( 0): rate limit exceeded
01-01 14:01:34.994 W/audit ( 0): audit_lost=574771095 audit_rate_limit=5 audit_backlog_limit=64
01-01 14:01:35.001 E/audit ( 0): rate limit exceeded
01-01 14:01:35.998 W/audit ( 0): audit_lost=574803717 audit_rate_limit=5 audit_backlog_limit=64
01-01 14:01:36.005 E/audit ( 0): rate limit exceeded
01-01 14:01:37.002 W/audit ( 0): audit_lost=574835207 audit_rate_limit=5 audit_backlog_limit=64
01-01 14:01:37.010 E/audit ( 0): rate limit exceeded
01-01 14:01:38.006 W/audit ( 0): audit_lost=574866343 audit_rate_limit=5 audit_backlog_limit=64
01-01 14:01:38.013 E/audit ( 0): rate limit exceeded
01-01 14:01:39.010 W/audit ( 0): audit_lost=574898617 audit_rate_limit=5 audit_backlog_limit=64
01-01 14:01:39.017 E/audit ( 0): rate limit exceeded
01-01 14:01:40.014 W/audit ( 0): audit_lost=574930304 audit_rate_limit=5 audit_backlog_limit=64
01-01 14:01:40.021 E/audit ( 0): rate limit exceeded
01-01 14:01:41.018 W/audit ( 0): audit_lost=574961690 audit_rate_limit=5 audit_backlog_limit=64
01-01 14:01:41.025 E/audit ( 0): rate limit exceeded
01-01 14:01:42.022 W/audit ( 0): audit_lost=574993634 audit_rate_limit=5 audit_backlog_limit=64
01-01 14:01:42.029 E/audit ( 0): rate limit exceeded
01-01 14:01:43.026 W/audit ( 0): audit_lost=575026050 audit_rate_limit=5 audit_backlog_limit=64
01-01 14:01:43.033 E/audit ( 0): rate limit exceeded
01-01 14:01:44.030 W/audit ( 0): audit_lost=575058476 audit_rate_limit=5 audit_backlog_limit=64
01-01 14:01:44.037 E/audit ( 0): rate limit exceeded
01-01 14:01:45.034 W/audit ( 0): audit_lost=575089184 audit_rate_limit=5 audit_backlog_limit=64
01-01 14:01:45.041 E/audit ( 0): rate limit exceeded
01-01 14:01:46.038 W/audit ( 0): audit_lost=575120674 audit_rate_limit=5 audit_backlog_limit=64
01-01 14:01:46.045 E/audit ( 0): rate limit exceeded
01-01 14:01:47.042 W/audit ( 0): audit_lost=575151739 audit_rate_limit=5 audit_backlog_limit=64
01-01 14:01:47.049 E/audit ( 0): rate limit exceeded
01-01 14:01:48.046 W/audit ( 0): audit_lost=575183419 audit_rate_limit=5 audit_backlog_limit=64
01-01 14:01:48.053 E/audit ( 0): rate limit exceeded
01-01 14:01:49.050 W/audit ( 0): audit_lost=575213910 audit_rate_limit=5 audit_backlog_limit=64
01-01 14:01:49.057 E/audit ( 0): rate limit exceeded
01-01 14:01:50.054 W/audit ( 0): audit_lost=575245975 audit_rate_limit=5 audit_backlog_limit=64
01-01 14:01:50.061 E/audit ( 0): rate limit exceeded
01-01 14:01:51.058 W/audit ( 0): audit_lost=575278676 audit_rate_limit=5 audit_backlog_limit=64
01-01 14:01:51.065 E/audit ( 0): rate limit exceeded
01-01 14:01:52.062 W/audit ( 0): audit_lost=575310409 audit_rate_limit=5 audit_backlog_limit=64
01-01 14:01:52.069 E/audit ( 0): rate limit exceeded
01-01 14:01:53.066 W/audit ( 0): audit_lost=575343508 audit_rate_limit=5 audit_backlog_limit=64
01-01 14:01:53.073 E/audit ( 0): rate limit exceeded
01-01 14:01:54.070 W/audit ( 0): audit_lost=575375239 audit_rate_limit=5 audit_backlog_limit=64
01-01 14:01:54.077 E/audit ( 0): rate limit exceeded
01-01 14:01:55.074 W/audit ( 0): audit_lost=575407403 audit_rate_limit=5 audit_backlog_limit=64
01-01 14:01:55.082 E/audit ( 0): rate limit exceeded
01-01 14:01:56.078 W/audit ( 0): audit_lost=575438387 audit_rate_limit=5 audit_backlog_limit=64
01-01 14:01:56.085 E/audit ( 0): rate limit exceeded
01-01 14:01:57.082 W/audit ( 0): audit_lost=575470499 audit_rate_limit=5 audit_backlog_limit=64
01-01 14:01:57.089 E/audit ( 0): rate limit exceeded
01-01 14:01:58.086 W/audit ( 0): audit_lost=575501643 audit_rate_limit=5 audit_backlog_limit=64
01-01 14:01:58.093 E/audit ( 0): rate limit exceeded
01-01 14:01:59.090 W/audit ( 0): audit_lost=575533087 audit_rate_limit=5 audit_backlog_limit=64
01-01 14:01:59.097 E/audit ( 0): rate limit exceeded
04-10 16:07:43.884 D/CompatibilityChangeReporter( 1167): Compat change id reported: 135634846; UID 10023; state: DISABLED
04-10 16:07:43.885 D/CompatibilityChangeReporter( 1167): Compat change id reported: 177438394; UID 10023; state: DISABLED
04-10 16:07:43.885 D/CompatibilityChangeReporter( 1167): Compat change id reported: 135772972; UID 10023; state: DISABLED
04-10 16:07:43.886 D/CompatibilityChangeReporter( 1167): Compat change id reported: 135754954; UID 10023; state: ENABLED
04-10 16:07:43.887 D/CompatibilityChangeReporter( 1167): Compat change id reported: 143937733; UID 10023; state: ENABLED
04-10 16:07:43.903 I/ActivityManager( 1167): Idle maintenance over +6h1m14s304ms low RAM for 0
04-10 16:07:43.906 D/vold ( 562): idle maintenance started
04-10 16:07:43.915 D/vold ( 562): Start GC on /sys/fs/f2fs/dm-15
01-01 14:01:59.382 I/logd ( 0): logdr: UID=1000 GID=1000 PID=1167 n tail=0 logMask=4 pid=0 start=0ns deadline=0ns
04-10 16:07:43.926 I/ActivityManager( 1167): Start proc 19521:com.android.providers.calendar/u0a23 for broadcast {com.android.providers.calendar/com.android.providers.calendar.CalendarProviderBroadcastReceiver}
01-01 14:01:59.449 I/[schedu][0x611783173d][16:07:43.976620] wlan( 0): [2447:I:OSIF] scan start scan id 41039
01-01 14:01:59.455 I/binder ( 0): 19521:19521 ioctl 40046210 7ff18764f4 returned -22
04-10 16:07:44.102 D/CompatibilityChangeReporter( 1167): Compat change id reported: 143231523; UID 10023; state: DISABLED
01-01 14:02:00.094 W/audit ( 0): audit_lost=575564472 audit_rate_limit=5 audit_backlog_limit=64
01-01 14:02:00.101 E/audit ( 0): rate limit exceeded
01-01 14:02:01.098 W/audit ( 0): audit_lost=575596070 audit_rate_limit=5 audit_backlog_limit=64
01-01 14:02:01.105 E/audit ( 0): rate limit exceeded
01-01 14:02:01.294 I/[schedu][0x61199fbc68][16:07:45.822023] wlan( 0): [2447:I:OSIF] vdev 0, scan id 41039 type COMPLETED(1) reason COMPLETED(1) scan found 44 bss
01-01 14:02:02.102 W/audit ( 0): audit_lost=575627477 audit_rate_limit=5 audit_backlog_limit=64
01-01 14:02:02.109 E/audit ( 0): rate limit exceeded
01-01 14:02:03.106 W/audit ( 0): audit_lost=575659599 audit_rate_limit=5 audit_backlog_limit=64
01-01 14:02:03.113 E/audit ( 0): rate limit exceeded
01-01 14:02:04.110 W/audit ( 0): audit_lost=575691510 audit_rate_limit=5 audit_backlog_limit=64
01-01 14:02:04.117 E/audit ( 0): rate limit exceeded
01-01 14:02:05.114 W/audit ( 0): audit_lost=575722647 audit_rate_limit=5 audit_backlog_limit=64
01-01 14:02:05.121 E/audit ( 0): rate limit exceeded
01-01 14:02:06.118 W/audit ( 0): audit_lost=575753742 audit_rate_limit=5 audit_backlog_limit=64
01-01 14:02:06.125 E/audit ( 0): rate limit exceeded
01-01 14:02:07.122 W/audit ( 0): audit_lost=575786224 audit_rate_limit=5 audit_backlog_limit=64
01-01 14:02:07.129 E/audit ( 0): rate limit exceeded
01-01 14:02:08.126 W/audit ( 0): audit_lost=575817974 audit_rate_limit=5 audit_backlog_limit=64
01-01 14:02:08.133 E/audit ( 0): rate limit exceeded
01-01 14:02:09.130 W/audit ( 0): audit_lost=575848577 audit_rate_limit=5 audit_backlog_limit=64
01-01 14:02:09.137 E/audit ( 0): rate limit exceeded
01-01 14:02:10.134 W/audit ( 0): audit_lost=575880203 audit_rate_limit=5 audit_backlog_limit=64
01-01 14:02:10.141 E/audit ( 0): rate limit exceeded
01-01 14:02:11.138 W/audit ( 0): audit_lost=575912897 audit_rate_limit=5 audit_backlog_limit=64
01-01 14:02:11.145 E/audit ( 0): rate limit exceeded
01-01 14:02:12.142 W/audit ( 0): audit_lost=575945127 audit_rate_limit=5 audit_backlog_limit=64
01-01 14:02:12.149 E/audit ( 0): rate limit exceeded
01-01 14:02:13.146 W/audit ( 0): audit_lost=575976681 audit_rate_limit=5 audit_backlog_limit=64
01-01 14:02:13.153 E/audit ( 0): rate limit exceeded
01-01 14:02:14.150 W/audit ( 0): audit_lost=576008753 audit_rate_limit=5 audit_backlog_limit=64
01-01 14:02:14.157 E/audit ( 0): rate limit exceeded
01-01 14:02:15.154 W/audit ( 0): audit_lost=576040760 audit_rate_limit=5 audit_backlog_limit=64
01-01 14:02:15.161 E/audit ( 0): rate limit exceeded
01-01 14:02:16.158 W/audit ( 0): audit_lost=576073234 audit_rate_limit=5 audit_backlog_limit=64
01-01 14:02:16.166 E/audit ( 0): rate limit exceeded
01-01 14:02:17.162 W/audit ( 0): audit_lost=576104920 audit_rate_limit=5 audit_backlog_limit=64
01-01 14:02:17.169 E/audit ( 0): rate limit exceeded
01-01 14:02:18.166 W/audit ( 0): audit_lost=576136204 audit_rate_limit=5 audit_backlog_limit=64
01-01 14:02:18.173 E/audit ( 0): rate limit exceeded
01-01 14:02:19.170 W/audit ( 0): audit_lost=576167250 audit_rate_limit=5 audit_backlog_limit=64
01-01 14:02:19.177 E/audit ( 0): rate limit exceeded
01-01 14:02:20.174 W/audit ( 0): audit_lost=576198736 audit_rate_limit=5 audit_backlog_limit=64
01-01 14:02:20.181 E/audit ( 0): rate limit exceeded
01-01 14:02:21.178 W/audit ( 0): audit_lost=576230491 audit_rate_limit=5 audit_backlog_limit=64
01-01 14:02:21.185 E/audit ( 0): rate limit exceeded
01-01 14:02:22.182 W/audit ( 0): audit_lost=576261967 audit_rate_limit=5 audit_backlog_limit=64
01-01 14:02:22.189 E/audit ( 0): rate limit exceeded
01-01 14:02:23.186 W/audit ( 0): audit_lost=576292976 audit_rate_limit=5 audit_backlog_limit=64
01-01 14:02:23.193 E/audit ( 0): rate limit exceeded
01-01 14:02:24.190 W/audit ( 0): audit_lost=576324809 audit_rate_limit=5 audit_backlog_limit=64
01-01 14:02:24.197 E/audit ( 0): rate limit exceeded
01-01 14:02:25.194 W/audit ( 0): audit_lost=576356704 audit_rate_limit=5 audit_backlog_limit=64
01-01 14:02:25.201 E/audit ( 0): rate limit exceeded
01-01 14:02:26.198 W/audit ( 0): audit_lost=576388907 audit_rate_limit=5 audit_backlog_limit=64
01-01 14:02:26.206 E/audit ( 0): rate limit exceeded
01-01 14:02:27.202 W/audit ( 0): audit_lost=576422229 audit_rate_limit=5 audit_backlog_limit=64
01-01 14:02:27.209 E/audit ( 0): rate limit exceeded
01-01 14:02:28.206 W/audit ( 0): audit_lost=576455523 audit_rate_limit=5 audit_backlog_limit=64
01-01 14:02:28.214 E/audit ( 0): rate limit exceeded
01-01 14:02:29.210 W/audit ( 0): audit_lost=576488156 audit_rate_limit=5 audit_backlog_limit=64
01-01 14:02:29.217 E/audit ( 0): rate limit exceeded
01-01 14:02:30.214 W/audit ( 0): audit_lost=576520305 audit_rate_limit=5 audit_backlog_limit=64
01-01 14:02:30.221 E/audit ( 0): rate limit exceeded
01-01 14:02:31.218 W/audit ( 0): audit_lost=576551440 audit_rate_limit=5 audit_backlog_limit=64
01-01 14:02:31.225 E/audit ( 0): rate limit exceeded
01-01 14:02:32.222 W/audit ( 0): audit_lost=576583780 audit_rate_limit=5 audit_backlog_limit=64
01-01 14:02:32.229 E/audit ( 0): rate limit exceeded
01-01 14:02:33.226 W/audit ( 0): audit_lost=576614991 audit_rate_limit=5 audit_backlog_limit=64
01-01 14:02:33.233 E/audit ( 0): rate limit exceeded
01-01 14:02:34.230 W/audit ( 0): audit_lost=576647498 audit_rate_limit=5 audit_backlog_limit=64
01-01 14:02:34.237 E/audit ( 0): rate limit exceeded
01-01 14:02:35.234 W/audit ( 0): audit_lost=576678742 audit_rate_limit=5 audit_backlog_limit=64
01-01 14:02:35.241 E/audit ( 0): rate limit exceeded
01-01 14:02:36.238 W/audit ( 0): audit_lost=576710719 audit_rate_limit=5 audit_backlog_limit=64
01-01 14:02:36.245 E/audit ( 0): rate limit exceeded
01-01 14:02:37.242 W/audit ( 0): audit_lost=576743031 audit_rate_limit=5 audit_backlog_limit=64
01-01 14:02:37.249 E/audit ( 0): rate limit exceeded
01-01 14:02:38.246 W/audit ( 0): audit_lost=576775304 audit_rate_limit=5 audit_backlog_limit=64
01-01 14:02:38.253 E/audit ( 0): rate limit exceeded
01-01 14:02:39.250 W/audit ( 0): audit_lost=576807349 audit_rate_limit=5 audit_backlog_limit=64
01-01 14:02:39.257 E/audit ( 0): rate limit exceeded
01-01 14:02:40.254 W/audit ( 0): audit_lost=576839891 audit_rate_limit=5 audit_backlog_limit=64
01-01 14:02:40.261 E/audit ( 0): rate limit exceeded
01-01 14:02:41.258 W/audit ( 0): audit_lost=576870808 audit_rate_limit=5 audit_backlog_limit=64
01-01 14:02:41.265 E/audit ( 0): rate limit exceeded
01-01 14:02:42.262 W/audit ( 0): audit_lost=576903092 audit_rate_limit=5 audit_backlog_limit=64
01-01 14:02:42.269 E/audit ( 0): rate limit exceeded
01-01 14:02:43.266 W/audit ( 0): audit_lost=576934995 audit_rate_limit=5 audit_backlog_limit=64
01-01 14:02:43.273 E/audit ( 0): rate limit exceeded
01-01 14:02:44.270 W/audit ( 0): audit_lost=576966378 audit_rate_limit=5 audit_backlog_limit=64
01-01 14:02:44.277 E/audit ( 0): rate limit exceeded
01-01 14:02:45.274 W/audit ( 0): audit_lost=576998550 audit_rate_limit=5 audit_backlog_limit=64
01-01 14:02:45.281 E/audit ( 0): rate limit exceeded
01-01 14:02:46.278 W/audit ( 0): audit_lost=577030414 audit_rate_limit=5 audit_backlog_limit=64
01-01 14:02:46.285 E/audit ( 0): rate limit exceeded
01-01 14:02:47.282 W/audit ( 0): audit_lost=577061863 audit_rate_limit=5 audit_backlog_limit=64
01-01 14:02:47.290 E/audit ( 0): rate limit exceeded
01-01 14:02:48.286 W/audit ( 0): audit_lost=577094134 audit_rate_limit=5 audit_backlog_limit=64
01-01 14:02:48.293 E/audit ( 0): rate limit exceeded
01-01 14:02:49.290 W/audit ( 0): audit_lost=577126285 audit_rate_limit=5 audit_backlog_limit=64
01-01 14:02:49.297 E/audit ( 0): rate limit exceeded
04-10 16:08:33.930 D/vold ( 562): Stop GC on /sys/fs/f2fs/dm-15
04-10 16:08:33.932 D/vold ( 562): Starting trim of /persist
04-10 16:08:33.953 I/vold ( 562): Trimmed 19599360 bytes on /persist in 20ms
04-10 16:08:33.953 D/vold ( 562): Starting trim of /metadata
04-10 16:08:33.955 I/vold ( 562): Trimmed 11862016 bytes on /metadata in 1ms
04-10 16:08:33.955 D/vold ( 562): Starting trim of /data
04-10 16:08:34.791 I/vold ( 562): Trimmed 0 bytes on /data in 835ms
04-10 16:08:34.791 D/vold ( 562): Starting trim of /mnt/vendor/spunvm
04-10 16:08:34.791 W/vold ( 562): Failed to open /mnt/vendor/spunvm: Permission denied
04-10 16:08:34.791 D/vold ( 562): Starting trim of /mnt/vendor/persist
04-10 16:08:34.791 I/vold ( 562): Trimmed 0 bytes on /mnt/vendor/persist in 0ms
04-10 16:08:34.799 D/vold ( 562): Start Dev GC on /sys/devices/platform/soc/1d84000.ufshc/manual_gc
04-10 16:08:34.799 W/vold ( 562): Reading manual_gc failed in /sys/devices/platform/soc/1d84000.ufshc/manual_gc: No such file or directory
04-10 16:08:34.799 D/vold ( 562): Stop Dev GC on /sys/devices/platform/soc/1d84000.ufshc/manual_gc
04-10 16:08:34.799 W/vold ( 562): Stop Dev GC failed on /sys/devices/platform/soc/1d84000.ufshc/manual_gc: Permission denied
04-10 16:08:34.799 D/vold ( 562): idle maintenance completed
04-10 16:08:34.800 I/MountServiceIdler( 1167): Got mount service completion callback
01-01 14:02:50.294 W/audit ( 0): audit_lost=577157156 audit_rate_limit=5 audit_backlog_limit=64
01-01 14:02:50.301 E/audit ( 0): rate limit exceeded
01-01 14:02:51.298 W/audit ( 0): audit_lost=577190116 audit_rate_limit=5 audit_backlog_limit=64
01-01 14:02:51.305 E/audit ( 0): rate limit exceeded
01-01 14:02:52.302 W/audit ( 0): audit_lost=577221788 audit_rate_limit=5 audit_backlog_limit=64
01-01 14:02:52.309 E/audit ( 0): rate limit exceeded
01-01 14:02:53.306 W/audit ( 0): audit_lost=577253049 audit_rate_limit=5 audit_backlog_limit=64
01-01 14:02:53.313 E/audit ( 0): rate limit exceeded
01-01 14:02:54.310 W/audit ( 0): audit_lost=577284557 audit_rate_limit=5 audit_backlog_limit=64
01-01 14:02:54.317 E/audit ( 0): rate limit exceeded
01-01 14:02:55.314 W/audit ( 0): audit_lost=577315576 audit_rate_limit=5 audit_backlog_limit=64
01-01 14:02:55.321 E/audit ( 0): rate limit exceeded
01-01 14:02:56.318 W/audit ( 0): audit_lost=577347235 audit_rate_limit=5 audit_backlog_limit=64
01-01 14:02:56.325 E/audit ( 0): rate limit exceeded
01-01 14:02:57.322 W/audit ( 0): audit_lost=577378025 audit_rate_limit=5 audit_backlog_limit=64
01-01 14:02:57.330 E/audit ( 0): rate limit exceeded
01-01 14:02:58.326 W/audit ( 0): audit_lost=577409191 audit_rate_limit=5 audit_backlog_limit=64
01-01 14:02:58.333 E/audit ( 0): rate limit exceeded
01-01 14:02:59.330 W/audit ( 0): audit_lost=577441302 audit_rate_limit=5 audit_backlog_limit=64
01-01 14:02:59.337 E/audit ( 0): rate limit exceeded
01-01 14:03:00.334 W/audit ( 0): audit_lost=577473188 audit_rate_limit=5 audit_backlog_limit=64
01-01 14:03:00.341 E/audit ( 0): rate limit exceeded
01-01 14:03:01.338 W/audit ( 0): audit_lost=577504193 audit_rate_limit=5 audit_backlog_limit=64
01-01 14:03:01.345 E/audit ( 0): rate limit exceeded
01-01 14:03:02.342 W/audit ( 0): audit_lost=577536735 audit_rate_limit=5 audit_backlog_limit=64
01-01 14:03:02.349 E/audit ( 0): rate limit exceeded
01-01 14:03:03.346 W/audit ( 0): audit_lost=577568804 audit_rate_limit=5 audit_backlog_limit=64
01-01 14:03:03.353 E/audit ( 0): rate limit exceeded
01-01 14:03:04.350 W/audit ( 0): audit_lost=577600714 audit_rate_limit=5 audit_backlog_limit=64
01-01 14:03:04.357 E/audit ( 0): rate limit exceeded
01-01 14:03:05.354 W/audit ( 0): audit_lost=577632678 audit_rate_limit=5 audit_backlog_limit=64
01-01 14:03:05.361 E/audit ( 0): rate limit exceeded
01-01 14:03:06.358 W/audit ( 0): audit_lost=577665723 audit_rate_limit=5 audit_backlog_limit=64
01-01 14:03:06.366 E/audit ( 0): rate limit exceeded
01-01 14:03:07.362 W/audit ( 0): audit_lost=577696737 audit_rate_limit=5 audit_backlog_limit=64
01-01 14:03:07.370 E/audit ( 0): rate limit exceeded
01-01 14:03:08.366 W/audit ( 0): audit_lost=577728436 audit_rate_limit=5 audit_backlog_limit=64
01-01 14:03:08.373 E/audit ( 0): rate limit exceeded
01-01 14:03:09.370 W/audit ( 0): audit_lost=577759419 audit_rate_limit=5 audit_backlog_limit=64
01-01 14:03:09.377 E/audit ( 0): rate limit exceeded
01-01 14:03:10.374 W/audit ( 0): audit_lost=577792300 audit_rate_limit=5 audit_backlog_limit=64
01-01 14:03:10.381 E/audit ( 0): rate limit exceeded
01-01 14:03:11.378 W/audit ( 0): audit_lost=577822768 audit_rate_limit=5 audit_backlog_limit=64
01-01 14:03:11.386 E/audit ( 0): rate limit exceeded
01-01 14:03:12.382 W/audit ( 0): audit_lost=577854409 audit_rate_limit=5 audit_backlog_limit=64
01-01 14:03:12.389 E/audit ( 0): rate limit exceeded
01-01 14:03:13.386 W/audit ( 0): audit_lost=577885086 audit_rate_limit=5 audit_backlog_limit=64
01-01 14:03:13.393 E/audit ( 0): rate limit exceeded
01-01 14:03:14.390 W/audit ( 0): audit_lost=577916623 audit_rate_limit=5 audit_backlog_limit=64
01-01 14:03:14.397 E/audit ( 0): rate limit exceeded
01-01 14:03:15.394 W/audit ( 0): audit_lost=577948294 audit_rate_limit=5 audit_backlog_limit=64
01-01 14:03:15.401 E/audit ( 0): rate limit exceeded
01-01 14:03:16.398 W/audit ( 0): audit_lost=577980454 audit_rate_limit=5 audit_backlog_limit=64
01-01 14:03:16.405 E/audit ( 0): rate limit exceeded
01-01 14:03:17.402 W/audit ( 0): audit_lost=578014262 audit_rate_limit=5 audit_backlog_limit=64
01-01 14:03:17.410 E/audit ( 0): rate limit exceeded
01-01 14:03:18.406 W/audit ( 0): audit_lost=578046538 audit_rate_limit=5 audit_backlog_limit=64
01-01 14:03:18.413 E/audit ( 0): rate limit exceeded
01-01 14:03:19.410 W/audit ( 0): audit_lost=578077248 audit_rate_limit=5 audit_backlog_limit=64
01-01 14:03:19.417 E/audit ( 0): rate limit exceeded
01-01 14:03:20.414 W/audit ( 0): audit_lost=578108554 audit_rate_limit=5 audit_backlog_limit=64
01-01 14:03:20.421 E/audit ( 0): rate limit exceeded
01-01 14:03:21.418 W/audit ( 0): audit_lost=578141329 audit_rate_limit=5 audit_backlog_limit=64
01-01 14:03:21.425 E/audit ( 0): rate limit exceeded
01-01 14:03:22.422 W/audit ( 0): audit_lost=578172860 audit_rate_limit=5 audit_backlog_limit=64
01-01 14:03:22.429 E/audit ( 0): rate limit exceeded
01-01 14:03:23.426 W/audit ( 0): audit_lost=578205045 audit_rate_limit=5 audit_backlog_limit=64
01-01 14:03:23.433 E/audit ( 0): rate limit exceeded
01-01 14:03:24.430 W/audit ( 0): audit_lost=578235379 audit_rate_limit=5 audit_backlog_limit=64
01-01 14:03:24.437 E/audit ( 0): rate limit exceeded
01-01 14:03:25.434 W/audit ( 0): audit_lost=578267472 audit_rate_limit=5 audit_backlog_limit=64
01-01 14:03:25.441 E/audit ( 0): rate limit exceeded
01-01 14:03:26.438 W/audit ( 0): audit_lost=578300536 audit_rate_limit=5 audit_backlog_limit=64
01-01 14:03:26.445 E/audit ( 0): rate limit exceeded
01-01 14:03:27.442 W/audit ( 0): audit_lost=578332482 audit_rate_limit=5 audit_backlog_limit=64
01-01 14:03:27.449 E/audit ( 0): rate limit exceeded
01-01 14:03:28.446 W/audit ( 0): audit_lost=578364642 audit_rate_limit=5 audit_backlog_limit=64
01-01 14:03:28.453 E/audit ( 0): rate limit exceeded
01-01 14:03:29.450 W/audit ( 0): audit_lost=578397314 audit_rate_limit=5 audit_backlog_limit=64
01-01 14:03:29.457 E/audit ( 0): rate limit exceeded
01-01 14:03:30.454 W/audit ( 0): audit_lost=578429928 audit_rate_limit=5 audit_backlog_limit=64
01-01 14:03:30.461 E/audit ( 0): rate limit exceeded
01-01 14:03:31.458 W/audit ( 0): audit_lost=578461065 audit_rate_limit=5 audit_backlog_limit=64
01-01 14:03:31.465 E/audit ( 0): rate limit exceeded
01-01 14:03:32.462 W/audit ( 0): audit_lost=578492395 audit_rate_limit=5 audit_backlog_limit=64
01-01 14:03:32.469 E/audit ( 0): rate limit exceeded
01-01 14:03:33.466 W/audit ( 0): audit_lost=578522855 audit_rate_limit=5 audit_backlog_limit=64
01-01 14:03:33.473 E/audit ( 0): rate limit exceeded
01-01 14:03:34.470 W/audit ( 0): audit_lost=578555664 audit_rate_limit=5 audit_backlog_limit=64
01-01 14:03:34.477 E/audit ( 0): rate limit exceeded
01-01 14:03:35.474 W/audit ( 0): audit_lost=578588370 audit_rate_limit=5 audit_backlog_limit=64
01-01 14:03:35.481 E/audit ( 0): rate limit exceeded
01-01 14:03:36.478 W/audit ( 0): audit_lost=578620271 audit_rate_limit=5 audit_backlog_limit=64
01-01 14:03:36.485 E/audit ( 0): rate limit exceeded
01-01 14:03:37.482 W/audit ( 0): audit_lost=578652382 audit_rate_limit=5 audit_backlog_limit=64
01-01 14:03:37.489 E/audit ( 0): rate limit exceeded
01-01 14:03:38.486 W/audit ( 0): audit_lost=578684448 audit_rate_limit=5 audit_backlog_limit=64
01-01 14:03:38.493 E/audit ( 0): rate limit exceeded
01-01 14:03:39.490 W/audit ( 0): audit_lost=578716044 audit_rate_limit=5 audit_backlog_limit=64
01-01 14:03:39.497 E/audit ( 0): rate limit exceeded
01-01 14:03:40.494 W/audit ( 0): audit_lost=578747728 audit_rate_limit=5 audit_backlog_limit=64
01-01 14:03:40.501 E/audit ( 0): rate limit exceeded
01-01 14:03:41.498 W/audit ( 0): audit_lost=578781233 audit_rate_limit=5 audit_backlog_limit=64
01-01 14:03:41.505 E/audit ( 0): rate limit exceeded
01-01 14:03:42.502 W/audit ( 0): audit_lost=578812725 audit_rate_limit=5 audit_backlog_limit=64
01-01 14:03:42.509 E/audit ( 0): rate limit exceeded
01-01 14:03:43.506 W/audit ( 0): audit_lost=578844214 audit_rate_limit=5 audit_backlog_limit=64
01-01 14:03:43.513 E/audit ( 0): rate limit exceeded
01-01 14:03:44.510 W/audit ( 0): audit_lost=578876146 audit_rate_limit=5 audit_backlog_limit=64
01-01 14:03:44.517 E/audit ( 0): rate limit exceeded
01-01 14:03:45.514 W/audit ( 0): audit_lost=578908069 audit_rate_limit=5 audit_backlog_limit=64
01-01 14:03:45.521 E/audit ( 0): rate limit exceeded
01-01 14:03:46.518 W/audit ( 0): audit_lost=578939713 audit_rate_limit=5 audit_backlog_limit=64
01-01 14:03:46.525 E/audit ( 0): rate limit exceeded
01-01 14:03:47.522 W/audit ( 0): audit_lost=578971098 audit_rate_limit=5 audit_backlog_limit=64
01-01 14:03:47.529 E/audit ( 0): rate limit exceeded
01-01 14:03:48.526 W/audit ( 0): audit_lost=579004522 audit_rate_limit=5 audit_backlog_limit=64
01-01 14:03:48.533 E/audit ( 0): rate limit exceeded
01-01 14:03:49.530 W/audit ( 0): audit_lost=579038059 audit_rate_limit=5 audit_backlog_limit=64
01-01 14:03:49.537 E/audit ( 0): rate limit exceeded
01-01 14:03:50.534 W/audit ( 0): audit_lost=579068643 audit_rate_limit=5 audit_backlog_limit=64
01-01 14:03:50.541 E/audit ( 0): rate limit exceeded
01-01 14:03:51.538 W/audit ( 0): audit_lost=579101049 audit_rate_limit=5 audit_backlog_limit=64
01-01 14:03:51.545 E/audit ( 0): rate limit exceeded
01-01 14:03:52.542 W/audit ( 0): audit_lost=579133914 audit_rate_limit=5 audit_backlog_limit=64
01-01 14:03:52.549 E/audit ( 0): rate limit exceeded
01-01 14:03:53.546 W/audit ( 0): audit_lost=579165653 audit_rate_limit=5 audit_backlog_limit=64
01-01 14:03:53.553 E/audit ( 0): rate limit exceeded
01-01 14:03:54.550 W/audit ( 0): audit_lost=579197161 audit_rate_limit=5 audit_backlog_limit=64
01-01 14:03:54.557 E/audit ( 0): rate limit exceeded
01-01 14:03:55.554 W/audit ( 0): audit_lost=579228061 audit_rate_limit=5 audit_backlog_limit=64
01-01 14:03:55.561 E/audit ( 0): rate limit exceeded
01-01 14:03:56.558 W/audit ( 0): audit_lost=579259521 audit_rate_limit=5 audit_backlog_limit=64
01-01 14:03:56.565 E/audit ( 0): rate limit exceeded
01-01 14:03:57.562 W/audit ( 0): audit_lost=579290458 audit_rate_limit=5 audit_backlog_limit=64
01-01 14:03:57.569 E/audit ( 0): rate limit exceeded
01-01 14:03:58.566 W/audit ( 0): audit_lost=579322896 audit_rate_limit=5 audit_backlog_limit=64
01-01 14:03:58.573 E/audit ( 0): rate limit exceeded
01-01 14:03:59.570 W/audit ( 0): audit_lost=579354281 audit_rate_limit=5 audit_backlog_limit=64
01-01 14:03:59.578 E/audit ( 0): rate limit exceeded
01-01 14:04:00.574 W/audit ( 0): audit_lost=579386276 audit_rate_limit=5 audit_backlog_limit=64
01-01 14:04:00.581 E/audit ( 0): rate limit exceeded
01-01 14:04:01.578 W/audit ( 0): audit_lost=579418516 audit_rate_limit=5 audit_backlog_limit=64
01-01 14:04:01.585 E/audit ( 0): rate limit exceeded
01-01 14:04:02.582 W/audit ( 0): audit_lost=579448756 audit_rate_limit=5 audit_backlog_limit=64
01-01 14:04:02.589 E/audit ( 0): rate limit exceeded
01-01 14:04:03.586 W/audit ( 0): audit_lost=579480185 audit_rate_limit=5 audit_backlog_limit=64
01-01 14:04:03.593 E/audit ( 0): rate limit exceeded
01-01 14:04:04.590 W/audit ( 0): audit_lost=579511933 audit_rate_limit=5 audit_backlog_limit=64
01-01 14:04:04.597 E/audit ( 0): rate limit exceeded
01-01 14:04:05.159 I/[dp_rx_][0x61a7600f9b][16:09:49.686175] wlan( 0): [2588:I:QDF] DHCP-R RX: SA:cc:15:31:9d:4b:12 DA:ff:ff:ff:ff:ff:ff
01-01 14:04:05.594 W/audit ( 0): audit_lost=579543237 audit_rate_limit=5 audit_backlog_limit=64
01-01 14:04:05.601 E/audit ( 0): rate limit exceeded
01-01 14:04:05.926 E/DTC_ETH,link_delay_work_func( 0): 3003, SQI=0, link=1
01-01 14:04:06.598 W/audit ( 0): audit_lost=579573116 audit_rate_limit=5 audit_backlog_limit=64
01-01 14:04:06.605 E/audit ( 0): rate limit exceeded
01-01 14:04:07.602 W/audit ( 0): audit_lost=579603206 audit_rate_limit=5 audit_backlog_limit=64
01-01 14:04:07.609 E/audit ( 0): rate limit exceeded
01-01 14:04:08.606 W/audit ( 0): audit_lost=579635386 audit_rate_limit=5 audit_backlog_limit=64
01-01 14:04:08.613 E/audit ( 0): rate limit exceeded
01-01 14:04:09.610 W/audit ( 0): audit_lost=579666031 audit_rate_limit=5 audit_backlog_limit=64
01-01 14:04:09.618 E/audit ( 0): rate limit exceeded
01-01 14:04:10.614 W/audit ( 0): audit_lost=579697429 audit_rate_limit=5 audit_backlog_limit=64
01-01 14:04:10.621 E/audit ( 0): rate limit exceeded
01-01 14:04:11.618 W/audit ( 0): audit_lost=579729821 audit_rate_limit=5 audit_backlog_limit=64
01-01 14:04:11.625 E/audit ( 0): rate limit exceeded
01-01 14:04:12.622 W/audit ( 0): audit_lost=579760905 audit_rate_limit=5 audit_backlog_limit=64
01-01 14:04:12.629 E/audit ( 0): rate limit exceeded
01-01 14:04:13.626 W/audit ( 0): audit_lost=579793179 audit_rate_limit=5 audit_backlog_limit=64
01-01 14:04:13.633 E/audit ( 0): rate limit exceeded
01-01 14:04:14.630 W/audit ( 0): audit_lost=579824836 audit_rate_limit=5 audit_backlog_limit=64
01-01 14:04:14.637 E/audit ( 0): rate limit exceeded
01-01 14:04:15.634 W/audit ( 0): audit_lost=579856297 audit_rate_limit=5 audit_backlog_limit=64
01-01 14:04:15.641 E/audit ( 0): rate limit exceeded
01-01 14:04:16.638 W/audit ( 0): audit_lost=579887983 audit_rate_limit=5 audit_backlog_limit=64
01-01 14:04:16.645 E/audit ( 0): rate limit exceeded
01-01 14:04:17.642 W/audit ( 0): audit_lost=579918985 audit_rate_limit=5 audit_backlog_limit=64
01-01 14:04:17.650 E/audit ( 0): rate limit exceeded
01-01 14:04:18.646 W/audit ( 0): audit_lost=579950453 audit_rate_limit=5 audit_backlog_limit=64
01-01 14:04:18.653 E/audit ( 0): rate limit exceeded
01-01 14:04:19.650 W/audit ( 0): audit_lost=579982548 audit_rate_limit=5 audit_backlog_limit=64
01-01 14:04:19.657 E/audit ( 0): rate limit exceeded
01-01 14:04:20.654 W/audit ( 0): audit_lost=580014283 audit_rate_limit=5 audit_backlog_limit=64
01-01 14:04:20.661 E/audit ( 0): rate limit exceeded
01-01 14:04:21.658 W/audit ( 0): audit_lost=580046324 audit_rate_limit=5 audit_backlog_limit=64
01-01 14:04:21.665 E/audit ( 0): rate limit exceeded
01-01 14:04:22.662 W/audit ( 0): audit_lost=580077728 audit_rate_limit=5 audit_backlog_limit=64
01-01 14:04:22.669 E/audit ( 0): rate limit exceeded
01-01 14:04:23.666 W/audit ( 0): audit_lost=580109859 audit_rate_limit=5 audit_backlog_limit=64
01-01 14:04:23.673 E/audit ( 0): rate limit exceeded
01-01 14:04:24.670 W/audit ( 0): audit_lost=580142003 audit_rate_limit=5 audit_backlog_limit=64
01-01 14:04:24.677 E/audit ( 0): rate limit exceeded
01-01 14:04:25.674 W/audit ( 0): audit_lost=580173142 audit_rate_limit=5 audit_backlog_limit=64
01-01 14:04:25.681 E/audit ( 0): rate limit exceeded
01-01 14:04:26.678 W/audit ( 0): audit_lost=580205700 audit_rate_limit=5 audit_backlog_limit=64
01-01 14:04:26.685 E/audit ( 0): rate limit exceeded
01-01 14:04:27.682 W/audit ( 0): audit_lost=580238406 audit_rate_limit=5 audit_backlog_limit=64
01-01 14:04:27.689 E/audit ( 0): rate limit exceeded
01-01 14:04:28.686 W/audit ( 0): audit_lost=580270197 audit_rate_limit=5 audit_backlog_limit=64
01-01 14:04:28.693 E/audit ( 0): rate limit exceeded
01-01 14:04:29.690 W/audit ( 0): audit_lost=580301621 audit_rate_limit=5 audit_backlog_limit=64
01-01 14:04:29.697 E/audit ( 0): rate limit exceeded
01-01 14:04:30.694 W/audit ( 0): audit_lost=580334633 audit_rate_limit=5 audit_backlog_limit=64
01-01 14:04:30.701 E/audit ( 0): rate limit exceeded
01-01 14:04:31.698 W/audit ( 0): audit_lost=580367283 audit_rate_limit=5 audit_backlog_limit=64
01-01 14:04:31.705 E/audit ( 0): rate limit exceeded
01-01 14:04:32.702 W/audit ( 0): audit_lost=580398835 audit_rate_limit=5 audit_backlog_limit=64
01-01 14:04:32.709 E/audit ( 0): rate limit exceeded
01-01 14:04:33.706 W/audit ( 0): audit_lost=580430229 audit_rate_limit=5 audit_backlog_limit=64
01-01 14:04:33.713 E/audit ( 0): rate limit exceeded
01-01 14:04:34.710 W/audit ( 0): audit_lost=580461983 audit_rate_limit=5 audit_backlog_limit=64
01-01 14:04:34.717 E/audit ( 0): rate limit exceeded
01-01 14:04:35.714 W/audit ( 0): audit_lost=580494297 audit_rate_limit=5 audit_backlog_limit=64
01-01 14:04:35.721 E/audit ( 0): rate limit exceeded
01-01 14:04:36.718 W/audit ( 0): audit_lost=580526220 audit_rate_limit=5 audit_backlog_limit=64
01-01 14:04:36.725 E/audit ( 0): rate limit exceeded
01-01 14:04:37.722 W/audit ( 0): audit_lost=580559435 audit_rate_limit=5 audit_backlog_limit=64
01-01 14:04:37.729 E/audit ( 0): rate limit exceeded
01-01 14:04:38.726 W/audit ( 0): audit_lost=580591161 audit_rate_limit=5 audit_backlog_limit=64
01-01 14:04:38.733 E/audit ( 0): rate limit exceeded
01-01 14:04:39.730 W/audit ( 0): audit_lost=580621930 audit_rate_limit=5 audit_backlog_limit=64
01-01 14:04:39.737 E/audit ( 0): rate limit exceeded
01-01 14:04:40.734 W/audit ( 0): audit_lost=580653303 audit_rate_limit=5 audit_backlog_limit=64
01-01 14:04:40.741 E/audit ( 0): rate limit exceeded
01-01 14:04:41.738 W/audit ( 0): audit_lost=580684978 audit_rate_limit=5 audit_backlog_limit=64
01-01 14:04:41.745 E/audit ( 0): rate limit exceeded
01-01 14:04:42.742 W/audit ( 0): audit_lost=580716310 audit_rate_limit=5 audit_backlog_limit=64
01-01 14:04:42.749 E/audit ( 0): rate limit exceeded
01-01 14:04:43.746 W/audit ( 0): audit_lost=580748079 audit_rate_limit=5 audit_backlog_limit=64
01-01 14:04:43.753 E/audit ( 0): rate limit exceeded
01-01 14:04:44.750 W/audit ( 0): audit_lost=580779533 audit_rate_limit=5 audit_backlog_limit=64
01-01 14:04:44.758 E/audit ( 0): rate limit exceeded
01-01 14:04:45.754 W/audit ( 0): audit_lost=580811660 audit_rate_limit=5 audit_backlog_limit=64
01-01 14:04:45.761 E/audit ( 0): rate limit exceeded
01-01 14:04:46.758 W/audit ( 0): audit_lost=580843665 audit_rate_limit=5 audit_backlog_limit=64
01-01 14:04:46.765 E/audit ( 0): rate limit exceeded
01-01 14:04:47.762 W/audit ( 0): audit_lost=580875756 audit_rate_limit=5 audit_backlog_limit=64
01-01 14:04:47.769 E/audit ( 0): rate limit exceeded
01-01 14:04:48.766 W/audit ( 0): audit_lost=580908328 audit_rate_limit=5 audit_backlog_limit=64
01-01 14:04:48.773 E/audit ( 0): rate limit exceeded
01-01 14:04:49.770 W/audit ( 0): audit_lost=580941225 audit_rate_limit=5 audit_backlog_limit=64
01-01 14:04:49.777 E/audit ( 0): rate limit exceeded
01-01 14:04:50.774 W/audit ( 0): audit_lost=580973351 audit_rate_limit=5 audit_backlog_limit=64
01-01 14:04:50.781 E/audit ( 0): rate limit exceeded
01-01 14:04:51.778 W/audit ( 0): audit_lost=581004503 audit_rate_limit=5 audit_backlog_limit=64
01-01 14:04:51.785 E/audit ( 0): rate limit exceeded
01-01 14:04:52.782 W/audit ( 0): audit_lost=581035327 audit_rate_limit=5 audit_backlog_limit=64
01-01 14:04:52.789 E/audit ( 0): rate limit exceeded
01-01 14:04:53.786 W/audit ( 0): audit_lost=581066566 audit_rate_limit=5 audit_backlog_limit=64
01-01 14:04:53.794 E/audit ( 0): rate limit exceeded
01-01 14:04:54.790 W/audit ( 0): audit_lost=581099119 audit_rate_limit=5 audit_backlog_limit=64
01-01 14:04:54.797 E/audit ( 0): rate limit exceeded
01-01 14:04:55.794 W/audit ( 0): audit_lost=581131129 audit_rate_limit=5 audit_backlog_limit=64
01-01 14:04:55.801 E/audit ( 0): rate limit exceeded
01-01 14:04:56.798 W/audit ( 0): audit_lost=581162987 audit_rate_limit=5 audit_backlog_limit=64
01-01 14:04:56.805 E/audit ( 0): rate limit exceeded
01-01 14:04:57.802 W/audit ( 0): audit_lost=581195911 audit_rate_limit=5 audit_backlog_limit=64
01-01 14:04:57.809 E/audit ( 0): rate limit exceeded
01-01 14:04:58.806 W/audit ( 0): audit_lost=581228876 audit_rate_limit=5 audit_backlog_limit=64
01-01 14:04:58.813 E/audit ( 0): rate limit exceeded
01-01 14:04:59.810 W/audit ( 0): audit_lost=581260172 audit_rate_limit=5 audit_backlog_limit=64
01-01 14:04:59.817 E/audit ( 0): rate limit exceeded
01-01 14:05:00.814 W/audit ( 0): audit_lost=581292334 audit_rate_limit=5 audit_backlog_limit=64
01-01 14:05:00.821 E/audit ( 0): rate limit exceeded
01-01 14:05:01.818 W/audit ( 0): audit_lost=581323650 audit_rate_limit=5 audit_backlog_limit=64
01-01 14:05:01.825 E/audit ( 0): rate limit exceeded
01-01 14:05:02.822 W/audit ( 0): audit_lost=581355253 audit_rate_limit=5 audit_backlog_limit=64
01-01 14:05:02.829 E/audit ( 0): rate limit exceeded
01-01 14:05:03.826 W/audit ( 0): audit_lost=581386134 audit_rate_limit=5 audit_backlog_limit=64
01-01 14:05:03.833 E/audit ( 0): rate limit exceeded
01-01 14:05:04.830 W/audit ( 0): audit_lost=581418221 audit_rate_limit=5 audit_backlog_limit=64
01-01 14:05:04.837 E/audit ( 0): rate limit exceeded
01-01 14:05:05.834 W/audit ( 0): audit_lost=581449246 audit_rate_limit=5 audit_backlog_limit=64
01-01 14:05:05.841 E/audit ( 0): rate limit exceeded
01-01 14:05:06.838 W/audit ( 0): audit_lost=581480372 audit_rate_limit=5 audit_backlog_limit=64
01-01 14:05:06.845 E/audit ( 0): rate limit exceeded
01-01 14:05:07.842 W/audit ( 0): audit_lost=581512538 audit_rate_limit=5 audit_backlog_limit=64
01-01 14:05:07.849 E/audit ( 0): rate limit exceeded
01-01 14:05:08.846 W/audit ( 0): audit_lost=581545954 audit_rate_limit=5 audit_backlog_limit=64
01-01 14:05:08.853 E/audit ( 0): rate limit exceeded
01-01 14:05:09.850 W/audit ( 0): audit_lost=581577669 audit_rate_limit=5 audit_backlog_limit=64
01-01 14:05:09.857 E/audit ( 0): rate limit exceeded
01-01 14:05:10.854 W/audit ( 0): audit_lost=581609708 audit_rate_limit=5 audit_backlog_limit=64
01-01 14:05:10.861 E/audit ( 0): rate limit exceeded
01-01 14:05:11.858 W/audit ( 0): audit_lost=581641125 audit_rate_limit=5 audit_backlog_limit=64
01-01 14:05:11.865 E/audit ( 0): rate limit exceeded
01-01 14:05:12.862 W/audit ( 0): audit_lost=581672697 audit_rate_limit=5 audit_backlog_limit=64
01-01 14:05:12.869 E/audit ( 0): rate limit exceeded
01-01 14:05:13.866 W/audit ( 0): audit_lost=581704073 audit_rate_limit=5 audit_backlog_limit=64
01-01 14:05:13.873 E/audit ( 0): rate limit exceeded
01-01 14:05:14.870 W/audit ( 0): audit_lost=581735329 audit_rate_limit=5 audit_backlog_limit=64
01-01 14:05:14.877 E/audit ( 0): rate limit exceeded
01-01 14:05:15.874 W/audit ( 0): audit_lost=581767398 audit_rate_limit=5 audit_backlog_limit=64
01-01 14:05:15.881 E/audit ( 0): rate limit exceeded
01-01 14:05:16.878 W/audit ( 0): audit_lost=581799451 audit_rate_limit=5 audit_backlog_limit=64
01-01 14:05:16.885 E/audit ( 0): rate limit exceeded
01-01 14:05:17.882 W/audit ( 0): audit_lost=581832060 audit_rate_limit=5 audit_backlog_limit=64
01-01 14:05:17.889 E/audit ( 0): rate limit exceeded
01-01 14:05:18.886 W/audit ( 0): audit_lost=581862952 audit_rate_limit=5 audit_backlog_limit=64
01-01 14:05:18.893 E/audit ( 0): rate limit exceeded
01-01 14:05:19.890 W/audit ( 0): audit_lost=581894882 audit_rate_limit=5 audit_backlog_limit=64
01-01 14:05:19.897 E/audit ( 0): rate limit exceeded
01-01 14:05:20.894 W/audit ( 0): audit_lost=581927329 audit_rate_limit=5 audit_backlog_limit=64
01-01 14:05:20.901 E/audit ( 0): rate limit exceeded
01-01 14:05:21.898 W/audit ( 0): audit_lost=581959177 audit_rate_limit=5 audit_backlog_limit=64
01-01 14:05:21.905 E/audit ( 0): rate limit exceeded
01-01 14:05:22.902 W/audit ( 0): audit_lost=581991030 audit_rate_limit=5 audit_backlog_limit=64
01-01 14:05:22.909 E/audit ( 0): rate limit exceeded
01-01 14:05:23.906 W/audit ( 0): audit_lost=582022870 audit_rate_limit=5 audit_backlog_limit=64
01-01 14:05:23.913 E/audit ( 0): rate limit exceeded
01-01 14:05:24.910 W/audit ( 0): audit_lost=582054419 audit_rate_limit=5 audit_backlog_limit=64
01-01 14:05:24.917 E/audit ( 0): rate limit exceeded
01-01 14:05:25.914 W/audit ( 0): audit_lost=582085457 audit_rate_limit=5 audit_backlog_limit=64
01-01 14:05:25.921 E/audit ( 0): rate limit exceeded
01-01 14:05:26.918 W/audit ( 0): audit_lost=582118406 audit_rate_limit=5 audit_backlog_limit=64
01-01 14:05:26.925 E/audit ( 0): rate limit exceeded
01-01 14:05:27.922 W/audit ( 0): audit_lost=582150238 audit_rate_limit=5 audit_backlog_limit=64
01-01 14:05:27.929 E/audit ( 0): rate limit exceeded
01-01 14:05:28.926 W/audit ( 0): audit_lost=582183524 audit_rate_limit=5 audit_backlog_limit=64
01-01 14:05:28.933 E/audit ( 0): rate limit exceeded
01-01 14:05:29.930 W/audit ( 0): audit_lost=582216438 audit_rate_limit=5 audit_backlog_limit=64
01-01 14:05:29.937 E/audit ( 0): rate limit exceeded
01-01 14:05:30.934 W/audit ( 0): audit_lost=582247291 audit_rate_limit=5 audit_backlog_limit=64
01-01 14:05:30.941 E/audit ( 0): rate limit exceeded
01-01 14:05:31.938 W/audit ( 0): audit_lost=582278979 audit_rate_limit=5 audit_backlog_limit=64
01-01 14:05:31.945 E/audit ( 0): rate limit exceeded
01-01 14:05:32.942 W/audit ( 0): audit_lost=582311159 audit_rate_limit=5 audit_backlog_limit=64
01-01 14:05:32.950 E/audit ( 0): rate limit exceeded
01-01 14:05:33.946 W/audit ( 0): audit_lost=582342225 audit_rate_limit=5 audit_backlog_limit=64
01-01 14:05:33.953 E/audit ( 0): rate limit exceeded
01-01 14:05:34.950 W/audit ( 0): audit_lost=582373650 audit_rate_limit=5 audit_backlog_limit=64
01-01 14:05:34.957 E/audit ( 0): rate limit exceeded
01-01 14:05:35.954 W/audit ( 0): audit_lost=582405856 audit_rate_limit=5 audit_backlog_limit=64
01-01 14:05:35.961 E/audit ( 0): rate limit exceeded
01-01 14:05:36.958 W/audit ( 0): audit_lost=582437551 audit_rate_limit=5 audit_backlog_limit=64
01-01 14:05:36.965 E/audit ( 0): rate limit exceeded
01-01 14:05:37.962 W/audit ( 0): audit_lost=582470987 audit_rate_limit=5 audit_backlog_limit=64
01-01 14:05:37.969 E/audit ( 0): rate limit exceeded
01-01 14:05:38.966 W/audit ( 0): audit_lost=582503715 audit_rate_limit=5 audit_backlog_limit=64
01-01 14:05:38.973 E/audit ( 0): rate limit exceeded
01-01 14:05:39.970 W/audit ( 0): audit_lost=582535813 audit_rate_limit=5 audit_backlog_limit=64
01-01 14:05:39.977 E/audit ( 0): rate limit exceeded
01-01 14:05:40.974 W/audit ( 0): audit_lost=582568018 audit_rate_limit=5 audit_backlog_limit=64
01-01 14:05:40.981 E/audit ( 0): rate limit exceeded
01-01 14:05:41.978 W/audit ( 0): audit_lost=582599876 audit_rate_limit=5 audit_backlog_limit=64
01-01 14:05:41.985 E/audit ( 0): rate limit exceeded
01-01 14:05:42.982 W/audit ( 0): audit_lost=582631458 audit_rate_limit=5 audit_backlog_limit=64
01-01 14:05:42.989 E/audit ( 0): rate limit exceeded
01-01 14:05:43.986 W/audit ( 0): audit_lost=582662865 audit_rate_limit=5 audit_backlog_limit=64
01-01 14:05:43.993 E/audit ( 0): rate limit exceeded
01-01 14:05:44.990 W/audit ( 0): audit_lost=582695445 audit_rate_limit=5 audit_backlog_limit=64
01-01 14:05:44.997 E/audit ( 0): rate limit exceeded
01-01 14:05:45.994 W/audit ( 0): audit_lost=582726665 audit_rate_limit=5 audit_backlog_limit=64
01-01 14:05:46.001 E/audit ( 0): rate limit exceeded
01-01 14:05:46.998 W/audit ( 0): audit_lost=582758308 audit_rate_limit=5 audit_backlog_limit=64
01-01 14:05:47.005 E/audit ( 0): rate limit exceeded
01-01 14:05:48.002 W/audit ( 0): audit_lost=582789823 audit_rate_limit=5 audit_backlog_limit=64
01-01 14:05:48.009 E/audit ( 0): rate limit exceeded
01-01 14:05:49.006 W/audit ( 0): audit_lost=582821939 audit_rate_limit=5 audit_backlog_limit=64
01-01 14:05:49.013 E/audit ( 0): rate limit exceeded
01-01 14:05:50.010 W/audit ( 0): audit_lost=582853974 audit_rate_limit=5 audit_backlog_limit=64
01-01 14:05:50.017 E/audit ( 0): rate limit exceeded
01-01 14:05:51.014 W/audit ( 0): audit_lost=582886644 audit_rate_limit=5 audit_backlog_limit=64
01-01 14:05:51.022 E/audit ( 0): rate limit exceeded
01-01 14:05:52.018 W/audit ( 0): audit_lost=582919187 audit_rate_limit=5 audit_backlog_limit=64
01-01 14:05:52.025 E/audit ( 0): rate limit exceeded
01-01 14:05:53.022 W/audit ( 0): audit_lost=582951108 audit_rate_limit=5 audit_backlog_limit=64
01-01 14:05:53.029 E/audit ( 0): rate limit exceeded
01-01 14:05:54.026 W/audit ( 0): audit_lost=582983365 audit_rate_limit=5 audit_backlog_limit=64
01-01 14:05:54.033 E/audit ( 0): rate limit exceeded
