--------- beginning of system
01-01 08:00:34.092 I/QISL ( 560): QSEE Interrupt Service Listener Thread is started
01-01 08:00:34.097 I/vold ( 562): Vold 3.0 (the awakening) firing up
01-01 08:00:34.098 D/vold ( 562): Detected support for: ext4 f2fs vfat
01-01 08:00:34.103 D/vold ( 562): Found unmanaged dm device named vendor_a-cow
01-01 08:00:34.103 D/vold ( 562): Found unmanaged dm device named system_ext_a
01-01 08:00:34.103 D/vold ( 562): Found unmanaged dm device named odm_a
01-01 08:00:34.103 D/vold ( 562): Found unmanaged dm device named system_a
01-01 08:00:34.103 D/vold ( 562): Found unmanaged dm device named vendor-verity
01-01 08:00:34.103 D/vold ( 562): Found unmanaged dm device named product_a-cow
01-01 08:00:34.103 D/vold ( 562): Found unmanaged dm device named vendor_a
01-01 08:00:34.103 D/vold ( 562): Found unmanaged dm device named system_ext-verity
01-01 08:00:34.103 D/vold ( 562): Found unmanaged dm device named odm-verity
01-01 08:00:34.103 D/vold ( 562): Found unmanaged dm device named product-verity
01-01 08:00:34.103 D/vold ( 562): Found unmanaged dm device named system_a-cow
01-01 08:00:34.103 D/vold ( 562): Found unmanaged dm device named system-verity
01-01 08:00:34.103 D/vold ( 562): Found unmanaged dm device named product_a
01-01 08:00:34.103 D/vold ( 562): Found unmanaged dm device named odm_a-cow
01-01 08:00:34.103 D/vold ( 562): Found unmanaged dm device named system_ext_a-cow
01-01 08:00:34.106 I/vold ( 562): [libfs_mgr]dt_fstab: Skip disabled entry for partition vendor
01-01 08:00:34.106 I/vold ( 562): [libfs_mgr]GetFstabPath()fstab_path:/odm/etc/fstab.default
01-01 08:00:34.106 I/vold ( 562): [libfs_mgr]GetFstabPath()fstab_path:/vendor/etc/fstab.default
01-01 08:00:34.107 I/vold ( 562): [libfs_mgr]GetFstabPath()fstab_path:/system/etc/fstab.default
01-01 08:00:34.107 I/vold ( 562): [libfs_mgr]GetFstabPath()fstab_path:/first_stage_ramdisk/system/etc/fstab.default
01-01 08:00:34.107 I/vold ( 562): [libfs_mgr]GetFstabPath()fstab_path:/fstab.default
01-01 08:00:34.107 I/vold ( 562): [libfs_mgr]GetFstabPath()fstab_path:/first_stage_ramdisk/fstab.default
01-01 08:00:34.107 I/vold ( 562): [libfs_mgr]GetFstabPath()fstab_path:/odm/etc/fstab.qcom
01-01 08:00:34.107 I/vold ( 562): [libfs_mgr]GetFstabPath()fstab_path:/vendor/etc/fstab.qcom
01-01 08:00:34.107 I/vold ( 562): [libfs_mgr]GetFstabPath()fstab_path.c_str():/vendor/etc/fstab.qcom
01-01 08:00:34.116 D/vold ( 562): VoldNativeService::start() completed OK
01-01 08:00:34.173 I/QISL ( 560): QSEE Interrupt Service Listener was activated successfully
01-01 08:00:34.176 D/SPL ( 560): Call QSEECom_register_listener()
01-01 08:00:34.176 D/SPL ( 560): Registered listener sucessfully!
01-01 08:00:34.177 D/SPL ( 560): pipe read-fd [32] write-fd [33]
01-01 08:00:34.177 D/SPL ( 560): Create thread
01-01 08:00:34.177 D/SPL ( 560): Thread created sucessfully.
01-01 08:00:34.177 D/SPL ( 560): spl_dispatch() started
01-01 08:00:34.177 D/SPL ( 560): ==== Wait For Request ======
01-01 08:00:34.508 D/spdaemon( 585): Firmware Name [spss2p].
01-01 08:00:34.509 D/spdaemon( 585): Prod FW.
01-01 08:00:34.509 D/spdaemon( 585): firmware_type [p].
01-01 08:00:34.509 D/spdaemon( 585): machine_name [SXR2130]
01-01 08:00:34.509 E/iardb ( 585): [iar_db_get_iar_state] failed to open file /mnt/vendor/spunvm/iar_db/iar_state.bin [13] [Permission denied]
01-01 08:00:34.509 D/iarlib ( 585): [iar_get_state] Can't get iar_state, return DISABLED
01-01 08:00:34.509 I/spdaemon( 585): IAR is not activated
01-01 08:00:34.509 D/spdaemon( 585): ------ going to start SP From kernel ------
01-01 08:00:34.509 I/spcomlib( 585): [spcom_restart_sp_subsystem] restart_sp starts
01-01 08:00:34.509 D/spcomlib( 585): [spcom_restart_sp_subsystem] restart_sp - Send PIL request [1]
01-01 08:00:34.525 D/spcomlib( 585): [spcom_restart_sp_subsystem] restart_sp - Restart SP command ok.
01-01 08:00:34.525 D/spcomlib( 585): [spcom_signal_event] event [0] [pil_called] EVENT_STATUS_SIGNALED
01-01 08:00:34.525 I/spcomlib( 585): [spcom_reset_all_app_loaded_prop] start reset all spcomlib apploaded props.
01-01 08:00:35.951 D/vold ( 562): fscrypt_mount_metadata_encrypted: /data encrypt: 0 format: 0 with null
01-01 08:00:35.952 D/vold ( 562): metadata_key_dir/key: /metadata/vold/metadata_encryption/key
01-01 08:00:35.953 D/vold ( 562): Key exists, using: /metadata/vold/metadata_encryption/key
01-01 08:00:35.975 D/vold ( 562): Mounting metadata-encrypted filesystem:/data
01-01 08:00:35.980 I/vold ( 562): [libfs_mgr]Running /system/bin/fsck.f2fs -a -c 10000 --debug-cache /dev/block/dm-15
01-01 08:00:37.171 I/vold ( 562): [libfs_mgr]__mount(source=/dev/block/dm-15,target=/data,type=f2fs)=0: Success
01-01 08:00:37.172 D/vold ( 562): Mounted /data
01-01 08:00:37.172 D/vold ( 562): Disk at 252:15 changed
01-01 08:00:37.256 I/Checkpoint( 562): cp_prepareCheckpoint called
01-01 08:00:37.280 D/spcomlib( 632): [spcom_register_service] spcom_register_service() name [sp_keymaster_ssr] pid [475608206512]
01-01 08:00:37.280 D/spcomlib( 632): [spcom_open] ch [sp_keymaster_ssr] doesn't exist, create it.
01-01 08:00:37.280 D/spcomlib( 632): [spcom_create_channel] Create Channel [sp_keymaster_ssr].
01-01 08:00:37.296 I/vold ( 562): fscrypt_initialize_systemwide_keys
01-01 08:00:37.298 D/vold ( 562): Key exists, using: /data/unencrypted/key
01-01 08:00:37.304 D/spcomlib( 632): [add_ssr_cb] ssr cb added!
01-01 08:00:37.304 D/spcomlib( 632): [start_ssr_thread] ch [spcom] ready!
01-01 08:00:37.304 D/spcomlib( 632): [start_ssr_thread] main pthread self_id [0xbc754cb0].
01-01 08:00:37.304 D/spcomlib( 632): [start_ssr_thread] pthread_create() ret [0] thread-id [0xbb656cb0].
01-01 08:00:37.304 D/spcomlib( 632): [start_ssr_thread] Wait for SSR thread to run.
01-01 08:00:37.304 D/spcomlib( 632): [notify_ssr_thread] SSR pthread self_id [0xbb656cb0].
01-01 08:00:37.304 D/spcomlib( 632): [start_ssr_thread] pthread_cond_wait() ret [0].
01-01 08:00:37.304 D/spcomlib( 632): [start_ssr_thread] done.
01-01 08:00:37.304 D/spcomlib( 632): [add_ch] add ch [sp_keymaster_ssr].
01-01 08:00:37.304 D/spcomlib( 632): [spcom_register_service] spcom_register_service() name [sp_keymaster_ssr] pid [475608206512] done
01-01 08:00:37.315 D/vold ( 562): Installed fscrypt key with ref a640d20ecead2030f7f6bc3f02b1811b to /data
01-01 08:00:37.315 D/vold ( 562): Added fscrypt-provisioning key for a640d20ecead2030f7f6bc3f02b1811b to session keyring
01-01 08:00:37.320 I/vold ( 562): Wrote system DE key reference to:/data/unencrypted/ref
01-01 08:00:37.321 D/vold ( 562): Generating wrapped storage key
01-01 08:00:37.323 E/vold ( 562): keystore2 Keystore generateKey returned service specific error: -67
01-01 08:00:37.323 W/vold ( 562): Failed to generate rollback-resistant key. This is expected if keymaster doesn't support rollback resistance. Falling back to non-rollback-resistant key.
01-01 08:00:37.334 D/vold ( 562): Installed fscrypt key with ref bd84460ccf6154eaf5e4d81be5c3ae73 to /data
01-01 08:00:37.335 D/vold ( 562): Added fscrypt-provisioning key for bd84460ccf6154eaf5e4d81be5c3ae73 to session keyring
01-01 08:00:37.337 I/vold ( 562): Wrote per boot key reference to:/data/unencrypted/per_boot_ref
01-01 08:00:37.421 I/incfs ( 562): Initial API level of the device: 30
01-01 08:00:37.421 I/incfs ( 562): ro.incremental.enable: 1
01-01 08:00:37.421 I/incfs ( 562): isFsAvailable: true
01-01 08:00:37.421 I/incfs ( 562): isFsAvailable: true
01-01 08:00:37.421 I/incfs ( 562): IncFs_Features: v1
01-01 08:00:37.442 E/vold ( 562): keystore2 Keystore earlyBootEnded returned service specific error: -68
01-01 08:00:37.664 D/vold ( 562): fscrypt_init_user0
01-01 08:00:37.664 D/vold ( 562): Preparing: /data/misc/vold/user_keys
01-01 08:00:37.665 D/vold ( 562): Preparing: /data/misc/vold/user_keys/ce
01-01 08:00:37.666 D/vold ( 562): Preparing: /data/misc/vold/user_keys/de
01-01 08:00:37.685 D/vold ( 562): Installed fscrypt key with ref 71cd15c4b9144b8ea5bbc6e74236f7bf to /data
01-01 08:00:37.685 D/vold ( 562): Added fscrypt-provisioning key for 71cd15c4b9144b8ea5bbc6e74236f7bf to session keyring
01-01 08:00:37.685 D/vold ( 562): Installed de key for user 0
01-01 08:00:37.685 D/vold ( 562): fscrypt_prepare_user_storage for volume null, user 0, serial 0, flags 1
01-01 08:00:37.685 D/vold ( 562): Preparing: /data/system/users/0
01-01 08:00:37.685 D/vold ( 562): Preparing: /data/misc/profiles/cur/0
01-01 08:00:37.686 D/vold ( 562): Preparing: /data/system_de/0
01-01 08:00:37.687 D/vold ( 562): Preparing: /data/misc_de/0
01-01 08:00:37.687 D/vold ( 562): Preparing: /data/vendor_de/0
01-01 08:00:37.688 D/vold ( 562): Preparing: /data/user_de/0
01-01 08:00:37.688 I/vold ( 562): Verified that /data/system_de/0 has the encryption policy 71cd15c4b9144b8ea5bbc6e74236f7bf v2 modes 1/4 flags 0xa
01-01 08:00:37.689 I/vold ( 562): Verified that /data/misc_de/0 has the encryption policy 71cd15c4b9144b8ea5bbc6e74236f7bf v2 modes 1/4 flags 0xa
01-01 08:00:37.689 I/vold ( 562): Verified that /data/vendor_de/0 has the encryption policy 71cd15c4b9144b8ea5bbc6e74236f7bf v2 modes 1/4 flags 0xa
01-01 08:00:37.689 I/vold ( 562): Verified that /data/user_de/0 has the encryption policy 71cd15c4b9144b8ea5bbc6e74236f7bf v2 modes 1/4 flags 0xa
01-01 08:00:37.689 D/vold ( 562): /system/bin/vold_prepare_subdirs
01-01 08:00:37.689 D/vold ( 562): prepare
01-01 08:00:37.689 D/vold ( 562):
01-01 08:00:37.689 D/vold ( 562): 0
01-01 08:00:37.689 D/vold ( 562): 1
01-01 08:00:37.753 D/vold ( 562): Detected support for FS_IOC_ADD_ENCRYPTION_KEY
01-01 08:00:40.752 D/Build ( 687): ro.build.display.id=01.00.0086.X102_userdebug
01-01 08:00:40.753 D/Build ( 688): ro.build.display.id=01.00.0086.X102_userdebug
01-01 08:00:40.819 D/Zygote32Timing( 688): PostZygoteInitGC took to complete: 24ms
01-01 08:00:40.819 D/Zygote32Timing( 688): ZygoteInit took to complete: 42ms
01-01 08:00:40.875 I/android.hardware.wifi@1.0-service( 951): Wifi Hal is booting up...
01-01 08:00:40.899 D/Zygote64Timing( 687): BeginPreload took to complete: 115ms
01-01 08:00:40.901 I/HidlServiceManagement( 951): Registered android.hardware.wifi@1.4::IWifi/default (start delay of 233ms)
01-01 08:00:41.481 I/irsc_util( 1014): Starting irsc tool
01-01 08:00:41.489 I/irsc_util( 1014): Num of entries:298
01-01 08:00:41.489 I/irsc_util( 1014): Ending irsc tool
01-01 08:00:42.817 D/Zygote64Timing( 687): PreloadClasses took to complete: 1918ms
01-01 08:00:42.845 D/Zygote64Timing( 687): CacheNonBootClasspathClassLoaders took to complete: 28ms
01-01 08:00:42.876 D/Zygote64Timing( 687): PreloadResources took to complete: 31ms
01-01 08:00:42.967 D/Zygote64Timing( 687): ZygotePreload took to complete: 2184ms
01-01 08:00:43.048 D/Zygote64Timing( 687): PostZygoteInitGC took to complete: 81ms
01-01 08:00:43.048 D/Zygote64Timing( 687): ZygoteInit took to complete: 2285ms
01-01 08:00:43.504 I/SystemServerTiming( 1167): InitBeforeStartServices
01-01 08:00:43.507 I/SystemServer( 1167): Entered the Android system server!
01-01 08:00:43.623 I/gsid ( 1201): no DSU: No such file or directory
01-01 08:00:43.848 I/SystemServerInitThreadPool( 1167): Creating instance with 8 threads
01-01 08:00:44.122 I/iorapd ( 1226): iorapd (the prefetchening) firing up
01-01 08:00:44.132 I/iorapd ( 1226): Opened existing database at '/data/misc/iorapd/sqlite.db'
01-01 08:00:44.133 W/iorapd ( 1226): Reconnect to package manager service: 1 times
01-01 08:00:44.409 I/installd( 1262): installd firing up
01-01 08:00:44.447 D/SystemServerTiming( 1167): InitBeforeStartServices took to complete: 943ms
01-01 08:00:44.448 I/SystemServerTiming( 1167): StartServices
01-01 08:00:44.448 I/SystemServerTiming( 1167): startBootstrapServices
01-01 08:00:44.448 I/SystemServerTiming( 1167): StartWatchdog
01-01 08:00:44.481 D/SystemServerTiming( 1167): StartWatchdog took to complete: 33ms
01-01 08:00:44.481 I/SystemServer( 1167): Reading configuration...
01-01 08:00:44.481 I/SystemServerTiming( 1167): ReadingSystemConfig
01-01 08:00:44.482 D/SystemServerTiming( 1167): ReadingSystemConfig took to complete: 1ms
01-01 08:00:44.482 I/SystemServerTiming( 1167): PlatformCompat
01-01 08:00:44.488 I/SystemServerTimingAsync( 1167): InitThreadPoolExec:ReadingSystemConfig
01-01 08:00:44.491 D/CompatConfig( 1167): Found a config file: /system/etc/compatconfig/icu4j-platform-compat-config.xml
01-01 08:00:44.492 D/SystemServerInitThreadPool( 1167): Started executing ReadingSystemConfig
01-01 08:00:44.493 D/CompatConfig( 1167): Adding: com.android.server.compat.config.Change@ec394b2
01-01 08:00:44.495 D/CompatConfig( 1167): Found a config file: /system/etc/compatconfig/documents-ui-compat-config.xml
01-01 08:00:44.496 D/CompatConfig( 1167): Adding: com.android.server.compat.config.Change@62b2780
01-01 08:00:44.499 I/SystemConfig( 1167): Reading permissions from /system/etc/sysconfig/framework-sysconfig.xml
01-01 08:00:44.501 D/CompatConfig( 1167): Found a config file: /system/etc/compatconfig/calendar-provider-compat-config.xml
01-01 08:00:44.503 D/CompatConfig( 1167): Adding: com.android.server.compat.config.Change@e09155f
01-01 08:00:44.504 D/CompatConfig( 1167): Found a config file: /system/etc/compatconfig/framework-platform-compat-config.xml
01-01 08:00:44.504 I/SystemConfig( 1167): Reading permissions from /system/etc/sysconfig/preinstalled-packages-platform-full-base.xml
01-01 08:00:44.505 D/CompatConfig( 1167): Adding: com.android.server.compat.config.Change@e85080a
01-01 08:00:44.505 D/CompatConfig( 1167): Adding: com.android.server.compat.config.Change@8d3a87b
01-01 08:00:44.506 I/SystemConfig( 1167): Reading permissions from /system/etc/sysconfig/preinstalled-packages-platform.xml
01-01 08:00:44.506 D/CompatConfig( 1167): Adding: com.android.server.compat.config.Change@9dc2ef1
01-01 08:00:44.507 D/CompatConfig( 1167): Adding: com.android.server.compat.config.Change@8739ad6
01-01 08:00:44.507 D/CompatConfig( 1167): Adding: com.android.server.compat.config.Change@9ea5157
01-01 08:00:44.508 D/CompatConfig( 1167): Adding: com.android.server.compat.config.Change@dd75444
01-01 08:00:44.508 D/CompatConfig( 1167): Adding: com.android.server.compat.config.Change@f3c92d
01-01 08:00:44.509 I/SystemConfig( 1167): Reading permissions from /system/etc/sysconfig/preinstalled-packages-com.android.providers.media.module.xml
01-01 08:00:44.509 D/CompatConfig( 1167): Adding: com.android.server.compat.config.Change@758abf3
01-01 08:00:44.509 D/CompatConfig( 1167): Adding: com.android.server.compat.config.Change@61770b0
01-01 08:00:44.510 D/CompatConfig( 1167): Adding: com.android.server.compat.config.Change@470cb29
01-01 08:00:44.510 I/SystemConfig( 1167): Reading permissions from /system/etc/sysconfig/qti_whitelist.xml
01-01 08:00:44.511 D/CompatConfig( 1167): Adding: com.android.server.compat.config.Change@248144f
01-01 08:00:44.512 D/CompatConfig( 1167): Adding: com.android.server.compat.config.Change@2fae7dc
01-01 08:00:44.514 I/SystemConfig( 1167): Reading permissions from /system/etc/sysconfig/hiddenapi-package-whitelist.xml
01-01 08:00:44.515 D/CompatConfig( 1167): Adding: com.android.server.compat.config.Change@d7787ba
01-01 08:00:44.517 D/CompatConfig( 1167): Adding: com.android.server.compat.config.Change@b1ba66b
01-01 08:00:44.518 D/CompatConfig( 1167): Adding: com.android.server.compat.config.Change@93ca5c8
01-01 08:00:44.519 D/CompatConfig( 1167): Adding: com.android.server.compat.config.Change@a05b661
01-01 08:00:44.519 D/CompatConfig( 1167): Adding: com.android.server.compat.config.Change@2066586
01-01 08:00:44.522 D/CompatConfig( 1167): Adding: com.android.server.compat.config.Change@b4c3e47
01-01 08:00:44.523 I/SystemConfig( 1167): Reading permissions from /system/etc/permissions/android.test.mock.xml
01-01 08:00:44.524 I/SystemConfig( 1167): Reading permissions from /system/etc/permissions/uimremoteclient.xml
01-01 08:00:44.525 I/SystemConfig( 1167): Reading permissions from /system/etc/permissions/com.android.future.usb.accessory.xml
01-01 08:00:44.526 I/SystemConfig( 1167): Reading permissions from /system/etc/permissions/android.software.live_wallpaper.xml
01-01 08:00:44.527 I/SystemConfig( 1167): Reading permissions from /system/etc/permissions/com.baidu.input.xml
01-01 08:00:44.528 D/CompatConfig( 1167): Adding: com.android.server.compat.config.Change@275d099
01-01 08:00:44.529 I/SystemConfig( 1167): Reading permissions from /system/etc/permissions/com.android.mediadrm.signer.xml
01-01 08:00:44.531 I/SystemConfig( 1167): Reading permissions from /system/etc/permissions/com.thundercomm.screensaver.xml
01-01 08:00:44.532 I/SystemConfig( 1167): Reading permissions from /system/etc/permissions/android.software.webview.xml
01-01 08:00:44.532 I/SystemConfig( 1167): Reading permissions from /system/etc/permissions/privapp-permissions-platform.xml
01-01 08:00:44.539 I/SystemConfig( 1167): Reading permissions from /system/etc/permissions/uimremoteserver.xml
01-01 08:00:44.540 D/CompatConfig( 1167): Adding: com.android.server.compat.config.Change@f17005b
01-01 08:00:44.541 D/CompatConfig( 1167): Adding: com.android.server.compat.config.Change@4910f8
01-01 08:00:44.542 D/CompatConfig( 1167): Adding: com.android.server.compat.config.Change@a17f9d1
01-01 08:00:44.543 D/CompatConfig( 1167): Adding: com.android.server.compat.config.Change@2f93c36
01-01 08:00:44.554 I/SystemConfig( 1167): Reading permissions from /system/etc/permissions/com.android.media.remotedisplay.xml
01-01 08:00:44.559 I/SystemConfig( 1167): Reading permissions from /system/etc/permissions/privapp-permissions-qti.xml
01-01 08:00:44.560 D/CompatConfig( 1167): Adding: com.android.server.compat.config.Change@fd1620d
01-01 08:00:44.561 I/SystemConfig( 1167): Reading permissions from /system/etc/permissions/com.android.documentsui.xml
01-01 08:00:44.563 I/SystemConfig( 1167): Reading permissions from /system/etc/permissions/com.thundercomm.tcservice.xml
01-01 08:00:44.565 D/CompatConfig( 1167): Adding: com.android.server.compat.config.Change@a690710
01-01 08:00:44.565 D/CompatConfig( 1167): Adding: com.android.server.compat.config.Change@53f1209
01-01 08:00:44.566 D/CompatConfig( 1167): Adding: com.android.server.compat.config.Change@f4f9c0e
01-01 08:00:44.567 D/CompatConfig( 1167): Adding: com.android.server.compat.config.Change@745e62f
01-01 08:00:44.567 D/CompatConfig( 1167): Adding: com.android.server.compat.config.Change@c3f843c
01-01 08:00:44.568 D/CompatConfig( 1167): Adding: com.android.server.compat.config.Change@3bdc5c5
01-01 08:00:44.569 D/CompatConfig( 1167): Adding: com.android.server.compat.config.Change@56d6b1a
01-01 08:00:44.570 D/CompatConfig( 1167): Adding: com.android.server.compat.config.Change@654b64b
01-01 08:00:44.570 I/SystemConfig( 1167): Reading permissions from /system/etc/permissions/com.android.networkstack.xml
01-01 08:00:44.574 I/SystemConfig( 1167): Reading permissions from /system/etc/permissions/android.test.base.xml
01-01 08:00:44.574 D/CompatConfig( 1167): Adding: com.android.server.compat.config.Change@9671ee6
01-01 08:00:44.578 D/CompatConfig( 1167): Adding: com.android.server.compat.config.Change@8366c27
01-01 08:00:44.585 I/SystemConfig( 1167): Reading permissions from /system/etc/permissions/com.android.networkstack.tethering.xml
01-01 08:00:44.585 D/CompatConfig( 1167): Adding: com.android.server.compat.config.Change@debe87d
01-01 08:00:44.586 D/CompatConfig( 1167): Adding: com.android.server.compat.config.Change@bf64372
01-01 08:00:44.586 D/CompatConfig( 1167): Adding: com.android.server.compat.config.Change@c93a3c3
01-01 08:00:44.587 D/CompatConfig( 1167): Adding: com.android.server.compat.config.Change@2945440
01-01 08:00:44.588 D/CompatConfig( 1167): Adding: com.android.server.compat.config.Change@4538f79
01-01 08:00:44.589 D/CompatConfig( 1167): Adding: com.android.server.compat.config.Change@de124be
01-01 08:00:44.589 D/CompatConfig( 1167): Adding: com.android.server.compat.config.Change@b02b91f
01-01 08:00:44.593 D/CompatConfig( 1167): Adding: com.android.server.compat.config.Change@18a746c
01-01 08:00:44.594 I/SystemConfig( 1167): Reading permissions from /system/etc/permissions/javax.obex.xml
01-01 08:00:44.594 D/CompatConfig( 1167): Adding: com.android.server.compat.config.Change@406ceca
01-01 08:00:44.595 D/CompatConfig( 1167): Adding: com.android.server.compat.config.Change@423c83b
01-01 08:00:44.596 I/SystemConfig( 1167): Reading permissions from /system/etc/permissions/com.android.location.provider.xml
01-01 08:00:44.596 D/CompatConfig( 1167): Adding: com.android.server.compat.config.Change@852b4b1
01-01 08:00:44.597 I/SystemConfig( 1167): Reading permissions from /system/etc/permissions/com.android.nfc_extras.xml
01-01 08:00:44.597 D/CompatConfig( 1167): Adding: com.android.server.compat.config.Change@87cad17
01-01 08:00:44.597 D/CompatConfig( 1167): Adding: com.android.server.compat.config.Change@9ce504
01-01 08:00:44.598 I/SystemConfig( 1167): Reading permissions from /system/etc/permissions/org.apache.http.legacy.xml
01-01 08:00:44.605 D/CompatConfig( 1167): Adding: com.android.server.compat.config.Change@a826d22
01-01 08:00:44.606 D/CompatConfig( 1167): Adding: com.android.server.compat.config.Change@11503b3
01-01 08:00:44.607 D/CompatConfig( 1167): Adding: com.android.server.compat.config.Change@c854d70
01-01 08:00:44.607 I/SystemConfig( 1167): Reading permissions from /system/etc/permissions/android.software.freeform_window_management.xml
01-01 08:00:44.608 D/CompatConfig( 1167): Adding: com.android.server.compat.config.Change@7fe396e
01-01 08:00:44.608 D/CompatConfig( 1167): Adding: com.android.server.compat.config.Change@5d2280f
01-01 08:00:44.609 D/CompatConfig( 1167): Adding: com.android.server.compat.config.Change@d49d09c
01-01 08:00:44.610 D/CompatConfig( 1167): Adding: com.android.server.compat.config.Change@aa58aa5
01-01 08:00:44.616 D/CompatConfig( 1167): Adding: com.android.server.compat.config.Change@9587e7a
01-01 08:00:44.617 D/CompatConfig( 1167): Adding: com.android.server.compat.config.Change@d93362b
01-01 08:00:44.617 D/CompatConfig( 1167): Adding: com.android.server.compat.config.Change@2715a88
01-01 08:00:44.618 D/CompatConfig( 1167): Adding: com.android.server.compat.config.Change@1092c21
01-01 08:00:44.619 D/CompatConfig( 1167): Found a config file: /system/etc/compatconfig/services-platform-compat-config.xml
01-01 08:00:44.619 I/SystemConfig( 1167): Reading permissions from /system/etc/permissions/com.thundercomm.debugtools.xml
01-01 08:00:44.621 D/CompatConfig( 1167): Adding: com.android.server.compat.config.Change@b059734
01-01 08:00:44.624 I/SystemConfig( 1167): Reading permissions from /system/etc/permissions/android.test.runner.xml
01-01 08:00:44.628 D/CompatConfig( 1167): Adding: com.android.server.compat.config.Change@d0462d2
01-01 08:00:44.628 D/CompatConfig( 1167): Adding: com.android.server.compat.config.Change@1663fa3
01-01 08:00:44.629 D/CompatConfig( 1167): Adding: com.android.server.compat.config.Change@afef2a0
01-01 08:00:44.629 I/SystemConfig( 1167): Reading permissions from /system/etc/permissions/platform.xml
01-01 08:00:44.630 D/CompatConfig( 1167): Adding: com.android.server.compat.config.Change@da1da1e
01-01 08:00:44.630 D/CompatConfig( 1167): Adding: com.android.server.compat.config.Change@f9332ff
01-01 08:00:44.631 D/CompatConfig( 1167): Adding: com.android.server.compat.config.Change@b7098cc
01-01 08:00:44.631 D/CompatConfig( 1167): Adding: com.android.server.compat.config.Change@7476715
01-01 08:00:44.632 D/CompatConfig( 1167): Adding: com.android.server.compat.config.Change@a0d7a2a
01-01 08:00:44.633 D/CompatConfig( 1167): Adding: com.android.server.compat.config.Change@972001b
01-01 08:00:44.634 D/CompatConfig( 1167): Adding: com.android.server.compat.config.Change@17475b8
01-01 08:00:44.635 D/CompatConfig( 1167): Adding: com.android.server.compat.config.Change@ec45f91
01-01 08:00:44.636 D/CompatConfig( 1167): Adding: com.android.server.compat.config.Change@9e10ef6
01-01 08:00:44.637 D/CompatConfig( 1167): Adding: com.android.server.compat.config.Change@fa682f7
01-01 08:00:44.638 D/CompatConfig( 1167): Adding: com.android.server.compat.config.Change@7d73564
01-01 08:00:44.644 D/CompatConfig( 1167): Adding: com.android.server.compat.config.Change@83e63cd
01-01 08:00:44.645 D/CompatConfig( 1167): Adding: com.android.server.compat.config.Change@2872482
01-01 08:00:44.646 D/CompatConfig( 1167): Adding: com.android.server.compat.config.Change@f365793
01-01 08:00:44.647 D/CompatConfig( 1167): Adding: com.android.server.compat.config.Change@78443d0
01-01 08:00:44.647 D/CompatConfig( 1167): Adding: com.android.server.compat.config.Change@2da6fc9
01-01 08:00:44.648 D/CompatConfig( 1167): Adding: com.android.server.compat.config.Change@38706ce
01-01 08:00:44.649 D/CompatConfig( 1167): Adding: com.android.server.compat.config.Change@5e4d9ef
01-01 08:00:44.655 I/SystemConfig( 1167): Reading permissions from /vendor/etc/permissions/vendor-qti-hardware-sensorscalibrate.xml
01-01 08:00:44.659 D/CompatConfig( 1167): Adding: com.android.server.compat.config.Change@1113f85
01-01 08:00:44.664 I/SystemConfig( 1167): Reading permissions from /vendor/etc/permissions/android.hardware.sensor.gyroscope.xml
01-01 08:00:44.678 I/SystemConfig( 1167): Reading permissions from /vendor/etc/permissions/android.hardware.sensor.accelerometer.xml
01-01 08:00:44.682 I/SystemConfig( 1167): Reading permissions from /vendor/etc/permissions/android.software.device_id_attestation.xml
01-01 08:00:44.683 I/SystemConfig( 1167): Reading permissions from /vendor/etc/permissions/android.software.verified_boot.xml
01-01 08:00:44.684 I/SystemConfig( 1167): Reading permissions from /vendor/etc/permissions/android.hardware.touchscreen.multitouch.jazzhand.xml
01-01 08:00:44.686 D/CompatConfig( 1167): Adding: com.android.server.compat.config.Change@dc817e7
01-01 08:00:44.687 D/CompatConfig( 1167): Adding: com.android.server.compat.config.Change@924bf94
01-01 08:00:44.687 D/CompatConfig( 1167): Adding: com.android.server.compat.config.Change@77cda3d
01-01 08:00:44.688 D/CompatConfig( 1167): Adding: com.android.server.compat.config.Change@2d5b232
01-01 08:00:44.688 D/CompatConfig( 1167): Adding: com.android.server.compat.config.Change@5f44b83
01-01 08:00:44.689 D/CompatConfig( 1167): Adding: com.android.server.compat.config.Change@2584100
01-01 08:00:44.689 D/CompatConfig( 1167): Adding: com.android.server.compat.config.Change@961dd39
01-01 08:00:44.690 D/CompatConfig( 1167): Adding: com.android.server.compat.config.Change@328bf7e
01-01 08:00:44.691 D/CompatConfig( 1167): Adding: com.android.server.compat.config.Change@c261cdf
01-01 08:00:44.691 D/CompatConfig( 1167): Adding: com.android.server.compat.config.Change@c806d2c
01-01 08:00:44.692 D/CompatConfig( 1167): Adding: com.android.server.compat.config.Change@ffa13f5
01-01 08:00:44.692 D/CompatConfig( 1167): Adding: com.android.server.compat.config.Change@40d558a
01-01 08:00:44.693 D/CompatConfig( 1167): Adding: com.android.server.compat.config.Change@c79a7fb
01-01 08:00:44.693 D/CompatConfig( 1167): Adding: com.android.server.compat.config.Change@81d3018
01-01 08:00:44.694 D/CompatConfig( 1167): Adding: com.android.server.compat.config.Change@3a4fa71
01-01 08:00:44.695 D/CompatConfig( 1167): Adding: com.android.server.compat.config.Change@5f34056
01-01 08:00:44.695 D/CompatConfig( 1167): Adding: com.android.server.compat.config.Change@eb0c8d7
01-01 08:00:44.696 D/CompatConfig( 1167): Adding: com.android.server.compat.config.Change@bc135c4
01-01 08:00:44.697 D/CompatConfig( 1167): Adding: com.android.server.compat.config.Change@93dccad
01-01 08:00:44.698 I/SystemConfig( 1167): Reading permissions from /vendor/etc/permissions/android.hardware.opengles.aep.xml
01-01 08:00:44.699 D/CompatConfig( 1167): Adding: com.android.server.compat.config.Change@acf1b73
01-01 08:00:44.700 D/CompatConfig( 1167): Adding: com.android.server.compat.config.Change@27dea30
01-01 08:00:44.700 D/CompatConfig( 1167): Adding: com.android.server.compat.config.Change@e1786a9
01-01 08:00:44.701 I/SystemConfig( 1167): Reading permissions from /vendor/etc/permissions/android.hardware.usb.accessory.xml
01-01 08:00:44.702 D/CompatConfig( 1167): Adding: com.android.server.compat.config.Change@b75fbcf
01-01 08:00:44.705 D/CompatConfig( 1167): Adding: com.android.server.compat.config.Change@50f795c
01-01 08:00:44.706 D/CompatConfig( 1167): Adding: com.android.server.compat.config.Change@7b8e465
01-01 08:00:44.707 D/CompatConfig( 1167): Adding: com.android.server.compat.config.Change@a6e353a
01-01 08:00:44.708 D/CompatConfig( 1167): Adding: com.android.server.compat.config.Change@a0085eb
01-01 08:00:44.715 I/SystemConfig( 1167): Reading permissions from /vendor/etc/permissions/android.hardware.wifi.rtt.xml
01-01 08:00:44.725 I/SystemConfig( 1167): Reading permissions from /vendor/etc/permissions/android.hardware.audio.pro.xml
01-01 08:00:44.726 D/CompatConfig( 1167): Adding: com.android.server.compat.config.Change@f7a6b06
01-01 08:00:44.726 D/CompatConfig( 1167): Adding: com.android.server.compat.config.Change@5f95c7
01-01 08:00:44.729 I/SystemConfig( 1167): Reading permissions from /vendor/etc/permissions/android.hardware.bluetooth_le.xml
01-01 08:00:44.735 I/SystemConfig( 1167): Reading permissions from /vendor/etc/permissions/android.hardware.sensor.compass.xml
01-01 08:00:44.739 D/CompatConfig( 1167): Found a config file: /system/system_ext/etc/compatconfig/settings-platform-compat-config.xml
01-01 08:00:44.740 D/CompatConfig( 1167): Adding: com.android.server.compat.config.Change@cb5c763
01-01 08:00:44.741 I/SystemConfig( 1167): Reading permissions from /vendor/etc/permissions/android.software.midi.xml
01-01 08:00:44.743 D/CompatConfig( 1167): No directory /apex/com.android.vndk.v30/etc/compatconfig, skipping
01-01 08:00:44.743 D/CompatConfig( 1167): No directory /apex/com.android.wifi/etc/compatconfig, skipping
01-01 08:00:44.743 D/CompatConfig( 1167): No directory /apex/com.android.vndk.v31/etc/compatconfig, skipping
01-01 08:00:44.744 D/CompatConfig( 1167): No directory /apex/com.android.tzdata/etc/compatconfig, skipping
01-01 08:00:44.744 D/CompatConfig( 1167): No directory /apex/com.android.tethering/etc/compatconfig, skipping
01-01 08:00:44.744 D/CompatConfig( 1167): No directory /apex/com.android.sdkext/etc/compatconfig, skipping
01-01 08:00:44.744 D/CompatConfig( 1167): No directory /apex/com.android.scheduling/etc/compatconfig, skipping
01-01 08:00:44.744 D/CompatConfig( 1167): No directory /apex/com.android.runtime/etc/compatconfig, skipping
01-01 08:00:44.744 D/CompatConfig( 1167): No directory /apex/com.android.resolv/etc/compatconfig, skipping
01-01 08:00:44.744 D/CompatConfig( 1167): No directory /apex/com.android.permission/etc/compatconfig, skipping
01-01 08:00:44.744 D/CompatConfig( 1167): No directory /apex/com.android.os.statsd/etc/compatconfig, skipping
01-01 08:00:44.745 D/CompatConfig( 1167): No directory /apex/com.android.neuralnetworks/etc/compatconfig, skipping
01-01 08:00:44.745 I/SystemConfig( 1167): Reading permissions from /vendor/etc/permissions/handheld_core_hardware.xml
01-01 08:00:44.747 I/SystemConfig( 1167): Reading permissions from /vendor/etc/permissions/android.hardware.sensor.ambient_temperature.xml
01-01 08:00:44.754 I/SystemConfig( 1167): Reading permissions from /vendor/etc/permissions/android.software.vulkan.deqp.level.xml
01-01 08:00:44.754 D/CompatConfig( 1167): Found a config file: /apex/com.android.mediaprovider/etc/compatconfig/media-provider-platform-compat-config.xml
01-01 08:00:44.755 I/SystemConfig( 1167): Reading permissions from /vendor/etc/permissions/android.hardware.fingerprint.xml
01-01 08:00:44.756 I/SystemConfig( 1167): Reading permissions from /vendor/etc/permissions/android.hardware.wifi.passpoint.xml
01-01 08:00:44.758 D/CompatConfig( 1167): Adding: com.android.server.compat.config.Change@6b2bfdb
01-01 08:00:44.759 I/SystemConfig( 1167): Reading permissions from /vendor/etc/permissions/android.hardware.vulkan.compute-0.xml
01-01 08:00:44.763 I/SystemConfig( 1167): Reading permissions from /vendor/etc/permissions/android.hardware.vulkan.level-1.xml
01-01 08:00:44.766 I/SystemConfig( 1167): Reading permissions from /vendor/etc/permissions/android.hardware.light.xml
01-01 08:00:44.768 I/SystemConfig( 1167): Reading permissions from /vendor/etc/permissions/android.hardware.sensor.relative_humidity.xml
01-01 08:00:44.774 I/SystemConfig( 1167): Reading permissions from /vendor/etc/permissions/android.hardware.usb.host.xml
01-01 08:00:44.777 I/wificond( 1293): wificond is starting up...
01-01 08:00:44.780 I/SystemConfig( 1167): Reading permissions from /vendor/etc/permissions/vendor.qti.hardware.factory.xml
01-01 08:00:44.784 I/SystemConfig( 1167): Reading permissions from /vendor/etc/permissions/android.hardware.wifi.xml
01-01 08:00:44.785 I/SystemConfig( 1167): Reading permissions from /vendor/etc/permissions/android.hardware.location.gps.xml
01-01 08:00:44.790 I/SystemConfig( 1167): Reading permissions from /vendor/etc/permissions/android.hardware.vulkan.version-1_1.xml
01-01 08:00:44.792 I/SystemConfig( 1167): Reading permissions from /vendor/etc/permissions/android.hardware.sensor.hifi_sensors.xml
01-01 08:00:44.794 I/SystemConfig( 1167): Reading permissions from /vendor/etc/permissions/android.hardware.wifi.direct.xml
01-01 08:00:44.795 I/SystemConfig( 1167): Reading permissions from /vendor/etc/permissions/android.hardware.bluetooth.xml
01-01 08:00:44.798 I/SystemConfig( 1167): Reading permissions from /vendor/etc/permissions/android.hardware.wifi.aware.xml
01-01 08:00:44.802 I/SystemConfig( 1167): Reading permissions from /vendor/etc/permissions/android.hardware.se.omapi.uicc.xml
01-01 08:00:44.810 I/SystemConfig( 1167): Reading permissions from /vendor/etc/permissions/android.hardware.se.omapi.ese.xml
01-01 08:00:44.813 I/SystemConfig( 1167): Reading permissions from /vendor/etc/permissions/android.software.ipsec_tunnels.xml
01-01 08:00:44.814 D/CompatConfig( 1167): Adding: com.android.server.compat.config.Change@97d91a8
01-01 08:00:44.815 I/SystemConfig( 1167): Reading permissions from /vendor/etc/permissions/android.hardware.audio.low_latency.xml
01-01 08:00:44.815 D/CompatConfig( 1167): Adding: com.android.server.compat.config.Change@e4be466
01-01 08:00:44.816 D/CompatConfig( 1167): Adding: com.android.server.compat.config.Change@2cb83a7
01-01 08:00:44.816 D/CompatConfig( 1167): Adding: com.android.server.compat.config.Change@cee2054
01-01 08:00:44.817 D/CompatConfig( 1167): Adding: com.android.server.compat.config.Change@4358bfd
01-01 08:00:44.817 I/SystemConfig( 1167): Reading permissions from /vendor/etc/permissions/qti_fingerprint_interface.xml
01-01 08:00:44.818 D/CompatConfig( 1167): Adding: com.android.server.compat.config.Change@422b343
01-01 08:00:44.818 I/SystemConfig( 1167): Reading permissions from /vendor/etc/permissions/android.hardware.sensor.barometer.xml
01-01 08:00:44.819 D/CompatConfig( 1167): No directory /apex/com.android.media.swcodec/etc/compatconfig, skipping
01-01 08:00:44.819 D/CompatConfig( 1167): No directory /apex/com.android.media/etc/compatconfig, skipping
01-01 08:00:44.819 D/CompatConfig( 1167): No directory /apex/com.android.ipsec/etc/compatconfig, skipping
01-01 08:00:44.819 D/CompatConfig( 1167): No directory /apex/com.android.i18n/etc/compatconfig, skipping
01-01 08:00:44.819 D/CompatConfig( 1167): No directory /apex/com.android.extservices/etc/compatconfig, skipping
01-01 08:00:44.820 D/CompatConfig( 1167): No directory /apex/com.android.conscrypt/etc/compatconfig, skipping
01-01 08:00:44.820 D/CompatConfig( 1167): Found a config file: /apex/com.android.art/etc/compatconfig/libcore-platform-compat-config.xml
01-01 08:00:44.822 D/CompatConfig( 1167): Adding: com.android.server.compat.config.Change@6e91a3e
01-01 08:00:44.822 D/CompatConfig( 1167): Adding: com.android.server.compat.config.Change@133409f
01-01 08:00:44.823 D/CompatConfig( 1167): Adding: com.android.server.compat.config.Change@a7d25ec
01-01 08:00:44.824 D/CompatConfig( 1167): Adding: com.android.server.compat.config.Change@95f3db5
01-01 08:00:44.825 D/CompatConfig( 1167): Adding: com.android.server.compat.config.Change@1589c4a
01-01 08:00:44.825 I/SystemConfig( 1167): Reading permissions from /product/etc/sysconfig/preinstalled-packages-platform-handheld-product.xml
01-01 08:00:44.826 D/CompatConfig( 1167): No directory /apex/com.android.appsearch/etc/compatconfig, skipping
01-01 08:00:44.826 D/CompatConfig( 1167): No directory /apex/com.android.adbd/etc/compatconfig, skipping
01-01 08:00:44.834 I/SystemConfig( 1167): Reading permissions from /product/etc/sysconfig/preinstalled-packages-platform-overlays.xml
01-01 08:00:44.837 D/SystemServerTiming( 1167): PlatformCompat took to complete: 355ms
01-01 08:00:44.837 I/SystemServerTiming( 1167): StartFileIntegrityService
01-01 08:00:44.837 I/SystemServiceManager( 1167): Starting com.android.server.security.FileIntegrityService
01-01 08:00:44.845 I/SystemConfig( 1167): Reading permissions from /product/etc/permissions/com.android.settings.intelligence.xml
01-01 08:00:44.847 I/SystemConfig( 1167): Reading permissions from /product/etc/permissions/vendor.qti.hardware.data.connection-V1.0-java.xml
01-01 08:00:44.848 I/SystemConfig( 1167): Reading permissions from /product/etc/permissions/telephony_product_privapp-permissions-qti.xml
01-01 08:00:44.850 I/SystemConfig( 1167): Reading permissions from /product/etc/permissions/com.qti.snapdragon.sdk.display.xml
01-01 08:00:44.852 I/SystemConfig( 1167): Reading permissions from /product/etc/permissions/UimService.xml
01-01 08:00:44.856 I/SystemConfig( 1167): Reading permissions from /product/etc/permissions/ims_ext_common.xml
01-01 08:00:44.859 I/SystemConfig( 1167): Reading permissions from /product/etc/permissions/vendor.qti.hardware.data.connection-V1.1-java.xml
01-01 08:00:44.861 D/SystemServerTiming( 1167): StartFileIntegrityService took to complete: 24ms
01-01 08:00:44.861 I/SystemServerTiming( 1167): StartInstaller
01-01 08:00:44.861 I/SystemServiceManager( 1167): Starting com.android.server.pm.Installer
01-01 08:00:44.862 I/SystemConfig( 1167): Reading permissions from /system_ext/etc/sysconfig/qti_telephony_system_packages_config.xml
01-01 08:00:44.863 I/SystemConfig( 1167): Reading permissions from /system_ext/etc/sysconfig/qti_whitelist_system_ext.xml
01-01 08:00:44.866 I/SystemConfig( 1167): Reading permissions from /system_ext/etc/permissions/com.qualcomm.qti.imscmservice.xml
01-01 08:00:44.867 D/SystemServerTiming( 1167): StartInstaller took to complete: 6ms
01-01 08:00:44.867 I/SystemServerTiming( 1167): DeviceIdentifiersPolicyService
01-01 08:00:44.867 I/SystemServiceManager( 1167): Starting com.android.server.os.DeviceIdentifiersPolicyService
01-01 08:00:44.868 D/SystemServerTiming( 1167): DeviceIdentifiersPolicyService took to complete: 1ms
01-01 08:00:44.868 I/SystemServerTiming( 1167): UriGrantsManagerService
01-01 08:00:44.868 I/SystemConfig( 1167): Reading permissions from /system_ext/etc/permissions/embms.xml
01-01 08:00:44.868 I/SystemServiceManager( 1167): Starting com.android.server.uri.UriGrantsManagerService$Lifecycle
01-01 08:00:44.874 D/SystemServerTiming( 1167): UriGrantsManagerService took to complete: 6ms
01-01 08:00:44.874 I/SystemServerTiming( 1167): StartPowerStatsService
01-01 08:00:44.875 I/SystemServiceManager( 1167): Starting com.android.server.powerstats.PowerStatsService
01-01 08:00:44.879 I/SystemConfig( 1167): Reading permissions from /system_ext/etc/permissions/android.software.verified_boot.xml
01-01 08:00:44.892 I/SystemConfig( 1167): Reading permissions from /system_ext/etc/permissions/vendor.qti.ims.rcsservice.xml
01-01 08:00:44.899 I/SystemConfig( 1167): Reading permissions from /system_ext/etc/permissions/com.qualcomm.qti.imscmservice-V2.2-java.xml
01-01 08:00:44.905 I/SystemConfig( 1167): Reading permissions from /system_ext/etc/permissions/com.hht.lebocast.xml
01-01 08:00:44.915 I/SystemConfig( 1167): Reading permissions from /system_ext/etc/permissions/com.qti.media.secureprocessor.xml
01-01 08:00:44.941 I/SystemConfig( 1167): Reading permissions from /system_ext/etc/permissions/privapp-permissions-com.qualcomm.location.xml
01-01 08:00:44.941 W/storaged( 1287): health: invalid battery status
01-01 08:00:44.947 I/SystemConfig( 1167): Reading permissions from /system_ext/etc/permissions/dpmapi.xml
01-01 08:00:44.949 I/SystemConfig( 1167): Reading permissions from /system_ext/etc/permissions/wfd-system-ext-privapp-permissions-qti.xml
01-01 08:00:44.950 I/SystemConfig( 1167): Reading permissions from /system_ext/etc/permissions/embms-noship_product_privapp_permissions_qti.xml
01-01 08:00:44.952 I/SystemConfig( 1167): Reading permissions from /system_ext/etc/permissions/com.android.systemui.xml
01-01 08:00:44.963 I/SystemConfig( 1167): Reading permissions from /system_ext/etc/permissions/com.android.settings.xml
01-01 08:00:44.970 W/SystemServiceManager( 1167): Service com.android.server.powerstats.PowerStatsService took 95 ms in onStart
01-01 08:00:44.970 D/SystemServerTiming( 1167): StartPowerStatsService took to complete: 96ms
01-01 08:00:44.970 I/SystemServerTiming( 1167): StartIStatsService
01-01 08:00:44.971 I/SystemConfig( 1167): Reading permissions from /system_ext/etc/permissions/privapp-permissions-aptxals.xml
01-01 08:00:44.975 D/SystemServerTiming( 1167): StartIStatsService took to complete: 4ms
01-01 08:00:44.975 I/SystemServerTiming( 1167): MemtrackProxyService
01-01 08:00:44.979 D/SystemServerTiming( 1167): MemtrackProxyService took to complete: 4ms
01-01 08:00:44.979 I/SystemServerTiming( 1167): StartActivityManager
01-01 08:00:44.979 I/SystemServiceManager( 1167): Starting com.android.server.wm.ActivityTaskManagerService$Lifecycle
01-01 08:00:44.987 I/SystemConfig( 1167): Reading permissions from /system_ext/etc/permissions/com.qti.dpmframework.xml
01-01 08:00:44.991 I/SystemConfig( 1167): Reading permissions from /system_ext/etc/permissions/privapp-permissions-qti-system-ext.xml
01-01 08:00:44.993 I/SystemConfig( 1167): Reading permissions from /system_ext/etc/permissions/izat.xt.srv.xml
01-01 08:00:44.995 I/SystemConfig( 1167): Reading permissions from /system_ext/etc/permissions/com.qualcomm.qti.imscmservice-V2.1-java.xml
01-01 08:00:45.002 I/SystemConfig( 1167): Reading permissions from /system_ext/etc/permissions/com.android.launcher3.xml
01-01 08:00:45.005 I/SystemConfig( 1167): Reading permissions from /system_ext/etc/permissions/com.android.provision.xml
01-01 08:00:45.008 I/SystemConfig( 1167): Reading permissions from /system_ext/etc/permissions/com.android.storagemanager.xml
01-01 08:00:45.014 I/SystemConfig( 1167): Reading permissions from /system_ext/etc/permissions/com.qualcomm.qti.izattools.xml
01-01 08:00:45.023 I/SystemConfig( 1167): Reading permissions from /system_ext/etc/permissions/com.qualcomm.location.xml
01-01 08:00:45.043 I/HidlServiceManagement( 1293): Registered android.system.wifi.keystore@1.0::IKeystore/default
01-01 08:00:45.048 I/SystemConfig( 1167): Reading permissions from /system_ext/etc/permissions/telephony_system-ext_privapp-permissions-qti.xml
01-01 08:00:45.051 I/SystemConfig( 1167): Reading permissions from /system_ext/etc/permissions/com.qualcomm.qti.imscmservice-V2.0-java.xml
01-01 08:00:45.055 I/SystemConfig( 1167): Reading permissions from /system_ext/etc/permissions/com.thundercomm.microsettings.xml
01-01 08:00:45.058 I/SystemConfig( 1167): Reading permissions from /system_ext/etc/permissions/com.nxp.nfc.nq.xml
01-01 08:00:45.061 I/SystemConfig( 1167): Reading permissions from /system_ext/etc/permissions/qti_libpermissions.xml
01-01 08:00:45.064 I/SystemConfig( 1167): Reading permissions from /system_ext/etc/permissions/com.qualcomm.qmapbridge.xml
01-01 08:00:45.066 I/SystemConfig( 1167): Reading permissions from /system_ext/etc/permissions/com.qti.location.sdk.xml
01-01 08:00:45.067 I/SystemServiceManager( 1167): Starting com.android.server.am.ActivityManagerService$Lifecycle
01-01 08:00:45.068 I/SystemConfig( 1167): Reading permissions from /system_ext/etc/permissions/qti_supplicant_interface.xml
01-01 08:00:45.074 I/SystemConfig( 1167): Reading permissions from /system_ext/etc/permissions/qti_permissions.xml
01-01 08:00:45.077 I/SystemConfig( 1167): Reading permissions from /system_ext/etc/permissions/audiosphere.xml
01-01 08:00:45.080 I/SystemConfig( 1167): Reading permissions from /system_ext/etc/permissions/com.android.emergency.xml
01-01 08:00:45.081 I/ActivityManager( 1167): Memory class: 512
01-01 08:00:45.091 I/SystemConfig( 1167): Reading permissions from /apex/com.android.ipsec/etc/permissions/android.net.ipsec.ike.xml
01-01 08:00:45.096 D/SystemConfig( 1167): readAllPermissions took to complete: 604ms
01-01 08:00:45.096 D/SystemServerInitThreadPool( 1167): Finished executing ReadingSystemConfig
01-01 08:00:45.096 D/SystemServerTimingAsync( 1167): InitThreadPoolExec:ReadingSystemConfig took to complete: 605ms
01-01 08:00:45.102 I/Binder ( 1167): Setting heavy hitter watcher config: false, 0, 0.0
01-01 08:00:45.154 I/imsrcsd ( 1330): Uce Service HAL is starting up...
01-01 08:00:45.165 I/imsrcsd ( 1330): Uce Service HAL loading imsrcsbaseimpl
01-01 08:00:45.291 D/BatteryStatsImpl( 1167): Reading daily items from /data/system/batterystats-daily.xml
01-01 08:00:45.421 I/KernelCpuUidFreqTimeReader( 1167): mPerClusterTimesAvailable=false
01-01 08:00:45.441 E/KernelCpuSpeedReader( 1167): Failed to read cpu-freq: /sys/devices/system/cpu/cpu4/cpufreq/stats/time_in_state: open failed: ENOENT (No such file or directory)
01-01 08:00:45.441 E/KernelCpuSpeedReader( 1167): Failed to read cpu-freq: /sys/devices/system/cpu/cpu0/cpufreq/stats/time_in_state: open failed: ENOENT (No such file or directory)
01-01 08:00:45.600 W/KernelMemoryBandwidthStats( 1167): No kernel memory bandwidth stats available
01-01 08:00:45.615 I/imsrcsd ( 1330): Starting Service for First Time imsbaseimpl
01-01 08:00:45.634 I/imsrcsd ( 1330): Interface com.qualcomm.qti.uceservice@2.3::IUceService com.qualcomm.qti.uceservice is found in manifest
01-01 08:00:45.637 I/HidlServiceManagement( 1330): Registered com.qualcomm.qti.uceservice@2.3::IUceService/com.qualcomm.qti.uceservice (start delay of 759ms)
01-01 08:00:45.639 I/imsrcsd ( 1330): Interface com.qualcomm.qti.imscmservice@2.2::IImsCmService qti.ims.connectionmanagerservice is found in manifest
01-01 08:00:45.640 I/HidlServiceManagement( 1330): Registered com.qualcomm.qti.imscmservice@2.2::IImsCmService/qti.ims.connectionmanagerservice (start delay of 762ms)
01-01 08:00:45.650 I/imsrcsd ( 1330): Interface vendor.qti.ims.factory@1.1::IImsFactory default is not found in manifest
01-01 08:00:45.672 I/imsrcsd ( 1330): Interface vendor.qti.ims.factory@1.0::IImsFactory default is found in manifest
01-01 08:00:45.675 I/HidlServiceManagement( 1330): Registered vendor.qti.ims.factory@1.0::IImsFactory/default (start delay of 797ms)
01-01 08:00:45.681 I/imsrcsd ( 1330): Interface vendor.qti.ims.callinfo@1.0::IService default is found in manifest
01-01 08:00:45.691 I/HidlServiceManagement( 1330): Registered vendor.qti.ims.callinfo@1.0::IService/default (start delay of 813ms)
01-01 08:00:45.691 I/imsrcsd ( 1330): ImsRcsBaseImpl ImsCallInfo After Registering Service
01-01 08:00:45.782 I/IntentFirewall( 1167): Read new rules (A:0 B:0 S:0)
01-01 08:00:45.821 D/AppOps ( 1167): AppOpsService published
01-01 08:00:45.834 D/SystemServerTiming( 1167): StartActivityManager took to complete: 855ms
01-01 08:00:45.834 I/SystemServerTiming( 1167): StartDataLoaderManagerService
01-01 08:00:45.834 I/SystemServiceManager( 1167): Starting com.android.server.pm.DataLoaderManagerService
01-01 08:00:45.845 D/SystemServerTiming( 1167): StartDataLoaderManagerService took to complete: 11ms
01-01 08:00:45.846 I/SystemServerTiming( 1167): StartIncrementalService
01-01 08:00:45.900 D/SystemServerTiming( 1167): StartIncrementalService took to complete: 54ms
01-01 08:00:45.900 I/SystemServerTiming( 1167): StartPowerManager
01-01 08:00:45.900 I/SystemServiceManager( 1167): Starting com.android.server.power.PowerManagerService
01-01 08:00:45.969 D/SystemServerTiming( 1167): StartPowerManager took to complete: 69ms
01-01 08:00:45.970 I/SystemServerTiming( 1167): StartThermalManager
01-01 08:00:45.970 I/SystemServiceManager( 1167): Starting com.android.server.power.ThermalManagerService
01-01 08:00:45.972 D/SystemServerTiming( 1167): StartThermalManager took to complete: 2ms
01-01 08:00:45.972 I/SystemServerTiming( 1167): StartHintManager
01-01 08:00:45.972 I/SystemServiceManager( 1167): Starting com.android.server.power.hint.HintManagerService
01-01 08:00:45.979 D/SystemServerTiming( 1167): StartHintManager took to complete: 7ms
01-01 08:00:45.980 I/SystemServerTiming( 1167): InitPowerManagement
01-01 08:00:45.990 D/SystemServerTiming( 1167): InitPowerManagement took to complete: 10ms
01-01 08:00:45.990 I/SystemServerTiming( 1167): StartRecoverySystemService
01-01 08:00:45.990 I/SystemServiceManager( 1167): Starting com.android.server.recoverysystem.RecoverySystemService$Lifecycle
01-01 08:00:46.006 D/SystemServerTiming( 1167): StartRecoverySystemService took to complete: 16ms
01-01 08:00:46.006 I/PackageWatchdog( 1167): Syncing state, reason: added new observer
01-01 08:00:46.006 I/PackageWatchdog( 1167): Not pruning observers, elapsed time: 0ms
01-01 08:00:46.006 I/PackageWatchdog( 1167): Cancelling state sync, nothing to sync
01-01 08:00:46.010 I/PackageWatchdog( 1167): Saving observer state to file
01-01 08:00:46.016 I/SystemServerTiming( 1167): StartLightsService
01-01 08:00:46.016 I/SystemServiceManager( 1167): Starting com.android.server.lights.LightsService
01-01 08:00:46.044 D/SystemServerTiming( 1167): StartLightsService took to complete: 28ms
01-01 08:00:46.044 I/SystemServerTiming( 1167): StartSidekickService
01-01 08:00:46.044 D/SystemServerTiming( 1167): StartSidekickService took to complete: 0ms
01-01 08:00:46.044 I/SystemServerTiming( 1167): StartDisplayManager
