04-10 17:16:36.797 I/hpplay-java( 2949): [main]:ServerBusiness:stopDaemonBusiness
04-10 17:16:36.797 I/hpplay-java( 2949): [main]:SinkDataReport:logout
04-10 17:16:36.798 I/hpplay-java( 2949): [main]:EPControl:release
04-10 17:16:36.806 I/hpplay-java( 2949): [main]:Dispatcher:notifyAllReverseControlsStop
04-10 17:16:36.807 I/hpplay-java( 2949): [main]:Preference:checkFeature none
04-10 17:16:36.807 I/hpplay-java( 2949): [main]:Dispatcher:notifyAllUIControlsStop set: []
04-10 17:16:36.807 I/hpplay-java( 2949): [main]:Upgrade:upgrade not be allowed
04-10 17:16:36.807 I/hpplay-java( 2949): [main]:Bridge:findServiceID start out: 105712791
04-10 17:16:36.807 I/hpplay-java( 2949): [main]:Bridge:findServiceID end
04-10 17:16:36.808 I/hpplay-java( 2949): [main]:ServerTaskManager:onStop retry:true
04-10 17:16:36.808 I/hpplay-java( 2949): [main]:ServerTaskManager:cancelTimeOutCheck
04-10 17:16:36.808 W/hpplay-java( 2949): NanoHTTPDServerRunnable:Communication with the client broken
04-10 17:16:36.808 W/hpplay-java( 2949): java.net.SocketException: Socket closed
04-10 17:16:36.808 W/hpplay-java( 2949): at java.net.PlainSocketImpl.socketAccept(PlainSocketImpl.java:213)
04-10 17:16:36.808 W/hpplay-java( 2949): at java.net.AbstractPlainSocketImpl.accept(AbstractPlainSocketImpl.java:451)
04-10 17:16:36.808 W/hpplay-java( 2949): at java.net.ServerSocket.implAccept(ServerSocket.java:547)
04-10 17:16:36.808 W/hpplay-java( 2949): at java.net.ServerSocket.accept(ServerSocket.java:515)
04-10 17:16:36.808 W/hpplay-java( 2949): at com.hpplay.nanohttpd.protocols.http.ServerRunnable.run(SourceFile:118)
04-10 17:16:36.808 W/hpplay-java( 2949): at java.lang.Thread.run(Thread.java:920)
04-10 17:16:36.808 I/hpplay-java( 2949): NanoHTTPDNanoHTTPD:server is stoped
04-10 17:16:36.808 I/hpplay-java( 2949): NanoHTTPDNanoHTTPD:clear obj
04-10 17:16:36.809 I/hpplay-java( 2949): [main]:IPManager:getActiveNets type: WIFI
04-10 17:16:36.809 I/hpplay-java( 2949): [main]:IPManager:getActiveNets eth0:false wifi:true mobile:false ap:false
04-10 17:16:36.809 I/hpplay-java( 2949): [main]:IPManager:getIPAddress IP_WLAN0
04-10 17:16:36.813 D/resolv ( 686): GetAddrInfoHandler::run: {111 262255 111 983151 10086 0}
04-10 17:16:36.813 D/resolv ( 686): resolv_getaddrinfo: explore_fqdn(): ai_family=0 ai_socktype=1 ai_protocol=6
04-10 17:16:36.815 I/hpplay-java( 2949): [AsyncTask #801]:GlideCreator:clearCache clearDiskCache
04-10 17:16:36.816 D/resolv ( 686): doQuery: (1, 1)
04-10 17:16:36.816 D/resolv ( 686): res_nmkquery: (QUERY, IN, A)
04-10 17:16:36.816 D/resolv ( 686): res_nsend
04-10 17:16:36.816 I/resolv ( 686): resolv_cache_lookup: lookup
04-10 17:16:36.816 I/resolv ( 686): resolv_cache_lookup: FOUND IN CACHE entry=0xb400006f119b1f20
04-10 17:16:36.817 D/resolv ( 686): doQuery: rcode=0, ancount=1
04-10 17:16:36.817 I/ResolverController( 686): No valid NAT64 prefix (111, /0)
04-10 17:16:36.825 I/hpplay-java( 2949): [main]:IPManager:updateIPAddress getIPAddress: 192.168.4.16 name:vlan4
04-10 17:16:36.825 I/hpplay-java( 2949): [main]:IPManager:updateIPAddress getIPAddress: 10.3.110.156 name:wlan0
04-10 17:16:36.825 I/hpplay-java( 2949): [main]:IPManager:updateIPAddress getIPAddress: 192.168.8.16 name:vlan8
04-10 17:16:36.825 I/hpplay-java( 2949): [main]:IPManager:updateIPAddress getIPAddress: 192.168.11.16 name:vlan11
04-10 17:16:36.825 I/hpplay-java( 2949): [main]:IPManager:updateIPAddress getIPAddress: 192.168.0.16 name:vlan0
04-10 17:16:36.826 I/hpplay-java( 2949): [main]:IPManager:updateIPAddress getIPAddress: 192.168.2.16 name:vlan2
04-10 17:16:36.826 I/hpplay-java( 2949): [main]:IPManager:updateIPAddress getIPAddress: 192.168.1.16 name:vlan1
04-10 17:16:36.826 I/hpplay-java( 2949): [main]:ServerTaskManager:exeTask startServer
04-10 17:16:36.827 I/hpplay-java( 2949): [main]:ServerTaskManager:startTimeOutCheck
04-10 17:16:36.827 I/hpplay-java( 2949): [AsyncTask #775]:ServerBusiness:startDaemonBusiness
04-10 17:16:36.827 I/hpplay-java( 2949): [AsyncTask #775]:TimeOutCheckUtil:addTask id:upgrade
04-10 17:16:36.827 I/hpplay-java( 2949): [AsyncTask #776]:Bridge:assembleInParameters
04-10 17:16:36.827 I/hpplay-java( 2949): [AsyncTask #775]:TimeOutCheckUtil:addTask id:ijkupgrade
04-10 17:16:36.828 I/hpplay-java( 2949): [AsyncTask #776]:Bridge:createDeviceId deviceId:Yjc6MmY6ZTc6MWI6ZmI6MTM=
04-10 17:16:36.829 I/hpplay-java( 2949): [AsyncTask #776]:IPManager:getActiveNets type: WIFI
04-10 17:16:36.829 I/hpplay-java( 2949): [AsyncTask #776]:IPManager:getActiveNets eth0:false wifi:true mobile:false ap:false
04-10 17:16:36.829 I/hpplay-java( 2949): [AsyncTask #776]:IPManager:getIPAddress IP_WLAN0
04-10 17:16:36.829 I/hpplay-java( 2949): [AsyncTask #776]:Preference:checkFeature none
04-10 17:16:36.829 I/hpplay-java( 2949): [AsyncTask #776]:SWI:dlna tip
04-10 17:16:36.829 I/hpplay-java( 2949): [AsyncTask #776]:SWI:lefp tip
04-10 17:16:36.830 I/hpplay-java( 2949): NanoHTTPDNanoHTTPD:server is started
04-10 17:16:36.830 I/hpplay-java( 2949): [AsyncTask #776]:Bridge:assembleInParameters none alias name use device name: 高合娱乐副屏
04-10 17:16:36.831 I/hpplay-java( 2949): [AsyncTask #776]:Feature:isSendAdvertisement
04-10 17:16:36.831 I/hpplay-java( 2949): [AsyncTask #776]:Preference:checkFeature none
04-10 17:16:36.831 I/hpplay-java( 2949): [AsyncTask #776]:Preference:checkFeature none
04-10 17:16:36.831 I/hpplay-java( 2949): [AsyncTask #776]:Bridge:backupHpplayDat bakPath:
04-10 17:16:36.831 I/hpplay-java( 2949): [AsyncTask #776]:Bridge:path:/data/user/0/com.hht.lebocast/files/hpplay/file/happyplay.dat
04-10 17:16:36.831 I/hpplay-java( 2949): [AsyncTask #776]:Bridge:mAppId:21409
04-10 17:16:36.831 I/hpplay-java( 2949): [AsyncTask #776]:Bridge:mode:3
04-10 17:16:36.831 I/hpplay-java( 2949): [AsyncTask #776]:Bridge:type:1
04-10 17:16:36.832 I/hpplay-java( 2949): [AsyncTask #776]:Bridge:SN:
04-10 17:16:36.832 I/hpplay-java( 2949): [AsyncTask #776]:Preference:checkFeature none
04-10 17:16:36.832 I/hpplay-java( 2949): [AsyncTask #776]:Bridge:backPath:
04-10 17:16:36.832 I/hpplay-java( 2949): [AsyncTask #776]:DeviceUtil:getPermissionDid: 1
04-10 17:16:36.832 I/hpplay-java( 2949): [AsyncTask #776]:DeviceUtil:getPermissionDid: 1
04-10 17:16:36.833 I/hpplay-java( 2949): [AsyncTask #776]:BPIFileUtil:getMd5ByFile: 0FA04FD08975C81CDD9275F6AE23A020
04-10 17:16:36.834 I/hpplay-java( 2949): [AsyncTask #776]:Preference:checkFeature none
04-10 17:16:36.834 I/hpplay-java( 2949): [AsyncTask #776]:Preference:checkFeature none
04-10 17:16:36.834 I/hpplay-java( 2949): [AsyncTask #776]:Preference:checkFeature none
04-10 17:16:36.834 I/hpplay-java( 2949): [AsyncTask #776]:Preference:checkFeature none
04-10 17:16:36.834 I/hpplay-java( 2949): [AsyncTask #776]:Preference:checkFeature none
04-10 17:16:36.838 W/hpplay-java( 2949): [AsyncTask #775]:ServerBusiness:startDaemonBusiness start LelinkHTTPD sucess 52288
04-10 17:16:36.840 I/hpplay-java( 2949): [main]:ServerBusiness:get deviceCode:2447728892
04-10 17:16:36.881 W/hpplay-java( 2949): [AsyncTask #776]:DeviceUtils:getDomain create lb domain
04-10 17:16:36.882 I/hpplay-java( 2949): [AsyncTask #776]:Feature:getMirrorAudioVideoSync DISABLE
04-10 17:16:36.882 I/hpplay-java( 2949): [AsyncTask #776]:Feature:checkSupportRedirectOtherApp,no set redirect api
04-10 17:16:36.882 I/hpplay-java( 2949): [AsyncTask #776]:Feature:getRedirectSearchFlag,value: 0
04-10 17:16:36.884 I/hpplay-java( 2949): [AsyncTask #776]:Bridge:mIn: InParameters{appInfo='0', appKey='21409', authMode=0, authPwd='null', broadcastDirection=0, broadcastState=1, broadcastTimeout=3, buildType='release', cacheAVPath='/data/user/0/com.hht.lebocast/cache/hpplay/av', cachePhotoPath='/data/user/0/com.hht.lebocast/cache/hpplay/image', channel='LEBO-APK--60146-25915', desPath='/data/user/0/com.hht.lebocast/files/hpplay/file/config/dcf', , deviceName='高合娱乐副屏', dlna=1, dlnaCompany='Microsoft Corporation', dlnaCompanyURL='http://www.microsoft.com', dlnaDeviceDescribe='Media Renderer', dlnaDeviceName='Windows Media Player', dlnaDeviceURL='http://go.microsoft.com/fwlink/Linkld=105927', dlnaLelinkSwitch=1, dlnaManufacturer=0, dlnaName='高合娱乐副屏', dlnaUPC='null', dlnaUUID='a93fd9d6-d472-3950-23da-6755509e8f24', domain='Lebo-figure-ee270c018d5c', drainage=0, feature='6655', fps=60, height=1080, host='null', , keyPath='/data/user/0/com.hht.lebocast/files/hpplay/file', lelinkfp=1, lelinkfp2=0, logBaseState=1, logPath='/storage/emulated/0/com.hht.lebocast/sink/sdk/common', , mdnsEnable=1, mirrorSyncType=0, netCastVer='2.0', packageName='com.hht.lebocast', packagePath='/data/user/0/com.hht.lebocast', permissionDid='ee:27:0c:01:8d:5c', permissionMode=3, permissionPreSN='', port=0, preemptMode=0, regType='_leboremote._tcp.', serverPorts=null, sockWaitTimeOut=45, teleControlPort=53388, tunnels=3, txtKeys=null, txtValues=null, uid='10000055383086', videoFrameType=1001, width=1920}com.hpplay.sdk.sink.protocol.InParameters@466a842
04-10 17:16:36.887 I/hpplay-java( 2949): [main]:Bridge:startServer state: 0
04-10 17:16:36.887 D/hpplay-base( 2949): [jniBridge:185] not conference version
04-10 17:16:36.887 I/hpplay-base( 2949): [jniBridge:241] 1initServer nSettingWidth=1920 nSettingHeight=1080 nSettingMaxFPS=60 dlnaEnable=1 lelinkFpEnable=1
04-10 17:16:36.888 D/hpplay-base( 2949): [jniBridge:283] 1initServer cfg.leLinkIp=10.3.110.156
04-10 17:16:36.888 D/hpplay-base( 2949): [jniBridge:286] 1initServer cfg.mPermissionMode=3
04-10 17:16:36.888 D/hpplay-base( 2949): [jniBridge:304] 1initServer cfg.permissionDid=ee:27:0c:01:8d:5c000000000000000
04-10 17:16:36.888 D/hpplay-base( 2949): [jniBridge:313] 1initServer cfg.mPermissionPreSN=00000000000000000000000000000000
04-10 17:16:36.888 D/hpplay-base( 2949): [jniBridge:317] Bridge___1initServer status:0
04-10 17:16:36.888 I/hpplay-base( 2949): [jniBridge:325] 1initServer cfg.feature=6655
04-10 17:16:36.888 D/hpplay-base( 2949): [jniBridge:377] 1initServer isSendBroadCast=3
04-10 17:16:36.888 D/hpplay-base( 2949): [jniBridge:380] 1initServer broadcastDirection=0
04-10 17:16:36.888 D/hpplay-base( 2949): [jniBridge:382] 1initServer ipBroadcast direction=0
04-10 17:16:36.888 D/hpplay-base( 2949): [jniBridge:387] 1initServer tunnel=3
04-10 17:16:36.889 D/hpplay-base( 2949): [jniBridge:390] 1initServer drainage=0
04-10 17:16:36.889 D/hpplay-base( 2949): [jniBridge:401] 1initServer mDNSEnable=1
04-10 17:16:36.889 D/hpplay-base( 2949): [jniBridge:406] 1initServer nSockWaitTimeOut=45
04-10 17:16:36.889 D/hpplay-base( 2949): [jniBridge:410] 1initServer nMirrorAudioVideoSync=0
04-10 17:16:36.889 I/hpplay-base( 2949): [sign_check:168] checkSign strPackageName:com.hht.lebocast
04-10 17:16:36.889 I/hpplay-base( 2949): [sign_check:169] checkSign buildType:release
04-10 17:16:36.889 I/hpplay-base( 2949): [sign_check:170] checkSign appKey:21409
04-10 17:16:36.889 D/hpplay-base( 2949): [LelinkBase:405] bridgeInit port: 0, lelinkfp: 0
04-10 17:16:36.889 D/hpplay-base( 2949): [LelinkBase:462] bridgeInit mPackagePath =/data/user/0/com.hht.lebocast
04-10 17:16:36.890 D/hpplay-base( 2949): [LelinkBase:463] bridgeInit mKeyPath =/data/user/0/com.hht.lebocast/files/hpplay/file
04-10 17:16:36.891 D/hpplay-base( 2949): [SinkContext:97] initSinkContext mPackagePath =/data/user/0/com.hht.lebocast
04-10 17:16:36.891 D/hpplay-base( 2949): [SinkContext:98] initSinkContext mKeyPath =/data/user/0/com.hht.lebocast/files/hpplay/file
04-10 17:16:36.891 D/hpplay-base( 2949): [jniBridge:478] Java_com_hpplay_sdk_sink_protocol_Bridge__1initServer end
04-10 17:16:36.891 D/hpplay-base( 2949): [jniBridge:869] Bridge__1startServer status:1
04-10 17:16:36.893 D/hpplay-base( 2949): [LelinkBase:492] startAllServer at base
04-10 17:16:36.893 D/hpplay-base( 2949): [lelinkSinkServer:152] httpPlugins_SetServerPort TYPE_SERVER_LELINK:52266
04-10 17:16:36.893 D/hpplay-base( 2949): [network.c:362] protocol bind host :10.3.110.156 port:52266 curent bind port:52266
04-10 17:16:36.893 D/hpplay-base( 2949): [lelinkSinkServer:681] HTTP Server real at:52266
04-10 17:16:36.894 D/hpplay-base( 2949): [ScreenStream:1285] current bind port:7100
04-10 17:16:36.895 D/hpplay-base( 2949): [LelinkBase:515] startAllServer pBaseContext->config.dlnaEnable:1
04-10 17:16:36.895 D/hpplay-base( 2949): [lelinkDlna:324] addDMRCallback end
04-10 17:16:36.895 D/hpplay-base( 2949): [stream_mirror_compat:759] compat mirror stream begin to run,server fd:997,thread_id:2700157376!!
04-10 17:16:36.895 D/hpplay-base( 2949): [lelinkSinkServer:644] Connected Service Type:0
04-10 17:16:36.896 I/hpplay-base( 2949): : (server.c.315) startServer listen_ing....:
04-10 17:16:36.896 D/hpplay-base( 2949): [Server:371] startHttpServer srv_sockets.used:1 nCurrentFd:994, tid is 19889
04-10 17:16:36.901 E/hpplay-base-dlna( 2949): miniserver.c:788::dlna_port(ipv4: 49152 ipv6:0)
04-10 17:16:36.933 I/hpplay-java( 2949): [AsyncTask #802]:HttpRequest:doGet responseCode:200 0
04-10 17:16:36.940 D/SntpClient( 1167): request time failed: java.net.SocketTimeoutException: Poll timed out
04-10 17:16:36.955 D/hpplay-base-dlna( 2949): [lebodlna-dlnaframe:166] succeed to load lebodlnaplugin
04-10 17:16:36.955 D/hpplay-base-dlna( 2949): [lebodlna-dlnaframe:232] Succeed to load specified plugin:lebodlna_plugin
04-10 17:16:36.955 D/hpplay-base( 2949): [lelinkDlna:328] startDLNAServer ret=0
04-10 17:16:36.955 D/hpplay-base( 2949): [LelinkBase:531] startDLNAServer ret= 0
04-10 17:16:36.955 D/hpplay-base( 2949): [lelinkDlna:342] setDMRFriendlyName 高合娱乐副屏
04-10 17:16:36.955 D/hpplay-base-dlna( 2949): [lebodlna-dlna_android:136] setBroadcastTimeout mBroadcastTimeOut=66 status=3!
04-10 17:16:36.955 D/hpplay-base-dlna( 2949): [lebodlna_api:32] start DMR
04-10 17:16:36.955 D/hpplay-base-dlna( 2949): [UpnpDefine:434] RegisterDMRender invalid lelink info
04-10 17:16:36.955 D/hpplay-base-dlna( 2949): [UpnpDefine:551] DLNA DESCRIPTION FROME SERVER
04-10 17:16:36.957 E/hpplay-base-dlna( 2949): upnpapi.c:1078::Exiting RegisterRootDevice2 *Hnd =1, return value == 0
04-10 17:16:36.957 D/hpplay-base-dlna( 2949): [CUpnpDevice:41] Register Root Device 2:0
04-10 17:16:36.957 D/hpplay-base-dlna( 2949): [UpnpDefine:794] ESDMRender:Register success
04-10 17:16:36.957 D/hpplay-base-dlna( 2949): [lebodlna_api:41] sendBroadcast mBroadcastTimeOut=3
04-10 17:16:36.957 D/hpplay-base-dlna( 2949): [lebodlna_api:44] sendBroadcast timeout=66
04-10 17:16:37.027 D/hpplay-base( 2949): [lelinkDlna:361] startDLNADevice dlnaManufacturer:0 ret=0
04-10 17:16:37.028 D/hpplay-base( 2949): [LelinkBase:535] lelinkSetDlnaInfo ret= 0
04-10 17:16:37.028 D/hpplay-base( 2949): [LelinkBase:547] startAllServer pBaseContext->config.mDNSEnable:1
04-10 17:16:37.029 D/hpplay-base( 2949): [base_mdns:509] mdns net.hostname:
04-10 17:16:37.030 D/hpplay-base( 2949): [base_mdns:529] mdns namelabel:-00-80-0F-74-31-00
04-10 17:16:37.030 D/hpplay-base( 2949): [base_mdns:509] mdns net.hostname:
04-10 17:16:37.030 D/hpplay-base( 2949): [base_mdns:529] mdns namelabel:-00-80-0F-74-31-00
04-10 17:16:37.031 D/hpplay-base( 2949): [mdns:813] mdns start bind port:0
04-10 17:16:37.041 D/hpplay-base( 2949): [mdns:813] mdns start bind port:5353
04-10 17:16:37.042 D/hpplay-base( 2949): [mdns:813] mdns start bind port:5353
04-10 17:16:37.043 D/hpplay-base( 2949): [mdns:813] mdns start bind port:5353
04-10 17:16:37.043 D/hpplay-base( 2949): [mdns:813] mdns start bind port:5353
04-10 17:16:37.044 D/hpplay-base( 2949): [mdns:813] mdns start bind port:5353
04-10 17:16:37.045 D/hpplay-base( 2949): [mdns:813] mdns start bind port:5353
04-10 17:16:37.046 D/hpplay-base( 2949): [mdns:813] mdns start bind port:5353
04-10 17:16:37.047 I/hpplay-base( 2949): [mDNSEmbeded:57] embedded_mDNSInit stopmDNSNow:0 status:0
04-10 17:16:37.047 D/hpplay-base( 2949): [mDNSEmbeded:436] startmDNSServer end nRet=0
04-10 17:16:37.047 D/hpplay-base( 2949): [LelinkBase:555] lelink broadcast_on_off:1 log2java_on_off:1
04-10 17:16:37.047 D/hpplay-base( 2949): [LelinkMDNS:729] leboAuthorizationCheck strUuid=ee:27:0c:01:8d:5c000000000000000
04-10 17:16:37.048 D/hpplay-base( 2949): [LelinkMDNS:730] leboAuthorizationCheck mPermissionDid=ee:27:0c:01:8d:5c000000000000000
04-10 17:16:37.048 D/hpplay-base( 2949): [LelinkMDNS:755] leboAuthorizationCheck mPermissionMac=ee:27:0c:01:8d:5c000000000000000
04-10 17:16:37.048 D/hpplay-base( 2949): [AEventUtils:595] request to start event handle service!!
04-10 17:16:37.048 D/hpplay-base( 2949): [AEventUtils:603] start_event_handle_service,begin to run!!
04-10 17:16:37.049 D/hpplay-base( 2949): [REventUtils:210] start_event_handle_service,begin to run!!
04-10 17:16:37.049 D/hpplay-base( 2949): [mDNSEmbeded:197] http_port bind check 197 http_port_check
04-10 17:16:37.050 D/hpplay-base( 2949): [LelinkBase:576] startAllServer success .
04-10 17:16:37.050 D/hpplay-base( 2949): [REventUtils:59] create handleREventThread thread ok!!,tid is 19909
04-10 17:16:37.050 D/hpplay-base( 2949): [jniBridge:894] startDlna_link:http://10.3.110.156:49152/description.xml
04-10 17:16:37.050 D/hpplay-base( 2949): [jniBridge:1081] notifyJavaDlnalink:http://10.3.110.156:49152/description.xml
04-10 17:16:37.050 D/hpplay-base( 2949): [jniBridge:1726] notifyJava, what:207, castType:0, mimeType:0 baseStatus:2
04-10 17:16:37.050 D/hpplay-base( 2949): [jniBridge:1727] notifyJava sessionID:(null)
04-10 17:16:37.051 D/hpplay-base( 2949): [AEventUtils:171] create handle AEvent thread ok!!,tid is 19908
04-10 17:16:37.051 I/hpplay-java( 2949): [Thread-1251]:Bridge:notify: what: 207
04-10 17:16:37.051 I/hpplay-base( 2949): [mDNSEmbeded:268] start lelink publish server, tid is 19906
04-10 17:16:37.052 I/hpplay-java( 2949): [Thread-1251]:Bridge:notify: out: OutParameters:{audioSessionId=-1, audiotrackIndex=0, castHandleType=-1, castType=0, deviceName='http://10.3.110.156:49152/description.xml', dlnaName='', dramaID='', extra=0, frameHandleType=-1, handleInside=true, headduration=0, header='', headers=null, isAD=false, isMultiMirror=false, lelinkVer='', limitTime=0, , mediaAlbum='null', mediaAlbumArtURI='', mediaArtist='null', mediaAssets='', mediaTitle='null', mimeType=0, multiSession=null, period=0, pinCode='', playSpeed=0.0, playerChoice=0, plugin=0, port=0, position=0.0, positionUnit=2, protocol=0, realSessionID='', regType='', , sinkIp='', sourceAPPVersion='', sourceChannel='', sourceClientInfo='', sourceDeviceInfo='', sourceDeviceModel='', sourceDeviceName='', sourceDeviceType=0, sourceHID='', , sourceInfo='', , , sourceOSVersion='', sourceSDKVersion='', sourceUid='', stopDetail=0, stopReason=0, tailduration=0, url='', urlID='', urls=null, userAgent='', videoDecoder=0, volume=0, what=207}com.hpplay.sdk.sink.protocol.OutParameters@9dacc08
04-10 17:16:37.052 I/hpplay-java( 2949): [Thread-1251]:Bridge:notify: address:42172321
04-10 17:16:37.053 D/resolv ( 686): GetHostByNameHandler::run: result: Success
04-10 17:16:37.054 D/hpplay-base( 2949): [mDNSEmbeded:217] http_port bind check 217 http_port_check
04-10 17:16:37.055 D/hpplay-base( 2949): [mDNSEmbeded:222] http_port bind check 222 http_port_check
04-10 17:16:37.059 E/hpplay-base( 2949): [connection.c:1498] fd count(1035)>1024 crash
04-10 17:16:37.060 D/hpplay-base( 2949): [fdevent_select:51] select mode fd:1035 select_max_fd:0
04-10 17:16:37.061 D/hpplay-base( 2949): [mDNSEmbeded:234] http_port bind check 234 http_port_check port:52266
04-10 17:16:37.061 D/hpplay-base( 2949): [mDNSEmbeded:237] http_port bind check 237 http_port_check
04-10 17:16:37.062 D/hpplay-base( 2949): [lelinkSinkServer:93] new client connection from 127.0.0.1 50310, fd=1035
04-10 17:16:37.062 D/hpplay-base( 2949): [SinkContext:137] addSinkContextSession,begin to run!!
04-10 17:16:37.062 D/hpplay-base( 2949): [SinkContext:142] addSinkContextSession,begin to get lock!!
04-10 17:16:37.062 D/hpplay-base( 2949): [SinkContext:144] addSinkContextSession,get lock ok!!
04-10 17:16:37.062 D/hpplay-base( 2949): [SinkContext:149] addSinkContextSession,session list is null,begin to malloc!!
04-10 17:16:37.062 D/hpplay-base( 2949): [SinkContext:156] addSinkContextSession,begin to update!!
04-10 17:16:37.062 D/hpplay-base( 2949): [SinkContext:160] addSinkContextSession,begin to update header!!
04-10 17:16:37.063 D/hpplay-base( 2949): [SinkContext:172] addSinkContextSession,begin to unlock!!
04-10 17:16:37.063 D/hpplay-base( 2949): [SinkContext:174] addSinkContextSession,unlock ok!!
04-10 17:16:37.063 D/hpplay-base( 2949): [LelinkReceiver:4908] get ping !!!
04-10 17:16:37.063 D/hpplay-base( 2949): [mDNSEmbeded:240] http_port bind check 240 http_port_check recieved:64
04-10 17:16:37.063 D/hpplay-base( 2949): [mDNSEmbeded:243] http_port bind check 243 http_port_check
04-10 17:16:37.063 D/hpplay-base( 2949): [mDNSEmbeded:244] http_port bind check ok!
01-01 15:10:52.558 W/audit ( 0): audit_lost=706323919 audit_rate_limit=5 audit_backlog_limit=64
01-01 15:10:52.566 E/audit ( 0): rate limit exceeded
04-10 17:16:37.139 W/event_loop( 1802): type=1400 audit(0.0:706440478): avc: denied { read } for lport=13400 scontext=u:r:hht_ota_mgr:s0 tcontext=u:r:hht_ota_mgr:s0 tclass=udp_socket permissive=0
04-10 17:16:37.139 W/event_loop( 1802): type=1400 audit(0.0:706440479): avc: denied { read } for lport=13400 scontext=u:r:hht_ota_mgr:s0 tcontext=u:r:hht_ota_mgr:s0 tclass=udp_socket permissive=0
04-10 17:16:37.139 W/event_loop( 1802): type=1400 audit(0.0:706440480): avc: denied { read } for lport=13400 scontext=u:r:hht_ota_mgr:s0 tcontext=u:r:hht_ota_mgr:s0 tclass=udp_socket permissive=0
04-10 17:16:37.139 W/event_loop( 1802): type=1400 audit(0.0:706440481): avc: denied { read } for lport=13400 scontext=u:r:hht_ota_mgr:s0 tcontext=u:r:hht_ota_mgr:s0 tclass=udp_socket permissive=0
04-10 17:16:37.139 W/event_loop( 1802): type=1400 audit(0.0:706440482): avc: denied { read } for lport=13400 scontext=u:r:hht_ota_mgr:s0 tcontext=u:r:hht_ota_mgr:s0 tclass=udp_socket permissive=0
04-10 17:16:37.266 I/hpplay-base( 2949): [LelinkReceiver:14605] _connectionFinalize (1035)
04-10 17:16:37.266 D/hpplay-base( 2949): [LelinkReceiver:14752] ###connectionFinalize,release ok!!###
04-10 17:16:37.323 D/hpplay-base( 2949): [LelinkMDNS:766] devicePermissionPublic leboPermissionCheck:-2
04-10 17:16:37.323 D/hpplay-base( 2949): [jniBridge:1125] com_hpplay_sdk_sink_protocol_Bridge_WHAT_SERVER_ERROR
04-10 17:16:37.323 D/hpplay-base( 2949): [jniBridge:1726] notifyJava, what:204, castType:0, mimeType:0 baseStatus:2
04-10 17:16:37.324 D/hpplay-base( 2949): [jniBridge:1727] notifyJava sessionID:(null)
04-10 17:16:37.325 I/hpplay-java( 2949): [Thread-1252]:Bridge:notify: what: 204
04-10 17:16:37.326 I/hpplay-java( 2949): [Thread-1252]:Bridge:notify: out: OutParameters:{audioSessionId=-1, audiotrackIndex=0, castHandleType=-1, castType=0, deviceName='', dlnaName='', dramaID='', extra=-2002, frameHandleType=-1, handleInside=true, headduration=0, header='', headers=null, isAD=false, isMultiMirror=false, lelinkVer='', limitTime=0, , mediaAlbum='null', mediaAlbumArtURI='', mediaArtist='null', mediaAssets='', mediaTitle='null', mimeType=0, multiSession=null, period=0, pinCode='', playSpeed=0.0, playerChoice=0, plugin=0, port=0, position=0.0, positionUnit=2, protocol=0, realSessionID='', regType='', , sinkIp='', sourceAPPVersion='', sourceChannel='', sourceClientInfo='', sourceDeviceInfo='', sourceDeviceModel='', sourceDeviceName='', sourceDeviceType=0, sourceHID='', , sourceInfo='', , , sourceOSVersion='', sourceSDKVersion='', sourceUid='', stopDetail=0, stopReason=0, tailduration=0, url='', urlID='', urls=null, userAgent='', videoDecoder=0, volume=0, what=204}com.hpplay.sdk.sink.protocol.OutParameters@a6695c6
04-10 17:16:37.326 I/hpplay-java( 2949): [Thread-1252]:Bridge:notify: address:208947591
04-10 17:16:37.326 I/hpplay-java( 2949): [main]:Bridge:findServiceID start out: 208947591
04-10 17:16:37.326 I/hpplay-base( 2949): [mDNSEmbeded:79] embedded_mDNSLoop stopmDNSNow:0 nPublish:-2 nExitFlag:6 tid is 19905
04-10 17:16:37.326 I/hpplay-java( 2949): [main]:Bridge:findServiceID end
04-10 17:16:37.326 E/hpplay-java( 2949): [main]:ServerTaskManager:onError 204/-2002 com.hht.lebocast.LelinkHelper$e@a53da3a
04-10 17:16:37.326 I/hpplay-java( 2949): [main]:ServerTaskManager:cancelTimeOutCheck
04-10 17:16:37.327 W/hpplay-java( 2949): [main]:ServerTaskManager:onErrorDispatcher errorCode:-2002
04-10 17:16:37.327 I/hpplay-java( 2949): [main]:ServerTaskManager:onError retry later
04-10 17:16:37.345 I/mpu_uart( 661): [MSG-P:RECV]:No message received in 1000 ms
04-10 17:16:37.494 I/hpplay-java( 2949): [AsyncTask #777]:HttpRequest:doGet responseCode:200 0
01-01 15:10:53.562 W/audit ( 0): audit_lost=706355460 audit_rate_limit=5 audit_backlog_limit=64
01-01 15:10:53.569 E/audit ( 0): rate limit exceeded
04-10 17:16:38.143 W/event_loop( 1802): type=1400 audit(0.0:706472065): avc: denied { read } for lport=13400 scontext=u:r:hht_ota_mgr:s0 tcontext=u:r:hht_ota_mgr:s0 tclass=udp_socket permissive=0
04-10 17:16:38.143 W/event_loop( 1802): type=1400 audit(0.0:706472066): avc: denied { read } for lport=13400 scontext=u:r:hht_ota_mgr:s0 tcontext=u:r:hht_ota_mgr:s0 tclass=udp_socket permissive=0
04-10 17:16:38.143 W/event_loop( 1802): type=1400 audit(0.0:706472067): avc: denied { read } for lport=13400 scontext=u:r:hht_ota_mgr:s0 tcontext=u:r:hht_ota_mgr:s0 tclass=udp_socket permissive=0
04-10 17:16:38.143 W/event_loop( 1802): type=1400 audit(0.0:706472068): avc: denied { read } for lport=13400 scontext=u:r:hht_ota_mgr:s0 tcontext=u:r:hht_ota_mgr:s0 tclass=udp_socket permissive=0
04-10 17:16:38.143 W/event_loop( 1802): type=1400 audit(0.0:706472069): avc: denied { read } for lport=13400 scontext=u:r:hht_ota_mgr:s0 tcontext=u:r:hht_ota_mgr:s0 tclass=udp_socket permissive=0
04-10 17:16:38.346 I/mpu_uart( 661): [MSG-P:RECV]:No message received in 1000 ms
01-01 15:10:54.566 W/audit ( 0): audit_lost=706387685 audit_rate_limit=5 audit_backlog_limit=64
01-01 15:10:54.573 E/audit ( 0): rate limit exceeded
04-10 17:16:39.143 W/event_loop( 1802): type=1400 audit(0.0:706504273): avc: denied { read } for lport=13400 scontext=u:r:hht_ota_mgr:s0 tcontext=u:r:hht_ota_mgr:s0 tclass=udp_socket permissive=0
04-10 17:16:39.147 W/event_loop( 1802): type=1400 audit(0.0:706504274): avc: denied { read } for lport=13400 scontext=u:r:hht_ota_mgr:s0 tcontext=u:r:hht_ota_mgr:s0 tclass=udp_socket permissive=0
04-10 17:16:39.147 W/event_loop( 1802): type=1400 audit(0.0:706504275): avc: denied { read } for lport=13400 scontext=u:r:hht_ota_mgr:s0 tcontext=u:r:hht_ota_mgr:s0 tclass=udp_socket permissive=0
04-10 17:16:39.147 W/event_loop( 1802): type=1400 audit(0.0:706504276): avc: denied { read } for lport=13400 scontext=u:r:hht_ota_mgr:s0 tcontext=u:r:hht_ota_mgr:s0 tclass=udp_socket permissive=0
04-10 17:16:39.147 W/event_loop( 1802): type=1400 audit(0.0:706504277): avc: denied { read } for lport=13400 scontext=u:r:hht_ota_mgr:s0 tcontext=u:r:hht_ota_mgr:s0 tclass=udp_socket permissive=0
04-10 17:16:39.194 I/mpu_uart( 661): [MSG-P:R]:recv sync frame timeout
04-10 17:16:39.346 I/mpu_uart( 661): [MSG-P:RECV]:No message received in 1000 ms
04-10 17:16:39.717 D/ConnectivityService( 1167): NetReassign [no changes]
01-01 15:10:55.570 W/audit ( 0): audit_lost=706419996 audit_rate_limit=5 audit_backlog_limit=64
01-01 15:10:55.578 E/audit ( 0): rate limit exceeded
04-10 17:16:40.147 W/event_loop( 1802): type=1400 audit(0.0:706536531): avc: denied { read } for lport=13400 scontext=u:r:hht_ota_mgr:s0 tcontext=u:r:hht_ota_mgr:s0 tclass=udp_socket permissive=0
04-10 17:16:40.151 W/event_loop( 1802): type=1400 audit(0.0:706536532): avc: denied { read } for lport=13400 scontext=u:r:hht_ota_mgr:s0 tcontext=u:r:hht_ota_mgr:s0 tclass=udp_socket permissive=0
04-10 17:16:40.151 W/event_loop( 1802): type=1400 audit(0.0:706536533): avc: denied { read } for lport=13400 scontext=u:r:hht_ota_mgr:s0 tcontext=u:r:hht_ota_mgr:s0 tclass=udp_socket permissive=0
04-10 17:16:40.151 W/event_loop( 1802): type=1400 audit(0.0:706536534): avc: denied { read } for lport=13400 scontext=u:r:hht_ota_mgr:s0 tcontext=u:r:hht_ota_mgr:s0 tclass=udp_socket permissive=0
04-10 17:16:40.151 W/event_loop( 1802): type=1400 audit(0.0:706536535): avc: denied { read } for lport=13400 scontext=u:r:hht_ota_mgr:s0 tcontext=u:r:hht_ota_mgr:s0 tclass=udp_socket permissive=0
04-10 17:16:40.329 I/hpplay-java( 2949): [main]:ServerTaskManager:restart by error
04-10 17:16:40.329 I/hpplay-java( 2949): [main]:ServerTaskManager:startServer
04-10 17:16:40.329 I/hpplay-java( 2949): [main]:ServerTaskManager:startServer add, reason: server is starting or running
04-10 17:16:40.330 I/hpplay-java( 2949): [main]:ServerTaskManager:addStopTask
04-10 17:16:40.330 I/hpplay-java( 2949): [main]:ServerTaskManager:addStartTask
04-10 17:16:40.330 I/hpplay-java( 2949): [main]:ServerTaskManager:exeTask stopServer
04-10 17:16:40.330 I/hpplay-java( 2949): [main]:Bridge:stopServer keepPush: false
04-10 17:16:40.330 D/hpplay-base( 2949): [jniBridge:909] Bridge__1stopServer status:2
04-10 17:16:40.333 D/hpplay-base( 2949): [LelinkBase:654] stopAllServer will start thread!
04-10 17:16:40.334 D/hpplay-base( 2949): [AEventUtils:588] handle AEvent thread end!!,tid is 19908
04-10 17:16:40.336 I/hpplay-base( 2949): [mDNSEmbeded:65] embedded_mDNSExit call
04-10 17:16:40.336 D/hpplay-base( 2949): [REventUtils:197] handleREventThread thread end!!,tid is 19909
04-10 17:16:40.347 I/mpu_uart( 661): [MSG-P:RECV]:No message received in 1000 ms
04-10 17:16:40.412 D/hpplay-base( 2949): [stream_mirror_compat:1284] mirror stream begin to exit,server fd:997,thread_id:2700157376!!
04-10 17:16:40.413 D/hpplay-base( 2949): [stream_mirror_compat:1323] ##screen stream exit successfully!!##
04-10 17:16:40.469 D/hpplay-base( 2949): [Server:447] startHttpServer will END srv->serverType:0
04-10 17:16:40.470 D/hpplay-base( 2949): [Server:646] startHttpServer cond srv_shutdown:1 connectNummber:0
04-10 17:16:40.470 D/hpplay-base( 2949): [Server:669] startHttpServer wait cond END. srv_shutdown:1 connectNummber:0
04-10 17:16:40.470 D/hpplay-base( 2949): [Server:457] HttpServer END, tid is 19889
04-10 17:16:41.028 I/hpplay-base( 2949): [mDNSEmbeded:140] embedded_mDNSLoop Exiting end,tid is 19905
04-10 17:16:41.030 F/libc ( 2949): stack corruption detected (-fstack-protector)
04-10 17:16:41.033 F/libc ( 2949): Fatal signal 6 (SIGABRT), code -1 (SI_QUEUE) in tid 19905 (Thread-1252), pid 2949 (om.hht.lebocast)
01-01 15:10:56.574 W/audit ( 0): audit_lost=706450767 audit_rate_limit=5 audit_backlog_limit=64
01-01 15:10:56.581 E/audit ( 0): rate limit exceeded
04-10 17:16:41.155 W/event_loop( 1802): type=1400 audit(0.0:706567305): avc: denied { read } for lport=13400 scontext=u:r:hht_ota_mgr:s0 tcontext=u:r:hht_ota_mgr:s0 tclass=udp_socket permissive=0
04-10 17:16:41.155 W/event_loop( 1802): type=1400 audit(0.0:706567306): avc: denied { read } for lport=13400 scontext=u:r:hht_ota_mgr:s0 tcontext=u:r:hht_ota_mgr:s0 tclass=udp_socket permissive=0
04-10 17:16:41.155 W/event_loop( 1802): type=1400 audit(0.0:706567307): avc: denied { read } for lport=13400 scontext=u:r:hht_ota_mgr:s0 tcontext=u:r:hht_ota_mgr:s0 tclass=udp_socket permissive=0
04-10 17:16:41.155 W/event_loop( 1802): type=1400 audit(0.0:706567308): avc: denied { read } for lport=13400 scontext=u:r:hht_ota_mgr:s0 tcontext=u:r:hht_ota_mgr:s0 tclass=udp_socket permissive=0
04-10 17:16:41.155 W/event_loop( 1802): type=1400 audit(0.0:706567309): avc: denied { read } for lport=13400 scontext=u:r:hht_ota_mgr:s0 tcontext=u:r:hht_ota_mgr:s0 tclass=udp_socket permissive=0
04-10 17:16:41.347 I/mpu_uart( 661): [MSG-P:RECV]:No message received in 1000 ms
04-10 17:16:41.442 I/crash_dump32(19920): obtaining output fd from tombstoned, type: kDebuggerdTombstoneProto
04-10 17:16:41.444 I/tombstoned( 644): received crash request for pid 19905
04-10 17:16:41.446 I/crash_dump32(19920): performing dump of process 2949 (target tid = 19905)
04-10 17:16:41.462 E/DEBUG (19920): failed to read /proc/uptime: Permission denied
04-10 17:16:41.950 D/SntpClient( 1167): request time failed: java.net.SocketTimeoutException: Poll timed out
01-01 15:10:57.578 W/audit ( 0): audit_lost=706481954 audit_rate_limit=5 audit_backlog_limit=64
01-01 15:10:57.585 E/audit ( 0): rate limit exceeded
04-10 17:16:42.159 W/event_loop( 1802): type=1400 audit(0.0:706598488): avc: denied { read } for lport=13400 scontext=u:r:hht_ota_mgr:s0 tcontext=u:r:hht_ota_mgr:s0 tclass=udp_socket permissive=0
04-10 17:16:42.159 W/event_loop( 1802): type=1400 audit(0.0:706598489): avc: denied { read } for lport=13400 scontext=u:r:hht_ota_mgr:s0 tcontext=u:r:hht_ota_mgr:s0 tclass=udp_socket permissive=0
04-10 17:16:42.159 W/event_loop( 1802): type=1400 audit(0.0:706598490): avc: denied { read } for lport=13400 scontext=u:r:hht_ota_mgr:s0 tcontext=u:r:hht_ota_mgr:s0 tclass=udp_socket permissive=0
04-10 17:16:42.159 W/event_loop( 1802): type=1400 audit(0.0:706598491): avc: denied { read } for lport=13400 scontext=u:r:hht_ota_mgr:s0 tcontext=u:r:hht_ota_mgr:s0 tclass=udp_socket permissive=0
04-10 17:16:42.159 W/event_loop( 1802): type=1400 audit(0.0:706598492): avc: denied { read } for lport=13400 scontext=u:r:hht_ota_mgr:s0 tcontext=u:r:hht_ota_mgr:s0 tclass=udp_socket permissive=0
04-10 17:16:42.197 I/mpu_uart( 661): [MSG-P:R]:recv sync frame timeout
04-10 17:16:42.276 F/DEBUG (19920): *** *** *** *** *** *** *** *** *** *** *** *** *** *** *** ***
04-10 17:16:42.276 F/DEBUG (19920): Build fingerprint: 'TC/figure_CN/figure:12/SKQ1.220201.001/2645:userdebug/test-keys'
04-10 17:16:42.276 F/DEBUG (19920): Revision: '0'
04-10 17:16:42.276 F/DEBUG (19920): ABI: 'arm'
04-10 17:16:42.276 F/DEBUG (19920): Timestamp: 2023-04-10 17:16:41.461721156+0800
04-10 17:16:42.276 F/DEBUG (19920): Process uptime: 0s
04-10 17:16:42.276 F/DEBUG (19920): Cmdline: com.hht.lebocast
04-10 17:16:42.277 F/DEBUG (19920): pid: 2949, tid: 19905, name: Thread-1252 >>> com.hht.lebocast <<<
04-10 17:16:42.277 F/DEBUG (19920): uid: 10086
04-10 17:16:42.277 F/DEBUG (19920): signal 6 (SIGABRT), code -1 (SI_QUEUE), fault addr --------
04-10 17:16:42.277 F/DEBUG (19920): Abort message: 'stack corruption detected (-fstack-protector)'
04-10 17:16:42.277 F/DEBUG (19920): r0 00000000 r1 00004dc1 r2 00000006 r3 9d1d4fb0
04-10 17:16:42.278 F/DEBUG (19920): r4 9d1d4fc4 r5 9d1d4fa8 r6 00000b85 r7 0000016b
04-10 17:16:42.278 F/DEBUG (19920): r8 9d1d4fb0 r9 9d1d4fc0 r10 9d1d4fe0 r11 9d1d4fd0
04-10 17:16:42.278 F/DEBUG (19920): ip 00004dc1 sp 9d1d4f80 lr f5c04e55 pc f5c04e68
04-10 17:16:42.278 F/DEBUG (19920): backtrace:
04-10 17:16:42.278 F/DEBUG (19920): NOTE: Function names and BuildId information is missing for some frames due
04-10 17:16:42.278 F/DEBUG (19920): NOTE: to unreadable libraries. For unwinds of apps, only shared libraries
04-10 17:16:42.278 F/DEBUG (19920): NOTE: found under the lib/ directory are readable.
04-10 17:16:42.278 F/DEBUG (19920): NOTE: On this device, run setenforce 0 to make the libraries readable.
04-10 17:16:42.278 F/DEBUG (19920): #00 pc 00038e68 /apex/com.android.runtime/lib/bionic/libc.so (abort+172) (BuildId: cc194ef76ee932851b23cc2e4f46d55f)
04-10 17:16:42.278 F/DEBUG (19920): #01 pc 00046b93 /apex/com.android.runtime/lib/bionic/libc.so (__stack_chk_fail+10) (BuildId: cc194ef76ee932851b23cc2e4f46d55f)
04-10 17:16:42.279 F/DEBUG (19920): #02 pc 002cda0c /data/data/com.hht.lebocast/files/hpplay/common/liblelink.so
04-10 17:16:42.279 F/DEBUG (19920): #03 pc 002cee80 /data/data/com.hht.lebocast/files/hpplay/common/liblelink.so
04-10 17:16:42.279 F/DEBUG (19920): #04 pc 0024ef2c /data/data/com.hht.lebocast/files/hpplay/common/liblelink.so
04-10 17:16:42.279 F/DEBUG (19920): #05 pc 00080db7 /apex/com.android.runtime/lib/bionic/libc.so (__pthread_start(void*)+40) (BuildId: cc194ef76ee932851b23cc2e4f46d55f)
04-10 17:16:42.279 F/DEBUG (19920): #06 pc 00039d93 /apex/com.android.runtime/lib/bionic/libc.so (__start_thread+30) (BuildId: cc194ef76ee932851b23cc2e4f46d55f)
04-10 17:16:42.348 I/mpu_uart( 661): [MSG-P:RECV]:No message received in 1000 ms
04-10 17:16:42.351 E/crash_dump32(19920): AM data write failed: Broken pipe
04-10 17:16:42.355 E/tombstoned( 644): Tombstone written to: tombstone_00
04-10 17:16:42.385 I/BootReceiver( 1167): Copying /data/tombstones/tombstone_00 to DropBox (SYSTEM_TOMBSTONE)
01-01 15:10:57.854 I/init ( 0): Untracked pid 19920 exited with status 0
04-10 17:16:42.387 I/DropBoxManagerService( 1167): add tag=SYSTEM_TOMBSTONE isTagEnabled=true flags=0x6
04-10 17:16:42.422 E/NativeTombstoneManager( 1167): Tombstone has invalid selinux label (u:r:platform_app:s0:c512,c768), ignoring
04-10 17:16:42.423 I/DropBoxManagerService( 1167): add tag=SYSTEM_TOMBSTONE_PROTO isTagEnabled=true flags=0x4
04-10 17:16:42.508 I/ActivityManager( 1167): Process com.hht.lebocast (pid 2949) has died: pers PER
04-10 17:16:42.509 I/Zygote ( 688): Process 2949 exited due to signal 6 (Aborted)
04-10 17:16:42.512 W/ActivityManager( 1167): Scheduling restart of crashed service com.hht.lebocast/com.hpplay.sdk.sink.business.DaemonService in 0ms for persistent
04-10 17:16:42.512 W/ActivityManager( 1167): Scheduling restart of crashed service com.hht.lebocast/.CastService in 0ms for persistent
04-10 17:16:42.513 W/ActivityManager( 1167): Re-adding persistent process ProcessRecord{24624d2 2949:com.hht.lebocast/u0a86}
04-10 17:16:42.515 D/CompatibilityChangeReporter( 1167): Compat change id reported: 135634846; UID 10086; state: DISABLED
04-10 17:16:42.515 D/CompatibilityChangeReporter( 1167): Compat change id reported: 143937733; UID 10086; state: ENABLED
04-10 17:16:42.519 E/ActivityManager( 1167): Restarting service that is not needed: ServiceRecord{c29f62d u0 com.hht.lebocast/com.hpplay.sdk.sink.business.DaemonService}
04-10 17:16:42.522 I/DropBoxManagerService( 1167): add tag=system_server_wtf isTagEnabled=true flags=0x2
04-10 17:16:42.540 D/Zygote ( 688): Forked child process 19925
04-10 17:16:42.541 I/ActivityManager( 1167): Start proc 19925:com.hht.lebocast/u0a86 for restart com.hht.lebocast
04-10 17:16:42.565 W/om.hht.lebocas(19925): Using default instruction set features for ARM CPU variant (cortex-a9) using conservative defaults
04-10 17:16:42.571 I/adbd ( 2858): jdwp connection from 19925
04-10 17:16:42.578 D/ProcessState(19925): Binder ioctl to enable oneway spam detection failed: Invalid argument
01-01 15:10:58.045 I/binder ( 0): 19925:19925 ioctl 40046210 ffc378a8 returned -22
01-01 15:10:58.059 I/init ( 0): Untracked pid 19922 exited with status 0
04-10 17:16:42.586 D/CompatibilityInfo( 1167): mCompatibilityFlags - 4
04-10 17:16:42.586 D/CompatibilityInfo( 1167): applicationDensity - 240
04-10 17:16:42.586 D/CompatibilityInfo( 1167): applicationScale - 1.0
04-10 17:16:42.592 D/CompatibilityInfo( 1167): mCompatibilityFlags - 4
04-10 17:16:42.592 D/CompatibilityInfo( 1167): applicationDensity - 240
04-10 17:16:42.592 D/CompatibilityInfo( 1167): applicationScale - 1.0
04-10 17:16:42.594 E/ActivityManager( 1167): Restarting service that is not needed: ServiceRecord{c29f62d u0 com.hht.lebocast/com.hpplay.sdk.sink.business.DaemonService}
04-10 17:16:42.594 I/libprocessgroup( 1167): Successfully killed process cgroup uid 10086 pid 2949 in 85ms
04-10 17:16:42.595 I/DropBoxManagerService( 1167): add tag=system_server_wtf isTagEnabled=true flags=0x2
04-10 17:16:42.597 D/CompatibilityChangeReporter(19925): Compat change id reported: 171979766; UID 10086; state: ENABLED
04-10 17:16:42.615 I/Perf (19925): Connecting to perf service.
04-10 17:16:42.620 V/GraphicsEnvironment(19925): ANGLE Developer option for 'com.hht.lebocast' set to: 'default'
04-10 17:16:42.620 V/GraphicsEnvironment(19925): ANGLE GameManagerService for com.hht.lebocast: false
04-10 17:16:42.622 D/NetworkSecurityConfig(19925): No Network Security Config specified, using platform default
04-10 17:16:42.622 D/NetworkSecurityConfig(19925): No Network Security Config specified, using platform default
04-10 17:16:42.624 I/hpplay (19925): [main]:CastService:onCreate
04-10 17:16:42.626 I/hpplay-java(19925): [main]:LelinkCastWrapper:LelinkCastImpl context/key: com.hht.lebocast.CastApplication@77a01a4/21409,soPath:null,sdcardDataDir:null
04-10 17:16:42.627 I/hpplay-java(19925): [main]:ContextPath:initDirs,appPath:/system_ext/app/TCCast
04-10 17:16:42.636 E/MediaProvider( 3133): Creating a non-default top level directory or deleting an existing one is not allowed!
04-10 17:16:42.638 E/MediaProvider( 3133): Creating a non-default top level directory or deleting an existing one is not allowed!
04-10 17:16:42.646 E/MediaProvider( 3133): Creating a non-default top level directory or deleting an existing one is not allowed!
04-10 17:16:42.648 E/MediaProvider( 3133): Creating a non-default top level directory or deleting an existing one is not allowed!
04-10 17:16:42.657 E/MediaProvider( 3133): Creating a non-default top level directory or deleting an existing one is not allowed!
04-10 17:16:42.659 E/MediaProvider( 3133): Creating a non-default top level directory or deleting an existing one is not allowed!
04-10 17:16:42.668 E/MediaProvider( 3133): Creating a non-default top level directory or deleting an existing one is not allowed!
04-10 17:16:42.670 E/MediaProvider( 3133): Creating a non-default top level directory or deleting an existing one is not allowed!
04-10 17:16:42.679 E/MediaProvider( 3133): Creating a non-default top level directory or deleting an existing one is not allowed!
04-10 17:16:42.681 E/MediaProvider( 3133): Creating a non-default top level directory or deleting an existing one is not allowed!
04-10 17:16:42.689 E/MediaProvider( 3133): Creating a non-default top level directory or deleting an existing one is not allowed!
04-10 17:16:42.691 E/MediaProvider( 3133): Creating a non-default top level directory or deleting an existing one is not allowed!
04-10 17:16:42.692 I/hpplay-java(19925): [main]:ContextPath:initDirs,libPathParent:/data/user/0/com.hht.lebocast
04-10 17:16:42.694 I/hpplay-java(19925): [main]:ModuleLoader:loadClass
04-10 17:16:42.698 I/hpplay-java(19925): [AsyncTask #1]:ModuleLoader:checkDex API_VERSION:60146, BU_VERSION:25915
04-10 17:16:42.700 I/hpplay (19925): [main]:Utils:getIPAddress: 192.168.4.16
04-10 17:16:42.700 I/hpplay (19925): [main]:Utils:getIPAddress: 10.3.110.156
04-10 17:16:42.700 I/hpplay (19925): [main]:Utils:ip: 156
04-10 17:16:42.700 I/hpplay (19925): [main]:Utils:createDeviceName: 高合娱乐副屏
04-10 17:16:42.700 I/hpplay (19925): [main]:LelinkHelper:startServer mCurrentName: newName: 高合娱乐副屏
04-10 17:16:42.701 I/hpplay-java(19925): [main]:LelinkCastWrapper:startServer mSDKLoadState: 0
04-10 17:16:42.701 I/hpplay-java(19925): [main]:LelinkCastWrapper:startServer will do later because of load SDK STATE_IDLE
04-10 17:16:42.706 I/hpplay-java(19925): [AsyncTask #1]:ModuleLoader:getVersionCode version:1
04-10 17:16:42.746 E/MediaProvider( 3133): Creating a non-default top level directory or deleting an existing one is not allowed!
04-10 17:16:42.751 E/MediaProvider( 3133): Creating a non-default top level directory or deleting an existing one is not allowed!
04-10 17:16:42.757 I/hpplay-java(19925): [AsyncTask #1]:ModuleLoader:cleanUpdateFolders info.getAbsolutePath():/data/user/0/com.hht.lebocast/files/hpplay/hpdata/60146/25915
04-10 17:16:42.757 I/hpplay-java(19925): [AsyncTask #1]:ModuleLoader:cleanUpdateFolders version:25915,BU_VERSION_CODE:25915
04-10 17:16:42.759 I/hpplay-java(19925): [AsyncTask #1]:APIFileUtil:api:60146
04-10 17:16:42.759 I/hpplay-java(19925): bu:25915
04-10 17:16:42.759 I/hpplay-java(19925): bu.dat:8e341f457a45b8f69e4cc88b37633a3c
04-10 17:16:42.759 I/hpplay-java(19925): [AsyncTask #1]:APIFileUtil:getMd5ByFile: /data/user/0/com.hht.lebocast/files/hpplay/hpdata/60146/25915/bu.dex
04-10 17:16:42.769 I/hpplay-java(19925): [AsyncTask #1]:APIFileUtil:getMd5ByFile: 8e341f457a45b8f69e4cc88b37633a3c
04-10 17:16:42.769 I/hpplay-java(19925): [AsyncTask #1]:APIFileUtil:getMd5ByFile: /data/user/0/com.hht.lebocast/files/hpplay/hpdata/60146/25915/liblelink.so
04-10 17:16:42.770 I/hpplay-java(19925): [AsyncTask #1]:APIFileUtil:api:60146
04-10 17:16:42.770 I/hpplay-java(19925): bu:25915
04-10 17:16:42.770 I/hpplay-java(19925): bu.dat:8e341f457a45b8f69e4cc88b37633a3c
04-10 17:16:42.770 I/hpplay-java(19925): [AsyncTask #1]:APIFileUtil:getMd5ByFile: /data/user/0/com.hht.lebocast/files/hpplay/hpdata/60146/25915/bu.dex
04-10 17:16:42.779 I/hpplay-java(19925): [AsyncTask #1]:APIFileUtil:getMd5ByFile: 8e341f457a45b8f69e4cc88b37633a3c
04-10 17:16:42.779 I/hpplay-java(19925): [AsyncTask #1]:APIFileUtil:getMd5ByFile: /data/user/0/com.hht.lebocast/files/hpplay/hpdata/60146/25915/liblelink.so
04-10 17:16:42.779 I/hpplay-java(19925): [AsyncTask #1]:ModuleLoader:checkDex cleanedFolders size:1
04-10 17:16:42.795 E/MediaProvider( 3133): Creating a non-default top level directory or deleting an existing one is not allowed!
04-10 17:16:42.797 E/MediaProvider( 3133): Creating a non-default top level directory or deleting an existing one is not allowed!
04-10 17:16:42.800 W/hpplay-java(19925): [AsyncTask #1]:APIFileUtil:java.io.FileNotFoundException: /storage/emulated/0/com.hht.lebocast/sink/sdk/hpdata/60146/25915/bu.dex: open failed: ENOENT (No such file or directory)
04-10 17:16:42.800 W/hpplay-java(19925): at libcore.io.IoBridge.open(IoBridge.java:575)
04-10 17:16:42.800 W/hpplay-java(19925): at java.io.FileOutputStream.(FileOutputStream.java:236)
04-10 17:16:42.800 W/hpplay-java(19925): at java.io.FileOutputStream.(FileOutputStream.java:186)
04-10 17:16:42.800 W/hpplay-java(19925): at com.hpplay.sdk.sink.util.APIFileUtil.a(SourceFile:4)
04-10 17:16:42.800 W/hpplay-java(19925): at com.hpplay.sdk.sink.util.APIFileUtil.a(SourceFile:34)
04-10 17:16:42.800 W/hpplay-java(19925): at com.hpplay.sdk.sink.proxy.ModuleLoader.c(SourceFile:12)
04-10 17:16:42.800 W/hpplay-java(19925): at com.hpplay.sdk.sink.proxy.ModuleLoader.d(SourceFile:14)
04-10 17:16:42.800 W/hpplay-java(19925): at com.hpplay.sdk.sink.proxy.ModuleLoader.c(SourceFile:1)
04-10 17:16:42.800 W/hpplay-java(19925): at com.hpplay.sdk.sink.proxy.ModuleLoader$2.call(SourceFile:1)
04-10 17:16:42.800 W/hpplay-java(19925): at com.hpplay.common.asyncmanager.AsyncCallableJob.doInBackground(SourceFile:1)
04-10 17:16:42.800 W/hpplay-java(19925): at android.os.AsyncTask$3.call(AsyncTask.java:394)
04-10 17:16:42.800 W/hpplay-java(19925): at java.util.concurrent.FutureTask.run(FutureTask.java:266)
04-10 17:16:42.800 W/hpplay-java(19925): at java.util.concurrent.ThreadPoolExecutor.runWorker(ThreadPoolExecutor.java:1167)
04-10 17:16:42.800 W/hpplay-java(19925): at java.util.concurrent.ThreadPoolExecutor$Worker.run(ThreadPoolExecutor.java:641)
04-10 17:16:42.800 W/hpplay-java(19925): at java.lang.Thread.run(Thread.java:920)
04-10 17:16:42.800 W/hpplay-java(19925): Caused by: android.system.ErrnoException: open failed: ENOENT (No such file or directory)
04-10 17:16:42.800 W/hpplay-java(19925): at libcore.io.Linux.open(Native Method)
04-10 17:16:42.800 W/hpplay-java(19925): at libcore.io.ForwardingOs.open(ForwardingOs.java:567)
04-10 17:16:42.800 W/hpplay-java(19925): at libcore.io.BlockGuardOs.open(BlockGuardOs.java:273)
04-10 17:16:42.800 W/hpplay-java(19925): at libcore.io.ForwardingOs.open(ForwardingOs.java:567)
04-10 17:16:42.800 W/hpplay-java(19925): at android.app.ActivityThread$AndroidOs.open(ActivityThread.java:7766)
04-10 17:16:42.800 W/hpplay-java(19925): at libcore.io.IoBridge.open(IoBridge.java:561)
04-10 17:16:42.800 W/hpplay-java(19925): ... 14 more
04-10 17:16:42.801 W/hpplay-java(19925): [AsyncTask #1]:APIFileUtil:java.io.FileNotFoundException: /storage/emulated/0/com.hht.lebocast/sink/sdk/hpdata/60146/25915/config.dat: open failed: ENOENT (No such file or directory)
04-10 17:16:42.801 W/hpplay-java(19925): at libcore.io.IoBridge.open(IoBridge.java:575)
04-10 17:16:42.801 W/hpplay-java(19925): at java.io.FileOutputStream.(FileOutputStream.java:236)
04-10 17:16:42.801 W/hpplay-java(19925): at java.io.FileOutputStream.(FileOutputStream.java:186)
04-10 17:16:42.801 W/hpplay-java(19925): at com.hpplay.sdk.sink.util.APIFileUtil.a(SourceFile:4)
04-10 17:16:42.801 W/hpplay-java(19925): at com.hpplay.sdk.sink.util.APIFileUtil.a(SourceFile:34)
04-10 17:16:42.801 W/hpplay-java(19925): at com.hpplay.sdk.sink.proxy.ModuleLoader.c(SourceFile:12)
04-10 17:16:42.801 W/hpplay-java(19925): at com.hpplay.sdk.sink.proxy.ModuleLoader.d(SourceFile:14)
04-10 17:16:42.801 W/hpplay-java(19925): at com.hpplay.sdk.sink.proxy.ModuleLoader.c(SourceFile:1)
04-10 17:16:42.801 W/hpplay-java(19925): at com.hpplay.sdk.sink.proxy.ModuleLoader$2.call(SourceFile:1)
04-10 17:16:42.801 W/hpplay-java(19925): at com.hpplay.common.asyncmanager.AsyncCallableJob.doInBackground(SourceFile:1)
04-10 17:16:42.801 W/hpplay-java(19925): at android.os.AsyncTask$3.call(AsyncTask.java:394)
04-10 17:16:42.801 W/hpplay-java(19925): at java.util.concurrent.FutureTask.run(FutureTask.java:266)
04-10 17:16:42.801 W/hpplay-java(19925): at java.util.concurrent.ThreadPoolExecutor.runWorker(ThreadPoolExecutor.java:1167)
04-10 17:16:42.801 W/hpplay-java(19925): at java.util.concurrent.ThreadPoolExecutor$Worker.run(ThreadPoolExecutor.java:641)
04-10 17:16:42.801 W/hpplay-java(19925): at java.lang.Thread.run(Thread.java:920)
04-10 17:16:42.801 W/hpplay-java(19925): Caused by: android.system.ErrnoException: open failed: ENOENT (No such file or directory)
04-10 17:16:42.801 W/hpplay-java(19925): at libcore.io.Linux.open(Native Method)
04-10 17:16:42.801 W/hpplay-java(19925): at libcore.io.ForwardingOs.open(ForwardingOs.java:567)
04-10 17:16:42.801 W/hpplay-java(19925): at libcore.io.BlockGuardOs.open(BlockGuardOs.java:273)
04-10 17:16:42.801 W/hpplay-java(19925): at libcore.io.ForwardingOs.open(ForwardingOs.java:567)
04-10 17:16:42.801 W/hpplay-java(19925): at android.app.ActivityThread$AndroidOs.open(ActivityThread.java:7766)
04-10 17:16:42.801 W/hpplay-java(19925): at libcore.io.IoBridge.open(IoBridge.java:561)
04-10 17:16:42.801 W/hpplay-java(19925): ... 14 more
04-10 17:16:42.818 E/MediaProvider( 3133): Creating a non-default top level directory or deleting an existing one is not allowed!
