04-10 13:15:26.424 E/DisplayDeviceConfig( 1167): requesting nits when no mapping exists.
04-10 13:15:26.440 E/DisplayDeviceConfig( 1167): requesting nits when no mapping exists.
04-10 13:15:26.441 E/DisplayDeviceConfig( 1167): requesting nits when no mapping exists.
04-10 13:15:26.457 E/DisplayDeviceConfig( 1167): requesting nits when no mapping exists.
04-10 13:15:26.457 E/DisplayDeviceConfig( 1167): requesting nits when no mapping exists.
04-10 13:15:26.474 E/DisplayDeviceConfig( 1167): requesting nits when no mapping exists.
04-10 13:15:26.474 E/DisplayDeviceConfig( 1167): requesting nits when no mapping exists.
04-10 13:16:02.146 W/FreeFormWindowHelper( 1167): Current Display FreeFormTask is null
04-10 13:16:02.149 W/FreeFormWindowHelper( 1167): Current Display FreeFormTask is null
04-10 13:16:02.156 I/DreamManagerService( 1167): Gently waking up from dream.
04-10 13:16:02.160 W/FreeFormWindowHelper( 1167): Current Display FreeFormTask is null
04-10 13:16:02.163 W/FreeFormWindowHelper( 1167): Current Display FreeFormTask is null
04-10 13:16:02.163 I/DreamManagerService( 1167): Performing gentle wake from dream.
04-10 13:16:02.165 W/FreeFormWindowHelper( 1167): Current Display FreeFormTask is null
04-10 13:16:02.165 W/FreeFormWindowHelper( 1167): Current Display FreeFormTask is null
04-10 13:16:02.166 W/FreeFormWindowHelper( 1167): Current Display FreeFormTask is null
04-10 13:16:02.168 W/FreeFormWindowHelper( 1167): Current Display FreeFormTask is null
04-10 13:16:02.185 I/ActivityTaskManager( 1167): FOREGROUND_APPLICATION_CHANGED to com.android.launcher3.uioverrides.QuickstepLauncher
04-10 13:16:02.190 W/FreeFormWindowHelper( 1167): Current Display FreeFormTask is null
04-10 13:16:02.191 W/FreeFormWindowHelper( 1167): Current Display FreeFormTask is null
04-10 13:16:02.225 W/FreeFormWindowHelper( 1167): Current Display FreeFormTask is null
04-10 13:16:02.226 W/FreeFormWindowHelper( 1167): Current Display FreeFormTask is null
04-10 13:16:02.235 W/FreeFormWindowHelper( 1167): Current Display FreeFormTask is null
04-10 13:16:02.236 W/FreeFormWindowHelper( 1167): Current Display FreeFormTask is null
04-10 13:16:02.237 W/FreeFormWindowHelper( 1167): Current Display FreeFormTask is null
04-10 13:16:02.238 W/FreeFormWindowHelper( 1167): Current Display FreeFormTask is null
04-10 13:16:02.243 I/PowerManagerService( 1167): Powering on display group fromDreaming (groupId=0, uid=1000, reason=WAKE_REASON_UNKNOWN, details=android.server.power:DREAM_FINISHED)...
04-10 13:16:02.243 I/PowerManagerService( 1167): Waking up from Dreaming (uid=1000, reason=WAKE_REASON_UNKNOWN, details=android.server.power:DREAM_FINISHED)...
04-10 13:16:02.290 W/FreeFormWindowHelper( 1167): exitRecentTasks type=0
04-10 13:16:02.296 W/FreeFormWindowHelper( 1167): Current Display FreeFormTask is null
04-10 13:16:02.296 W/FreeFormWindowHelper( 1167): Current Display FreeFormTask is null
04-10 13:16:02.300 W/FreeFormWindowHelper( 1167): Current Display FreeFormTask is null
04-10 13:16:02.311 W/FreeFormWindowHelper( 1167): Current Display FreeFormTask is null
04-10 13:16:02.312 W/FreeFormWindowHelper( 1167): Current Display FreeFormTask is null
04-10 13:16:02.317 I/DreamManagerService( 1167): Leaving dreamland.
04-10 13:16:02.319 I/DreamManagerService( 1167): Performing gentle wake from dream.
04-10 13:16:02.319 I/DreamController( 1167): Stopping dream: name=ComponentInfo{com.thundercomm.screensaver/com.thundercomm.screensaver.service.SystemDream}, isTest=false, canDoze=false, userId=0, reason='finished self'(from 'finished self')
04-10 13:16:02.329 W/FreeFormWindowHelper( 1167): Current Display FreeFormTask is null
04-10 13:16:02.329 W/FreeFormWindowHelper( 1167): Current Display FreeFormTask is null
04-10 13:16:02.341 W/ActivityTaskManager( 1167): Can't find TaskDisplayArea to determine support for multi window. Task id=78 attached=false
04-10 13:16:02.394 W/FreeFormWindowHelper( 1167): Current Display FreeFormTask is null
04-10 13:16:02.395 W/FreeFormWindowHelper( 1167): Current Display FreeFormTask is null
04-10 13:16:02.428 W/FreeFormWindowHelper( 1167): Current Display FreeFormTask is null
04-10 13:16:02.428 W/FreeFormWindowHelper( 1167): Current Display FreeFormTask is null
04-10 13:16:02.461 W/FreeFormWindowHelper( 1167): Current Display FreeFormTask is null
04-10 13:16:02.461 W/FreeFormWindowHelper( 1167): Current Display FreeFormTask is null
04-10 13:16:03.078 W/FreeFormWindowHelper( 1167): Current Display FreeFormTask is null
04-10 13:16:03.079 W/FreeFormWindowHelper( 1167): Current Display FreeFormTask is null
04-10 13:16:03.187 W/FreeFormWindowHelper( 1167): Current Display FreeFormTask is null
04-10 13:16:14.166 I/wificond( 1293): New channel on frequency: 5320
04-10 13:16:19.499 E/wificond( 1293): Failed to get NL80211_STA_INFO_TX_PACKETS
04-10 13:16:19.638 W/ContextImpl( 1167): Calling a method in the system process without a qualified user: android.app.ContextImpl.sendStickyBroadcast:1559 com.android.server.ConnectivityService.sendStickyBroadcast:2811 com.android.server.ConnectivityService.sendLegacyNetworkBroadcast:8732 com.android.server.ConnectivityService$LegacyTypeTracker.remove:1007 com.android.server.ConnectivityService$LegacyTypeTracker.remove:1024
04-10 13:16:19.732 D/android.hardware.wifi@1.0-service( 951): Successfully SetMacAddress.
04-10 13:16:55.275 V/DisplayPowerController[0]( 1167): Brightness [0.05] reason changing to: 'manual [ dim ]', previous reason: 'manual'.
04-10 13:16:55.275 W/PowerManagerService( 1167): Screen on took 53032 ms
04-10 13:16:55.288 E/DisplayDeviceConfig( 1167): requesting nits when no mapping exists.
04-10 13:16:55.289 E/DisplayDeviceConfig( 1167): requesting nits when no mapping exists.
04-10 13:16:55.292 I/DropBoxManagerService( 1167): add tag=system_server_wtf isTagEnabled=true flags=0x2
04-10 13:16:55.297 I/DropBoxManagerService( 1167): add tag=system_server_wtf isTagEnabled=true flags=0x2
04-10 13:16:55.305 E/DisplayDeviceConfig( 1167): requesting nits when no mapping exists.
04-10 13:16:55.306 E/DisplayDeviceConfig( 1167): requesting nits when no mapping exists.
04-10 13:16:55.310 I/DropBoxManagerService( 1167): add tag=system_server_wtf isTagEnabled=true flags=0x2
04-10 13:16:55.314 I/DropBoxManagerService( 1167): add tag=system_server_wtf isTagEnabled=true flags=0x2
04-10 13:16:55.322 E/DisplayDeviceConfig( 1167): requesting nits when no mapping exists.
04-10 13:16:55.322 E/DisplayDeviceConfig( 1167): requesting nits when no mapping exists.
04-10 13:16:55.324 I/DropBoxManagerService( 1167): add tag=system_server_wtf isTagEnabled=true flags=0x2
04-10 13:16:55.338 E/DisplayDeviceConfig( 1167): requesting nits when no mapping exists.
04-10 13:16:55.338 E/DisplayDeviceConfig( 1167): requesting nits when no mapping exists.
04-10 13:16:55.354 E/DisplayDeviceConfig( 1167): requesting nits when no mapping exists.
04-10 13:16:55.355 E/DisplayDeviceConfig( 1167): requesting nits when no mapping exists.
04-10 13:16:55.371 E/DisplayDeviceConfig( 1167): requesting nits when no mapping exists.
04-10 13:16:55.371 E/DisplayDeviceConfig( 1167): requesting nits when no mapping exists.
04-10 13:16:55.388 E/DisplayDeviceConfig( 1167): requesting nits when no mapping exists.
04-10 13:16:55.388 E/DisplayDeviceConfig( 1167): requesting nits when no mapping exists.
04-10 13:16:55.404 E/DisplayDeviceConfig( 1167): requesting nits when no mapping exists.
04-10 13:16:55.405 E/DisplayDeviceConfig( 1167): requesting nits when no mapping exists.
04-10 13:16:55.421 E/DisplayDeviceConfig( 1167): requesting nits when no mapping exists.
04-10 13:16:55.422 E/DisplayDeviceConfig( 1167): requesting nits when no mapping exists.
04-10 13:16:55.438 E/DisplayDeviceConfig( 1167): requesting nits when no mapping exists.
04-10 13:16:55.438 E/DisplayDeviceConfig( 1167): requesting nits when no mapping exists.
04-10 13:16:55.455 E/DisplayDeviceConfig( 1167): requesting nits when no mapping exists.
04-10 13:16:55.455 E/DisplayDeviceConfig( 1167): requesting nits when no mapping exists.
04-10 13:16:55.471 E/DisplayDeviceConfig( 1167): requesting nits when no mapping exists.
04-10 13:16:55.472 E/DisplayDeviceConfig( 1167): requesting nits when no mapping exists.
04-10 13:16:55.488 E/DisplayDeviceConfig( 1167): requesting nits when no mapping exists.
04-10 13:16:55.489 E/DisplayDeviceConfig( 1167): requesting nits when no mapping exists.
04-10 13:16:55.505 E/DisplayDeviceConfig( 1167): requesting nits when no mapping exists.
04-10 13:16:55.505 E/DisplayDeviceConfig( 1167): requesting nits when no mapping exists.
04-10 13:16:55.521 E/DisplayDeviceConfig( 1167): requesting nits when no mapping exists.
04-10 13:16:55.522 E/DisplayDeviceConfig( 1167): requesting nits when no mapping exists.
04-10 13:16:55.538 E/DisplayDeviceConfig( 1167): requesting nits when no mapping exists.
04-10 13:16:55.539 E/DisplayDeviceConfig( 1167): requesting nits when no mapping exists.
04-10 13:16:55.555 E/DisplayDeviceConfig( 1167): requesting nits when no mapping exists.
04-10 13:16:55.555 E/DisplayDeviceConfig( 1167): requesting nits when no mapping exists.
04-10 13:16:55.572 E/DisplayDeviceConfig( 1167): requesting nits when no mapping exists.
04-10 13:16:55.572 E/DisplayDeviceConfig( 1167): requesting nits when no mapping exists.
04-10 13:16:55.588 E/DisplayDeviceConfig( 1167): requesting nits when no mapping exists.
04-10 13:16:55.589 E/DisplayDeviceConfig( 1167): requesting nits when no mapping exists.
04-10 13:16:55.605 E/DisplayDeviceConfig( 1167): requesting nits when no mapping exists.
04-10 13:16:55.606 E/DisplayDeviceConfig( 1167): requesting nits when no mapping exists.
04-10 13:16:55.623 E/DisplayDeviceConfig( 1167): requesting nits when no mapping exists.
04-10 13:16:55.623 E/DisplayDeviceConfig( 1167): requesting nits when no mapping exists.
04-10 13:16:55.638 E/DisplayDeviceConfig( 1167): requesting nits when no mapping exists.
04-10 13:16:55.639 E/DisplayDeviceConfig( 1167): requesting nits when no mapping exists.
04-10 13:16:55.655 E/DisplayDeviceConfig( 1167): requesting nits when no mapping exists.
04-10 13:16:55.656 E/DisplayDeviceConfig( 1167): requesting nits when no mapping exists.
04-10 13:16:55.672 E/DisplayDeviceConfig( 1167): requesting nits when no mapping exists.
04-10 13:16:55.673 E/DisplayDeviceConfig( 1167): requesting nits when no mapping exists.
04-10 13:16:55.689 E/DisplayDeviceConfig( 1167): requesting nits when no mapping exists.
04-10 13:16:55.689 E/DisplayDeviceConfig( 1167): requesting nits when no mapping exists.
04-10 13:16:55.705 E/DisplayDeviceConfig( 1167): requesting nits when no mapping exists.
04-10 13:16:55.706 E/DisplayDeviceConfig( 1167): requesting nits when no mapping exists.
04-10 13:16:55.722 E/DisplayDeviceConfig( 1167): requesting nits when no mapping exists.
04-10 13:16:55.722 E/DisplayDeviceConfig( 1167): requesting nits when no mapping exists.
04-10 13:16:55.738 E/DisplayDeviceConfig( 1167): requesting nits when no mapping exists.
04-10 13:16:55.739 E/DisplayDeviceConfig( 1167): requesting nits when no mapping exists.
04-10 13:16:55.755 E/DisplayDeviceConfig( 1167): requesting nits when no mapping exists.
04-10 13:16:55.756 E/DisplayDeviceConfig( 1167): requesting nits when no mapping exists.
04-10 13:16:55.772 E/DisplayDeviceConfig( 1167): requesting nits when no mapping exists.
04-10 13:16:55.773 E/DisplayDeviceConfig( 1167): requesting nits when no mapping exists.
04-10 13:16:55.789 E/DisplayDeviceConfig( 1167): requesting nits when no mapping exists.
04-10 13:16:55.789 E/DisplayDeviceConfig( 1167): requesting nits when no mapping exists.
04-10 13:16:55.806 E/DisplayDeviceConfig( 1167): requesting nits when no mapping exists.
04-10 13:16:55.806 E/DisplayDeviceConfig( 1167): requesting nits when no mapping exists.
04-10 13:16:55.822 E/DisplayDeviceConfig( 1167): requesting nits when no mapping exists.
04-10 13:16:55.823 E/DisplayDeviceConfig( 1167): requesting nits when no mapping exists.
04-10 13:16:55.839 E/DisplayDeviceConfig( 1167): requesting nits when no mapping exists.
04-10 13:16:55.839 E/DisplayDeviceConfig( 1167): requesting nits when no mapping exists.
04-10 13:16:55.856 E/DisplayDeviceConfig( 1167): requesting nits when no mapping exists.
04-10 13:16:55.856 E/DisplayDeviceConfig( 1167): requesting nits when no mapping exists.
04-10 13:16:55.872 E/DisplayDeviceConfig( 1167): requesting nits when no mapping exists.
04-10 13:16:55.873 E/DisplayDeviceConfig( 1167): requesting nits when no mapping exists.
04-10 13:16:55.890 E/DisplayDeviceConfig( 1167): requesting nits when no mapping exists.
04-10 13:16:55.890 E/DisplayDeviceConfig( 1167): requesting nits when no mapping exists.
04-10 13:16:55.906 E/DisplayDeviceConfig( 1167): requesting nits when no mapping exists.
04-10 13:16:55.906 E/DisplayDeviceConfig( 1167): requesting nits when no mapping exists.
04-10 13:16:55.922 E/DisplayDeviceConfig( 1167): requesting nits when no mapping exists.
04-10 13:16:55.923 E/DisplayDeviceConfig( 1167): requesting nits when no mapping exists.
04-10 13:16:55.939 E/DisplayDeviceConfig( 1167): requesting nits when no mapping exists.
04-10 13:16:55.940 E/DisplayDeviceConfig( 1167): requesting nits when no mapping exists.
04-10 13:16:55.956 E/DisplayDeviceConfig( 1167): requesting nits when no mapping exists.
04-10 13:16:55.956 E/DisplayDeviceConfig( 1167): requesting nits when no mapping exists.
04-10 13:16:55.973 E/DisplayDeviceConfig( 1167): requesting nits when no mapping exists.
04-10 13:16:55.973 E/DisplayDeviceConfig( 1167): requesting nits when no mapping exists.
04-10 13:16:55.989 E/DisplayDeviceConfig( 1167): requesting nits when no mapping exists.
04-10 13:16:55.990 E/DisplayDeviceConfig( 1167): requesting nits when no mapping exists.
04-10 13:16:56.006 E/DisplayDeviceConfig( 1167): requesting nits when no mapping exists.
04-10 13:16:56.006 E/DisplayDeviceConfig( 1167): requesting nits when no mapping exists.
04-10 13:16:56.023 E/DisplayDeviceConfig( 1167): requesting nits when no mapping exists.
04-10 13:16:56.023 E/DisplayDeviceConfig( 1167): requesting nits when no mapping exists.
04-10 13:16:56.040 E/DisplayDeviceConfig( 1167): requesting nits when no mapping exists.
04-10 13:16:56.041 E/DisplayDeviceConfig( 1167): requesting nits when no mapping exists.
04-10 13:16:56.056 E/DisplayDeviceConfig( 1167): requesting nits when no mapping exists.
04-10 13:16:56.056 E/DisplayDeviceConfig( 1167): requesting nits when no mapping exists.
04-10 13:16:56.073 E/DisplayDeviceConfig( 1167): requesting nits when no mapping exists.
04-10 13:16:56.073 E/DisplayDeviceConfig( 1167): requesting nits when no mapping exists.
04-10 13:16:56.089 E/DisplayDeviceConfig( 1167): requesting nits when no mapping exists.
04-10 13:16:56.090 E/DisplayDeviceConfig( 1167): requesting nits when no mapping exists.
04-10 13:16:56.106 E/DisplayDeviceConfig( 1167): requesting nits when no mapping exists.
04-10 13:16:56.106 E/DisplayDeviceConfig( 1167): requesting nits when no mapping exists.
04-10 13:16:56.123 E/DisplayDeviceConfig( 1167): requesting nits when no mapping exists.
04-10 13:16:56.123 E/DisplayDeviceConfig( 1167): requesting nits when no mapping exists.
04-10 13:16:56.139 E/DisplayDeviceConfig( 1167): requesting nits when no mapping exists.
04-10 13:16:56.140 E/DisplayDeviceConfig( 1167): requesting nits when no mapping exists.
04-10 13:16:56.156 E/DisplayDeviceConfig( 1167): requesting nits when no mapping exists.
04-10 13:16:56.157 E/DisplayDeviceConfig( 1167): requesting nits when no mapping exists.
04-10 13:16:56.173 E/DisplayDeviceConfig( 1167): requesting nits when no mapping exists.
04-10 13:16:56.173 E/DisplayDeviceConfig( 1167): requesting nits when no mapping exists.
04-10 13:16:56.190 E/DisplayDeviceConfig( 1167): requesting nits when no mapping exists.
04-10 13:16:56.190 E/DisplayDeviceConfig( 1167): requesting nits when no mapping exists.
04-10 13:16:56.206 E/DisplayDeviceConfig( 1167): requesting nits when no mapping exists.
04-10 13:16:56.207 E/DisplayDeviceConfig( 1167): requesting nits when no mapping exists.
04-10 13:16:56.223 E/DisplayDeviceConfig( 1167): requesting nits when no mapping exists.
04-10 13:16:56.223 E/DisplayDeviceConfig( 1167): requesting nits when no mapping exists.
04-10 13:17:02.271 I/PowerManagerService( 1167): Napping display group (groupId=0, uid=1000)...
04-10 13:17:02.271 I/PowerManagerService( 1167): Nap time (uid 1000)...
04-10 13:17:02.275 I/DreamManagerService( 1167): Entering dreamland.
04-10 13:17:02.280 I/PowerManagerService( 1167): Dreaming...
04-10 13:17:02.286 I/DreamController( 1167): Starting dream: name=ComponentInfo{com.thundercomm.screensaver/com.thundercomm.screensaver.service.SystemDream}, isTest=false, canDoze=false, userId=0
04-10 13:17:02.299 I/ActivityTaskManager( 1167): START u0 {flg=0x10000000 pkg=com.thundercomm.screensaver cmp=com.thundercomm.screensaver/android.service.dreams.DreamActivity (has extras)} from uid 10050
04-10 13:17:02.303 W/ActivityTaskManager( 1167): Can't find TaskDisplayArea to determine support for multi window. Task id=79 attached=false
04-10 13:17:02.315 I/ActivityTaskManager( 1167): FOREGROUND_APPLICATION_CHANGED to android.service.dreams.DreamActivity
04-10 13:17:02.316 I/ActivityTaskManager( 1167): The Process com.thundercomm.screensaver Already Exists in BG. So sending its PID: 4517
04-10 13:17:02.316 W/ActivityTaskManager( 1167): Tried to set launchTime (0) < mLastActivityLaunchTime (11374330)
04-10 13:17:02.338 W/WindowManager( 1167): Failed looking up window session=Session{b7bae30 4517:u0a10050} callers=com.android.server.wm.WindowManagerService.windowForClientLocked:5628 com.android.server.wm.Session.insetsModified:629 android.view.IWindowSession$Stub.onTransact:1151
04-10 13:17:02.383 V/DisplayPowerController[0]( 1167): Brightness [1.0] reason changing to: 'manual', previous reason: 'manual [ dim ]'.
04-10 13:17:02.388 E/DisplayDeviceConfig( 1167): requesting nits when no mapping exists.
04-10 13:17:02.388 E/DisplayDeviceConfig( 1167): requesting nits when no mapping exists.
04-10 13:17:02.404 E/DisplayDeviceConfig( 1167): requesting nits when no mapping exists.
04-10 13:17:02.405 E/DisplayDeviceConfig( 1167): requesting nits when no mapping exists.
04-10 13:17:02.422 E/DisplayDeviceConfig( 1167): requesting nits when no mapping exists.
04-10 13:17:02.422 W/FreeFormWindowHelper( 1167): Current Display FreeFormTask is null
04-10 13:17:02.422 E/DisplayDeviceConfig( 1167): requesting nits when no mapping exists.
04-10 13:17:02.438 E/DisplayDeviceConfig( 1167): requesting nits when no mapping exists.
04-10 13:17:02.438 E/DisplayDeviceConfig( 1167): requesting nits when no mapping exists.
04-10 13:17:02.455 E/DisplayDeviceConfig( 1167): requesting nits when no mapping exists.
04-10 13:17:02.455 E/DisplayDeviceConfig( 1167): requesting nits when no mapping exists.
04-10 13:17:02.472 E/DisplayDeviceConfig( 1167): requesting nits when no mapping exists.
04-10 13:17:02.472 E/DisplayDeviceConfig( 1167): requesting nits when no mapping exists.
04-10 13:17:02.488 E/DisplayDeviceConfig( 1167): requesting nits when no mapping exists.
04-10 13:17:02.488 E/DisplayDeviceConfig( 1167): requesting nits when no mapping exists.
04-10 13:17:02.505 E/DisplayDeviceConfig( 1167): requesting nits when no mapping exists.
04-10 13:17:02.505 E/DisplayDeviceConfig( 1167): requesting nits when no mapping exists.
04-10 13:17:02.521 E/DisplayDeviceConfig( 1167): requesting nits when no mapping exists.
04-10 13:17:02.522 E/DisplayDeviceConfig( 1167): requesting nits when no mapping exists.
04-10 13:17:02.538 E/DisplayDeviceConfig( 1167): requesting nits when no mapping exists.
04-10 13:17:02.539 E/DisplayDeviceConfig( 1167): requesting nits when no mapping exists.
04-10 13:17:02.555 E/DisplayDeviceConfig( 1167): requesting nits when no mapping exists.
04-10 13:17:02.555 E/DisplayDeviceConfig( 1167): requesting nits when no mapping exists.
04-10 13:17:02.571 E/DisplayDeviceConfig( 1167): requesting nits when no mapping exists.
04-10 13:17:02.572 E/DisplayDeviceConfig( 1167): requesting nits when no mapping exists.
04-10 13:17:02.588 E/DisplayDeviceConfig( 1167): requesting nits when no mapping exists.
04-10 13:17:02.588 E/DisplayDeviceConfig( 1167): requesting nits when no mapping exists.
04-10 13:17:02.605 E/DisplayDeviceConfig( 1167): requesting nits when no mapping exists.
04-10 13:17:02.605 E/DisplayDeviceConfig( 1167): requesting nits when no mapping exists.
04-10 13:17:02.621 E/DisplayDeviceConfig( 1167): requesting nits when no mapping exists.
04-10 13:17:02.622 E/DisplayDeviceConfig( 1167): requesting nits when no mapping exists.
04-10 13:17:02.638 E/DisplayDeviceConfig( 1167): requesting nits when no mapping exists.
04-10 13:17:02.638 E/DisplayDeviceConfig( 1167): requesting nits when no mapping exists.
04-10 13:17:02.655 E/DisplayDeviceConfig( 1167): requesting nits when no mapping exists.
04-10 13:17:02.655 E/DisplayDeviceConfig( 1167): requesting nits when no mapping exists.
04-10 13:17:02.673 E/DisplayDeviceConfig( 1167): requesting nits when no mapping exists.
04-10 13:17:02.673 E/DisplayDeviceConfig( 1167): requesting nits when no mapping exists.
04-10 13:17:02.689 E/DisplayDeviceConfig( 1167): requesting nits when no mapping exists.
04-10 13:17:02.690 E/DisplayDeviceConfig( 1167): requesting nits when no mapping exists.
04-10 13:17:02.705 E/DisplayDeviceConfig( 1167): requesting nits when no mapping exists.
04-10 13:17:02.706 E/DisplayDeviceConfig( 1167): requesting nits when no mapping exists.
04-10 13:17:02.722 E/DisplayDeviceConfig( 1167): requesting nits when no mapping exists.
04-10 13:17:02.722 E/DisplayDeviceConfig( 1167): requesting nits when no mapping exists.
04-10 13:17:02.738 E/DisplayDeviceConfig( 1167): requesting nits when no mapping exists.
04-10 13:17:02.738 E/DisplayDeviceConfig( 1167): requesting nits when no mapping exists.
04-10 13:17:02.755 E/DisplayDeviceConfig( 1167): requesting nits when no mapping exists.
04-10 13:17:02.756 E/DisplayDeviceConfig( 1167): requesting nits when no mapping exists.
04-10 13:17:02.772 E/DisplayDeviceConfig( 1167): requesting nits when no mapping exists.
04-10 13:17:02.772 E/DisplayDeviceConfig( 1167): requesting nits when no mapping exists.
04-10 13:17:02.789 E/DisplayDeviceConfig( 1167): requesting nits when no mapping exists.
04-10 13:17:02.789 E/DisplayDeviceConfig( 1167): requesting nits when no mapping exists.
04-10 13:17:02.805 E/DisplayDeviceConfig( 1167): requesting nits when no mapping exists.
04-10 13:17:02.806 E/DisplayDeviceConfig( 1167): requesting nits when no mapping exists.
04-10 13:17:02.822 E/DisplayDeviceConfig( 1167): requesting nits when no mapping exists.
04-10 13:17:02.822 E/DisplayDeviceConfig( 1167): requesting nits when no mapping exists.
04-10 13:17:02.839 E/DisplayDeviceConfig( 1167): requesting nits when no mapping exists.
04-10 13:17:02.839 E/DisplayDeviceConfig( 1167): requesting nits when no mapping exists.
04-10 13:17:02.855 E/DisplayDeviceConfig( 1167): requesting nits when no mapping exists.
04-10 13:17:02.856 E/DisplayDeviceConfig( 1167): requesting nits when no mapping exists.
04-10 13:17:02.875 E/DisplayDeviceConfig( 1167): requesting nits when no mapping exists.
04-10 13:17:02.876 E/DisplayDeviceConfig( 1167): requesting nits when no mapping exists.
04-10 13:17:02.889 E/DisplayDeviceConfig( 1167): requesting nits when no mapping exists.
04-10 13:17:02.889 E/DisplayDeviceConfig( 1167): requesting nits when no mapping exists.
04-10 13:17:02.906 E/DisplayDeviceConfig( 1167): requesting nits when no mapping exists.
04-10 13:17:02.906 E/DisplayDeviceConfig( 1167): requesting nits when no mapping exists.
04-10 13:17:02.922 E/DisplayDeviceConfig( 1167): requesting nits when no mapping exists.
04-10 13:17:02.923 E/DisplayDeviceConfig( 1167): requesting nits when no mapping exists.
04-10 13:17:02.939 E/DisplayDeviceConfig( 1167): requesting nits when no mapping exists.
04-10 13:17:02.939 E/DisplayDeviceConfig( 1167): requesting nits when no mapping exists.
04-10 13:17:02.956 E/DisplayDeviceConfig( 1167): requesting nits when no mapping exists.
04-10 13:17:02.956 E/DisplayDeviceConfig( 1167): requesting nits when no mapping exists.
04-10 13:17:02.972 E/DisplayDeviceConfig( 1167): requesting nits when no mapping exists.
04-10 13:17:02.973 E/DisplayDeviceConfig( 1167): requesting nits when no mapping exists.
04-10 13:17:02.989 E/DisplayDeviceConfig( 1167): requesting nits when no mapping exists.
04-10 13:17:02.989 E/DisplayDeviceConfig( 1167): requesting nits when no mapping exists.
04-10 13:17:03.006 E/DisplayDeviceConfig( 1167): requesting nits when no mapping exists.
04-10 13:17:03.006 E/DisplayDeviceConfig( 1167): requesting nits when no mapping exists.
04-10 13:17:03.023 E/DisplayDeviceConfig( 1167): requesting nits when no mapping exists.
04-10 13:17:03.023 E/DisplayDeviceConfig( 1167): requesting nits when no mapping exists.
04-10 13:17:03.039 E/DisplayDeviceConfig( 1167): requesting nits when no mapping exists.
04-10 13:17:03.039 E/DisplayDeviceConfig( 1167): requesting nits when no mapping exists.
04-10 13:17:03.056 E/DisplayDeviceConfig( 1167): requesting nits when no mapping exists.
04-10 13:17:03.056 E/DisplayDeviceConfig( 1167): requesting nits when no mapping exists.
04-10 13:17:03.073 E/DisplayDeviceConfig( 1167): requesting nits when no mapping exists.
04-10 13:17:03.073 E/DisplayDeviceConfig( 1167): requesting nits when no mapping exists.
04-10 13:17:03.089 E/DisplayDeviceConfig( 1167): requesting nits when no mapping exists.
04-10 13:17:03.090 E/DisplayDeviceConfig( 1167): requesting nits when no mapping exists.
04-10 13:17:03.106 E/DisplayDeviceConfig( 1167): requesting nits when no mapping exists.
04-10 13:17:03.106 E/DisplayDeviceConfig( 1167): requesting nits when no mapping exists.
04-10 13:17:03.123 E/DisplayDeviceConfig( 1167): requesting nits when no mapping exists.
04-10 13:17:03.123 E/DisplayDeviceConfig( 1167): requesting nits when no mapping exists.
04-10 13:17:03.139 E/DisplayDeviceConfig( 1167): requesting nits when no mapping exists.
04-10 13:17:03.140 E/DisplayDeviceConfig( 1167): requesting nits when no mapping exists.
04-10 13:17:03.156 E/DisplayDeviceConfig( 1167): requesting nits when no mapping exists.
04-10 13:17:03.156 E/DisplayDeviceConfig( 1167): requesting nits when no mapping exists.
04-10 13:17:03.173 E/DisplayDeviceConfig( 1167): requesting nits when no mapping exists.
04-10 13:17:03.173 E/DisplayDeviceConfig( 1167): requesting nits when no mapping exists.
04-10 13:17:03.190 E/DisplayDeviceConfig( 1167): requesting nits when no mapping exists.
04-10 13:17:03.190 E/DisplayDeviceConfig( 1167): requesting nits when no mapping exists.
04-10 13:17:03.206 E/DisplayDeviceConfig( 1167): requesting nits when no mapping exists.
04-10 13:17:03.206 E/DisplayDeviceConfig( 1167): requesting nits when no mapping exists.
04-10 13:17:03.223 E/DisplayDeviceConfig( 1167): requesting nits when no mapping exists.
04-10 13:17:03.223 E/DisplayDeviceConfig( 1167): requesting nits when no mapping exists.
04-10 13:17:03.240 E/DisplayDeviceConfig( 1167): requesting nits when no mapping exists.
04-10 13:17:03.240 E/DisplayDeviceConfig( 1167): requesting nits when no mapping exists.
04-10 13:17:03.256 E/DisplayDeviceConfig( 1167): requesting nits when no mapping exists.
04-10 13:17:03.257 E/DisplayDeviceConfig( 1167): requesting nits when no mapping exists.
04-10 13:17:03.273 E/DisplayDeviceConfig( 1167): requesting nits when no mapping exists.
04-10 13:17:03.273 E/DisplayDeviceConfig( 1167): requesting nits when no mapping exists.
04-10 13:17:03.290 E/DisplayDeviceConfig( 1167): requesting nits when no mapping exists.
04-10 13:17:03.290 E/DisplayDeviceConfig( 1167): requesting nits when no mapping exists.
04-10 13:17:03.307 E/DisplayDeviceConfig( 1167): requesting nits when no mapping exists.
04-10 13:17:03.307 E/DisplayDeviceConfig( 1167): requesting nits when no mapping exists.
04-10 13:17:03.323 E/DisplayDeviceConfig( 1167): requesting nits when no mapping exists.
04-10 13:17:03.323 E/DisplayDeviceConfig( 1167): requesting nits when no mapping exists.
04-10 13:17:03.340 E/DisplayDeviceConfig( 1167): requesting nits when no mapping exists.
04-10 13:17:03.340 E/DisplayDeviceConfig( 1167): requesting nits when no mapping exists.
04-10 13:18:06.262 D/android.hardware.wifi@1.0-service( 951): Successfully SetMacAddress.
04-10 13:18:06.286 W/wificond( 1293): Scan is not started. Ignore abort request
04-10 13:18:07.191 E/NetlinkEvent( 686): NetlinkEvent::FindParam(): Parameter 'INTERFACE' not found
04-10 13:18:07.191 E/NetlinkEvent( 686): NetlinkEvent::FindParam(): Parameter 'STATE' not found
04-10 13:18:07.191 E/NetlinkEvent( 686): NetlinkEvent::FindParam(): Parameter 'TIME_NS' not found
04-10 13:18:07.191 E/NetlinkEvent( 686): NetlinkEvent::FindParam(): Parameter 'UID' not found
04-10 13:18:07.206 W/ContextImpl( 1167): Calling a method in the system process without a qualified user: android.app.ContextImpl.sendStickyBroadcast:1559 com.android.server.ConnectivityService.sendStickyBroadcast:2811 com.android.server.ConnectivityService.sendGeneralBroadcast:2786 com.android.server.ConnectivityService.sendConnectedBroadcast:2759 com.android.server.ConnectivityService.sendLegacyNetworkBroadcast:8704
04-10 13:18:07.214 W/ContextImpl( 1167): Calling a method in the system process without a qualified user: android.app.ContextImpl.sendStickyBroadcast:1559 com.android.server.ConnectivityService.sendStickyBroadcast:2811 com.android.server.ConnectivityService.sendGeneralBroadcast:2786 com.android.server.ConnectivityService.sendInetConditionBroadcast:2763 com.android.server.ConnectivityService.updateInetCondition:8451
04-10 13:24:15.470 D/ActivityManager( 1167): freezing 7449 com.qti.diagservices
04-10 13:24:15.477 E/ActivityManager( 1167): Unable to freeze binder for 7449 com.qti.diagservices
04-10 13:24:15.481 D/ActivityManager( 1167): froze 7449 com.qti.diagservices
04-10 13:24:15.488 E/ActivityManager( 1167): Unable to freeze binder for 7449 com.qti.diagservices
04-10 13:24:15.489 I/ActivityManager( 1167): Killing 7449:com.qti.diagservices/1000 (adj 905): Unable to freeze binder interface
04-10 13:24:15.584 W/ActivityManager( 1167): Scheduling restart of crashed service com.qti.diagservices/.QTIDiagServices in 1000ms for start-requested
04-10 13:24:16.588 D/CompatibilityChangeReporter( 1167): Compat change id reported: 135634846; UID 1000; state: DISABLED
04-10 13:24:16.589 D/CompatibilityChangeReporter( 1167): Compat change id reported: 177438394; UID 1000; state: DISABLED
04-10 13:24:16.589 D/CompatibilityChangeReporter( 1167): Compat change id reported: 135772972; UID 1000; state: DISABLED
04-10 13:24:16.589 D/CompatibilityChangeReporter( 1167): Compat change id reported: 135754954; UID 1000; state: ENABLED
04-10 13:24:16.639 W/ActivityManager( 1167): Slow operation: 53ms so far, now at startProcess: returned from zygote!
04-10 13:24:16.639 W/ActivityManager( 1167): Slow operation: 53ms so far, now at startProcess: done updating battery stats
04-10 13:24:16.640 W/ActivityManager( 1167): Slow operation: 53ms so far, now at startProcess: building log message
04-10 13:24:16.640 I/ActivityManager( 1167): Start proc 13061:com.qti.diagservices/1000 for service {com.qti.diagservices/com.qti.diagservices.QTIDiagServices}
04-10 13:24:16.640 W/ActivityManager( 1167): Slow operation: 53ms so far, now at startProcess: starting to update pids map
04-10 13:24:16.640 W/ActivityManager( 1167): Slow operation: 54ms so far, now at startProcess: done updating pids map
04-10 13:26:34.936 I/UsageStatsService( 1167): User[0] Flushing usage stats to disk
04-10 13:34:15.604 D/ActivityManager( 1167): freezing 11526 com.thundercomm.gamemode.provider
04-10 13:34:15.612 E/ActivityManager( 1167): Unable to freeze binder for 11526 com.thundercomm.gamemode.provider
04-10 13:34:15.616 D/ActivityManager( 1167): froze 11526 com.thundercomm.gamemode.provider
04-10 13:34:15.624 E/ActivityManager( 1167): Unable to freeze binder for 11526 com.thundercomm.gamemode.provider
04-10 13:34:15.627 I/ActivityManager( 1167): Killing 11526:com.thundercomm.gamemode.provider/u0a70 (adj 905): Unable to freeze binder interface
04-10 13:35:51.518 W/BatteryExternalStatsWorker( 1167): error reading modem stats:ERROR_PHONE_NOT_AVAILABLE
04-10 13:35:51.596 E/KernelCpuSpeedReader( 1167): Failed to read cpu-freq: /sys/devices/system/cpu/cpu4/cpufreq/stats/time_in_state: open failed: ENOENT (No such file or directory)
04-10 13:35:51.596 E/KernelCpuSpeedReader( 1167): Failed to read cpu-freq: /sys/devices/system/cpu/cpu0/cpufreq/stats/time_in_state: open failed: ENOENT (No such file or directory)
04-10 13:36:43.042 I/DropBoxManagerService( 1167): add tag=system_server_strictmode isTagEnabled=true flags=0x2
04-10 13:36:43.046 I/DropBoxManagerService( 1167): add tag=system_server_strictmode isTagEnabled=true flags=0x2
04-10 13:36:43.048 I/DropBoxManagerService( 1167): add tag=system_server_strictmode isTagEnabled=true flags=0x2
04-10 13:36:50.532 W/ContextImpl( 1167): Calling a method in the system process without a qualified user: android.app.ContextImpl.sendStickyBroadcast:1559 com.android.server.ConnectivityService.sendStickyBroadcast:2811 com.android.server.ConnectivityService.sendLegacyNetworkBroadcast:8732 com.android.server.ConnectivityService$LegacyTypeTracker.remove:1007 com.android.server.ConnectivityService$LegacyTypeTracker.remove:1024
04-10 13:36:50.630 D/android.hardware.wifi@1.0-service( 951): Successfully SetMacAddress.
04-10 13:36:52.273 D/android.hardware.wifi@1.0-service( 951): Successfully SetMacAddress.
04-10 13:36:52.292 W/wificond( 1293): Scan is not started. Ignore abort request
04-10 13:37:00.064 E/NetlinkEvent( 686): NetlinkEvent::FindParam(): Parameter 'INTERFACE' not found
04-10 13:37:00.064 E/NetlinkEvent( 686): NetlinkEvent::FindParam(): Parameter 'STATE' not found
04-10 13:37:00.064 E/NetlinkEvent( 686): NetlinkEvent::FindParam(): Parameter 'TIME_NS' not found
04-10 13:37:00.064 E/NetlinkEvent( 686): NetlinkEvent::FindParam(): Parameter 'UID' not found
04-10 13:37:00.080 W/ContextImpl( 1167): Calling a method in the system process without a qualified user: android.app.ContextImpl.sendStickyBroadcast:1559 com.android.server.ConnectivityService.sendStickyBroadcast:2811 com.android.server.ConnectivityService.sendGeneralBroadcast:2786 com.android.server.ConnectivityService.sendConnectedBroadcast:2759 com.android.server.ConnectivityService.sendLegacyNetworkBroadcast:8704
04-10 13:37:00.090 W/ContextImpl( 1167): Calling a method in the system process without a qualified user: android.app.ContextImpl.sendStickyBroadcast:1559 com.android.server.ConnectivityService.sendStickyBroadcast:2811 com.android.server.ConnectivityService.sendGeneralBroadcast:2786 com.android.server.ConnectivityService.sendInetConditionBroadcast:2763 com.android.server.ConnectivityService.updateInetCondition:8451
04-10 13:37:21.123 I/DropBoxManagerService( 1167): add tag=system_server_wtf isTagEnabled=true flags=0x2
04-10 13:46:35.026 I/UsageStatsService( 1167): User[0] Flushing usage stats to disk
04-10 14:05:51.516 W/BatteryExternalStatsWorker( 1167): error reading modem stats:ERROR_PHONE_NOT_AVAILABLE
04-10 14:05:51.597 E/KernelCpuSpeedReader( 1167): Failed to read cpu-freq: /sys/devices/system/cpu/cpu4/cpufreq/stats/time_in_state: open failed: ENOENT (No such file or directory)
04-10 14:05:51.598 E/KernelCpuSpeedReader( 1167): Failed to read cpu-freq: /sys/devices/system/cpu/cpu0/cpufreq/stats/time_in_state: open failed: ENOENT (No such file or directory)
04-10 14:06:35.224 I/UsageStatsService( 1167): User[0] Flushing usage stats to disk
04-10 14:06:45.728 I/wificond( 1293): New channel on frequency: 5320
04-10 14:06:51.325 W/ContextImpl( 1167): Calling a method in the system process without a qualified user: android.app.ContextImpl.sendStickyBroadcast:1559 com.android.server.ConnectivityService.sendStickyBroadcast:2811 com.android.server.ConnectivityService.sendLegacyNetworkBroadcast:8732 com.android.server.ConnectivityService$LegacyTypeTracker.remove:1007 com.android.server.ConnectivityService$LegacyTypeTracker.remove:1024
04-10 14:06:51.388 D/android.hardware.wifi@1.0-service( 951): Successfully SetMacAddress.
04-10 14:08:37.907 D/android.hardware.wifi@1.0-service( 951): Successfully SetMacAddress.
04-10 14:08:37.964 W/wificond( 1293): Scan is not started. Ignore abort request
04-10 14:08:38.976 E/NetlinkEvent( 686): NetlinkEvent::FindParam(): Parameter 'INTERFACE' not found
04-10 14:08:38.976 E/NetlinkEvent( 686): NetlinkEvent::FindParam(): Parameter 'STATE' not found
04-10 14:08:38.976 E/NetlinkEvent( 686): NetlinkEvent::FindParam(): Parameter 'TIME_NS' not found
04-10 14:08:38.976 E/NetlinkEvent( 686): NetlinkEvent::FindParam(): Parameter 'UID' not found
04-10 14:08:38.994 W/ContextImpl( 1167): Calling a method in the system process without a qualified user: android.app.ContextImpl.sendStickyBroadcast:1559 com.android.server.ConnectivityService.sendStickyBroadcast:2811 com.android.server.ConnectivityService.sendGeneralBroadcast:2786 com.android.server.ConnectivityService.sendConnectedBroadcast:2759 com.android.server.ConnectivityService.sendLegacyNetworkBroadcast:8704
04-10 14:08:39.003 W/ContextImpl( 1167): Calling a method in the system process without a qualified user: android.app.ContextImpl.sendStickyBroadcast:1559 com.android.server.ConnectivityService.sendStickyBroadcast:2811 com.android.server.ConnectivityService.sendGeneralBroadcast:2786 com.android.server.ConnectivityService.sendInetConditionBroadcast:2763 com.android.server.ConnectivityService.updateInetCondition:8451
04-10 14:09:44.571 V/BackupManagerService( 1167): [UserID:0] Scheduling immediate backup pass
04-10 14:09:44.571 W/BackupManagerService( 1167): [UserID:0] Backup pass but enabled=false setupComplete=true
04-10 14:26:35.314 I/UsageStatsService( 1167): User[0] Flushing usage stats to disk
04-10 14:35:51.573 W/BatteryExternalStatsWorker( 1167): error reading modem stats:ERROR_PHONE_NOT_AVAILABLE
04-10 14:35:51.664 E/KernelCpuSpeedReader( 1167): Failed to read cpu-freq: /sys/devices/system/cpu/cpu4/cpufreq/stats/time_in_state: open failed: ENOENT (No such file or directory)
04-10 14:35:51.664 E/KernelCpuSpeedReader( 1167): Failed to read cpu-freq: /sys/devices/system/cpu/cpu0/cpufreq/stats/time_in_state: open failed: ENOENT (No such file or directory)
04-10 14:46:35.458 I/UsageStatsService( 1167): User[0] Flushing usage stats to disk
04-10 15:05:51.646 W/BatteryExternalStatsWorker( 1167): error reading modem stats:ERROR_PHONE_NOT_AVAILABLE
04-10 15:05:51.724 E/KernelCpuSpeedReader( 1167): Failed to read cpu-freq: /sys/devices/system/cpu/cpu4/cpufreq/stats/time_in_state: open failed: ENOENT (No such file or directory)
04-10 15:05:51.725 E/KernelCpuSpeedReader( 1167): Failed to read cpu-freq: /sys/devices/system/cpu/cpu0/cpufreq/stats/time_in_state: open failed: ENOENT (No such file or directory)
04-10 15:06:35.561 I/UsageStatsService( 1167): User[0] Flushing usage stats to disk
04-10 15:23:08.741 E/wificond( 1293): Failed to get NL80211_STA_INFO_TX_PACKETS
04-10 15:23:08.889 W/ContextImpl( 1167): Calling a method in the system process without a qualified user: android.app.ContextImpl.sendStickyBroadcast:1559 com.android.server.ConnectivityService.sendStickyBroadcast:2811 com.android.server.ConnectivityService.sendLegacyNetworkBroadcast:8732 com.android.server.ConnectivityService$LegacyTypeTracker.remove:1007 com.android.server.ConnectivityService$LegacyTypeTracker.remove:1024
04-10 15:23:08.996 D/android.hardware.wifi@1.0-service( 951): Successfully SetMacAddress.
04-10 15:23:10.627 D/android.hardware.wifi@1.0-service( 951): Successfully SetMacAddress.
04-10 15:23:10.656 W/wificond( 1293): Scan is not started. Ignore abort request
04-10 15:23:17.525 E/NetlinkEvent( 686): NetlinkEvent::FindParam(): Parameter 'INTERFACE' not found
04-10 15:23:17.525 E/NetlinkEvent( 686): NetlinkEvent::FindParam(): Parameter 'STATE' not found
04-10 15:23:17.525 E/NetlinkEvent( 686): NetlinkEvent::FindParam(): Parameter 'TIME_NS' not found
04-10 15:23:17.525 E/NetlinkEvent( 686): NetlinkEvent::FindParam(): Parameter 'UID' not found
04-10 15:23:17.557 W/ContextImpl( 1167): Calling a method in the system process without a qualified user: android.app.ContextImpl.sendStickyBroadcast:1559 com.android.server.ConnectivityService.sendStickyBroadcast:2811 com.android.server.ConnectivityService.sendGeneralBroadcast:2786 com.android.server.ConnectivityService.sendConnectedBroadcast:2759 com.android.server.ConnectivityService.sendLegacyNetworkBroadcast:8704
04-10 15:23:17.572 W/ContextImpl( 1167): Calling a method in the system process without a qualified user: android.app.ContextImpl.sendStickyBroadcast:1559 com.android.server.ConnectivityService.sendStickyBroadcast:2811 com.android.server.ConnectivityService.sendGeneralBroadcast:2786 com.android.server.ConnectivityService.sendInetConditionBroadcast:2763 com.android.server.ConnectivityService.updateInetCondition:8451
04-10 15:23:41.035 I/DropBoxManagerService( 1167): add tag=system_server_wtf isTagEnabled=true flags=0x2
04-10 15:26:35.603 I/UsageStatsService( 1167): User[0] Flushing usage stats to disk
04-10 15:35:51.712 W/BatteryExternalStatsWorker( 1167): error reading modem stats:ERROR_PHONE_NOT_AVAILABLE
04-10 15:35:51.769 E/KernelCpuSpeedReader( 1167): Failed to read cpu-freq: /sys/devices/system/cpu/cpu4/cpufreq/stats/time_in_state: open failed: ENOENT (No such file or directory)
04-10 15:35:51.769 E/KernelCpuSpeedReader( 1167): Failed to read cpu-freq: /sys/devices/system/cpu/cpu0/cpufreq/stats/time_in_state: open failed: ENOENT (No such file or directory)
04-10 15:46:35.757 I/UsageStatsService( 1167): User[0] Flushing usage stats to disk --------- beginning of kernel
01-01 13:45:53.242 W/audit ( 0): audit_lost=545090428 audit_rate_limit=5 audit_backlog_limit=64
01-01 13:45:53.249 E/audit ( 0): rate limit exceeded
01-01 13:45:54.246 W/audit ( 0): audit_lost=545122132 audit_rate_limit=5 audit_backlog_limit=64
01-01 13:45:54.253 E/audit ( 0): rate limit exceeded
01-01 13:45:55.250 W/audit ( 0): audit_lost=545153741 audit_rate_limit=5 audit_backlog_limit=64
01-01 13:45:55.257 E/audit ( 0): rate limit exceeded
01-01 13:45:56.254 W/audit ( 0): audit_lost=545186694 audit_rate_limit=5 audit_backlog_limit=64
01-01 13:45:56.261 E/audit ( 0): rate limit exceeded
01-01 13:45:57.258 W/audit ( 0): audit_lost=545218197 audit_rate_limit=5 audit_backlog_limit=64
01-01 13:45:57.265 E/audit ( 0): rate limit exceeded
01-01 13:45:58.262 W/audit ( 0): audit_lost=545249599 audit_rate_limit=5 audit_backlog_limit=64
01-01 13:45:58.269 E/audit ( 0): rate limit exceeded
01-01 13:45:59.266 W/audit ( 0): audit_lost=545281257 audit_rate_limit=5 audit_backlog_limit=64
01-01 13:45:59.274 E/audit ( 0): rate limit exceeded
01-01 13:45:59.943 E/[kworke][0x5ccd71b1a8][15:51:44.470202] wlan( 0): [16990:E:WMA] Rx unprotected unicast mgmt frame
01-01 13:45:59.953 E/[schedu][0x5ccd74d99c][15:51:44.480975] wlan( 0): [2447:E:PE] lim_drop_unprotected_action_frame: 1614: Dropping unprotected Action category: 3 frame since RMF is enabled
01-01 13:46:00.270 W/audit ( 0): audit_lost=545313785 audit_rate_limit=5 audit_backlog_limit=64
01-01 13:46:00.277 E/audit ( 0): rate limit exceeded
01-01 13:46:01.274 W/audit ( 0): audit_lost=545345279 audit_rate_limit=5 audit_backlog_limit=64
01-01 13:46:01.281 E/audit ( 0): rate limit exceeded
01-01 13:46:02.278 W/audit ( 0): audit_lost=545377410 audit_rate_limit=5 audit_backlog_limit=64
01-01 13:46:02.285 E/audit ( 0): rate limit exceeded
01-01 13:46:03.282 W/audit ( 0): audit_lost=545409035 audit_rate_limit=5 audit_backlog_limit=64
01-01 13:46:03.289 E/audit ( 0): rate limit exceeded
01-01 13:46:04.286 W/audit ( 0): audit_lost=545440475 audit_rate_limit=5 audit_backlog_limit=64
01-01 13:46:04.293 E/audit ( 0): rate limit exceeded
01-01 13:46:05.290 W/audit ( 0): audit_lost=545472602 audit_rate_limit=5 audit_backlog_limit=64
01-01 13:46:05.297 E/audit ( 0): rate limit exceeded
01-01 13:46:06.294 W/audit ( 0): audit_lost=545504274 audit_rate_limit=5 audit_backlog_limit=64
01-01 13:46:06.301 E/audit ( 0): rate limit exceeded
01-01 13:46:07.298 W/audit ( 0): audit_lost=545535716 audit_rate_limit=5 audit_backlog_limit=64
01-01 13:46:07.305 E/audit ( 0): rate limit exceeded
01-01 13:46:08.302 W/audit ( 0): audit_lost=545567381 audit_rate_limit=5 audit_backlog_limit=64
01-01 13:46:08.309 E/audit ( 0): rate limit exceeded
01-01 13:46:09.306 W/audit ( 0): audit_lost=545599331 audit_rate_limit=5 audit_backlog_limit=64
01-01 13:46:09.313 E/audit ( 0): rate limit exceeded
01-01 13:46:10.310 W/audit ( 0): audit_lost=545631664 audit_rate_limit=5 audit_backlog_limit=64
01-01 13:46:10.317 E/audit ( 0): rate limit exceeded
01-01 13:46:11.314 W/audit ( 0): audit_lost=545664200 audit_rate_limit=5 audit_backlog_limit=64
01-01 13:46:11.321 E/audit ( 0): rate limit exceeded
01-01 13:46:12.318 W/audit ( 0): audit_lost=545695842 audit_rate_limit=5 audit_backlog_limit=64
01-01 13:46:12.325 E/audit ( 0): rate limit exceeded
01-01 13:46:13.322 W/audit ( 0): audit_lost=545726827 audit_rate_limit=5 audit_backlog_limit=64
01-01 13:46:13.329 E/audit ( 0): rate limit exceeded
01-01 13:46:14.326 W/audit ( 0): audit_lost=545759004 audit_rate_limit=5 audit_backlog_limit=64
01-01 13:46:14.333 E/audit ( 0): rate limit exceeded
01-01 13:46:15.330 W/audit ( 0): audit_lost=545790801 audit_rate_limit=5 audit_backlog_limit=64
01-01 13:46:15.337 E/audit ( 0): rate limit exceeded
01-01 13:46:16.334 W/audit ( 0): audit_lost=545823116 audit_rate_limit=5 audit_backlog_limit=64
01-01 13:46:16.341 E/audit ( 0): rate limit exceeded
01-01 13:46:17.338 W/audit ( 0): audit_lost=545854798 audit_rate_limit=5 audit_backlog_limit=64
01-01 13:46:17.345 E/audit ( 0): rate limit exceeded
01-01 13:46:18.342 W/audit ( 0): audit_lost=545886706 audit_rate_limit=5 audit_backlog_limit=64
01-01 13:46:18.349 E/audit ( 0): rate limit exceeded
01-01 13:46:19.346 W/audit ( 0): audit_lost=545920124 audit_rate_limit=5 audit_backlog_limit=64
01-01 13:46:19.353 E/audit ( 0): rate limit exceeded
01-01 13:46:20.350 W/audit ( 0): audit_lost=545953271 audit_rate_limit=5 audit_backlog_limit=64
01-01 13:46:20.358 E/audit ( 0): rate limit exceeded
01-01 13:46:21.354 W/audit ( 0): audit_lost=545985360 audit_rate_limit=5 audit_backlog_limit=64
01-01 13:46:21.361 E/audit ( 0): rate limit exceeded
01-01 13:46:22.358 W/audit ( 0): audit_lost=546016046 audit_rate_limit=5 audit_backlog_limit=64
01-01 13:46:22.365 E/audit ( 0): rate limit exceeded
01-01 13:46:23.362 W/audit ( 0): audit_lost=546048250 audit_rate_limit=5 audit_backlog_limit=64
01-01 13:46:23.369 E/audit ( 0): rate limit exceeded
01-01 13:46:24.366 W/audit ( 0): audit_lost=546079145 audit_rate_limit=5 audit_backlog_limit=64
01-01 13:46:24.373 E/audit ( 0): rate limit exceeded
01-01 13:46:25.370 W/audit ( 0): audit_lost=546110315 audit_rate_limit=5 audit_backlog_limit=64
01-01 13:46:25.377 E/audit ( 0): rate limit exceeded
01-01 13:46:26.374 W/audit ( 0): audit_lost=546142414 audit_rate_limit=5 audit_backlog_limit=64
01-01 13:46:26.381 E/audit ( 0): rate limit exceeded
01-01 13:46:26.599 D/cnss ( 0): Host time = 20786227610 us, device time = 20727479480 us, offset = 58748130 us
01-01 13:46:26.608 D/cnss ( 0): Updated time sync regs [0x984] = 0x3806ce2, [0x988] = 0x0
01-01 13:46:27.378 W/audit ( 0): audit_lost=546174437 audit_rate_limit=5 audit_backlog_limit=64
01-01 13:46:27.385 E/audit ( 0): rate limit exceeded
01-01 13:46:28.382 W/audit ( 0): audit_lost=546205700 audit_rate_limit=5 audit_backlog_limit=64
01-01 13:46:28.389 E/audit ( 0): rate limit exceeded
01-01 13:46:29.386 W/audit ( 0): audit_lost=546238537 audit_rate_limit=5 audit_backlog_limit=64
01-01 13:46:29.393 E/audit ( 0): rate limit exceeded
01-01 13:46:30.390 W/audit ( 0): audit_lost=546269509 audit_rate_limit=5 audit_backlog_limit=64
01-01 13:46:30.397 E/audit ( 0): rate limit exceeded
01-01 13:46:31.394 W/audit ( 0): audit_lost=546301577 audit_rate_limit=5 audit_backlog_limit=64
01-01 13:46:31.401 E/audit ( 0): rate limit exceeded
01-01 13:46:32.398 W/audit ( 0): audit_lost=546333737 audit_rate_limit=5 audit_backlog_limit=64
01-01 13:46:32.405 E/audit ( 0): rate limit exceeded
01-01 13:46:33.402 W/audit ( 0): audit_lost=546364379 audit_rate_limit=5 audit_backlog_limit=64
01-01 13:46:33.410 E/audit ( 0): rate limit exceeded
01-01 13:46:34.406 W/audit ( 0): audit_lost=546396115 audit_rate_limit=5 audit_backlog_limit=64
01-01 13:46:34.413 E/audit ( 0): rate limit exceeded
01-01 13:46:35.410 W/audit ( 0): audit_lost=546426715 audit_rate_limit=5 audit_backlog_limit=64
01-01 13:46:35.417 E/audit ( 0): rate limit exceeded
01-01 13:46:36.414 W/audit ( 0): audit_lost=546458060 audit_rate_limit=5 audit_backlog_limit=64
01-01 13:46:36.421 E/audit ( 0): rate limit exceeded
01-01 13:46:37.418 W/audit ( 0): audit_lost=546489853 audit_rate_limit=5 audit_backlog_limit=64
01-01 13:46:37.425 E/audit ( 0): rate limit exceeded
01-01 13:46:38.422 W/audit ( 0): audit_lost=546523658 audit_rate_limit=5 audit_backlog_limit=64
01-01 13:46:38.429 E/audit ( 0): rate limit exceeded
01-01 13:46:39.426 W/audit ( 0): audit_lost=546554641 audit_rate_limit=5 audit_backlog_limit=64
01-01 13:46:39.433 E/audit ( 0): rate limit exceeded
01-01 13:46:40.430 W/audit ( 0): audit_lost=546586168 audit_rate_limit=5 audit_backlog_limit=64
01-01 13:46:40.437 E/audit ( 0): rate limit exceeded
01-01 13:46:41.434 W/audit ( 0): audit_lost=546617636 audit_rate_limit=5 audit_backlog_limit=64
01-01 13:46:41.441 E/audit ( 0): rate limit exceeded
01-01 13:46:41.510 I/[schedu][0x5cfd0387fe][15:52:26.037218] wlan( 0): [2447:I:WMA] [15:52:25.158000] [ROAM_TRIGGER]: VDEV[0] Reason: "PER"
01-01 13:46:41.540 I/[schedu][0x5cfd0c5223][15:52:26.067219] wlan( 0): [2447:I:WMA] [15:52:25.158000] [ROAM_SCAN]: VDEV[0] Scan_type: PARTIAL {2412 2437 5180 5200 5240 5280 5745 5805 }
