03-28 20:58:55.681 D/SystemUIBootTiming( 2054): StartServicescom.android.systemui.util.NotificationChannels took to complete: 4ms
03-28 20:58:55.693 W/ActivityManager( 1167): Slow operation: 1145ms so far, now at startProcess: returned from zygote!
03-28 20:58:55.694 W/ActivityManager( 1167): Slow operation: 1145ms so far, now at startProcess: done updating battery stats
03-28 20:58:55.694 W/ActivityManager( 1167): Slow operation: 1146ms so far, now at startProcess: building log message
03-28 20:58:55.694 I/ActivityManager( 1167): Start proc 2440:com.qti.qualcomm.mstatssystemservice/u0a85 for added application com.qti.qualcomm.mstatssystemservice
03-28 20:58:55.694 W/ActivityManager( 1167): Slow operation: 1146ms so far, now at startProcess: starting to update pids map
03-28 20:58:55.696 W/ActivityManager( 1167): Slow operation: 1148ms so far, now at startProcess: done updating pids map
03-28 20:58:55.696 W/ActivityManager( 1167): Slow operation: 1142ms so far, now at startProcess: asking zygote to start proc
03-28 20:58:55.727 W/Looper ( 1167): Slow dispatch took 391ms main h=android.app.ActivityThread$H c=android.app.LoadedApk$ReceiverDispatcher$Args$$ExternalSyntheticLambda0@1c0ea m=0
03-28 20:58:55.733 D/ConditionProviders.SCP( 1167): onSubscribe condition://android/schedule?days=1.2.3.4.5.6.7&start=22.0&end=7.0&exitAtAlarm=true
03-28 20:58:55.733 D/ConditionProviders.SCP( 1167): setRegistered true
03-28 20:58:55.742 W/ActivityManager( 1167): Slow operation: 1188ms so far, now at startProcess: returned from zygote!
03-28 20:58:55.750 D/ConditionProviders.SCP( 1167): evaluateSubscriptionLocked cal=ScheduleCalendar[mDays={1, 2, 3, 4, 5, 6, 7}, mSchedule=ScheduleInfo{days=[1, 2, 3, 4, 5, 6, 7], startHour=22, startMinute=0, endHour=7, endMinute=0, exitAtAlarm=true, nextAlarm=Thu Jan 01 08:00:00 GMT+08:00 1970 (0)}], now=Tue Mar 28 20:58:55 GMT+08:00 2023 (1680008335733), nextUserAlarmTime=Thu Jan 01 08:00:00 GMT+08:00 1970 (0)
03-28 20:58:55.750 D/ConditionProviders.SCP( 1167): notifyCondition condition://android/schedule?days=1.2.3.4.5.6.7&start=22.0&end=7.0&exitAtAlarm=true STATE_FALSE reason=!meetsSchedule
03-28 20:58:55.752 D/ConditionProviders.SCP( 1167): Scheduling evaluate for Tue Mar 28 22:00:00 GMT+08:00 2023 (1680012000000), in +1h1m4s267ms, now=Tue Mar 28 20:58:55 GMT+08:00 2023 (1680008335733)
03-28 20:58:55.769 W/ActivityManager( 1167): Slow operation: 1214ms so far, now at startProcess: done updating battery stats
03-28 20:58:55.769 W/ActivityManager( 1167): Slow operation: 1215ms so far, now at startProcess: building log message
03-28 20:58:55.769 I/ActivityManager( 1167): Start proc 2448:com.android.se/1068 for added application com.android.se
03-28 20:58:55.769 W/ActivityManager( 1167): Slow operation: 1215ms so far, now at startProcess: starting to update pids map
03-28 20:58:55.769 W/ActivityManager( 1167): Slow operation: 1215ms so far, now at startProcess: done updating pids map
03-28 20:58:55.769 W/ActivityManager( 1167): Slow operation: 1215ms so far, now at startProcess: asking zygote to start proc
03-28 20:58:55.772 D/CompatibilityChangeReporter( 1167): Compat change id reported: 168419799; UID 1000; state: DISABLED
03-28 20:58:55.777 I/ConnectivityModuleConnector( 1167): Networking module service connected
03-28 20:58:55.779 I/ConnectivityModuleConnector( 1167): Networking module service connected
03-28 20:58:55.780 D/CompatibilityChangeReporter( 1167): Compat change id reported: 168419799; UID 10085; state: DISABLED
03-28 20:58:55.796 W/ActivityThread( 1167): Failed to find provider info for com.android.calendar (user not unlocked)
03-28 20:58:55.802 W/ActivityThread( 1167): Failed to find provider info for com.android.calendar (user not unlocked)
03-28 20:58:55.820 W/BluetoothManagerService( 1167): bindBluetoothProfileService:Trying to bind to profile: 1, while Bluetooth is disabled
03-28 20:58:55.827 I/Telecom ( 1167): BluetoothRouteManager: getBluetoothAudioConnectedDevice: no service available.
03-28 20:58:55.828 I/Telecom ( 1167): SystemStateHelper: Registering broadcast receiver: android.content.IntentFilter@f436adc: TS.init@AAA
03-28 20:58:55.829 I/Telecom ( 1167): SystemStateHelper: Registering broadcast receiver: android.content.IntentFilter@c0342ba: TS.init@AAA
03-28 20:58:55.831 D/SystemUIBootTiming( 2054): StartServicescom.android.systemui.keyguard.KeyguardViewMediator took to complete: 150ms
03-28 20:58:55.839 D/CompatibilityChangeReporter( 1167): Compat change id reported: 135634846; UID 10077; state: DISABLED
03-28 20:58:55.840 D/CompatibilityChangeReporter( 1167): Compat change id reported: 177438394; UID 10077; state: DISABLED
03-28 20:58:55.840 D/CompatibilityChangeReporter( 1167): Compat change id reported: 135772972; UID 10077; state: DISABLED
03-28 20:58:55.840 D/CompatibilityChangeReporter( 1167): Compat change id reported: 135754954; UID 10077; state: ENABLED
03-28 20:58:55.846 I/Telecom ( 1167): Logging.Events: Non-call EVENT: AUDIO_ROUTE, Entering state QuiescentEarpieceRoute
03-28 20:58:55.846 I/Telecom ( 1167): BluetoothRouteManager: getBluetoothAudioConnectedDevice: no service available.
03-28 20:58:55.848 D/SystemUIBootTiming( 2054): StartServicescom.android.systemui.recents.Recents took to complete: 17ms
03-28 20:58:55.849 D/CompatibilityChangeReporter( 1167): Compat change id reported: 168419799; UID 1068; state: DISABLED
03-28 20:58:55.883 I/Telecom ( 1167): CallAudioModeStateMachine: Message received: null.: TS.init->CAMSM.pM_1@AAA
03-28 20:58:55.897 I/Telecom ( 1167): MissedCallNotifierImpl: reloadFromDatabase: Boot not yet complete -- call log db may not be available. Deferring loading until boot complete for user 0: TS.init@AAA
03-28 20:58:55.918 W/ActivityManager( 1167): Slow operation: 1364ms so far, now at startProcess: returned from zygote!
03-28 20:58:55.920 W/ActivityManager( 1167): Slow operation: 1366ms so far, now at startProcess: done updating battery stats
03-28 20:58:55.920 W/ActivityManager( 1167): Slow operation: 1366ms so far, now at startProcess: building log message
03-28 20:58:55.920 I/ActivityManager( 1167): Start proc 2506:com.thundercomm.remotecontrolservice/1000 for added application com.thundercomm.remotecontrolservice
03-28 20:58:55.920 W/ActivityManager( 1167): Slow operation: 1366ms so far, now at startProcess: starting to update pids map
03-28 20:58:55.927 W/ActivityManager( 1167): Slow operation: 1372ms so far, now at startProcess: done updating pids map
03-28 20:58:55.927 W/ActivityManager( 1167): Slow operation: 1370ms so far, now at startProcess: asking zygote to start proc
03-28 20:58:55.955 I/DropBoxManagerService( 1167): add tag=system_app_strictmode isTagEnabled=true flags=0x2
03-28 20:58:55.990 I/DropBoxManagerService( 1167): add tag=system_app_strictmode isTagEnabled=true flags=0x2
03-28 20:58:55.992 W/ActivityManager( 1167): Slow operation: 1436ms so far, now at startProcess: returned from zygote!
03-28 20:58:55.993 W/ActivityManager( 1167): Slow operation: 1436ms so far, now at startProcess: done updating battery stats
03-28 20:58:55.993 W/ActivityManager( 1167): Slow operation: 1436ms so far, now at startProcess: building log message
03-28 20:58:55.993 I/ActivityManager( 1167): Start proc 2512:com.thundercomm.tcservice/1000 for added application com.thundercomm.tcservice
03-28 20:58:55.993 W/ActivityManager( 1167): Slow operation: 1437ms so far, now at startProcess: starting to update pids map
03-28 20:58:55.993 W/ActivityManager( 1167): Slow operation: 1437ms so far, now at startProcess: done updating pids map
03-28 20:58:55.993 W/ActivityManager( 1167): Slow operation: 1436ms so far, now at startProcess: asking zygote to start proc
03-28 20:58:55.993 I/DropBoxManagerService( 1167): add tag=system_app_strictmode isTagEnabled=true flags=0x2
03-28 20:58:55.993 D/CompatibilityChangeReporter( 1167): Compat change id reported: 143937733; UID 10066; state: ENABLED
03-28 20:58:55.998 I/DropBoxManagerService( 1167): add tag=system_app_strictmode isTagEnabled=true flags=0x2
03-28 20:58:55.999 I/Telecom ( 1167): MissedCallNotifierImpl: reloadFromDatabase: Boot not yet complete -- call log db may not be available. Deferring loading until boot complete for user 0: TS.init@AAA
03-28 20:58:56.000 I/Telecom ( 1167): Class: TelecomSystem.INSTANCE being set
03-28 20:58:56.002 W/Looper ( 1167): Slow dispatch took 218ms main h=android.app.ActivityThread$H c=android.app.LoadedApk$ServiceDispatcher$RunConnection@7b644b5 m=0
03-28 20:58:56.002 I/AutofillManagerService( 1167): Updating for user 0: disabled=false
03-28 20:58:56.004 D/BluetoothManagerService( 1167): Bluetooth Adapter name changed to 高合娱乐副屏 by android
03-28 20:58:56.004 D/BluetoothManagerService( 1167): Stored Bluetooth name: 高合娱乐副屏
03-28 20:58:56.006 D/BluetoothManagerService( 1167): BluetoothServiceConnection: com.android.bluetooth.btservice.AdapterService
03-28 20:58:56.006 D/BluetoothManagerService( 1167): MESSAGE_BLUETOOTH_SERVICE_CONNECTED: 1
03-28 20:58:56.008 D/SystemUIBootTiming( 2054): StartServicescom.android.systemui.volume.VolumeUI took to complete: 161ms
03-28 20:58:56.015 D/BluetoothManagerService( 1167): MESSAGE_INFORM_ADAPTER_SERVICE_UP
03-28 20:58:56.016 D/BluetoothManagerService( 1167): Broadcasting onBluetoothServiceUp() to 3 receivers.
03-28 20:58:56.035 W/ActivityManager( 1167): Slow operation: 1477ms so far, now at startProcess: returned from zygote!
03-28 20:58:56.035 W/ActivityManager( 1167): Slow operation: 1478ms so far, now at startProcess: done updating battery stats
03-28 20:58:56.035 W/ActivityManager( 1167): Slow operation: 1478ms so far, now at startProcess: building log message
03-28 20:58:56.035 I/ActivityManager( 1167): Start proc 2514:com.qualcomm.qti.devicestatisticsservice/u0a66 for added application com.qualcomm.qti.devicestatisticsservice
03-28 20:58:56.035 W/ActivityManager( 1167): Slow operation: 1478ms so far, now at startProcess: starting to update pids map
03-28 20:58:56.036 W/ActivityManager( 1167): Slow operation: 1479ms so far, now at startProcess: done updating pids map
03-28 20:58:56.036 W/ActivityManager( 1167): Slow operation: 1478ms so far, now at startProcess: asking zygote to start proc
03-28 20:58:56.037 I/DropBoxManagerService( 1167): add tag=system_server_strictmode isTagEnabled=true flags=0x2
03-28 20:58:56.038 D/BluetoothManagerService( 1167): MESSAGE_BLUETOOTH_STATE_CHANGE: OFF > BLE_TURNING_ON
03-28 20:58:56.038 D/BluetoothManagerService( 1167): Sending BLE State Change: OFF > BLE_TURNING_ON
03-28 20:58:56.040 I/DropBoxManagerService( 1167): add tag=system_server_strictmode isTagEnabled=true flags=0x2
03-28 20:58:56.048 I/DropBoxManagerService( 1167): add tag=system_server_strictmode isTagEnabled=true flags=0x2
03-28 20:58:56.076 D/CompatibilityChangeReporter( 1167): Compat change id reported: 168419799; UID 1002; state: DISABLED
03-28 20:58:56.081 I/Telecom ( 1167): WiredHeadsetManager: ACTION_HEADSET_PLUG event, plugged in: false, : WHC.oADA@AAE
03-28 20:58:56.090 I/GameModeConfig( 1167): isGameModeOn = false
03-28 20:58:56.095 W/NotificationHistory( 1167): Attempted to add notif for locked/gone/disabled user 0
03-28 20:58:56.095 D/CompanionDeviceManagerService( 1167): Received BT state transition broadcast: OFF -> BLE_TURNING_ON
03-28 20:58:56.096 I/GameModeConfig( 1167): isGameModeOn = false
03-28 20:58:56.097 W/Looper ( 1167): Drained
03-28 20:58:56.104 D/CompatibilityChangeReporter( 1167): Compat change id reported: 171306433; UID 1073; state: ENABLED
03-28 20:58:56.127 W/ActivityManager( 1167): Slow operation: 1568ms so far, now at startProcess: returned from zygote!
03-28 20:58:56.130 D/CompatibilityChangeReporter( 1167): Compat change id reported: 168419799; UID 1000; state: DISABLED
03-28 20:58:56.138 W/ActivityManager( 1167): Slow operation: 1580ms so far, now at startProcess: done updating battery stats
03-28 20:58:56.138 W/ActivityManager( 1167): Slow operation: 1580ms so far, now at startProcess: building log message
03-28 20:58:56.138 I/ActivityManager( 1167): Start proc 2564:com.qualcomm.qti.qdma/1000 for added application com.qualcomm.qti.qdma
03-28 20:58:56.138 W/ActivityManager( 1167): Slow operation: 1580ms so far, now at startProcess: starting to update pids map
03-28 20:58:56.139 W/ActivityManager( 1167): Slow operation: 1580ms so far, now at startProcess: done updating pids map
03-28 20:58:56.139 W/ActivityManager( 1167): Slow operation: 1344ms so far, now at startProcess: asking zygote to start proc
03-28 20:58:56.145 D/CompatibilityChangeReporter( 1167): Compat change id reported: 168419799; UID 1000; state: DISABLED
03-28 20:58:56.150 D/CompatibilityChangeReporter( 1167): Compat change id reported: 168419799; UID 10066; state: DISABLED
03-28 20:58:56.158 D/MicroServiceManager( 1167): add linkToDeath
03-28 20:58:56.158 D/MicroServiceManager( 1167): bindMicroService: called already get service
03-28 20:58:56.189 W/ActivityManager( 1167): Slow operation: 1395ms so far, now at startProcess: returned from zygote!
03-28 20:58:56.189 W/ActivityManager( 1167): Slow operation: 1395ms so far, now at startProcess: done updating battery stats
03-28 20:58:56.189 W/ActivityManager( 1167): Slow operation: 1395ms so far, now at startProcess: building log message
03-28 20:58:56.189 I/ActivityManager( 1167): Start proc 2578:com.android.settings/1000 for top-activity {com.android.settings/com.android.settings.FallbackHome}
03-28 20:58:56.189 W/ActivityManager( 1167): Slow operation: 1395ms so far, now at startProcess: starting to update pids map
03-28 20:58:56.190 W/ActivityManager( 1167): Slow operation: 1395ms so far, now at startProcess: done updating pids map
03-28 20:58:56.190 W/ActivityManager( 1167): Slow operation: 1259ms so far, now at startProcess: asking zygote to start proc
03-28 20:58:56.190 D/CompatibilityChangeReporter( 1167): Compat change id reported: 143937733; UID 10098; state: ENABLED
03-28 20:58:56.253 W/ActivityManager( 1167): Slow operation: 1322ms so far, now at startProcess: returned from zygote!
03-28 20:58:56.253 W/ActivityManager( 1167): Slow operation: 1323ms so far, now at startProcess: done updating battery stats
03-28 20:58:56.253 W/ActivityManager( 1167): Slow operation: 1323ms so far, now at startProcess: building log message
03-28 20:58:56.253 I/ActivityManager( 1167): Start proc 2604:android.ext.services/u0a98 for service {android.ext.services/android.ext.services.autofill.InlineSuggestionRenderServiceImpl}
03-28 20:58:56.253 W/ActivityManager( 1167): Slow operation: 1323ms so far, now at startProcess: starting to update pids map
03-28 20:58:56.254 W/ActivityManager( 1167): Slow operation: 1323ms so far, now at startProcess: done updating pids map
03-28 20:58:56.254 W/ActivityManager( 1167): Slow operation: 940ms so far, now at startProcess: asking zygote to start proc
03-28 20:58:56.254 D/CompatibilityChangeReporter( 1167): Compat change id reported: 143937733; UID 10070; state: ENABLED
03-28 20:58:56.259 I/StatusBarManagerService( 1167): registerStatusBar bar=com.android.internal.statusbar.IStatusBar$Stub$Proxy@f05f158
03-28 20:58:56.274 I/DropBoxManagerService( 1167): add tag=system_server_wtf isTagEnabled=true flags=0x2
03-28 20:58:56.287 D/CompatibilityChangeReporter( 1167): Compat change id reported: 168419799; UID 1000; state: DISABLED
03-28 20:58:56.305 W/ActivityManager( 1167): Slow operation: 990ms so far, now at startProcess: returned from zygote!
03-28 20:58:56.305 W/ActivityManager( 1167): Slow operation: 991ms so far, now at startProcess: done updating battery stats
03-28 20:58:56.305 W/ActivityManager( 1167): Slow operation: 991ms so far, now at startProcess: building log message
03-28 20:58:56.305 I/ActivityManager( 1167): Start proc 2623:com.thundercomm.gamemode.provider/u0a70 for content provider {com.thundercomm.gamemode.provider/com.thundercomm.gamemode.provider.SettingsProvider}
03-28 20:58:56.305 W/ActivityManager( 1167): Slow operation: 991ms so far, now at startProcess: starting to update pids map
03-28 20:58:56.311 W/ActivityManager( 1167): Slow operation: 996ms so far, now at startProcess: done updating pids map
03-28 20:58:56.311 W/ActivityManager( 1167): Slow operation: 472ms so far, now at startProcess: asking zygote to start proc
03-28 20:58:56.311 D/CompatibilityChangeReporter( 1167): Compat change id reported: 143937733; UID 10077; state: ENABLED
03-28 20:58:56.352 D/CompatibilityChangeReporter( 1167): Compat change id reported: 168419799; UID 1000; state: DISABLED
03-28 20:58:56.359 W/ActivityManager( 1167): Slow operation: 520ms so far, now at startProcess: returned from zygote!
03-28 20:58:56.359 W/ActivityManager( 1167): Slow operation: 521ms so far, now at startProcess: done updating battery stats
03-28 20:58:56.359 W/ActivityManager( 1167): Slow operation: 521ms so far, now at startProcess: building log message
03-28 20:58:56.359 I/ActivityManager( 1167): Start proc 2651:com.android.launcher3/u0a77 for service {com.android.launcher3/com.android.quickstep.TouchInteractionService}
03-28 20:58:56.359 W/ActivityManager( 1167): Slow operation: 521ms so far, now at startProcess: starting to update pids map
03-28 20:58:56.360 W/ActivityManager( 1167): Slow operation: 521ms so far, now at startProcess: done updating pids map
03-28 20:58:56.366 W/ContextImpl( 2512): Calling a method in the system process without a qualified user: android.app.ContextImpl.startService:1816 android.content.ContextWrapper.startService:774 com.thundercomm.tcservice.TCService.init:46 com.thundercomm.tcservice.TCService.onCreate:33 android.app.ActivityThread.handleCreateService:4488
03-28 20:58:56.373 D/CompatibilityChangeReporter( 1167): Compat change id reported: 168419799; UID 10098; state: DISABLED
03-28 20:58:56.442 D/CompatibilityChangeReporter( 1167): Compat change id reported: 168419799; UID 10070; state: DISABLED
03-28 20:58:56.479 I/DropBoxManagerService( 1167): add tag=system_app_strictmode isTagEnabled=true flags=0x2
03-28 20:58:56.481 I/DropBoxManagerService( 1167): add tag=system_app_strictmode isTagEnabled=true flags=0x2
03-28 20:58:56.488 I/DropBoxManagerService( 1167): add tag=system_app_strictmode isTagEnabled=true flags=0x2
03-28 20:58:56.489 D/CompatibilityChangeReporter( 1167): Compat change id reported: 168419799; UID 10077; state: DISABLED
03-28 20:58:56.506 I/DropBoxManagerService( 1167): add tag=system_app_strictmode isTagEnabled=true flags=0x2
03-28 20:58:56.512 I/ExplicitHealthCheckController( 1167): Explicit health check service is connected ComponentInfo{android.ext.services/android.ext.services.watchdog.ExplicitHealthCheckServiceImpl}
03-28 20:58:56.513 I/ExplicitHealthCheckController( 1167): Service initialized, syncing requests
03-28 20:58:56.514 I/PackageWatchdog( 1167): Syncing health check requests for packages: {}
03-28 20:58:56.514 D/ExplicitHealthCheckController( 1167): Getting health check supported packages
03-28 20:58:56.538 V/NotificationAssistants( 1167): 0 notification assistant service connected: ComponentInfo{android.ext.services/android.ext.services.notification.Assistant}
03-28 20:58:56.543 I/ExplicitHealthCheckController( 1167): Explicit health check supported packages [PackageConfig{com.android.networkstack, 86400000}]
03-28 20:58:56.544 D/PackageWatchdog( 1167): Received supported packages [PackageConfig{com.android.networkstack, 86400000}]
03-28 20:58:56.544 D/ExplicitHealthCheckController( 1167): Getting health check requested packages
03-28 20:58:56.546 I/ExplicitHealthCheckController( 1167): Explicit health check requested packages []
03-28 20:58:56.547 I/ExplicitHealthCheckController( 1167): No more health check requests, unbinding...
03-28 20:58:56.548 I/ExplicitHealthCheckController( 1167): Explicit health check service is unbound
03-28 20:58:56.644 I/DropBoxManagerService( 1167): add tag=system_app_strictmode isTagEnabled=true flags=0x2
03-28 20:58:56.652 I/DropBoxManagerService( 1167): add tag=system_app_strictmode isTagEnabled=true flags=0x2
03-28 20:58:56.660 I/ActivityManagerTiming( 1167): FinishBooting
03-28 20:58:56.661 I/DropBoxManagerService( 1167): add tag=system_app_strictmode isTagEnabled=true flags=0x2
03-28 20:58:56.665 I/DropBoxManagerService( 1167): add tag=system_app_strictmode isTagEnabled=true flags=0x2
03-28 20:58:56.670 W/KeyguardServiceDelegate( 1167): onScreenTurningOn(): no keyguard service!
03-28 20:58:56.682 D/CompatibilityChangeReporter( 1167): Compat change id reported: 135634846; UID 10091; state: DISABLED
03-28 20:58:56.682 D/CompatibilityChangeReporter( 1167): Compat change id reported: 177438394; UID 10091; state: DISABLED
03-28 20:58:56.682 D/CompatibilityChangeReporter( 1167): Compat change id reported: 135772972; UID 10091; state: DISABLED
03-28 20:58:56.683 D/CompatibilityChangeReporter( 1167): Compat change id reported: 135754954; UID 10091; state: ENABLED
03-28 20:58:56.683 D/CompatibilityChangeReporter( 1167): Compat change id reported: 143937733; UID 10091; state: ENABLED
03-28 20:58:56.721 I/ActivityManager( 1167): Start proc 2726:com.qualcomm.qti.qccauthmgr/u0a91 for content provider {com.qualcomm.qti.qccauthmgr/com.qualcomm.qti.qccauthmgr.providers.SMQContentProvider}
03-28 20:58:56.738 I/DropBoxManagerService( 1167): add tag=system_app_strictmode isTagEnabled=true flags=0x2
03-28 20:58:56.741 I/DropBoxManagerService( 1167): add tag=system_app_strictmode isTagEnabled=true flags=0x2
03-28 20:58:56.745 I/DropBoxManagerService( 1167): add tag=system_app_strictmode isTagEnabled=true flags=0x2
03-28 20:58:56.792 D/CompatibilityChangeReporter( 1167): Compat change id reported: 168419799; UID 10091; state: DISABLED
03-28 20:58:56.799 D/CompatibilityChangeReporter( 1167): Compat change id reported: 168419799; UID 10084; state: DISABLED
03-28 20:58:56.916 D/SystemUIBootTiming( 2054): StartServicescom.android.systemui.statusbar.phone.StatusBar took to complete: 907ms
03-28 20:58:56.921 W/ActivityThread( 2054): Failed to find provider info for com.android.contacts (user not unlocked)
03-28 20:58:56.922 D/SystemUIBootTiming( 2054): StartServicescom.android.systemui.usb.StorageNotification took to complete: 7ms
03-28 20:58:56.926 D/CompatibilityChangeReporter( 1167): Compat change id reported: 171306433; UID 1000; state: ENABLED
03-28 20:58:56.934 D/SystemUIBootTiming( 2054): StartServicescom.android.systemui.power.PowerUI took to complete: 12ms
03-28 20:58:56.936 D/SystemUIBootTiming( 2054): StartServicescom.android.systemui.media.RingtonePlayer took to complete: 1ms
03-28 20:58:56.937 D/SystemUIBootTiming( 2054): StartServicescom.android.systemui.keyboard.KeyboardUI took to complete: 1ms
03-28 20:58:56.938 D/SystemUIBootTiming( 2054): StartServicescom.android.systemui.shortcut.ShortcutKeyDispatcher took to complete: 1ms
03-28 20:58:56.938 D/SystemUIBootTiming( 2054): StartServicescom.android.systemui.VendorServices took to complete: 0ms
03-28 20:58:56.938 D/SystemUIBootTiming( 2054): StartServicescom.android.systemui.util.leak.GarbageMonitor$Service took to complete: 1ms
03-28 20:58:56.938 D/SystemUIBootTiming( 2054): StartServicescom.android.systemui.LatencyTester took to complete: 0ms
03-28 20:58:56.939 D/SystemUIBootTiming( 2054): StartServicescom.android.systemui.globalactions.GlobalActionsComponent took to complete: 1ms
03-28 20:58:56.940 D/SystemUIBootTiming( 2054): StartServicescom.android.systemui.ScreenDecorations took to complete: 0ms
03-28 20:58:56.942 D/SystemUIBootTiming( 2054): StartServicescom.android.systemui.biometrics.AuthController took to complete: 2ms
03-28 20:58:56.942 D/SystemUIBootTiming( 2054): StartServicescom.android.systemui.SliceBroadcastRelayHandler took to complete: 0ms
03-28 20:58:56.943 D/SystemUIBootTiming( 2054): StartServicescom.android.systemui.statusbar.notification.InstantAppNotifier took to complete: 2ms
03-28 20:58:56.945 D/SystemUIBootTiming( 2054): StartServicescom.android.systemui.theme.ThemeOverlayController took to complete: 2ms
03-28 20:58:56.945 D/SystemUIBootTiming( 2054): StartServicescom.android.systemui.accessibility.WindowMagnification took to complete: 0ms
03-28 20:58:56.951 D/SystemUIBootTiming( 2054): StartServicescom.android.systemui.accessibility.SystemActions took to complete: 5ms
03-28 20:58:56.951 D/SystemUIBootTiming( 2054): StartServicescom.android.systemui.toast.ToastUI took to complete: 1ms
03-28 20:58:56.952 D/SystemUIBootTiming( 2054): StartServicescom.android.systemui.wmshell.WMShell took to complete: 0ms
03-28 20:58:56.958 I/android.hardware.wifi@1.0-service( 951): Wifi HAL started
03-28 20:58:57.013 D/SystemUIBootTiming( 2054): StartServicescom.android.systemui.ShowWindowUtil took to complete: 62ms
03-28 20:58:57.024 I/android.hardware.wifi@1.0-service( 951): Adding interface handle for wlan0
03-28 20:58:57.024 I/android.hardware.wifi@1.0-service( 951): Adding interface handle for wifi-aware0
03-28 20:58:57.024 I/android.hardware.wifi@1.0-service( 951): Adding interface handle for p2p0
03-28 20:58:57.025 W/android.hardware.wifi@1.0-service( 951): No active wlan interfaces in use! Using default
03-28 20:58:57.025 W/android.hardware.wifi@1.0-service( 951): No active wlan interfaces in use! Using default
03-28 20:58:57.029 I/android.hardware.wifi@1.0-service( 951): Configured chip in mode 3
03-28 20:58:57.029 W/android.hardware.wifi@1.0-service( 951): No active wlan interfaces in use! Using default
03-28 20:58:57.031 D/SystemUIBootTiming( 2054): StartServices took to complete: 1355ms
03-28 20:58:57.046 W/android.hardware.wifi@1.0-service( 951): No active wlan interfaces in use! Using default
03-28 20:58:57.084 I/wificond( 1293): createClientInterface: wiphy_index 0 iface_name wlan0
03-28 20:58:57.085 I/wificond( 1293): create scanner for interface with index: 17
03-28 20:58:57.085 I/wificond( 1293): subscribe scan result for interface with index: 17
03-28 20:58:57.086 I/wificond( 1293): add channel type 0 support at wiphy index: 0
03-28 20:58:57.086 I/wificond( 1293): add channel type 1 support at wiphy index: 0
03-28 20:58:57.223 W/ActivityThread( 2054): Failed to find provider info for com.android.contacts (user not unlocked)
03-28 20:58:57.247 W/ActivityThread( 2054): Failed to find provider info for com.android.contacts (user not unlocked)
03-28 20:58:57.264 W/ActivityThread( 2054): Failed to find provider info for com.android.contacts (user not unlocked)
03-28 20:58:57.676 I/ActivityManagerTiming( 1167): FinishBooting
03-28 20:58:57.690 I/ActivityManager( 1167): About to commit checkpoint
03-28 20:58:57.692 W/ActivityManager( 1167): FinishBooting sync begin
03-28 20:58:57.721 W/ActivityManager( 1167): FinishBooting sync end
03-28 20:58:57.721 I/SystemServiceManager( 1167): Starting phase 1000
03-28 20:58:57.721 I/ActivityManagerTiming( 1167): OnBootPhase_1000
03-28 20:58:57.721 I/ActivityManagerTiming( 1167): OnBootPhase_1000_com.android.server.security.FileIntegrityService
03-28 20:58:57.721 D/ActivityManagerTiming( 1167): OnBootPhase_1000_com.android.server.security.FileIntegrityService took to complete: 0ms
03-28 20:58:57.721 I/ActivityManagerTiming( 1167): OnBootPhase_1000_com.android.server.pm.Installer
03-28 20:58:57.721 D/ActivityManagerTiming( 1167): OnBootPhase_1000_com.android.server.pm.Installer took to complete: 0ms
03-28 20:58:57.721 I/ActivityManagerTiming( 1167): OnBootPhase_1000_com.android.server.os.DeviceIdentifiersPolicyService
03-28 20:58:57.721 D/ActivityManagerTiming( 1167): OnBootPhase_1000_com.android.server.os.DeviceIdentifiersPolicyService took to complete: 0ms
03-28 20:58:57.721 I/ActivityManagerTiming( 1167): OnBootPhase_1000_com.android.server.uri.UriGrantsManagerService$Lifecycle
03-28 20:58:57.721 D/ActivityManagerTiming( 1167): OnBootPhase_1000_com.android.server.uri.UriGrantsManagerService$Lifecycle took to complete: 0ms
03-28 20:58:57.722 I/ActivityManagerTiming( 1167): OnBootPhase_1000_com.android.server.powerstats.PowerStatsService
03-28 20:58:57.722 E/PowerStatsService( 1167): Failed to start PowerStatsService loggers
03-28 20:58:57.722 D/ActivityManagerTiming( 1167): OnBootPhase_1000_com.android.server.powerstats.PowerStatsService took to complete: 0ms
03-28 20:58:57.722 I/ActivityManagerTiming( 1167): OnBootPhase_1000_com.android.server.wm.ActivityTaskManagerService$Lifecycle
03-28 20:58:57.722 D/ActivityManagerTiming( 1167): OnBootPhase_1000_com.android.server.wm.ActivityTaskManagerService$Lifecycle took to complete: 0ms
03-28 20:58:57.722 I/ActivityManagerTiming( 1167): OnBootPhase_1000_com.android.server.am.ActivityManagerService$Lifecycle
03-28 20:58:57.722 D/ActivityManagerTiming( 1167): OnBootPhase_1000_com.android.server.am.ActivityManagerService$Lifecycle took to complete: 0ms
03-28 20:58:57.722 I/ActivityManagerTiming( 1167): OnBootPhase_1000_com.android.server.pm.DataLoaderManagerService
03-28 20:58:57.722 D/ActivityManagerTiming( 1167): OnBootPhase_1000_com.android.server.pm.DataLoaderManagerService took to complete: 0ms
03-28 20:58:57.722 I/ActivityManagerTiming( 1167): OnBootPhase_1000_com.android.server.power.PowerManagerService
03-28 20:58:57.722 D/ActivityManagerTiming( 1167): OnBootPhase_1000_com.android.server.power.PowerManagerService took to complete: 0ms
03-28 20:58:57.723 I/ActivityManagerTiming( 1167): OnBootPhase_1000_com.android.server.power.ThermalManagerService
03-28 20:58:57.723 D/ActivityManagerTiming( 1167): OnBootPhase_1000_com.android.server.power.ThermalManagerService took to complete: 0ms
03-28 20:58:57.723 I/ActivityManagerTiming( 1167): OnBootPhase_1000_com.android.server.power.hint.HintManagerService
03-28 20:58:57.723 D/ActivityManagerTiming( 1167): OnBootPhase_1000_com.android.server.power.hint.HintManagerService took to complete: 0ms
03-28 20:58:57.723 I/ActivityManagerTiming( 1167): OnBootPhase_1000_com.android.server.recoverysystem.RecoverySystemService$Lifecycle
03-28 20:58:57.723 D/ActivityManagerTiming( 1167): OnBootPhase_1000_com.android.server.recoverysystem.RecoverySystemService$Lifecycle took to complete: 0ms
03-28 20:58:57.723 I/ActivityManagerTiming( 1167): OnBootPhase_1000_com.android.server.lights.LightsService
03-28 20:58:57.723 D/ActivityManagerTiming( 1167): OnBootPhase_1000_com.android.server.lights.LightsService took to complete: 0ms
03-28 20:58:57.723 I/ActivityManagerTiming( 1167): OnBootPhase_1000_com.android.server.display.DisplayManagerService
03-28 20:58:57.723 D/ActivityManagerTiming( 1167): OnBootPhase_1000_com.android.server.display.DisplayManagerService took to complete: 0ms
03-28 20:58:57.723 I/ActivityManagerTiming( 1167): OnBootPhase_1000_com.android.server.pm.verify.domain.DomainVerificationService
03-28 20:58:57.723 D/ActivityManagerTiming( 1167): OnBootPhase_1000_com.android.server.pm.verify.domain.DomainVerificationService took to complete: 0ms
03-28 20:58:57.724 I/ActivityManagerTiming( 1167): OnBootPhase_1000_com.android.server.pm.PackageInstallerService$Lifecycle
03-28 20:58:57.724 D/ActivityManagerTiming( 1167): OnBootPhase_1000_com.android.server.pm.PackageInstallerService$Lifecycle took to complete: 0ms
03-28 20:58:57.724 I/ActivityManagerTiming( 1167): OnBootPhase_1000_com.android.server.pm.UserManagerService$LifeCycle
03-28 20:58:57.724 D/ActivityManagerTiming( 1167): OnBootPhase_1000_com.android.server.pm.UserManagerService$LifeCycle took to complete: 0ms
03-28 20:58:57.724 I/ActivityManagerTiming( 1167): OnBootPhase_1000_com.android.server.om.OverlayManagerService
03-28 20:58:57.724 D/ActivityManagerTiming( 1167): OnBootPhase_1000_com.android.server.om.OverlayManagerService took to complete: 0ms
03-28 20:58:57.724 I/ActivityManagerTiming( 1167): OnBootPhase_1000_com.android.server.SensorPrivacyService
03-28 20:58:57.724 D/ActivityManagerTiming( 1167): OnBootPhase_1000_com.android.server.SensorPrivacyService took to complete: 0ms
03-28 20:58:57.724 I/ActivityManagerTiming( 1167): OnBootPhase_1000_com.android.server.thunderperf.ThunderBoostPerfService
03-28 20:58:57.724 D/ActivityManagerTiming( 1167): OnBootPhase_1000_com.android.server.thunderperf.ThunderBoostPerfService took to complete: 0ms
03-28 20:58:57.724 I/ActivityManagerTiming( 1167): OnBootPhase_1000_com.android.server.sensors.SensorService
03-28 20:58:57.724 D/ActivityManagerTiming( 1167): OnBootPhase_1000_com.android.server.sensors.SensorService took to complete: 0ms
03-28 20:58:57.724 I/ActivityManagerTiming( 1167): OnBootPhase_1000_com.android.server.SystemConfigService
03-28 20:58:57.724 D/ActivityManagerTiming( 1167): OnBootPhase_1000_com.android.server.SystemConfigService took to complete: 0ms
03-28 20:58:57.724 I/ActivityManagerTiming( 1167): OnBootPhase_1000_com.android.server.BatteryService
03-28 20:58:57.724 D/ActivityManagerTiming( 1167): OnBootPhase_1000_com.android.server.BatteryService took to complete: 0ms
03-28 20:58:57.724 I/ActivityManagerTiming( 1167): OnBootPhase_1000_com.android.server.usage.UsageStatsService
03-28 20:58:57.725 D/ActivityManagerTiming( 1167): OnBootPhase_1000_com.android.server.usage.UsageStatsService took to complete: 0ms
03-28 20:58:57.725 I/ActivityManagerTiming( 1167): OnBootPhase_1000_com.android.server.webkit.WebViewUpdateService
03-28 20:58:57.725 D/ActivityManagerTiming( 1167): OnBootPhase_1000_com.android.server.webkit.WebViewUpdateService took to complete: 0ms
03-28 20:58:57.725 I/ActivityManagerTiming( 1167): OnBootPhase_1000_com.android.server.CachedDeviceStateService
03-28 20:58:57.725 D/ActivityManagerTiming( 1167): OnBootPhase_1000_com.android.server.CachedDeviceStateService took to complete: 0ms
03-28 20:58:57.725 I/ActivityManagerTiming( 1167): OnBootPhase_1000_com.android.server.BinderCallsStatsService$LifeCycle
03-28 20:58:57.725 D/ActivityManagerTiming( 1167): OnBootPhase_1000_com.android.server.BinderCallsStatsService$LifeCycle took to complete: 0ms
03-28 20:58:57.725 I/ActivityManagerTiming( 1167): OnBootPhase_1000_com.android.server.LooperStatsService$Lifecycle
03-28 20:58:57.725 D/ActivityManagerTiming( 1167): OnBootPhase_1000_com.android.server.LooperStatsService$Lifecycle took to complete: 0ms
03-28 20:58:57.725 I/ActivityManagerTiming( 1167): OnBootPhase_1000_com.android.server.rollback.RollbackManagerService
03-28 20:58:57.725 D/ActivityManagerTiming( 1167): OnBootPhase_1000_com.android.server.rollback.RollbackManagerService took to complete: 0ms
03-28 20:58:57.725 I/ActivityManagerTiming( 1167): OnBootPhase_1000_com.android.server.os.NativeTombstoneManagerService
03-28 20:58:57.726 D/RollbackManager( 1167): mRollbackLifetimeDurationInMillis=1209600000
03-28 20:58:57.726 D/ActivityManagerTiming( 1167): OnBootPhase_1000_com.android.server.os.NativeTombstoneManagerService took to complete: 0ms
03-28 20:58:57.726 I/ActivityManagerTiming( 1167): OnBootPhase_1000_com.android.server.os.BugreportManagerService
03-28 20:58:57.726 D/ActivityManagerTiming( 1167): OnBootPhase_1000_com.android.server.os.BugreportManagerService took to complete: 0ms
03-28 20:58:57.726 I/ActivityManagerTiming( 1167): OnBootPhase_1000_com.android.server.gpu.GpuService
03-28 20:58:57.726 V/DisplayPowerController[0]( 1167): Brightness [1.0] reason changing to: 'manual', previous reason: 'override'.
03-28 20:58:57.726 D/AppStandbyController( 1167): Loading headless system app cache. appIdleEnabled=false
03-28 20:58:57.740 D/ActivityManagerTiming( 1167): OnBootPhase_1000_com.android.server.gpu.GpuService took to complete: 14ms
03-28 20:58:57.740 I/ActivityManagerTiming( 1167): OnBootPhase_1000_com.android.server.security.KeyChainSystemService
03-28 20:58:57.740 D/ActivityManagerTiming( 1167): OnBootPhase_1000_com.android.server.security.KeyChainSystemService took to complete: 0ms
03-28 20:58:57.740 I/ActivityManagerTiming( 1167): OnBootPhase_1000_com.android.server.telecom.TelecomLoaderService
03-28 20:58:57.740 D/ActivityManagerTiming( 1167): OnBootPhase_1000_com.android.server.telecom.TelecomLoaderService took to complete: 0ms
03-28 20:58:57.740 I/ActivityManagerTiming( 1167): OnBootPhase_1000_com.android.server.accounts.AccountManagerService$Lifecycle
03-28 20:58:57.740 D/ActivityManagerTiming( 1167): OnBootPhase_1000_com.android.server.accounts.AccountManagerService$Lifecycle took to complete: 0ms
03-28 20:58:57.740 I/ActivityManagerTiming( 1167): OnBootPhase_1000_com.android.server.content.ContentService$Lifecycle
03-28 20:58:57.740 D/ActivityManagerTiming( 1167): OnBootPhase_1000_com.android.server.content.ContentService$Lifecycle took to complete: 0ms
03-28 20:58:57.740 I/ActivityManagerTiming( 1167): OnBootPhase_1000_com.android.server.DropBoxManagerService
03-28 20:58:57.741 D/ActivityManagerTiming( 1167): OnBootPhase_1000_com.android.server.DropBoxManagerService took to complete: 0ms
03-28 20:58:57.741 I/ActivityManagerTiming( 1167): OnBootPhase_1000_com.android.role.RoleService
03-28 20:58:57.741 D/ActivityManagerTiming( 1167): OnBootPhase_1000_com.android.role.RoleService took to complete: 0ms
03-28 20:58:57.741 I/ActivityManagerTiming( 1167): OnBootPhase_1000_com.android.server.vibrator.VibratorManagerService$Lifecycle
03-28 20:58:57.741 D/ActivityManagerTiming( 1167): OnBootPhase_1000_com.android.server.vibrator.VibratorManagerService$Lifecycle took to complete: 0ms
03-28 20:58:57.741 I/ActivityManagerTiming( 1167): OnBootPhase_1000_com.android.server.alarm.AlarmManagerService
03-28 20:58:57.741 D/ActivityManagerTiming( 1167): OnBootPhase_1000_com.android.server.alarm.AlarmManagerService took to complete: 0ms
03-28 20:58:57.741 I/ActivityManagerTiming( 1167): OnBootPhase_1000_com.android.server.devicestate.DeviceStateManagerService
03-28 20:58:57.741 D/ActivityManagerTiming( 1167): OnBootPhase_1000_com.android.server.devicestate.DeviceStateManagerService took to complete: 0ms
03-28 20:58:57.741 I/ActivityManagerTiming( 1167): OnBootPhase_1000_com.android.server.camera.CameraServiceProxy
03-28 20:58:57.747 D/ActivityManagerTiming( 1167): OnBootPhase_1000_com.android.server.camera.CameraServiceProxy took to complete: 6ms
03-28 20:58:57.747 I/ActivityManagerTiming( 1167): OnBootPhase_1000_com.android.server.BluetoothService
03-28 20:58:57.747 D/ActivityManagerTiming( 1167): OnBootPhase_1000_com.android.server.BluetoothService took to complete: 0ms
03-28 20:58:57.747 I/ActivityManagerTiming( 1167): OnBootPhase_1000_com.android.server.connectivity.IpConnectivityMetrics
03-28 20:58:57.747 D/ActivityManagerTiming( 1167): OnBootPhase_1000_com.android.server.connectivity.IpConnectivityMetrics took to complete: 0ms
03-28 20:58:57.747 I/ActivityManagerTiming( 1167): OnBootPhase_1000_com.android.server.net.watchlist.NetworkWatchlistService$Lifecycle
03-28 20:58:57.747 D/ActivityManagerTiming( 1167): OnBootPhase_1000_com.android.server.net.watchlist.NetworkWatchlistService$Lifecycle took to complete: 0ms
03-28 20:58:57.747 I/ActivityManagerTiming( 1167): OnBootPhase_1000_com.android.server.PinnerService
03-28 20:58:57.747 D/ActivityManagerTiming( 1167): OnBootPhase_1000_com.android.server.PinnerService took to complete: 0ms
03-28 20:58:57.747 I/ActivityManagerTiming( 1167): OnBootPhase_1000_com.google.android.startop.iorap.IorapForwardingService
03-28 20:58:57.748 D/ActivityManagerTiming( 1167): OnBootPhase_1000_com.google.android.startop.iorap.IorapForwardingService took to complete: 1ms
03-28 20:58:57.748 I/ActivityManagerTiming( 1167): OnBootPhase_1000_com.android.server.ActivityTriggerService
03-28 20:58:57.748 D/ActivityManagerTiming( 1167): OnBootPhase_1000_com.android.server.ActivityTriggerService took to complete: 0ms
03-28 20:58:57.748 I/ActivityManagerTiming( 1167): OnBootPhase_1000_com.android.server.integrity.AppIntegrityManagerService
03-28 20:58:57.748 D/ActivityManagerTiming( 1167): OnBootPhase_1000_com.android.server.integrity.AppIntegrityManagerService took to complete: 0ms
03-28 20:58:57.748 I/ActivityManagerTiming( 1167): OnBootPhase_1000_com.android.server.inputmethod.InputMethodManagerService$Lifecycle
03-28 20:58:57.748 D/ActivityManagerTiming( 1167): OnBootPhase_1000_com.android.server.inputmethod.InputMethodManagerService$Lifecycle took to complete: 0ms
03-28 20:58:57.748 I/ActivityManagerTiming( 1167): OnBootPhase_1000_com.android.server.accessibility.AccessibilityManagerService$Lifecycle
03-28 20:58:57.748 D/ActivityManagerTiming( 1167): OnBootPhase_1000_com.android.server.accessibility.AccessibilityManagerService$Lifecycle took to complete: 0ms
03-28 20:58:57.748 I/ActivityManagerTiming( 1167): OnBootPhase_1000_com.android.server.StorageManagerService$Lifecycle
03-28 20:58:57.749 D/ActivityManagerTiming( 1167): OnBootPhase_1000_com.android.server.StorageManagerService$Lifecycle took to complete: 0ms
03-28 20:58:57.749 I/ActivityManagerTiming( 1167): OnBootPhase_1000_com.android.server.usage.StorageStatsService$Lifecycle
03-28 20:58:57.749 D/ActivityManagerTiming( 1167): OnBootPhase_1000_com.android.server.usage.StorageStatsService$Lifecycle took to complete: 0ms
03-28 20:58:57.749 I/ActivityManagerTiming( 1167): OnBootPhase_1000_com.android.server.UiModeManagerService
03-28 20:58:57.749 D/ActivityManagerTiming( 1167): OnBootPhase_1000_com.android.server.UiModeManagerService took to complete: 0ms
03-28 20:58:57.749 I/ActivityManagerTiming( 1167): OnBootPhase_1000_com.android.server.locksettings.LockSettingsService$Lifecycle
03-28 20:58:57.749 D/ActivityManagerTiming( 1167): OnBootPhase_1000_com.android.server.locksettings.LockSettingsService$Lifecycle took to complete: 0ms
03-28 20:58:57.749 I/ActivityManagerTiming( 1167): OnBootPhase_1000_com.android.server.PersistentDataBlockService
03-28 20:58:57.749 D/ActivityManagerTiming( 1167): OnBootPhase_1000_com.android.server.PersistentDataBlockService took to complete: 0ms
03-28 20:58:57.750 D/StorageManagerService( 1167): Thinking about init, mBootCompleted=true, mDaemonConnected=true
03-28 20:58:57.750 D/StorageManagerService( 1167): Thinking about reset, mBootCompleted=true, mDaemonConnected=true
03-28 20:58:57.751 I/StorageSessionController( 1167): Started resetting external storage service...
03-28 20:58:57.751 I/StorageSessionController( 1167): Finished resetting external storage service
03-28 20:58:57.751 I/StorageManagerService( 1167): Resetting vold...
03-28 20:58:57.753 I/ActivityManagerTiming( 1167): OnBootPhase_1000_com.android.server.testharness.TestHarnessModeService
03-28 20:58:57.753 D/TestHarnessModeService( 1167): Completing Test Harness Mode setup.
03-28 20:58:57.761 I/StorageManagerService( 1167): Reset vold
03-28 20:58:57.762 I/vold ( 562): onUserAdded: 0
03-28 20:58:57.772 D/ActivityManagerTiming( 1167): OnBootPhase_1000_com.android.server.testharness.TestHarnessModeService took to complete: 19ms
03-28 20:58:57.773 I/ActivityManagerTiming( 1167): OnBootPhase_1000_com.android.server.oemlock.OemLockService
03-28 20:58:57.773 D/ActivityManagerTiming( 1167): OnBootPhase_1000_com.android.server.oemlock.OemLockService took to complete: 0ms
03-28 20:58:57.773 I/ActivityManagerTiming( 1167): OnBootPhase_1000_com.android.server.DeviceIdleController
03-28 20:58:57.773 D/ActivityManagerTiming( 1167): OnBootPhase_1000_com.android.server.DeviceIdleController took to complete: 0ms
03-28 20:58:57.773 I/ActivityManagerTiming( 1167): OnBootPhase_1000_com.android.server.devicepolicy.DevicePolicyManagerService$Lifecycle
03-28 20:58:57.773 D/ActivityManagerTiming( 1167): OnBootPhase_1000_com.android.server.devicepolicy.DevicePolicyManagerService$Lifecycle took to complete: 0ms
03-28 20:58:57.773 I/ActivityManagerTiming( 1167): OnBootPhase_1000_com.android.server.texttospeech.TextToSpeechManagerService
03-28 20:58:57.773 D/ActivityManagerTiming( 1167): OnBootPhase_1000_com.android.server.texttospeech.TextToSpeechManagerService took to complete: 0ms
03-28 20:58:57.773 I/ActivityManagerTiming( 1167): OnBootPhase_1000_com.android.server.speech.SpeechRecognitionManagerService
03-28 20:58:57.773 D/ActivityManagerTiming( 1167): OnBootPhase_1000_com.android.server.speech.SpeechRecognitionManagerService took to complete: 0ms
03-28 20:58:57.773 I/ActivityManagerTiming( 1167): OnBootPhase_1000_com.android.server.searchui.SearchUiManagerService
03-28 20:58:57.773 D/ActivityManagerTiming( 1167): OnBootPhase_1000_com.android.server.searchui.SearchUiManagerService took to complete: 0ms
03-28 20:58:57.773 I/ActivityManagerTiming( 1167): OnBootPhase_1000_com.android.server.smartspace.SmartspaceManagerService
03-28 20:58:57.773 D/ActivityManagerTiming( 1167): OnBootPhase_1000_com.android.server.smartspace.SmartspaceManagerService took to complete: 0ms
03-28 20:58:57.773 I/ActivityManagerTiming( 1167): OnBootPhase_1000_com.android.server.graphics.fonts.FontManagerService$Lifecycle
03-28 20:58:57.773 D/ActivityManagerTiming( 1167): OnBootPhase_1000_com.android.server.graphics.fonts.FontManagerService$Lifecycle took to complete: 0ms
03-28 20:58:57.774 I/ActivityManagerTiming( 1167): OnBootPhase_1000_com.android.server.textservices.TextServicesManagerService$Lifecycle
03-28 20:58:57.774 D/ActivityManagerTiming( 1167): OnBootPhase_1000_com.android.server.textservices.TextServicesManagerService$Lifecycle took to complete: 0ms
03-28 20:58:57.774 I/ActivityManagerTiming( 1167): OnBootPhase_1000_com.android.server.textclassifier.TextClassificationManagerService$Lifecycle
03-28 20:58:57.774 D/ActivityManagerTiming( 1167): OnBootPhase_1000_com.android.server.textclassifier.TextClassificationManagerService$Lifecycle took to complete: 0ms
03-28 20:58:57.774 I/ActivityManagerTiming( 1167): OnBootPhase_1000_com.android.server.NetworkScoreService$Lifecycle
03-28 20:58:57.774 D/ActivityManagerTiming( 1167): OnBootPhase_1000_com.android.server.NetworkScoreService$Lifecycle took to complete: 0ms
03-28 20:58:57.774 I/ActivityManagerTiming( 1167): OnBootPhase_1000_com.android.server.wifi.WifiService
03-28 20:58:57.774 D/ActivityManagerTiming( 1167): OnBootPhase_1000_com.android.server.wifi.WifiService took to complete: 0ms
03-28 20:58:57.774 I/ActivityManagerTiming( 1167): OnBootPhase_1000_com.android.server.wifi.scanner.WifiScanningService
03-28 20:58:57.774 D/ActivityManagerTiming( 1167): OnBootPhase_1000_com.android.server.wifi.scanner.WifiScanningService took to complete: 0ms
03-28 20:58:57.774 I/ActivityManagerTiming( 1167): OnBootPhase_1000_com.android.server.wifi.rtt.RttService
03-28 20:58:57.774 D/ActivityManagerTiming( 1167): OnBootPhase_1000_com.android.server.wifi.rtt.RttService took to complete: 0ms
03-28 20:58:57.774 I/ActivityManagerTiming( 1167): OnBootPhase_1000_com.android.server.wifi.aware.WifiAwareService
03-28 20:58:57.774 D/ActivityManagerTiming( 1167): OnBootPhase_1000_com.android.server.wifi.aware.WifiAwareService took to complete: 0ms
03-28 20:58:57.774 I/ActivityManagerTiming( 1167): OnBootPhase_1000_com.android.server.wifi.p2p.WifiP2pService
03-28 20:58:57.775 D/ActivityManagerTiming( 1167): OnBootPhase_1000_com.android.server.wifi.p2p.WifiP2pService took to complete: 0ms
03-28 20:58:57.775 I/ActivityManagerTiming( 1167): OnBootPhase_1000_com.android.server.ethernet.EthernetService
03-28 20:58:57.775 D/ActivityManagerTiming( 1167): OnBootPhase_1000_com.android.server.ethernet.EthernetService took to complete: 0ms
03-28 20:58:57.775 I/ActivityManagerTiming( 1167): OnBootPhase_1000_com.android.server.ConnectivityServiceInitializer
03-28 20:58:57.775 D/ActivityManagerTiming( 1167): OnBootPhase_1000_com.android.server.ConnectivityServiceInitializer took to complete: 0ms
03-28 20:58:57.775 I/ActivityManagerTiming( 1167): OnBootPhase_1000_com.android.server.notification.NotificationManagerService
03-28 20:58:57.775 D/ActivityManagerTiming( 1167): OnBootPhase_1000_com.android.server.notification.NotificationManagerService took to complete: 0ms
03-28 20:58:57.775 I/ActivityManagerTiming( 1167): OnBootPhase_1000_com.android.server.storage.DeviceStorageMonitorService
03-28 20:58:57.775 D/ActivityManagerTiming( 1167): OnBootPhase_1000_com.android.server.storage.DeviceStorageMonitorService took to complete: 0ms
03-28 20:58:57.775 I/ActivityManagerTiming( 1167): OnBootPhase_1000_com.android.server.location.LocationManagerService$Lifecycle
03-28 20:58:57.775 D/ActivityManagerTiming( 1167): OnBootPhase_1000_com.android.server.location.LocationManagerService$Lifecycle took to complete: 0ms
03-28 20:58:57.775 I/ActivityManagerTiming( 1167): OnBootPhase_1000_com.android.server.timedetector.TimeDetectorService$Lifecycle
03-28 20:58:57.775 D/ActivityManagerTiming( 1167): OnBootPhase_1000_com.android.server.timedetector.TimeDetectorService$Lifecycle took to complete: 0ms
03-28 20:58:57.775 I/ActivityManagerTiming( 1167): OnBootPhase_1000_com.android.server.timezonedetector.TimeZoneDetectorService$Lifecycle
03-28 20:58:57.775 D/ActivityManagerTiming( 1167): OnBootPhase_1000_com.android.server.timezonedetector.TimeZoneDetectorService$Lifecycle took to complete: 0ms
03-28 20:58:57.775 I/ActivityManagerTiming( 1167): OnBootPhase_1000_com.android.server.timezonedetector.location.LocationTimeZoneManagerService$Lifecycle
03-28 20:58:57.775 D/ActivityManagerTiming( 1167): OnBootPhase_1000_com.android.server.timezonedetector.location.LocationTimeZoneManagerService$Lifecycle took to complete: 0ms
03-28 20:58:57.776 I/ActivityManagerTiming( 1167): OnBootPhase_1000_com.android.server.search.SearchManagerService$Lifecycle
03-28 20:58:57.777 D/ActivityManagerTiming( 1167): OnBootPhase_1000_com.android.server.search.SearchManagerService$Lifecycle took to complete: 0ms
03-28 20:58:57.777 I/ActivityManagerTiming( 1167): OnBootPhase_1000_com.android.server.wallpaper.WallpaperManagerService$Lifecycle
03-28 20:58:57.777 D/ActivityManagerTiming( 1167): OnBootPhase_1000_com.android.server.wallpaper.WallpaperManagerService$Lifecycle took to complete: 0ms
03-28 20:58:57.777 I/ActivityManagerTiming( 1167): OnBootPhase_1000_com.android.server.audio.AudioService$Lifecycle
03-28 20:58:57.777 D/ActivityManagerTiming( 1167): OnBootPhase_1000_com.android.server.audio.AudioService$Lifecycle took to complete: 0ms
03-28 20:58:57.777 I/ActivityManagerTiming( 1167): OnBootPhase_1000_com.android.server.soundtrigger_middleware.SoundTriggerMiddlewareService$Lifecycle
