01-01 08:00:45.988 E/msm-dai-fe soc( 0): qcom,msm-dai-fe: ASoC: Failed to add route AUXPCM_HOSTLESS Playback -> direct -> AUXPCM_DL_HL
01-01 08:00:46.000 E/msm-dai-fe soc( 0): qcom,msm-dai-fe: ASoC: no source widget found for AUXPCM_UL_HL
01-01 08:00:46.009 E/msm-dai-fe soc( 0): qcom,msm-dai-fe: ASoC: Failed to add route AUXPCM_UL_HL -> direct -> AUXPCM_HOSTLESS Capture
01-01 08:00:46.041 E/msm-auxpcm-dev soc( 0): qcom,msm-pri-auxpcm: ASoC: no source widget found for AUX_PCM_RX
01-01 08:00:46.050 E/msm-auxpcm-dev soc( 0): qcom,msm-pri-auxpcm: ASoC: Failed to add route AUX_PCM_RX -> direct -> AUX PCM Playback
01-01 08:00:46.051 I/lan743x 0001( 0): 01:00.0 eth0: using MSIX interrupts, number of vectors = 6
01-01 08:00:46.062 E/msm-auxpcm-dev soc( 0): qcom,msm-pri-auxpcm: ASoC: no sink widget found for AUX_PCM_TX
01-01 08:00:46.062 E/msm-auxpcm-dev soc( 0): qcom,msm-pri-auxpcm: ASoC: Failed to add route AUX PCM Capture -> direct -> AUX_PCM_TX
01-01 08:00:46.083 E/msm-auxpcm-dev soc( 0): qcom,msm-sec-auxpcm: ASoC: no source widget found for SEC_AUX_PCM_RX
01-01 08:00:46.092 E/msm-auxpcm-dev soc( 0): qcom,msm-sec-auxpcm: ASoC: Failed to add route SEC_AUX_PCM_RX -> direct -> Sec AUX PCM Playback
01-01 08:00:46.103 I/IntentFirewall( 1145): Read new rules (A:0 B:0 S:0)
01-01 08:00:46.099 I/init ( 0): starting service 'vendor.mutualex'...
01-01 08:00:46.105 E/msm-auxpcm-dev soc( 0): qcom,msm-sec-auxpcm: ASoC: no sink widget found for SEC_AUX_PCM_TX
01-01 08:00:46.114 E/msm-auxpcm-dev soc( 0): qcom,msm-sec-auxpcm: ASoC: Failed to add route Sec AUX PCM Capture -> direct -> SEC_AUX_PCM_TX
01-01 08:00:46.117 I/mv2112_config_aneg( 0): autoneg 1
01-01 08:00:46.119 I/init ( 0): starting service 'vendor.port-bridge'...
01-01 08:00:46.126 E/msm-auxpcm-dev soc( 0): qcom,msm-tert-auxpcm: ASoC: no source widget found for TERT_AUX_PCM_RX
01-01 08:00:46.132 I/ ( 0): mv2112_restart_aneg
01-01 08:00:46.136 E/msm-auxpcm-dev soc( 0): qcom,msm-tert-auxpcm: ASoC: Failed to add route TERT_AUX_PCM_RX -> direct -> Tert AUX PCM Playback
01-01 08:00:46.136 E/msm-auxpcm-dev soc( 0): qcom,msm-tert-auxpcm: ASoC: no sink widget found for TERT_AUX_PCM_TX
01-01 08:00:46.137 E/init ( 0): Could not start service 'poweropt-service' as part of class 'main': File /vendor/bin/poweropt-service(labeled "u:object_r:vendor_file:s0") has incorrect label or no domain transition from u:r:init:s0 to another SELinux domain defined. Have you configured your service correctly? https://source.android.com/security/selinux/device-policy#label_new_services_and_address_denials. Note: this error shows up even in permissive mode in order to make auditing denials possible.
01-01 08:00:46.138 I/init ( 0): starting service 'vendor.adsprpcd'...
01-01 08:00:46.151 E/mv2112_read_status( 0): autoneg not complete;time=39412 ms
01-01 08:00:46.151 I/ ( 0): mv2112_setup_forced
01-01 08:00:46.158 E/msm-auxpcm-dev soc( 0): qcom,msm-tert-auxpcm: ASoC: Failed to add route Tert AUX PCM Capture -> direct -> TERT_AUX_PCM_TX
01-01 08:00:46.164 I/lan743x 0001( 0): 01:00.0 eth0: successfully registered ptp clock
01-01 08:00:46.159 I/imsrcsd ( 1342): Uce Service HAL is starting up...
01-01 08:00:46.164 I/imsrcsd ( 1342): Uce Service HAL loading imsrcsbaseimpl
01-01 08:00:46.179 I/init ( 0): starting service 'vendor.adsprpcd_audiopd'...
01-01 08:00:46.204 D/AppOps ( 1145): AppOpsService published
01-01 08:00:46.211 I/lan743x 0001( 0): 01:00.0 eth0: Link is Down
01-01 08:00:46.215 I/init ( 0): starting service 'vendor.cdsprpcd'...
01-01 08:00:46.222 E/msm-auxpcm-dev soc( 0): qcom,msm-quat-auxpcm: ASoC: no source widget found for QUAT_AUX_PCM_RX
01-01 08:00:46.232 E/msm-auxpcm-dev soc( 0): qcom,msm-quat-auxpcm: ASoC: Failed to add route QUAT_AUX_PCM_RX -> direct -> Quat AUX PCM Playback
01-01 08:00:46.235 I/IPv6 ( 0): ADDRCONF(NETDEV_UP): eth0: link is not ready
01-01 08:00:46.244 E/msm-auxpcm-dev soc( 0): qcom,msm-quat-auxpcm: ASoC: no sink widget found for QUAT_AUX_PCM_TX
01-01 08:00:46.254 E/msm-auxpcm-dev soc( 0): qcom,msm-quat-auxpcm: ASoC: Failed to add route Quat AUX PCM Capture -> direct -> QUAT_AUX_PCM_TX
01-01 08:00:46.258 I/ ( 0): ifconfig (1335) used greatest stack depth: 10248 bytes left
01-01 08:00:46.260 E/init ( 0): Could not start service 'vendor_flash_recovery' as part of class 'main': Cannot find '/vendor/bin/install-recovery.sh': No such file or directory
01-01 08:00:46.262 I/init ( 0): starting service 'wfdvndservice'...
01-01 08:00:46.267 E/msm-auxpcm-dev soc( 0): qcom,msm-quin-auxpcm: ASoC: no source widget found for QUIN_AUX_PCM_RX
01-01 08:00:46.245 W/SystemServiceManager( 1145): Service com.android.server.am.ActivityManagerService$Lifecycle took 125 ms in onStart
01-01 08:00:46.246 D/SystemServerTiming( 1145): StartActivityManager took to complete: 600ms
01-01 08:00:46.246 I/SystemServerTiming( 1145): StartDataLoaderManagerService
01-01 08:00:46.246 I/SystemServiceManager( 1145): Starting com.android.server.pm.DataLoaderManagerService
01-01 08:00:46.274 I/binder ( 0): 1271:1271 ioctl 40046210 7fd27ad294 returned -22
01-01 08:00:46.298 D/SystemServerTiming( 1145): StartDataLoaderManagerService took to complete: 52ms
01-01 08:00:46.298 I/SystemServerTiming( 1145): StartIncrementalService
01-01 08:00:46.291 E/msm-auxpcm-dev soc( 0): qcom,msm-quin-auxpcm: ASoC: Failed to add route QUIN_AUX_PCM_RX -> direct -> Quin AUX PCM Playback
01-01 08:00:46.303 E/msm-auxpcm-dev soc( 0): qcom,msm-quin-auxpcm: ASoC: no sink widget found for QUIN_AUX_PCM_TX
01-01 08:00:46.313 E/msm-auxpcm-dev soc( 0): qcom,msm-quin-auxpcm: ASoC: Failed to add route Quin AUX PCM Capture -> direct -> QUIN_AUX_PCM_TX
01-01 08:00:46.325 E/msm-auxpcm-dev soc( 0): qcom,msm-sen-auxpcm: ASoC: no source widget found for SEN_AUX_PCM_RX
01-01 08:00:46.307 D/SystemServerTiming( 1145): StartIncrementalService took to complete: 8ms
01-01 08:00:46.307 I/SystemServerTiming( 1145): StartPowerManager
01-01 08:00:46.307 I/SystemServiceManager( 1145): Starting com.android.server.power.PowerManagerService
01-01 08:00:46.335 E/msm-auxpcm-dev soc( 0): qcom,msm-sen-auxpcm: ASoC: Failed to add route SEN_AUX_PCM_RX -> direct -> Sen AUX PCM Playback
01-01 08:00:46.348 E/msm-auxpcm-dev soc( 0): qcom,msm-sen-auxpcm: ASoC: no sink widget found for SEN_AUX_PCM_TX
01-01 08:00:46.357 E/msm-auxpcm-dev soc( 0): qcom,msm-sen-auxpcm: ASoC: Failed to add route Sen AUX PCM Capture -> direct -> SEN_AUX_PCM_TX
01-01 08:00:46.358 I/init ( 0): starting service 'media.swcodec'...
01-01 08:00:46.369 W/msm-dai-q6-hdmi soc( 0): qcom,msm-dai-q6-dp: DAI driver id is not set
01-01 08:00:46.347 D/SystemServerTiming( 1145): StartPowerManager took to complete: 40ms
01-01 08:00:46.347 I/SystemServerTiming( 1145): StartThermalManager
01-01 08:00:46.347 I/SystemServiceManager( 1145): Starting com.android.server.power.ThermalManagerService
01-01 08:00:46.349 D/SystemServerTiming( 1145): StartThermalManager took to complete: 1ms
01-01 08:00:46.349 I/SystemServerTiming( 1145): StartHintManager
01-01 08:00:46.349 I/SystemServiceManager( 1145): Starting com.android.server.power.hint.HintManagerService
01-01 08:00:46.355 D/SystemServerTiming( 1145): StartHintManager took to complete: 7ms
01-01 08:00:46.355 I/SystemServerTiming( 1145): InitPowerManagement
01-01 08:00:46.362 D/SystemServerTiming( 1145): InitPowerManagement took to complete: 6ms
01-01 08:00:46.362 I/SystemServerTiming( 1145): StartRecoverySystemService
01-01 08:00:46.362 I/SystemServiceManager( 1145): Starting com.android.server.recoverysystem.RecoverySystemService$Lifecycle
01-01 08:00:46.366 D/SystemServerTiming( 1145): StartRecoverySystemService took to complete: 4ms
01-01 08:00:46.366 I/PackageWatchdog( 1145): Syncing state, reason: added new observer
01-01 08:00:46.366 I/PackageWatchdog( 1145): Not pruning observers, elapsed time: 0ms
01-01 08:00:46.367 I/PackageWatchdog( 1145): Cancelling state sync, nothing to sync
01-01 08:00:46.369 I/PackageWatchdog( 1145): Saving observer state to file
01-01 08:00:46.371 I/SystemServerTiming( 1145): StartLightsService
01-01 08:00:46.371 I/SystemServiceManager( 1145): Starting com.android.server.lights.LightsService
01-01 08:00:46.400 D/SystemServerTiming( 1145): StartLightsService took to complete: 29ms
01-01 08:00:46.400 I/SystemServerTiming( 1145): StartSidekickService
01-01 08:00:46.403 I/ ( 0): SharedPreferenc (1386) used greatest stack depth: 9928 bytes left
01-01 08:00:46.400 D/SystemServerTiming( 1145): StartSidekickService took to complete: 0ms
01-01 08:00:46.400 I/SystemServerTiming( 1145): StartDisplayManager
01-01 08:00:46.400 I/SystemServiceManager( 1145): Starting com.android.server.display.DisplayManagerService
01-01 08:00:46.425 D/SystemServerTiming( 1145): StartDisplayManager took to complete: 24ms
01-01 08:00:46.426 I/SystemServerTiming( 1145): WaitForDisplay
01-01 08:00:46.426 I/SystemServiceManager( 1145): Starting phase 100
01-01 08:00:46.426 I/SystemServerTiming( 1145): OnBootPhase_100
01-01 08:00:46.426 I/SystemServerTiming( 1145): OnBootPhase_100_com.android.server.security.FileIntegrityService
01-01 08:00:46.426 D/SystemServerTiming( 1145): OnBootPhase_100_com.android.server.security.FileIntegrityService took to complete: 0ms
01-01 08:00:46.427 I/SystemServerTiming( 1145): OnBootPhase_100_com.android.server.pm.Installer
01-01 08:00:46.427 D/SystemServerTiming( 1145): OnBootPhase_100_com.android.server.pm.Installer took to complete: 0ms
01-01 08:00:46.427 I/SystemServerTiming( 1145): OnBootPhase_100_com.android.server.os.DeviceIdentifiersPolicyService
01-01 08:00:46.427 D/SystemServerTiming( 1145): OnBootPhase_100_com.android.server.os.DeviceIdentifiersPolicyService took to complete: 0ms
01-01 08:00:46.427 I/SystemServerTiming( 1145): OnBootPhase_100_com.android.server.uri.UriGrantsManagerService$Lifecycle
01-01 08:00:46.427 D/SystemServerTiming( 1145): OnBootPhase_100_com.android.server.uri.UriGrantsManagerService$Lifecycle took to complete: 0ms
01-01 08:00:46.428 I/SystemServerTiming( 1145): OnBootPhase_100_com.android.server.powerstats.PowerStatsService
01-01 08:00:46.428 D/SystemServerTiming( 1145): OnBootPhase_100_com.android.server.powerstats.PowerStatsService took to complete: 0ms
01-01 08:00:46.432 I/init ( 0): Command 'class_start main' action=nonencrypted (/system/etc/init/hw/init.rc:1118) took 1063ms and succeeded
01-01 08:00:46.428 I/SystemServerTiming( 1145): OnBootPhase_100_com.android.server.wm.ActivityTaskManagerService$Lifecycle
01-01 08:00:46.428 D/SystemServerTiming( 1145): OnBootPhase_100_com.android.server.wm.ActivityTaskManagerService$Lifecycle took to complete: 0ms
01-01 08:00:46.428 I/SystemServerTiming( 1145): OnBootPhase_100_com.android.server.am.ActivityManagerService$Lifecycle
01-01 08:00:46.428 D/SystemServerTiming( 1145): OnBootPhase_100_com.android.server.am.ActivityManagerService$Lifecycle took to complete: 0ms
01-01 08:00:46.429 I/SystemServerTiming( 1145): OnBootPhase_100_com.android.server.pm.DataLoaderManagerService
01-01 08:00:46.429 D/SystemServerTiming( 1145): OnBootPhase_100_com.android.server.pm.DataLoaderManagerService took to complete: 0ms
01-01 08:00:46.429 I/SystemServerTiming( 1145): OnBootPhase_100_com.android.server.power.PowerManagerService
01-01 08:00:46.429 D/SystemServerTiming( 1145): OnBootPhase_100_com.android.server.power.PowerManagerService took to complete: 0ms
01-01 08:00:46.429 I/SystemServerTiming( 1145): OnBootPhase_100_com.android.server.power.ThermalManagerService
01-01 08:00:46.429 D/SystemServerTiming( 1145): OnBootPhase_100_com.android.server.power.ThermalManagerService took to complete: 0ms
01-01 08:00:46.429 I/SystemServerTiming( 1145): OnBootPhase_100_com.android.server.power.hint.HintManagerService
01-01 08:00:46.430 D/SystemServerTiming( 1145): OnBootPhase_100_com.android.server.power.hint.HintManagerService took to complete: 0ms
01-01 08:00:46.430 I/SystemServerTiming( 1145): OnBootPhase_100_com.android.server.recoverysystem.RecoverySystemService$Lifecycle
01-01 08:00:46.430 D/SystemServerTiming( 1145): OnBootPhase_100_com.android.server.recoverysystem.RecoverySystemService$Lifecycle took to complete: 0ms
01-01 08:00:46.430 I/SystemServerTiming( 1145): OnBootPhase_100_com.android.server.lights.LightsService
01-01 08:00:46.430 D/SystemServerTiming( 1145): OnBootPhase_100_com.android.server.lights.LightsService took to complete: 0ms
01-01 08:00:46.430 I/SystemServerTiming( 1145): OnBootPhase_100_com.android.server.display.DisplayManagerService
01-01 08:00:46.437 I/DisplayDeviceRepository( 1145): Display device added: DisplayDeviceInfo{"内置屏幕": uniqueId="local:4630946370410392961", 2380 x 1020, modeId 1, defaultModeId 1, supportedModes [{id=1, width=2380, height=1020, fps=60.000004, alternativeRefreshRates=[30.000002, 45.0]}, {id=2, width=2380, height=1020, fps=45.0, alternativeRefreshRates=[30.000002, 60.000004]}, {id=3, width=2380, height=1020, fps=30.000002, alternativeRefreshRates=[45.0, 60.000004]}], colorMode 0, supportedColorModes [0], hdrCapabilities HdrCapabilities{mSupportedHdrTypes=[2, 3, 4], mMaxLuminance=500.0, mMaxAverageLuminance=500.0, mMinLuminance=0.0}, allmSupported false, gameContentTypeSupported false, density 240, 319.851 x 319.851 dpi, appVsyncOff 1000000, presDeadline 16666666, touch INTERNAL, rotation 0, type INTERNAL, address {port=129, model=0x40446d3026322d}, deviceProductInfo DeviceProductInfo{name=, manufacturerPnpId=QCM, productId=1, modelYear=null, manufactureDate=ManufactureDate{week=27, year=2006}, connectionToSinkType=0}, state UNKNOWN, frameRateOverride , brightnessMinimum 0.0, brightnessMaximum 1.0, brightnessDefault 1.0, FLAG_DEFAULT_DISPLAY, FLAG_ROTATES_WITH_CONTENT, FLAG_SECURE, FLAG_SUPPORTS_PROTECTED_BUFFERS}
01-01 08:00:46.441 I/LogicalDisplayMapper( 1145): Applying layout: [{addr: {port=129, model=0x40446d3026322d}, dispId: 0(ON)}], Previous layout: null
01-01 08:00:46.470 I/binder ( 0): 1275:1275 ioctl 40046210 ffae7558 returned -22
01-01 08:00:46.462 I/LogicalDisplayMapper( 1145): Adding new display: 0: DisplayInfo{"内置屏幕", displayId 0", displayGroupId -1, FLAG_SECURE, FLAG_SUPPORTS_PROTECTED_BUFFERS, FLAG_TRUSTED, real 2380 x 1020, largest app 2380 x 1020, smallest app 2380 x 1020, appVsyncOff 1000000, presDeadline 16666666, mode 1, defaultMode 1, modes [{id=1, width=2380, height=1020, fps=60.000004, alternativeRefreshRates=[30.000002, 45.0]}, {id=2, width=2380, height=1020, fps=45.0, alternativeRefreshRates=[30.000002, 60.000004]}, {id=3, width=2380, height=1020, fps=30.000002, alternativeRefreshRates=[45.0, 60.000004]}], hdrCapabilities HdrCapabilities{mSupportedHdrTypes=[2, 3, 4], mMaxLuminance=500.0, mMaxAverageLuminance=500.0, mMinLuminance=0.0}, userDisabledHdrTypes [], minimalPostProcessingSupported false, rotation 0, state UNKNOWN, type INTERNAL, uniqueId "local:4630946370410392961", app 2380 x 1020, density 240 (319.851 x 319.851) dpi, layerStack 0, colorMode 0, supportedColorModes [0], address {port=129, model=0x40446d3026322d}, deviceProductInfo DeviceProductInfo{name=, manufacturerPnpId=QCM, productId=1, modelYear=null, manufactureDate=ManufactureDate{week=27, year=2006}, connectionToSinkType=0}, removeMode 0, refreshRateOverride 0.0, brightnessMinimum 0.0, brightnessMaximum 1.0, brightnessDefault 1.0}
01-01 08:00:46.464 I/LogicalDisplayMapper( 1145): Setting new display group 0 for display 0, from previous group: null
01-01 08:00:46.472 E/DisplayDeviceConfig( 1145): requesting nits when no mapping exists.
01-01 08:00:46.501 E/DisplayDeviceConfig( 1145): requesting nits when no mapping exists.
01-01 08:00:46.502 W/android.permission.PermissionManager( 1145): Missing ActivityManager; assuming 1013 does not hold android.permission.UPDATE_DEVICE_STATS
01-01 08:00:46.542 I/binder ( 0): 1275:1275 ioctl 40046210 ffae7540 returned -22
01-01 08:00:46.507 W/SystemServiceManager( 1145): Service com.android.server.display.DisplayManagerService took 77 ms in onBootPhase
01-01 08:00:46.507 D/SystemServerTiming( 1145): OnBootPhase_100_com.android.server.display.DisplayManagerService took to complete: 77ms
01-01 08:00:46.508 D/SystemServerTiming( 1145): OnBootPhase_100 took to complete: 81ms
01-01 08:00:46.508 D/SystemServerTiming( 1145): WaitForDisplay took to complete: 81ms
01-01 08:00:46.508 I/SystemServerTiming( 1145): StartDomainVerificationService
01-01 08:00:46.527 D/SystemServerTiming( 1145): StartDomainVerificationService took to complete: 19ms
01-01 08:00:46.528 I/SystemServerTiming( 1145): StartPackageManagerService
01-01 08:00:46.528 I/Watchdog( 1145): Pausing HandlerChecker: main thread for reason: packagemanagermain. Pause count: 1
01-01 08:00:46.529 W/android.permission.PermissionManager( 1145): Missing ActivityManager; assuming 1013 does not hold android.permission.UPDATE_DEVICE_STATS
01-01 08:00:46.544 I/DisplayDeviceRepository( 1145): Display device changed state: "内置屏幕", ON
01-01 08:00:46.558 I/PackageManagerTiming( 1145): create package manager
01-01 08:00:46.603 I/cnss-daemon( 0): interop issues ap: read_iot_ap_file: No such file /data/vendor/wifi/iotap_ps.bin
01-01 08:00:46.616 I/PackageManagerTiming( 1145): readListOfPackagesToBeDisabled
01-01 08:00:46.616 D/PackageManagerTiming( 1145): readListOfPackagesToBeDisabled took to complete: 0ms
01-01 08:00:46.616 I/PackageManagerTiming( 1145): createSubComponents
01-01 08:00:46.603 I/cnss-daemon( 0): interop issues ap: read_iot_ap_ps_from_file, read file error
01-01 08:00:46.676 I/cnss-daemon( 0): NL group_id 10, cnss_nl.family_id 28
01-01 08:00:46.678 I/cnss-daemon( 0): wlfw_start: Starting
01-01 08:00:46.715 I/cnss-daemon( 0): no interop issues ap currently
01-01 08:00:46.715 I/ ( 0): ip (1368) used greatest stack depth: 9848 bytes left
01-01 08:00:46.676 W/ProcessCpuTracker( 1145): Failed to stat(/proc/1331): android.system.ErrnoException: stat failed: ENOENT (No such file or directory)
01-01 08:00:46.679 W/ProcessCpuTracker( 1145): Skipping unknown process pid 1331
01-01 08:00:46.708 I/imsrcsd ( 1342): Starting Service for First Time imsbaseimpl
01-01 08:00:46.711 W/ProcessCpuTracker( 1145): Failed to stat(/proc/1352): android.system.ErrnoException: stat failed: ENOENT (No such file or directory)
01-01 08:00:46.711 W/ProcessCpuTracker( 1145): Skipping unknown process pid 1352
01-01 08:00:46.712 W/ProcessCpuTracker( 1145): Failed to stat(/proc/1353): android.system.ErrnoException: stat failed: ENOENT (No such file or directory)
01-01 08:00:46.713 W/ProcessCpuTracker( 1145): Skipping unknown process pid 1353
01-01 08:00:46.713 W/ProcessCpuTracker( 1145): Failed to stat(/proc/1355): android.system.ErrnoException: stat failed: ENOENT (No such file or directory)
01-01 08:00:46.714 W/ProcessCpuTracker( 1145): Skipping unknown process pid 1355
01-01 08:00:46.719 W/ProcessCpuTracker( 1145): Failed to stat(/proc/1362): android.system.ErrnoException: stat failed: ENOENT (No such file or directory)
01-01 08:00:46.719 W/ProcessCpuTracker( 1145): Skipping unknown process pid 1362
01-01 08:00:46.722 W/ProcessCpuTracker( 1145): Failed to stat(/proc/1367): android.system.ErrnoException: stat failed: ENOENT (No such file or directory)
01-01 08:00:46.723 W/ProcessCpuTracker( 1145): Skipping unknown process pid 1367
01-01 08:00:46.723 W/ProcessCpuTracker( 1145): Failed to stat(/proc/1368): android.system.ErrnoException: stat failed: ENOENT (No such file or directory)
01-01 08:00:46.724 W/ProcessCpuTracker( 1145): Skipping unknown process pid 1368
01-01 08:00:46.730 I/cnss-daemon( 0): wlfw_service_request: Start the pthread: 0x0K
01-01 08:00:46.733 I/cnss-daemon( 0): ro.baseband : [apq]
01-01 08:00:46.733 I/cnss-daemon( 0): Hardware supports external modem
01-01 08:00:46.750 I/cnss-daemon( 0): pm_release_vote: pm_handle is NULL
01-01 08:00:46.750 I/cnss-daemon( 0): pm_release_vote: pm_handle is NULL
01-01 08:00:46.768 D/cnss ( 0): Received QMI WLFW request memory indication
01-01 08:00:46.768 D/cnss ( 0): FW requests for memory, size: 0x5e0000, type: 1
01-01 08:00:46.768 D/cnss ( 0): FW requests for memory, size: 0xd8000, type: 4
01-01 08:00:46.768 D/cnss ( 0): Posting event: REQUEST_MEM(2), state: 0x9 flags: 0x0
01-01 08:00:46.768 D/cnss ( 0): PM stay awake, state: 0x9, count: 1
01-01 08:00:46.769 D/cnss ( 0): PM relax, state: 0x9, count: 0
01-01 08:00:46.769 D/cnss ( 0): PM stay awake, state: 0x9, count: 1
01-01 08:00:46.769 D/cnss ( 0): Processing driver event: REQUEST_MEM(2), state: 0x9
01-01 08:00:46.735 D/PackageManagerTiming( 1145): createSubComponents took to complete: 118ms
01-01 08:00:46.735 I/PackageManagerTiming( 1145): addSharedUsers
01-01 08:00:46.735 D/PackageManagerTiming( 1145): addSharedUsers took to complete: 0ms
01-01 08:00:46.736 I/PackageManagerTiming( 1145): get system config
01-01 08:00:46.736 D/PackageManagerTiming( 1145): get system config took to complete: 0ms
01-01 08:00:46.743 I/imsrcsd ( 1342): Interface com.qualcomm.qti.uceservice@2.3::IUceService com.qualcomm.qti.uceservice is found in manifest
01-01 08:00:46.752 I/HidlServiceManagement( 1342): Registered com.qualcomm.qti.uceservice@2.3::IUceService/com.qualcomm.qti.uceservice (start delay of 749ms)
01-01 08:00:46.766 I/imsrcsd ( 1342): Interface com.qualcomm.qti.imscmservice@2.2::IImsCmService qti.ims.connectionmanagerservice is found in manifest
01-01 08:00:46.770 I/HidlServiceManagement( 1342): Registered com.qualcomm.qti.imscmservice@2.2::IImsCmService/qti.ims.connectionmanagerservice (start delay of 766ms)
01-01 08:00:46.775 I/imsrcsd ( 1342): Interface vendor.qti.ims.factory@1.1::IImsFactory default is not found in manifest
01-01 08:00:46.777 I/imsrcsd ( 1342): Interface vendor.qti.ims.factory@1.0::IImsFactory default is found in manifest
01-01 08:00:46.780 I/HidlServiceManagement( 1342): Registered vendor.qti.ims.factory@1.0::IImsFactory/default (start delay of 777ms)
01-01 08:00:46.784 D/PackageManager( 1145): Directories scanned as system partitions: [/system:0, /vendor:524288, /odm:4194304, /oem:262144, /product:1048576, /system_ext:2097152, /apex/com.android.vndk.v30:8388608, /apex/com.android.wifi:8388608, /apex/com.android.vndk.v31:8388608, /apex/com.android.tzdata:8388608, /apex/com.android.tethering:8388608, /apex/com.android.sdkext:8388608, /apex/com.android.scheduling:8388608, /apex/com.android.runtime:8388608, /apex/com.android.resolv:8388608, /apex/com.android.permission:8388608, /apex/com.android.os.statsd:8388608, /apex/com.android.neuralnetworks:8388608, /apex/com.android.mediaprovider:8388608, /apex/com.android.media.swcodec:8388608, /apex/com.android.media:8388608, /apex/com.android.ipsec:8388608, /apex/com.android.i18n:8388608, /apex/com.android.extservices:8388608, /apex/com.android.conscrypt:8388608, /apex/com.android.art:8388608, /apex/com.android.appsearch:8388608, /apex/com.android.adbd:8388608]
01-01 08:00:46.786 I/imsrcsd ( 1342): Interface vendor.qti.ims.callinfo@1.0::IService default is found in manifest
01-01 08:00:46.795 I/HidlServiceManagement( 1342): Registered vendor.qti.ims.callinfo@1.0::IService/default (start delay of 791ms)
01-01 08:00:46.795 I/imsrcsd ( 1342): ImsRcsBaseImpl ImsCallInfo After Registering Service
01-01 08:00:46.827 D/SELinuxMMAC( 1145): Using policy file /system/etc/selinux/plat_mac_permissions.xml
01-01 08:00:46.838 D/SELinuxMMAC( 1145): Using policy file /system_ext/etc/selinux/system_ext_mac_permissions.xml
01-01 08:00:46.846 D/SELinuxMMAC( 1145): Using policy file /product/etc/selinux/product_mac_permissions.xml
01-01 08:00:46.847 D/SELinuxMMAC( 1145): Using policy file /vendor/etc/selinux/vendor_mac_permissions.xml
01-01 08:00:46.851 D/SELinuxMMAC( 1145): Using policy file /odm/etc/selinux/odm_mac_permissions.xml
01-01 08:00:46.852 I/PackageManagerTiming( 1145): loadFallbacks
01-01 08:00:46.854 D/PackageManagerTiming( 1145): loadFallbacks took to complete: 2ms
01-01 08:00:46.854 I/PackageManagerTiming( 1145): read user settings
01-01 08:00:46.898 I/binder ( 0): 1261:1261 ioctl 40046210 7fdde4a934 returned -22
01-01 08:00:46.901 I/binder ( 0): 1261:1261 ioctl 40046210 7fdde4a954 returned -22
01-01 08:00:46.922 W/android.permission.PermissionManager( 1145): Missing ActivityManager; assuming 1047 does not hold android.permission.UPDATE_DEVICE_STATS
01-01 08:00:46.926 W/android.permission.PermissionManager( 1145): Missing ActivityManager; assuming 1047 does not hold android.permission.UPDATE_DEVICE_STATS
01-01 08:00:46.933 I/TLOC ( 1489): [main ]"TLOC DAEMON main thread"
01-01 08:00:46.933 D/TLOC ( 1489): [TLOCDaemon ]"---------- TLOC Daemon Starts ----------"
01-01 08:00:46.935 D/TLOC ( 1489): [TLOCChannel]"The channel was initialized successfully for TLOCD"
01-01 08:00:46.936 D/TLOC ( 1489): [TLOCChannel]"The channel was initialized successfully for TLOCL"
01-01 08:00:46.937 D/TLOC ( 1489): [TLOCChannel]"The channel was initialized successfully for MODEM"
01-01 08:00:46.937 D/TLOC ( 1489): [TLOCChannel]"TLOCChannel was initialized successfully"
01-01 08:00:46.937 D/TLOC ( 1489): [TLOCChannel] "TLOCChannel is already initialized"
01-01 08:00:46.956 I/binder ( 0): 1465:1465 ioctl 40046210 7fc8aa1944 returned -22
01-01 08:00:46.960 D/qbt ( 0): qbt_open: entry minor_no=0 fd_available=1
01-01 08:00:46.960 D/qbt ( 0): qbt_open: exit : 0 fd_available=0
01-01 08:00:46.960 D/qbt ( 0): qbt_open: entry minor_no=1 fd_available=0
01-01 08:00:46.960 D/qbt ( 0): qbt_open: exit : 0 fd_available=0
01-01 08:00:46.960 D/qbt ( 0): qbt_ioctl: cmd received 102
01-01 08:00:46.961 D/qbt ( 0): qbt_ioctl: qbt_ioctl: QBT_ENABLE_IPC
01-01 08:00:46.980 E/bolero-codec soc( 0): qcom,msm-audio-apr:qcom,q6core-audio:bolero-cdc: ASoC: unknown pin WSA AIF VI
01-01 08:00:46.955 W/android.permission.PermissionManager( 1145): Missing ActivityManager; assuming 1000 holds android.permission.SET_PREFERRED_APPLICATIONS
01-01 08:00:46.998 D/qbt ( 0): qbt_ioctl: cmd received 107
01-01 08:00:46.998 D/qbt ( 0): qbt_ioctl: Acquiring wakelock
01-01 08:00:47.009 I/binder ( 0): 1447:1447 ioctl 40046210 7fec91d104 returned -22
01-01 08:00:46.956 W/android.permission.PermissionManager( 1145): Missing ActivityManager; assuming 1000 holds android.permission.SET_PREFERRED_APPLICATIONS
01-01 08:00:46.957 W/android.permission.PermissionManager( 1145): Missing ActivityManager; assuming 1000 holds android.permission.SET_PREFERRED_APPLICATIONS
01-01 08:00:46.958 W/android.permission.PermissionManager( 1145): Missing ActivityManager; assuming 1000 holds android.permission.SET_PREFERRED_APPLICATIONS
01-01 08:00:46.960 W/android.permission.PermissionManager( 1145): Missing ActivityManager; assuming 1000 holds android.permission.SET_PREFERRED_APPLICATIONS
01-01 08:00:46.960 W/android.permission.PermissionManager( 1145): Missing ActivityManager; assuming 1000 holds android.permission.SET_PREFERRED_APPLICATIONS
01-01 08:00:46.961 W/android.permission.PermissionManager( 1145): Missing ActivityManager; assuming 1000 holds android.permission.SET_PREFERRED_APPLICATIONS
01-01 08:00:46.961 W/android.permission.PermissionManager( 1145): Missing ActivityManager; assuming 1000 holds android.permission.SET_PREFERRED_APPLICATIONS
01-01 08:00:47.030 I/binder ( 0): 1447:1447 ioctl 40046210 7fec91cf34 returned -22
01-01 08:00:46.962 W/android.permission.PermissionManager( 1145): Missing ActivityManager; assuming 1000 holds android.permission.SET_PREFERRED_APPLICATIONS
01-01 08:00:46.962 W/android.permission.PermissionManager( 1145): Missing ActivityManager; assuming 1000 holds android.permission.SET_PREFERRED_APPLICATIONS
01-01 08:00:46.963 W/android.permission.PermissionManager( 1145): Missing ActivityManager; assuming 1000 holds android.permission.SET_PREFERRED_APPLICATIONS
01-01 08:00:46.963 W/android.permission.PermissionManager( 1145): Missing ActivityManager; assuming 1000 holds android.permission.SET_PREFERRED_APPLICATIONS
01-01 08:00:46.964 W/android.permission.PermissionManager( 1145): Missing ActivityManager; assuming 1000 holds android.permission.SET_PREFERRED_APPLICATIONS
01-01 08:00:46.964 W/android.permission.PermissionManager( 1145): Missing ActivityManager; assuming 1000 holds android.permission.SET_PREFERRED_APPLICATIONS
01-01 08:00:46.965 W/android.permission.PermissionManager( 1145): Missing ActivityManager; assuming 1000 holds android.permission.SET_PREFERRED_APPLICATIONS
01-01 08:00:46.965 W/android.permission.PermissionManager( 1145): Missing ActivityManager; assuming 1000 holds android.permission.SET_PREFERRED_APPLICATIONS
01-01 08:00:46.966 W/android.permission.PermissionManager( 1145): Missing ActivityManager; assuming 1000 holds android.permission.SET_PREFERRED_APPLICATIONS
01-01 08:00:46.966 W/android.permission.PermissionManager( 1145): Missing ActivityManager; assuming 1000 holds android.permission.SET_PREFERRED_APPLICATIONS
01-01 08:00:46.966 W/android.permission.PermissionManager( 1145): Missing ActivityManager; assuming 1000 holds android.permission.SET_PREFERRED_APPLICATIONS
01-01 08:00:46.967 W/android.permission.PermissionManager( 1145): Missing ActivityManager; assuming 1000 holds android.permission.SET_PREFERRED_APPLICATIONS
01-01 08:00:46.967 W/android.permission.PermissionManager( 1145): Missing ActivityManager; assuming 1000 holds android.permission.SET_PREFERRED_APPLICATIONS
01-01 08:00:46.968 W/android.permission.PermissionManager( 1145): Missing ActivityManager; assuming 1000 holds android.permission.SET_PREFERRED_APPLICATIONS
01-01 08:00:46.968 W/android.permission.PermissionManager( 1145): Missing ActivityManager; assuming 1000 holds android.permission.SET_PREFERRED_APPLICATIONS
01-01 08:00:46.968 W/android.permission.PermissionManager( 1145): Missing ActivityManager; assuming 1000 holds android.permission.SET_PREFERRED_APPLICATIONS
01-01 08:00:46.969 W/android.permission.PermissionManager( 1145): Missing ActivityManager; assuming 1000 holds android.permission.SET_PREFERRED_APPLICATIONS
01-01 08:00:46.969 W/android.permission.PermissionManager( 1145): Missing ActivityManager; assuming 1000 holds android.permission.SET_PREFERRED_APPLICATIONS
01-01 08:00:46.970 W/android.permission.PermissionManager( 1145): Missing ActivityManager; assuming 1000 holds android.permission.SET_PREFERRED_APPLICATIONS
01-01 08:00:46.970 W/android.permission.PermissionManager( 1145): Missing ActivityManager; assuming 1000 holds android.permission.SET_PREFERRED_APPLICATIONS
01-01 08:00:46.970 W/android.permission.PermissionManager( 1145): Missing ActivityManager; assuming 1000 holds android.permission.SET_PREFERRED_APPLICATIONS
01-01 08:00:46.971 W/android.permission.PermissionManager( 1145): Missing ActivityManager; assuming 1000 holds android.permission.SET_PREFERRED_APPLICATIONS
01-01 08:00:46.972 W/android.permission.PermissionManager( 1145): Missing ActivityManager; assuming 1000 holds android.permission.SET_PREFERRED_APPLICATIONS
01-01 08:00:46.972 W/android.permission.PermissionManager( 1145): Missing ActivityManager; assuming 1000 holds android.permission.SET_PREFERRED_APPLICATIONS
01-01 08:00:46.973 W/android.permission.PermissionManager( 1145): Missing ActivityManager; assuming 1000 holds android.permission.SET_PREFERRED_APPLICATIONS
01-01 08:00:46.973 W/android.permission.PermissionManager( 1145): Missing ActivityManager; assuming 1000 holds android.permission.SET_PREFERRED_APPLICATIONS
01-01 08:00:46.974 W/android.permission.PermissionManager( 1145): Missing ActivityManager; assuming 1000 holds android.permission.SET_PREFERRED_APPLICATIONS
01-01 08:00:46.974 W/android.permission.PermissionManager( 1145): Missing ActivityManager; assuming 1000 holds android.permission.SET_PREFERRED_APPLICATIONS
01-01 08:00:46.975 W/android.permission.PermissionManager( 1145): Missing ActivityManager; assuming 1000 holds android.permission.SET_PREFERRED_APPLICATIONS
01-01 08:00:46.975 W/android.permission.PermissionManager( 1145): Missing ActivityManager; assuming 1000 holds android.permission.SET_PREFERRED_APPLICATIONS
01-01 08:00:46.976 W/android.permission.PermissionManager( 1145): Missing ActivityManager; assuming 1000 holds android.permission.SET_PREFERRED_APPLICATIONS
01-01 08:00:46.976 W/android.permission.PermissionManager( 1145): Missing ActivityManager; assuming 1000 holds android.permission.SET_PREFERRED_APPLICATIONS
01-01 08:00:46.977 W/android.permission.PermissionManager( 1145): Missing ActivityManager; assuming 1000 holds android.permission.SET_PREFERRED_APPLICATIONS
01-01 08:00:46.977 W/android.permission.PermissionManager( 1145): Missing ActivityManager; assuming 1000 holds android.permission.SET_PREFERRED_APPLICATIONS
01-01 08:00:46.978 W/android.permission.PermissionManager( 1145): Missing ActivityManager; assuming 1000 holds android.permission.SET_PREFERRED_APPLICATIONS
01-01 08:00:46.978 W/android.permission.PermissionManager( 1145): Missing ActivityManager; assuming 1000 holds android.permission.SET_PREFERRED_APPLICATIONS
01-01 08:00:46.979 W/android.permission.PermissionManager( 1145): Missing ActivityManager; assuming 1000 holds android.permission.SET_PREFERRED_APPLICATIONS
01-01 08:00:46.979 W/android.permission.PermissionManager( 1145): Missing ActivityManager; assuming 1000 holds android.permission.SET_PREFERRED_APPLICATIONS
01-01 08:00:46.980 W/android.permission.PermissionManager( 1145): Missing ActivityManager; assuming 1000 holds android.permission.SET_PREFERRED_APPLICATIONS
01-01 08:00:46.981 W/android.permission.PermissionManager( 1145): Missing ActivityManager; assuming 1000 holds android.permission.SET_PREFERRED_APPLICATIONS
01-01 08:00:46.981 W/android.permission.PermissionManager( 1145): Missing ActivityManager; assuming 1000 holds android.permission.SET_PREFERRED_APPLICATIONS
01-01 08:00:46.982 W/android.permission.PermissionManager( 1145): Missing ActivityManager; assuming 1000 holds android.permission.SET_PREFERRED_APPLICATIONS
01-01 08:00:46.983 W/android.permission.PermissionManager( 1145): Missing ActivityManager; assuming 1000 holds android.permission.SET_PREFERRED_APPLICATIONS
01-01 08:00:46.984 W/android.permission.PermissionManager( 1145): Missing ActivityManager; assuming 1000 holds android.permission.SET_PREFERRED_APPLICATIONS
01-01 08:00:46.984 W/android.permission.PermissionManager( 1145): Missing ActivityManager; assuming 1000 holds android.permission.SET_PREFERRED_APPLICATIONS
01-01 08:00:46.984 W/android.permission.PermissionManager( 1145): Missing ActivityManager; assuming 1000 holds android.permission.SET_PREFERRED_APPLICATIONS
01-01 08:00:46.985 W/android.permission.PermissionManager( 1145): Missing ActivityManager; assuming 1000 holds android.permission.SET_PREFERRED_APPLICATIONS
01-01 08:00:46.986 W/android.permission.PermissionManager( 1145): Missing ActivityManager; assuming 1000 holds android.permission.SET_PREFERRED_APPLICATIONS
01-01 08:00:46.986 W/android.permission.PermissionManager( 1145): Missing ActivityManager; assuming 1000 holds android.permission.SET_PREFERRED_APPLICATIONS
01-01 08:00:46.987 W/android.permission.PermissionManager( 1145): Missing ActivityManager; assuming 1000 holds android.permission.SET_PREFERRED_APPLICATIONS
01-01 08:00:46.988 W/android.permission.PermissionManager( 1145): Missing ActivityManager; assuming 1000 holds android.permission.SET_PREFERRED_APPLICATIONS
01-01 08:00:46.989 W/android.permission.PermissionManager( 1145): Missing ActivityManager; assuming 1000 holds android.permission.SET_PREFERRED_APPLICATIONS
01-01 08:00:46.991 W/android.permission.PermissionManager( 1145): Missing ActivityManager; assuming 1000 holds android.permission.SET_PREFERRED_APPLICATIONS
01-01 08:00:46.995 W/android.permission.PermissionManager( 1145): Missing ActivityManager; assuming 1000 holds android.permission.SET_PREFERRED_APPLICATIONS
01-01 08:00:47.000 W/android.permission.PermissionManager( 1145): Missing ActivityManager; assuming 1000 holds android.permission.SET_PREFERRED_APPLICATIONS
01-01 08:00:47.004 W/android.permission.PermissionManager( 1145): Missing ActivityManager; assuming 1000 holds android.permission.SET_PREFERRED_APPLICATIONS
01-01 08:00:47.005 W/android.permission.PermissionManager( 1145): Missing ActivityManager; assuming 1000 holds android.permission.SET_PREFERRED_APPLICATIONS
01-01 08:00:47.009 W/android.permission.PermissionManager( 1145): Missing ActivityManager; assuming 1000 holds android.permission.SET_PREFERRED_APPLICATIONS
01-01 08:00:47.013 W/android.permission.PermissionManager( 1145): Missing ActivityManager; assuming 1000 holds android.permission.SET_PREFERRED_APPLICATIONS
01-01 08:00:47.014 W/android.permission.PermissionManager( 1145): Missing ActivityManager; assuming 1000 holds android.permission.SET_PREFERRED_APPLICATIONS
01-01 08:00:47.014 W/android.permission.PermissionManager( 1145): Missing ActivityManager; assuming 1000 holds android.permission.SET_PREFERRED_APPLICATIONS
01-01 08:00:47.015 W/android.permission.PermissionManager( 1145): Missing ActivityManager; assuming 1000 holds android.permission.SET_PREFERRED_APPLICATIONS
01-01 08:00:47.015 W/android.permission.PermissionManager( 1145): Missing ActivityManager; assuming 1000 holds android.permission.SET_PREFERRED_APPLICATIONS
01-01 08:00:47.015 W/android.permission.PermissionManager( 1145): Missing ActivityManager; assuming 1000 holds android.permission.SET_PREFERRED_APPLICATIONS
01-01 08:00:47.016 W/android.permission.PermissionManager( 1145): Missing ActivityManager; assuming 1000 holds android.permission.SET_PREFERRED_APPLICATIONS
01-01 08:00:47.017 W/android.permission.PermissionManager( 1145): Missing ActivityManager; assuming 1000 holds android.permission.SET_PREFERRED_APPLICATIONS
01-01 08:00:47.017 W/android.permission.PermissionManager( 1145): Missing ActivityManager; assuming 1000 holds android.permission.SET_PREFERRED_APPLICATIONS
01-01 08:00:47.024 W/android.permission.PermissionManager( 1145): Missing ActivityManager; assuming 1000 holds android.permission.SET_PREFERRED_APPLICATIONS
01-01 08:00:47.025 W/android.permission.PermissionManager( 1145): Missing ActivityManager; assuming 1000 holds android.permission.SET_PREFERRED_APPLICATIONS
01-01 08:00:47.026 W/android.permission.PermissionManager( 1145): Missing ActivityManager; assuming 1000 holds android.permission.SET_PREFERRED_APPLICATIONS
01-01 08:00:47.027 W/android.permission.PermissionManager( 1145): Missing ActivityManager; assuming 1000 holds android.permission.SET_PREFERRED_APPLICATIONS
01-01 08:00:47.027 W/android.permission.PermissionManager( 1145): Missing ActivityManager; assuming 1000 holds android.permission.SET_PREFERRED_APPLICATIONS
01-01 08:00:47.028 W/android.permission.PermissionManager( 1145): Missing ActivityManager; assuming 1000 holds android.permission.SET_PREFERRED_APPLICATIONS
01-01 08:00:47.028 W/android.permission.PermissionManager( 1145): Missing ActivityManager; assuming 1000 holds android.permission.SET_PREFERRED_APPLICATIONS
01-01 08:00:47.033 W/android.permission.PermissionManager( 1145): Missing ActivityManager; assuming 1000 holds android.permission.SET_PREFERRED_APPLICATIONS
01-01 08:00:47.034 W/android.permission.PermissionManager( 1145): Missing ActivityManager; assuming 1000 holds android.permission.SET_PREFERRED_APPLICATIONS
01-01 08:00:47.035 W/android.permission.PermissionManager( 1145): Missing ActivityManager; assuming 1000 holds android.permission.SET_PREFERRED_APPLICATIONS
01-01 08:00:47.035 W/android.permission.PermissionManager( 1145): Missing ActivityManager; assuming 1000 holds android.permission.SET_PREFERRED_APPLICATIONS
01-01 08:00:47.036 W/android.permission.PermissionManager( 1145): Missing ActivityManager; assuming 1000 holds android.permission.SET_PREFERRED_APPLICATIONS
01-01 08:00:47.036 W/android.permission.PermissionManager( 1145): Missing ActivityManager; assuming 1000 holds android.permission.SET_PREFERRED_APPLICATIONS
01-01 08:00:47.037 W/android.permission.PermissionManager( 1145): Missing ActivityManager; assuming 1000 holds android.permission.SET_PREFERRED_APPLICATIONS
01-01 08:00:47.037 W/android.permission.PermissionManager( 1145): Missing ActivityManager; assuming 1000 holds android.permission.SET_PREFERRED_APPLICATIONS
01-01 08:00:47.037 W/android.permission.PermissionManager( 1145): Missing ActivityManager; assuming 1000 holds android.permission.SET_PREFERRED_APPLICATIONS
01-01 08:00:47.038 W/android.permission.PermissionManager( 1145): Missing ActivityManager; assuming 1000 holds android.permission.SET_PREFERRED_APPLICATIONS
01-01 08:00:47.046 W/android.permission.PermissionManager( 1145): Missing ActivityManager; assuming 1000 holds android.permission.SET_PREFERRED_APPLICATIONS
01-01 08:00:47.046 W/android.permission.PermissionManager( 1145): Missing ActivityManager; assuming 1000 holds android.permission.SET_PREFERRED_APPLICATIONS
01-01 08:00:47.047 W/android.permission.PermissionManager( 1145): Missing ActivityManager; assuming 1000 holds android.permission.SET_PREFERRED_APPLICATIONS
01-01 08:00:47.051 W/android.permission.PermissionManager( 1145): Missing ActivityManager; assuming 1000 holds android.permission.SET_PREFERRED_APPLICATIONS
01-01 08:00:47.058 W/android.permission.PermissionManager( 1145): Missing ActivityManager; assuming 1000 holds android.permission.SET_PREFERRED_APPLICATIONS
01-01 08:00:47.058 W/android.permission.PermissionManager( 1145): Missing ActivityManager; assuming 1000 holds android.permission.SET_PREFERRED_APPLICATIONS
01-01 08:00:47.059 W/android.permission.PermissionManager( 1145): Missing ActivityManager; assuming 1000 holds android.permission.SET_PREFERRED_APPLICATIONS
01-01 08:00:47.059 W/android.permission.PermissionManager( 1145): Missing ActivityManager; assuming 1000 holds android.permission.SET_PREFERRED_APPLICATIONS
01-01 08:00:47.060 W/android.permission.PermissionManager( 1145): Missing ActivityManager; assuming 1000 holds android.permission.SET_PREFERRED_APPLICATIONS
01-01 08:00:47.060 W/android.permission.PermissionManager( 1145): Missing ActivityManager; assuming 1000 holds android.permission.SET_PREFERRED_APPLICATIONS
01-01 08:00:47.060 W/android.permission.PermissionManager( 1145): Missing ActivityManager; assuming 1000 holds android.permission.SET_PREFERRED_APPLICATIONS
01-01 08:00:47.061 W/android.permission.PermissionManager( 1145): Missing ActivityManager; assuming 1000 holds android.permission.SET_PREFERRED_APPLICATIONS
01-01 08:00:47.061 W/android.permission.PermissionManager( 1145): Missing ActivityManager; assuming 1000 holds android.permission.SET_PREFERRED_APPLICATIONS
01-01 08:00:47.062 W/android.permission.PermissionManager( 1145): Missing ActivityManager; assuming 1000 holds android.permission.SET_PREFERRED_APPLICATIONS
01-01 08:00:47.062 W/android.permission.PermissionManager( 1145): Missing ActivityManager; assuming 1000 holds android.permission.SET_PREFERRED_APPLICATIONS
01-01 08:00:47.062 W/android.permission.PermissionManager( 1145): Missing ActivityManager; assuming 1000 holds android.permission.SET_PREFERRED_APPLICATIONS
01-01 08:00:47.063 W/android.permission.PermissionManager( 1145): Missing ActivityManager; assuming 1000 holds android.permission.SET_PREFERRED_APPLICATIONS
01-01 08:00:47.063 W/android.permission.PermissionManager( 1145): Missing ActivityManager; assuming 1000 holds android.permission.SET_PREFERRED_APPLICATIONS
01-01 08:00:47.064 W/android.permission.PermissionManager( 1145): Missing ActivityManager; assuming 1000 holds android.permission.SET_PREFERRED_APPLICATIONS
01-01 08:00:47.064 W/android.permission.PermissionManager( 1145): Missing ActivityManager; assuming 1000 holds android.permission.SET_PREFERRED_APPLICATIONS
01-01 08:00:47.064 W/android.permission.PermissionManager( 1145): Missing ActivityManager; assuming 1000 holds android.permission.SET_PREFERRED_APPLICATIONS
01-01 08:00:47.065 W/android.permission.PermissionManager( 1145): Missing ActivityManager; assuming 1000 holds android.permission.SET_PREFERRED_APPLICATIONS
01-01 08:00:47.065 W/android.permission.PermissionManager( 1145): Missing ActivityManager; assuming 1000 holds android.permission.SET_PREFERRED_APPLICATIONS
01-01 08:00:47.069 W/android.permission.PermissionManager( 1145): Missing ActivityManager; assuming 1000 holds android.permission.SET_PREFERRED_APPLICATIONS
01-01 08:00:47.070 W/android.permission.PermissionManager( 1145): Missing ActivityManager; assuming 1000 holds android.permission.SET_PREFERRED_APPLICATIONS
01-01 08:00:47.071 W/android.permission.PermissionManager( 1145): Missing ActivityManager; assuming 1000 holds android.permission.SET_PREFERRED_APPLICATIONS
01-01 08:00:47.071 W/android.permission.PermissionManager( 1145): Missing ActivityManager; assuming 1000 holds android.permission.SET_PREFERRED_APPLICATIONS
01-01 08:00:47.071 W/android.permission.PermissionManager( 1145): Missing ActivityManager; assuming 1000 holds android.permission.SET_PREFERRED_APPLICATIONS
01-01 08:00:47.072 W/android.permission.PermissionManager( 1145): Missing ActivityManager; assuming 1000 holds android.permission.SET_PREFERRED_APPLICATIONS
01-01 08:00:47.072 W/android.permission.PermissionManager( 1145): Missing ActivityManager; assuming 1000 holds android.permission.SET_PREFERRED_APPLICATIONS
01-01 08:00:47.073 W/android.permission.PermissionManager( 1145): Missing ActivityManager; assuming 1000 holds android.permission.SET_PREFERRED_APPLICATIONS
01-01 08:00:47.075 W/android.permission.PermissionManager( 1145): Missing ActivityManager; assuming 1000 holds android.permission.SET_PREFERRED_APPLICATIONS
01-01 08:00:47.076 W/android.permission.PermissionManager( 1145): Missing ActivityManager; assuming 1000 holds android.permission.SET_PREFERRED_APPLICATIONS
01-01 08:00:47.081 W/android.permission.PermissionManager( 1145): Missing ActivityManager; assuming 1000 holds android.permission.SET_PREFERRED_APPLICATIONS
01-01 08:00:47.081 W/android.permission.PermissionManager( 1145): Missing ActivityManager; assuming 1000 holds android.permission.SET_PREFERRED_APPLICATIONS
01-01 08:00:47.082 W/android.permission.PermissionManager( 1145): Missing ActivityManager; assuming 1000 holds android.permission.SET_PREFERRED_APPLICATIONS
01-01 08:00:47.082 W/android.permission.PermissionManager( 1145): Missing ActivityManager; assuming 1000 holds android.permission.SET_PREFERRED_APPLICATIONS
01-01 08:00:47.077 E/kona-asoc-snd soc( 0): qcom,msm-audio-apr:qcom,q6core-audio:sound: ASoC: no source widget found for MIC BIAS1
01-01 08:00:47.088 E/kona-asoc-snd soc( 0): qcom,msm-audio-apr:qcom,q6core-audio:sound: ASoC: Failed to add route MIC BIAS1 -> direct -> AMIC1
01-01 08:00:47.101 E/kona-asoc-snd soc( 0): qcom,msm-audio-apr:qcom,q6core-audio:sound: ASoC: no sink widget found for MIC BIAS1
01-01 08:00:47.110 I/ ( 0): read descriptors
01-01 08:00:47.112 E/kona-asoc-snd soc( 0): qcom,msm-audio-apr:qcom,q6core-audio:sound: ASoC: Failed to add route Analog Mic1 -> direct -> MIC BIAS1
01-01 08:00:47.112 I/ ( 0): read strings
01-01 08:00:47.115 I/binder ( 0): 1458:1458 ioctl 40046210 7fec47fba4 returned -22
01-01 08:00:47.122 I/binder ( 0): 1458:1458 ioctl 40046210 7fec47f7a4 returned -22
01-01 08:00:47.125 E/kona-asoc-snd soc( 0): qcom,msm-audio-apr:qcom,q6core-audio:sound: ASoC: no source widget found for MIC BIAS2
01-01 08:00:47.083 W/android.permission.PermissionManager( 1145): Missing ActivityManager; assuming 1000 holds android.permission.SET_PREFERRED_APPLICATIONS
01-01 08:00:47.084 W/android.permission.PermissionManager( 1145): Missing ActivityManager; assuming 1000 holds android.permission.SET_PREFERRED_APPLICATIONS
01-01 08:00:47.084 W/android.permission.PermissionManager( 1145): Missing ActivityManager; assuming 1000 holds android.permission.SET_PREFERRED_APPLICATIONS
01-01 08:00:47.084 W/android.permission.PermissionManager( 1145): Missing ActivityManager; assuming 1000 holds android.permission.SET_PREFERRED_APPLICATIONS
01-01 08:00:47.089 W/android.permission.PermissionManager( 1145): Missing ActivityManager; assuming 1000 holds android.permission.SET_PREFERRED_APPLICATIONS
01-01 08:00:47.090 W/android.permission.PermissionManager( 1145): Missing ActivityManager; assuming 1000 holds android.permission.SET_PREFERRED_APPLICATIONS
01-01 08:00:47.091 W/android.permission.PermissionManager( 1145): Missing ActivityManager; assuming 1000 holds android.permission.SET_PREFERRED_APPLICATIONS
01-01 08:00:47.091 W/android.permission.PermissionManager( 1145): Missing ActivityManager; assuming 1000 holds android.permission.SET_PREFERRED_APPLICATIONS
01-01 08:00:47.094 W/android.permission.PermissionManager( 1145): Missing ActivityManager; assuming 1000 holds android.permission.SET_PREFERRED_APPLICATIONS
01-01 08:00:47.094 W/android.permission.PermissionManager( 1145): Missing ActivityManager; assuming 1000 holds android.permission.SET_PREFERRED_APPLICATIONS
01-01 08:00:47.094 W/android.permission.PermissionManager( 1145): Missing ActivityManager; assuming 1000 holds android.permission.SET_PREFERRED_APPLICATIONS
01-01 08:00:47.097 W/android.permission.PermissionManager( 1145): Missing ActivityManager; assuming 1000 holds android.permission.SET_PREFERRED_APPLICATIONS
01-01 08:00:47.097 W/android.permission.PermissionManager( 1145): Missing ActivityManager; assuming 1000 holds android.permission.SET_PREFERRED_APPLICATIONS
01-01 08:00:47.110 W/PackageSettings( 1145): Missing permission state for package: android.frameworkres.overlay
01-01 08:00:47.110 W/PackageSettings( 1145): Missing permission state for package: com.android.cts.priv.ctsshim
01-01 08:00:47.110 W/PackageSettings( 1145): Missing permission state for package: com.thundercomm.gamemode.provider
01-01 08:00:47.110 W/PackageSettings( 1145): Missing permission state for package: com.android.internal.systemui.navbar.gestural_wide_back
01-01 08:00:47.110 W/PackageSettings( 1145): Missing permission state for package: com.qualcomm.qti.gpudrivers.kona.api30
01-01 08:00:47.110 W/PackageSettings( 1145): Missing permission state for package: com.android.htmlviewer
01-01 08:00:47.110 W/PackageSettings( 1145): Missing permission state for package: com.android.internal.systemui.onehanded.gestural
01-01 08:00:47.110 W/PackageSettings( 1145): Missing permission state for package: com.qualcomm.qti.optinoverlay
