01-01 08:00:49.081 I/SystemServiceManager( 1145): Starting com.android.server.security.KeyChainSystemService
01-01 08:00:49.081 D/SystemServerTiming( 1145): StartKeyChainSystemService took to complete: 1ms
01-01 08:00:49.081 I/SystemServerTiming( 1145): StartSchedulingPolicyService
01-01 08:00:49.082 D/SystemServerTiming( 1145): StartSchedulingPolicyService took to complete: 0ms
01-01 08:00:49.082 I/SystemServerTiming( 1145): StartTelecomLoaderService
01-01 08:00:49.082 I/SystemServerTimingAsync( 1145): InitThreadPoolExec:SchedulingPolicyService.
01-01 08:00:49.082 D/SystemServerInitThreadPool( 1145): Started executing SchedulingPolicyService.
01-01 08:00:49.082 I/SystemServiceManager( 1145): Starting com.android.server.telecom.TelecomLoaderService
01-01 08:00:49.083 D/SystemServerTiming( 1145): StartTelecomLoaderService took to complete: 0ms
01-01 08:00:49.083 I/SystemServerTiming( 1145): StartTelephonyRegistry
01-01 08:00:49.084 D/SystemServerTiming( 1145): StartTelephonyRegistry took to complete: 2ms
01-01 08:00:49.084 I/SystemServerTiming( 1145): StartEntropyMixer
01-01 08:00:49.079 E/swr-wcd rx_swr_ctrl( 0): swrm_get_logical_dev_num: device 0xd01170224 is not ready
01-01 08:00:49.090 W/wsa881x ( 0): probe of wsa881x.1021170213 failed with error -22
01-01 08:00:49.085 I/EntropyMixer( 1145): Writing entropy...
01-01 08:00:49.095 D/SystemServerTiming( 1145): StartEntropyMixer took to complete: 10ms
01-01 08:00:49.095 I/SystemServerTiming( 1145): StartAccountManagerService
01-01 08:00:49.095 I/SystemServiceManager( 1145): Starting com.android.server.accounts.AccountManagerService$Lifecycle
01-01 08:00:49.103 D/SystemServerTiming( 1145): StartAccountManagerService took to complete: 9ms
01-01 08:00:49.103 I/SystemServerTiming( 1145): StartContentService
01-01 08:00:49.103 I/SystemServiceManager( 1145): Starting com.android.server.content.ContentService$Lifecycle
01-01 08:00:49.096 E/swr_get_logical_dev_num( 0): Error -22 to get logical addr for device d01170224
01-01 08:00:49.105 E/swr-wcd wsa_swr_ctrl( 0): swrm_get_logical_dev_num: device 0x1021170214 is not ready
01-01 08:00:49.116 D/SystemServerTiming( 1145): StartContentService took to complete: 12ms
01-01 08:00:49.116 I/SystemServerTiming( 1145): InstallSystemProviders
01-01 08:00:49.114 E/wcd938x_codec wcd938x-codec( 0): wcd938x_bind: Slave bind failed, ret = -517
01-01 08:00:49.123 E/swr_get_logical_dev_num( 0): Error -22 to get logical addr for device 1021170214
01-01 08:00:49.136 D/ZygoteInitTiming_lazy( 687): BeginPreload took to complete: 50ms
01-01 08:00:49.139 W/wsa881x ( 0): probe of wsa881x.1021170214 failed with error -22
01-01 08:00:49.151 D/SystemServerInitThreadPool( 1145): Finished executing SchedulingPolicyService.
01-01 08:00:49.151 D/SystemServerTimingAsync( 1145): InitThreadPoolExec:SchedulingPolicyService. took to complete: 68ms
01-01 08:00:49.167 E/ ( 0): [drm:dp_display_init_aux_switch][msm-dp-err][30 ]failed to register notifier (-22)
01-01 08:00:49.182 E/register_client_adhoc( 0): find path.src 1 dest 589
01-01 08:00:49.183 E/register_client_adhoc( 0): Failed to find path.src 1 dest 589
01-01 08:00:49.199 E/swr-wcd rx_swr_ctrl( 0): swrm_get_logical_dev_num: device 0xd01170224 is not ready
01-01 08:00:49.215 E/swr_get_logical_dev_num( 0): Error -22 to get logical addr for device d01170224
01-01 08:00:49.224 D/ActivityManager( 1145): Freezer enabled
01-01 08:00:49.226 D/ActivityManager( 1145): freezer override set to false
01-01 08:00:49.228 D/SystemServerTiming( 1145): InstallSystemProviders took to complete: 113ms
01-01 08:00:49.229 I/SystemServerTiming( 1145): StartDropBoxManager
01-01 08:00:49.229 I/SystemServiceManager( 1145): Starting com.android.server.DropBoxManagerService
01-01 08:00:49.231 D/SystemServerTiming( 1145): StartDropBoxManager took to complete: 2ms
01-01 08:00:49.231 I/SystemServerTiming( 1145): StartRoleManagerService
01-01 08:00:49.231 I/SystemServiceManager( 1145): Starting com.android.role.RoleService
01-01 08:00:49.234 D/SystemServerTiming( 1145): StartRoleManagerService took to complete: 4ms
01-01 08:00:49.234 I/SystemServerTiming( 1145): StartVibratorManagerService
01-01 08:00:49.235 I/SystemServiceManager( 1145): Starting com.android.server.vibrator.VibratorManagerService$Lifecycle
01-01 08:00:49.224 E/swr-wcd rx_swr_ctrl( 0): swrm_get_logical_dev_num: device 0xd01170224 is not ready
01-01 08:00:49.233 E/swr_get_logical_dev_num( 0): Error -22 to get logical addr for device d01170224
01-01 08:00:49.251 D/SystemServerTiming( 1145): StartVibratorManagerService took to complete: 16ms
01-01 08:00:49.251 I/SystemServerTiming( 1145): StartDynamicSystemService
01-01 08:00:49.252 D/SystemServerTiming( 1145): StartDynamicSystemService took to complete: 1ms
01-01 08:00:49.252 I/SystemServerTiming( 1145): StartConsumerIrService
01-01 08:00:49.242 E/swr-wcd rx_swr_ctrl( 0): swrm_get_logical_dev_num: device 0xd01170224 is not ready
01-01 08:00:49.243 I/subsys-pil-tz soc( 0): qcom,kgsl-hyp: a650_zap: loading from 0x00000000fcf00000 to 0x00000000fcf01000
01-01 08:00:49.251 E/swr_get_logical_dev_num( 0): Error -22 to get logical addr for device d01170224
01-01 08:00:49.254 W/subsys-pil-tz soc( 0): qcom,kgsl-hyp: Falling back to syfs fallback for: a650_zap.b02
01-01 08:00:49.256 D/SystemServerTiming( 1145): StartConsumerIrService took to complete: 4ms
01-01 08:00:49.256 I/SystemServerTiming( 1145): StartAlarmManagerService
01-01 08:00:49.256 I/SystemServiceManager( 1145): Starting com.android.server.alarm.AlarmManagerService
01-01 08:00:49.259 E/swr-wcd rx_swr_ctrl( 0): swrm_get_logical_dev_num: device 0xd01170224 is not ready
01-01 08:00:49.265 I/ueventd ( 0): firmware: loading 'a650_zap.b02' for '/devices/platform/soc/soc:qcom,kgsl-hyp/firmware/a650_zap.b02'
01-01 08:00:49.268 E/swr_get_logical_dev_num( 0): Error -22 to get logical addr for device d01170224
01-01 08:00:49.276 I/ueventd ( 0): loading /devices/platform/soc/soc:qcom,kgsl-hyp/firmware/a650_zap.b02 took 11ms
01-01 08:00:49.277 E/swr-wcd rx_swr_ctrl( 0): swrm_get_logical_dev_num: device 0xd01170224 is not ready
01-01 08:00:49.278 W/QSEECOM ( 0): qseecom_load_app: App (featenabler) does'nt exist, loading apps for first time
01-01 08:00:49.283 I/AlarmManager( 1145): Current time only 49283, advancing to build time 1680553790000
01-01 08:00:49.286 E/swr_get_logical_dev_num( 0): Error -22 to get logical addr for device d01170224
01-01 08:00:49.286 I/subsys-pil-tz soc( 0): qcom,kgsl-hyp: a650_zap: Brought out of reset
04-04 04:29:50.012 D/SystemServerTiming( 1145): StartAlarmManagerService took to complete: 39ms
04-04 04:29:50.012 I/SystemServerTiming( 1145): StartInputManagerService
04-04 04:29:50.013 I/InputManager( 1145): Initializing input manager, mUseDevInputEventForAudioJack=true
01-01 08:00:49.294 E/wcd938x_codec wcd938x-codec( 0): wcd938x_bind: Slave bind failed, ret = -517
04-04 04:29:50.028 D/SystemServerTiming( 1145): StartInputManagerService took to complete: 16ms
04-04 04:29:50.028 I/SystemServerTiming( 1145): DeviceStateManagerService
04-04 04:29:50.028 I/SystemServiceManager( 1145): Starting com.android.server.devicestate.DeviceStateManagerService
04-04 04:29:50.045 D/SystemServerTiming( 1145): DeviceStateManagerService took to complete: 17ms
04-04 04:29:50.046 I/SystemServerTiming( 1145): StartCameraServiceProxy
01-01 08:00:49.327 W/QSEECOM ( 0): qseecom_load_app: App with id 5 (featenabler) now loaded
04-04 04:29:50.046 I/SystemServiceManager( 1145): Starting com.android.server.camera.CameraServiceProxy
04-04 04:29:50.053 D/SystemServerTiming( 1145): StartCameraServiceProxy took to complete: 8ms
04-04 04:29:50.053 I/SystemServerTiming( 1145): StartWindowManagerService
04-04 04:29:50.053 I/SystemServiceManager( 1145): Starting phase 200
04-04 04:29:50.054 I/SystemServerTiming( 1145): OnBootPhase_200
04-04 04:29:50.054 I/SystemServerTiming( 1145): OnBootPhase_200_com.android.server.security.FileIntegrityService
04-04 04:29:50.054 D/SystemServerTiming( 1145): OnBootPhase_200_com.android.server.security.FileIntegrityService took to complete: 0ms
04-04 04:29:50.054 I/SystemServerTiming( 1145): OnBootPhase_200_com.android.server.pm.Installer
04-04 04:29:50.054 D/SystemServerTiming( 1145): OnBootPhase_200_com.android.server.pm.Installer took to complete: 0ms
04-04 04:29:50.054 I/SystemServerTiming( 1145): OnBootPhase_200_com.android.server.os.DeviceIdentifiersPolicyService
04-04 04:29:50.054 D/SystemServerTiming( 1145): OnBootPhase_200_com.android.server.os.DeviceIdentifiersPolicyService took to complete: 0ms
04-04 04:29:50.054 I/SystemServerTiming( 1145): OnBootPhase_200_com.android.server.uri.UriGrantsManagerService$Lifecycle
04-04 04:29:50.054 D/SystemServerTiming( 1145): OnBootPhase_200_com.android.server.uri.UriGrantsManagerService$Lifecycle took to complete: 0ms
04-04 04:29:50.054 I/SystemServerTiming( 1145): OnBootPhase_200_com.android.server.powerstats.PowerStatsService
04-04 04:29:50.054 D/SystemServerTiming( 1145): OnBootPhase_200_com.android.server.powerstats.PowerStatsService took to complete: 0ms
04-04 04:29:50.054 I/SystemServerTiming( 1145): OnBootPhase_200_com.android.server.wm.ActivityTaskManagerService$Lifecycle
04-04 04:29:50.054 D/SystemServerTiming( 1145): OnBootPhase_200_com.android.server.wm.ActivityTaskManagerService$Lifecycle took to complete: 0ms
04-04 04:29:50.054 I/SystemServerTiming( 1145): OnBootPhase_200_com.android.server.am.ActivityManagerService$Lifecycle
04-04 04:29:50.054 D/SystemServerTiming( 1145): OnBootPhase_200_com.android.server.am.ActivityManagerService$Lifecycle took to complete: 0ms
04-04 04:29:50.054 I/SystemServerTiming( 1145): OnBootPhase_200_com.android.server.pm.DataLoaderManagerService
04-04 04:29:50.054 D/SystemServerTiming( 1145): OnBootPhase_200_com.android.server.pm.DataLoaderManagerService took to complete: 0ms
04-04 04:29:50.054 I/SystemServerTiming( 1145): OnBootPhase_200_com.android.server.power.PowerManagerService
04-04 04:29:50.054 D/SystemServerTiming( 1145): OnBootPhase_200_com.android.server.power.PowerManagerService took to complete: 0ms
04-04 04:29:50.054 I/SystemServerTiming( 1145): OnBootPhase_200_com.android.server.power.ThermalManagerService
04-04 04:29:50.054 D/SystemServerTiming( 1145): OnBootPhase_200_com.android.server.power.ThermalManagerService took to complete: 0ms
04-04 04:29:50.054 I/SystemServerTiming( 1145): OnBootPhase_200_com.android.server.power.hint.HintManagerService
04-04 04:29:50.055 D/SystemServerTiming( 1145): OnBootPhase_200_com.android.server.power.hint.HintManagerService took to complete: 0ms
04-04 04:29:50.055 I/SystemServerTiming( 1145): OnBootPhase_200_com.android.server.recoverysystem.RecoverySystemService$Lifecycle
04-04 04:29:50.055 D/SystemServerTiming( 1145): OnBootPhase_200_com.android.server.recoverysystem.RecoverySystemService$Lifecycle took to complete: 0ms
04-04 04:29:50.055 I/SystemServerTiming( 1145): OnBootPhase_200_com.android.server.lights.LightsService
04-04 04:29:50.055 D/SystemServerTiming( 1145): OnBootPhase_200_com.android.server.lights.LightsService took to complete: 0ms
04-04 04:29:50.055 I/SystemServerTiming( 1145): OnBootPhase_200_com.android.server.display.DisplayManagerService
04-04 04:29:50.055 D/SystemServerTiming( 1145): OnBootPhase_200_com.android.server.display.DisplayManagerService took to complete: 0ms
04-04 04:29:50.055 I/SystemServerTiming( 1145): OnBootPhase_200_com.android.server.pm.verify.domain.DomainVerificationService
04-04 04:29:50.055 D/SystemServerTiming( 1145): OnBootPhase_200_com.android.server.pm.verify.domain.DomainVerificationService took to complete: 0ms
04-04 04:29:50.055 I/SystemServerTiming( 1145): OnBootPhase_200_com.android.server.pm.PackageInstallerService$Lifecycle
04-04 04:29:50.055 D/SystemServerTiming( 1145): OnBootPhase_200_com.android.server.pm.PackageInstallerService$Lifecycle took to complete: 0ms
04-04 04:29:50.055 I/SystemServerTiming( 1145): OnBootPhase_200_com.android.server.pm.UserManagerService$LifeCycle
04-04 04:29:50.055 D/SystemServerTiming( 1145): OnBootPhase_200_com.android.server.pm.UserManagerService$LifeCycle took to complete: 0ms
04-04 04:29:50.055 I/SystemServerTiming( 1145): OnBootPhase_200_com.android.server.om.OverlayManagerService
04-04 04:29:50.055 D/SystemServerTiming( 1145): OnBootPhase_200_com.android.server.om.OverlayManagerService took to complete: 0ms
04-04 04:29:50.055 I/SystemServerTiming( 1145): OnBootPhase_200_com.android.server.SensorPrivacyService
04-04 04:29:50.055 D/SystemServerTiming( 1145): OnBootPhase_200_com.android.server.SensorPrivacyService took to complete: 0ms
04-04 04:29:50.055 I/SystemServerTiming( 1145): OnBootPhase_200_com.android.server.thunderperf.ThunderBoostPerfService
04-04 04:29:50.055 D/SystemServerTiming( 1145): OnBootPhase_200_com.android.server.thunderperf.ThunderBoostPerfService took to complete: 0ms
04-04 04:29:50.055 I/SystemServerTiming( 1145): OnBootPhase_200_com.android.server.sensors.SensorService
04-04 04:29:50.055 D/SystemServerTiming( 1145): OnBootPhase_200_com.android.server.sensors.SensorService took to complete: 0ms
04-04 04:29:50.055 I/SystemServerTiming( 1145): OnBootPhase_200_com.android.server.SystemConfigService
04-04 04:29:50.055 D/SystemServerTiming( 1145): OnBootPhase_200_com.android.server.SystemConfigService took to complete: 0ms
04-04 04:29:50.055 I/SystemServerTiming( 1145): OnBootPhase_200_com.android.server.BatteryService
04-04 04:29:50.055 D/SystemServerTiming( 1145): OnBootPhase_200_com.android.server.BatteryService took to complete: 0ms
04-04 04:29:50.056 I/SystemServerTiming( 1145): OnBootPhase_200_com.android.server.usage.UsageStatsService
04-04 04:29:50.056 D/SystemServerTiming( 1145): OnBootPhase_200_com.android.server.usage.UsageStatsService took to complete: 0ms
04-04 04:29:50.056 I/SystemServerTiming( 1145): OnBootPhase_200_com.android.server.webkit.WebViewUpdateService
04-04 04:29:50.056 D/SystemServerTiming( 1145): OnBootPhase_200_com.android.server.webkit.WebViewUpdateService took to complete: 0ms
04-04 04:29:50.056 I/SystemServerTiming( 1145): OnBootPhase_200_com.android.server.CachedDeviceStateService
04-04 04:29:50.056 D/SystemServerTiming( 1145): OnBootPhase_200_com.android.server.CachedDeviceStateService took to complete: 0ms
04-04 04:29:50.056 I/SystemServerTiming( 1145): OnBootPhase_200_com.android.server.BinderCallsStatsService$LifeCycle
04-04 04:29:50.056 D/SystemServerTiming( 1145): OnBootPhase_200_com.android.server.BinderCallsStatsService$LifeCycle took to complete: 0ms
04-04 04:29:50.056 I/SystemServerTiming( 1145): OnBootPhase_200_com.android.server.LooperStatsService$Lifecycle
04-04 04:29:50.056 D/SystemServerTiming( 1145): OnBootPhase_200_com.android.server.LooperStatsService$Lifecycle took to complete: 0ms
04-04 04:29:50.056 I/SystemServerTiming( 1145): OnBootPhase_200_com.android.server.rollback.RollbackManagerService
04-04 04:29:50.056 D/SystemServerTiming( 1145): OnBootPhase_200_com.android.server.rollback.RollbackManagerService took to complete: 0ms
04-04 04:29:50.056 I/SystemServerTiming( 1145): OnBootPhase_200_com.android.server.os.NativeTombstoneManagerService
04-04 04:29:50.056 D/SystemServerTiming( 1145): OnBootPhase_200_com.android.server.os.NativeTombstoneManagerService took to complete: 0ms
04-04 04:29:50.056 I/SystemServerTiming( 1145): OnBootPhase_200_com.android.server.os.BugreportManagerService
04-04 04:29:50.056 D/SystemServerTiming( 1145): OnBootPhase_200_com.android.server.os.BugreportManagerService took to complete: 0ms
04-04 04:29:50.056 I/SystemServerTiming( 1145): OnBootPhase_200_com.android.server.gpu.GpuService
04-04 04:29:50.056 D/SystemServerTiming( 1145): OnBootPhase_200_com.android.server.gpu.GpuService took to complete: 0ms
04-04 04:29:50.056 I/SystemServerTiming( 1145): OnBootPhase_200_com.android.server.security.KeyChainSystemService
04-04 04:29:50.056 D/SystemServerTiming( 1145): OnBootPhase_200_com.android.server.security.KeyChainSystemService took to complete: 0ms
04-04 04:29:50.056 I/SystemServerTiming( 1145): OnBootPhase_200_com.android.server.telecom.TelecomLoaderService
04-04 04:29:50.056 D/SystemServerTiming( 1145): OnBootPhase_200_com.android.server.telecom.TelecomLoaderService took to complete: 0ms
04-04 04:29:50.056 I/SystemServerTiming( 1145): OnBootPhase_200_com.android.server.accounts.AccountManagerService$Lifecycle
04-04 04:29:50.057 D/SystemServerTiming( 1145): OnBootPhase_200_com.android.server.accounts.AccountManagerService$Lifecycle took to complete: 0ms
04-04 04:29:50.057 I/SystemServerTiming( 1145): OnBootPhase_200_com.android.server.content.ContentService$Lifecycle
04-04 04:29:50.057 D/SystemServerTiming( 1145): OnBootPhase_200_com.android.server.content.ContentService$Lifecycle took to complete: 0ms
04-04 04:29:50.057 I/SystemServerTiming( 1145): OnBootPhase_200_com.android.server.DropBoxManagerService
04-04 04:29:50.057 D/SystemServerTiming( 1145): OnBootPhase_200_com.android.server.DropBoxManagerService took to complete: 0ms
04-04 04:29:50.057 I/SystemServerTiming( 1145): OnBootPhase_200_com.android.role.RoleService
04-04 04:29:50.057 D/SystemServerTiming( 1145): OnBootPhase_200_com.android.role.RoleService took to complete: 0ms
04-04 04:29:50.057 I/SystemServerTiming( 1145): OnBootPhase_200_com.android.server.vibrator.VibratorManagerService$Lifecycle
04-04 04:29:50.057 D/SystemServerTiming( 1145): OnBootPhase_200_com.android.server.vibrator.VibratorManagerService$Lifecycle took to complete: 0ms
04-04 04:29:50.057 I/SystemServerTiming( 1145): OnBootPhase_200_com.android.server.alarm.AlarmManagerService
04-04 04:29:50.057 D/SystemServerTiming( 1145): OnBootPhase_200_com.android.server.alarm.AlarmManagerService took to complete: 0ms
04-04 04:29:50.057 I/SystemServerTiming( 1145): OnBootPhase_200_com.android.server.devicestate.DeviceStateManagerService
04-04 04:29:50.057 D/SystemServerTiming( 1145): OnBootPhase_200_com.android.server.devicestate.DeviceStateManagerService took to complete: 0ms
04-04 04:29:50.057 I/SystemServerTiming( 1145): OnBootPhase_200_com.android.server.camera.CameraServiceProxy
04-04 04:29:50.057 D/SystemServerTiming( 1145): OnBootPhase_200_com.android.server.camera.CameraServiceProxy took to complete: 0ms
04-04 04:29:50.057 D/SystemServerTiming( 1145): OnBootPhase_200 took to complete: 4ms
04-04 04:29:50.058 I/WindowManager( 1145): No existing display settings, starting empty
04-04 04:29:50.059 I/WindowManager( 1145): No existing display settings, starting empty
01-01 08:00:49.360 I/binder ( 0): 1129:1143 ioctl 40046210 797e810144 returned -22
01-01 08:00:49.369 W/ ( 0): ------------[ cut here ]------------
01-01 08:00:49.369 W/ ( 0): Unbalanced enable for IRQ 400
01-01 08:00:49.369 W/ ( 0): WARNING: CPU: 2 PID: 121 at kernel/irq/manage.c:621 enable_irq+0x98/0xf0
01-01 08:00:49.369 I/ ( 0): Modules linked in: wlan(O+) tsnv(O) machine_dlkm(O) wcd938x_slave_dlkm(O) wcd938x_dlkm(O) wcd9xxx_dlkm(O) mbhc_dlkm(O) tx_macro_dlkm(O) rx_macro_dlkm(O) va_macro_dlkm(O) wsa_macro_dlkm(O) swr_ctrl_dlkm(O) bolero_cdc_dlkm(O) wsa881x_dlkm(O) wcd_core_dlkm(O) stub_dlkm(O) hdmi_dlkm(O) swr_dlkm(O) pinctrl_lpi_dlkm(O) pinctrl_wcd_dlkm(O) usf_dlkm(O) native_dlkm(O) platform_dlkm(O) q6_dlkm(O) adsp_loader_dlkm(O) apr_dlkm(O) snd_event_dlkm(O) q6_notifier_dlkm(O) q6_pdr_dlkm(O) msm_11ad_proxy
01-01 08:00:49.369 I/ ( 0): CPU: 2 PID: 121 Comm: kworker/2:1 Tainted: G S W O 4.19.157+ #1
01-01 08:00:49.369 I/Hardware name( 0): Qualcomm Technologies, Inc. kona MTP-RmPM8150b. VX1(MCE) EVT1 (DT)
01-01 08:00:49.369 I/Workqueue( 0): pm pm_runtime_work
01-01 08:00:49.369 I/pstate ( 0): 60c00085 (nZCv daIf +PAN +UAO)
01-01 08:00:49.369 I/pc ( 0): enable_irq+0x98/0xf0
01-01 08:00:49.369 I/lr ( 0): enable_irq+0x98/0xf0
01-01 08:00:49.369 I/sp ( 0): ffffff800c9ebaf0
01-01 08:00:49.369 I/ ( 0): x29: ffffff800c9ebb00 x28: 0000000000000002
01-01 08:00:49.369 I/ ( 0): x27: 0000000000000000 x26: ffffffcecf5d3bfd
01-01 08:00:49.369 I/ ( 0): x25: 0000000000000000 x24: ffffff9a46772cd0
01-01 08:00:49.369 I/ ( 0): x23: ffffffcecf5d1f59 x22: ffffffcecf5d39c8
01-01 08:00:49.369 I/ ( 0): x21: ffffffcecf79c690 x20: 0000000000000190
01-01 08:00:49.369 I/ ( 0): x19: ffffffcebf338680 x18: 0000000000000030
01-01 08:00:49.369 I/ ( 0): x17: ffffff9a4993e000 x16: 00000000fffbd60c
01-01 08:00:49.369 I/ ( 0): x15: 00000000000bd60c x14: 0000000000000086
01-01 08:00:49.369 I/ ( 0): x13: 0000000000000000 x12: 00000000000000e0
01-01 08:00:49.369 I/ ( 0): x11: 0000000000000000 x10: 0000000000000001
01-01 08:00:49.369 I/ ( 0): x9 : c68e87d41e2e6000 x8 : c68e87d41e2e6000
01-01 08:00:49.369 I/ ( 0): x7 : ffffff9a45f826c0 x6 : 0000000000000000
01-01 08:00:49.369 I/ ( 0): x5 : 0000000000000080 x4 : 0000000000000001
01-01 08:00:49.369 I/ ( 0): x3 : 0000000000000000 x2 : 0000000000000007
01-01 08:00:49.369 I/ ( 0): x1 : 0000000000000007 x0 : 000000000000001d
01-01 08:00:49.369 I/Call trace( 0):
01-01 08:00:49.370 I/ ( 0): enable_irq+0x98/0xf0
01-01 08:00:49.370 I/ ( 0): swrm_runtime_suspend+0x480/0x608 [swr_ctrl_dlkm]
01-01 08:00:49.370 I/ ( 0): pm_generic_runtime_suspend+0x34/0x48
01-01 08:00:49.370 I/ ( 0): __rpm_callback+0x128/0x230
01-01 08:00:49.370 I/ ( 0): rpm_suspend+0x468/0x820
01-01 08:00:49.370 I/ ( 0): rpm_idle+0x5bc/0x600
01-01 08:00:49.370 I/ ( 0): pm_runtime_work+0x7c/0xa8
01-01 08:00:49.370 I/ ( 0): process_one_work+0x38c/0x660
01-01 08:00:49.370 I/ ( 0): worker_thread+0x268/0x4b8
01-01 08:00:49.370 I/ ( 0): kthread+0x140/0x150
01-01 08:00:49.370 I/ ( 0): ret_from_fork+0x10/0x1c
01-01 08:00:49.370 I/ ( 0): irq event stamp: 237700
01-01 08:00:49.370 I/ ( 0): hardirqs last enabled at (237699): [] _raw_spin_unlock_irqrestore+0x44/0x88
01-01 08:00:49.370 I/ ( 0): hardirqs last disabled at (237700): [] _raw_spin_lock_irqsave+0x28/0x98
01-01 08:00:49.370 I/ ( 0): softirqs last enabled at (236908): [] __do_softirq+0x50c/0x554
01-01 08:00:49.370 I/ ( 0): softirqs last disabled at (236893): [] irq_exit+0xfc/0x120
01-01 08:00:49.370 W/ ( 0): ---[ end trace b1b151f5a55d6fe5 ]---
01-01 08:00:49.376 D/cnss ( 0): Sending respond memory message, state: 0x9
01-01 08:00:49.376 D/cnss ( 0): Memory for FW, va: 0xffffff8025d2b000, pa: 0x00000000a1000000, size: 0x5e0000, type: 1
01-01 08:00:49.376 D/cnss ( 0): Memory for FW, va: 0xffffff801f631000, pa: 0x00000000a1600000, size: 0xd8000, type: 4
04-04 04:29:50.094 D/SystemServerTimingAsync( 1145): AppDataFixup took to complete: 565ms
01-01 08:00:49.384 D/cnss ( 0): PM relax, state: 0x9, count: 0
01-01 08:00:49.387 D/cnss ( 0): Received QMI WLFW FW memory ready indication
01-01 08:00:49.387 D/cnss ( 0): Posting event: FW_MEM_READY(3), state: 0x9 flags: 0x0
01-01 08:00:49.387 D/cnss ( 0): PM stay awake, state: 0x9, count: 1
01-01 08:00:49.388 D/cnss ( 0): PM relax, state: 0x9, count: 0
01-01 08:00:49.388 D/cnss ( 0): PM stay awake, state: 0x9, count: 1
01-01 08:00:49.388 D/cnss ( 0): Processing driver event: FW_MEM_READY(3), state: 0x9
01-01 08:00:49.388 D/cnss ( 0): Sending target capability message, state: 0xb
01-01 08:00:49.417 D/cnss ( 0): Voltage for CPR: 948mV
01-01 08:00:49.417 D/cnss ( 0): Got voltage 800mV from i: 0, j: 0
01-01 08:00:49.418 D/cnss ( 0): Got voltage 1012mV from i: 4, j: 1
01-01 08:00:49.418 D/cnss ( 0): Update TCS CMD data address 0x000000000b2e5844 with voltage 950mV
01-01 08:00:49.418 D/cnss ( 0): Device frequency is 24000000 HZ
01-01 08:00:49.418 D/cnss ( 0): Target capability: chip_id: 0x0, chip_family: 0xb, board_id: 0xff, soc_id: 0xffffffff, fw_version: 0x101a0521, fw_build_timestamp: 2021-12-20 07:54, fw_build_id: QC_IMAGE_VERSION_STRING=WLAN.HST.1.0.1.r1-01313-QCAHSTSWPL_SILICONZ-1, otp_version: 0x0
01-01 08:00:49.418 D/cnss ( 0): Sending BDF download message, state: 0xb, type: 4
01-01 08:00:49.418 D/cnss ( 0): FW name added with prefix: qca6390/regdb.bin
01-01 08:00:49.419 W/cnss2 b0000000.qcom,cnss-qca6390( 0): Falling back to syfs fallback for: qca6390/regdb.bin
04-04 04:29:50.151 W/ProcessCpuTracker( 1145): Failed to stat(/proc/1684): android.system.ErrnoException: stat failed: ENOENT (No such file or directory)
04-04 04:29:50.152 W/ProcessCpuTracker( 1145): Skipping unknown process pid 1684
04-04 04:29:50.155 D/SystemServerTiming( 1145): StartWindowManagerService took to complete: 102ms
04-04 04:29:50.156 I/SystemServerTiming( 1145): SetWindowManagerService
04-04 04:29:50.204 I/ActivityTaskManager( 1145): Loaded persisted task ids for user 0
04-04 04:29:50.207 D/SystemServerTiming( 1145): SetWindowManagerService took to complete: 51ms
04-04 04:29:50.207 I/SystemServerTiming( 1145): WindowManagerServiceOnInitReady
01-01 08:00:49.518 E/diag ( 0): In diag_ioctl_set_buffering_mode, invalid peripheral = -22
04-04 04:29:50.223 D/SystemServerTiming( 1145): WindowManagerServiceOnInitReady took to complete: 16ms
04-04 04:29:50.225 I/SystemServerTiming( 1145): StartInputManager
01-01 08:00:49.544 W/rpmh_rsc_send_data( 0): 345 callbacks suppressed
01-01 08:00:49.544 I/qcom_rpmh DRV( 0): apps_rsc TCS Busy, retrying RPMH message send: addr=0x30080
01-01 08:00:49.544 I/qcom_rpmh DRV( 0): apps_rsc TCS Busy, retrying RPMH message send: addr=0x30080
01-01 08:00:49.547 W/QSEECOM ( 0): qseecom_load_app: App (fingerpr) does'nt exist, loading apps for first time
01-01 08:00:49.547 I/ueventd ( 0): firmware: loading 'qca6390/regdb.bin' for '/devices/platform/soc/b0000000.qcom,cnss-qca6390/firmware/qca6390!regdb.bin'
04-04 04:29:50.225 I/InputManager( 1145): Starting input manager
04-04 04:29:50.241 I/SystemServerTimingAsync( 1145): InitThreadPoolExec:StartHidlServices
04-04 04:29:50.241 D/SystemServerInitThreadPool( 1145): Started executing StartHidlServices
04-04 04:29:50.241 I/SystemServerTimingAsync( 1145): StartHidlServices
04-04 04:29:50.243 D/SystemServerTiming( 1145): StartInputManager took to complete: 18ms
04-04 04:29:50.243 I/SystemServerTiming( 1145): DisplayManagerWindowManagerAndInputReady
04-04 04:29:50.243 D/SystemServerTiming( 1145): DisplayManagerWindowManagerAndInputReady took to complete: 1ms
04-04 04:29:50.243 I/SystemServerTiming( 1145): StartBluetoothService
04-04 04:29:50.243 I/SystemServiceManager( 1145): Starting com.android.server.BluetoothService
04-04 04:29:50.243 I/LogicalDisplayMapper( 1145): Requesting Transition to state: 0
04-04 04:29:50.244 I/LogicalDisplayMapper( 1145): Applying layout: [{addr: {port=129, model=0x40446d3026322d}, dispId: 0(ON)}], Previous layout: [{addr: {port=129, model=0x40446d3026322d}, dispId: 0(ON)}]
04-04 04:29:50.248 D/BluetoothManagerService( 1145): Loading stored name and address
04-04 04:29:50.248 D/BluetoothManagerService( 1145): Stored bluetooth Name=高合娱乐副屏,Address=22:22:19:E6:64:92
01-01 08:00:49.561 E/ueventd ( 0): firmware: could not find firmware for qca6390/regdb.bin
04-04 04:29:50.248 D/BluetoothManagerService( 1145): Bluetooth persisted state: 1
01-01 08:00:49.573 E/ueventd ( 0): firmware: attempted /etc/firmware/qca6390/regdb.bin, open failed: No such file or directory
01-01 08:00:49.584 E/ueventd ( 0): firmware: attempted /odm/firmware/qca6390/regdb.bin, open failed: No such file or directory
04-04 04:29:50.248 D/BluetoothManagerService( 1145): Startup: Bluetooth persisted state is ON.
04-04 04:29:50.248 D/BluetoothManagerService( 1145): Detected SystemUiUid: 10084
04-04 04:29:50.249 D/SystemServerTiming( 1145): StartBluetoothService took to complete: 5ms
04-04 04:29:50.249 I/SystemServerTiming( 1145): IpConnectivityMetrics
04-04 04:29:50.249 I/SystemServiceManager( 1145): Starting com.android.server.connectivity.IpConnectivityMetrics
04-04 04:29:50.249 D/SystemServerTiming( 1145): IpConnectivityMetrics took to complete: 1ms
04-04 04:29:50.249 I/SystemServerTiming( 1145): NetworkWatchlistService
04-04 04:29:50.249 I/SystemServiceManager( 1145): Starting com.android.server.net.watchlist.NetworkWatchlistService$Lifecycle
04-04 04:29:50.275 D/SystemServerTimingAsync( 1145): StartHidlServices took to complete: 34ms
04-04 04:29:50.275 D/SystemServerInitThreadPool( 1145): Finished executing StartHidlServices
04-04 04:29:50.275 D/SystemServerTimingAsync( 1145): InitThreadPoolExec:StartHidlServices took to complete: 34ms
01-01 08:00:49.598 E/ueventd ( 0): firmware: attempted /vendor/firmware/qca6390/regdb.bin, open failed: No such file or directory
04-04 04:29:50.300 I/WatchlistSettings( 1145): Reload watchlist settings done
04-04 04:29:50.303 W/SystemServiceManager( 1145): Service com.android.server.net.watchlist.NetworkWatchlistService$Lifecycle took 54 ms in onStart
04-04 04:29:50.303 D/SystemServerTiming( 1145): NetworkWatchlistService took to complete: 54ms
04-04 04:29:50.303 I/SystemServerTiming( 1145): PinnerService
04-04 04:29:50.303 I/SystemServiceManager( 1145): Starting com.android.server.PinnerService
04-04 04:29:50.304 I/WatchlistLoggingHandler( 1145): Last report time is larger than current time, reset report
04-04 04:29:50.304 V/HistoricalRegistry( 1145): Interaction before persistence initialized
04-04 04:29:50.305 D/SystemServerTiming( 1145): PinnerService took to complete: 2ms
04-04 04:29:50.305 I/SystemServerTiming( 1145): IorapForwardingService
04-04 04:29:50.305 I/SystemServiceManager( 1145): Starting com.google.android.startop.iorap.IorapForwardingService
04-04 04:29:50.306 D/PinnerService( 1145): pinRangeStream: null
04-04 04:29:50.306 D/SystemServerTiming( 1145): IorapForwardingService took to complete: 1ms
04-04 04:29:50.306 I/SystemServiceManager( 1145): Starting com.android.server.ActivityTriggerService
04-04 04:29:50.306 I/ActivityTriggerService( 1145): Starting ActivityTriggerService
04-04 04:29:50.357 D/PinnerService( 1145): pinRangeStream: null
04-04 04:29:50.364 W/SystemServiceManager( 1145): Service com.android.server.ActivityTriggerService took 58 ms in onStart
01-01 08:00:49.609 E/ueventd ( 0): firmware: attempted /firmware/image/qca6390/regdb.bin, open failed: No such file or directory
01-01 08:00:49.620 E/ueventd ( 0): firmware: attempted /vendor/firmware_mnt/image/qca6390/regdb.bin, open failed: No such file or directory
01-01 08:00:49.639 I/ueventd ( 0): loading /devices/platform/soc/b0000000.qcom,cnss-qca6390/firmware/qca6390!regdb.bin took 93ms
01-01 08:00:49.655 E/cnss ( 0): Failed to load BDF: qca6390/regdb.bin
01-01 08:00:49.661 D/cnss ( 0): Sending BDF download message, state: 0xb, type: 1
01-01 08:00:49.661 D/cnss ( 0): FW name added with prefix: qca6390/bdwlan.elf
01-01 08:00:49.662 W/cnss2 b0000000.qcom,cnss-qca6390( 0): Falling back to syfs fallback for: qca6390/bdwlan.elf
04-04 04:29:50.365 I/SystemServerTiming( 1145): SignedConfigService
04-04 04:29:50.365 D/SystemServerTiming( 1145): SignedConfigService took to complete: 0ms
04-04 04:29:50.365 I/SystemServerTiming( 1145): AppIntegrityService
04-04 04:29:50.366 I/SystemServiceManager( 1145): Starting com.android.server.integrity.AppIntegrityManagerService
04-04 04:29:50.370 E/IntegrityFileManager( 1145): Error creating staging and rules directory
04-04 04:29:50.395 D/PinnerService( 1145): pinRangeStream: null
04-04 04:29:50.395 D/PinnerService( 1145): pinRangeStream: null
04-04 04:29:50.396 D/SystemServerTiming( 1145): AppIntegrityService took to complete: 30ms
04-04 04:29:50.396 I/WindowManager( 1145): SAFE MODE not enabled
04-04 04:29:50.396 I/SystemServerTiming( 1145): StartInputMethodManagerLifecycle
04-04 04:29:50.396 I/SystemServiceManager( 1145): Starting com.android.server.inputmethod.InputMethodManagerService$Lifecycle
04-04 04:29:50.400 D/SystemServerTiming( 1145): StartInputMethodManagerLifecycle took to complete: 3ms
04-04 04:29:50.400 I/SystemServerTiming( 1145): StartAccessibilityManagerService
04-04 04:29:50.400 I/SystemServiceManager( 1145): Starting com.android.server.accessibility.AccessibilityManagerService$Lifecycle
01-01 08:00:49.696 W/QSEECOM ( 0): qseecom_load_app: App with id 6 (fingerpr) now loaded
01-01 08:00:49.715 D/cnss ( 0): Downloading BDF: qca6390/bdwlan.elf, size: 57908
04-04 04:29:50.460 I/WatchlistLoggingHandler( 1145): No need to aggregate record yet.
01-01 08:00:49.783 W/QSEECOM ( 0): __qseecom_reentrancy_process_incomplete_cmd: send lsr 11 rsp, but app 6 block on lsr 10
01-01 08:00:49.790 W/QSEECOM ( 0): __qseecom_process_reentrancy_blocked_on_listener: Lsntr 10 in_use 1, block session(1) app(6)
01-01 08:00:49.798 W/QSEECOM ( 0): __qseecom_process_reentrancy_blocked_on_listener: Lsntr 10 is available, unblock session(1) app(6)
04-04 04:29:50.529 I/WatchlistLoggingHandler( 1145): Milliseconds spent on tryAggregateRecords(): 226
04-04 04:29:50.530 D/SystemServerTiming( 1145): StartAccessibilityManagerService took to complete: 66ms
04-04 04:29:50.531 I/SystemServerTiming( 1145): MakeDisplayReady
04-04 04:29:50.531 I/DropBoxManagerService( 1145): add tag=system_server_strictmode isTagEnabled=true flags=0x2
04-04 04:29:50.540 I/ActivityTaskManager( 1145): Config changes=20005df8 {1.0 ?mcc?mnc [zh_CN] ldltr sw680dp w1586dp h612dp 240dpi lrg long land ?uimode ?night -touch -keyb/v/h -nav/h winConfig={ mBounds=Rect(0, 0 - 2380, 1020) mAppBounds=Rect(0, 0 - 2380, 954) mMaxBounds=Rect(0, 0 - 2380, 1020) mWindowingMode=fullscreen mDisplayWindowingMode=fullscreen mActivityType=undefined mAlwaysOnTop=undefined mRotation=ROTATION_0} s.2 ?fontWeightAdjustment}
04-04 04:29:50.540 I/WindowManager( 1145): Override config changes=60007dfc {1.0 ?mcc?mnc [zh_CN] ldltr sw680dp w1586dp h612dp 240dpi lrg long land ?uimode ?night -touch -keyb/v/h -nav/h winConfig={ mBounds=Rect(0, 0 - 2380, 1020) mAppBounds=Rect(0, 0 - 2380, 954) mMaxBounds=Rect(0, 0 - 2380, 1020) mWindowingMode=fullscreen mDisplayWindowingMode=fullscreen mActivityType=undefined mAlwaysOnTop=undefined mRotation=ROTATION_0} s.2 ?fontWeightAdjustment} for displayId=0
01-01 08:00:49.817 E/ ( 0): msm_qti_pp_get_rms_value_control, back not active to query rms be_idx:3
01-01 08:00:49.826 D/cnss ( 0): FW name added with prefix: qca6390/m3.bin
01-01 08:00:49.826 W/cnss_pci 0000( 0): 01:00.0: Falling back to syfs fallback for: qca6390/m3.bin
01-01 08:00:49.856 I/core_get_license_status( 0): cmdrsp_license_result.result = 0x15 for module 0x131ff
01-01 08:00:49.861 E/msm_ext_disp_update_audio_ops( 0): Display not found (EXT_DISPLAY_TYPE_DP) ctld (0) stream (0)
04-04 04:29:50.575 I/DropBoxManagerService( 1145): add tag=system_server_strictmode isTagEnabled=true flags=0x2
04-04 04:29:50.576 I/DropBoxManagerService( 1145): add tag=system_server_strictmode isTagEnabled=true flags=0x2
04-04 04:29:50.577 I/DropBoxManagerService( 1145): add tag=system_server_strictmode isTagEnabled=true flags=0x2
04-04 04:29:50.579 I/DropBoxManagerService( 1145): add tag=system_server_strictmode isTagEnabled=true flags=0x2
04-04 04:29:50.580 I/DropBoxManagerService( 1145): add tag=system_server_strictmode isTagEnabled=true flags=0x2
04-04 04:29:50.580 I/DropBoxManagerService( 1145): add tag=system_server_strictmode isTagEnabled=true flags=0x2
04-04 04:29:50.581 I/DropBoxManagerService( 1145): add tag=system_server_strictmode isTagEnabled=true flags=0x2
04-04 04:29:50.582 I/DropBoxManagerService( 1145): add tag=system_server_strictmode isTagEnabled=true flags=0x2
04-04 04:29:50.583 I/DropBoxManagerService( 1145): add tag=system_server_strictmode isTagEnabled=true flags=0x2
01-01 08:00:49.868 D/cnss ( 0): Sending M3 information message, state: 0xb
01-01 08:00:49.872 D/cnss ( 0): M3 memory, va: 0xffffff80210cb000, pa: 0x00000000a1800000, size: 0x411bc
04-04 04:29:50.592 I/ActivityTaskManager( 1145): Config changes=8 {1.0 ?mcc?mnc [zh_CN] ldltr sw680dp w1586dp h612dp 240dpi lrg long land ?uimode ?night finger -keyb/v/h -nav/h winConfig={ mBounds=Rect(0, 0 - 2380, 1020) mAppBounds=Rect(0, 0 - 2380, 954) mMaxBounds=Rect(0, 0 - 2380, 1020) mWindowingMode=fullscreen mDisplayWindowingMode=fullscreen mActivityType=undefined mAlwaysOnTop=undefined mRotation=ROTATION_0} s.4 ?fontWeightAdjustment}
04-04 04:29:50.593 I/WindowManager( 1145): Override config changes=8 {1.0 ?mcc?mnc [zh_CN] ldltr sw680dp w1586dp h612dp 240dpi lrg long land ?uimode ?night finger -keyb/v/h -nav/h winConfig={ mBounds=Rect(0, 0 - 2380, 1020) mAppBounds=Rect(0, 0 - 2380, 954) mMaxBounds=Rect(0, 0 - 2380, 1020) mWindowingMode=fullscreen mDisplayWindowingMode=fullscreen mActivityType=undefined mAlwaysOnTop=undefined mRotation=ROTATION_0} s.4 ?fontWeightAdjustment} for displayId=0
04-04 04:29:50.594 D/SystemServerTiming( 1145): MakeDisplayReady took to complete: 64ms
04-04 04:29:50.594 I/SystemServerTiming( 1145): StartStorageManagerService
04-04 04:29:50.594 I/SystemServiceManager( 1145): Starting com.android.server.StorageManagerService$Lifecycle
01-01 08:00:49.877 E/msm_ext_disp_update_audio_ops( 0): Display not found (EXT_DISPLAY_TYPE_HDMI) ctld (0) stream (0)
01-01 08:00:49.878 D/cnss ( 0): PM relax, state: 0xb, count: 0
01-01 08:00:49.883 D/cnss ( 0): Received QMI WLFW FW initialization done indication
01-01 08:00:49.883 D/cnss ( 0): Posting event: FW_READY(4), state: 0xb flags: 0x0
01-01 08:00:49.883 D/cnss ( 0): PM stay awake, state: 0xb, count: 1
01-01 08:00:49.885 D/cnss ( 0): PM relax, state: 0xb, count: 0
01-01 08:00:49.887 E/msm_ext_disp_update_audio_ops( 0): Display not found (EXT_DISPLAY_TYPE_DP) ctld (0) stream (0)
01-01 08:00:49.898 E/msm_ext_disp_update_audio_ops( 0): Display not found (EXT_DISPLAY_TYPE_DP) ctld (0) stream (0)
01-01 08:00:49.912 E/msm_ext_disp_update_audio_ops( 0): Display not found (EXT_DISPLAY_TYPE_DP) ctld (0) stream (0)
01-01 08:00:49.919 D/cnss ( 0): PM stay awake, state: 0xb, count: 1
01-01 08:00:49.922 D/cnss ( 0): Processing driver event: FW_READY(4), state: 0xb
01-01 08:00:49.922 D/cnss ( 0): PCIE Gen speed not setup
01-01 08:00:49.922 D/cnss ( 0): Sending antenna switch sync request, state: 0xf
01-01 08:00:49.922 E/msm-ext-disp-audio-codec-rx soc( 0): qcom,msm-ext-disp:qcom,msm-ext-disp-audio-codec-rx: msm_ext_disp_audio_type_get: get_audio_edid_blk() or get_intf_id is NULL
04-04 04:29:50.643 D/StorageManagerService( 1145): Thinking about init, mBootCompleted=false, mDaemonConnected=true
04-04 04:29:50.643 D/StorageManagerService( 1145): Thinking about reset, mBootCompleted=false, mDaemonConnected=true
04-04 04:29:50.644 D/StorageManagerService( 1145): Thinking about init, mBootCompleted=false, mDaemonConnected=true
04-04 04:29:50.644 D/StorageManagerService( 1145): Thinking about reset, mBootCompleted=false, mDaemonConnected=true
04-04 04:29:50.644 D/SystemServerTiming( 1145): StartStorageManagerService took to complete: 50ms
04-04 04:29:50.644 I/SystemServerTiming( 1145): StartStorageStatsService
04-04 04:29:50.644 I/SystemServiceManager( 1145): Starting com.android.server.usage.StorageStatsService$Lifecycle
04-04 04:29:50.664 D/SystemServerTiming( 1145): StartStorageStatsService took to complete: 19ms
04-04 04:29:50.664 I/SystemServerTiming( 1145): StartUiModeManager
04-04 04:29:50.664 I/SystemServiceManager( 1145): Starting com.android.server.UiModeManagerService
04-04 04:29:50.665 D/SystemServerTiming( 1145): StartUiModeManager took to complete: 1ms
04-04 04:29:50.666 I/SystemServerTiming( 1145): UpdatePackagesIfNeeded
04-04 04:29:50.666 I/Watchdog( 1145): Pausing HandlerChecker: main thread for reason: dexopt. Pause count: 1
04-04 04:29:50.666 I/Watchdog( 1145): Resuming HandlerChecker: main thread for reason: dexopt. Pause count: 0
04-04 04:29:50.666 D/SystemServerTiming( 1145): UpdatePackagesIfNeeded took to complete: 0ms
04-04 04:29:50.666 I/SystemServerTiming( 1145): PerformFstrimIfNeeded
04-04 04:29:50.666 I/SystemServerTimingAsync( 1145): InitThreadPoolExec:UiModeManager.onStart
01-01 08:00:49.944 E/msm_ext_disp_update_audio_ops( 0): Display not found (EXT_DISPLAY_TYPE_DP) ctld (0) stream (0)
01-01 08:00:49.947 E/cnss ( 0): Antenna switch request failed, result: 1, err: 94
01-01 08:00:49.955 E/msm-ext-disp-audio-codec-rx soc( 0): qcom,msm-ext-disp:qcom,msm-ext-disp-audio-codec-rx: msm_ext_disp_audio_type_get: get_audio_edid_blk() or get_intf_id is NULL
04-04 04:29:50.666 D/SystemServerInitThreadPool( 1145): Started executing UiModeManager.onStart
04-04 04:29:50.667 D/SystemServerTiming( 1145): PerformFstrimIfNeeded took to complete: 2ms
04-04 04:29:50.667 I/SystemServerTiming( 1145): StartLockSettingsService
04-04 04:29:50.667 I/SystemServiceManager( 1145): Starting com.android.server.locksettings.LockSettingsService$Lifecycle
04-04 04:29:50.669 D/PinnerService( 1145): pinRangeStream: null
04-04 04:29:50.669 D/PinnerService( 1145): pinRangeStream: null
04-04 04:29:50.672 D/PinnerService( 1145): pinRangeStream: null
01-01 08:00:49.972 D/cnss ( 0): Sending mode message, mode: CALIBRATION(7), state: 0xf
01-01 08:00:49.979 E/msm_ext_disp_update_audio_ops( 0): Display not found (EXT_DISPLAY_TYPE_DP) ctld (0) stream (0)
04-04 04:29:50.696 D/SystemServerInitThreadPool( 1145): Finished executing UiModeManager.onStart
04-04 04:29:50.696 D/SystemServerTimingAsync( 1145): InitThreadPoolExec:UiModeManager.onStart took to complete: 30ms
04-04 04:29:50.718 W/iorapd ( 1223): Readahead disabled by system property
01-01 08:00:49.994 E/msm-ext-disp-audio-codec-rx soc( 0): qcom,msm-ext-disp:qcom,msm-ext-disp-audio-codec-rx: msm_ext_disp_audio_type_get: get_audio_edid_blk() or get_intf_id is NULL
04-04 04:29:50.729 W/iorapd ( 1223): Reconnect to package manager service: 1 times
04-04 04:29:50.730 D/PinnerService( 1145): pinRangeStream: null
04-04 04:29:50.746 W/SystemServiceManager( 1145): Service com.android.server.locksettings.LockSettingsService$Lifecycle took 78 ms in onStart
04-04 04:29:50.747 D/SystemServerTiming( 1145): StartLockSettingsService took to complete: 80ms
04-04 04:29:50.747 I/SystemServerTiming( 1145): StartPersistentDataBlock
04-04 04:29:50.747 I/SystemServiceManager( 1145): Starting com.android.server.PersistentDataBlockService
01-01 08:00:50.016 E/msm-ext-disp-audio-codec-rx soc( 0): qcom,msm-ext-disp:qcom,msm-ext-disp-audio-codec-rx: msm_ext_disp_audio_device_get: invalid dai id: 4
01-01 08:00:50.019 W/QSEECOM ( 0): __qseecom_unload_app: App (6) is unloaded
01-01 08:00:50.034 D/qbt ( 0): qbt_release: entry minor_no=0 fd_available=0
01-01 08:00:50.034 D/qbt ( 0): qbt_release: Releasing wakelock
01-01 08:00:50.034 D/qbt ( 0): qbt_release: exit : fd_available=1
01-01 08:00:50.034 D/qbt ( 0): qbt_release: entry minor_no=1 fd_available=1
01-01 08:00:50.034 D/qbt ( 0): qbt_release: exit : fd_available=1
04-04 04:29:50.751 D/SystemServerTiming( 1145): StartPersistentDataBlock took to complete: 4ms
04-04 04:29:50.751 I/SystemServerTiming( 1145): StartTestHarnessMode
04-04 04:29:50.752 I/SystemServiceManager( 1145): Starting com.android.server.testharness.TestHarnessModeService
04-04 04:29:50.754 D/SystemServerTiming( 1145): StartTestHarnessMode took to complete: 3ms
04-04 04:29:50.754 I/SystemServerTiming( 1145): StartOemLockService
04-04 04:29:50.754 I/SystemServiceManager( 1145): Starting com.android.server.oemlock.OemLockService
04-04 04:29:50.757 I/OemLock ( 1145): OemLock HAL not present on device
04-04 04:29:50.757 I/OemLock ( 1145): Using persistent data block based lock
04-04 04:29:50.759 I/SystemServerTimingAsync( 1145): InitThreadPoolExec:PersistentDataBlockService.onStart
04-04 04:29:50.759 D/SystemServerInitThreadPool( 1145): Started executing PersistentDataBlockService.onStart
04-04 04:29:50.759 D/SystemServerTiming( 1145): StartOemLockService took to complete: 5ms
04-04 04:29:50.760 I/SystemServerTiming( 1145): StartDeviceIdleController
04-04 04:29:50.760 I/SystemServiceManager( 1145): Starting com.android.server.DeviceIdleController
04-04 04:29:50.764 D/SystemServerTiming( 1145): StartDeviceIdleController took to complete: 5ms
04-04 04:29:50.764 I/SystemServerTiming( 1145): StartDevicePolicyManager
04-04 04:29:50.764 I/SystemServiceManager( 1145): Starting com.android.server.devicepolicy.DevicePolicyManagerService$Lifecycle
04-04 04:29:50.770 E/PersistentDataBlockService( 1145): not able to find package com.google.android.gms
04-04 04:29:50.770 E/PersistentDataBlockService( 1145): android.content.pm.PackageManager$NameNotFoundException: com.google.android.gms
04-04 04:29:50.770 E/PersistentDataBlockService( 1145): at android.app.ApplicationPackageManager.getPackageUidAsUser(ApplicationPackageManager.java:364)
04-04 04:29:50.770 E/PersistentDataBlockService( 1145): at com.android.server.PersistentDataBlockService.getAllowedUid(PersistentDataBlockService.java:162)
04-04 04:29:50.770 E/PersistentDataBlockService( 1145): at com.android.server.PersistentDataBlockService.lambda$onStart$0$PersistentDataBlockService(PersistentDataBlockService.java:176)
04-04 04:29:50.770 E/PersistentDataBlockService( 1145): at com.android.server.PersistentDataBlockService$$ExternalSyntheticLambda0.run(Unknown Source:2)
04-04 04:29:50.770 E/PersistentDataBlockService( 1145): at com.android.server.SystemServerInitThreadPool.lambda$submitTask$0$SystemServerInitThreadPool(SystemServerInitThreadPool.java:105)
04-04 04:29:50.770 E/PersistentDataBlockService( 1145): at com.android.server.SystemServerInitThreadPool$$ExternalSyntheticLambda0.run(Unknown Source:6)
04-04 04:29:50.770 E/PersistentDataBlockService( 1145): at java.util.concurrent.Executors$RunnableAdapter.call(Executors.java:462)
04-04 04:29:50.770 E/PersistentDataBlockService( 1145): at java.util.concurrent.FutureTask.run(FutureTask.java:266)
04-04 04:29:50.770 E/PersistentDataBlockService( 1145): at java.util.concurrent.ThreadPoolExecutor.runWorker(ThreadPoolExecutor.java:1167)
04-04 04:29:50.770 E/PersistentDataBlockService( 1145): at java.util.concurrent.ThreadPoolExecutor$Worker.run(ThreadPoolExecutor.java:641)
04-04 04:29:50.770 E/PersistentDataBlockService( 1145): at com.android.internal.util.ConcurrentUtils$1$1.run(ConcurrentUtils.java:65)
04-04 04:29:50.787 D/SLog ( 1145): static_init took to complete: 1ms
04-04 04:29:50.787 I/DevicePolicyManager( 1145): Set ro.organization_owned property to false
04-04 04:29:50.789 D/SystemServerTiming( 1145): StartDevicePolicyManager took to complete: 24ms
04-04 04:29:50.789 I/SystemServerTiming( 1145): StartStatusBarManagerService
04-04 04:29:50.791 D/SystemServerTiming( 1145): StartStatusBarManagerService took to complete: 1ms
04-04 04:29:50.791 D/SystemServer( 1145): MusicRecognitionManagerService not defined by OEM or disabled by flag
04-04 04:29:50.791 D/SystemServer( 1145): ContentCaptureService disabled because resource is not overlaid
04-04 04:29:50.791 D/SystemServer( 1145): AttentionService is not configured on this device
04-04 04:29:50.791 D/SystemServer( 1145): RotationResolverService is not configured on this device
04-04 04:29:50.792 D/SystemServer( 1145): SystemCaptionsManagerService disabled because resource is not overlaid
04-04 04:29:50.792 I/SystemServerTiming( 1145): StartTextToSpeechManagerService
04-04 04:29:50.792 I/SystemServiceManager( 1145): Starting com.android.server.texttospeech.TextToSpeechManagerService
04-04 04:29:50.793 D/SystemServerTiming( 1145): StartTextToSpeechManagerService took to complete: 1ms
04-04 04:29:50.793 I/SystemServerTiming( 1145): StartSpeechRecognitionManagerService
04-04 04:29:50.793 I/SystemServiceManager( 1145): Starting com.android.server.speech.SpeechRecognitionManagerService
04-04 04:29:50.795 D/SystemServerTiming( 1145): StartSpeechRecognitionManagerService took to complete: 2ms
04-04 04:29:50.795 D/SystemServer( 1145): AppPredictionService not defined by OEM
04-04 04:29:50.795 D/SystemServer( 1145): ContentSuggestionsService not defined by OEM
04-04 04:29:50.795 I/SystemServerTiming( 1145): StartSearchUiService
04-04 04:29:50.795 I/SystemServiceManager( 1145): Starting com.android.server.searchui.SearchUiManagerService
04-04 04:29:50.796 D/SystemServerTiming( 1145): StartSearchUiService took to complete: 1ms
04-04 04:29:50.796 I/SystemServerTiming( 1145): StartSmartspaceService
04-04 04:29:50.796 I/SystemServiceManager( 1145): Starting com.android.server.smartspace.SmartspaceManagerService
04-04 04:29:50.797 D/SystemServerTiming( 1145): StartSmartspaceService took to complete: 1ms
04-04 04:29:50.798 I/SystemServerTiming( 1145): InitConnectivityModuleConnector
04-04 04:29:50.798 D/ConnectivityModuleConnector( 1145): Network stack init
04-04 04:29:50.798 D/SystemServerTiming( 1145): InitConnectivityModuleConnector took to complete: 1ms
04-04 04:29:50.799 I/SystemServerTiming( 1145): InitNetworkStackClient
04-04 04:29:50.799 D/SystemServerInitThreadPool( 1145): Finished executing PersistentDataBlockService.onStart
04-04 04:29:50.799 D/SystemServerTimingAsync( 1145): InitThreadPoolExec:PersistentDataBlockService.onStart took to complete: 40ms
04-04 04:29:50.799 D/SystemServerTiming( 1145): InitNetworkStackClient took to complete: 1ms
04-04 04:29:50.799 I/SystemServerTiming( 1145): StartNetworkManagementService
04-04 04:29:50.810 D/SystemServerTiming( 1145): StartNetworkManagementService took to complete: 11ms
04-04 04:29:50.810 I/SystemServerTiming( 1145): StartIpSecService
04-04 04:29:50.814 D/SystemServerTiming( 1145): StartIpSecService took to complete: 3ms
04-04 04:29:50.814 I/SystemServerTiming( 1145): StartFontManagerService
04-04 04:29:50.814 D/PinnerService( 1145): pinRangeStream: null
04-04 04:29:50.814 D/PinnerService( 1145): pinRangeStream: null
04-04 04:29:50.826 D/PinnerService( 1145): pinRangeStream: null
04-04 04:29:50.827 D/PinnerService( 1145): pinRangeStream: null
04-04 04:29:50.827 D/SystemServerTimingAsync( 1145): AppDataPrepare took to complete: 734ms
04-04 04:29:50.827 I/PackageManager( 1145): Deferred reconcileAppsData finished 115 packages
04-04 04:29:50.827 D/SystemServerInitThreadPool( 1145): Finished executing prepareAppData
04-04 04:29:50.827 D/SystemServerTimingAsync( 1145): InitThreadPoolExec:prepareAppData took to complete: 1299ms
04-04 04:29:50.828 E/PinnerService( 1145): Could not pin file /system/lib64/libsurfaceflinger.so
04-04 04:29:50.828 E/PinnerService( 1145): android.system.ErrnoException: open failed: ENOENT (No such file or directory)
04-04 04:29:50.828 E/PinnerService( 1145): at libcore.io.Linux.open(Native Method)
04-04 04:29:50.828 E/PinnerService( 1145): at libcore.io.ForwardingOs.open(ForwardingOs.java:567)
04-04 04:29:50.828 E/PinnerService( 1145): at libcore.io.BlockGuardOs.open(BlockGuardOs.java:273)
