04-04 04:47:50.357 I/hpplay-base( 2927): [LelinkReceiver:14605] _connectionFinalize (162)
04-04 04:47:50.357 D/hpplay-base( 2927): [LelinkReceiver:14752] ###connectionFinalize,release ok!!###
04-04 04:47:50.370 E/DisplayDeviceConfig( 1145): requesting nits when no mapping exists.
04-04 04:47:50.370 E/DisplayDeviceConfig( 1145): requesting nits when no mapping exists.
04-04 04:47:50.387 E/DisplayDeviceConfig( 1145): requesting nits when no mapping exists.
04-04 04:47:50.387 E/DisplayDeviceConfig( 1145): requesting nits when no mapping exists.
04-04 04:47:50.403 E/DisplayDeviceConfig( 1145): requesting nits when no mapping exists.
04-04 04:47:50.403 E/DisplayDeviceConfig( 1145): requesting nits when no mapping exists.
04-04 04:47:50.420 E/DisplayDeviceConfig( 1145): requesting nits when no mapping exists.
04-04 04:47:50.421 E/DisplayDeviceConfig( 1145): requesting nits when no mapping exists.
04-04 04:47:50.437 E/DisplayDeviceConfig( 1145): requesting nits when no mapping exists.
04-04 04:47:50.437 E/DisplayDeviceConfig( 1145): requesting nits when no mapping exists.
04-04 04:47:50.449 I/mpu_uart( 661): [MSG-P:R]:recv sync frame timeout
04-04 04:47:51.080 I/mpu_uart( 661): [MSG-P:RECV]:No message received in 1000 ms
04-04 04:47:51.119 W/swapper/0( 0): type=1400 audit(0.0:752): avc: denied { kill } for capability=5 scontext=u:r:kernel:s0 tcontext=u:r:kernel:s0 tclass=capability permissive=0
04-04 04:47:51.948 I/hpplay-java( 2927): [AsyncTask #94]:HttpRequest:doGet responseCode:200 0
04-04 04:47:51.949 D/hpplay-base( 2927): [LelinkMDNS:766] devicePermissionPublic leboPermissionCheck:-2
04-04 04:47:51.949 D/hpplay-base( 2927): [jniBridge:1125] com_hpplay_sdk_sink_protocol_Bridge_WHAT_SERVER_ERROR
04-04 04:47:51.949 D/hpplay-base( 2927): [jniBridge:1726] notifyJava, what:204, castType:0, mimeType:0 baseStatus:2
04-04 04:47:51.949 D/hpplay-base( 2927): [jniBridge:1727] notifyJava sessionID:(null)
04-04 04:47:51.950 I/hpplay-java( 2927): [Thread-104]:Bridge:notify: what: 204
04-04 04:47:51.951 I/hpplay-java( 2927): [Thread-104]:Bridge:notify: out: OutParameters:{audioSessionId=-1, audiotrackIndex=0, castHandleType=-1, castType=0, deviceName='', dlnaName='', dramaID='', extra=-2002, frameHandleType=-1, handleInside=true, headduration=0, header='', headers=null, isAD=false, isMultiMirror=false, lelinkVer='', limitTime=0, , mediaAlbum='null', mediaAlbumArtURI='', mediaArtist='null', mediaAssets='', mediaTitle='null', mimeType=0, multiSession=null, period=0, pinCode='', playSpeed=0.0, playerChoice=0, plugin=0, port=0, position=0.0, positionUnit=2, protocol=0, realSessionID='', regType='', , sinkIp='', sourceAPPVersion='', sourceChannel='', sourceClientInfo='', sourceDeviceInfo='', sourceDeviceModel='', sourceDeviceName='', sourceDeviceType=0, sourceHID='', , sourceInfo='', , , sourceOSVersion='', sourceSDKVersion='', sourceUid='', stopDetail=0, stopReason=0, tailduration=0, url='', urlID='', urls=null, userAgent='', videoDecoder=0, volume=0, what=204}com.hpplay.sdk.sink.protocol.OutParameters@e8a4b51
04-04 04:47:51.951 I/hpplay-java( 2927): [Thread-104]:Bridge:notify: address:91942838
04-04 04:47:51.951 I/hpplay-java( 2927): [main]:Bridge:findServiceID start out: 91942838
04-04 04:47:51.951 I/hpplay-base( 2927): [mDNSEmbeded:79] embedded_mDNSLoop stopmDNSNow:0 nPublish:-2 nExitFlag:6 tid is 6822
04-04 04:47:51.951 I/hpplay-java( 2927): [main]:Bridge:findServiceID end
04-04 04:47:51.951 E/hpplay-java( 2927): [main]:ServerTaskManager:onError 204/-2002 com.hht.lebocast.LelinkHelper$e@ff08e4b
04-04 04:47:51.952 I/hpplay-java( 2927): [main]:ServerTaskManager:cancelTimeOutCheck
04-04 04:47:51.952 W/hpplay-java( 2927): [main]:ServerTaskManager:onErrorDispatcher errorCode:-2002
04-04 04:47:51.952 I/hpplay-java( 2927): [main]:ServerTaskManager:onError retry later
04-04 04:47:52.080 I/mpu_uart( 661): [MSG-P:RECV]:No message received in 1000 ms
04-04 04:47:52.119 W/swapper/0( 0): type=1400 audit(0.0:753): avc: denied { kill } for capability=5 scontext=u:r:kernel:s0 tcontext=u:r:kernel:s0 tclass=capability permissive=0
04-04 04:47:52.464 I/hpplay-java( 2927): [AsyncTask #77]:HttpRequest:doGet responseCode:200 0
04-04 04:47:53.081 I/mpu_uart( 661): [MSG-P:RECV]:No message received in 1000 ms
04-04 04:47:53.119 W/swapper/2( 0): type=1400 audit(0.0:754): avc: denied { kill } for capability=5 scontext=u:r:kernel:s0 tcontext=u:r:kernel:s0 tclass=capability permissive=0
04-04 04:47:53.453 I/mpu_uart( 661): [MSG-P:R]:recv sync frame timeout
04-04 04:47:53.900 I/hpplay-java( 2927): [main]:Upgrade:upgrade not be allowed
04-04 04:47:54.081 I/mpu_uart( 661): [MSG-P:RECV]:No message received in 1000 ms
04-04 04:47:54.115 W/swapper/2( 0): type=1400 audit(0.0:755): avc: denied { kill } for capability=5 scontext=u:r:kernel:s0 tcontext=u:r:kernel:s0 tclass=capability permissive=0
04-04 04:47:54.954 I/hpplay-java( 2927): [main]:ServerTaskManager:restart by error
04-04 04:47:54.954 I/hpplay-java( 2927): [main]:ServerTaskManager:startServer
04-04 04:47:54.955 I/hpplay-java( 2927): [main]:ServerTaskManager:startServer add, reason: server is starting or running
04-04 04:47:54.955 I/hpplay-java( 2927): [main]:ServerTaskManager:addStopTask
04-04 04:47:54.955 I/hpplay-java( 2927): [main]:ServerTaskManager:addStartTask
04-04 04:47:54.955 I/hpplay-java( 2927): [main]:ServerTaskManager:exeTask stopServer
04-04 04:47:54.956 I/hpplay-java( 2927): [main]:Bridge:stopServer keepPush: false
04-04 04:47:54.956 D/hpplay-base( 2927): [jniBridge:909] Bridge__1stopServer status:2
04-04 04:47:54.958 D/hpplay-base( 2927): [LelinkBase:654] stopAllServer will start thread!
04-04 04:47:54.959 D/hpplay-base( 2927): [AEventUtils:588] handle AEvent thread end!!,tid is 6825
04-04 04:47:54.959 D/hpplay-base( 2927): [REventUtils:197] handleREventThread thread end!!,tid is 6826
04-04 04:47:54.959 I/hpplay-base( 2927): [mDNSEmbeded:65] embedded_mDNSExit call
04-04 04:47:54.960 D/hpplay-base( 2927): [Server:447] startHttpServer will END srv->serverType:0
04-04 04:47:54.961 D/hpplay-base( 2927): [Server:646] startHttpServer cond srv_shutdown:1 connectNummber:0
04-04 04:47:54.961 D/hpplay-base( 2927): [Server:669] startHttpServer wait cond END. srv_shutdown:1 connectNummber:0
04-04 04:47:54.961 D/hpplay-base( 2927): [Server:457] HttpServer END, tid is 6807
04-04 04:47:54.979 I/hpplay-base( 2927): [mDNSEmbeded:140] embedded_mDNSLoop Exiting end,tid is 6822
04-04 04:47:54.979 D/hpplay-base( 2927): [mDNSEmbeded:452] stopmDNSServer end stopmDNSNow=2, nRet=0
04-04 04:47:55.021 D/hpplay-base( 2927): [stream_mirror_compat:1284] mirror stream begin to exit,server fd:126,thread_id:3176845760!!
04-04 04:47:55.021 D/hpplay-base( 2927): [stream_mirror_compat:1323] ##screen stream exit successfully!!##
04-04 04:47:55.081 I/mpu_uart( 661): [MSG-P:RECV]:No message received in 1000 ms
04-04 04:47:55.119 W/swapper/2( 0): type=1400 audit(0.0:756): avc: denied { kill } for capability=5 scontext=u:r:kernel:s0 tcontext=u:r:kernel:s0 tclass=capability permissive=0
04-04 04:47:55.152 I/hpplay-base( 2927): [mDNSEmbeded:376] end lelink publish server, tid is 6823
04-04 04:47:55.152 D/hpplay-base( 2927): [mDNSEmbeded:420] stopmLelinkServer end nRet=0
04-04 04:47:55.152 D/hpplay-base( 2927): [LelinkBase:615] lebodlna stopServerThreadFunc dlnaEnable:1
04-04 04:47:55.152 D/hpplay-base-dlna( 2927): [lebodlna_api:49] stop DMR
04-04 04:47:55.153 D/hpplay-base-dlna( 2927): [lebodlna_api:344] m_pRender Release
04-04 04:47:55.233 D/hpplay-base-dlna( 2927): [UpnpDefine:867] DMRender release success
04-04 04:47:55.234 D/hpplay-base-dlna( 2927): [lebodlna_api:352] m_pAVT Release
04-04 04:47:55.234 D/hpplay-base-dlna( 2927): [lebodlna_api:360] m_pRCS Release
04-04 04:47:55.234 D/hpplay-base-dlna( 2927): [lebodlna_api:365] dmrender destroydmr
04-04 04:47:55.534 D/hpplay-base-dlna( 2927): [lebodlna-dlna_android:186] stopDLNA
04-04 04:47:55.535 D/hpplay-base-dlna( 2927): [lebodlna-dlna_android:189] dlnaservice destroy
04-04 04:47:55.535 D/hpplay-base-dlna( 2927): [lebodlna-dlna_android:49] dlnaservice Destroy 49 int CDlnaService::Destroy()
04-04 04:47:55.535 D/hpplay-base-dlna( 2927): [lebodlna-dlnaframe:245] dlnaservice Destroy 245 static ERROR_TYPE IDlnaFrame::DestroyDlnaFrame(IDlnaFrame *)
04-04 04:47:55.535 D/hpplay-base-dlna( 2927): [lebodlna-dlnaframe:179] dlnaservice Destroy 179 virtual void CDlnaFrame::Release()
04-04 04:47:55.535 D/hpplay-base-dlna( 2927): [lebodlna-dlnaframe:190] dlnaservice Destroy 190 virtual void CDlnaFrame::Release()
04-04 04:47:55.535 D/hpplay-base-dlna( 2927): [lebodlna-dlnaframe:192] dlnaservice Destroy 192 virtual void CDlnaFrame::Release()
04-04 04:47:55.535 D/hpplay-base-dlna( 2927): [lebodlna-dlnaframe:247] dlnaservice Destroy 247 static ERROR_TYPE IDlnaFrame::DestroyDlnaFrame(IDlnaFrame *)
04-04 04:47:55.535 D/hpplay-base-dlna( 2927): [lebodlna-dlnaframe:251] dlnaservice Destroy 251 static ERROR_TYPE IDlnaFrame::DestroyDlnaFrame(IDlnaFrame *)
04-04 04:47:55.542 E/hpplay-base-dlna( 2927): upnpapi.c:655::before gminiserver ThreadPoolShutdown
04-04 04:47:55.542 E/hpplay-base-dlna( 2927): ThreadPool.c:1047::on ThreadPoolShutdown tp->totalThreads:2
04-04 04:47:55.542 E/hpplay-base-dlna( 2927): ThreadPool.c:1047::on ThreadPoolShutdown tp->totalThreads:1
04-04 04:47:55.543 E/hpplay-base-dlna( 2927): ThreadPool.c:1056::after ThreadPoolShutdown
04-04 04:47:55.543 E/hpplay-base-dlna( 2927): ThreadPool.c:1057::ThreadPoolShutdown tp->totalThreads:0
04-04 04:47:55.543 E/hpplay-base-dlna( 2927): upnpapi.c:657::after gminiserver ThreadPoolShutdown
04-04 04:47:55.543 E/hpplay-base-dlna( 2927): upnpapi.c:659::before grecv ThreadPoolShutdown
04-04 04:47:55.543 E/hpplay-base-dlna( 2927): ThreadPool.c:1047::on ThreadPoolShutdown tp->totalThreads:12
04-04 04:47:55.543 E/hpplay-base-dlna( 2927): ThreadPool.c:1047::on ThreadPoolShutdown tp->totalThreads:11
04-04 04:47:55.544 E/hpplay-base-dlna( 2927): ThreadPool.c:1047::on ThreadPoolShutdown tp->totalThreads:5
04-04 04:47:55.544 E/hpplay-base-dlna( 2927): ThreadPool.c:1047::on ThreadPoolShutdown tp->totalThreads:4
04-04 04:47:55.545 E/hpplay-base-dlna( 2927): ThreadPool.c:1047::on ThreadPoolShutdown tp->totalThreads:2
04-04 04:47:55.545 E/hpplay-base-dlna( 2927): ThreadPool.c:1047::on ThreadPoolShutdown tp->totalThreads:1
04-04 04:47:55.546 E/hpplay-base-dlna( 2927): ThreadPool.c:1056::after ThreadPoolShutdown
04-04 04:47:55.546 E/hpplay-base-dlna( 2927): ThreadPool.c:1057::ThreadPoolShutdown tp->totalThreads:0
04-04 04:47:55.546 E/hpplay-base-dlna( 2927): upnpapi.c:661::after grecv ThreadPoolShutdown
04-04 04:47:55.546 E/hpplay-base-dlna( 2927): upnpapi.c:663::before gsend ThreadPoolShutdown
04-04 04:47:55.546 E/hpplay-base-dlna( 2927): ThreadPool.c:1047::on ThreadPoolShutdown tp->totalThreads:3
04-04 04:47:55.547 E/hpplay-base-dlna( 2927): ThreadPool.c:1047::on ThreadPoolShutdown tp->totalThreads:1
04-04 04:47:55.547 E/hpplay-base-dlna( 2927): ThreadPool.c:1056::after ThreadPoolShutdown
04-04 04:47:55.547 E/hpplay-base-dlna( 2927): ThreadPool.c:1057::ThreadPoolShutdown tp->totalThreads:0
04-04 04:47:55.547 E/hpplay-base-dlna( 2927): upnpapi.c:665::after gsend ThreadPoolShutdown
04-04 04:47:55.547 D/hpplay-base-dlna( 2927): [lebodlna-dlnaframe:253] dlnaservice Destroy 253 static ERROR_TYPE IDlnaFrame::DestroyDlnaFrame(IDlnaFrame *)
04-04 04:47:55.547 D/hpplay-base-dlna( 2927): [lebodlna-dlna_android:51] dlnaservice Destroy 51 int CDlnaService::Destroy()
04-04 04:47:55.547 D/hpplay-base-dlna( 2927): [lebodlna-dlna_android:194] stopDLNA end
04-04 04:47:55.847 D/hpplay-base( 2927): [stream_mirror_compat:1489] request to stop screen stream session!!
04-04 04:47:55.848 D/hpplay-base( 2927): [AEventUtils:625] begin to stop event handle service!!
04-04 04:47:55.848 D/hpplay-base( 2927): [AEventUtils:628] stop event handle service ok!!
04-04 04:47:55.848 D/hpplay-base( 2927): [REventUtils:231] begin to stop report handle service!!
04-04 04:47:55.848 D/hpplay-base( 2927): [REventUtils:234] stop report handle service ok!!
04-04 04:47:55.849 D/hpplay-base( 2927): [lelinkSinkServer:711] HTTP Server stopSinkServer End .
04-04 04:47:55.849 D/hpplay-base( 2927): [jniBridge:1135] notifyJavaServerStoped
04-04 04:47:55.849 D/hpplay-base( 2927): [jniBridge:1726] notifyJava, what:202, castType:0, mimeType:0 baseStatus:4
04-04 04:47:55.849 D/hpplay-base( 2927): [jniBridge:1727] notifyJava sessionID:(null)
04-04 04:47:55.852 I/hpplay-java( 2927): [Thread-105]:Bridge:notify: what: 202
04-04 04:47:55.853 I/hpplay-java( 2927): [Thread-105]:Bridge:notify: out: OutParameters:{audioSessionId=-1, audiotrackIndex=0, castHandleType=-1, castType=0, deviceName='', dlnaName='', dramaID='', extra=0, frameHandleType=-1, handleInside=true, headduration=0, header='', headers=null, isAD=false, isMultiMirror=false, lelinkVer='', limitTime=0, , mediaAlbum='null', mediaAlbumArtURI='', mediaArtist='null', mediaAssets='', mediaTitle='null', mimeType=0, multiSession=null, period=0, pinCode='', playSpeed=0.0, playerChoice=0, plugin=0, port=0, position=0.0, positionUnit=2, protocol=0, realSessionID='', regType='', , sinkIp='', sourceAPPVersion='', sourceChannel='', sourceClientInfo='', sourceDeviceInfo='', sourceDeviceModel='', sourceDeviceName='', sourceDeviceType=0, sourceHID='', , sourceInfo='', , , sourceOSVersion='', sourceSDKVersion='', sourceUid='', stopDetail=0, stopReason=0, tailduration=0, url='', urlID='', urls=null, userAgent='', videoDecoder=0, volume=0, what=202}com.hpplay.sdk.sink.protocol.OutParameters@4a7e424
04-04 04:47:55.853 I/hpplay-java( 2927): [Thread-105]:Bridge:notify: address:181881741
04-04 04:47:55.853 D/hpplay-base( 2927): [LelinkBase:645] stopServerThreadFunc notifyJavaServerStoped!
04-04 04:47:55.854 I/hpplay-java( 2927): [main]:ServerTaskManager:startTimeOutCheck
04-04 04:47:55.854 I/hpplay-java( 2927): [main]:ServerBusiness:stopDaemonBusiness
04-04 04:47:55.854 I/hpplay-java( 2927): [main]:SinkDataReport:logout
04-04 04:47:55.855 I/hpplay-java( 2927): [main]:EPControl:release
04-04 04:47:55.860 I/hpplay-java( 2927): [main]:Dispatcher:notifyAllReverseControlsStop
04-04 04:47:55.860 I/hpplay-java( 2927): [main]:Preference:checkFeature none
04-04 04:47:55.860 I/hpplay-java( 2927): [main]:Dispatcher:notifyAllUIControlsStop set: []
04-04 04:47:55.860 I/hpplay-java( 2927): [main]:Bridge:findServiceID start out: 181881741
04-04 04:47:55.860 I/hpplay-java( 2927): [main]:Bridge:findServiceID end
04-04 04:47:55.860 I/hpplay-java( 2927): [main]:ServerTaskManager:onStop retry:true
04-04 04:47:55.860 I/hpplay-java( 2927): [main]:ServerTaskManager:cancelTimeOutCheck
04-04 04:47:55.861 W/hpplay-java( 2927): NanoHTTPDServerRunnable:Communication with the client broken
04-04 04:47:55.861 W/hpplay-java( 2927): java.net.SocketException: Socket closed
04-04 04:47:55.861 W/hpplay-java( 2927): at java.net.PlainSocketImpl.socketAccept(PlainSocketImpl.java:213)
04-04 04:47:55.861 W/hpplay-java( 2927): at java.net.AbstractPlainSocketImpl.accept(AbstractPlainSocketImpl.java:451)
04-04 04:47:55.861 W/hpplay-java( 2927): at java.net.ServerSocket.implAccept(ServerSocket.java:547)
04-04 04:47:55.861 W/hpplay-java( 2927): at java.net.ServerSocket.accept(ServerSocket.java:515)
04-04 04:47:55.861 W/hpplay-java( 2927): at com.hpplay.nanohttpd.protocols.http.ServerRunnable.run(SourceFile:118)
04-04 04:47:55.861 W/hpplay-java( 2927): at java.lang.Thread.run(Thread.java:920)
04-04 04:47:55.861 I/hpplay-java( 2927): NanoHTTPDNanoHTTPD:server is stoped
04-04 04:47:55.861 I/hpplay-java( 2927): NanoHTTPDNanoHTTPD:clear obj
04-04 04:47:55.861 I/hpplay-java( 2927): [AsyncTask #87]:GlideCreator:clearCache clearDiskCache
04-04 04:47:55.861 I/hpplay-java( 2927): [main]:IPManager:getActiveNets type: WIFI
04-04 04:47:55.861 I/hpplay-java( 2927): [main]:IPManager:getActiveNets eth0:false wifi:true mobile:false ap:false
04-04 04:47:55.861 I/hpplay-java( 2927): [main]:IPManager:getIPAddress IP_WLAN0
04-04 04:47:55.863 D/resolv ( 685): GetAddrInfoHandler::run: {100 262244 100 983140 10089 0}
04-04 04:47:55.863 D/resolv ( 685): resolv_getaddrinfo: explore_fqdn(): ai_family=0 ai_socktype=1 ai_protocol=6
04-04 04:47:55.865 D/resolv ( 685): doQuery: (1, 1)
04-04 04:47:55.865 D/resolv ( 685): res_nmkquery: (QUERY, IN, A)
04-04 04:47:55.865 D/resolv ( 685): res_nsend
04-04 04:47:55.865 I/resolv ( 685): resolv_cache_lookup: lookup
04-04 04:47:55.865 I/resolv ( 685): resolv_cache_lookup: FOUND IN CACHE entry=0xb4000072e7e5ca80
04-04 04:47:55.865 D/resolv ( 685): doQuery: rcode=0, ancount=1
04-04 04:47:55.866 I/ResolverController( 685): No valid NAT64 prefix (100, /0)
04-04 04:47:55.874 I/hpplay-java( 2927): [main]:IPManager:updateIPAddress getIPAddress: 192.168.4.16 name:vlan4
04-04 04:47:55.874 I/hpplay-java( 2927): [main]:IPManager:updateIPAddress getIPAddress: 10.3.110.159 name:wlan0
04-04 04:47:55.874 I/hpplay-java( 2927): [main]:IPManager:updateIPAddress getIPAddress: 192.168.8.16 name:vlan8
04-04 04:47:55.875 I/hpplay-java( 2927): [main]:IPManager:updateIPAddress getIPAddress: 192.168.11.16 name:vlan11
04-04 04:47:55.875 I/hpplay-java( 2927): [main]:IPManager:updateIPAddress getIPAddress: 192.168.0.16 name:vlan0
04-04 04:47:55.875 I/hpplay-java( 2927): [main]:IPManager:updateIPAddress getIPAddress: 192.168.2.16 name:vlan2
04-04 04:47:55.875 I/hpplay-java( 2927): [main]:IPManager:updateIPAddress getIPAddress: 192.168.1.16 name:vlan1
04-04 04:47:55.876 I/hpplay-java( 2927): [main]:ServerTaskManager:exeTask startServer
04-04 04:47:55.876 I/hpplay-java( 2927): [main]:ServerTaskManager:startTimeOutCheck
04-04 04:47:55.876 I/hpplay-java( 2927): [AsyncTask #100]:ServerBusiness:startDaemonBusiness
04-04 04:47:55.876 I/hpplay-java( 2927): [AsyncTask #85]:Bridge:assembleInParameters
04-04 04:47:55.876 I/hpplay-java( 2927): [AsyncTask #100]:TimeOutCheckUtil:addTask id:upgrade
04-04 04:47:55.876 I/hpplay-java( 2927): [AsyncTask #100]:TimeOutCheckUtil:addTask id:ijkupgrade
04-04 04:47:55.877 I/hpplay-java( 2927): [AsyncTask #85]:Bridge:createDeviceId deviceId:Nzg6MDA6NTk6NDA6MGQ6ZDM=
04-04 04:47:55.878 I/hpplay-java( 2927): [AsyncTask #85]:IPManager:getActiveNets type: WIFI
04-04 04:47:55.879 I/hpplay-java( 2927): [AsyncTask #85]:IPManager:getActiveNets eth0:false wifi:true mobile:false ap:false
04-04 04:47:55.879 I/hpplay-java( 2927): [AsyncTask #85]:IPManager:getIPAddress IP_WLAN0
04-04 04:47:55.879 I/hpplay-java( 2927): [AsyncTask #85]:Preference:checkFeature none
04-04 04:47:55.879 I/hpplay-java( 2927): [AsyncTask #85]:SWI:dlna tip
04-04 04:47:55.879 I/hpplay-java( 2927): [AsyncTask #85]:SWI:lefp tip
04-04 04:47:55.879 I/hpplay-java( 2927): [AsyncTask #85]:Bridge:assembleInParameters none alias name use device name: 高合娱乐副屏
04-04 04:47:55.879 I/hpplay-java( 2927): NanoHTTPDNanoHTTPD:server is started
04-04 04:47:55.880 I/hpplay-java( 2927): [AsyncTask #85]:Feature:isSendAdvertisement
04-04 04:47:55.880 I/hpplay-java( 2927): [AsyncTask #85]:Preference:checkFeature none
04-04 04:47:55.880 I/hpplay-java( 2927): [AsyncTask #85]:Preference:checkFeature none
04-04 04:47:55.880 I/hpplay-java( 2927): [AsyncTask #85]:Bridge:backupHpplayDat bakPath:
04-04 04:47:55.880 I/hpplay-java( 2927): [AsyncTask #85]:Bridge:path:/data/user/0/com.hht.lebocast/files/hpplay/file/happyplay.dat
04-04 04:47:55.880 I/hpplay-java( 2927): [AsyncTask #85]:Bridge:mAppId:21409
04-04 04:47:55.881 I/hpplay-java( 2927): [AsyncTask #85]:Bridge:mode:3
04-04 04:47:55.881 I/hpplay-java( 2927): [AsyncTask #85]:Bridge:type:1
04-04 04:47:55.881 I/hpplay-java( 2927): [AsyncTask #85]:Bridge:SN:
04-04 04:47:55.881 I/hpplay-java( 2927): [AsyncTask #85]:Preference:checkFeature none
04-04 04:47:55.881 I/hpplay-java( 2927): [AsyncTask #85]:Bridge:backPath:
04-04 04:47:55.881 I/hpplay-java( 2927): [AsyncTask #85]:DeviceUtil:getPermissionDid: 1
04-04 04:47:55.881 I/hpplay-java( 2927): [AsyncTask #85]:DeviceUtil:getPermissionDid: 1
04-04 04:47:55.881 I/hpplay-java( 2927): [AsyncTask #85]:Preference:checkFeature none
04-04 04:47:55.881 I/hpplay-java( 2927): [AsyncTask #85]:Preference:checkFeature none
04-04 04:47:55.881 I/hpplay-java( 2927): [AsyncTask #85]:Preference:checkFeature none
04-04 04:47:55.882 I/hpplay-java( 2927): [AsyncTask #85]:Preference:checkFeature none
04-04 04:47:55.882 I/hpplay-java( 2927): [AsyncTask #85]:Preference:checkFeature none
04-04 04:47:55.888 W/hpplay-java( 2927): [AsyncTask #100]:ServerBusiness:startDaemonBusiness start LelinkHTTPD sucess 52288
04-04 04:47:55.890 I/hpplay-java( 2927): [main]:ServerBusiness:get deviceCode:2457154028
04-04 04:47:55.915 W/hpplay-java( 2927): [AsyncTask #85]:DeviceUtils:getDomain create lb domain
04-04 04:47:55.921 I/hpplay-java( 2927): [AsyncTask #85]:Feature:getMirrorAudioVideoSync DISABLE
04-04 04:47:55.922 I/hpplay-java( 2927): [AsyncTask #85]:Feature:checkSupportRedirectOtherApp,no set redirect api
04-04 04:47:55.922 I/hpplay-java( 2927): [AsyncTask #85]:Feature:getRedirectSearchFlag,value: 0
04-04 04:47:55.924 I/hpplay-java( 2927): [AsyncTask #85]:Bridge:mIn: InParameters{appInfo='0', appKey='21409', authMode=0, authPwd='null', broadcastDirection=0, broadcastState=1, broadcastTimeout=3, buildType='release', cacheAVPath='/data/user/0/com.hht.lebocast/cache/hpplay/av', cachePhotoPath='/data/user/0/com.hht.lebocast/cache/hpplay/image', channel='LEBO-APK--60146-25915', desPath='', , deviceName='高合娱乐副屏', dlna=1, dlnaCompany='Microsoft Corporation', dlnaCompanyURL='http://www.microsoft.com', dlnaDeviceDescribe='Media Renderer', dlnaDeviceName='Windows Media Player', dlnaDeviceURL='http://go.microsoft.com/fwlink/Linkld=105927', dlnaLelinkSwitch=1, dlnaManufacturer=0, dlnaName='高合娱乐副屏', dlnaUPC='', dlnaUUID='fd17a3b6-3524-090f-053e-af2ce7fe6986', domain='Lebo-figure-a6087e369fa3', drainage=0, feature='6655', fps=60, height=1080, host='null', , keyPath='/data/user/0/com.hht.lebocast/files/hpplay/file', lelinkfp=1, lelinkfp2=0, logBaseState=1, logPath='/storage/emulated/0/com.hht.lebocast/sink/sdk/common', , mdnsEnable=1, mirrorSyncType=0, netCastVer='2.0', packageName='com.hht.lebocast', packagePath='/data/user/0/com.hht.lebocast', permissionDid='a6:08:7e:36:9f:a3', permissionMode=3, permissionPreSN='', port=0, preemptMode=0, regType='_leboremote._tcp.', serverPorts=null, sockWaitTimeOut=45, teleControlPort=53388, tunnels=3, txtKeys=null, txtValues=null, uid='10000072516705', videoFrameType=1001, width=1920}com.hpplay.sdk.sink.protocol.InParameters@9908cde
04-04 04:47:55.924 I/hpplay-java( 2927): [main]:Bridge:startServer state: 0
04-04 04:47:55.924 D/hpplay-base( 2927): [jniBridge:185] not conference version
04-04 04:47:55.924 I/hpplay-base( 2927): [jniBridge:241] 1initServer nSettingWidth=1920 nSettingHeight=1080 nSettingMaxFPS=60 dlnaEnable=1 lelinkFpEnable=1
04-04 04:47:55.925 D/hpplay-base( 2927): [jniBridge:283] 1initServer cfg.leLinkIp=10.3.110.159
04-04 04:47:55.925 D/hpplay-base( 2927): [jniBridge:286] 1initServer cfg.mPermissionMode=3
04-04 04:47:55.925 D/hpplay-base( 2927): [jniBridge:304] 1initServer cfg.permissionDid=a6:08:7e:36:9f:a3000000000000000
04-04 04:47:55.925 D/hpplay-base( 2927): [jniBridge:313] 1initServer cfg.mPermissionPreSN=00000000000000000000000000000000
04-04 04:47:55.925 D/hpplay-base( 2927): [jniBridge:317] Bridge___1initServer status:0
04-04 04:47:55.925 I/hpplay-base( 2927): [jniBridge:325] 1initServer cfg.feature=6655
04-04 04:47:55.925 D/hpplay-base( 2927): [jniBridge:377] 1initServer isSendBroadCast=3
04-04 04:47:55.925 D/hpplay-base( 2927): [jniBridge:380] 1initServer broadcastDirection=0
04-04 04:47:55.925 D/hpplay-base( 2927): [jniBridge:382] 1initServer ipBroadcast direction=0
04-04 04:47:55.926 D/hpplay-base( 2927): [jniBridge:387] 1initServer tunnel=3
04-04 04:47:55.926 D/hpplay-base( 2927): [jniBridge:390] 1initServer drainage=0
04-04 04:47:55.926 D/hpplay-base( 2927): [jniBridge:401] 1initServer mDNSEnable=1
04-04 04:47:55.926 D/hpplay-base( 2927): [jniBridge:406] 1initServer nSockWaitTimeOut=45
04-04 04:47:55.927 D/hpplay-base( 2927): [jniBridge:410] 1initServer nMirrorAudioVideoSync=0
04-04 04:47:55.927 I/hpplay-base( 2927): [sign_check:168] checkSign strPackageName:com.hht.lebocast
04-04 04:47:55.927 I/hpplay-base( 2927): [sign_check:169] checkSign buildType:release
04-04 04:47:55.927 I/hpplay-base( 2927): [sign_check:170] checkSign appKey:21409
04-04 04:47:55.928 D/hpplay-base( 2927): [LelinkBase:405] bridgeInit port: 0, lelinkfp: 0
04-04 04:47:55.928 D/hpplay-base( 2927): [LelinkBase:462] bridgeInit mPackagePath =/data/user/0/com.hht.lebocast
04-04 04:47:55.928 D/hpplay-base( 2927): [LelinkBase:463] bridgeInit mKeyPath =/data/user/0/com.hht.lebocast/files/hpplay/file
04-04 04:47:55.928 D/hpplay-base( 2927): [SinkContext:97] initSinkContext mPackagePath =/data/user/0/com.hht.lebocast
04-04 04:47:55.928 D/hpplay-base( 2927): [SinkContext:98] initSinkContext mKeyPath =/data/user/0/com.hht.lebocast/files/hpplay/file
04-04 04:47:55.928 D/hpplay-base( 2927): [jniBridge:478] Java_com_hpplay_sdk_sink_protocol_Bridge__1initServer end
04-04 04:47:55.928 D/hpplay-base( 2927): [jniBridge:869] Bridge__1startServer status:1
04-04 04:47:55.931 D/hpplay-base( 2927): [LelinkBase:492] startAllServer at base
04-04 04:47:55.932 D/hpplay-base( 2927): [lelinkSinkServer:152] httpPlugins_SetServerPort TYPE_SERVER_LELINK:52266
04-04 04:47:55.932 D/hpplay-base( 2927): [network.c:362] protocol bind host :10.3.110.159 port:52266 curent bind port:52266
04-04 04:47:55.932 D/hpplay-base( 2927): [lelinkSinkServer:681] HTTP Server real at:52266
04-04 04:47:55.933 D/hpplay-base( 2927): [lelinkSinkServer:644] Connected Service Type:0
04-04 04:47:55.933 I/hpplay-base( 2927): : (server.c.315) startServer listen_ing....:
04-04 04:47:55.934 D/hpplay-base( 2927): [Server:371] startHttpServer srv_sockets.used:1 nCurrentFd:126, tid is 6845
04-04 04:47:55.935 D/hpplay-base( 2927): [ScreenStream:1285] current bind port:7100
04-04 04:47:55.936 D/hpplay-base( 2927): [LelinkBase:515] startAllServer pBaseContext->config.dlnaEnable:1
04-04 04:47:55.936 D/hpplay-base( 2927): [lelinkDlna:324] addDMRCallback end
04-04 04:47:55.938 D/hpplay-base( 2927): [stream_mirror_compat:759] compat mirror stream begin to run,server fd:128,thread_id:3175793088!!
04-04 04:47:55.943 E/hpplay-base-dlna( 2927): miniserver.c:788::dlna_port(ipv4: 49152 ipv6:0)
04-04 04:47:55.999 D/hpplay-base-dlna( 2927): [lebodlna-dlnaframe:166] succeed to load lebodlnaplugin
04-04 04:47:55.999 D/hpplay-base-dlna( 2927): [lebodlna-dlnaframe:232] Succeed to load specified plugin:lebodlna_plugin
04-04 04:47:55.999 D/hpplay-base( 2927): [lelinkDlna:328] startDLNAServer ret=0
04-04 04:47:56.000 D/hpplay-base( 2927): [LelinkBase:531] startDLNAServer ret= 0
04-04 04:47:56.000 D/hpplay-base( 2927): [lelinkDlna:342] setDMRFriendlyName 高合娱乐副屏
04-04 04:47:56.000 D/hpplay-base-dlna( 2927): [lebodlna-dlna_android:136] setBroadcastTimeout mBroadcastTimeOut=66 status=3!
04-04 04:47:56.000 D/hpplay-base-dlna( 2927): [lebodlna_api:32] start DMR
04-04 04:47:56.000 D/hpplay-base-dlna( 2927): [UpnpDefine:434] RegisterDMRender invalid lelink info
04-04 04:47:56.000 D/hpplay-base-dlna( 2927): [UpnpDefine:467] DLNA DEFAULT_DESCRIPTION
04-04 04:47:56.001 E/hpplay-base-dlna( 2927): upnpapi.c:1078::Exiting RegisterRootDevice2 *Hnd =1, return value == 0
04-04 04:47:56.001 D/hpplay-base-dlna( 2927): [CUpnpDevice:41] Register Root Device 2:0
04-04 04:47:56.001 D/hpplay-base-dlna( 2927): [UpnpDefine:794] ESDMRender:Register success
04-04 04:47:56.001 D/hpplay-base-dlna( 2927): [lebodlna_api:41] sendBroadcast mBroadcastTimeOut=3
04-04 04:47:56.001 D/hpplay-base-dlna( 2927): [lebodlna_api:44] sendBroadcast timeout=66
04-04 04:47:56.082 I/mpu_uart( 661): [MSG-P:RECV]:No message received in 1000 ms
04-04 04:47:56.087 D/hpplay-base( 2927): [lelinkDlna:361] startDLNADevice dlnaManufacturer:0 ret=0
04-04 04:47:56.088 D/hpplay-base( 2927): [LelinkBase:535] lelinkSetDlnaInfo ret= 0
04-04 04:47:56.088 D/hpplay-base( 2927): [LelinkBase:547] startAllServer pBaseContext->config.mDNSEnable:1
04-04 04:47:56.091 D/hpplay-base( 2927): [base_mdns:509] mdns net.hostname:
04-04 04:47:56.092 D/hpplay-base( 2927): [base_mdns:529] mdns namelabel:-00-80-0F-74-31-00
04-04 04:47:56.092 D/hpplay-base( 2927): [base_mdns:509] mdns net.hostname:
04-04 04:47:56.093 D/hpplay-base( 2927): [base_mdns:529] mdns namelabel:-00-80-0F-74-31-00
04-04 04:47:56.093 D/hpplay-base( 2927): [mdns:813] mdns start bind port:0
04-04 04:47:56.106 D/hpplay-base( 2927): [mdns:813] mdns start bind port:5353
04-04 04:47:56.107 D/hpplay-base( 2927): [mdns:813] mdns start bind port:5353
04-04 04:47:56.108 D/hpplay-base( 2927): [mdns:813] mdns start bind port:5353
04-04 04:47:56.108 D/hpplay-base( 2927): [mdns:813] mdns start bind port:5353
04-04 04:47:56.109 D/hpplay-base( 2927): [mdns:813] mdns start bind port:5353
04-04 04:47:56.109 D/hpplay-base( 2927): [mdns:813] mdns start bind port:5353
04-04 04:47:56.110 D/hpplay-base( 2927): [mdns:813] mdns start bind port:5353
04-04 04:47:56.111 I/hpplay-base( 2927): [mDNSEmbeded:57] embedded_mDNSInit stopmDNSNow:0 status:0
04-04 04:47:56.111 D/hpplay-base( 2927): [mDNSEmbeded:436] startmDNSServer end nRet=0
04-04 04:47:56.111 D/hpplay-base( 2927): [LelinkBase:555] lelink broadcast_on_off:1 log2java_on_off:1
04-04 04:47:56.112 I/hpplay-base( 2927): [mDNSEmbeded:268] start lelink publish server, tid is 6866
04-04 04:47:56.112 D/hpplay-base( 2927): [LelinkMDNS:729] leboAuthorizationCheck strUuid=a6:08:7e:36:9f:a3000000000000000
04-04 04:47:56.112 D/hpplay-base( 2927): [LelinkMDNS:730] leboAuthorizationCheck mPermissionDid=a6:08:7e:36:9f:a3000000000000000
04-04 04:47:56.112 D/hpplay-base( 2927): [LelinkMDNS:755] leboAuthorizationCheck mPermissionMac=a6:08:7e:36:9f:a3000000000000000
04-04 04:47:56.112 D/hpplay-base( 2927): [mDNSEmbeded:197] http_port bind check 197 http_port_check
04-04 04:47:56.112 D/hpplay-base( 2927): [AEventUtils:595] request to start event handle service!!
04-04 04:47:56.112 D/hpplay-base( 2927): [AEventUtils:603] start_event_handle_service,begin to run!!
04-04 04:47:56.113 D/hpplay-base( 2927): [REventUtils:210] start_event_handle_service,begin to run!!
04-04 04:47:56.113 D/hpplay-base( 2927): [LelinkBase:576] startAllServer success .
04-04 04:47:56.114 D/hpplay-base( 2927): [jniBridge:894] startDlna_link:http://10.3.110.159:49152/description.xml
04-04 04:47:56.114 D/hpplay-base( 2927): [jniBridge:1081] notifyJavaDlnalink:http://10.3.110.159:49152/description.xml
04-04 04:47:56.114 D/hpplay-base( 2927): [jniBridge:1726] notifyJava, what:207, castType:0, mimeType:0 baseStatus:2
04-04 04:47:56.114 D/hpplay-base( 2927): [jniBridge:1727] notifyJava sessionID:(null)
04-04 04:47:56.115 D/hpplay-base( 2927): [REventUtils:59] create handleREventThread thread ok!!,tid is 6869
04-04 04:47:56.115 D/resolv ( 685): GetHostByNameHandler::run: result: Success
04-04 04:47:56.116 D/hpplay-base( 2927): [mDNSEmbeded:217] http_port bind check 217 http_port_check
04-04 04:47:56.116 D/hpplay-base( 2927): [mDNSEmbeded:222] http_port bind check 222 http_port_check
04-04 04:47:56.118 D/hpplay-base( 2927): [AEventUtils:171] create handle AEvent thread ok!!,tid is 6868
04-04 04:47:56.118 I/hpplay-java( 2927): [Thread-107]:Bridge:notify: what: 207
04-04 04:47:56.119 I/hpplay-java( 2927): [Thread-107]:Bridge:notify: out: OutParameters:{audioSessionId=-1, audiotrackIndex=0, castHandleType=-1, castType=0, deviceName='http://10.3.110.159:49152/description.xml', dlnaName='', dramaID='', extra=0, frameHandleType=-1, handleInside=true, headduration=0, header='', headers=null, isAD=false, isMultiMirror=false, lelinkVer='', limitTime=0, , mediaAlbum='null', mediaAlbumArtURI='', mediaArtist='null', mediaAssets='', mediaTitle='null', mimeType=0, multiSession=null, period=0, pinCode='', playSpeed=0.0, playerChoice=0, plugin=0, port=0, position=0.0, positionUnit=2, protocol=0, realSessionID='', regType='', , sinkIp='', sourceAPPVersion='', sourceChannel='', sourceClientInfo='', sourceDeviceInfo='', sourceDeviceModel='', sourceDeviceName='', sourceDeviceType=0, sourceHID='', , sourceInfo='', , , sourceOSVersion='', sourceSDKVersion='', sourceUid='', stopDetail=0, stopReason=0, tailduration=0, url='', urlID='', urls=null, userAgent='', videoDecoder=0, volume=0, what=207}com.hpplay.sdk.sink.protocol.OutParameters@468c69a
04-04 04:47:56.119 I/hpplay-java( 2927): [Thread-107]:Bridge:notify: address:37465035
04-04 04:47:56.123 D/hpplay-base( 2927): [mDNSEmbeded:234] http_port bind check 234 http_port_check port:52266
04-04 04:47:56.123 D/hpplay-base( 2927): [mDNSEmbeded:237] http_port bind check 237 http_port_check
04-04 04:47:56.125 D/hpplay-base( 2927): [lelinkSinkServer:93] new client connection from 127.0.0.1 51916, fd=162
04-04 04:47:56.125 D/hpplay-base( 2927): [SinkContext:137] addSinkContextSession,begin to run!!
04-04 04:47:56.125 D/hpplay-base( 2927): [SinkContext:142] addSinkContextSession,begin to get lock!!
04-04 04:47:56.125 D/hpplay-base( 2927): [SinkContext:144] addSinkContextSession,get lock ok!!
04-04 04:47:56.125 D/hpplay-base( 2927): [SinkContext:149] addSinkContextSession,session list is null,begin to malloc!!
04-04 04:47:56.125 D/hpplay-base( 2927): [SinkContext:156] addSinkContextSession,begin to update!!
04-04 04:47:56.125 D/hpplay-base( 2927): [SinkContext:160] addSinkContextSession,begin to update header!!
04-04 04:47:56.125 D/hpplay-base( 2927): [SinkContext:172] addSinkContextSession,begin to unlock!!
04-04 04:47:56.125 D/hpplay-base( 2927): [SinkContext:174] addSinkContextSession,unlock ok!!
04-04 04:47:56.125 D/hpplay-base( 2927): [LelinkReceiver:4908] get ping !!!
04-04 04:47:56.126 D/hpplay-base( 2927): [mDNSEmbeded:240] http_port bind check 240 http_port_check recieved:64
04-04 04:47:56.126 D/hpplay-base( 2927): [mDNSEmbeded:243] http_port bind check 243 http_port_check
04-04 04:47:56.126 D/hpplay-base( 2927): [mDNSEmbeded:244] http_port bind check ok!
04-04 04:47:56.119 W/swapper/2( 0): type=1400 audit(0.0:757): avc: denied { kill } for capability=5 scontext=u:r:kernel:s0 tcontext=u:r:kernel:s0 tclass=capability permissive=0
04-04 04:47:56.138 I/hpplay-java( 2927): [AsyncTask #97]:HttpRequest:doGet responseCode:200 0
04-04 04:47:56.119 W/om.hht.lebocast( 2927): type=1400 audit(0.0:758): avc: granted { read } for name="arp" dev="proc" ino=4026532256 scontext=u:r:platform_app:s0:c512,c768 tcontext=u:object_r:proc_net:s0 tclass=file app=com.hht.lebocast
04-04 04:47:56.119 W/om.hht.lebocast( 2927): type=1400 audit(0.0:759): avc: granted { read open } for path="/proc/2927/net/arp" dev="proc" ino=4026532256 scontext=u:r:platform_app:s0:c512,c768 tcontext=u:object_r:proc_net:s0 tclass=file app=com.hht.lebocast
04-04 04:47:56.119 W/om.hht.lebocast( 2927): type=1400 audit(0.0:760): avc: granted { getattr } for path="/proc/2927/net/arp" dev="proc" ino=4026532256 scontext=u:r:platform_app:s0:c512,c768 tcontext=u:object_r:proc_net:s0 tclass=file app=com.hht.lebocast
04-04 04:47:56.328 I/hpplay-base( 2927): [LelinkReceiver:14605] _connectionFinalize (162)
04-04 04:47:56.329 D/hpplay-base( 2927): [LelinkReceiver:14752] ###connectionFinalize,release ok!!###
04-04 04:47:56.457 I/mpu_uart( 661): [MSG-P:R]:recv sync frame timeout
04-04 04:47:56.476 I/PowerManagerService( 1145): Napping display group (groupId=0, uid=1000)...
04-04 04:47:56.476 I/PowerManagerService( 1145): Nap time (uid 1000)...
04-04 04:47:56.481 I/DreamManagerService( 1145): Entering dreamland.
04-04 04:47:56.488 I/PowerManagerService( 1145): Dreaming...
04-04 04:47:56.498 I/DreamController( 1145): Starting dream: name=ComponentInfo{com.thundercomm.screensaver/com.thundercomm.screensaver.service.SystemDream}, isTest=false, canDoze=false, userId=0
04-04 04:47:56.505 D/CompatibilityChangeReporter( 1145): Compat change id reported: 168419799; UID 10045; state: DISABLED
04-04 04:47:56.505 D/CompatibilityInfo( 1145): mCompatibilityFlags - 4
04-04 04:47:56.505 V/ShadeControllerImpl( 1986): NotificationShadeWindow: com.android.systemui.statusbar.phone.NotificationShadeWindowView{dddb586 I.E...... ......ID 0,0-2380,1020} canPanelBeCollapsed(): false
04-04 04:47:56.505 D/CompatibilityInfo( 1145): applicationDensity - 240
04-04 04:47:56.505 D/CompatibilityInfo( 1145): applicationScale - 1.0
04-04 04:47:56.508 D/AutofillManagerService( 1145): Close system dialogs
04-04 04:47:56.517 I/EventSequenceValidator( 1145): inc AccIntentStartedEvents to 2
04-04 04:47:56.518 I/ActivityTaskManager( 1145): START u0 {flg=0x10000000 pkg=com.thundercomm.screensaver cmp=com.thundercomm.screensaver/android.service.dreams.DreamActivity (has extras)} from uid 10045
04-04 04:47:56.528 W/ActivityTaskManager( 1145): Can't find TaskDisplayArea to determine support for multi window. Task id=30 attached=false
04-04 04:47:56.535 D/CompatibilityInfo( 1145): mCompatibilityFlags - 4
04-04 04:47:56.536 D/CompatibilityInfo( 1145): applicationDensity - 240
04-04 04:47:56.536 D/CompatibilityInfo( 1145): applicationScale - 1.0
04-04 04:47:56.536 D/ActivityTrigger( 1145): ActivityTrigger activityPauseTrigger
04-04 04:47:56.540 I/ActivityTaskManager( 1145): FOREGROUND_APPLICATION_CHANGED to android.service.dreams.DreamActivity
04-04 04:47:56.541 I/ActivityTaskManager( 1145): The Process com.thundercomm.screensaver Already Exists in BG. So sending its PID: 4124
04-04 04:47:56.542 W/ActivityTaskManager( 1145): Tried to set launchTime (0) < mLastActivityLaunchTime (110829)
04-04 04:47:56.542 D/CompatibilityInfo( 1145): mCompatibilityFlags - 4
04-04 04:47:56.543 D/CompatibilityInfo( 1145): applicationDensity - 240
04-04 04:47:56.543 D/CompatibilityInfo( 1145): applicationScale - 1.0
04-04 04:47:56.552 I/BpBinder( 1053): onLastStrongRef automatically unlinking death recipients:
04-04 04:47:56.553 I/GameMode_ActivityMonitoringService( 2118): onActivityLaunch: com.thundercomm.screensaver, isGameApp: false
04-04 04:47:56.553 V/GameMode_GpuUtils( 2118): fps:60
04-04 04:47:56.557 W/WindowManager( 1145): Failed looking up window session=Session{8f1e67c 4124:u0a10045} callers=com.android.server.wm.WindowManagerService.windowForClientLocked:5628 com.android.server.wm.Session.insetsModified:629 android.view.IWindowSession$Stub.onTransact:1151
04-04 04:47:56.558 D/GameModeIF_GameModeSettings( 2118): getUriFor setting_content_uri_root = content://com.thundercomm.gamemode.api/gamemode_settings , name = gamemode_enable
04-04 04:47:56.559 D/KeyguardViewMediator( 1986): setOccluded true
04-04 04:47:56.560 V/KeyguardUpdateMonitor( 1986): startListeningForFingerprint()
04-04 04:47:56.561 E/MCUUtil ( 2670): saveLastActivity activityName=android.service.dreams.DreamActivity packageName=com.thundercomm.screensaver
04-04 04:47:56.561 D/KeyguardViewMediator( 1986): adjustStatusBarLocked: mShowing=false mOccluded=true isSecure=false force=false --> flags=0x0
04-04 04:47:56.577 I/BpBinder( 1053): onLastStrongRef automatically unlinking death recipients:
04-04 04:47:56.588 D/ConnectivityService( 1145): requestNetwork for uid/pid:10045/4124 activeRequest: null callbackRequest: 87 [NetworkRequest [ REQUEST id=88, [ Capabilities: INTERNET&NOT_RESTRICTED&TRUSTED&NOT_VCN_MANAGED Uid: 10045 RequestorUid: 10045 RequestorPkg: com.thundercomm.screensaver] ]] callback flags: 0 priority: 2147483647
04-04 04:47:56.588 D/ConnectivityService( 1145): NetReassign [88 : null → 100]
04-04 04:47:56.589 D/WifiNetworkFactory( 1145): got request NetworkRequest [ REQUEST id=88, [ Capabilities: INTERNET&NOT_RESTRICTED&TRUSTED&NOT_VCN_MANAGED Uid: 10045 RequestorUid: 10045 RequestorPkg: com.thundercomm.screensaver] ]
04-04 04:47:56.590 D/UntrustedWifiNetworkFactory( 1145): got request NetworkRequest [ REQUEST id=88, [ Capabilities: INTERNET&NOT_RESTRICTED&TRUSTED&NOT_VCN_MANAGED Uid: 10045 RequestorUid: 10045 RequestorPkg: com.thundercomm.screensaver] ]
04-04 04:47:56.590 D/OemPaidWifiNetworkFactory( 1145): got request NetworkRequest [ REQUEST id=88, [ Capabilities: INTERNET&NOT_RESTRICTED&TRUSTED&NOT_VCN_MANAGED Uid: 10045 RequestorUid: 10045 RequestorPkg: com.thundercomm.screensaver] ]
04-04 04:47:56.590 D/Ethernet( 1145): got request NetworkRequest [ REQUEST id=88, [ Capabilities: INTERNET&NOT_RESTRICTED&TRUSTED&NOT_VCN_MANAGED Uid: 10045 RequestorUid: 10045 RequestorPkg: com.thundercomm.screensaver] ]
04-04 04:47:56.590 D/EthernetNetworkFactory( 1145): acceptRequest, request: NetworkRequest [ REQUEST id=88, [ Capabilities: INTERNET&NOT_RESTRICTED&TRUSTED&NOT_VCN_MANAGED Uid: 10045 RequestorUid: 10045 RequestorPkg: com.thundercomm.screensaver] ]
04-04 04:47:56.590 I/EthernetNetworkFactory( 1145): networkForRequest, request: NetworkRequest [ REQUEST id=88, [ Capabilities: INTERNET&NOT_RESTRICTED&TRUSTED&NOT_VCN_MANAGED Uid: 10045 RequestorUid: 10045 RequestorPkg: com.thundercomm.screensaver] ], network: NetworkInterfaceState{ refCount: 11, iface: eth0, up: true, hwAddress: 00:80:0f:74:31:00, networkCapabilities: [ Transports: ETHERNET Capabilities: NOT_METERED&INTERNET&NOT_RESTRICTED&TRUSTED&NOT_VPN&NOT_ROAMING&NOT_CONGESTED&NOT_SUSPENDED&NOT_VCN_MANAGED LinkUpBandwidth>=100000Kbps LinkDnBandwidth>=100000Kbps], networkAgent: null, score: 70, ipClient: android.net.ip.IIpClient$Stub$Proxy@3b778c7,linkProperties: {InterfaceName: eth0 LinkAddresses: [ fe80::a8e5:8fae:a1aa:aa87/64 ] DnsAddresses: [ ] Domains: null MTU: 0 TcpBufferSizes: 524288,1048576,3145728,524288,1048576,2097152 Routes: [ fe80::/64 -> :: eth0 mtu 0 ]}}
04-04 04:47:56.590 I/EthernetNetworkFactory( 1145): networkForRequest, request: NetworkRequest [ REQUEST id=88, [ Capabilities: INTERNET&NOT_RESTRICTED&TRUSTED&NOT_VCN_MANAGED Uid: 10045 RequestorUid: 10045 RequestorPkg: com.thundercomm.screensaver] ], network: NetworkInterfaceState{ refCount: 11, iface: eth0, up: true, hwAddress: 00:80:0f:74:31:00, networkCapabilities: [ Transports: ETHERNET Capabilities: NOT_METERED&INTERNET&NOT_RESTRICTED&TRUSTED&NOT_VPN&NOT_ROAMING&NOT_CONGESTED&NOT_SUSPENDED&NOT_VCN_MANAGED LinkUpBandwidth>=100000Kbps LinkDnBandwidth>=100000Kbps], networkAgent: null, score: 70, ipClient: android.net.ip.IIpClient$Stub$Proxy@3b778c7,linkProperties: {InterfaceName: eth0 LinkAddresses: [ fe80::a8e5:8fae:a1aa:aa87/64 ] DnsAddresses: [ ] Domains: null MTU: 0 TcpBufferSizes: 524288,1048576,3145728,524288,1048576,2097152 Routes: [ fe80::/64 -> :: eth0 mtu 0 ]}}
04-04 04:47:56.592 D/StatusBar( 1986): disable disable2
04-04 04:47:56.595 V/DisplayPowerController[0]( 1145): Brightness [1.0] reason changing to: 'manual', previous reason: 'manual [ dim ]'.
04-04 04:47:56.600 D/hpplay-base( 2927): [LelinkMDNS:766] devicePermissionPublic leboPermissionCheck:-2
04-04 04:47:56.600 D/hpplay-base( 2927): [jniBridge:1125] com_hpplay_sdk_sink_protocol_Bridge_WHAT_SERVER_ERROR
04-04 04:47:56.600 D/hpplay-base( 2927): [jniBridge:1726] notifyJava, what:204, castType:0, mimeType:0 baseStatus:2
04-04 04:47:56.600 D/hpplay-base( 2927): [jniBridge:1727] notifyJava sessionID:(null)
04-04 04:47:56.601 I/EventSequenceValidator( 1145): dec AccIntentStartedEvents to 1
04-04 04:47:56.602 I/hpplay-java( 2927): [Thread-108]:Bridge:notify: what: 204
04-04 04:47:56.602 E/DisplayDeviceConfig( 1145): requesting nits when no mapping exists.
04-04 04:47:56.602 E/DisplayDeviceConfig( 1145): requesting nits when no mapping exists.
04-04 04:47:56.602 I/hpplay-java( 2927): [Thread-108]:Bridge:notify: out: OutParameters:{audioSessionId=-1, audiotrackIndex=0, castHandleType=-1, castType=0, deviceName='', dlnaName='', dramaID='', extra=-2002, frameHandleType=-1, handleInside=true, headduration=0, header='', headers=null, isAD=false, isMultiMirror=false, lelinkVer='', limitTime=0, , mediaAlbum='null', mediaAlbumArtURI='', mediaArtist='null', mediaAssets='', mediaTitle='null', mimeType=0, multiSession=null, period=0, pinCode='', playSpeed=0.0, playerChoice=0, plugin=0, port=0, position=0.0, positionUnit=2, protocol=0, realSessionID='', regType='', , sinkIp='', sourceAPPVersion='', sourceChannel='', sourceClientInfo='', sourceDeviceInfo='', sourceDeviceModel='', sourceDeviceName='', sourceDeviceType=0, sourceHID='', , sourceInfo='', , , sourceOSVersion='', sourceSDKVersion='', sourceUid='', stopDetail=0, stopReason=0, tailduration=0, url='', urlID='', urls=null, userAgent='', videoDecoder=0, volume=0, what=204}com.hpplay.sdk.sink.protocol.OutParameters@bc22fa8
04-04 04:47:56.602 I/hpplay-java( 2927): [Thread-108]:Bridge:notify: address:2337473
04-04 04:47:56.603 I/hpplay-base( 2927): [mDNSEmbeded:79] embedded_mDNSLoop stopmDNSNow:0 nPublish:-2 nExitFlag:6 tid is 6865
04-04 04:47:56.603 I/hpplay-java( 2927): [main]:Bridge:findServiceID start out: 2337473
04-04 04:47:56.604 I/hpplay-java( 2927): [main]:Bridge:findServiceID end
04-04 04:47:56.604 E/hpplay-java( 2927): [main]:ServerTaskManager:onError 204/-2002 com.hht.lebocast.LelinkHelper$e@ff08e4b
04-04 04:47:56.604 I/hpplay-java( 2927): [main]:ServerTaskManager:cancelTimeOutCheck
04-04 04:47:56.604 W/hpplay-java( 2927): [main]:ServerTaskManager:onErrorDispatcher errorCode:-2002
04-04 04:47:56.604 I/hpplay-java( 2927): [main]:ServerTaskManager:onError retry later
04-04 04:47:56.604 I/ActivityTaskManager( 1145): Displayed com.thundercomm.screensaver/android.service.dreams.DreamActivity: +74ms
04-04 04:47:56.606 W/ActivityTaskManager( 1145): Request to remove task ignored for non-existent task 29
04-04 04:47:56.619 E/DisplayDeviceConfig( 1145): requesting nits when no mapping exists.
04-04 04:47:56.619 E/DisplayDeviceConfig( 1145): requesting nits when no mapping exists.
04-04 04:47:56.636 E/DisplayDeviceConfig( 1145): requesting nits when no mapping exists.
04-04 04:47:56.636 E/DisplayDeviceConfig( 1145): requesting nits when no mapping exists.
04-04 04:47:56.645 W/FreeFormWindowHelper( 1145): Current Display FreeFormTask is null
04-04 04:47:56.652 E/DisplayDeviceConfig( 1145): requesting nits when no mapping exists.
04-04 04:47:56.652 E/DisplayDeviceConfig( 1145): requesting nits when no mapping exists.
04-04 04:47:56.670 E/DisplayDeviceConfig( 1145): requesting nits when no mapping exists.
04-04 04:47:56.670 E/DisplayDeviceConfig( 1145): requesting nits when no mapping exists.
04-04 04:47:56.685 E/DisplayDeviceConfig( 1145): requesting nits when no mapping exists.
04-04 04:47:56.685 E/DisplayDeviceConfig( 1145): requesting nits when no mapping exists.
04-04 04:47:56.702 E/DisplayDeviceConfig( 1145): requesting nits when no mapping exists.
04-04 04:47:56.702 E/DisplayDeviceConfig( 1145): requesting nits when no mapping exists.
04-04 04:47:56.720 E/DisplayDeviceConfig( 1145): requesting nits when no mapping exists.
04-04 04:47:56.720 E/DisplayDeviceConfig( 1145): requesting nits when no mapping exists.
04-04 04:47:56.735 E/DisplayDeviceConfig( 1145): requesting nits when no mapping exists.
04-04 04:47:56.736 E/DisplayDeviceConfig( 1145): requesting nits when no mapping exists.
04-04 04:47:56.752 E/DisplayDeviceConfig( 1145): requesting nits when no mapping exists.
04-04 04:47:56.752 E/DisplayDeviceConfig( 1145): requesting nits when no mapping exists.
04-04 04:47:56.769 E/DisplayDeviceConfig( 1145): requesting nits when no mapping exists.
04-04 04:47:56.769 E/DisplayDeviceConfig( 1145): requesting nits when no mapping exists.
04-04 04:47:56.785 E/DisplayDeviceConfig( 1145): requesting nits when no mapping exists.
04-04 04:47:56.786 E/DisplayDeviceConfig( 1145): requesting nits when no mapping exists.
04-04 04:47:56.802 E/DisplayDeviceConfig( 1145): requesting nits when no mapping exists.
04-04 04:47:56.802 E/DisplayDeviceConfig( 1145): requesting nits when no mapping exists.
04-04 04:47:56.819 E/DisplayDeviceConfig( 1145): requesting nits when no mapping exists.
04-04 04:47:56.819 E/DisplayDeviceConfig( 1145): requesting nits when no mapping exists.
04-04 04:47:56.836 E/DisplayDeviceConfig( 1145): requesting nits when no mapping exists.
04-04 04:47:56.836 E/DisplayDeviceConfig( 1145): requesting nits when no mapping exists.
04-04 04:47:56.852 E/DisplayDeviceConfig( 1145): requesting nits when no mapping exists.
04-04 04:47:56.852 E/DisplayDeviceConfig( 1145): requesting nits when no mapping exists.
04-04 04:47:56.869 E/DisplayDeviceConfig( 1145): requesting nits when no mapping exists.
04-04 04:47:56.869 E/DisplayDeviceConfig( 1145): requesting nits when no mapping exists.
04-04 04:47:56.887 E/DisplayDeviceConfig( 1145): requesting nits when no mapping exists.
04-04 04:47:56.888 E/DisplayDeviceConfig( 1145): requesting nits when no mapping exists.
04-04 04:47:56.902 E/DisplayDeviceConfig( 1145): requesting nits when no mapping exists.
04-04 04:47:56.902 E/DisplayDeviceConfig( 1145): requesting nits when no mapping exists.
04-04 04:47:56.911 D/StateManager( 2670): goToState: Normal
04-04 04:47:56.919 E/DisplayDeviceConfig( 1145): requesting nits when no mapping exists.
04-04 04:47:56.920 E/DisplayDeviceConfig( 1145): requesting nits when no mapping exists.
04-04 04:47:56.936 E/DisplayDeviceConfig( 1145): requesting nits when no mapping exists.
04-04 04:47:56.936 E/DisplayDeviceConfig( 1145): requesting nits when no mapping exists.
04-04 04:47:56.952 W/Choreographer( 1145): Frame time is 0.155073 ms in the future! Check that graphics HAL is generating vsync timestamps using the correct timebase.
04-04 04:47:56.952 W/Choreographer( 4124): Frame time is 0.038042 ms in the future! Check that graphics HAL is generating vsync timestamps using the correct timebase.
04-04 04:47:56.952 W/Choreographer( 1145): Frame time is 0.123927 ms in the future! Check that graphics HAL is generating vsync timestamps using the correct timebase.
04-04 04:47:56.952 E/DisplayDeviceConfig( 1145): requesting nits when no mapping exists.
04-04 04:47:56.953 E/DisplayDeviceConfig( 1145): requesting nits when no mapping exists.
04-04 04:47:56.969 E/DisplayDeviceConfig( 1145): requesting nits when no mapping exists.
04-04 04:47:56.970 E/DisplayDeviceConfig( 1145): requesting nits when no mapping exists.
04-04 04:47:56.986 E/DisplayDeviceConfig( 1145): requesting nits when no mapping exists.
04-04 04:47:56.986 E/DisplayDeviceConfig( 1145): requesting nits when no mapping exists.
04-04 04:47:57.003 E/DisplayDeviceConfig( 1145): requesting nits when no mapping exists.
