04-04 04:47:12.295 I/hpplay-java( 2927): [Thread-76]:Bridge:notify: address:69571961
04-04 04:47:12.295 I/hpplay-java( 2927): [main]:Bridge:findServiceID start out: 69571961
04-04 04:47:12.295 I/hpplay-java( 2927): [main]:Bridge:findServiceID end
04-04 04:47:12.295 E/hpplay-java( 2927): [main]:ServerTaskManager:onError 204/-2002 com.hht.lebocast.LelinkHelper$e@ff08e4b
04-04 04:47:12.296 I/hpplay-java( 2927): [main]:ServerTaskManager:cancelTimeOutCheck
04-04 04:47:12.296 I/hpplay-base( 2927): [mDNSEmbeded:79] embedded_mDNSLoop stopmDNSNow:0 nPublish:-2 nExitFlag:6 tid is 6565
04-04 04:47:12.296 W/hpplay-java( 2927): [main]:ServerTaskManager:onErrorDispatcher errorCode:-2002
04-04 04:47:12.296 I/hpplay-java( 2927): [main]:ServerTaskManager:onError retry later
04-04 04:47:12.306 V/NotificationMediaManager( 1986): DEBUG_MEDIA: updating album art for notification null metadata=null metaDataChanged=false state=0
04-04 04:47:12.341 D/StatusBar( 1986): disable disable2
04-04 04:47:12.342 W/TouchableRegionManager( 1986): onHeadsUpPinnedModeChanged
04-04 04:47:12.349 V/NotificationMediaManager( 1986): DEBUG_MEDIA: updating album art for notification null metadata=null metaDataChanged=false state=0
04-04 04:47:12.372 D/StatusBar( 1986): disable disable2
04-04 04:47:12.373 I/hpplay-base( 2927): [LelinkReceiver:14605] _connectionFinalize (146)
04-04 04:47:12.373 D/hpplay-base( 2927): [LelinkReceiver:14752] ###connectionFinalize,release ok!!###
04-04 04:47:12.391 I/hpplay-java( 2927): [AsyncTask #93]:HttpRequest:doGet responseCode:200 0
04-04 04:47:12.804 I/adbd ( 2864): UsbFfs: already offline
04-04 04:47:12.805 I/adbd ( 2864): authentication not required
04-04 04:47:13.061 I/mpu_uart( 661): [MSG-P:RECV]:No message received in 1000 ms
04-04 04:47:13.119 W/swapper/2( 0): type=1400 audit(0.0:698): avc: denied { kill } for capability=5 scontext=u:r:kernel:s0 tcontext=u:r:kernel:s0 tclass=capability permissive=0
04-04 04:47:14.062 I/mpu_uart( 661): [MSG-P:RECV]:No message received in 1000 ms
04-04 04:47:14.119 W/swapper/2( 0): type=1400 audit(0.0:699): avc: denied { kill } for capability=5 scontext=u:r:kernel:s0 tcontext=u:r:kernel:s0 tclass=capability permissive=0
04-04 04:47:14.406 I/mpu_uart( 661): [MSG-P:R]:recv sync frame timeout
04-04 04:47:15.063 I/mpu_uart( 661): [MSG-P:RECV]:No message received in 1000 ms
04-04 04:47:15.115 W/swapper/2( 0): type=1400 audit(0.0:700): avc: denied { kill } for capability=5 scontext=u:r:kernel:s0 tcontext=u:r:kernel:s0 tclass=capability permissive=0
04-04 04:47:15.297 I/hpplay-java( 2927): [main]:ServerTaskManager:restart by error
04-04 04:47:15.298 I/hpplay-java( 2927): [main]:ServerTaskManager:startServer
04-04 04:47:15.298 I/hpplay-java( 2927): [main]:ServerTaskManager:startServer add, reason: server is starting or running
04-04 04:47:15.299 I/hpplay-java( 2927): [main]:ServerTaskManager:addStopTask
04-04 04:47:15.299 I/hpplay-java( 2927): [main]:ServerTaskManager:addStartTask
04-04 04:47:15.299 I/hpplay-java( 2927): [main]:ServerTaskManager:exeTask stopServer
04-04 04:47:15.299 I/hpplay-java( 2927): [main]:Bridge:stopServer keepPush: false
04-04 04:47:15.299 D/hpplay-base( 2927): [jniBridge:909] Bridge__1stopServer status:2
04-04 04:47:15.302 D/hpplay-base( 2927): [LelinkBase:654] stopAllServer will start thread!
04-04 04:47:15.304 I/hpplay-base( 2927): [mDNSEmbeded:65] embedded_mDNSExit call
04-04 04:47:15.304 D/hpplay-base( 2927): [REventUtils:197] handleREventThread thread end!!,tid is 6569
04-04 04:47:15.305 D/hpplay-base( 2927): [AEventUtils:588] handle AEvent thread end!!,tid is 6568
04-04 04:47:15.348 D/hpplay-base( 2927): [stream_mirror_compat:1284] mirror stream begin to exit,server fd:118,thread_id:3221541312!!
04-04 04:47:15.349 D/hpplay-base( 2927): [stream_mirror_compat:1323] ##screen stream exit successfully!!##
04-04 04:47:15.377 D/hpplay-base( 2927): [Server:447] startHttpServer will END srv->serverType:0
04-04 04:47:15.378 D/hpplay-base( 2927): [Server:646] startHttpServer cond srv_shutdown:1 connectNummber:0
04-04 04:47:15.378 D/hpplay-base( 2927): [Server:669] startHttpServer wait cond END. srv_shutdown:1 connectNummber:0
04-04 04:47:15.378 D/hpplay-base( 2927): [Server:457] HttpServer END, tid is 6529
04-04 04:47:16.063 I/mpu_uart( 661): [MSG-P:RECV]:No message received in 1000 ms
04-04 04:47:16.119 W/swapper/2( 0): type=1400 audit(0.0:701): avc: denied { kill } for capability=5 scontext=u:r:kernel:s0 tcontext=u:r:kernel:s0 tclass=capability permissive=0
04-04 04:47:16.145 I/hpplay-base( 2927): [mDNSEmbeded:140] embedded_mDNSLoop Exiting end,tid is 6565
04-04 04:47:16.147 D/hpplay-base( 2927): [mDNSEmbeded:452] stopmDNSServer end stopmDNSNow=2, nRet=0
04-04 04:47:16.368 I/hpplay-base( 2927): [mDNSEmbeded:376] end lelink publish server, tid is 6566
04-04 04:47:16.369 D/hpplay-base( 2927): [mDNSEmbeded:420] stopmLelinkServer end nRet=0
04-04 04:47:16.369 D/hpplay-base( 2927): [LelinkBase:615] lebodlna stopServerThreadFunc dlnaEnable:1
04-04 04:47:16.369 D/hpplay-base-dlna( 2927): [lebodlna_api:49] stop DMR
04-04 04:47:16.370 D/hpplay-base-dlna( 2927): [lebodlna_api:344] m_pRender Release
04-04 04:47:16.448 D/hpplay-base-dlna( 2927): [UpnpDefine:867] DMRender release success
04-04 04:47:16.449 D/hpplay-base-dlna( 2927): [lebodlna_api:352] m_pAVT Release
04-04 04:47:16.449 D/hpplay-base-dlna( 2927): [lebodlna_api:360] m_pRCS Release
04-04 04:47:16.449 D/hpplay-base-dlna( 2927): [lebodlna_api:365] dmrender destroydmr
04-04 04:47:16.749 D/hpplay-base-dlna( 2927): [lebodlna-dlna_android:186] stopDLNA
04-04 04:47:16.749 D/hpplay-base-dlna( 2927): [lebodlna-dlna_android:189] dlnaservice destroy
04-04 04:47:16.750 D/hpplay-base-dlna( 2927): [lebodlna-dlna_android:49] dlnaservice Destroy 49 int CDlnaService::Destroy()
04-04 04:47:16.750 D/hpplay-base-dlna( 2927): [lebodlna-dlnaframe:245] dlnaservice Destroy 245 static ERROR_TYPE IDlnaFrame::DestroyDlnaFrame(IDlnaFrame *)
04-04 04:47:16.750 D/hpplay-base-dlna( 2927): [lebodlna-dlnaframe:179] dlnaservice Destroy 179 virtual void CDlnaFrame::Release()
04-04 04:47:16.750 D/hpplay-base-dlna( 2927): [lebodlna-dlnaframe:190] dlnaservice Destroy 190 virtual void CDlnaFrame::Release()
04-04 04:47:16.750 D/hpplay-base-dlna( 2927): [lebodlna-dlnaframe:192] dlnaservice Destroy 192 virtual void CDlnaFrame::Release()
04-04 04:47:16.750 D/hpplay-base-dlna( 2927): [lebodlna-dlnaframe:247] dlnaservice Destroy 247 static ERROR_TYPE IDlnaFrame::DestroyDlnaFrame(IDlnaFrame *)
04-04 04:47:16.750 D/hpplay-base-dlna( 2927): [lebodlna-dlnaframe:251] dlnaservice Destroy 251 static ERROR_TYPE IDlnaFrame::DestroyDlnaFrame(IDlnaFrame *)
04-04 04:47:16.756 E/hpplay-base-dlna( 2927): upnpapi.c:655::before gminiserver ThreadPoolShutdown
04-04 04:47:16.757 E/hpplay-base-dlna( 2927): ThreadPool.c:1047::on ThreadPoolShutdown tp->totalThreads:3
04-04 04:47:16.759 E/hpplay-base-dlna( 2927): ThreadPool.c:1056::after ThreadPoolShutdown
04-04 04:47:16.759 E/hpplay-base-dlna( 2927): ThreadPool.c:1057::ThreadPoolShutdown tp->totalThreads:0
04-04 04:47:16.759 E/hpplay-base-dlna( 2927): upnpapi.c:657::after gminiserver ThreadPoolShutdown
04-04 04:47:16.760 E/hpplay-base-dlna( 2927): upnpapi.c:659::before grecv ThreadPoolShutdown
04-04 04:47:16.761 E/hpplay-base-dlna( 2927): ThreadPool.c:1047::on ThreadPoolShutdown tp->totalThreads:12
04-04 04:47:16.761 E/hpplay-base-dlna( 2927): ThreadPool.c:1047::on ThreadPoolShutdown tp->totalThreads:11
04-04 04:47:16.763 E/hpplay-base-dlna( 2927): ThreadPool.c:1047::on ThreadPoolShutdown tp->totalThreads:2
04-04 04:47:16.764 E/hpplay-base-dlna( 2927): ThreadPool.c:1047::on ThreadPoolShutdown tp->totalThreads:1
04-04 04:47:16.764 E/hpplay-base-dlna( 2927): ThreadPool.c:1056::after ThreadPoolShutdown
04-04 04:47:16.764 E/hpplay-base-dlna( 2927): ThreadPool.c:1057::ThreadPoolShutdown tp->totalThreads:0
04-04 04:47:16.764 E/hpplay-base-dlna( 2927): upnpapi.c:661::after grecv ThreadPoolShutdown
04-04 04:47:16.764 E/hpplay-base-dlna( 2927): upnpapi.c:663::before gsend ThreadPoolShutdown
04-04 04:47:16.765 E/hpplay-base-dlna( 2927): ThreadPool.c:1047::on ThreadPoolShutdown tp->totalThreads:3
04-04 04:47:16.766 E/hpplay-base-dlna( 2927): ThreadPool.c:1056::after ThreadPoolShutdown
04-04 04:47:16.766 E/hpplay-base-dlna( 2927): ThreadPool.c:1057::ThreadPoolShutdown tp->totalThreads:0
04-04 04:47:16.766 E/hpplay-base-dlna( 2927): upnpapi.c:665::after gsend ThreadPoolShutdown
04-04 04:47:16.766 D/hpplay-base-dlna( 2927): [lebodlna-dlnaframe:253] dlnaservice Destroy 253 static ERROR_TYPE IDlnaFrame::DestroyDlnaFrame(IDlnaFrame *)
04-04 04:47:16.766 D/hpplay-base-dlna( 2927): [lebodlna-dlna_android:51] dlnaservice Destroy 51 int CDlnaService::Destroy()
04-04 04:47:16.766 D/hpplay-base-dlna( 2927): [lebodlna-dlna_android:194] stopDLNA end
04-04 04:47:17.064 I/mpu_uart( 661): [MSG-P:RECV]:No message received in 1000 ms
04-04 04:47:17.066 D/hpplay-base( 2927): [stream_mirror_compat:1489] request to stop screen stream session!!
04-04 04:47:17.066 D/hpplay-base( 2927): [AEventUtils:625] begin to stop event handle service!!
04-04 04:47:17.067 D/hpplay-base( 2927): [AEventUtils:628] stop event handle service ok!!
04-04 04:47:17.067 D/hpplay-base( 2927): [REventUtils:231] begin to stop report handle service!!
04-04 04:47:17.067 D/hpplay-base( 2927): [REventUtils:234] stop report handle service ok!!
04-04 04:47:17.067 D/hpplay-base( 2927): [lelinkSinkServer:711] HTTP Server stopSinkServer End .
04-04 04:47:17.067 D/hpplay-base( 2927): [jniBridge:1135] notifyJavaServerStoped
04-04 04:47:17.067 D/hpplay-base( 2927): [jniBridge:1726] notifyJava, what:202, castType:0, mimeType:0 baseStatus:4
04-04 04:47:17.068 D/hpplay-base( 2927): [jniBridge:1727] notifyJava sessionID:(null)
04-04 04:47:17.069 I/hpplay-java( 2927): [Thread-77]:Bridge:notify: what: 202
04-04 04:47:17.070 I/hpplay-java( 2927): [Thread-77]:Bridge:notify: out: OutParameters:{audioSessionId=-1, audiotrackIndex=0, castHandleType=-1, castType=0, deviceName='', dlnaName='', dramaID='', extra=0, frameHandleType=-1, handleInside=true, headduration=0, header='', headers=null, isAD=false, isMultiMirror=false, lelinkVer='', limitTime=0, , mediaAlbum='null', mediaAlbumArtURI='', mediaArtist='null', mediaAssets='', mediaTitle='null', mimeType=0, multiSession=null, period=0, pinCode='', playSpeed=0.0, playerChoice=0, plugin=0, port=0, position=0.0, positionUnit=2, protocol=0, realSessionID='', regType='', , sinkIp='', sourceAPPVersion='', sourceChannel='', sourceClientInfo='', sourceDeviceInfo='', sourceDeviceModel='', sourceDeviceName='', sourceDeviceType=0, sourceHID='', , sourceInfo='', , , sourceOSVersion='', sourceSDKVersion='', sourceUid='', stopDetail=0, stopReason=0, tailduration=0, url='', urlID='', urls=null, userAgent='', videoDecoder=0, volume=0, what=202}com.hpplay.sdk.sink.protocol.OutParameters@bc32f1f
04-04 04:47:17.070 I/hpplay-java( 2927): [Thread-77]:Bridge:notify: address:191935084
04-04 04:47:17.070 D/hpplay-base( 2927): [LelinkBase:645] stopServerThreadFunc notifyJavaServerStoped!
04-04 04:47:17.071 I/hpplay-java( 2927): [main]:ServerTaskManager:startTimeOutCheck
04-04 04:47:17.071 I/hpplay-java( 2927): [main]:ServerBusiness:stopDaemonBusiness
04-04 04:47:17.071 I/hpplay-java( 2927): [main]:SinkDataReport:logout
04-04 04:47:17.072 I/hpplay-java( 2927): [main]:EPControl:release
04-04 04:47:17.078 I/hpplay-java( 2927): [AsyncTask #89]:GlideCreator:clearCache clearDiskCache
04-04 04:47:17.079 I/hpplay-java( 2927): [main]:Dispatcher:notifyAllReverseControlsStop
04-04 04:47:17.080 I/hpplay-java( 2927): [main]:Preference:checkFeature none
04-04 04:47:17.080 I/hpplay-java( 2927): [main]:Dispatcher:notifyAllUIControlsStop set: []
04-04 04:47:17.080 I/hpplay-java( 2927): [main]:Upgrade:upgrade not be allowed
04-04 04:47:17.080 I/hpplay-java( 2927): [main]:Bridge:findServiceID start out: 191935084
04-04 04:47:17.080 I/hpplay-java( 2927): [main]:Bridge:findServiceID end
04-04 04:47:17.080 I/hpplay-java( 2927): [main]:ServerTaskManager:onStop retry:true
04-04 04:47:17.080 I/hpplay-java( 2927): [main]:ServerTaskManager:cancelTimeOutCheck
04-04 04:47:17.080 W/hpplay-java( 2927): NanoHTTPDServerRunnable:Communication with the client broken
04-04 04:47:17.080 W/hpplay-java( 2927): java.net.SocketException: Socket closed
04-04 04:47:17.080 W/hpplay-java( 2927): at java.net.PlainSocketImpl.socketAccept(PlainSocketImpl.java:213)
04-04 04:47:17.080 W/hpplay-java( 2927): at java.net.AbstractPlainSocketImpl.accept(AbstractPlainSocketImpl.java:451)
04-04 04:47:17.080 W/hpplay-java( 2927): at java.net.ServerSocket.implAccept(ServerSocket.java:547)
04-04 04:47:17.080 W/hpplay-java( 2927): at java.net.ServerSocket.accept(ServerSocket.java:515)
04-04 04:47:17.080 W/hpplay-java( 2927): at com.hpplay.nanohttpd.protocols.http.ServerRunnable.run(SourceFile:118)
04-04 04:47:17.080 W/hpplay-java( 2927): at java.lang.Thread.run(Thread.java:920)
04-04 04:47:17.081 I/hpplay-java( 2927): NanoHTTPDNanoHTTPD:server is stoped
04-04 04:47:17.081 I/hpplay-java( 2927): NanoHTTPDNanoHTTPD:clear obj
04-04 04:47:17.081 I/hpplay-java( 2927): [main]:IPManager:getActiveNets type: WIFI
04-04 04:47:17.081 I/hpplay-java( 2927): [main]:IPManager:getActiveNets eth0:false wifi:true mobile:false ap:false
04-04 04:47:17.081 I/hpplay-java( 2927): [main]:IPManager:getIPAddress IP_WLAN0
04-04 04:47:17.082 D/resolv ( 685): GetAddrInfoHandler::run: {100 262244 100 983140 10089 0}
04-04 04:47:17.082 D/resolv ( 685): resolv_getaddrinfo: explore_fqdn(): ai_family=0 ai_socktype=1 ai_protocol=6
04-04 04:47:17.085 D/resolv ( 685): doQuery: (1, 1)
04-04 04:47:17.085 D/resolv ( 685): res_nmkquery: (QUERY, IN, A)
04-04 04:47:17.085 D/resolv ( 685): res_nsend
04-04 04:47:17.085 I/resolv ( 685): resolv_cache_lookup: lookup
04-04 04:47:17.085 I/resolv ( 685): resolv_cache_lookup: FOUND IN CACHE entry=0xb4000072e7e5ca80
04-04 04:47:17.085 D/resolv ( 685): doQuery: rcode=0, ancount=1
04-04 04:47:17.086 I/ResolverController( 685): No valid NAT64 prefix (100, /0)
04-04 04:47:17.092 I/hpplay-java( 2927): [main]:IPManager:updateIPAddress getIPAddress: 192.168.4.16 name:vlan4
04-04 04:47:17.092 I/hpplay-java( 2927): [main]:IPManager:updateIPAddress getIPAddress: 10.3.110.159 name:wlan0
04-04 04:47:17.092 I/hpplay-java( 2927): [main]:IPManager:updateIPAddress getIPAddress: 192.168.8.16 name:vlan8
04-04 04:47:17.092 I/hpplay-java( 2927): [main]:IPManager:updateIPAddress getIPAddress: 192.168.11.16 name:vlan11
04-04 04:47:17.092 I/hpplay-java( 2927): [main]:IPManager:updateIPAddress getIPAddress: 192.168.0.16 name:vlan0
04-04 04:47:17.093 I/hpplay-java( 2927): [main]:IPManager:updateIPAddress getIPAddress: 192.168.2.16 name:vlan2
04-04 04:47:17.093 I/hpplay-java( 2927): [main]:IPManager:updateIPAddress getIPAddress: 192.168.1.16 name:vlan1
04-04 04:47:17.093 I/hpplay-java( 2927): [main]:ServerTaskManager:exeTask startServer
04-04 04:47:17.094 I/hpplay-java( 2927): [main]:ServerTaskManager:startTimeOutCheck
04-04 04:47:17.094 I/hpplay-java( 2927): [AsyncTask #90]:ServerBusiness:startDaemonBusiness
04-04 04:47:17.094 I/hpplay-java( 2927): [AsyncTask #90]:TimeOutCheckUtil:addTask id:upgrade
04-04 04:47:17.094 I/hpplay-java( 2927): [AsyncTask #81]:Bridge:assembleInParameters
04-04 04:47:17.094 I/hpplay-java( 2927): [AsyncTask #90]:TimeOutCheckUtil:addTask id:ijkupgrade
04-04 04:47:17.095 I/hpplay-java( 2927): [AsyncTask #81]:Bridge:createDeviceId deviceId:Nzg6MDA6NTk6NDA6MGQ6ZDM=
04-04 04:47:17.096 I/hpplay-java( 2927): [AsyncTask #81]:IPManager:getActiveNets type: WIFI
04-04 04:47:17.096 I/hpplay-java( 2927): [AsyncTask #81]:IPManager:getActiveNets eth0:false wifi:true mobile:false ap:false
04-04 04:47:17.096 I/hpplay-java( 2927): [AsyncTask #81]:IPManager:getIPAddress IP_WLAN0
04-04 04:47:17.096 I/hpplay-java( 2927): [AsyncTask #81]:Preference:checkFeature none
04-04 04:47:17.096 I/hpplay-java( 2927): [AsyncTask #81]:SWI:dlna tip
04-04 04:47:17.096 I/hpplay-java( 2927): [AsyncTask #81]:SWI:lefp tip
04-04 04:47:17.096 I/hpplay-java( 2927): [AsyncTask #81]:Bridge:assembleInParameters none alias name use device name: 高合娱乐副屏
04-04 04:47:17.097 I/hpplay-java( 2927): [AsyncTask #81]:Feature:isSendAdvertisement
04-04 04:47:17.097 I/hpplay-java( 2927): [AsyncTask #81]:Preference:checkFeature none
04-04 04:47:17.097 I/hpplay-java( 2927): NanoHTTPDNanoHTTPD:server is started
04-04 04:47:17.097 I/hpplay-java( 2927): [AsyncTask #81]:Preference:checkFeature none
04-04 04:47:17.097 I/hpplay-java( 2927): [AsyncTask #81]:Bridge:backupHpplayDat bakPath:
04-04 04:47:17.097 I/hpplay-java( 2927): [AsyncTask #81]:Bridge:path:/data/user/0/com.hht.lebocast/files/hpplay/file/happyplay.dat
04-04 04:47:17.097 I/hpplay-java( 2927): [AsyncTask #81]:Bridge:mAppId:21409
04-04 04:47:17.098 I/hpplay-java( 2927): [AsyncTask #81]:Bridge:mode:3
04-04 04:47:17.098 I/hpplay-java( 2927): [AsyncTask #81]:Bridge:type:1
04-04 04:47:17.098 I/hpplay-java( 2927): [AsyncTask #81]:Bridge:SN:
04-04 04:47:17.098 I/hpplay-java( 2927): [AsyncTask #81]:Preference:checkFeature none
04-04 04:47:17.098 I/hpplay-java( 2927): [AsyncTask #81]:Bridge:backPath:
04-04 04:47:17.098 I/hpplay-java( 2927): [AsyncTask #81]:DeviceUtil:getPermissionDid: 1
04-04 04:47:17.098 I/hpplay-java( 2927): [AsyncTask #81]:DeviceUtil:getPermissionDid: 1
04-04 04:47:17.098 I/hpplay-java( 2927): [AsyncTask #81]:Preference:checkFeature none
04-04 04:47:17.098 I/hpplay-java( 2927): [AsyncTask #81]:Preference:checkFeature none
04-04 04:47:17.099 I/hpplay-java( 2927): [AsyncTask #81]:Preference:checkFeature none
04-04 04:47:17.099 I/hpplay-java( 2927): [AsyncTask #81]:Preference:checkFeature none
04-04 04:47:17.099 I/hpplay-java( 2927): [AsyncTask #81]:Preference:checkFeature none
04-04 04:47:17.106 W/hpplay-java( 2927): [AsyncTask #90]:ServerBusiness:startDaemonBusiness start LelinkHTTPD sucess 52288
04-04 04:47:17.108 I/hpplay-java( 2927): [main]:ServerBusiness:get deviceCode:2457154028
04-04 04:47:17.130 W/hpplay-java( 2927): [AsyncTask #81]:DeviceUtils:getDomain create lb domain
04-04 04:47:17.132 I/hpplay-java( 2927): [AsyncTask #81]:Feature:getMirrorAudioVideoSync DISABLE
04-04 04:47:17.132 I/hpplay-java( 2927): [AsyncTask #81]:Feature:checkSupportRedirectOtherApp,no set redirect api
04-04 04:47:17.132 I/hpplay-java( 2927): [AsyncTask #81]:Feature:getRedirectSearchFlag,value: 0
04-04 04:47:17.136 I/hpplay-java( 2927): [AsyncTask #81]:Bridge:mIn: InParameters{appInfo='0', appKey='21409', authMode=0, authPwd='null', broadcastDirection=0, broadcastState=1, broadcastTimeout=3, buildType='release', cacheAVPath='/data/user/0/com.hht.lebocast/cache/hpplay/av', cachePhotoPath='/data/user/0/com.hht.lebocast/cache/hpplay/image', channel='LEBO-APK--60146-25915', desPath='', , deviceName='高合娱乐副屏', dlna=1, dlnaCompany='Microsoft Corporation', dlnaCompanyURL='http://www.microsoft.com', dlnaDeviceDescribe='Media Renderer', dlnaDeviceName='Windows Media Player', dlnaDeviceURL='http://go.microsoft.com/fwlink/Linkld=105927', dlnaLelinkSwitch=1, dlnaManufacturer=0, dlnaName='高合娱乐副屏', dlnaUPC='', dlnaUUID='fd17a3b6-3524-090f-053e-af2ce7fe6986', domain='Lebo-figure-a6087e369fa3', drainage=0, feature='6655', fps=60, height=1080, host='null', , keyPath='/data/user/0/com.hht.lebocast/files/hpplay/file', lelinkfp=1, lelinkfp2=0, logBaseState=1, logPath='/storage/emulated/0/com.hht.lebocast/sink/sdk/common', , mdnsEnable=1, mirrorSyncType=0, netCastVer='2.0', packageName='com.hht.lebocast', packagePath='/data/user/0/com.hht.lebocast', permissionDid='a6:08:7e:36:9f:a3', permissionMode=3, permissionPreSN='', port=0, preemptMode=0, regType='_leboremote._tcp.', serverPorts=null, sockWaitTimeOut=45, teleControlPort=53388, tunnels=3, txtKeys=null, txtValues=null, uid='10000072516705', videoFrameType=1001, width=1920}com.hpplay.sdk.sink.protocol.InParameters@9908cde
04-04 04:47:17.142 I/hpplay-java( 2927): [main]:Bridge:startServer state: 0
04-04 04:47:17.142 D/hpplay-base( 2927): [jniBridge:185] not conference version
04-04 04:47:17.143 I/hpplay-base( 2927): [jniBridge:241] 1initServer nSettingWidth=1920 nSettingHeight=1080 nSettingMaxFPS=60 dlnaEnable=1 lelinkFpEnable=1
04-04 04:47:17.143 D/hpplay-base( 2927): [jniBridge:283] 1initServer cfg.leLinkIp=10.3.110.159
04-04 04:47:17.143 D/hpplay-base( 2927): [jniBridge:286] 1initServer cfg.mPermissionMode=3
04-04 04:47:17.143 D/hpplay-base( 2927): [jniBridge:304] 1initServer cfg.permissionDid=a6:08:7e:36:9f:a3000000000000000
04-04 04:47:17.143 D/hpplay-base( 2927): [jniBridge:313] 1initServer cfg.mPermissionPreSN=00000000000000000000000000000000
04-04 04:47:17.143 D/hpplay-base( 2927): [jniBridge:317] Bridge___1initServer status:0
04-04 04:47:17.143 I/hpplay-base( 2927): [jniBridge:325] 1initServer cfg.feature=6655
04-04 04:47:17.144 D/hpplay-base( 2927): [jniBridge:377] 1initServer isSendBroadCast=3
04-04 04:47:17.144 D/hpplay-base( 2927): [jniBridge:380] 1initServer broadcastDirection=0
04-04 04:47:17.144 D/hpplay-base( 2927): [jniBridge:382] 1initServer ipBroadcast direction=0
04-04 04:47:17.144 D/hpplay-base( 2927): [jniBridge:387] 1initServer tunnel=3
04-04 04:47:17.144 D/hpplay-base( 2927): [jniBridge:390] 1initServer drainage=0
04-04 04:47:17.144 D/hpplay-base( 2927): [jniBridge:401] 1initServer mDNSEnable=1
04-04 04:47:17.144 D/hpplay-base( 2927): [jniBridge:406] 1initServer nSockWaitTimeOut=45
04-04 04:47:17.145 D/hpplay-base( 2927): [jniBridge:410] 1initServer nMirrorAudioVideoSync=0
04-04 04:47:17.145 I/hpplay-base( 2927): [sign_check:168] checkSign strPackageName:com.hht.lebocast
04-04 04:47:17.145 I/hpplay-base( 2927): [sign_check:169] checkSign buildType:release
04-04 04:47:17.145 I/hpplay-base( 2927): [sign_check:170] checkSign appKey:21409
04-04 04:47:17.145 D/hpplay-base( 2927): [LelinkBase:405] bridgeInit port: 0, lelinkfp: 0
04-04 04:47:17.145 D/hpplay-base( 2927): [LelinkBase:462] bridgeInit mPackagePath =/data/user/0/com.hht.lebocast
04-04 04:47:17.146 D/hpplay-base( 2927): [LelinkBase:463] bridgeInit mKeyPath =/data/user/0/com.hht.lebocast/files/hpplay/file
04-04 04:47:17.146 D/hpplay-base( 2927): [SinkContext:97] initSinkContext mPackagePath =/data/user/0/com.hht.lebocast
04-04 04:47:17.146 D/hpplay-base( 2927): [SinkContext:98] initSinkContext mKeyPath =/data/user/0/com.hht.lebocast/files/hpplay/file
04-04 04:47:17.146 D/hpplay-base( 2927): [jniBridge:478] Java_com_hpplay_sdk_sink_protocol_Bridge__1initServer end
04-04 04:47:17.146 D/hpplay-base( 2927): [jniBridge:869] Bridge__1startServer status:1
04-04 04:47:17.151 D/hpplay-base( 2927): [LelinkBase:492] startAllServer at base
04-04 04:47:17.152 D/hpplay-base( 2927): [lelinkSinkServer:152] httpPlugins_SetServerPort TYPE_SERVER_LELINK:52266
04-04 04:47:17.153 D/hpplay-base( 2927): [network.c:362] protocol bind host :10.3.110.159 port:52266 curent bind port:52266
04-04 04:47:17.153 D/hpplay-base( 2927): [lelinkSinkServer:681] HTTP Server real at:52266
04-04 04:47:17.154 D/hpplay-base( 2927): [lelinkSinkServer:644] Connected Service Type:0
04-04 04:47:17.154 I/hpplay-base( 2927): : (server.c.315) startServer listen_ing....:
04-04 04:47:17.155 D/hpplay-base( 2927): [Server:371] startHttpServer srv_sockets.used:1 nCurrentFd:118, tid is 6589
04-04 04:47:17.155 D/hpplay-base( 2927): [ScreenStream:1285] current bind port:7100
04-04 04:47:17.156 D/hpplay-base( 2927): [LelinkBase:515] startAllServer pBaseContext->config.dlnaEnable:1
04-04 04:47:17.156 D/hpplay-base( 2927): [lelinkDlna:324] addDMRCallback end
04-04 04:47:17.156 D/hpplay-base( 2927): [stream_mirror_compat:759] compat mirror stream begin to run,server fd:120,thread_id:3209830848!!
04-04 04:47:17.164 E/hpplay-base-dlna( 2927): miniserver.c:788::dlna_port(ipv4: 49152 ipv6:0)
04-04 04:47:17.181 I/hpplay-java( 2927): [AsyncTask #79]:HttpRequest:doGet responseCode:200 0
04-04 04:47:17.217 D/hpplay-base-dlna( 2927): [lebodlna-dlnaframe:166] succeed to load lebodlnaplugin
04-04 04:47:17.218 D/hpplay-base-dlna( 2927): [lebodlna-dlnaframe:232] Succeed to load specified plugin:lebodlna_plugin
04-04 04:47:17.218 D/hpplay-base( 2927): [lelinkDlna:328] startDLNAServer ret=0
04-04 04:47:17.218 D/hpplay-base( 2927): [LelinkBase:531] startDLNAServer ret= 0
04-04 04:47:17.218 D/hpplay-base( 2927): [lelinkDlna:342] setDMRFriendlyName 高合娱乐副屏
04-04 04:47:17.218 D/hpplay-base-dlna( 2927): [lebodlna-dlna_android:136] setBroadcastTimeout mBroadcastTimeOut=66 status=3!
04-04 04:47:17.218 D/hpplay-base-dlna( 2927): [lebodlna_api:32] start DMR
04-04 04:47:17.219 D/hpplay-base-dlna( 2927): [UpnpDefine:434] RegisterDMRender invalid lelink info
04-04 04:47:17.219 D/hpplay-base-dlna( 2927): [UpnpDefine:467] DLNA DEFAULT_DESCRIPTION
04-04 04:47:17.221 E/hpplay-base-dlna( 2927): upnpapi.c:1078::Exiting RegisterRootDevice2 *Hnd =1, return value == 0
04-04 04:47:17.221 D/hpplay-base-dlna( 2927): [CUpnpDevice:41] Register Root Device 2:0
04-04 04:47:17.221 D/hpplay-base-dlna( 2927): [UpnpDefine:794] ESDMRender:Register success
04-04 04:47:17.221 D/hpplay-base-dlna( 2927): [lebodlna_api:41] sendBroadcast mBroadcastTimeOut=3
04-04 04:47:17.221 D/hpplay-base-dlna( 2927): [lebodlna_api:44] sendBroadcast timeout=66
04-04 04:47:17.291 D/hpplay-base( 2927): [lelinkDlna:361] startDLNADevice dlnaManufacturer:0 ret=0
04-04 04:47:17.292 D/hpplay-base( 2927): [LelinkBase:535] lelinkSetDlnaInfo ret= 0
04-04 04:47:17.292 D/hpplay-base( 2927): [LelinkBase:547] startAllServer pBaseContext->config.mDNSEnable:1
04-04 04:47:17.293 D/hpplay-base( 2927): [base_mdns:509] mdns net.hostname:
04-04 04:47:17.293 D/hpplay-base( 2927): [base_mdns:529] mdns namelabel:-00-80-0F-74-31-00
04-04 04:47:17.293 D/hpplay-base( 2927): [base_mdns:509] mdns net.hostname:
04-04 04:47:17.294 D/hpplay-base( 2927): [base_mdns:529] mdns namelabel:-00-80-0F-74-31-00
04-04 04:47:17.295 D/hpplay-base( 2927): [mdns:813] mdns start bind port:0
04-04 04:47:17.301 D/hpplay-base( 2927): [mdns:813] mdns start bind port:5353
04-04 04:47:17.302 D/hpplay-base( 2927): [mdns:813] mdns start bind port:5353
04-04 04:47:17.303 D/hpplay-base( 2927): [mdns:813] mdns start bind port:5353
04-04 04:47:17.303 D/hpplay-base( 2927): [mdns:813] mdns start bind port:5353
04-04 04:47:17.304 D/hpplay-base( 2927): [mdns:813] mdns start bind port:5353
04-04 04:47:17.304 D/hpplay-base( 2927): [mdns:813] mdns start bind port:5353
04-04 04:47:17.305 D/hpplay-base( 2927): [mdns:813] mdns start bind port:5353
04-04 04:47:17.305 I/hpplay-base( 2927): [mDNSEmbeded:57] embedded_mDNSInit stopmDNSNow:0 status:0
04-04 04:47:17.306 D/hpplay-base( 2927): [mDNSEmbeded:436] startmDNSServer end nRet=0
04-04 04:47:17.306 D/hpplay-base( 2927): [LelinkBase:555] lelink broadcast_on_off:1 log2java_on_off:1
04-04 04:47:17.306 D/hpplay-base( 2927): [LelinkMDNS:729] leboAuthorizationCheck strUuid=a6:08:7e:36:9f:a3000000000000000
04-04 04:47:17.306 D/hpplay-base( 2927): [LelinkMDNS:730] leboAuthorizationCheck mPermissionDid=a6:08:7e:36:9f:a3000000000000000
04-04 04:47:17.306 D/hpplay-base( 2927): [LelinkMDNS:755] leboAuthorizationCheck mPermissionMac=a6:08:7e:36:9f:a3000000000000000
04-04 04:47:17.307 D/hpplay-base( 2927): [AEventUtils:595] request to start event handle service!!
04-04 04:47:17.307 D/hpplay-base( 2927): [AEventUtils:603] start_event_handle_service,begin to run!!
04-04 04:47:17.307 D/hpplay-base( 2927): [mDNSEmbeded:197] http_port bind check 197 http_port_check
04-04 04:47:17.307 D/hpplay-base( 2927): [REventUtils:210] start_event_handle_service,begin to run!!
04-04 04:47:17.308 I/hpplay-base( 2927): [mDNSEmbeded:268] start lelink publish server, tid is 6610
04-04 04:47:17.308 D/hpplay-base( 2927): [LelinkBase:576] startAllServer success .
04-04 04:47:17.308 D/hpplay-base( 2927): [jniBridge:894] startDlna_link:http://10.3.110.159:49152/description.xml
04-04 04:47:17.308 D/hpplay-base( 2927): [AEventUtils:171] create handle AEvent thread ok!!,tid is 6612
04-04 04:47:17.309 D/hpplay-base( 2927): [REventUtils:59] create handleREventThread thread ok!!,tid is 6613
04-04 04:47:17.309 D/hpplay-base( 2927): [jniBridge:1081] notifyJavaDlnalink:http://10.3.110.159:49152/description.xml
04-04 04:47:17.309 D/hpplay-base( 2927): [jniBridge:1726] notifyJava, what:207, castType:0, mimeType:0 baseStatus:2
04-04 04:47:17.309 D/hpplay-base( 2927): [jniBridge:1727] notifyJava sessionID:(null)
04-04 04:47:17.309 D/resolv ( 685): GetHostByNameHandler::run: result: Success
04-04 04:47:17.310 I/hpplay-java( 2927): [Thread-79]:Bridge:notify: what: 207
04-04 04:47:17.310 D/hpplay-base( 2927): [mDNSEmbeded:217] http_port bind check 217 http_port_check
04-04 04:47:17.311 I/hpplay-java( 2927): [Thread-79]:Bridge:notify: out: OutParameters:{audioSessionId=-1, audiotrackIndex=0, castHandleType=-1, castType=0, deviceName='http://10.3.110.159:49152/description.xml', dlnaName='', dramaID='', extra=0, frameHandleType=-1, handleInside=true, headduration=0, header='', headers=null, isAD=false, isMultiMirror=false, lelinkVer='', limitTime=0, , mediaAlbum='null', mediaAlbumArtURI='', mediaArtist='null', mediaAssets='', mediaTitle='null', mimeType=0, multiSession=null, period=0, pinCode='', playSpeed=0.0, playerChoice=0, plugin=0, port=0, position=0.0, positionUnit=2, protocol=0, realSessionID='', regType='', , sinkIp='', sourceAPPVersion='', sourceChannel='', sourceClientInfo='', sourceDeviceInfo='', sourceDeviceModel='', sourceDeviceName='', sourceDeviceType=0, sourceHID='', , sourceInfo='', , , sourceOSVersion='', sourceSDKVersion='', sourceUid='', stopDetail=0, stopReason=0, tailduration=0, url='', urlID='', urls=null, userAgent='', videoDecoder=0, volume=0, what=207}com.hpplay.sdk.sink.protocol.OutParameters@10ed
04-04 04:47:17.311 I/hpplay-java( 2927): [Thread-79]:Bridge:notify: address:159226658
04-04 04:47:17.311 D/hpplay-base( 2927): [mDNSEmbeded:222] http_port bind check 222 http_port_check
04-04 04:47:17.316 D/hpplay-base( 2927): [mDNSEmbeded:234] http_port bind check 234 http_port_check port:52266
04-04 04:47:17.316 D/hpplay-base( 2927): [mDNSEmbeded:237] http_port bind check 237 http_port_check
04-04 04:47:17.317 D/hpplay-base( 2927): [lelinkSinkServer:93] new client connection from 127.0.0.1 37068, fd=141
04-04 04:47:17.318 D/hpplay-base( 2927): [SinkContext:137] addSinkContextSession,begin to run!!
04-04 04:47:17.318 D/hpplay-base( 2927): [SinkContext:142] addSinkContextSession,begin to get lock!!
04-04 04:47:17.318 D/hpplay-base( 2927): [SinkContext:144] addSinkContextSession,get lock ok!!
04-04 04:47:17.318 D/hpplay-base( 2927): [SinkContext:149] addSinkContextSession,session list is null,begin to malloc!!
04-04 04:47:17.318 D/hpplay-base( 2927): [SinkContext:156] addSinkContextSession,begin to update!!
04-04 04:47:17.318 D/hpplay-base( 2927): [SinkContext:160] addSinkContextSession,begin to update header!!
04-04 04:47:17.318 D/hpplay-base( 2927): [SinkContext:172] addSinkContextSession,begin to unlock!!
04-04 04:47:17.318 D/hpplay-base( 2927): [SinkContext:174] addSinkContextSession,unlock ok!!
04-04 04:47:17.318 D/hpplay-base( 2927): [LelinkReceiver:4908] get ping !!!
04-04 04:47:17.318 D/hpplay-base( 2927): [mDNSEmbeded:240] http_port bind check 240 http_port_check recieved:64
04-04 04:47:17.318 D/hpplay-base( 2927): [mDNSEmbeded:243] http_port bind check 243 http_port_check
04-04 04:47:17.318 D/hpplay-base( 2927): [mDNSEmbeded:244] http_port bind check ok!
04-04 04:47:17.311 W/om.hht.lebocast( 2927): type=1400 audit(0.0:702): avc: granted { read } for name="arp" dev="proc" ino=4026532256 scontext=u:r:platform_app:s0:c512,c768 tcontext=u:object_r:proc_net:s0 tclass=file app=com.hht.lebocast
04-04 04:47:17.311 W/om.hht.lebocast( 2927): type=1400 audit(0.0:703): avc: granted { read open } for path="/proc/2927/net/arp" dev="proc" ino=4026532256 scontext=u:r:platform_app:s0:c512,c768 tcontext=u:object_r:proc_net:s0 tclass=file app=com.hht.lebocast
04-04 04:47:17.311 W/om.hht.lebocast( 2927): type=1400 audit(0.0:704): avc: granted { getattr } for path="/proc/2927/net/arp" dev="proc" ino=4026532256 scontext=u:r:platform_app:s0:c512,c768 tcontext=u:object_r:proc_net:s0 tclass=file app=com.hht.lebocast
04-04 04:47:17.410 I/mpu_uart( 661): [MSG-P:R]:recv sync frame timeout
04-04 04:47:17.428 D/hpplay-base( 2927): [LelinkMDNS:766] devicePermissionPublic leboPermissionCheck:-2
04-04 04:47:17.428 D/hpplay-base( 2927): [jniBridge:1125] com_hpplay_sdk_sink_protocol_Bridge_WHAT_SERVER_ERROR
04-04 04:47:17.428 D/hpplay-base( 2927): [jniBridge:1726] notifyJava, what:204, castType:0, mimeType:0 baseStatus:2
04-04 04:47:17.428 D/hpplay-base( 2927): [jniBridge:1727] notifyJava sessionID:(null)
04-04 04:47:17.430 I/hpplay-java( 2927): [Thread-80]:Bridge:notify: what: 204
04-04 04:47:17.432 I/hpplay-java( 2927): [Thread-80]:Bridge:notify: out: OutParameters:{audioSessionId=-1, audiotrackIndex=0, castHandleType=-1, castType=0, deviceName='', dlnaName='', dramaID='', extra=-2002, frameHandleType=-1, handleInside=true, headduration=0, header='', headers=null, isAD=false, isMultiMirror=false, lelinkVer='', limitTime=0, , mediaAlbum='null', mediaAlbumArtURI='', mediaArtist='null', mediaAssets='', mediaTitle='null', mimeType=0, multiSession=null, period=0, pinCode='', playSpeed=0.0, playerChoice=0, plugin=0, port=0, position=0.0, positionUnit=2, protocol=0, realSessionID='', regType='', , sinkIp='', sourceAPPVersion='', sourceChannel='', sourceClientInfo='', sourceDeviceInfo='', sourceDeviceModel='', sourceDeviceName='', sourceDeviceType=0, sourceHID='', , sourceInfo='', , , sourceOSVersion='', sourceSDKVersion='', sourceUid='', stopDetail=0, stopReason=0, tailduration=0, url='', urlID='', urls=null, userAgent='', videoDecoder=0, volume=0, what=204}com.hpplay.sdk.sink.protocol.OutParameters@e0b99b3
04-04 04:47:17.432 I/hpplay-java( 2927): [Thread-80]:Bridge:notify: address:121056112
04-04 04:47:17.432 I/hpplay-java( 2927): [main]:Bridge:findServiceID start out: 121056112
04-04 04:47:17.433 I/hpplay-java( 2927): [main]:Bridge:findServiceID end
04-04 04:47:17.433 E/hpplay-java( 2927): [main]:ServerTaskManager:onError 204/-2002 com.hht.lebocast.LelinkHelper$e@ff08e4b
04-04 04:47:17.433 I/hpplay-java( 2927): [main]:ServerTaskManager:cancelTimeOutCheck
04-04 04:47:17.433 I/hpplay-base( 2927): [mDNSEmbeded:79] embedded_mDNSLoop stopmDNSNow:0 nPublish:-2 nExitFlag:6 tid is 6609
04-04 04:47:17.434 W/hpplay-java( 2927): [main]:ServerTaskManager:onErrorDispatcher errorCode:-2002
04-04 04:47:17.434 I/hpplay-java( 2927): [main]:ServerTaskManager:onError retry later
04-04 04:47:17.519 I/hpplay-base( 2927): [LelinkReceiver:14605] _connectionFinalize (141)
04-04 04:47:17.520 D/hpplay-base( 2927): [LelinkReceiver:14752] ###connectionFinalize,release ok!!###
04-04 04:47:17.532 I/hpplay-java( 2927): [AsyncTask #92]:HttpRequest:doGet responseCode:200 0
04-04 04:47:18.039 W/TouchableRegionManager( 1986): onHeadsUpPinnedModeChanged
04-04 04:47:18.065 I/mpu_uart( 661): [MSG-P:RECV]:No message received in 1000 ms
04-04 04:47:18.119 W/swapper/0( 0): type=1400 audit(0.0:705): avc: denied { kill } for capability=5 scontext=u:r:kernel:s0 tcontext=u:r:kernel:s0 tclass=capability permissive=0
04-04 04:47:18.497 D/StatusBar( 1986): disable disable2
04-04 04:47:18.508 D/StatusBar( 1986): disable disable2
04-04 04:47:18.570 W/FrameTracker( 1986): Missed App frame:16
04-04 04:47:18.570 W/FrameTracker( 1986): Missed SF frame:66
04-04 04:47:19.066 I/mpu_uart( 661): [MSG-P:RECV]:No message received in 1000 ms
04-04 04:47:19.515 D/RemoteControlService( 2421): heart beat timer called
04-04 04:47:19.516 E/RemoteControlService( 2421): heart beat time out, current timeout cnt is 1
04-04 04:47:20.066 I/mpu_uart( 661): [MSG-P:RECV]:No message received in 1000 ms
04-04 04:47:20.119 W/swapper/2( 0): type=1400 audit(0.0:706): avc: denied { kill } for capability=5 scontext=u:r:kernel:s0 tcontext=u:r:kernel:s0 tclass=capability permissive=0
04-04 04:47:20.414 I/mpu_uart( 661): [MSG-P:R]:recv sync frame timeout
04-04 04:47:20.436 I/hpplay-java( 2927): [main]:ServerTaskManager:restart by error
04-04 04:47:20.436 I/hpplay-java( 2927): [main]:ServerTaskManager:startServer
04-04 04:47:20.437 I/hpplay-java( 2927): [main]:ServerTaskManager:startServer add, reason: server is starting or running
04-04 04:47:20.437 I/hpplay-java( 2927): [main]:ServerTaskManager:addStopTask
04-04 04:47:20.437 I/hpplay-java( 2927): [main]:ServerTaskManager:addStartTask
04-04 04:47:20.437 I/hpplay-java( 2927): [main]:ServerTaskManager:exeTask stopServer
04-04 04:47:20.437 I/hpplay-java( 2927): [main]:Bridge:stopServer keepPush: false
04-04 04:47:20.438 D/hpplay-base( 2927): [jniBridge:909] Bridge__1stopServer status:2
04-04 04:47:20.443 D/hpplay-base( 2927): [LelinkBase:654] stopAllServer will start thread!
04-04 04:47:20.445 D/hpplay-base( 2927): [AEventUtils:588] handle AEvent thread end!!,tid is 6612
04-04 04:47:20.445 D/hpplay-base( 2927): [REventUtils:197] handleREventThread thread end!!,tid is 6613
04-04 04:47:20.445 I/hpplay-base( 2927): [mDNSEmbeded:65] embedded_mDNSExit call
04-04 04:47:20.474 D/hpplay-base( 2927): [stream_mirror_compat:1284] mirror stream begin to exit,server fd:120,thread_id:3209830848!!
04-04 04:47:20.475 D/hpplay-base( 2927): [stream_mirror_compat:1323] ##screen stream exit successfully!!##
04-04 04:47:20.525 D/hpplay-base( 2927): [Server:447] startHttpServer will END srv->serverType:0
04-04 04:47:20.526 D/hpplay-base( 2927): [Server:646] startHttpServer cond srv_shutdown:1 connectNummber:0
04-04 04:47:20.527 D/hpplay-base( 2927): [Server:669] startHttpServer wait cond END. srv_shutdown:1 connectNummber:0
04-04 04:47:20.527 D/hpplay-base( 2927): [Server:457] HttpServer END, tid is 6589
04-04 04:47:20.897 D/resolv ( 685): GetAddrInfoHandler::run: {100 983140 100 983140 1000 1}
04-04 04:47:20.898 D/resolv ( 685): resolv_getaddrinfo: explore_fqdn(): ai_family=0 ai_socktype=1 ai_protocol=6
04-04 04:47:20.908 D/resolv ( 685): doQuery: (1, 1)
04-04 04:47:20.908 D/resolv ( 685): res_nmkquery: (QUERY, IN, A)
04-04 04:47:20.909 D/resolv ( 685): res_nsend
04-04 04:47:20.909 I/resolv ( 685): resolv_cache_lookup: lookup
04-04 04:47:20.909 I/resolv ( 685): resolv_cache_lookup: NOT IN CACHE (STALE ENTRY 0xb400007317e60f90DISCARDED)
04-04 04:47:20.909 I/resolv ( 685): _cache_remove_p: entry 3 removed (count=41)
04-04 04:47:20.909 I/resolv ( 685): resolv_populate_res_for_net: netid=100
04-04 04:47:20.909 I/resolv ( 685): res_stats_usable_server: NS stats: S 42 + E 0 + T 1 + I 0 = 43, rtt = 119, min_samples = 8
04-04 04:47:20.909 I/resolv ( 685): res_stats_usable_server: success rate 97
04-04 04:47:20.909 I/resolv ( 685): res_stats_usable_server: NS stats: S 1 + E 0 + T 0 + I 0 = 1, rtt = 37, min_samples = 8
04-04 04:47:20.910 D/resolv ( 685): res_nsend: Querying server (# 1) address = 10.3.10.114:53
04-04 04:47:20.917 D/resolv ( 685): send_dg: new DG socket
04-04 04:47:20.918 I/resolv ( 685): get_timeout: using timeout of 5000 msec
04-04 04:47:20.918 I/resolv ( 685): retrying_poll: 54 retrying_poll
04-04 04:47:20.988 I/resolv ( 685): retrying_poll: 54 retrying_poll returning 1
04-04 04:47:20.989 I/resolv ( 685): res_nsend: used send_dg 98 terrno: 0
04-04 04:47:20.989 I/resolv ( 685): res_stats_set_sample: rcode = 0, sec = 70
04-04 04:47:20.989 I/resolv ( 685): res_cache_add_stats_sample_locked: adding sample to stats, next = 43, count = 43
04-04 04:47:20.989 D/resolv ( 685): res_nsend: got answer:
04-04 04:47:20.989 I/resolv ( 685): answer_getTTL: TTL = 20
04-04 04:47:20.989 I/resolv ( 685): _cache_add_p: entry 44 added (count=42)
04-04 04:47:20.990 I/resolv ( 685): cache_dump_mru_locked: MRU LIST (42): 44 43 42 1 41 40 39 38 37 36 35 34 33 32 31 30 29 28 27 26 25 24 23 22 21 20 2 19 18 17 15 14 13 12 11 10 9 8 7 6 5 4
04-04 04:47:20.990 D/resolv ( 685): doQuery: rcode=0, ancount=4
04-04 04:47:20.997 I/ResolverController( 685): No valid NAT64 prefix (100, /0)
04-04 04:47:21.067 I/mpu_uart( 661): [MSG-P:RECV]:No message received in 1000 ms
04-04 04:47:21.119 W/swapper/2( 0): type=1400 audit(0.0:707): avc: denied { kill } for capability=5 scontext=u:r:kernel:s0 tcontext=u:r:kernel:s0 tclass=capability permissive=0
04-04 04:47:21.285 I/hpplay-base( 2927): [mDNSEmbeded:140] embedded_mDNSLoop Exiting end,tid is 6609
04-04 04:47:21.287 D/hpplay-base( 2927): [mDNSEmbeded:452] stopmDNSServer end stopmDNSNow=2, nRet=0
04-04 04:47:21.513 I/hpplay-base( 2927): [mDNSEmbeded:376] end lelink publish server, tid is 6610
04-04 04:47:21.514 D/hpplay-base( 2927): [mDNSEmbeded:420] stopmLelinkServer end nRet=0
04-04 04:47:21.514 D/hpplay-base( 2927): [LelinkBase:615] lebodlna stopServerThreadFunc dlnaEnable:1
04-04 04:47:21.514 D/hpplay-base-dlna( 2927): [lebodlna_api:49] stop DMR
04-04 04:47:21.514 D/hpplay-base-dlna( 2927): [lebodlna_api:344] m_pRender Release
04-04 04:47:21.594 D/hpplay-base-dlna( 2927): [UpnpDefine:867] DMRender release success
04-04 04:47:21.594 D/hpplay-base-dlna( 2927): [lebodlna_api:352] m_pAVT Release
04-04 04:47:21.594 D/hpplay-base-dlna( 2927): [lebodlna_api:360] m_pRCS Release
04-04 04:47:21.594 D/hpplay-base-dlna( 2927): [lebodlna_api:365] dmrender destroydmr
04-04 04:47:21.895 D/hpplay-base-dlna( 2927): [lebodlna-dlna_android:186] stopDLNA
04-04 04:47:21.895 D/hpplay-base-dlna( 2927): [lebodlna-dlna_android:189] dlnaservice destroy
04-04 04:47:21.895 D/hpplay-base-dlna( 2927): [lebodlna-dlna_android:49] dlnaservice Destroy 49 int CDlnaService::Destroy()
04-04 04:47:21.896 D/hpplay-base-dlna( 2927): [lebodlna-dlnaframe:245] dlnaservice Destroy 245 static ERROR_TYPE IDlnaFrame::DestroyDlnaFrame(IDlnaFrame *)
04-04 04:47:21.896 D/hpplay-base-dlna( 2927): [lebodlna-dlnaframe:179] dlnaservice Destroy 179 virtual void CDlnaFrame::Release()
04-04 04:47:21.896 D/hpplay-base-dlna( 2927): [lebodlna-dlnaframe:190] dlnaservice Destroy 190 virtual void CDlnaFrame::Release()
04-04 04:47:21.896 D/hpplay-base-dlna( 2927): [lebodlna-dlnaframe:192] dlnaservice Destroy 192 virtual void CDlnaFrame::Release()
04-04 04:47:21.896 D/hpplay-base-dlna( 2927): [lebodlna-dlnaframe:247] dlnaservice Destroy 247 static ERROR_TYPE IDlnaFrame::DestroyDlnaFrame(IDlnaFrame *)
04-04 04:47:21.896 D/hpplay-base-dlna( 2927): [lebodlna-dlnaframe:251] dlnaservice Destroy 251 static ERROR_TYPE IDlnaFrame::DestroyDlnaFrame(IDlnaFrame *)
04-04 04:47:21.905 E/hpplay-base-dlna( 2927): upnpapi.c:655::before gminiserver ThreadPoolShutdown
04-04 04:47:21.906 E/hpplay-base-dlna( 2927): ThreadPool.c:1047::on ThreadPoolShutdown tp->totalThreads:3
04-04 04:47:21.907 E/hpplay-base-dlna( 2927): ThreadPool.c:1047::on ThreadPoolShutdown tp->totalThreads:1
04-04 04:47:21.908 E/hpplay-base-dlna( 2927): ThreadPool.c:1056::after ThreadPoolShutdown
04-04 04:47:21.908 E/hpplay-base-dlna( 2927): ThreadPool.c:1057::ThreadPoolShutdown tp->totalThreads:0
04-04 04:47:21.908 E/hpplay-base-dlna( 2927): upnpapi.c:657::after gminiserver ThreadPoolShutdown
04-04 04:47:21.908 E/hpplay-base-dlna( 2927): upnpapi.c:659::before grecv ThreadPoolShutdown
04-04 04:47:21.909 E/hpplay-base-dlna( 2927): ThreadPool.c:1047::on ThreadPoolShutdown tp->totalThreads:12
04-04 04:47:21.910 E/hpplay-base-dlna( 2927): ThreadPool.c:1047::on ThreadPoolShutdown tp->totalThreads:11
04-04 04:47:21.912 E/hpplay-base-dlna( 2927): ThreadPool.c:1047::on ThreadPoolShutdown tp->totalThreads:10
04-04 04:47:21.913 E/hpplay-base-dlna( 2927): ThreadPool.c:1047::on ThreadPoolShutdown tp->totalThreads:9
04-04 04:47:21.913 E/hpplay-base-dlna( 2927): ThreadPool.c:1047::on ThreadPoolShutdown tp->totalThreads:8
04-04 04:47:21.913 E/hpplay-base-dlna( 2927): ThreadPool.c:1047::on ThreadPoolShutdown tp->totalThreads:7
04-04 04:47:21.914 E/hpplay-base-dlna( 2927): ThreadPool.c:1047::on ThreadPoolShutdown tp->totalThreads:6
04-04 04:47:21.916 E/hpplay-base-dlna( 2927): ThreadPool.c:1047::on ThreadPoolShutdown tp->totalThreads:5
04-04 04:47:21.917 E/hpplay-base-dlna( 2927): ThreadPool.c:1047::on ThreadPoolShutdown tp->totalThreads:3
04-04 04:47:21.919 E/hpplay-base-dlna( 2927): ThreadPool.c:1047::on ThreadPoolShutdown tp->totalThreads:1
04-04 04:47:21.919 E/hpplay-base-dlna( 2927): ThreadPool.c:1056::after ThreadPoolShutdown
04-04 04:47:21.920 E/hpplay-base-dlna( 2927): ThreadPool.c:1057::ThreadPoolShutdown tp->totalThreads:0
04-04 04:47:21.920 E/hpplay-base-dlna( 2927): upnpapi.c:661::after grecv ThreadPoolShutdown
04-04 04:47:21.920 E/hpplay-base-dlna( 2927): upnpapi.c:663::before gsend ThreadPoolShutdown
04-04 04:47:21.920 E/hpplay-base-dlna( 2927): ThreadPool.c:1047::on ThreadPoolShutdown tp->totalThreads:3
04-04 04:47:21.921 E/hpplay-base-dlna( 2927): ThreadPool.c:1047::on ThreadPoolShutdown tp->totalThreads:1
04-04 04:47:21.921 E/hpplay-base-dlna( 2927): ThreadPool.c:1056::after ThreadPoolShutdown
04-04 04:47:21.921 E/hpplay-base-dlna( 2927): ThreadPool.c:1057::ThreadPoolShutdown tp->totalThreads:0
04-04 04:47:21.921 E/hpplay-base-dlna( 2927): upnpapi.c:665::after gsend ThreadPoolShutdown
04-04 04:47:21.921 D/hpplay-base-dlna( 2927): [lebodlna-dlnaframe:253] dlnaservice Destroy 253 static ERROR_TYPE IDlnaFrame::DestroyDlnaFrame(IDlnaFrame *)
04-04 04:47:21.921 D/hpplay-base-dlna( 2927): [lebodlna-dlna_android:51] dlnaservice Destroy 51 int CDlnaService::Destroy()
04-04 04:47:21.922 D/hpplay-base-dlna( 2927): [lebodlna-dlna_android:194] stopDLNA end
04-04 04:47:22.067 I/mpu_uart( 661): [MSG-P:RECV]:No message received in 1000 ms
04-04 04:47:22.119 W/swapper/2( 0): type=1400 audit(0.0:708): avc: denied { kill } for capability=5 scontext=u:r:kernel:s0 tcontext=u:r:kernel:s0 tclass=capability permissive=0
04-04 04:47:22.222 D/hpplay-base( 2927): [stream_mirror_compat:1489] request to stop screen stream session!!
04-04 04:47:22.222 D/hpplay-base( 2927): [AEventUtils:625] begin to stop event handle service!!
04-04 04:47:22.222 D/hpplay-base( 2927): [AEventUtils:628] stop event handle service ok!!
04-04 04:47:22.222 D/hpplay-base( 2927): [REventUtils:231] begin to stop report handle service!!
04-04 04:47:22.223 D/hpplay-base( 2927): [REventUtils:234] stop report handle service ok!!
04-04 04:47:22.223 D/hpplay-base( 2927): [lelinkSinkServer:711] HTTP Server stopSinkServer End .
04-04 04:47:22.223 D/hpplay-base( 2927): [jniBridge:1135] notifyJavaServerStoped
04-04 04:47:22.223 D/hpplay-base( 2927): [jniBridge:1726] notifyJava, what:202, castType:0, mimeType:0 baseStatus:4
04-04 04:47:22.223 D/hpplay-base( 2927): [jniBridge:1727] notifyJava sessionID:(null)
04-04 04:47:22.224 I/hpplay-java( 2927): [Thread-81]:Bridge:notify: what: 202
04-04 04:47:22.225 I/hpplay-java( 2927): [Thread-81]:Bridge:notify: out: OutParameters:{audioSessionId=-1, audiotrackIndex=0, castHandleType=-1, castType=0, deviceName='', dlnaName='', dramaID='', extra=0, frameHandleType=-1, handleInside=true, headduration=0, header='', headers=null, isAD=false, isMultiMirror=false, lelinkVer='', limitTime=0, , mediaAlbum='null', mediaAlbumArtURI='', mediaArtist='null', mediaAssets='', mediaTitle='null', mimeType=0, multiSession=null, period=0, pinCode='', playSpeed=0.0, playerChoice=0, plugin=0, port=0, position=0.0, positionUnit=2, protocol=0, realSessionID='', regType='', , sinkIp='', sourceAPPVersion='', sourceChannel='', sourceClientInfo='', sourceDeviceInfo='', sourceDeviceModel='', sourceDeviceName='', sourceDeviceType=0, sourceHID='', , sourceInfo='', , , sourceOSVersion='', sourceSDKVersion='', sourceUid='', stopDetail=0, stopReason=0, tailduration=0, url='', urlID='', urls=null, userAgent='', videoDecoder=0, volume=0, what=202}com.hpplay.sdk.sink.protocol.OutParameters@67e476e
04-04 04:47:22.225 I/hpplay-java( 2927): [Thread-81]:Bridge:notify: address:178003471
04-04 04:47:22.225 D/hpplay-base( 2927): [LelinkBase:645] stopServerThreadFunc notifyJavaServerStoped!
04-04 04:47:22.226 I/hpplay-java( 2927): [main]:ServerTaskManager:startTimeOutCheck
04-04 04:47:22.226 I/hpplay-java( 2927): [main]:ServerBusiness:stopDaemonBusiness
04-04 04:47:22.226 I/hpplay-java( 2927): [main]:SinkDataReport:logout
04-04 04:47:22.227 I/hpplay-java( 2927): [main]:EPControl:release
04-04 04:47:22.231 I/hpplay-java( 2927): [AsyncTask #91]:GlideCreator:clearCache clearDiskCache
04-04 04:47:22.234 I/hpplay-java( 2927): [main]:Dispatcher:notifyAllReverseControlsStop
04-04 04:47:22.234 I/hpplay-java( 2927): [main]:Preference:checkFeature none
04-04 04:47:22.234 I/hpplay-java( 2927): [main]:Dispatcher:notifyAllUIControlsStop set: []
04-04 04:47:22.234 I/hpplay-java( 2927): [main]:Upgrade:upgrade not be allowed
04-04 04:47:22.234 I/hpplay-java( 2927): [main]:Bridge:findServiceID start out: 178003471
04-04 04:47:22.234 I/hpplay-java( 2927): [main]:Bridge:findServiceID end
04-04 04:47:22.234 I/hpplay-java( 2927): [main]:ServerTaskManager:onStop retry:true
04-04 04:47:22.234 I/hpplay-java( 2927): [main]:ServerTaskManager:cancelTimeOutCheck
04-04 04:47:22.235 W/hpplay-java( 2927): NanoHTTPDServerRunnable:Communication with the client broken
04-04 04:47:22.235 W/hpplay-java( 2927): java.net.SocketException: Socket closed
04-04 04:47:22.235 W/hpplay-java( 2927): at java.net.PlainSocketImpl.socketAccept(PlainSocketImpl.java:213)
04-04 04:47:22.235 W/hpplay-java( 2927): at java.net.AbstractPlainSocketImpl.accept(AbstractPlainSocketImpl.java:451)
04-04 04:47:22.235 W/hpplay-java( 2927): at java.net.ServerSocket.implAccept(ServerSocket.java:547)
04-04 04:47:22.235 W/hpplay-java( 2927): at java.net.ServerSocket.accept(ServerSocket.java:515)
04-04 04:47:22.235 W/hpplay-java( 2927): at com.hpplay.nanohttpd.protocols.http.ServerRunnable.run(SourceFile:118)
04-04 04:47:22.235 W/hpplay-java( 2927): at java.lang.Thread.run(Thread.java:920)
04-04 04:47:22.235 I/hpplay-java( 2927): NanoHTTPDNanoHTTPD:server is stoped
04-04 04:47:22.235 I/hpplay-java( 2927): NanoHTTPDNanoHTTPD:clear obj
04-04 04:47:22.235 I/hpplay-java( 2927): [main]:IPManager:getActiveNets type: WIFI
04-04 04:47:22.236 I/hpplay-java( 2927): [main]:IPManager:getActiveNets eth0:false wifi:true mobile:false ap:false
04-04 04:47:22.236 I/hpplay-java( 2927): [main]:IPManager:getIPAddress IP_WLAN0
04-04 04:47:22.245 D/resolv ( 685): GetAddrInfoHandler::run: {100 262244 100 983140 10089 0}
