01-01 08:00:52.803 I/ ( 0): kthread+0x140/0x150
01-01 08:00:52.803 I/ ( 0): ret_from_fork+0x10/0x1c
04-04 04:29:53.483 D/CompatibilityChangeReporter( 1145): Compat change id reported: 135634846; UID 1068; state: DISABLED
04-04 04:29:53.488 D/CompatibilityChangeReporter( 1145): Compat change id reported: 135634846; UID 10070; state: DISABLED
04-04 04:29:53.488 D/CompatibilityChangeReporter( 1145): Compat change id reported: 177438394; UID 10070; state: DISABLED
04-04 04:29:53.489 D/CompatibilityChangeReporter( 1145): Compat change id reported: 135772972; UID 10070; state: DISABLED
04-04 04:29:53.489 D/CompatibilityChangeReporter( 1145): Compat change id reported: 135754954; UID 10070; state: ENABLED
04-04 04:29:53.491 D/SystemServerTiming( 1145): startPersistentApps took to complete: 45ms
04-04 04:29:53.491 I/SystemServerTiming( 1145): startHomeOnAllDisplays
04-04 04:29:53.494 I/ActivityTaskManager( 1145): START u0 {act=android.intent.action.MAIN cat=[android.intent.category.HOME] flg=0x10000100 cmp=com.android.settings/.FallbackHome (has extras)} from uid 0
04-04 04:29:53.495 W/PackageManager( 1145): Loading a package that does not exist for the calling user. package=null, user=0
01-01 08:00:52.807 E/ ( 0): INFO: trying to register non-static key.
01-01 08:00:52.812 E/ ( 0): the code is fine but needs lockdep annotation.
01-01 08:00:52.817 I/ ( 0): CPU: 7 PID: 1009 Comm: kworker/u16:18 Tainted: G S W O 4.19.157+ #1
01-01 08:00:52.817 I/Hardware name( 0): Qualcomm Technologies, Inc. kona MTP-RmPM8150b. VX1(MCE) EVT1 (DT)
01-01 08:00:52.817 I/Workqueue( 0): events_unbound ion_system_secure_heap_prefetch_work
01-01 08:00:52.817 I/Call trace( 0):
01-01 08:00:52.817 I/ ( 0): dump_backtrace+0x0/0x258
01-01 08:00:52.817 I/ ( 0): show_stack+0x20/0x30
01-01 08:00:52.817 I/ ( 0): dump_stack+0xd8/0x12c
01-01 08:00:52.817 I/ ( 0): register_lock_class+0x4d0/0x5c8
01-01 08:00:52.817 I/ ( 0): __lock_acquire+0xbc/0x1e58
01-01 08:00:52.817 I/ ( 0): lock_acquire+0x1cc/0x218
01-01 08:00:52.817 I/ ( 0): _raw_spin_lock_irqsave+0x54/0x98
01-01 08:00:52.817 I/ ( 0): ion_system_secure_heap_prefetch_work+0x94/0x2c0
01-01 08:00:52.817 I/ ( 0): process_one_work+0x38c/0x660
01-01 08:00:52.817 I/ ( 0): worker_thread+0x268/0x4b8
01-01 08:00:52.817 I/ ( 0): kthread+0x140/0x150
01-01 08:00:52.817 I/ ( 0): ret_from_fork+0x10/0x1c
04-04 04:29:53.526 D/CompatibilityChangeReporter( 1145): Compat change id reported: 174042980; UID 1000; state: DISABLED
01-01 08:00:52.822 E/ ( 0): INFO: trying to register non-static key.
01-01 08:00:52.828 E/ ( 0): the code is fine but needs lockdep annotation.
01-01 08:00:52.829 E/init ( 0): Control message: Could not find 'vendor.qti.hardware.iop@2.0::IIop/default' for ctl.interface_start from pid: 515 (/system/bin/hwservicemanager)
01-01 08:00:52.833 I/ ( 0): CPU: 7 PID: 1009 Comm: kworker/u16:18 Tainted: G S W O 4.19.157+ #1
01-01 08:00:52.833 I/Hardware name( 0): Qualcomm Technologies, Inc. kona MTP-RmPM8150b. VX1(MCE) EVT1 (DT)
01-01 08:00:52.833 I/Workqueue( 0): events_unbound ion_system_secure_heap_prefetch_work
01-01 08:00:52.833 I/Call trace( 0):
01-01 08:00:52.833 I/ ( 0): dump_backtrace+0x0/0x258
01-01 08:00:52.833 I/ ( 0): show_stack+0x20/0x30
01-01 08:00:52.833 I/ ( 0): dump_stack+0xd8/0x12c
01-01 08:00:52.833 I/ ( 0): register_lock_class+0x4d0/0x5c8
01-01 08:00:52.833 I/ ( 0): __lock_acquire+0xbc/0x1e58
01-01 08:00:52.833 I/ ( 0): lock_acquire+0x1cc/0x218
01-01 08:00:52.833 I/ ( 0): _raw_spin_lock_irqsave+0x54/0x98
01-01 08:00:52.833 I/ ( 0): ion_system_secure_heap_prefetch_work+0x94/0x2c0
01-01 08:00:52.833 I/ ( 0): process_one_work+0x38c/0x660
01-01 08:00:52.833 I/ ( 0): worker_thread+0x268/0x4b8
01-01 08:00:52.833 I/ ( 0): kthread+0x140/0x150
01-01 08:00:52.833 I/ ( 0): ret_from_fork+0x10/0x1c
01-01 08:00:52.842 E/ ( 0): INFO: trying to register non-static key.
01-01 08:00:52.845 I/binder ( 0): 2118:2118 ioctl 40046210 7fd3d8b3a4 returned -22
01-01 08:00:52.854 E/ ( 0): the code is fine but needs lockdep annotation.
01-01 08:00:52.859 I/ ( 0): CPU: 7 PID: 1009 Comm: kworker/u16:18 Tainted: G S W O 4.19.157+ #1
01-01 08:00:52.859 I/Hardware name( 0): Qualcomm Technologies, Inc. kona MTP-RmPM8150b. VX1(MCE) EVT1 (DT)
01-01 08:00:52.859 I/Workqueue( 0): events_unbound ion_system_secure_heap_prefetch_work
01-01 08:00:52.859 I/Call trace( 0):
01-01 08:00:52.859 I/ ( 0): dump_backtrace+0x0/0x258
01-01 08:00:52.859 I/ ( 0): show_stack+0x20/0x30
01-01 08:00:52.859 I/ ( 0): dump_stack+0xd8/0x12c
01-01 08:00:52.859 I/ ( 0): register_lock_class+0x4d0/0x5c8
01-01 08:00:52.859 I/ ( 0): __lock_acquire+0xbc/0x1e58
01-01 08:00:52.859 I/ ( 0): lock_acquire+0x1cc/0x218
01-01 08:00:52.859 I/ ( 0): _raw_spin_lock_irqsave+0x54/0x98
01-01 08:00:52.859 I/ ( 0): ion_system_secure_heap_prefetch_work+0x94/0x2c0
01-01 08:00:52.859 I/ ( 0): process_one_work+0x38c/0x660
01-01 08:00:52.859 I/ ( 0): worker_thread+0x268/0x4b8
01-01 08:00:52.859 I/ ( 0): kthread+0x140/0x150
01-01 08:00:52.859 I/ ( 0): ret_from_fork+0x10/0x1c
01-01 08:00:52.865 E/ ( 0): INFO: trying to register non-static key.
01-01 08:00:52.868 I/binder ( 0): 1292:1292 ioctl 40046210 7fd1b55404 returned -22
01-01 08:00:52.870 E/ ( 0): the code is fine but needs lockdep annotation.
01-01 08:00:52.870 I/ ( 0): CPU: 7 PID: 1009 Comm: kworker/u16:18 Tainted: G S W O 4.19.157+ #1
01-01 08:00:52.870 I/Hardware name( 0): Qualcomm Technologies, Inc. kona MTP-RmPM8150b. VX1(MCE) EVT1 (DT)
01-01 08:00:52.870 I/Workqueue( 0): events_unbound ion_system_secure_heap_prefetch_work
01-01 08:00:52.870 I/Call trace( 0):
01-01 08:00:52.870 I/ ( 0): dump_backtrace+0x0/0x258
01-01 08:00:52.870 I/ ( 0): show_stack+0x20/0x30
01-01 08:00:52.870 I/ ( 0): dump_stack+0xd8/0x12c
01-01 08:00:52.870 I/ ( 0): register_lock_class+0x4d0/0x5c8
01-01 08:00:52.870 I/ ( 0): __lock_acquire+0xbc/0x1e58
01-01 08:00:52.870 I/ ( 0): lock_acquire+0x1cc/0x218
01-01 08:00:52.870 I/ ( 0): _raw_spin_lock_irqsave+0x54/0x98
01-01 08:00:52.870 I/ ( 0): ion_system_secure_heap_prefetch_work+0x94/0x2c0
01-01 08:00:52.870 I/ ( 0): process_one_work+0x38c/0x660
01-01 08:00:52.870 I/ ( 0): worker_thread+0x268/0x4b8
01-01 08:00:52.870 I/ ( 0): kthread+0x140/0x150
01-01 08:00:52.870 I/ ( 0): ret_from_fork+0x10/0x1c
01-01 08:00:52.871 I/msm_vidc( 0): high: 00000001: ....e: Opening video instance: ffffffcea27e8000, 0
01-01 08:00:52.876 E/ ( 0): INFO: trying to register non-static key.
04-04 04:29:53.593 W/ContextImpl( 1145): Calling a method in the system process without a qualified user: android.app.ContextImpl.bindService:1895 android.content.ContextWrapper.bindService:810 com.qualcomm.qti.activityextension.ActivityNotifier.bindToDynamicDDSService:103 com.qualcomm.qti.activityextension.ActivityNotifier.handleSendActivityInvokeNotification:184 com.qualcomm.qti.activityextension.ActivityNotifier.access$300:26
01-01 08:00:52.881 E/ ( 0): the code is fine but needs lockdep annotation.
01-01 08:00:52.887 I/ ( 0): CPU: 7 PID: 1009 Comm: kworker/u16:18 Tainted: G S W O 4.19.157+ #1
01-01 08:00:52.887 I/Hardware name( 0): Qualcomm Technologies, Inc. kona MTP-RmPM8150b. VX1(MCE) EVT1 (DT)
01-01 08:00:52.887 I/Workqueue( 0): events_unbound ion_system_secure_heap_prefetch_work
01-01 08:00:52.887 I/Call trace( 0):
01-01 08:00:52.887 I/ ( 0): dump_backtrace+0x0/0x258
01-01 08:00:52.887 I/ ( 0): show_stack+0x20/0x30
01-01 08:00:52.887 I/ ( 0): dump_stack+0xd8/0x12c
01-01 08:00:52.887 I/ ( 0): register_lock_class+0x4d0/0x5c8
01-01 08:00:52.887 I/ ( 0): __lock_acquire+0xbc/0x1e58
01-01 08:00:52.887 I/ ( 0): lock_acquire+0x1cc/0x218
01-01 08:00:52.887 I/ ( 0): _raw_spin_lock_irqsave+0x54/0x98
01-01 08:00:52.887 I/ ( 0): ion_system_secure_heap_prefetch_work+0x94/0x2c0
01-01 08:00:52.887 I/ ( 0): process_one_work+0x38c/0x660
01-01 08:00:52.887 I/ ( 0): worker_thread+0x268/0x4b8
01-01 08:00:52.887 I/ ( 0): kthread+0x140/0x150
01-01 08:00:52.887 I/ ( 0): ret_from_fork+0x10/0x1c
04-04 04:29:53.596 D/CompatibilityChangeReporter( 1145): Compat change id reported: 168419799; UID 1000; state: DISABLED
04-04 04:29:53.599 I/ActivityTaskManager( 1145): FOREGROUND_APPLICATION_CHANGED to com.android.settings.FallbackHome
04-04 04:29:53.605 D/SystemServerTiming( 1145): startHomeOnAllDisplays took to complete: 113ms
04-04 04:29:53.605 I/SystemServerTiming( 1145): showSystemReadyErrorDialogs
01-01 08:00:52.891 E/ ( 0): INFO: trying to register non-static key.
01-01 08:00:52.896 E/ ( 0): the code is fine but needs lockdep annotation.
01-01 08:00:52.899 E/init ( 0): Control message: Could not find 'vendor.qti.hardware.iop@2.0::IIop/default' for ctl.interface_start from pid: 515 (/system/bin/hwservicemanager)
01-01 08:00:52.901 I/ ( 0): CPU: 7 PID: 1009 Comm: kworker/u16:18 Tainted: G S W O 4.19.157+ #1
01-01 08:00:52.901 I/Hardware name( 0): Qualcomm Technologies, Inc. kona MTP-RmPM8150b. VX1(MCE) EVT1 (DT)
01-01 08:00:52.901 I/Workqueue( 0): events_unbound ion_system_secure_heap_prefetch_work
01-01 08:00:52.901 I/Call trace( 0):
01-01 08:00:52.901 I/ ( 0): dump_backtrace+0x0/0x258
01-01 08:00:52.901 I/ ( 0): show_stack+0x20/0x30
01-01 08:00:52.901 I/ ( 0): dump_stack+0xd8/0x12c
01-01 08:00:52.901 I/ ( 0): register_lock_class+0x4d0/0x5c8
01-01 08:00:52.901 I/ ( 0): __lock_acquire+0xbc/0x1e58
01-01 08:00:52.901 I/ ( 0): lock_acquire+0x1cc/0x218
01-01 08:00:52.901 I/ ( 0): _raw_spin_lock_irqsave+0x54/0x98
01-01 08:00:52.901 I/ ( 0): ion_system_secure_heap_prefetch_work+0x94/0x2c0
01-01 08:00:52.901 I/ ( 0): process_one_work+0x38c/0x660
01-01 08:00:52.901 I/ ( 0): worker_thread+0x268/0x4b8
01-01 08:00:52.901 I/ ( 0): kthread+0x140/0x150
01-01 08:00:52.901 I/ ( 0): ret_from_fork+0x10/0x1c
01-01 08:00:52.904 I/msm_vidc( 0): high: 00000001: h265e: Closed video instance: ffffffcea27e8000
01-01 08:00:52.904 E/ ( 0): INFO: trying to register non-static key.
01-01 08:00:52.904 E/ ( 0): the code is fine but needs lockdep annotation.
01-01 08:00:52.904 I/ ( 0): CPU: 7 PID: 1009 Comm: kworker/u16:18 Tainted: G S W O 4.19.157+ #1
01-01 08:00:52.904 I/Hardware name( 0): Qualcomm Technologies, Inc. kona MTP-RmPM8150b. VX1(MCE) EVT1 (DT)
01-01 08:00:52.904 I/Workqueue( 0): events_unbound ion_system_secure_heap_prefetch_work
01-01 08:00:52.904 I/Call trace( 0):
01-01 08:00:52.904 I/ ( 0): dump_backtrace+0x0/0x258
01-01 08:00:52.904 I/ ( 0): show_stack+0x20/0x30
01-01 08:00:52.904 I/ ( 0): dump_stack+0xd8/0x12c
01-01 08:00:52.904 I/ ( 0): register_lock_class+0x4d0/0x5c8
01-01 08:00:52.904 I/ ( 0): __lock_acquire+0xbc/0x1e58
01-01 08:00:52.904 I/ ( 0): lock_acquire+0x1cc/0x218
01-01 08:00:52.904 I/ ( 0): _raw_spin_lock_irqsave+0x54/0x98
01-01 08:00:52.904 I/ ( 0): ion_system_secure_heap_prefetch_work+0x94/0x2c0
01-01 08:00:52.904 I/ ( 0): process_one_work+0x38c/0x660
01-01 08:00:52.904 I/ ( 0): worker_thread+0x268/0x4b8
01-01 08:00:52.904 I/ ( 0): kthread+0x140/0x150
01-01 08:00:52.904 I/ ( 0): ret_from_fork+0x10/0x1c
01-01 08:00:52.909 E/ ( 0): INFO: trying to register non-static key.
01-01 08:00:52.909 E/ ( 0): the code is fine but needs lockdep annotation.
01-01 08:00:52.909 I/ ( 0): CPU: 7 PID: 1009 Comm: kworker/u16:18 Tainted: G S W O 4.19.157+ #1
01-01 08:00:52.909 I/Hardware name( 0): Qualcomm Technologies, Inc. kona MTP-RmPM8150b. VX1(MCE) EVT1 (DT)
01-01 08:00:52.909 I/Workqueue( 0): events_unbound ion_system_secure_heap_prefetch_work
01-01 08:00:52.909 I/Call trace( 0):
01-01 08:00:52.909 I/ ( 0): dump_backtrace+0x0/0x258
01-01 08:00:52.909 I/ ( 0): show_stack+0x20/0x30
01-01 08:00:52.909 I/ ( 0): dump_stack+0xd8/0x12c
01-01 08:00:52.909 I/ ( 0): register_lock_class+0x4d0/0x5c8
01-01 08:00:52.909 I/ ( 0): __lock_acquire+0xbc/0x1e58
01-01 08:00:52.909 I/ ( 0): lock_acquire+0x1cc/0x218
01-01 08:00:52.909 I/ ( 0): _raw_spin_lock_irqsave+0x54/0x98
01-01 08:00:52.909 I/ ( 0): ion_system_secure_heap_prefetch_work+0x94/0x2c0
01-01 08:00:52.909 I/ ( 0): process_one_work+0x38c/0x660
01-01 08:00:52.909 I/ ( 0): worker_thread+0x268/0x4b8
01-01 08:00:52.909 I/ ( 0): kthread+0x140/0x150
01-01 08:00:52.909 I/ ( 0): ret_from_fork+0x10/0x1c
01-01 08:00:52.915 E/ ( 0): INFO: trying to register non-static key.
01-01 08:00:52.915 E/ ( 0): the code is fine but needs lockdep annotation.
01-01 08:00:52.915 I/ ( 0): CPU: 7 PID: 1009 Comm: kworker/u16:18 Tainted: G S W O 4.19.157+ #1
01-01 08:00:52.915 I/Hardware name( 0): Qualcomm Technologies, Inc. kona MTP-RmPM8150b. VX1(MCE) EVT1 (DT)
01-01 08:00:52.915 I/Workqueue( 0): events_unbound ion_system_secure_heap_prefetch_work
01-01 08:00:52.915 I/Call trace( 0):
01-01 08:00:52.915 I/ ( 0): dump_backtrace+0x0/0x258
01-01 08:00:52.915 I/ ( 0): show_stack+0x20/0x30
01-01 08:00:52.915 I/ ( 0): dump_stack+0xd8/0x12c
01-01 08:00:52.915 I/ ( 0): register_lock_class+0x4d0/0x5c8
01-01 08:00:52.915 I/ ( 0): __lock_acquire+0xbc/0x1e58
01-01 08:00:52.915 I/ ( 0): lock_acquire+0x1cc/0x218
01-01 08:00:52.915 I/ ( 0): _raw_spin_lock_irqsave+0x54/0x98
01-01 08:00:52.915 I/ ( 0): ion_system_secure_heap_prefetch_work+0x94/0x2c0
01-01 08:00:52.915 I/ ( 0): process_one_work+0x38c/0x660
01-01 08:00:52.915 I/ ( 0): worker_thread+0x268/0x4b8
01-01 08:00:52.915 I/ ( 0): kthread+0x140/0x150
01-01 08:00:52.915 I/ ( 0): ret_from_fork+0x10/0x1c
01-01 08:00:52.923 E/ ( 0): INFO: trying to register non-static key.
04-04 04:29:53.667 D/SystemServerTiming( 1145): showSystemReadyErrorDialogs took to complete: 62ms
04-04 04:29:53.667 I/SystemServerTiming( 1145): sendUserStartBroadcast
04-04 04:29:53.667 D/SystemServerTiming( 1145): sendUserStartBroadcast took to complete: 0ms
04-04 04:29:53.667 I/SystemServerTiming( 1145): resumeTopActivities
04-04 04:29:53.668 D/SystemServerTiming( 1145): resumeTopActivities took to complete: 1ms
04-04 04:29:53.668 I/SystemServerTiming( 1145): sendUserSwitchBroadcasts
04-04 04:29:53.668 D/SystemServerTiming( 1145): sendUserSwitchBroadcasts took to complete: 0ms
04-04 04:29:53.669 I/SystemServerTiming( 1145): setBinderProxies
04-04 04:29:53.669 D/SystemServerTiming( 1145): setBinderProxies took to complete: 0ms
04-04 04:29:53.669 D/SystemServerTiming( 1145): ActivityManagerStartApps took to complete: 341ms
04-04 04:29:53.669 D/SystemServerTiming( 1145): PhaseActivityManagerReady took to complete: 1072ms
04-04 04:29:53.669 I/SystemServerTiming( 1145): StartSystemUI
04-04 04:29:53.669 W/ActivityManager( 1145): Slow operation: 223ms so far, now at startProcess: done updating battery stats
04-04 04:29:53.669 W/ActivityManager( 1145): Slow operation: 223ms so far, now at startProcess: building log message
01-01 08:00:52.951 I/msm_vidc( 0): high: 00000001: ....e: Opening video instance: ffffffcf23030000, 0
01-01 08:00:52.954 E/ ( 0): the code is fine but needs lockdep annotation.
01-01 08:00:52.954 I/ ( 0): CPU: 7 PID: 1009 Comm: kworker/u16:18 Tainted: G S W O 4.19.157+ #1
01-01 08:00:52.954 I/Hardware name( 0): Qualcomm Technologies, Inc. kona MTP-RmPM8150b. VX1(MCE) EVT1 (DT)
01-01 08:00:52.954 I/Workqueue( 0): events_unbound ion_system_secure_heap_prefetch_work
01-01 08:00:52.954 I/Call trace( 0):
01-01 08:00:52.954 I/ ( 0): dump_backtrace+0x0/0x258
01-01 08:00:52.954 I/ ( 0): show_stack+0x20/0x30
01-01 08:00:52.954 I/ ( 0): dump_stack+0xd8/0x12c
01-01 08:00:52.954 I/ ( 0): register_lock_class+0x4d0/0x5c8
01-01 08:00:52.954 I/ ( 0): __lock_acquire+0xbc/0x1e58
01-01 08:00:52.954 I/ ( 0): lock_acquire+0x1cc/0x218
01-01 08:00:52.954 I/ ( 0): _raw_spin_lock_irqsave+0x54/0x98
01-01 08:00:52.954 I/ ( 0): ion_system_secure_heap_prefetch_work+0x94/0x2c0
01-01 08:00:52.954 I/ ( 0): process_one_work+0x38c/0x660
01-01 08:00:52.954 I/ ( 0): worker_thread+0x268/0x4b8
01-01 08:00:52.954 I/ ( 0): kthread+0x140/0x150
01-01 08:00:52.954 I/ ( 0): ret_from_fork+0x10/0x1c
04-04 04:29:53.669 I/ActivityManager( 1145): Start proc 2118:com.thundercomm.gamemode/1000 for added application com.thundercomm.gamemode
04-04 04:29:53.670 W/ActivityManager( 1145): Slow operation: 223ms so far, now at startProcess: starting to update pids map
04-04 04:29:53.670 W/ActivityManager( 1145): Slow operation: 224ms so far, now at startProcess: done updating pids map
04-04 04:29:53.670 W/ActivityManager( 1145): Slow operation: 222ms so far, now at startProcess: asking zygote to start proc
01-01 08:00:52.975 E/ ( 0): INFO: trying to register non-static key.
04-04 04:29:53.700 W/ContextImpl( 1145): Calling a method in the system process without a qualified user: android.app.ContextImpl.bindService:1895 android.content.ContextWrapper.bindService:810 com.qualcomm.qti.activityextension.ActivityNotifier.bindToDynamicDDSService:103 com.qualcomm.qti.activityextension.ActivityNotifier.handleSendActivityInvokeNotification:184 com.qualcomm.qti.activityextension.ActivityNotifier.access$300:26
04-04 04:29:53.701 D/CompatibilityChangeReporter( 1145): Compat change id reported: 135634846; UID 1000; state: DISABLED
04-04 04:29:53.701 D/CompatibilityChangeReporter( 1145): Compat change id reported: 177438394; UID 1000; state: DISABLED
04-04 04:29:53.701 D/CompatibilityChangeReporter( 1145): Compat change id reported: 135772972; UID 1000; state: DISABLED
04-04 04:29:53.701 D/CompatibilityChangeReporter( 1145): Compat change id reported: 135754954; UID 1000; state: ENABLED
04-04 04:29:53.706 D/SystemServerTiming( 1145): StartSystemUI took to complete: 36ms
04-04 04:29:53.706 I/SystemServerTiming( 1145): startMicroService
04-04 04:29:53.706 D/SystemServerTiming( 1145): startMicroService took to complete: 1ms
04-04 04:29:53.706 I/SystemServerTiming( 1145): startRemoteControlService
04-04 04:29:53.706 D/SystemServerTiming( 1145): startRemoteControlService took to complete: 0ms
04-04 04:29:53.707 I/SystemServerTiming( 1145): startTcService
04-04 04:29:53.715 W/ActivityManager( 1145): Slow operation: 267ms so far, now at startProcess: returned from zygote!
04-04 04:29:53.715 W/ActivityManager( 1145): Slow operation: 267ms so far, now at startProcess: done updating battery stats
04-04 04:29:53.715 W/ActivityManager( 1145): Slow operation: 267ms so far, now at startProcess: building log message
04-04 04:29:53.715 I/ActivityManager( 1145): Start proc 2166:com.thundercomm.microservice/1000 for added application com.thundercomm.microservice
04-04 04:29:53.715 W/ActivityManager( 1145): Slow operation: 267ms so far, now at startProcess: starting to update pids map
04-04 04:29:53.716 W/ActivityManager( 1145): Slow operation: 268ms so far, now at startProcess: done updating pids map
04-04 04:29:53.716 W/ActivityManager( 1145): Slow operation: 267ms so far, now at startProcess: asking zygote to start proc
04-04 04:29:53.717 D/SystemServerTiming( 1145): startTcService took to complete: 10ms
04-04 04:29:53.717 I/SystemServerTiming( 1145): startBoostPerfService
01-01 08:00:52.978 E/init ( 0): Control message: Could not find 'vendor.qti.hardware.iop@2.0::IIop/default' for ctl.interface_start from pid: 515 (/system/bin/hwservicemanager)
01-01 08:00:52.981 E/ ( 0): the code is fine but needs lockdep annotation.
01-01 08:00:52.981 I/ ( 0): CPU: 0 PID: 1009 Comm: kworker/u16:18 Tainted: G S W O 4.19.157+ #1
01-01 08:00:52.981 I/Hardware name( 0): Qualcomm Technologies, Inc. kona MTP-RmPM8150b. VX1(MCE) EVT1 (DT)
01-01 08:00:52.981 I/Workqueue( 0): events_unbound ion_system_secure_heap_prefetch_work
01-01 08:00:52.981 I/Call trace( 0):
01-01 08:00:52.981 I/ ( 0): dump_backtrace+0x0/0x258
01-01 08:00:52.981 I/ ( 0): show_stack+0x20/0x30
01-01 08:00:52.981 I/ ( 0): dump_stack+0xd8/0x12c
01-01 08:00:52.981 I/ ( 0): register_lock_class+0x4d0/0x5c8
01-01 08:00:52.981 I/ ( 0): __lock_acquire+0xbc/0x1e58
01-01 08:00:52.981 I/ ( 0): lock_acquire+0x1cc/0x218
01-01 08:00:52.981 I/ ( 0): _raw_spin_lock_irqsave+0x54/0x98
01-01 08:00:52.981 I/ ( 0): ion_system_secure_heap_prefetch_work+0x94/0x2c0
01-01 08:00:52.981 I/ ( 0): process_one_work+0x38c/0x660
01-01 08:00:52.981 I/ ( 0): worker_thread+0x268/0x4b8
01-01 08:00:52.986 I/msm_vidc( 0): high: 00000001: h265e: Closed video instance: ffffffcf23030000
01-01 08:00:53.001 I/ ( 0): kthread+0x140/0x150
01-01 08:00:53.001 I/ ( 0): ret_from_fork+0x10/0x1c
01-01 08:00:53.021 E/ ( 0): INFO: trying to register non-static key.
01-01 08:00:53.027 E/ ( 0): the code is fine but needs lockdep annotation.
01-01 08:00:53.032 I/ ( 0): CPU: 0 PID: 1009 Comm: kworker/u16:18 Tainted: G S W O 4.19.157+ #1
01-01 08:00:53.032 I/Hardware name( 0): Qualcomm Technologies, Inc. kona MTP-RmPM8150b. VX1(MCE) EVT1 (DT)
01-01 08:00:53.032 I/Workqueue( 0): events_unbound ion_system_secure_heap_prefetch_work
01-01 08:00:53.032 I/Call trace( 0):
01-01 08:00:53.032 I/ ( 0): dump_backtrace+0x0/0x258
01-01 08:00:53.032 I/ ( 0): show_stack+0x20/0x30
01-01 08:00:53.032 I/ ( 0): dump_stack+0xd8/0x12c
01-01 08:00:53.032 I/ ( 0): register_lock_class+0x4d0/0x5c8
01-01 08:00:53.032 I/ ( 0): __lock_acquire+0xbc/0x1e58
01-01 08:00:53.032 I/ ( 0): lock_acquire+0x1cc/0x218
01-01 08:00:53.032 I/ ( 0): _raw_spin_lock_irqsave+0x54/0x98
01-01 08:00:53.032 I/ ( 0): ion_system_secure_heap_prefetch_work+0x94/0x2c0
01-01 08:00:53.032 I/ ( 0): process_one_work+0x38c/0x660
01-01 08:00:53.032 I/ ( 0): worker_thread+0x268/0x4b8
01-01 08:00:53.032 I/ ( 0): kthread+0x140/0x150
01-01 08:00:53.032 I/ ( 0): ret_from_fork+0x10/0x1c
04-04 04:29:53.718 D/SystemServerTiming( 1145): startBoostPerfService took to complete: 2ms
04-04 04:29:53.718 D/SystemServerTiming( 1145): startOtherServices took to complete: 3922ms
04-04 04:29:53.718 D/SystemServerTiming( 1145): StartServices took to complete: 7723ms
04-04 04:29:53.719 W/ContextImpl( 1145): Calling a method in the system process without a qualified user: android.app.ContextImpl.bindService:1895 android.content.ContextWrapper.bindService:810 com.qualcomm.qti.activityextension.ActivityNotifier.bindToDynamicDDSService:103 com.qualcomm.qti.activityextension.ActivityNotifier.handleSendActivityInvokeNotification:184 com.qualcomm.qti.activityextension.ActivityNotifier.access$300:26
04-04 04:29:53.731 W/Looper ( 1145): Slow delivery took 6261ms main h=android.app.PropertyInvalidatedCache$AutoCorker$1 c=null m=0
01-01 08:00:53.053 E/ ( 0): INFO: trying to register non-static key.
04-04 04:29:53.751 W/ActivityManager( 1145): Slow operation: 302ms so far, now at startProcess: returned from zygote!
04-04 04:29:53.752 W/ActivityManager( 1145): Slow operation: 302ms so far, now at startProcess: done updating battery stats
04-04 04:29:53.752 W/ActivityManager( 1145): Slow operation: 303ms so far, now at startProcess: building log message
04-04 04:29:53.752 I/ActivityManager( 1145): Start proc 2178:com.thundercomm.microsettings/1000 for added application com.thundercomm.microsettings
04-04 04:29:53.752 W/ActivityManager( 1145): Slow operation: 303ms so far, now at startProcess: starting to update pids map
04-04 04:29:53.753 W/ActivityManager( 1145): Slow operation: 303ms so far, now at startProcess: done updating pids map
04-04 04:29:53.753 W/ActivityManager( 1145): Slow operation: 303ms so far, now at startProcess: asking zygote to start proc
04-04 04:29:53.769 D/ConditionProviders.SCP( 1145): onConnected
04-04 04:29:53.802 W/ActivityManager( 1145): Slow operation: 351ms so far, now at startProcess: returned from zygote!
04-04 04:29:53.802 W/ActivityManager( 1145): Slow operation: 352ms so far, now at startProcess: done updating battery stats
04-04 04:29:53.802 W/ActivityManager( 1145): Slow operation: 352ms so far, now at startProcess: building log message
04-04 04:29:53.802 I/ActivityManager( 1145): Start proc 2204:.dataservices/1001 for added application .dataservices
04-04 04:29:53.802 W/ActivityManager( 1145): Slow operation: 352ms so far, now at startProcess: starting to update pids map
01-01 08:00:53.058 E/ ( 0): the code is fine but needs lockdep annotation.
01-01 08:00:53.064 I/ ( 0): CPU: 0 PID: 1009 Comm: kworker/u16:18 Tainted: G S W O 4.19.157+ #1
01-01 08:00:53.064 I/Hardware name( 0): Qualcomm Technologies, Inc. kona MTP-RmPM8150b. VX1(MCE) EVT1 (DT)
01-01 08:00:53.064 I/Workqueue( 0): events_unbound ion_system_secure_heap_prefetch_work
01-01 08:00:53.064 I/Call trace( 0):
01-01 08:00:53.064 I/ ( 0): dump_backtrace+0x0/0x258
01-01 08:00:53.064 I/ ( 0): show_stack+0x20/0x30
01-01 08:00:53.064 I/ ( 0): dump_stack+0xd8/0x12c
01-01 08:00:53.064 I/ ( 0): register_lock_class+0x4d0/0x5c8
01-01 08:00:53.064 I/ ( 0): __lock_acquire+0xbc/0x1e58
01-01 08:00:53.064 I/ ( 0): lock_acquire+0x1cc/0x218
01-01 08:00:53.064 I/ ( 0): _raw_spin_lock_irqsave+0x54/0x98
01-01 08:00:53.064 I/ ( 0): ion_system_secure_heap_prefetch_work+0x94/0x2c0
01-01 08:00:53.064 I/ ( 0): process_one_work+0x38c/0x660
01-01 08:00:53.064 I/ ( 0): worker_thread+0x268/0x4b8
01-01 08:00:53.064 I/ ( 0): kthread+0x140/0x150
01-01 08:00:53.064 I/ ( 0): ret_from_fork+0x10/0x1c
01-01 08:00:53.080 I/binder ( 0): 2166:2166 ioctl 40046210 7fd3d8b3a4 returned -22
01-01 08:00:53.086 E/ ( 0): INFO: trying to register non-static key.
01-01 08:00:53.091 E/ ( 0): the code is fine but needs lockdep annotation.
01-01 08:00:53.095 I/binder ( 0): 2178:2178 ioctl 40046210 7fd3d8b3a4 returned -22
01-01 08:00:53.097 I/ ( 0): CPU: 0 PID: 1009 Comm: kworker/u16:18 Tainted: G S W O 4.19.157+ #1
01-01 08:00:53.097 I/Hardware name( 0): Qualcomm Technologies, Inc. kona MTP-RmPM8150b. VX1(MCE) EVT1 (DT)
01-01 08:00:53.097 I/Workqueue( 0): events_unbound ion_system_secure_heap_prefetch_work
01-01 08:00:53.097 I/Call trace( 0):
01-01 08:00:53.097 I/ ( 0): dump_backtrace+0x0/0x258
01-01 08:00:53.097 I/ ( 0): show_stack+0x20/0x30
01-01 08:00:53.097 I/ ( 0): dump_stack+0xd8/0x12c
01-01 08:00:53.097 I/ ( 0): register_lock_class+0x4d0/0x5c8
01-01 08:00:53.097 I/ ( 0): __lock_acquire+0xbc/0x1e58
01-01 08:00:53.097 I/ ( 0): lock_acquire+0x1cc/0x218
01-01 08:00:53.097 I/ ( 0): _raw_spin_lock_irqsave+0x54/0x98
01-01 08:00:53.097 I/ ( 0): ion_system_secure_heap_prefetch_work+0x94/0x2c0
01-01 08:00:53.097 I/ ( 0): process_one_work+0x38c/0x660
01-01 08:00:53.097 I/ ( 0): worker_thread+0x268/0x4b8
01-01 08:00:53.097 I/ ( 0): kthread+0x140/0x150
01-01 08:00:53.097 I/ ( 0): ret_from_fork+0x10/0x1c
01-01 08:00:53.117 E/ ( 0): INFO: trying to register non-static key.
04-04 04:29:53.803 W/ActivityManager( 1145): Slow operation: 353ms so far, now at startProcess: done updating pids map
04-04 04:29:53.803 W/ActivityManager( 1145): Slow operation: 348ms so far, now at startProcess: asking zygote to start proc
04-04 04:29:53.804 D/CompatibilityChangeReporter( 1145): Compat change id reported: 143937733; UID 10059; state: DISABLED
04-04 04:29:53.810 I/GameModeConfig( 1145): isGameModeOn = false
04-04 04:29:53.811 D/ConditionProviders( 1145): Subscribing to condition://android/event?userId=-10000&calendar=&reply=1 with ComponentInfo{android/com.android.server.notification.EventConditionProvider}
04-04 04:29:53.811 D/ConditionProviders( 1145): Subscribing to condition://android/schedule?days=1.2.3.4.5.6.7&start=22.0&end=7.0&exitAtAlarm=true with ComponentInfo{android/com.android.server.notification.ScheduleConditionProvider}
01-01 08:00:53.122 E/ ( 0): the code is fine but needs lockdep annotation.
01-01 08:00:53.128 I/ ( 0): CPU: 0 PID: 1009 Comm: kworker/u16:18 Tainted: G S W O 4.19.157+ #1
01-01 08:00:53.128 I/Hardware name( 0): Qualcomm Technologies, Inc. kona MTP-RmPM8150b. VX1(MCE) EVT1 (DT)
01-01 08:00:53.128 I/Workqueue( 0): events_unbound ion_system_secure_heap_prefetch_work
01-01 08:00:53.128 I/Call trace( 0):
01-01 08:00:53.128 I/ ( 0): dump_backtrace+0x0/0x258
01-01 08:00:53.128 I/ ( 0): show_stack+0x20/0x30
01-01 08:00:53.128 I/ ( 0): dump_stack+0xd8/0x12c
01-01 08:00:53.128 I/ ( 0): register_lock_class+0x4d0/0x5c8
04-04 04:29:53.837 D/CompatibilityChangeReporter( 1145): Compat change id reported: 135634846; UID 10098; state: DISABLED
04-04 04:29:53.837 D/CompatibilityChangeReporter( 1145): Compat change id reported: 177438394; UID 10098; state: DISABLED
04-04 04:29:53.838 D/CompatibilityChangeReporter( 1145): Compat change id reported: 135772972; UID 10098; state: DISABLED
04-04 04:29:53.838 D/CompatibilityChangeReporter( 1145): Compat change id reported: 135754954; UID 10098; state: ENABLED
04-04 04:29:53.841 D/CompatibilityChangeReporter( 1145): Compat change id reported: 168419799; UID 1000; state: DISABLED
04-04 04:29:53.843 D/CompatibilityChangeReporter( 1145): Compat change id reported: 181136395; UID 1000; state: DISABLED
04-04 04:29:53.844 D/CompatibilityChangeReporter( 1145): Compat change id reported: 174042936; UID 1000; state: DISABLED
04-04 04:29:53.846 D/CompatibilityChangeReporter( 1145): Compat change id reported: 168419799; UID 1000; state: DISABLED
04-04 04:29:53.848 W/ActivityManager( 1145): Slow operation: 393ms so far, now at startProcess: returned from zygote!
04-04 04:29:53.848 W/ActivityManager( 1145): Slow operation: 393ms so far, now at startProcess: done updating battery stats
04-04 04:29:53.849 W/ActivityManager( 1145): Slow operation: 393ms so far, now at startProcess: building log message
04-04 04:29:53.849 I/ActivityManager( 1145): Start proc 2222:.qtidataservices/u0a59 for added application .qtidataservices
04-04 04:29:53.849 W/ActivityManager( 1145): Slow operation: 393ms so far, now at startProcess: starting to update pids map
04-04 04:29:53.849 W/ActivityManager( 1145): Slow operation: 394ms so far, now at startProcess: done updating pids map
04-04 04:29:53.849 W/ActivityManager( 1145): Slow operation: 388ms so far, now at startProcess: asking zygote to start proc
04-04 04:29:53.863 I/GameModeConfig( 1145): isGameModeOn = false
01-01 08:00:53.128 I/ ( 0): __lock_acquire+0xbc/0x1e58
01-01 08:00:53.128 I/ ( 0): lock_acquire+0x1cc/0x218
01-01 08:00:53.128 I/ ( 0): _raw_spin_lock_irqsave+0x54/0x98
01-01 08:00:53.128 I/ ( 0): ion_system_secure_heap_prefetch_work+0x94/0x2c0
01-01 08:00:53.128 I/ ( 0): process_one_work+0x38c/0x660
01-01 08:00:53.128 I/ ( 0): worker_thread+0x268/0x4b8
01-01 08:00:53.128 I/ ( 0): kthread+0x140/0x150
01-01 08:00:53.128 I/ ( 0): ret_from_fork+0x10/0x1c
01-01 08:00:53.151 I/msm_vidc( 0): high: 00000001: ....e: Opening video instance: ffffffce8eae0000, 0
01-01 08:00:53.152 E/ ( 0): INFO: trying to register non-static key.
01-01 08:00:53.153 I/msm_vidc( 0): err : 00000001: ....e: msm_vidc_comm_update_ctrl: failed: control name Ltr Count, min 0, max 0, step 0, default_value 0
01-01 08:00:53.157 E/ ( 0): the code is fine but needs lockdep annotation.
01-01 08:00:53.157 I/ ( 0): CPU: 0 PID: 1009 Comm: kworker/u16:18 Tainted: G S W O 4.19.157+ #1
01-01 08:00:53.157 I/Hardware name( 0): Qualcomm Technologies, Inc. kona MTP-RmPM8150b. VX1(MCE) EVT1 (DT)
01-01 08:00:53.157 I/Workqueue( 0): events_unbound ion_system_secure_heap_prefetch_work
01-01 08:00:53.157 I/Call trace( 0):
01-01 08:00:53.157 I/ ( 0): dump_backtrace+0x0/0x258
01-01 08:00:53.157 I/ ( 0): show_stack+0x20/0x30
01-01 08:00:53.157 I/ ( 0): dump_stack+0xd8/0x12c
01-01 08:00:53.163 I/ ( 0): register_lock_class+0x4d0/0x5c8
01-01 08:00:53.163 I/ ( 0): __lock_acquire+0xbc/0x1e58
01-01 08:00:53.163 I/ ( 0): lock_acquire+0x1cc/0x218
01-01 08:00:53.163 I/ ( 0): _raw_spin_lock_irqsave+0x54/0x98
01-01 08:00:53.163 I/ ( 0): ion_system_secure_heap_prefetch_work+0x94/0x2c0
01-01 08:00:53.163 I/ ( 0): process_one_work+0x38c/0x660
01-01 08:00:53.163 I/ ( 0): worker_thread+0x268/0x4b8
01-01 08:00:53.163 I/ ( 0): kthread+0x140/0x150
01-01 08:00:53.163 I/ ( 0): ret_from_fork+0x10/0x1c
01-01 08:00:53.183 I/msm_vidc( 0): high: 00000001: vp8e: Closed video instance: ffffffce8eae0000
01-01 08:00:53.187 E/ ( 0): INFO: trying to register non-static key.
01-01 08:00:53.192 E/ ( 0): the code is fine but needs lockdep annotation.
01-01 08:00:53.198 I/ ( 0): CPU: 0 PID: 1009 Comm: kworker/u16:18 Tainted: G S W O 4.19.157+ #1
01-01 08:00:53.198 I/Hardware name( 0): Qualcomm Technologies, Inc. kona MTP-RmPM8150b. VX1(MCE) EVT1 (DT)
01-01 08:00:53.198 I/Workqueue( 0): events_unbound ion_system_secure_heap_prefetch_work
01-01 08:00:53.198 I/Call trace( 0):
01-01 08:00:53.198 I/ ( 0): dump_backtrace+0x0/0x258
01-01 08:00:53.198 I/ ( 0): show_stack+0x20/0x30
01-01 08:00:53.198 I/ ( 0): dump_stack+0xd8/0x12c
01-01 08:00:53.198 I/ ( 0): register_lock_class+0x4d0/0x5c8
01-01 08:00:53.198 I/ ( 0): __lock_acquire+0xbc/0x1e58
01-01 08:00:53.198 I/ ( 0): lock_acquire+0x1cc/0x218
01-01 08:00:53.198 I/ ( 0): _raw_spin_lock_irqsave+0x54/0x98
01-01 08:00:53.198 I/ ( 0): ion_system_secure_heap_prefetch_work+0x94/0x2c0
01-01 08:00:53.198 I/ ( 0): process_one_work+0x38c/0x660
01-01 08:00:53.198 I/ ( 0): worker_thread+0x268/0x4b8
01-01 08:00:53.198 I/ ( 0): kthread+0x140/0x150
01-01 08:00:53.198 I/ ( 0): ret_from_fork+0x10/0x1c
01-01 08:00:53.214 I/binder ( 0): 2204:2204 ioctl 40046210 7fd3d8b3a4 returned -22
01-01 08:00:53.223 E/ ( 0): INFO: trying to register non-static key.
01-01 08:00:53.229 E/ ( 0): the code is fine but needs lockdep annotation.
01-01 08:00:53.234 I/ ( 0): CPU: 7 PID: 1009 Comm: kworker/u16:18 Tainted: G S W O 4.19.157+ #1
01-01 08:00:53.234 I/Hardware name( 0): Qualcomm Technologies, Inc. kona MTP-RmPM8150b. VX1(MCE) EVT1 (DT)
01-01 08:00:53.234 I/Workqueue( 0): events_unbound ion_system_secure_heap_prefetch_work
01-01 08:00:53.234 I/Call trace( 0):
01-01 08:00:53.234 I/ ( 0): dump_backtrace+0x0/0x258
01-01 08:00:53.234 I/ ( 0): show_stack+0x20/0x30
01-01 08:00:53.234 I/ ( 0): dump_stack+0xd8/0x12c
01-01 08:00:53.234 I/ ( 0): register_lock_class+0x4d0/0x5c8
01-01 08:00:53.234 I/ ( 0): __lock_acquire+0xbc/0x1e58
01-01 08:00:53.234 I/ ( 0): lock_acquire+0x1cc/0x218
01-01 08:00:53.234 I/ ( 0): _raw_spin_lock_irqsave+0x54/0x98
01-01 08:00:53.234 I/ ( 0): ion_system_secure_heap_prefetch_work+0x94/0x2c0
01-01 08:00:53.234 I/ ( 0): process_one_work+0x38c/0x660
01-01 08:00:53.234 I/ ( 0): worker_thread+0x268/0x4b8
01-01 08:00:53.234 I/ ( 0): kthread+0x140/0x150
01-01 08:00:53.234 I/ ( 0): ret_from_fork+0x10/0x1c
01-01 08:00:53.276 E/ ( 0): INFO: trying to register non-static key.
01-01 08:00:53.281 E/init ( 0): Control message: Could not find 'vendor.qti.hardware.iop@2.0::IIop/default' for ctl.interface_start from pid: 515 (/system/bin/hwservicemanager)
01-01 08:00:53.281 E/ ( 0): the code is fine but needs lockdep annotation.
01-01 08:00:53.281 I/ ( 0): CPU: 7 PID: 1009 Comm: kworker/u16:18 Tainted: G S W O 4.19.157+ #1
01-01 08:00:53.281 I/Hardware name( 0): Qualcomm Technologies, Inc. kona MTP-RmPM8150b. VX1(MCE) EVT1 (DT)
01-01 08:00:53.281 I/Workqueue( 0): events_unbound ion_system_secure_heap_prefetch_work
01-01 08:00:53.281 I/Call trace( 0):
01-01 08:00:53.281 I/ ( 0): dump_backtrace+0x0/0x258
01-01 08:00:53.281 I/ ( 0): show_stack+0x20/0x30
01-01 08:00:53.281 I/ ( 0): dump_stack+0xd8/0x12c
01-01 08:00:53.281 I/ ( 0): register_lock_class+0x4d0/0x5c8
01-01 08:00:53.281 I/ ( 0): __lock_acquire+0xbc/0x1e58
04-04 04:29:53.967 D/CompatibilityChangeReporter( 1145): Compat change id reported: 182478738; UID 1073; state: DISABLED
04-04 04:29:53.977 D/CompatibilityChangeReporter( 1145): Compat change id reported: 135634846; UID 10068; state: DISABLED
04-04 04:29:53.977 D/CompatibilityChangeReporter( 1145): Compat change id reported: 177438394; UID 10068; state: DISABLED
04-04 04:29:53.977 D/CompatibilityChangeReporter( 1145): Compat change id reported: 135772972; UID 10068; state: DISABLED
04-04 04:29:53.977 D/CompatibilityChangeReporter( 1145): Compat change id reported: 135754954; UID 10068; state: ENABLED
04-04 04:29:53.989 D/CompatibilityChangeReporter( 1145): Compat change id reported: 168419799; UID 1001; state: DISABLED
04-04 04:29:54.002 D/CompatibilityChangeReporter( 1145): Compat change id reported: 168419799; UID 1001; state: DISABLED
04-04 04:29:54.003 I/ActivityManager( 1145): Process WebViewLoader-armeabi-v7a (pid 2032) has died: psvc PER
01-01 08:00:53.281 I/ ( 0): lock_acquire+0x1cc/0x218
01-01 08:00:53.281 I/ ( 0): _raw_spin_lock_irqsave+0x54/0x98
01-01 08:00:53.281 I/ ( 0): ion_system_secure_heap_prefetch_work+0x94/0x2c0
01-01 08:00:53.281 I/ ( 0): process_one_work+0x38c/0x660
01-01 08:00:53.281 I/ ( 0): worker_thread+0x268/0x4b8
01-01 08:00:53.281 I/ ( 0): kthread+0x140/0x150
01-01 08:00:53.281 I/ ( 0): ret_from_fork+0x10/0x1c
01-01 08:00:53.297 I/binder ( 0): 1224:1224 ioctl 40046210 7feb66e1d4 returned -22
04-04 04:29:54.041 D/CompatibilityChangeReporter( 1145): Compat change id reported: 171306433; UID 1000; state: ENABLED
04-04 04:29:54.066 D/CompatibilityChangeReporter( 1145): Compat change id reported: 168419799; UID 10059; state: DISABLED
01-01 08:00:53.306 I/binder ( 0): 2222:2222 ioctl 40046210 7fd3d8b3a4 returned -22
01-01 08:00:53.327 E/ ( 0): INFO: trying to register non-static key.
01-01 08:00:53.332 E/ ( 0): the code is fine but needs lockdep annotation.
01-01 08:00:53.338 I/ ( 0): CPU: 7 PID: 1009 Comm: kworker/u16:18 Tainted: G S W O 4.19.157+ #1
01-01 08:00:53.338 I/Hardware name( 0): Qualcomm Technologies, Inc. kona MTP-RmPM8150b. VX1(MCE) EVT1 (DT)
01-01 08:00:53.338 I/Workqueue( 0): events_unbound ion_system_secure_heap_prefetch_work
01-01 08:00:53.338 I/Call trace( 0):
01-01 08:00:53.338 I/ ( 0): dump_backtrace+0x0/0x258
01-01 08:00:53.338 I/ ( 0): show_stack+0x20/0x30
01-01 08:00:53.338 I/ ( 0): dump_stack+0xd8/0x12c
01-01 08:00:53.338 I/ ( 0): register_lock_class+0x4d0/0x5c8
01-01 08:00:53.338 I/ ( 0): __lock_acquire+0xbc/0x1e58
01-01 08:00:53.338 I/ ( 0): lock_acquire+0x1cc/0x218
01-01 08:00:53.338 I/ ( 0): _raw_spin_lock_irqsave+0x54/0x98
01-01 08:00:53.338 I/ ( 0): ion_system_secure_heap_prefetch_work+0x94/0x2c0
01-01 08:00:53.338 I/ ( 0): process_one_work+0x38c/0x660
01-01 08:00:53.338 I/ ( 0): worker_thread+0x268/0x4b8
01-01 08:00:53.338 I/ ( 0): kthread+0x140/0x150
01-01 08:00:53.338 I/ ( 0): ret_from_fork+0x10/0x1c
01-01 08:00:53.343 E/init ( 0): Control message: Could not find 'vendor.qti.hardware.iop@2.0::IIop/default' for ctl.interface_start from pid: 515 (/system/bin/hwservicemanager)
01-01 08:00:53.348 E/ ( 0): INFO: trying to register non-static key.
01-01 08:00:53.363 E/ ( 0): the code is fine but needs lockdep annotation.
01-01 08:00:53.369 I/ ( 0): CPU: 7 PID: 1009 Comm: kworker/u16:18 Tainted: G S W O 4.19.157+ #1
01-01 08:00:53.369 I/Hardware name( 0): Qualcomm Technologies, Inc. kona MTP-RmPM8150b. VX1(MCE) EVT1 (DT)
01-01 08:00:53.369 I/Workqueue( 0): events_unbound ion_system_secure_heap_prefetch_work
01-01 08:00:53.369 I/Call trace( 0):
01-01 08:00:53.369 I/ ( 0): dump_backtrace+0x0/0x258
01-01 08:00:53.369 I/ ( 0): show_stack+0x20/0x30
01-01 08:00:53.369 I/ ( 0): dump_stack+0xd8/0x12c
01-01 08:00:53.369 I/ ( 0): register_lock_class+0x4d0/0x5c8
01-01 08:00:53.369 I/ ( 0): __lock_acquire+0xbc/0x1e58
01-01 08:00:53.369 I/ ( 0): lock_acquire+0x1cc/0x218
01-01 08:00:53.369 I/ ( 0): _raw_spin_lock_irqsave+0x54/0x98
01-01 08:00:53.369 I/ ( 0): ion_system_secure_heap_prefetch_work+0x94/0x2c0
01-01 08:00:53.369 I/ ( 0): process_one_work+0x38c/0x660
01-01 08:00:53.369 I/ ( 0): worker_thread+0x268/0x4b8
01-01 08:00:53.369 I/ ( 0): kthread+0x140/0x150
01-01 08:00:53.369 I/ ( 0): ret_from_fork+0x10/0x1c
01-01 08:00:53.370 I/binder ( 0): 1971:1971 ioctl 40046210 7fd3d8aa14 returned -22
01-01 08:00:53.373 E/init ( 0): Control message: Could not find 'vendor.qti.hardware.iop@2.0::IIop/default' for ctl.interface_start from pid: 515 (/system/bin/hwservicemanager)
01-01 08:00:53.377 E/ ( 0): INFO: trying to register non-static key.
01-01 08:00:53.393 E/ ( 0): the code is fine but needs lockdep annotation.
04-04 04:29:54.114 W/Looper ( 1145): Slow dispatch took 240ms main h=android.app.ActivityThread$H c=null m=114
04-04 04:29:54.115 I/PackageWatchdog( 1145): Syncing health check requests for packages: {}
04-04 04:29:54.115 I/ExplicitHealthCheckController( 1145): Service not ready to get health check supported packages. Binding...
04-04 04:29:54.116 I/ExplicitHealthCheckController( 1145): Explicit health check service is bound
01-01 08:00:53.398 I/ ( 0): CPU: 7 PID: 1009 Comm: kworker/u16:18 Tainted: G S W O 4.19.157+ #1
01-01 08:00:53.398 I/Hardware name( 0): Qualcomm Technologies, Inc. kona MTP-RmPM8150b. VX1(MCE) EVT1 (DT)
01-01 08:00:53.398 I/Workqueue( 0): events_unbound ion_system_secure_heap_prefetch_work
01-01 08:00:53.398 I/Call trace( 0):
01-01 08:00:53.398 I/ ( 0): dump_backtrace+0x0/0x258
01-01 08:00:53.398 I/ ( 0): show_stack+0x20/0x30
01-01 08:00:53.398 I/ ( 0): dump_stack+0xd8/0x12c
01-01 08:00:53.398 I/ ( 0): register_lock_class+0x4d0/0x5c8
01-01 08:00:53.398 I/ ( 0): __lock_acquire+0xbc/0x1e58
01-01 08:00:53.398 I/ ( 0): lock_acquire+0x1cc/0x218
01-01 08:00:53.398 I/ ( 0): _raw_spin_lock_irqsave+0x54/0x98
01-01 08:00:53.398 I/ ( 0): ion_system_secure_heap_prefetch_work+0x94/0x2c0
01-01 08:00:53.399 I/ ( 0): process_one_work+0x38c/0x660
01-01 08:00:53.399 I/ ( 0): worker_thread+0x268/0x4b8
01-01 08:00:53.399 I/ ( 0): kthread+0x140/0x150
01-01 08:00:53.399 I/ ( 0): ret_from_fork+0x10/0x1c
01-01 08:00:53.408 E/ ( 0): INFO: trying to register non-static key.
01-01 08:00:53.413 E/ ( 0): the code is fine but needs lockdep annotation.
01-01 08:00:53.419 I/ ( 0): CPU: 7 PID: 1009 Comm: kworker/u16:18 Tainted: G S W O 4.19.157+ #1
01-01 08:00:53.419 I/Hardware name( 0): Qualcomm Technologies, Inc. kona MTP-RmPM8150b. VX1(MCE) EVT1 (DT)
01-01 08:00:53.419 I/Workqueue( 0): events_unbound ion_system_secure_heap_prefetch_work
01-01 08:00:53.419 I/Call trace( 0):
01-01 08:00:53.419 I/ ( 0): dump_backtrace+0x0/0x258
01-01 08:00:53.419 I/ ( 0): show_stack+0x20/0x30
01-01 08:00:53.419 I/ ( 0): dump_stack+0xd8/0x12c
01-01 08:00:53.419 I/ ( 0): register_lock_class+0x4d0/0x5c8
01-01 08:00:53.419 I/ ( 0): __lock_acquire+0xbc/0x1e58
01-01 08:00:53.419 I/ ( 0): lock_acquire+0x1cc/0x218
01-01 08:00:53.419 I/ ( 0): _raw_spin_lock_irqsave+0x54/0x98
01-01 08:00:53.419 I/ ( 0): ion_system_secure_heap_prefetch_work+0x94/0x2c0
01-01 08:00:53.419 I/ ( 0): process_one_work+0x38c/0x660
01-01 08:00:53.419 I/ ( 0): worker_thread+0x268/0x4b8
01-01 08:00:53.419 I/ ( 0): kthread+0x140/0x150
01-01 08:00:53.419 I/ ( 0): ret_from_fork+0x10/0x1c
01-01 08:00:53.419 I/cnss-daemon( 0): wlfw_qmi_ind_cb: Receive Ind : 0x2a
01-01 08:00:53.431 E/ ( 0): INFO: trying to register non-static key.
01-01 08:00:53.436 E/ ( 0): the code is fine but needs lockdep annotation.
01-01 08:00:53.442 I/ ( 0): CPU: 7 PID: 1009 Comm: kworker/u16:18 Tainted: G S W O 4.19.157+ #1
01-01 08:00:53.442 I/Hardware name( 0): Qualcomm Technologies, Inc. kona MTP-RmPM8150b. VX1(MCE) EVT1 (DT)
01-01 08:00:53.442 I/Workqueue( 0): events_unbound ion_system_secure_heap_prefetch_work
01-01 08:00:53.442 I/Call trace( 0):
01-01 08:00:53.442 I/ ( 0): dump_backtrace+0x0/0x258
01-01 08:00:53.442 I/ ( 0): show_stack+0x20/0x30
01-01 08:00:53.442 I/ ( 0): dump_stack+0xd8/0x12c
01-01 08:00:53.442 I/ ( 0): register_lock_class+0x4d0/0x5c8
01-01 08:00:53.442 I/ ( 0): __lock_acquire+0xbc/0x1e58
01-01 08:00:53.442 I/ ( 0): lock_acquire+0x1cc/0x218
01-01 08:00:53.442 I/ ( 0): _raw_spin_lock_irqsave+0x54/0x98
01-01 08:00:53.442 I/ ( 0): ion_system_secure_heap_prefetch_work+0x94/0x2c0
01-01 08:00:53.442 I/ ( 0): process_one_work+0x38c/0x660
01-01 08:00:53.442 I/ ( 0): worker_thread+0x268/0x4b8
01-01 08:00:53.442 I/ ( 0): kthread+0x140/0x150
01-01 08:00:53.442 I/ ( 0): ret_from_fork+0x10/0x1c
01-01 08:00:53.457 E/ ( 0): INFO: trying to register non-static key.
01-01 08:00:53.459 E/init ( 0): Control message: Could not find 'vendor.qti.hardware.iop@2.0::IIop/default' for ctl.interface_start from pid: 515 (/system/bin/hwservicemanager)
01-01 08:00:53.462 E/ ( 0): the code is fine but needs lockdep annotation.
01-01 08:00:53.462 I/ ( 0): CPU: 7 PID: 1009 Comm: kworker/u16:18 Tainted: G S W O 4.19.157+ #1
01-01 08:00:53.462 I/Hardware name( 0): Qualcomm Technologies, Inc. kona MTP-RmPM8150b. VX1(MCE) EVT1 (DT)
01-01 08:00:53.462 I/Workqueue( 0): events_unbound ion_system_secure_heap_prefetch_work
01-01 08:00:53.462 I/Call trace( 0):
01-01 08:00:53.462 I/ ( 0): dump_backtrace+0x0/0x258
01-01 08:00:53.462 I/ ( 0): show_stack+0x20/0x30
01-01 08:00:53.462 I/ ( 0): dump_stack+0xd8/0x12c
01-01 08:00:53.462 I/ ( 0): register_lock_class+0x4d0/0x5c8
01-01 08:00:53.462 I/ ( 0): __lock_acquire+0xbc/0x1e58
01-01 08:00:53.462 I/ ( 0): lock_acquire+0x1cc/0x218
01-01 08:00:53.462 I/ ( 0): _raw_spin_lock_irqsave+0x54/0x98
01-01 08:00:53.462 I/ ( 0): ion_system_secure_heap_prefetch_work+0x94/0x2c0
01-01 08:00:53.462 I/ ( 0): process_one_work+0x38c/0x660
01-01 08:00:53.462 I/ ( 0): worker_thread+0x268/0x4b8
01-01 08:00:53.462 I/ ( 0): kthread+0x140/0x150
01-01 08:00:53.462 I/ ( 0): ret_from_fork+0x10/0x1c
04-04 04:29:54.189 W/ActivityManager( 1145): Slow operation: 728ms so far, now at startProcess: returned from zygote!
04-04 04:29:54.189 W/ActivityManager( 1145): Slow operation: 728ms so far, now at startProcess: done updating battery stats
04-04 04:29:54.189 W/ActivityManager( 1145): Slow operation: 728ms so far, now at startProcess: building log message
04-04 04:29:54.189 I/ActivityManager( 1145): Start proc 2319:com.thundercomm.tchttpserver/1000 for added application com.thundercomm.tchttpserver
04-04 04:29:54.189 W/ActivityManager( 1145): Slow operation: 728ms so far, now at startProcess: starting to update pids map
04-04 04:29:54.190 W/ActivityManager( 1145): Slow operation: 729ms so far, now at startProcess: done updating pids map
04-04 04:29:54.190 W/ActivityManager( 1145): Slow operation: 727ms so far, now at startProcess: asking zygote to start proc
01-01 08:00:53.464 E/ ( 0): INFO: trying to register non-static key.
01-01 08:00:53.480 I/binder ( 0): 2204:2318 ioctl 40046210 758b93a344 returned -22
01-01 08:00:53.483 E/ ( 0): the code is fine but needs lockdep annotation.
01-01 08:00:53.483 I/ ( 0): CPU: 7 PID: 1009 Comm: kworker/u16:18 Tainted: G S W O 4.19.157+ #1
01-01 08:00:53.483 I/Hardware name( 0): Qualcomm Technologies, Inc. kona MTP-RmPM8150b. VX1(MCE) EVT1 (DT)
01-01 08:00:53.483 I/Workqueue( 0): events_unbound ion_system_secure_heap_prefetch_work
01-01 08:00:53.483 I/Call trace( 0):
01-01 08:00:53.483 I/ ( 0): dump_backtrace+0x0/0x258
01-01 08:00:53.483 I/ ( 0): show_stack+0x20/0x30
01-01 08:00:53.483 I/ ( 0): dump_stack+0xd8/0x12c
01-01 08:00:53.483 I/ ( 0): register_lock_class+0x4d0/0x5c8
01-01 08:00:53.483 I/ ( 0): __lock_acquire+0xbc/0x1e58
01-01 08:00:53.483 I/ ( 0): lock_acquire+0x1cc/0x218
01-01 08:00:53.483 I/ ( 0): _raw_spin_lock_irqsave+0x54/0x98
01-01 08:00:53.483 I/ ( 0): ion_system_secure_heap_prefetch_work+0x48/0x2c0
01-01 08:00:53.483 I/ ( 0): process_one_work+0x38c/0x660
01-01 08:00:53.483 I/ ( 0): worker_thread+0x33c/0x4b8
01-01 08:00:53.483 I/ ( 0): kthread+0x140/0x150
01-01 08:00:53.483 I/ ( 0): ret_from_fork+0x10/0x1c
04-04 04:29:54.224 W/OneHandedController( 1986): Device doesn't support OneHanded feature
04-04 04:29:54.236 W/ContextImpl( 2178): Calling a method in the system process without a qualified user: android.app.ContextImpl.startService:1816 android.content.ContextWrapper.startService:774 com.thundercomm.microsettings.service.SettingsApplication.onCreate:30 android.app.Instrumentation.callApplicationOnCreate:1212 android.app.ActivityThread.handleBindApplication:6744
04-04 04:29:54.236 W/ActivityManager( 1145): Unable to start service Intent { act=com.thundercomm.microsettings.SETTING_SERVICE pkg=com.thundercomm.microsettings } U=0: not found
04-04 04:29:54.236 W/ContextImpl( 2178): Calling a method in the system process without a qualified user: android.app.ContextImpl.startService:1816 android.content.ContextWrapper.startService:774 com.thundercomm.microsettings.service.SettingsApplication.onCreate:36 android.app.Instrumentation.callApplicationOnCreate:1212 android.app.ActivityThread.handleBindApplication:6744
04-04 04:29:54.237 W/ActivityManager( 1145): Unable to start service Intent { act=com.thundercomm.microsettings.EOL_SERVICE pkg=com.thundercomm.microsettings } U=0: not found
04-04 04:29:54.246 W/ActivityManager( 1145): Slow operation: 783ms so far, now at startProcess: returned from zygote!
04-04 04:29:54.247 W/ActivityManager( 1145): Slow operation: 783ms so far, now at startProcess: done updating battery stats
04-04 04:29:54.247 W/ActivityManager( 1145): Slow operation: 784ms so far, now at startProcess: building log message
04-04 04:29:54.247 I/ActivityManager( 1145): Start proc 2323:com.tc.logclient/1000 for added application com.tc.logclient
04-04 04:29:54.247 W/ActivityManager( 1145): Slow operation: 784ms so far, now at startProcess: starting to update pids map
04-04 04:29:54.247 W/ActivityManager( 1145): Slow operation: 784ms so far, now at startProcess: done updating pids map
04-04 04:29:54.247 W/ActivityManager( 1145): Slow operation: 778ms so far, now at startProcess: asking zygote to start proc
04-04 04:29:54.265 D/MicroServiceManager( 2178): add linkToDeath
04-04 04:29:54.265 D/MicroServiceManager( 2178): bindMicroService: called already get service
04-04 04:29:54.266 I/SystemServerTiming( 1145): ManagedServices.unbindOtherUserServices_current0
04-04 04:29:54.266 I/MicroServiceManager( 2178): addCommonCallbackListener add listener
04-04 04:29:54.266 D/SystemServerTiming( 1145): ManagedServices.unbindOtherUserServices_current0 took to complete: 0ms
04-04 04:29:54.266 I/MicroServiceManager( 2178): addConnectChangedListener add listener
04-04 04:29:54.266 I/SystemServerTiming( 1145): ManagedServices.unbindOtherUserServices_current0
04-04 04:29:54.266 D/SystemServerTiming( 1145): ManagedServices.unbindOtherUserServices_current0 took to complete: 0ms
04-04 04:29:54.267 I/SystemServerTiming( 1145): ManagedServices.unbindOtherUserServices_current0
04-04 04:29:54.267 D/SystemServerTiming( 1145): ManagedServices.unbindOtherUserServices_current0 took to complete: 0ms
04-04 04:29:54.267 V/NotificationAssistants( 1145): enabling notification assistant for 0: ComponentInfo{android.ext.services/android.ext.services.notification.Assistant}
04-04 04:29:54.267 V/NotificationAssistants( 1145): binding: Intent { act=android.service.notification.NotificationAssistantService cmp=android.ext.services/.notification.Assistant (has extras) }
01-01 08:00:53.557 I/msm-dwc3 a800000.ssusb( 0): DWC3 in low power mode
01-01 08:00:53.559 I/msm-dwc3 a600000.ssusb( 0): DWC3 in low power mode
