04-04 04:29:54.284 I/ActivityManager( 1145): Process WebViewLoader-arm64-v8a (pid 2047) has died: psvc PER
01-01 08:00:53.573 I/binder ( 0): 2319:2319 ioctl 40046210 7fd3d8b3a4 returned -22
01-01 08:00:53.577 I/perfetto( 0): enabled ftrace
04-04 04:29:54.290 W/ActivityManager( 1145): Slow operation: 820ms so far, now at startProcess: returned from zygote!
04-04 04:29:54.295 W/ActivityManager( 1145): Slow operation: 825ms so far, now at startProcess: done updating battery stats
04-04 04:29:54.295 W/ActivityManager( 1145): Slow operation: 825ms so far, now at startProcess: building log message
04-04 04:29:54.295 I/ActivityManager( 1145): Start proc 2339:com.thundercomm.tcsetupwizard/1000 for added application com.thundercomm.tcsetupwizard
04-04 04:29:54.295 W/ActivityManager( 1145): Slow operation: 825ms so far, now at startProcess: starting to update pids map
04-04 04:29:54.295 W/ActivityManager( 1145): Slow operation: 826ms so far, now at startProcess: done updating pids map
04-04 04:29:54.295 W/ActivityManager( 1145): Slow operation: 825ms so far, now at startProcess: asking zygote to start proc
04-04 04:29:54.323 D/CompatibilityChangeReporter( 1145): Compat change id reported: 168419799; UID 1000; state: DISABLED
04-04 04:29:54.335 W/ActivityManager( 1145): Slow operation: 864ms so far, now at startProcess: returned from zygote!
04-04 04:29:54.335 W/ActivityManager( 1145): Slow operation: 865ms so far, now at startProcess: done updating battery stats
04-04 04:29:54.335 W/ActivityManager( 1145): Slow operation: 865ms so far, now at startProcess: building log message
04-04 04:29:54.335 I/ActivityManager( 1145): Start proc 2343:vendor.qti.qesdk.sysservice/1000 for added application vendor.qti.qesdk.sysservice
04-04 04:29:54.335 W/ActivityManager( 1145): Slow operation: 865ms so far, now at startProcess: starting to update pids map
04-04 04:29:54.336 W/ActivityManager( 1145): Slow operation: 865ms so far, now at startProcess: done updating pids map
04-04 04:29:54.336 W/ActivityManager( 1145): Slow operation: 862ms so far, now at startProcess: asking zygote to start proc
04-04 04:29:54.336 D/CompatibilityChangeReporter( 1145): Compat change id reported: 143937733; UID 10090; state: DISABLED
04-04 04:29:54.355 D/CountryDetector( 1145): Using custom country detector class: com.android.server.location.ComprehensiveCountryDetector
04-04 04:29:54.356 E/CountryDetector( 1145): Could not instantiate the custom country detector class
04-04 04:29:54.356 D/CountryDetector( 1145): Using default country detector
01-01 08:00:53.651 I/binder ( 0): 2339:2339 ioctl 40046210 7fd3d8b3a4 returned -22
04-04 04:29:54.372 W/ActivityManager( 1145): Slow operation: 898ms so far, now at startProcess: returned from zygote!
04-04 04:29:54.372 W/ActivityManager( 1145): Slow operation: 899ms so far, now at startProcess: done updating battery stats
04-04 04:29:54.372 W/ActivityManager( 1145): Slow operation: 899ms so far, now at startProcess: building log message
04-04 04:29:54.372 I/ActivityManager( 1145): Start proc 2367:com.qti.qualcomm.mstatssystemservice/u0a90 for added application com.qti.qualcomm.mstatssystemservice
04-04 04:29:54.372 W/ActivityManager( 1145): Slow operation: 899ms so far, now at startProcess: starting to update pids map
04-04 04:29:54.373 W/ActivityManager( 1145): Slow operation: 899ms so far, now at startProcess: done updating pids map
04-04 04:29:54.373 W/ActivityManager( 1145): Slow operation: 892ms so far, now at startProcess: asking zygote to start proc
04-04 04:29:54.383 D/CompatibilityChangeReporter( 1145): Compat change id reported: 168419799; UID 1000; state: DISABLED
04-04 04:29:54.385 D/CompatibilityChangeReporter( 1145): Compat change id reported: 157233955; UID 10084; state: ENABLED
01-01 08:00:53.675 I/binder ( 0): 2323:2323 ioctl 40046210 7fd3d8b3a4 returned -22
04-04 04:29:54.406 D/CompatibilityChangeReporter( 1145): Compat change id reported: 168419799; UID 1000; state: DISABLED
01-01 08:00:53.768 I/binder ( 0): 2367:2367 ioctl 40046210 7fd3d8b3a4 returned -22
04-04 04:29:54.505 D/CompatibilityChangeReporter( 1145): Compat change id reported: 168419799; UID 10090; state: DISABLED
04-04 04:29:54.506 W/ActivityManager( 1145): Slow operation: 1024ms so far, now at startProcess: returned from zygote!
04-04 04:29:54.510 W/ActivityManager( 1145): Slow operation: 1028ms so far, now at startProcess: done updating battery stats
04-04 04:29:54.510 W/ActivityManager( 1145): Slow operation: 1028ms so far, now at startProcess: building log message
04-04 04:29:54.510 I/ActivityManager( 1145): Start proc 2404:com.android.se/1068 for added application com.android.se
04-04 04:29:54.510 W/ActivityManager( 1145): Slow operation: 1028ms so far, now at startProcess: starting to update pids map
04-04 04:29:54.512 W/ActivityManager( 1145): Slow operation: 1030ms so far, now at startProcess: done updating pids map
04-04 04:29:54.512 W/ActivityManager( 1145): Slow operation: 1028ms so far, now at startProcess: asking zygote to start proc
01-01 08:00:53.842 I/binder ( 0): 2343:2343 ioctl 40046210 7fd3d8b3a4 returned -22
01-01 08:00:53.911 I/cnss-daemon( 0): wlfw_qmi_ind_cb: Receive Ind : 0x21
04-04 04:29:54.554 W/ActivityManager( 1145): Slow operation: 1071ms so far, now at startProcess: returned from zygote!
04-04 04:29:54.554 W/ActivityManager( 1145): Slow operation: 1071ms so far, now at startProcess: done updating battery stats
04-04 04:29:54.554 W/ActivityManager( 1145): Slow operation: 1071ms so far, now at startProcess: building log message
04-04 04:29:54.554 I/ActivityManager( 1145): Start proc 2421:com.thundercomm.remotecontrolservice/1000 for added application com.thundercomm.remotecontrolservice
04-04 04:29:54.554 W/ActivityManager( 1145): Slow operation: 1071ms so far, now at startProcess: starting to update pids map
04-04 04:29:54.555 W/ActivityManager( 1145): Slow operation: 1071ms so far, now at startProcess: done updating pids map
04-04 04:29:54.555 W/ActivityManager( 1145): Slow operation: 1070ms so far, now at startProcess: asking zygote to start proc
04-04 04:29:54.565 D/SystemUIBootTiming( 1986): DependencyInjection took to complete: 0ms
04-04 04:29:54.569 W/Looper ( 1145): Slow dispatch took 299ms main h=android.app.ActivityThread$H c=android.app.LoadedApk$ReceiverDispatcher$Args$$ExternalSyntheticLambda0@c613fc m=0
04-04 04:29:54.569 D/CompatibilityChangeReporter( 1145): Compat change id reported: 168419799; UID 1000; state: DISABLED
01-01 08:00:53.913 D/cnss ( 0): Received QMI WLFW pin connect result indication
01-01 08:00:53.913 D/cnss ( 0): Pin connect Result: pwr_pin: 0x0 phy_io_pin: 0x0 rf_io_pin: 0x2b
01-01 08:00:53.913 D/cnss ( 0): Received QMI WLFW calibration done indication
01-01 08:00:53.913 D/cnss ( 0): Posting event: COLD_BOOT_CAL_DONE(6), state: 0xf flags: 0x0
01-01 08:00:53.913 D/cnss ( 0): PM stay awake, state: 0xf, count: 1
01-01 08:00:53.914 D/cnss ( 0): PM relax, state: 0xf, count: 0
01-01 08:00:53.914 D/cnss ( 0): Received QMI WLFW FW ready indication
01-01 08:00:53.914 D/cnss ( 0): Posting event: COLD_BOOT_CAL_DONE(6), state: 0xf flags: 0x0
01-01 08:00:53.914 D/cnss ( 0): PM stay awake, state: 0xf, count: 1
01-01 08:00:53.914 D/cnss ( 0): PM relax, state: 0xf, count: 0
01-01 08:00:53.914 D/cnss ( 0): PM stay awake, state: 0xf, count: 1
01-01 08:00:53.914 D/cnss ( 0): Processing driver event: COLD_BOOT_CAL_DONE(6), state: 0xf
01-01 08:00:53.914 D/cnss ( 0): Calibration completed successfully
01-01 08:00:53.914 D/cnss ( 0): Sending mode message, mode: OFF(4), state: 0xf
01-01 08:00:53.919 D/cnss ( 0): Skip driver remove
01-01 08:00:53.919 D/cnss ( 0): Read register offset 0x1f8031c, val = 0x2
01-01 08:00:53.919 D/cnss ( 0): Write val 0x3 to register offset 0x1f8031c
01-01 08:00:53.919 D/cnss ( 0): WLFW server exiting
01-01 08:00:53.919 D/cnss ( 0): Posting event: SERVER_EXIT(1), state: 0x2000f flags: 0x0
01-01 08:00:53.921 D/cnss ( 0): Setting MHI state: POWER_OFF(4)
01-01 08:00:53.923 I/cnss-daemon( 0): wlfw_qmi_err_cb: Server disconnect, err -2 client 0x2K
01-01 08:00:53.966 I/msm_vidc( 0): high: 00000001: ....d: Opening video instance: ffffffcf20818000, 1
01-01 08:00:53.982 D/cnss ( 0): Suspending PCI link
01-01 08:00:53.983 I/msm_pcie_disable( 0): PCIe: Assert the reset of endpoint of RC0.
01-01 08:00:53.984 D/cnss ( 0): Setting MHI state: DEINIT(1)
01-01 08:00:53.985 D/cnss ( 0): De-assert WLAN_EN GPIO successfully
01-01 08:00:53.985 D/cnss ( 0): Regulator vdd-wlan-rfa2 is being disabled
01-01 08:00:53.985 D/cnss ( 0): Regulator vdd-wlan-rfa1 is being disabled
01-01 08:00:53.985 D/cnss ( 0): Regulator vdd-wlan-dig is being disabled
01-01 08:00:53.985 D/cnss ( 0): Regulator vdd-wlan-aon is being disabled
01-01 08:00:53.985 D/cnss ( 0): Regulator wlan-ant-switch is being disabled
01-01 08:00:53.985 D/cnss ( 0): Regulator vdd-wlan-io is being disabled
01-01 08:00:54.023 I/binder ( 0): 2404:2404 ioctl 40046210 7fd3d8b3a4 returned -22
01-01 08:00:54.045 D/cnss ( 0): Posting event: REGISTER_DRIVER(7)-sync, state: 0x20009 flags: 0x5
01-01 08:00:54.045 D/cnss ( 0): Processing driver event: COLD_BOOT_CAL_DONE(6), state: 0x20001
01-01 08:00:54.046 D/cnss ( 0): Processing driver event: SERVER_EXIT(1), state: 0x20001
01-01 08:00:54.046 I/cnss ( 0): QMI WLFW service disconnected, state: 0x20000
04-04 04:29:54.573 I/ConnectivityModuleConnector( 1145): Networking module service connected
04-04 04:29:54.583 D/ConditionProviders.SCP( 1145): onSubscribe condition://android/schedule?days=1.2.3.4.5.6.7&start=22.0&end=7.0&exitAtAlarm=true
04-04 04:29:54.583 D/ConditionProviders.SCP( 1145): setRegistered true
01-01 08:00:54.069 I/binder ( 0): 2430:2430 ioctl 40046210 7fd3d8b3a4 returned -22
01-01 08:00:54.069 I/binder ( 0): 2421:2421 ioctl 40046210 7fd3d8b3a4 returned -22
04-04 04:29:54.591 W/ActivityManager( 1145): Slow operation: 1105ms so far, now at startProcess: returned from zygote!
04-04 04:29:54.591 W/ActivityManager( 1145): Slow operation: 1106ms so far, now at startProcess: done updating battery stats
04-04 04:29:54.591 W/ActivityManager( 1145): Slow operation: 1106ms so far, now at startProcess: building log message
04-04 04:29:54.591 I/ActivityManager( 1145): Start proc 2430:com.thundercomm.tcservice/1000 for added application com.thundercomm.tcservice
04-04 04:29:54.591 W/ActivityManager( 1145): Slow operation: 1106ms so far, now at startProcess: starting to update pids map
04-04 04:29:54.591 W/ActivityManager( 1145): Slow operation: 1106ms so far, now at startProcess: done updating pids map
04-04 04:29:54.592 W/ActivityManager( 1145): Slow operation: 1104ms so far, now at startProcess: asking zygote to start proc
04-04 04:29:54.592 D/CompatibilityChangeReporter( 1145): Compat change id reported: 143937733; UID 10070; state: ENABLED
04-04 04:29:54.595 D/ConditionProviders.SCP( 1145): evaluateSubscriptionLocked cal=ScheduleCalendar[mDays={1, 2, 3, 4, 5, 6, 7}, mSchedule=ScheduleInfo{days=[1, 2, 3, 4, 5, 6, 7], startHour=22, startMinute=0, endHour=7, endMinute=0, exitAtAlarm=true, nextAlarm=Thu Jan 01 08:00:00 GMT+08:00 1970 (0)}], now=Tue Apr 04 04:29:54 GMT+08:00 2023 (1680553794583), nextUserAlarmTime=Thu Jan 01 08:00:00 GMT+08:00 1970 (0)
04-04 04:29:54.595 D/ConditionProviders.SCP( 1145): notifyCondition condition://android/schedule?days=1.2.3.4.5.6.7&start=22.0&end=7.0&exitAtAlarm=true STATE_TRUE reason=meetsSchedule
04-04 04:29:54.601 D/ConditionProviders.SCP( 1145): Scheduling evaluate for Tue Apr 04 07:00:00 GMT+08:00 2023 (1680562800000), in +2h30m5s417ms, now=Tue Apr 04 04:29:54 GMT+08:00 2023 (1680553794583)
04-04 04:29:54.629 W/ActivityManager( 1145): Slow operation: 1141ms so far, now at startProcess: returned from zygote!
04-04 04:29:54.659 D/BluetoothManagerService( 1145): Bluetooth Adapter name changed to 高合娱乐副屏 by android
04-04 04:29:54.660 D/BluetoothManagerService( 1145): Stored Bluetooth name: 高合娱乐副屏
04-04 04:29:54.660 I/ConnectivityModuleConnector( 1145): Networking module service connected
04-04 04:29:54.665 D/BluetoothManagerService( 1145): BluetoothServiceConnection: com.android.bluetooth.btservice.AdapterService
04-04 04:29:54.666 D/BluetoothManagerService( 1145): MESSAGE_BLUETOOTH_SERVICE_CONNECTED: 1
04-04 04:29:54.666 D/SystemUIBootTiming( 1986): StartServicescom.android.systemui.util.NotificationChannels took to complete: 68ms
04-04 04:29:54.667 W/ActivityManager( 1145): Slow operation: 1180ms so far, now at startProcess: done updating battery stats
04-04 04:29:54.667 W/ActivityManager( 1145): Slow operation: 1180ms so far, now at startProcess: building log message
04-04 04:29:54.668 I/ActivityManager( 1145): Start proc 2433:com.qualcomm.qti.devicestatisticsservice/u0a70 for added application com.qualcomm.qti.devicestatisticsservice
04-04 04:29:54.668 W/ActivityManager( 1145): Slow operation: 1180ms so far, now at startProcess: starting to update pids map
04-04 04:29:54.668 W/ActivityThread( 1145): Failed to find provider info for com.android.calendar (user not unlocked)
04-04 04:29:54.670 W/ActivityManager( 1145): Slow operation: 1183ms so far, now at startProcess: done updating pids map
04-04 04:29:54.670 W/ActivityManager( 1145): Slow operation: 1181ms so far, now at startProcess: asking zygote to start proc
04-04 04:29:54.710 D/BluetoothManagerService( 1145): MESSAGE_INFORM_ADAPTER_SERVICE_UP
04-04 04:29:54.710 D/BluetoothManagerService( 1145): Broadcasting onBluetoothServiceUp() to 3 receivers.
01-01 08:00:54.098 I/binder ( 0): 2475:2475 ioctl 40046210 7fd3d8b3a4 returned -22
04-04 04:29:54.718 D/BluetoothManagerService( 1145): MESSAGE_BLUETOOTH_STATE_CHANGE: OFF > BLE_TURNING_ON
04-04 04:29:54.719 D/BluetoothManagerService( 1145): Sending BLE State Change: OFF > BLE_TURNING_ON
04-04 04:29:54.737 W/ActivityManager( 1145): Slow operation: 1247ms so far, now at startProcess: returned from zygote!
04-04 04:29:54.776 W/ActivityThread( 1145): Failed to find provider info for com.android.calendar (user not unlocked)
04-04 04:29:54.792 D/CompatibilityChangeReporter( 1145): Compat change id reported: 168419799; UID 1002; state: DISABLED
04-04 04:29:54.805 D/CompatibilityChangeReporter( 1145): Compat change id reported: 168419799; UID 1068; state: DISABLED
04-04 04:29:54.807 W/ActivityManager( 1145): Slow operation: 1318ms so far, now at startProcess: done updating battery stats
04-04 04:29:54.808 W/ActivityManager( 1145): Slow operation: 1318ms so far, now at startProcess: building log message
04-04 04:29:54.808 I/ActivityManager( 1145): Start proc 2475:com.qualcomm.qti.qdma/1000 for added application com.qualcomm.qti.qdma
04-04 04:29:54.808 W/ActivityManager( 1145): Slow operation: 1318ms so far, now at startProcess: starting to update pids map
04-04 04:29:54.808 W/ActivityManager( 1145): Slow operation: 1319ms so far, now at startProcess: done updating pids map
04-04 04:29:54.809 W/ActivityManager( 1145): Slow operation: 1109ms so far, now at startProcess: asking zygote to start proc
01-01 08:00:54.112 D/cnss ( 0): Processing driver event: REGISTER_DRIVER-sync(7), state: 0x0
04-04 04:29:54.827 W/BluetoothManagerService( 1145): bindBluetoothProfileService:Trying to bind to profile: 1, while Bluetooth is disabled
01-01 08:00:54.112 D/cnss ( 0): Regulator vdd-wlan-io is being enabled
04-04 04:29:54.839 D/CompatibilityChangeReporter( 1145): Compat change id reported: 168419799; UID 1000; state: DISABLED
04-04 04:29:54.848 D/CompatibilityChangeReporter( 1145): Compat change id reported: 171306433; UID 1073; state: ENABLED
04-04 04:29:54.857 W/ActivityManager( 1145): Slow operation: 1157ms so far, now at startProcess: returned from zygote!
04-04 04:29:54.858 D/CompatibilityChangeReporter( 1145): Compat change id reported: 168419799; UID 1000; state: DISABLED
01-01 08:00:54.112 D/cnss ( 0): Regulator wlan-ant-switch is being enabled
01-01 08:00:54.120 D/cnss ( 0): Regulator vdd-wlan-aon is being enabled
01-01 08:00:54.120 D/cnss ( 0): Regulator vdd-wlan-dig is being enabled
01-01 08:00:54.122 D/cnss ( 0): Regulator vdd-wlan-rfa1 is being enabled
01-01 08:00:54.124 D/cnss ( 0): Regulator vdd-wlan-rfa2 is being enabled
01-01 08:00:54.131 D/cnss ( 0): BT_EN_GPIO State: Off. Delay WLAN_GPIO enable
01-01 08:00:54.194 I/binder ( 0): 2433:2433 ioctl 40046210 7fd3d8b3a4 returned -22
01-01 08:00:54.227 I/binder ( 0): 2526:2526 ioctl 40046210 7fd3d8b3a4 returned -22
01-01 08:00:54.234 D/cnss ( 0): Assert WLAN_EN GPIO successfully
01-01 08:00:54.234 D/cnss ( 0): Resuming PCI link
01-01 08:00:54.234 I/msm_pcie_enable( 0): PCIe: Assert the reset of endpoint of RC0.
01-01 08:00:54.242 I/msm_pcie_enable( 0): PCIe: RC0: PCIE20_PARF_INT_ALL_MASK: 0x7f80d202
01-01 08:00:54.245 I/pcie_phy_init( 0): PCIe RC0 PHY is ready!
01-01 08:00:54.254 E/bt_ioctl( 0): BT_CMD_PWR_CTRL pwr_cntrl:0
01-01 08:00:54.255 I/msm_pcie_enable( 0): PCIe: Release the reset of endpoint of RC0.
01-01 08:00:54.259 E/bt_ioctl( 0): BT state already:0 no change done
01-01 08:00:54.259 E/bt_ioctl( 0): BT_CMD_PWR_CTRL pwr_cntrl:1
01-01 08:00:54.262 I/bt_power vendor( 0): bt_qca6390: Linked as a consumer to regulator.9
01-01 08:00:54.280 E/bt_vreg_enable( 0): vreg_en successful for : qca,bt-vdd-aon
01-01 08:00:54.286 I/msm_pcie_link_train( 0): PCIe RC0 link initialized
01-01 08:00:54.287 I/bt_power vendor( 0): bt_qca6390: Linked as a consumer to regulator.51
01-01 08:00:54.287 E/bt_vreg_enable( 0): vreg_en successful for : qca,bt-vdd-dig
01-01 08:00:54.300 I/bt_power vendor( 0): bt_qca6390: Linked as a consumer to regulator.8
01-01 08:00:54.300 E/bt_vreg_enable( 0): vreg_en successful for : qca,bt-vdd-rfa1
01-01 08:00:54.302 I/cnss_pci 0000( 0): 01:00.0: enabling device (0000 -> 0002)
01-01 08:00:54.307 I/bt_power vendor( 0): bt_qca6390: Linked as a consumer to regulator.36
01-01 08:00:54.307 E/bt_vreg_enable( 0): vreg_en successful for : qca,bt-vdd-rfa2
04-04 04:29:54.864 W/ActivityManager( 1145): Slow operation: 1164ms so far, now at startProcess: done updating battery stats
04-04 04:29:54.864 W/ActivityManager( 1145): Slow operation: 1165ms so far, now at startProcess: building log message
04-04 04:29:54.864 I/ActivityManager( 1145): Start proc 2526:com.android.settings/1000 for top-activity {com.android.settings/com.android.settings.FallbackHome}
04-04 04:29:54.864 W/ActivityManager( 1145): Slow operation: 1165ms so far, now at startProcess: starting to update pids map
04-04 04:29:54.864 W/ActivityManager( 1145): Slow operation: 1165ms so far, now at startProcess: done updating pids map
04-04 04:29:54.864 W/ActivityManager( 1145): Slow operation: 1028ms so far, now at startProcess: asking zygote to start proc
04-04 04:29:54.865 D/CompatibilityChangeReporter( 1145): Compat change id reported: 143937733; UID 10098; state: ENABLED
04-04 04:29:54.874 I/Telecom ( 1145): BluetoothRouteManager: getBluetoothAudioConnectedDevice: no service available.
04-04 04:29:54.889 D/CompatibilityChangeReporter( 1145): Compat change id reported: 168419799; UID 1000; state: DISABLED
04-04 04:29:54.902 I/Telecom ( 1145): SystemStateHelper: Registering broadcast receiver: android.content.IntentFilter@ee42581: TS.init@AAA
04-04 04:29:54.902 I/Telecom ( 1145): SystemStateHelper: Registering broadcast receiver: android.content.IntentFilter@d577626: TS.init@AAA
04-04 04:29:54.924 I/Telecom ( 1145): Logging.Events: Non-call EVENT: AUDIO_ROUTE, Entering state QuiescentEarpieceRoute
04-04 04:29:54.924 I/Telecom ( 1145): BluetoothRouteManager: getBluetoothAudioConnectedDevice: no service available.
04-04 04:29:54.926 D/SystemUIBootTiming( 1986): StartServicescom.android.systemui.keyguard.KeyguardViewMediator took to complete: 259ms
04-04 04:29:54.968 D/CompatibilityChangeReporter( 1145): Compat change id reported: 168419799; UID 10070; state: DISABLED
04-04 04:29:54.971 I/Telecom ( 1145): CallAudioModeStateMachine: Message received: null.: TS.init->CAMSM.pM_1@AAA
04-04 04:29:54.989 D/CompatibilityChangeReporter( 1145): Compat change id reported: 168419799; UID 1000; state: DISABLED
04-04 04:29:55.007 I/Telecom ( 1145): MissedCallNotifierImpl: reloadFromDatabase: Boot not yet complete -- call log db may not be available. Deferring loading until boot complete for user 0: TS.init@AAA
04-04 04:29:55.013 I/DropBoxManagerService( 1145): add tag=system_app_strictmode isTagEnabled=true flags=0x2
01-01 08:00:54.313 D/cnss ( 0): Config PCIe remap window register to 0x4000003f
04-04 04:29:55.032 W/ActivityManager( 1145): Slow operation: 1195ms so far, now at startProcess: returned from zygote!
04-04 04:29:55.032 W/ActivityManager( 1145): Slow operation: 1196ms so far, now at startProcess: done updating battery stats
04-04 04:29:55.032 W/ActivityManager( 1145): Slow operation: 1196ms so far, now at startProcess: building log message
04-04 04:29:55.032 I/ActivityManager( 1145): Start proc 2585:android.ext.services/u0a98 for service {android.ext.services/android.ext.services.autofill.InlineSuggestionRenderServiceImpl}
04-04 04:29:55.032 W/ActivityManager( 1145): Slow operation: 1196ms so far, now at startProcess: starting to update pids map
04-04 04:29:55.033 W/ActivityManager( 1145): Slow operation: 1196ms so far, now at startProcess: done updating pids map
04-04 04:29:55.033 W/ActivityManager( 1145): Slow operation: 1056ms so far, now at startProcess: asking zygote to start proc
04-04 04:29:55.033 D/CompatibilityChangeReporter( 1145): Compat change id reported: 143937733; UID 10068; state: ENABLED
04-04 04:29:55.037 D/CompatibilityChangeReporter( 1145): Compat change id reported: 135634846; UID 10083; state: DISABLED
04-04 04:29:55.037 D/CompatibilityChangeReporter( 1145): Compat change id reported: 177438394; UID 10083; state: DISABLED
04-04 04:29:55.037 D/CompatibilityChangeReporter( 1145): Compat change id reported: 135772972; UID 10083; state: DISABLED
04-04 04:29:55.037 D/CompatibilityChangeReporter( 1145): Compat change id reported: 135754954; UID 10083; state: ENABLED
04-04 04:29:55.049 I/Telecom ( 1145): MissedCallNotifierImpl: reloadFromDatabase: Boot not yet complete -- call log db may not be available. Deferring loading until boot complete for user 0: TS.init@AAA
04-04 04:29:55.049 I/DropBoxManagerService( 1145): add tag=system_app_strictmode isTagEnabled=true flags=0x2
04-04 04:29:55.050 I/Telecom ( 1145): Class: TelecomSystem.INSTANCE being set
04-04 04:29:55.053 D/SystemUIBootTiming( 1986): StartServicescom.android.systemui.recents.Recents took to complete: 128ms
04-04 04:29:55.059 I/DropBoxManagerService( 1145): add tag=system_app_strictmode isTagEnabled=true flags=0x2
04-04 04:29:55.060 I/DropBoxManagerService( 1145): add tag=system_app_strictmode isTagEnabled=true flags=0x2
04-04 04:29:55.061 W/Looper ( 1145): Slow dispatch took 395ms main h=android.app.ActivityThread$H c=android.app.LoadedApk$ServiceDispatcher$RunConnection@61f27c7 m=0
04-04 04:29:55.062 D/AutofillManagerService( 1145): Restriction did not change for user 0
04-04 04:29:55.084 D/CompanionDeviceManagerService( 1145): Received BT state transition broadcast: OFF -> BLE_TURNING_ON
04-04 04:29:55.085 I/Telecom ( 1145): WiredHeadsetManager: ACTION_HEADSET_PLUG event, plugged in: false, : WHC.oADA@AAE
04-04 04:29:55.091 I/GameModeConfig( 1145): isGameModeOn = false
04-04 04:29:55.105 W/NotificationHistory( 1145): Attempted to add notif for locked/gone/disabled user 0
04-04 04:29:55.106 I/GameModeConfig( 1145): isGameModeOn = false
04-04 04:29:55.107 W/Looper ( 1145): Drained
01-01 08:00:54.315 D/cnss ( 0): Read register offset 0x1f8031c, val = 0x6
01-01 08:00:54.315 D/cnss ( 0): Write val 0x2 to register offset 0x1f8031c
01-01 08:00:54.315 D/cnss ( 0): Setting MHI state: INIT(0)
01-01 08:00:54.317 D/cnss ( 0): Setting MHI state: POWER_ON(2)
01-01 08:00:54.319 I/bt_power vendor( 0): bt_qca6390: Linked as a consumer to regulator.27
01-01 08:00:54.326 E/bt_vreg_enable( 0): vreg_en successful for : qca,bt-vdd-asd
01-01 08:00:54.334 I/ ( 0): [MAX975X:max96755x_drm_notifier_callback] *INFO* receives EARLY_BLANK:UNBLANK
01-01 08:00:54.334 I/cyttsp7_i2c_adapter 0-0024( 0): FB event:2,blank:0
01-01 08:00:54.334 I/cyttsp7_i2c_adapter 0-0024( 0): suspend: event = 2, blank = 0, not care
01-01 08:00:54.334 I/[drm:dsi_display_set_mode] [msm-dsi-info]( 0): mdp_transfer_time_us=0 us
01-01 08:00:54.335 I/[drm:dsi_display_set_mode] [msm-dsi-info]( 0): hactive= 2380,vactive= 1020,fps=60
01-01 08:00:54.337 I/[drm:dsi_ctrl_isr_configure] [msm-dsi-info]( 0): dsi-ctrl-0: IRQ 403 registered
01-01 08:00:54.338 I/binder ( 0): 2404:2404 ioctl 40046210 7fd3d8a354 returned -22
01-01 08:00:54.340 I/binder ( 0): 1986:2581 ioctl 40046210 757988c124 returned -22
01-01 08:00:54.346 W/cnss_pci 0000( 0): 01:00.0: Falling back to syfs fallback for: qca6390/amss20.bin
01-01 08:00:54.380 I/ueventd ( 0): firmware: loading 'qca6390/amss20.bin' for '/devices/platform/soc/1c00000.qcom,pcie/pci0000:00/0000:00:00.0/0000:01:00.0/firmware/qca6390!amss20.bin'
01-01 08:00:54.389 I/bt_configure_gpios( 0): BTON:Turn Bt Off bt-reset-gpio(1121) value(0)
01-01 08:00:54.389 I/bt_configure_gpios( 0): BTON:Turn Bt Off
01-01 08:00:54.390 I/bt_configure_gpios( 0): bt-sw-ctrl-gpio(1224) value(1)
01-01 08:00:54.390 I/bt_enable_bt_reset_gpios_safely( 0): bt_enable_bt_reset_gpios_safely: BTON:Turn Bt On
01-01 08:00:54.390 I/bt_enable_bt_reset_gpios_safely( 0): bt_enable_bt_reset_gpios_safely: wl-reset-gpio(1120) value(1)
01-01 08:00:54.390 I/bt_enable_bt_reset_gpios_safely( 0): bt_enable_bt_reset_gpios_safely: BTON: Asserting BT_EN
01-01 08:00:54.424 I/ ( 0): [MAX975X:max96755x_drm_notifier_callback] *INFO* receives BLANK:UNBLANK
01-01 08:00:54.424 I/cyttsp7_i2c_adapter 0-0024( 0): FB event:1,blank:0
01-01 08:00:54.424 I/cyttsp7_i2c_adapter 0-0024( 0): drm_notifier_callback: UNBLANK! Resume by drm notifier.
01-01 08:00:54.437 I/binder ( 0): 2430:2430 ioctl 40046210 7fd3d89f14 returned -22
01-01 08:00:54.446 I/bt_configure_gpios( 0): BTON:Turn Bt On bt-reset-gpio(1121) value(1)
01-01 08:00:54.446 I/bt_configure_gpios( 0): BTON:Turn Bt On
01-01 08:00:54.446 I/bt_configure_gpios( 0): bt-sw-ctrl-gpio(1224) value(1)
01-01 08:00:54.446 I/bt_configure_gpios( 0): bt_gpio= 1121 on: 1 is successful
01-01 08:00:54.446 I/ueventd ( 0): loading /devices/platform/soc/1c00000.qcom,pcie/pci0000:00/0000:00:00.0/0000:01:00.0/firmware/qca6390!amss20.bin took 66ms
01-01 08:00:54.458 I/input ( 0): Remote Mouse Controller as /devices/virtual/input/input4
01-01 08:00:54.472 I/input ( 0): Remote Keyboard Controller as /devices/virtual/input/input5
04-04 04:29:55.203 D/MicroServiceManager( 1145): add linkToDeath
04-04 04:29:55.203 D/MicroServiceManager( 1145): bindMicroService: called already get service
01-01 08:00:54.526 E/bt_ioctl( 0): unified Current SOC Version : 400a0200
04-04 04:29:55.205 W/ActivityManager( 1145): Slow operation: 1229ms so far, now at startProcess: returned from zygote!
04-04 04:29:55.206 W/ActivityManager( 1145): Slow operation: 1230ms so far, now at startProcess: done updating battery stats
04-04 04:29:55.206 W/ActivityManager( 1145): Slow operation: 1230ms so far, now at startProcess: building log message
04-04 04:29:55.206 I/ActivityManager( 1145): Start proc 2626:com.thundercomm.gamemode.provider/u0a68 for content provider {com.thundercomm.gamemode.provider/com.thundercomm.gamemode.provider.SettingsProvider}
04-04 04:29:55.206 W/ActivityManager( 1145): Slow operation: 1230ms so far, now at startProcess: starting to update pids map
04-04 04:29:55.207 W/ActivityManager( 1145): Slow operation: 1230ms so far, now at startProcess: done updating pids map
04-04 04:29:55.207 W/ActivityManager( 1145): Slow operation: 170ms so far, now at startProcess: asking zygote to start proc
04-04 04:29:55.207 D/CompatibilityChangeReporter( 1145): Compat change id reported: 143937733; UID 10083; state: ENABLED
01-01 08:00:54.564 I/binder ( 0): 2585:2585 ioctl 40046210 7fd3d8b3a4 returned -22
01-01 08:00:54.580 I/binder ( 0): 2626:2626 ioctl 40046210 7fd3d8b3a4 returned -22
04-04 04:29:55.243 W/ContextImpl( 2430): Calling a method in the system process without a qualified user: android.app.ContextImpl.startService:1816 android.content.ContextWrapper.startService:774 com.thundercomm.tcservice.TCService.init:46 com.thundercomm.tcservice.TCService.onCreate:33 android.app.ActivityThread.handleCreateService:4488
04-04 04:29:55.320 D/CompatibilityChangeReporter( 1145): Compat change id reported: 168419799; UID 10098; state: DISABLED
04-04 04:29:55.321 W/ActivityManager( 1145): Slow operation: 284ms so far, now at startProcess: returned from zygote!
04-04 04:29:55.340 D/CompatibilityChangeReporter( 1145): Compat change id reported: 168419799; UID 10068; state: DISABLED
04-04 04:29:55.347 W/ActivityManager( 1145): Slow operation: 310ms so far, now at startProcess: done updating battery stats
04-04 04:29:55.347 W/ActivityManager( 1145): Slow operation: 310ms so far, now at startProcess: building log message
04-04 04:29:55.347 I/ActivityManager( 1145): Start proc 2670:com.android.launcher3/u0a83 for service {com.android.launcher3/com.android.quickstep.TouchInteractionService}
04-04 04:29:55.347 W/ActivityManager( 1145): Slow operation: 311ms so far, now at startProcess: starting to update pids map
04-04 04:29:55.350 W/ActivityManager( 1145): Slow operation: 314ms so far, now at startProcess: done updating pids map
04-04 04:29:55.380 D/SystemUIBootTiming( 1986): StartServicescom.android.systemui.volume.VolumeUI took to complete: 327ms
04-04 04:29:55.502 I/DropBoxManagerService( 1145): add tag=system_app_strictmode isTagEnabled=true flags=0x2
04-04 04:29:55.507 I/DropBoxManagerService( 1145): add tag=system_app_strictmode isTagEnabled=true flags=0x2
04-04 04:29:55.510 I/ExplicitHealthCheckController( 1145): Explicit health check service is connected ComponentInfo{android.ext.services/android.ext.services.watchdog.ExplicitHealthCheckServiceImpl}
04-04 04:29:55.511 I/ExplicitHealthCheckController( 1145): Service initialized, syncing requests
04-04 04:29:55.511 I/PackageWatchdog( 1145): Syncing health check requests for packages: {}
04-04 04:29:55.511 D/ExplicitHealthCheckController( 1145): Getting health check supported packages
04-04 04:29:55.515 I/DropBoxManagerService( 1145): add tag=system_app_strictmode isTagEnabled=true flags=0x2
04-04 04:29:55.518 I/DropBoxManagerService( 1145): add tag=system_app_strictmode isTagEnabled=true flags=0x2
04-04 04:29:55.526 I/DropBoxManagerService( 1145): add tag=system_server_strictmode isTagEnabled=true flags=0x2
04-04 04:29:55.527 V/NotificationAssistants( 1145): 0 notification assistant service connected: ComponentInfo{android.ext.services/android.ext.services.notification.Assistant}
04-04 04:29:55.529 I/DropBoxManagerService( 1145): add tag=system_server_strictmode isTagEnabled=true flags=0x2
01-01 08:00:54.817 I/binder ( 0): 2526:2678 ioctl 40046210 75885551f4 returned -22
01-01 08:00:54.817 I/binder ( 0): 2475:2475 ioctl 40046210 7fd3d89384 returned -22
04-04 04:29:55.532 I/DropBoxManagerService( 1145): add tag=system_server_strictmode isTagEnabled=true flags=0x2
04-04 04:29:55.533 I/ExplicitHealthCheckController( 1145): Explicit health check supported packages [PackageConfig{com.android.networkstack, 86400000}]
04-04 04:29:55.533 D/PackageWatchdog( 1145): Received supported packages [PackageConfig{com.android.networkstack, 86400000}]
04-04 04:29:55.534 D/ExplicitHealthCheckController( 1145): Getting health check requested packages
04-04 04:29:55.536 I/ExplicitHealthCheckController( 1145): Explicit health check requested packages []
04-04 04:29:55.537 I/ExplicitHealthCheckController( 1145): No more health check requests, unbinding...
04-04 04:29:55.538 I/ExplicitHealthCheckController( 1145): Explicit health check service is unbound
01-01 08:00:54.830 D/cnss ( 0): MHI status cb is called with reason MISSION_MODE(6)
01-01 08:00:54.841 D/cnss ( 0): Completed event: REGISTER_DRIVER(7), state: 0x10, ret: 0/0
01-01 08:00:54.841 D/cnss ( 0): PM relax, state: 0x10, count: 0
01-01 08:00:54.842 E/ ( 0): [drm:dp_display_init_aux_switch][msm-dp-err][620 ]failed to register notifier (-22)
04-04 04:29:55.594 I/ActivityManagerTiming( 1145): FinishBooting
01-01 08:00:54.873 E/register_client_adhoc( 0): find path.src 1 dest 589
04-04 04:29:55.613 W/KeyguardServiceDelegate( 1145): onScreenTurningOn(): no keyguard service!
01-01 08:00:54.873 E/register_client_adhoc( 0): Failed to find path.src 1 dest 589
01-01 08:00:54.901 I/binder ( 0): 2670:2670 ioctl 40046210 7fd3d8b3a4 returned -22
01-01 08:00:54.908 E/swr-wcd rx_swr_ctrl( 0): swrm_get_logical_dev_num: device 0xd01170224 is not ready
01-01 08:00:54.918 E/swr_get_logical_dev_num( 0): Error -22 to get logical addr for device d01170224
04-04 04:29:55.644 D/CompatibilityChangeReporter( 1145): Compat change id reported: 168419799; UID 10083; state: DISABLED
01-01 08:00:54.929 E/swr-wcd rx_swr_ctrl( 0): swrm_get_logical_dev_num: device 0xd01170224 is not ready
04-04 04:29:55.655 I/StatusBarManagerService( 1145): registerStatusBar bar=com.android.internal.statusbar.IStatusBar$Stub$Proxy@fc3e053
04-04 04:29:55.660 I/DropBoxManagerService( 1145): add tag=system_server_wtf isTagEnabled=true flags=0x2
01-01 08:00:54.937 E/swr_get_logical_dev_num( 0): Error -22 to get logical addr for device d01170224
01-01 08:00:54.947 E/swr-wcd rx_swr_ctrl( 0): swrm_get_logical_dev_num: device 0xd01170224 is not ready
01-01 08:00:54.955 E/swr_get_logical_dev_num( 0): Error -22 to get logical addr for device d01170224
04-04 04:29:55.681 D/CompatibilityChangeReporter( 1145): Compat change id reported: 135634846; UID 10086; state: DISABLED
04-04 04:29:55.682 D/CompatibilityChangeReporter( 1145): Compat change id reported: 177438394; UID 10086; state: DISABLED
04-04 04:29:55.682 D/CompatibilityChangeReporter( 1145): Compat change id reported: 135772972; UID 10086; state: DISABLED
04-04 04:29:55.682 D/CompatibilityChangeReporter( 1145): Compat change id reported: 135754954; UID 10086; state: ENABLED
04-04 04:29:55.682 D/CompatibilityChangeReporter( 1145): Compat change id reported: 143937733; UID 10086; state: ENABLED
01-01 08:00:54.966 E/swr-wcd rx_swr_ctrl( 0): swrm_get_logical_dev_num: device 0xd01170224 is not ready
01-01 08:00:54.974 E/swr_get_logical_dev_num( 0): Error -22 to get logical addr for device d01170224
01-01 08:00:54.983 E/swr-wcd rx_swr_ctrl( 0): swrm_get_logical_dev_num: device 0xd01170224 is not ready
01-01 08:00:54.992 E/swr_get_logical_dev_num( 0): Error -22 to get logical addr for device d01170224
01-01 08:00:55.000 E/wcd938x_codec wcd938x-codec( 0): wcd938x_bind: Slave bind failed, ret = -517
01-01 08:00:55.004 D/cnss ( 0): WLFW server arriving: node 7 port 1
01-01 08:00:55.009 D/cnss ( 0): Posting event: SERVER_ARRIVE(0), state: 0x10 flags: 0x0
01-01 08:00:55.009 D/cnss ( 0): PM stay awake, state: 0x10, count: 1
01-01 08:00:55.009 D/cnss ( 0): PM relax, state: 0x10, count: 0
01-01 08:00:55.009 E/ ( 0): [drm:dp_display_init_aux_switch][msm-dp-err][620 ]failed to register notifier (-22)
01-01 08:00:55.010 D/cnss ( 0): PM stay awake, state: 0x10, count: 1
01-01 08:00:55.020 D/cnss ( 0): Processing driver event: SERVER_ARRIVE(0), state: 0x10
01-01 08:00:55.020 I/cnss ( 0): QMI WLFW service connected, state: 0x11
04-04 04:29:55.739 W/ActivityManager( 1145): Slow operation: 58ms so far, now at startProcess: returned from zygote!
01-01 08:00:55.020 D/cnss ( 0): Sending indication register message, state: 0x11
04-04 04:29:55.740 W/ActivityManager( 1145): Slow operation: 58ms so far, now at startProcess: done updating battery stats
04-04 04:29:55.740 W/ActivityManager( 1145): Slow operation: 58ms so far, now at startProcess: building log message
04-04 04:29:55.740 I/ActivityManager( 1145): Start proc 2725:com.qualcomm.qti.qccauthmgr/u0a86 for content provider {com.qualcomm.qti.qccauthmgr/com.qualcomm.qti.qccauthmgr.providers.SMQContentProvider}
04-04 04:29:55.740 W/ActivityManager( 1145): Slow operation: 58ms so far, now at startProcess: starting to update pids map
04-04 04:29:55.740 W/ActivityManager( 1145): Slow operation: 59ms so far, now at startProcess: done updating pids map
01-01 08:00:55.026 D/cnss ( 0): Sending host capability message, state: 0x11
01-01 08:00:55.026 D/cnss ( 0): Number of clients is 2
01-01 08:00:55.026 D/cnss ( 0): Assign MSI to user: WAKE, num_vectors: 1, user_base_data: 813, base_vector: 13
01-01 08:00:55.026 D/cnss ( 0): WAKE MSI base data is 813
01-01 08:00:55.026 D/cnss ( 0): Calibration done is 1
01-01 08:00:55.026 D/cnss ( 0): Sending iova starting 0xa0000000 with size 0x10010000
01-01 08:00:55.029 D/cnss ( 0): PM relax, state: 0x11, count: 0
04-04 04:29:55.782 I/DropBoxManagerService( 1145): add tag=system_app_strictmode isTagEnabled=true flags=0x2
04-04 04:29:55.786 I/DropBoxManagerService( 1145): add tag=system_app_strictmode isTagEnabled=true flags=0x2
04-04 04:29:55.789 I/DropBoxManagerService( 1145): add tag=system_app_strictmode isTagEnabled=true flags=0x2
04-04 04:29:55.794 I/DropBoxManagerService( 1145): add tag=system_app_strictmode isTagEnabled=true flags=0x2
01-01 08:00:55.094 I/binder ( 0): 2725:2725 ioctl 40046210 7fd3d8b3a4 returned -22
04-04 04:29:55.825 D/CompatibilityChangeReporter( 1145): Compat change id reported: 168419799; UID 10086; state: DISABLED
04-04 04:29:55.875 I/DropBoxManagerService( 1145): add tag=system_app_strictmode isTagEnabled=true flags=0x2
04-04 04:29:55.879 I/DropBoxManagerService( 1145): add tag=system_app_strictmode isTagEnabled=true flags=0x2
04-04 04:29:55.881 I/DropBoxManagerService( 1145): add tag=system_app_strictmode isTagEnabled=true flags=0x2
04-04 04:29:55.915 D/CompatibilityChangeReporter( 1145): Compat change id reported: 171306433; UID 1000; state: ENABLED
04-04 04:29:55.951 D/CompatibilityChangeReporter( 1145): Compat change id reported: 168419799; UID 10084; state: DISABLED
04-04 04:29:56.014 D/SystemUIBootTiming( 1986): StartServicescom.android.systemui.statusbar.phone.StatusBar took to complete: 634ms
04-04 04:29:56.017 W/ActivityThread( 1986): Failed to find provider info for com.android.contacts (user not unlocked)
04-04 04:29:56.018 D/SystemUIBootTiming( 1986): StartServicescom.android.systemui.usb.StorageNotification took to complete: 4ms
04-04 04:29:56.030 D/SystemUIBootTiming( 1986): StartServicescom.android.systemui.power.PowerUI took to complete: 11ms
04-04 04:29:56.030 D/SystemUIBootTiming( 1986): StartServicescom.android.systemui.media.RingtonePlayer took to complete: 1ms
04-04 04:29:56.031 D/SystemUIBootTiming( 1986): StartServicescom.android.systemui.keyboard.KeyboardUI took to complete: 1ms
04-04 04:29:56.032 D/SystemUIBootTiming( 1986): StartServicescom.android.systemui.shortcut.ShortcutKeyDispatcher took to complete: 1ms
04-04 04:29:56.032 D/SystemUIBootTiming( 1986): StartServicescom.android.systemui.VendorServices took to complete: 0ms
04-04 04:29:56.032 D/SystemUIBootTiming( 1986): StartServicescom.android.systemui.util.leak.GarbageMonitor$Service took to complete: 0ms
04-04 04:29:56.033 D/SystemUIBootTiming( 1986): StartServicescom.android.systemui.LatencyTester took to complete: 0ms
04-04 04:29:56.033 D/SystemUIBootTiming( 1986): StartServicescom.android.systemui.globalactions.GlobalActionsComponent took to complete: 1ms
04-04 04:29:56.034 D/SystemUIBootTiming( 1986): StartServicescom.android.systemui.ScreenDecorations took to complete: 0ms
04-04 04:29:56.035 D/SystemUIBootTiming( 1986): StartServicescom.android.systemui.biometrics.AuthController took to complete: 2ms
04-04 04:29:56.035 D/SystemUIBootTiming( 1986): StartServicescom.android.systemui.SliceBroadcastRelayHandler took to complete: 0ms
04-04 04:29:56.036 D/SystemUIBootTiming( 1986): StartServicescom.android.systemui.statusbar.notification.InstantAppNotifier took to complete: 1ms
04-04 04:29:56.037 D/SystemUIBootTiming( 1986): StartServicescom.android.systemui.theme.ThemeOverlayController took to complete: 1ms
04-04 04:29:56.038 D/SystemUIBootTiming( 1986): StartServicescom.android.systemui.accessibility.WindowMagnification took to complete: 0ms
04-04 04:29:56.042 D/SystemUIBootTiming( 1986): StartServicescom.android.systemui.accessibility.SystemActions took to complete: 4ms
04-04 04:29:56.042 D/SystemUIBootTiming( 1986): StartServicescom.android.systemui.toast.ToastUI took to complete: 0ms
04-04 04:29:56.043 D/SystemUIBootTiming( 1986): StartServicescom.android.systemui.wmshell.WMShell took to complete: 1ms
04-04 04:29:56.071 D/SystemUIBootTiming( 1986): StartServicescom.android.systemui.ShowWindowUtil took to complete: 28ms
04-04 04:29:56.077 D/SystemUIBootTiming( 1986): StartServices took to complete: 1479ms
04-04 04:29:56.182 W/ActivityThread( 1986): Failed to find provider info for com.android.contacts (user not unlocked)
04-04 04:29:56.203 W/ActivityThread( 1986): Failed to find provider info for com.android.contacts (user not unlocked)
04-04 04:29:56.220 W/ActivityThread( 1986): Failed to find provider info for com.android.contacts (user not unlocked)
01-01 08:00:55.633 E/bt_ioctl( 0): BT_CMD_PWR_CTRL pwr_cntrl:2
01-01 08:00:55.638 E/bt_vreg_unvote( 0): vreg_unvote successful for : qca,bt-vdd-rfa2
01-01 08:00:55.645 E/bt_vreg_unvote( 0): vreg_unvote successful for : qca,bt-vdd-rfa1
01-01 08:00:55.652 E/bt_vreg_unvote( 0): vreg_unvote successful for : qca,bt-vdd-dig
01-01 08:00:55.659 E/bt_vreg_unvote( 0): vreg_unvote successful for : qca,bt-vdd-aon
04-04 04:29:56.471 D/BluetoothManagerService( 1145): Bluetooth Adapter address changed to 22:22:19:E6:64:92
04-04 04:29:56.471 D/BluetoothManagerService( 1145): Stored Bluetoothaddress: 22:22:19:E6:64:92
04-04 04:29:56.474 D/BluetoothManagerService( 1145): Bluetooth Adapter name changed to 高合娱乐副屏 by android
04-04 04:29:56.475 D/BluetoothManagerService( 1145): Stored Bluetooth name: 高合娱乐副屏
04-04 04:29:56.479 D/BluetoothManagerService( 1145): Bluetooth Adapter address changed to 22:22:19:E6:64:92
04-04 04:29:56.479 D/BluetoothManagerService( 1145): Stored Bluetoothaddress: 22:22:19:E6:64:92
04-04 04:29:56.485 D/BluetoothManagerService( 1145): MESSAGE_BLUETOOTH_STATE_CHANGE: BLE_TURNING_ON > BLE_ON
04-04 04:29:56.485 D/BluetoothManagerService( 1145): Bluetooth is in LE only mode
04-04 04:29:56.485 D/BluetoothManagerService( 1145): Binding Bluetooth GATT service
04-04 04:29:56.486 D/BluetoothManagerService( 1145): Sending BLE State Change: BLE_TURNING_ON > BLE_ON
04-04 04:29:56.487 D/CompanionDeviceManagerService( 1145): Received BT state transition broadcast: BLE_TURNING_ON -> BLE_ON
04-04 04:29:56.487 I/CompanionDeviceManagerService( 1145): startBleScan()
04-04 04:29:56.487 I/CompanionDeviceManagerService( 1145): Read associations from disk: {0=[]}
04-04 04:29:56.488 D/BluetoothManagerService( 1145): BluetoothServiceConnection: com.android.bluetooth.gatt.GattService
04-04 04:29:56.488 D/BluetoothManagerService( 1145): MESSAGE_BLUETOOTH_SERVICE_CONNECTED: 2
04-04 04:29:56.488 D/BluetoothManagerService( 1145): continueFromBleOnState()
04-04 04:29:56.491 D/BluetoothManagerService( 1145): Persisting Bluetooth Setting: 1
04-04 04:29:56.492 D/BluetoothManagerService( 1145): MESSAGE_BLUETOOTH_STATE_CHANGE: BLE_ON > TURNING_ON
04-04 04:29:56.492 D/BluetoothManagerService( 1145): Sending BLE State Change: BLE_ON > TURNING_ON
04-04 04:29:56.493 D/BluetoothManagerService( 1145): Sending State Change: OFF > TURNING_ON
04-04 04:29:56.494 D/CompanionDeviceManagerService( 1145): Received BT state transition broadcast: BLE_ON -> TURNING_ON
04-04 04:29:56.530 I/GameModeConfig( 1145): isGameModeOn = false
01-01 08:00:55.842 I/cnss-daemon( 0): DMS thread joined succesfully
01-01 08:00:55.842 I/cnss-daemon( 0): wlfw_stop: Stop done: 0
01-01 08:00:55.843 I/cnss-daemon( 0): wlfw_start: Starting
01-01 08:00:55.850 I/cnss-daemon( 0): wlfw_service_request: Start the pthread: 0x0K
01-01 08:00:55.857 I/cnss-daemon( 0): ro.baseband : [apq]
01-01 08:00:55.858 I/cnss-daemon( 0): Hardware supports external modem
01-01 08:00:55.886 I/cnss-daemon( 0): pm_release_vote: pm_handle is NULL
01-01 08:00:55.897 D/cnss ( 0): Received QMI WLFW request memory indication
01-01 08:00:55.897 D/cnss ( 0): FW requests for memory, size: 0x5e0000, type: 1
01-01 08:00:55.897 D/cnss ( 0): FW requests for memory, size: 0xd8000, type: 4
01-01 08:00:55.897 D/cnss ( 0): Posting event: REQUEST_MEM(2), state: 0x11 flags: 0x0
01-01 08:00:55.897 D/cnss ( 0): PM stay awake, state: 0x11, count: 1
01-01 08:00:55.897 D/cnss ( 0): PM relax, state: 0x11, count: 0
01-01 08:00:55.897 D/cnss ( 0): PM stay awake, state: 0x11, count: 1
01-01 08:00:55.897 D/cnss ( 0): Processing driver event: REQUEST_MEM(2), state: 0x11
01-01 08:00:55.897 D/cnss ( 0): Sending respond memory message, state: 0x11
01-01 08:00:55.897 D/cnss ( 0): Memory for FW, va: 0xffffff8025d2b000, pa: 0x00000000a1000000, size: 0x5e0000, type: 1
01-01 08:00:55.897 D/cnss ( 0): Memory for FW, va: 0xffffff801f631000, pa: 0x00000000a1600000, size: 0xd8000, type: 4
01-01 08:00:55.900 D/cnss ( 0): PM relax, state: 0x11, count: 0
01-01 08:00:55.905 D/cnss ( 0): Received QMI WLFW FW memory ready indication
01-01 08:00:55.905 D/cnss ( 0): Posting event: FW_MEM_READY(3), state: 0x11 flags: 0x0
01-01 08:00:55.905 D/cnss ( 0): PM stay awake, state: 0x11, count: 1
01-01 08:00:55.905 D/cnss ( 0): PM relax, state: 0x11, count: 0
01-01 08:00:55.905 D/cnss ( 0): PM stay awake, state: 0x11, count: 1
01-01 08:00:55.905 D/cnss ( 0): Processing driver event: FW_MEM_READY(3), state: 0x11
01-01 08:00:55.905 D/cnss ( 0): Sending target capability message, state: 0x13
04-04 04:29:56.631 I/ActivityManagerTiming( 1145): FinishBooting
04-04 04:29:56.632 I/Telecom ( 1145): BluetoothDeviceManager: Got BluetoothHearingAid: android.bluetooth.BluetoothHearingAid@14551d4: BMSL.oSC@AAg
01-01 08:00:55.922 D/cnss ( 0): Voltage for CPR: 948mV
04-04 04:29:56.640 I/ActivityManager( 1145): About to commit checkpoint
04-04 04:29:56.641 W/ActivityManager( 1145): FinishBooting sync begin
01-01 08:00:55.922 D/cnss ( 0): Update TCS CMD data address 0x000000000b2e5844 with voltage 950mV
01-01 08:00:55.922 D/cnss ( 0): Device frequency is 24000000 HZ
01-01 08:00:55.922 D/cnss ( 0): Target capability: chip_id: 0x0, chip_family: 0xb, board_id: 0xff, soc_id: 0xffffffff, fw_version: 0x101a0521, fw_build_timestamp: 2021-12-20 07:54, fw_build_id: QC_IMAGE_VERSION_STRING=WLAN.HST.1.0.1.r1-01313-QCAHSTSWPL_SILICONZ-1, otp_version: 0x0
01-01 08:00:55.922 D/cnss ( 0): Sending BDF download message, state: 0x13, type: 4
01-01 08:00:55.922 D/cnss ( 0): FW name added with prefix: qca6390/regdb.bin
01-01 08:00:55.922 W/cnss2 b0000000.qcom,cnss-qca6390( 0): Falling back to syfs fallback for: qca6390/regdb.bin
04-04 04:29:56.648 W/ActivityThread( 1971): Failed to find provider info for com.android.contacts (user not unlocked)
01-01 08:00:55.933 I/ueventd ( 0): firmware: loading 'qca6390/regdb.bin' for '/devices/platform/soc/b0000000.qcom,cnss-qca6390/firmware/qca6390!regdb.bin'
04-04 04:29:56.658 D/BluetoothManagerService( 1145): MESSAGE_BLUETOOTH_STATE_CHANGE: TURNING_ON > ON
04-04 04:29:56.658 D/BluetoothManagerService( 1145): Broadcasting onBluetoothStateChange(true) to 10 receivers.
04-04 04:29:56.659 D/BluetoothManagerService( 1145): Creating new ProfileServiceConnections object for profile: 1
04-04 04:29:56.664 W/BluetoothManagerService( 1145): psc is not null in bindBluetoothProfileService
04-04 04:29:56.664 D/BluetoothManagerService( 1145): Sending BLE State Change: TURNING_ON > ON
04-04 04:29:56.664 D/CompanionDeviceManagerService( 1145): Received BT state transition broadcast: TURNING_ON -> ON
04-04 04:29:56.664 D/BluetoothManagerService( 1145): Sending State Change: TURNING_ON > ON
04-04 04:29:56.666 I/CompanionDeviceManagerService( 1145): startBleScan()
01-01 08:00:55.938 E/ueventd ( 0): firmware: could not find firmware for qca6390/regdb.bin
01-01 08:00:55.946 E/ueventd ( 0): firmware: attempted /etc/firmware/qca6390/regdb.bin, open failed: No such file or directory
04-04 04:29:56.682 W/ActivityManager( 1145): FinishBooting sync end
04-04 04:29:56.682 I/SystemServiceManager( 1145): Starting phase 1000
04-04 04:29:56.682 I/ActivityManagerTiming( 1145): OnBootPhase_1000
04-04 04:29:56.682 I/ActivityManagerTiming( 1145): OnBootPhase_1000_com.android.server.security.FileIntegrityService
04-04 04:29:56.682 D/ActivityManagerTiming( 1145): OnBootPhase_1000_com.android.server.security.FileIntegrityService took to complete: 0ms
04-04 04:29:56.682 I/ActivityManagerTiming( 1145): OnBootPhase_1000_com.android.server.pm.Installer
04-04 04:29:56.682 D/ActivityManagerTiming( 1145): OnBootPhase_1000_com.android.server.pm.Installer took to complete: 0ms
04-04 04:29:56.682 I/ActivityManagerTiming( 1145): OnBootPhase_1000_com.android.server.os.DeviceIdentifiersPolicyService
04-04 04:29:56.682 D/ActivityManagerTiming( 1145): OnBootPhase_1000_com.android.server.os.DeviceIdentifiersPolicyService took to complete: 0ms
04-04 04:29:56.682 I/ActivityManagerTiming( 1145): OnBootPhase_1000_com.android.server.uri.UriGrantsManagerService$Lifecycle
04-04 04:29:56.682 D/ActivityManagerTiming( 1145): OnBootPhase_1000_com.android.server.uri.UriGrantsManagerService$Lifecycle took to complete: 0ms
04-04 04:29:56.682 I/ActivityManagerTiming( 1145): OnBootPhase_1000_com.android.server.powerstats.PowerStatsService
04-04 04:29:56.682 E/PowerStatsService( 1145): Failed to start PowerStatsService loggers
04-04 04:29:56.682 D/ActivityManagerTiming( 1145): OnBootPhase_1000_com.android.server.powerstats.PowerStatsService took to complete: 0ms
04-04 04:29:56.682 I/ActivityManagerTiming( 1145): OnBootPhase_1000_com.android.server.wm.ActivityTaskManagerService$Lifecycle
04-04 04:29:56.682 D/ActivityManagerTiming( 1145): OnBootPhase_1000_com.android.server.wm.ActivityTaskManagerService$Lifecycle took to complete: 0ms
04-04 04:29:56.682 I/ActivityManagerTiming( 1145): OnBootPhase_1000_com.android.server.am.ActivityManagerService$Lifecycle
04-04 04:29:56.682 D/ActivityManagerTiming( 1145): OnBootPhase_1000_com.android.server.am.ActivityManagerService$Lifecycle took to complete: 0ms
04-04 04:29:56.683 I/ActivityManagerTiming( 1145): OnBootPhase_1000_com.android.server.pm.DataLoaderManagerService
