04-04 04:29:57.045 W/Looper ( 1145): Slow dispatch took 315ms main h=android.os.Handler c=com.android.server.biometrics.sensors.fingerprint.hidl.Fingerprint21$$ExternalSyntheticLambda2@e281cb6 m=0
04-04 04:29:57.045 D/BiometricScheduler/Fingerprint21( 1145): [Added] {[1] FingerprintUpdateActiveUserClient, proto=1, owner=android, cookie=0, requestId=-1, userId=0}, new queue size: 1
04-04 04:29:57.045 V/BiometricScheduler/Fingerprint21( 1145): Not idle, current operation: {[0] FingerprintUpdateActiveUserClient, proto=1, owner=android, cookie=0, requestId=-1, userId=0}, State: 2
04-04 04:29:57.046 D/BiometricScheduler/Fingerprint21( 1145): [Added] {[2] FingerprintInternalCleanupClient, proto=7, owner=android, cookie=0, requestId=-1, userId=0}, new queue size: 2
04-04 04:29:57.046 V/BiometricScheduler/Fingerprint21( 1145): Not idle, current operation: {[0] FingerprintUpdateActiveUserClient, proto=1, owner=android, cookie=0, requestId=-1, userId=0}, State: 2
04-04 04:29:57.046 W/Looper ( 1145): Slow delivery took 316ms main h=android.os.Handler c=com.android.server.biometrics.sensors.fingerprint.hidl.Fingerprint21$$ExternalSyntheticLambda12@ac15924 m=0
04-04 04:29:57.047 D/BiometricScheduler/Fingerprint21( 1145): [Finishing] {[0] FingerprintUpdateActiveUserClient, proto=1, owner=android, cookie=0, requestId=-1, userId=0}, success: true
04-04 04:29:57.047 D/BiometricScheduler/Fingerprint21( 1145): [Polled] {[1] FingerprintUpdateActiveUserClient, proto=1, owner=android, cookie=0, requestId=-1, userId=0}, State: 0
04-04 04:29:57.047 D/BiometricScheduler/Fingerprint21( 1145): [Starting] {[1] FingerprintUpdateActiveUserClient, proto=1, owner=android, cookie=0, requestId=-1, userId=0}, State: 0
04-04 04:29:57.047 D/BiometricScheduler/Fingerprint21( 1145): [Started] {[1] FingerprintUpdateActiveUserClient, proto=1, owner=android, cookie=0, requestId=-1, userId=0}
01-01 08:00:56.333 I/[kworke][0x40783143][04:29:57.049921] wlan( 0): [274:I:HIF] ce_srng_dest_ring_setup: ce_id 1
01-01 08:00:56.333 D/cnss ( 0): Assign MSI to user: CE, num_vectors: 10, user_base_data: 803, base_vector: 3
01-01 08:00:56.333 I/[kworke][0x40783d80][04:29:57.050084] wlan( 0): [274:I:HIF] ce_srng_status_ring_setup: ce_id 1
01-01 08:00:56.333 D/cnss ( 0): Assign MSI to user: CE, num_vectors: 10, user_base_data: 803, base_vector: 3
01-01 08:00:56.333 I/[kworke][0x4078471a][04:29:57.050212] wlan( 0): [274:I:HIF] ce_srng_dest_ring_setup: ce_id 2
01-01 08:00:56.333 D/cnss ( 0): Assign MSI to user: CE, num_vectors: 10, user_base_data: 803, base_vector: 3
01-01 08:00:56.334 I/[kworke][0x407879c6][04:29:57.050887] wlan( 0): [274:I:HIF] ce_srng_status_ring_setup: ce_id 2
01-01 08:00:56.334 D/cnss ( 0): Assign MSI to user: CE, num_vectors: 10, user_base_data: 803, base_vector: 3
04-04 04:29:57.052 W/AdbDebuggingManager( 1145): Read failed with count -1
01-01 08:00:56.337 D/cnss ( 0): Assign MSI to user: CE, num_vectors: 10, user_base_data: 803, base_vector: 3
01-01 08:00:56.338 D/qbt ( 0): qbt_open: entry minor_no=0 fd_available=1
01-01 08:00:56.338 D/qbt ( 0): qbt_open: exit : 0 fd_available=0
01-01 08:00:56.339 D/qbt ( 0): qbt_open: entry minor_no=1 fd_available=0
01-01 08:00:56.339 D/qbt ( 0): qbt_open: exit : 0 fd_available=0
01-01 08:00:56.339 D/qbt ( 0): qbt_ioctl: cmd received 107
01-01 08:00:56.339 D/qbt ( 0): qbt_ioctl: Acquiring wakelock
01-01 08:00:56.355 I/[kworke][0x407ebf51][04:29:57.072295] wlan( 0): [274:I:HIF] ce_srng_dest_ring_setup: ce_id 5
01-01 08:00:56.355 D/cnss ( 0): Assign MSI to user: CE, num_vectors: 10, user_base_data: 803, base_vector: 3
01-01 08:00:56.355 I/[kworke][0x407ecee3][04:29:57.072502] wlan( 0): [274:I:HIF] ce_srng_status_ring_setup: ce_id 5
01-01 08:00:56.355 D/cnss ( 0): Assign MSI to user: CE, num_vectors: 10, user_base_data: 803, base_vector: 3
01-01 08:00:56.356 I/[kworke][0x407ede56][04:29:57.072708] wlan( 0): [274:I:HIF] hif_configure_irq: E
01-01 08:00:56.356 D/cnss ( 0): Assign MSI to user: WAKE, num_vectors: 1, user_base_data: 813, base_vector: 13
01-01 08:00:56.356 D/cnss ( 0): Get IRQ number 364 for vector index 13
01-01 08:00:56.356 D/cnss ( 0): Assign MSI to user: CE, num_vectors: 10, user_base_data: 803, base_vector: 3
01-01 08:00:56.356 D/cnss ( 0): Get IRQ number 354 for vector index 3
01-01 08:00:56.356 D/cnss ( 0): Get IRQ number 355 for vector index 4
01-01 08:00:56.358 D/cnss ( 0): Get IRQ number 356 for vector index 5
01-01 08:00:56.358 D/cnss ( 0): Get IRQ number 357 for vector index 6
01-01 08:00:56.358 D/cnss ( 0): Get IRQ number 359 for vector index 8
01-01 08:00:56.358 D/cnss ( 0): Get IRQ number 360 for vector index 9
01-01 08:00:56.358 D/cnss ( 0): Get IRQ number 362 for vector index 11
01-01 08:00:56.359 E/[kworke][0x407fd75e][04:29:57.076029] wlan( 0): [274:E:mlme] mlme_init_reg_cfg: 2374: null pdev
01-01 08:00:56.367 I/binder ( 0): 2842:2842 ioctl 40046210 7fd3d8b3a4 returned -22
01-01 08:00:56.370 E/[kworke][0x40833016][04:29:57.087452] wlan( 0): [274:E:WMI] WMI handle is NULL
01-01 08:00:56.373 W/QSEECOM ( 0): qseecom_load_app: App (fingerpr) does'nt exist, loading apps for first time
01-01 08:00:56.378 I/[kworke][0x4085988e][04:29:57.095671] wlan( 0): [274:I:HIF] Initializing Runtime PM wakelock &p2p_soc_obj->roc_runtime_lock
01-01 08:00:56.379 D/cnss ( 0): Platform cap_flag is 0x4
01-01 08:00:56.379 E/[kworke][0x40859b60][04:29:57.095709] wlan( 0): [274:E:QDF] cds_get_context: 1486: Module ID 66 context is Null
04-04 04:29:57.100 D/CompatibilityChangeReporter( 1145): Compat change id reported: 168419799; UID 10079; state: DISABLED
04-04 04:29:57.144 V/UserDataPreparer( 1145): Found /data/user/0 with serial number 0
04-04 04:29:57.144 V/UserDataPreparer( 1145): Found /data/system_ce/0 with serial number 0
04-04 04:29:57.145 D/UserDataPreparer( 1145): Setting property: sys.user.0.ce_available=true
04-04 04:29:57.147 V/PackageManager( 1145): reconcileAppsData for null u0 0x2 migrateAppData=false
01-01 08:00:56.434 I/init ( 0): qssi copy & sync /metadata/vold/metadata_encryption/key/encrypted_key to /persist/key/encrypted_key_bak: No such file or directory
01-01 08:00:56.454 I/ ( 0): read descriptors
01-01 08:00:56.454 I/ ( 0): read strings
01-01 08:00:56.455 I/init ( 0): qssi copy & sync /metadata/vold/metadata_encryption/key/keymaster_key_blob to /persist/key/keymaster_key_blob_bak: No such file or directory
01-01 08:00:56.461 E/[kworke][0x409db387][04:29:57.177951] wlan( 0): [274:E:QDF] cds_get_context: 1486: Module ID 66 context is Null
01-01 08:00:56.470 I/init ( 0): qssi copy & sync /metadata/vold/metadata_encryption/key/secdiscardable to /persist/key/secdiscardable_bak: No such file or directory
01-01 08:00:56.488 W/QSEECOM ( 0): qseecom_load_app: App with id 8 (fingerpr) now loaded
01-01 08:00:56.494 I/[kworke][0x40a78632][04:29:57.211480] wlan( 0): [274:I:HIF] Initializing Runtime PM wakelock &psoc_wakelock->wmi_cmd_rsp_runtime_lock
01-01 08:00:56.498 F/[kworke][0x40a88082][04:29:57.214818] wlan( 0): [274:F:WMA] WMA --> wmi_unified_attach - success
01-01 08:00:56.510 I/[kworke][0x40ac1c00][04:29:57.227131] wlan( 0): [274:I:HIF] Initializing Runtime PM wakelock &vdev->vdev_set_key_runtime_wakelock
01-01 08:00:56.512 I/[kworke][0x40ac8f84][04:29:57.228671] wlan( 0): [274:I:HIF] Initializing Runtime PM wakelock &vdev->vdev_set_key_runtime_wakelock
01-01 08:00:56.514 I/[kworke][0x40ad338e][04:29:57.230861] wlan( 0): [274:I:HIF] Initializing Runtime PM wakelock &vdev->vdev_set_key_runtime_wakelock
01-01 08:00:56.520 I/[kworke][0x40af0b70][04:29:57.237152] wlan( 0): [274:I:HIF] Initializing Runtime PM wakelock &vdev->vdev_set_key_runtime_wakelock
01-01 08:00:56.521 I/init ( 0): qssi copy & sync /metadata/vold/metadata_encryption/key/stretching to /persist/key/stretching_bak: No such file or directory
01-01 08:00:56.523 I/[kworke][0x40afcf87][04:29:57.239767] wlan( 0): [274:I:HIF] Initializing Runtime PM wakelock &vdev->vdev_set_key_runtime_wakelock
01-01 08:00:56.526 I/[kworke][0x40b0de99][04:29:57.243381] wlan( 0): [274:I:HIF] Initializing Runtime PM wakelock &vdev->vdev_set_key_runtime_wakelock
01-01 08:00:56.531 I/[kworke][0x40b249f9][04:29:57.248224] wlan( 0): [274:I:HIF] Initializing Runtime PM wakelock &wma_handle->wmi_cmd_rsp_runtime_lock
01-01 08:00:56.531 I/[kworke][0x40b24b96][04:29:57.248245] wlan( 0): [274:I:HIF] Initializing Runtime PM wakelock &wma_handle->sap_prevent_runtime_pm_lock
01-01 08:00:56.537 I/init ( 0): qssi copy & sync /metadata/vold/metadata_encryption/key/version to /persist/key/version_bak: No such file or directory
04-04 04:29:57.281 D/CompatibilityChangeReporter( 1145): Compat change id reported: 168419799; UID 1000; state: DISABLED
01-01 08:00:56.576 I/binder ( 0): 2842:2886 ioctl 40046210 758eab5934 returned -22
01-01 08:00:56.595 E/[kworke][0x40c50852][04:29:57.312201] wlan( 0): [274:E:QDF] htc_wait_target: 684: Target Ready! TX resource : 1 size:2176, MaxMsgsPerHTCBundle = 1
01-01 08:00:56.610 E/[kworke][0x40c95999][04:29:57.326939] wlan( 0): [274:E:QDF] htc_setup_target_buffer_assignments: 576: SVS Index : 1 TX : 0x100 : alloc:1
01-01 08:00:56.624 D/cnss ( 0): Assign MSI to user: DP, num_vectors: 18, user_base_data: 814, base_vector: 14
01-01 08:00:56.627 I/[kworke][0x40ce8720][04:29:57.344612] wlan( 0): [274:I:HIF] +hif_update_pipe_callback pipeid 5
01-01 08:00:56.627 I/[kworke][0x40ce883e][04:29:57.344627] wlan( 0): [274:I:HIF] -hif_update_pipe_callback
01-01 08:00:56.627 D/cnss ( 0): Assign MSI to user: DP, num_vectors: 18, user_base_data: 814, base_vector: 14
01-01 08:00:56.633 E/[kworke][0x40d00ab2][04:29:57.349780] wlan( 0): [274:E:DP] dp_srng_get_str_from_hal_ring_type: 7726: Invalid ring type
01-01 08:00:56.645 D/cnss ( 0): Assign MSI to user: DP, num_vectors: 18, user_base_data: 814, base_vector: 14
01-01 08:00:56.645 D/cnss ( 0): Assign MSI to user: DP, num_vectors: 18, user_base_data: 814, base_vector: 14
01-01 08:00:56.645 D/cnss ( 0): Assign MSI to user: DP, num_vectors: 18, user_base_data: 814, base_vector: 14
01-01 08:00:56.645 D/cnss ( 0): Assign MSI to user: DP, num_vectors: 18, user_base_data: 814, base_vector: 14
01-01 08:00:56.645 D/cnss ( 0): Assign MSI to user: DP, num_vectors: 18, user_base_data: 814, base_vector: 14
01-01 08:00:56.646 D/cnss ( 0): Assign MSI to user: DP, num_vectors: 18, user_base_data: 814, base_vector: 14
01-01 08:00:56.646 D/cnss ( 0): Assign MSI to user: DP, num_vectors: 18, user_base_data: 814, base_vector: 14
01-01 08:00:56.646 D/cnss ( 0): Assign MSI to user: DP, num_vectors: 18, user_base_data: 814, base_vector: 14
01-01 08:00:56.646 I/[kworke][0x40d40a3a][04:29:57.363427] wlan( 0): [274:I:DP] dp_tx_soc_attach Tx Desc Alloc num_pool = 4, descs = 4096
01-01 08:00:56.647 I/[kworke][0x40d41da2][04:29:57.363685] wlan( 0): [274:I:DP] dp_tx_soc_attach MSDU Ext Desc Alloc 4, descs = 4096
01-01 08:00:56.647 I/[kworke][0x40d4371d][04:29:57.364025] wlan( 0): [274:I:DP] dp_tx_soc_attach HAL Tx init Success
01-01 08:00:56.647 D/cnss ( 0): Assign MSI to user: DP, num_vectors: 18, user_base_data: 814, base_vector: 14
01-01 08:00:56.647 D/cnss ( 0): Assign MSI to user: DP, num_vectors: 18, user_base_data: 814, base_vector: 14
01-01 08:00:56.647 I/[kworke][0x40d44be0][04:29:57.364302] wlan( 0): [274:I:DP] dp_soc_cmn_setup: 3274: num_reo_dest_rings 4
01-01 08:00:56.647 D/cnss ( 0): Assign MSI to user: DP, num_vectors: 18, user_base_data: 814, base_vector: 14
01-01 08:00:56.647 D/cnss ( 0): Assign MSI to user: DP, num_vectors: 18, user_base_data: 814, base_vector: 14
01-01 08:00:56.648 D/cnss ( 0): Assign MSI to user: DP, num_vectors: 18, user_base_data: 814, base_vector: 14
01-01 08:00:56.648 D/cnss ( 0): Assign MSI to user: DP, num_vectors: 18, user_base_data: 814, base_vector: 14
01-01 08:00:56.649 D/cnss ( 0): Assign MSI to user: DP, num_vectors: 18, user_base_data: 814, base_vector: 14
01-01 08:00:56.649 D/cnss ( 0): Assign MSI to user: DP, num_vectors: 18, user_base_data: 814, base_vector: 14
01-01 08:00:56.649 D/cnss ( 0): Assign MSI to user: DP, num_vectors: 18, user_base_data: 814, base_vector: 14
01-01 08:00:56.649 D/cnss ( 0): Assign MSI to user: DP, num_vectors: 18, user_base_data: 814, base_vector: 14
01-01 08:00:56.649 D/cnss ( 0): Assign MSI to user: DP, num_vectors: 18, user_base_data: 814, base_vector: 14
01-01 08:00:56.649 D/cnss ( 0): Assign MSI to user: DP, num_vectors: 18, user_base_data: 814, base_vector: 14
01-01 08:00:56.649 D/cnss ( 0): Assign MSI to user: DP, num_vectors: 18, user_base_data: 814, base_vector: 14
01-01 08:00:56.650 I/[kworke][0x40d50719][04:29:57.366931] wlan( 0): [274:I:HAL] hal_reo_set_err_dst_remap_6390: 1024: HWIO_REO_R0_ERROR_DESTINATION_MAPPING_IX_0 0x28005b6d
01-01 08:00:56.650 D/cnss ( 0): Assign MSI to user: DP, num_vectors: 18, user_base_data: 814, base_vector: 14
01-01 08:00:56.650 D/cnss ( 0): Assign MSI to user: DP, num_vectors: 18, user_base_data: 814, base_vector: 14
01-01 08:00:56.650 D/cnss ( 0): Assign MSI to user: DP, num_vectors: 18, user_base_data: 814, base_vector: 14
01-01 08:00:56.650 D/cnss ( 0): Assign MSI to user: DP, num_vectors: 18, user_base_data: 814, base_vector: 14
01-01 08:00:56.650 D/cnss ( 0): Assign MSI to user: DP, num_vectors: 18, user_base_data: 814, base_vector: 14
01-01 08:00:56.650 D/cnss ( 0): Assign MSI to user: DP, num_vectors: 18, user_base_data: 814, base_vector: 14
04-04 04:29:57.383 W/ContextImpl( 2475): Calling a method in the system process without a qualified user: android.app.ContextImpl.startService:1816 android.content.ContextWrapper.startService:774 android.content.ContextWrapper.startService:774 com.qualcomm.qti.qdma.app.BootReceiver.onBootReceived:115 com.qualcomm.qti.innodme.InnoBootReceiver.onReceive:22
01-01 08:00:56.696 W/QSEECOM ( 0): __qseecom_unload_app: App (8) is unloaded
01-01 08:00:56.699 D/qbt ( 0): qbt_release: entry minor_no=0 fd_available=0
01-01 08:00:56.699 D/qbt ( 0): qbt_release: Releasing wakelock
01-01 08:00:56.699 D/qbt ( 0): qbt_release: exit : fd_available=1
01-01 08:00:56.699 D/qbt ( 0): qbt_release: entry minor_no=1 fd_available=1
01-01 08:00:56.699 D/qbt ( 0): qbt_release: exit : fd_available=1
04-04 04:29:57.418 W/Looper ( 1145): Drained
04-04 04:29:57.418 W/Looper ( 1145): Slow dispatch took 372ms main h=android.os.Handler c=com.android.server.biometrics.sensors.BiometricScheduler$InternalCallback$$ExternalSyntheticLambda0@2c39e23 m=0
04-04 04:29:57.419 W/Looper ( 1145): Slow delivery took 316ms main h=com.android.server.job.controllers.QuotaController$QcHandler c=null m=3
04-04 04:29:57.419 W/ContextImpl( 2475): Calling a method in the system process without a qualified user: android.app.ContextImpl.startService:1816 android.content.ContextWrapper.startService:774 com.qualcomm.qti.qdma.util.PeriodicCI.run:477 com.qualcomm.qti.qdma.util.PeriodicCI.start:390 com.qualcomm.qti.qdma.app.ActiveCareService$ProcessSessionRequest.run:457
04-04 04:29:57.420 D/CompatibilityChangeReporter( 1145): Compat change id reported: 135634846; UID 10092; state: DISABLED
04-04 04:29:57.421 D/CompatibilityChangeReporter( 1145): Compat change id reported: 177438394; UID 10092; state: DISABLED
04-04 04:29:57.421 D/CompatibilityChangeReporter( 1145): Compat change id reported: 135772972; UID 10092; state: DISABLED
04-04 04:29:57.421 D/CompatibilityChangeReporter( 1145): Compat change id reported: 135754954; UID 10092; state: ENABLED
04-04 04:29:57.422 D/CompatibilityChangeReporter( 1145): Compat change id reported: 143937733; UID 10092; state: ENABLED
04-04 04:29:57.427 I/GameModeConfig( 1145): isGameModeOn = false
04-04 04:29:57.431 W/NotificationHistory( 1145): Attempted to add notif for locked/gone/disabled user 0
04-04 04:29:57.432 D/BiometricScheduler/Fingerprint21( 1145): [Finishing] {[1] FingerprintUpdateActiveUserClient, proto=1, owner=android, cookie=0, requestId=-1, userId=0}, success: true
04-04 04:29:57.432 D/BiometricScheduler/Fingerprint21( 1145): [Polled] {[2] FingerprintInternalCleanupClient, proto=7, owner=android, cookie=0, requestId=-1, userId=0}, State: 0
04-04 04:29:57.432 D/BiometricScheduler/Fingerprint21( 1145): [Starting] {[2] FingerprintInternalCleanupClient, proto=7, owner=android, cookie=0, requestId=-1, userId=0}, State: 0
01-01 08:00:56.724 D/qbt ( 0): qbt_open: entry minor_no=0 fd_available=1
01-01 08:00:56.724 D/qbt ( 0): qbt_open: exit : 0 fd_available=0
04-04 04:29:57.432 D/BiometricScheduler/Fingerprint21( 1145): [Started] {[2] FingerprintInternalCleanupClient, proto=7, owner=android, cookie=0, requestId=-1, userId=0}
04-04 04:29:57.433 D/Biometrics/InternalCleanupClient( 1145): Starting enumerate: {[3] FingerprintInternalEnumerateClient, proto=6, owner=android, cookie=0, requestId=-1, userId=0}
04-04 04:29:57.438 W/Looper ( 1145): Drained
01-01 08:00:56.728 D/qbt ( 0): qbt_open: entry minor_no=1 fd_available=0
01-01 08:00:56.728 D/qbt ( 0): qbt_open: exit : 0 fd_available=0
01-01 08:00:56.728 D/qbt ( 0): qbt_ioctl: cmd received 107
01-01 08:00:56.728 D/qbt ( 0): qbt_ioctl: Acquiring wakelock
04-04 04:29:57.455 D/CompatibilityChangeReporter( 1145): Compat change id reported: 182478738; UID 1001; state: DISABLED
04-04 04:29:57.488 W/ActivityManager( 1145): Slow operation: 68ms so far, now at startProcess: returned from zygote!
04-04 04:29:57.488 W/ActivityManager( 1145): Slow operation: 69ms so far, now at startProcess: done updating battery stats
04-04 04:29:57.488 W/ActivityManager( 1145): Slow operation: 69ms so far, now at startProcess: building log message
04-04 04:29:57.488 I/ActivityManager( 1145): Start proc 2902:com.qualcomm.qtil.aptxui/u0a92 for broadcast {com.qualcomm.qtil.aptxui/com.qualcomm.qtil.aptxui.aptxuiBootReceiver}
04-04 04:29:57.488 W/ActivityManager( 1145): Slow operation: 69ms so far, now at startProcess: starting to update pids map
04-04 04:29:57.488 W/ActivityManager( 1145): Slow operation: 69ms so far, now at startProcess: done updating pids map
01-01 08:00:56.804 W/QSEECOM ( 0): qseecom_load_app: App (fingerpr) does'nt exist, loading apps for first time
04-04 04:29:57.530 V/PackageManager( 1145): reconcileAppsData finished 142 packages
04-04 04:29:57.530 I/ActivityManager( 1145): User 0 state changed from RUNNING_LOCKED to RUNNING_UNLOCKING
04-04 04:29:57.534 D/ActivityManager( 1145): Unlocking user 0 progress 20
04-04 04:29:57.534 W/Looper ( 1145): Slow dispatch took 621ms android.fg h=android.os.Handler c=com.android.server.am.UserController$$ExternalSyntheticLambda3@3e85613 m=0
04-04 04:29:57.534 W/Looper ( 1145): Slow delivery took 621ms android.fg h=android.os.Handler c=com.android.server.am.UserController$$ExternalSyntheticLambda1@ff4d249 m=0
04-04 04:29:57.534 I/SystemServerTimingAsync( 1145): ssm.UnlockingUser-0
04-04 04:29:57.535 I/SystemServiceManager( 1145): Calling onUnlockingUser 0
04-04 04:29:57.535 I/SystemServerTimingAsync( 1145): ssm.onUnlockingUser-0_com.android.server.security.FileIntegrityService
04-04 04:29:57.535 D/SystemServerTimingAsync( 1145): ssm.onUnlockingUser-0_com.android.server.security.FileIntegrityService took to complete: 0ms
04-04 04:29:57.535 I/SystemServerTimingAsync( 1145): ssm.onUnlockingUser-0_com.android.server.pm.Installer
04-04 04:29:57.535 D/SystemServerTimingAsync( 1145): ssm.onUnlockingUser-0_com.android.server.pm.Installer took to complete: 0ms
04-04 04:29:57.535 I/SystemServerTimingAsync( 1145): ssm.onUnlockingUser-0_com.android.server.os.DeviceIdentifiersPolicyService
04-04 04:29:57.535 D/SystemServerTimingAsync( 1145): ssm.onUnlockingUser-0_com.android.server.os.DeviceIdentifiersPolicyService took to complete: 0ms
04-04 04:29:57.535 I/SystemServerTimingAsync( 1145): ssm.onUnlockingUser-0_com.android.server.uri.UriGrantsManagerService$Lifecycle
04-04 04:29:57.535 D/SystemServerTimingAsync( 1145): ssm.onUnlockingUser-0_com.android.server.uri.UriGrantsManagerService$Lifecycle took to complete: 0ms
04-04 04:29:57.535 I/SystemServerTimingAsync( 1145): ssm.onUnlockingUser-0_com.android.server.powerstats.PowerStatsService
04-04 04:29:57.535 D/SystemServerTimingAsync( 1145): ssm.onUnlockingUser-0_com.android.server.powerstats.PowerStatsService took to complete: 0ms
04-04 04:29:57.535 I/SystemServerTimingAsync( 1145): ssm.onUnlockingUser-0_com.android.server.wm.ActivityTaskManagerService$Lifecycle
04-04 04:29:57.535 D/SystemServerTimingAsync( 1145): ssm.onUnlockingUser-0_com.android.server.wm.ActivityTaskManagerService$Lifecycle took to complete: 0ms
04-04 04:29:57.536 I/SystemServerTimingAsync( 1145): ssm.onUnlockingUser-0_com.android.server.am.ActivityManagerService$Lifecycle
04-04 04:29:57.536 D/SystemServerTimingAsync( 1145): ssm.onUnlockingUser-0_com.android.server.am.ActivityManagerService$Lifecycle took to complete: 0ms
04-04 04:29:57.536 I/SystemServerTimingAsync( 1145): ssm.onUnlockingUser-0_com.android.server.pm.DataLoaderManagerService
04-04 04:29:57.536 D/SystemServerTimingAsync( 1145): ssm.onUnlockingUser-0_com.android.server.pm.DataLoaderManagerService took to complete: 0ms
04-04 04:29:57.536 I/SystemServerTimingAsync( 1145): ssm.onUnlockingUser-0_com.android.server.power.PowerManagerService
04-04 04:29:57.536 D/SystemServerTimingAsync( 1145): ssm.onUnlockingUser-0_com.android.server.power.PowerManagerService took to complete: 0ms
04-04 04:29:57.536 I/SystemServerTimingAsync( 1145): ssm.onUnlockingUser-0_com.android.server.power.ThermalManagerService
04-04 04:29:57.536 D/SystemServerTimingAsync( 1145): ssm.onUnlockingUser-0_com.android.server.power.ThermalManagerService took to complete: 0ms
04-04 04:29:57.536 I/SystemServerTimingAsync( 1145): ssm.onUnlockingUser-0_com.android.server.power.hint.HintManagerService
04-04 04:29:57.536 D/SystemServerTimingAsync( 1145): ssm.onUnlockingUser-0_com.android.server.power.hint.HintManagerService took to complete: 0ms
04-04 04:29:57.537 I/SystemServerTimingAsync( 1145): ssm.onUnlockingUser-0_com.android.server.recoverysystem.RecoverySystemService$Lifecycle
04-04 04:29:57.537 D/SystemServerTimingAsync( 1145): ssm.onUnlockingUser-0_com.android.server.recoverysystem.RecoverySystemService$Lifecycle took to complete: 0ms
04-04 04:29:57.537 I/SystemServerTimingAsync( 1145): ssm.onUnlockingUser-0_com.android.server.lights.LightsService
04-04 04:29:57.537 D/SystemServerTimingAsync( 1145): ssm.onUnlockingUser-0_com.android.server.lights.LightsService took to complete: 0ms
04-04 04:29:57.537 I/SystemServerTimingAsync( 1145): ssm.onUnlockingUser-0_com.android.server.display.DisplayManagerService
04-04 04:29:57.537 D/SystemServerTimingAsync( 1145): ssm.onUnlockingUser-0_com.android.server.display.DisplayManagerService took to complete: 0ms
04-04 04:29:57.537 I/SystemServerTimingAsync( 1145): ssm.onUnlockingUser-0_com.android.server.pm.verify.domain.DomainVerificationService
04-04 04:29:57.537 D/SystemServerTimingAsync( 1145): ssm.onUnlockingUser-0_com.android.server.pm.verify.domain.DomainVerificationService took to complete: 0ms
04-04 04:29:57.537 I/SystemServerTimingAsync( 1145): ssm.onUnlockingUser-0_com.android.server.pm.PackageInstallerService$Lifecycle
04-04 04:29:57.537 D/SystemServerTimingAsync( 1145): ssm.onUnlockingUser-0_com.android.server.pm.PackageInstallerService$Lifecycle took to complete: 0ms
04-04 04:29:57.537 I/SystemServerTimingAsync( 1145): ssm.onUnlockingUser-0_com.android.server.pm.UserManagerService$LifeCycle
04-04 04:29:57.537 D/SystemServerTimingAsync( 1145): ssm.onUnlockingUser-0_com.android.server.pm.UserManagerService$LifeCycle took to complete: 0ms
04-04 04:29:57.537 I/SystemServerTimingAsync( 1145): ssm.onUnlockingUser-0_com.android.server.om.OverlayManagerService
04-04 04:29:57.537 D/SystemServerTimingAsync( 1145): ssm.onUnlockingUser-0_com.android.server.om.OverlayManagerService took to complete: 0ms
04-04 04:29:57.538 I/SystemServerTimingAsync( 1145): ssm.onUnlockingUser-0_com.android.server.SensorPrivacyService
04-04 04:29:57.538 D/SystemServerTimingAsync( 1145): ssm.onUnlockingUser-0_com.android.server.SensorPrivacyService took to complete: 0ms
04-04 04:29:57.538 I/SystemServerTimingAsync( 1145): ssm.onUnlockingUser-0_com.android.server.thunderperf.ThunderBoostPerfService
04-04 04:29:57.538 D/SystemServerTimingAsync( 1145): ssm.onUnlockingUser-0_com.android.server.thunderperf.ThunderBoostPerfService took to complete: 0ms
04-04 04:29:57.538 I/SystemServerTimingAsync( 1145): ssm.onUnlockingUser-0_com.android.server.sensors.SensorService
04-04 04:29:57.538 D/SystemServerTimingAsync( 1145): ssm.onUnlockingUser-0_com.android.server.sensors.SensorService took to complete: 0ms
04-04 04:29:57.538 I/SystemServerTimingAsync( 1145): ssm.onUnlockingUser-0_com.android.server.SystemConfigService
01-01 08:00:56.822 I/[kworke][0x41079a7f][04:29:57.539430] wlan( 0): [274:I:DP] Peer pool init
01-01 08:00:56.822 W/[kworke][0x4107a5a7][04:29:57.539579] wlan( 0): [274:W:DP] dp_rx_pdev_mon_attach: pdev attach id=0
04-04 04:29:57.539 D/SystemServerTimingAsync( 1145): ssm.onUnlockingUser-0_com.android.server.SystemConfigService took to complete: 0ms
04-04 04:29:57.539 I/SystemServerTimingAsync( 1145): ssm.onUnlockingUser-0_com.android.server.BatteryService
04-04 04:29:57.539 D/SystemServerTimingAsync( 1145): ssm.onUnlockingUser-0_com.android.server.BatteryService took to complete: 0ms
04-04 04:29:57.539 I/SystemServerTimingAsync( 1145): ssm.onUnlockingUser-0_com.android.server.usage.UsageStatsService
04-04 04:29:57.539 D/SystemServerTimingAsync( 1145): ssm.onUnlockingUser-0_com.android.server.usage.UsageStatsService took to complete: 0ms
04-04 04:29:57.539 I/SystemServerTimingAsync( 1145): ssm.onUnlockingUser-0_com.android.server.webkit.WebViewUpdateService
04-04 04:29:57.539 D/SystemServerTimingAsync( 1145): ssm.onUnlockingUser-0_com.android.server.webkit.WebViewUpdateService took to complete: 0ms
04-04 04:29:57.539 I/SystemServerTimingAsync( 1145): ssm.onUnlockingUser-0_com.android.server.CachedDeviceStateService
04-04 04:29:57.539 D/SystemServerTimingAsync( 1145): ssm.onUnlockingUser-0_com.android.server.CachedDeviceStateService took to complete: 0ms
04-04 04:29:57.539 I/SystemServerTimingAsync( 1145): ssm.onUnlockingUser-0_com.android.server.BinderCallsStatsService$LifeCycle
04-04 04:29:57.539 D/SystemServerTimingAsync( 1145): ssm.onUnlockingUser-0_com.android.server.BinderCallsStatsService$LifeCycle took to complete: 0ms
04-04 04:29:57.539 I/SystemServerTimingAsync( 1145): ssm.onUnlockingUser-0_com.android.server.LooperStatsService$Lifecycle
04-04 04:29:57.539 D/SystemServerTimingAsync( 1145): ssm.onUnlockingUser-0_com.android.server.LooperStatsService$Lifecycle took to complete: 0ms
04-04 04:29:57.539 I/SystemServerTimingAsync( 1145): ssm.onUnlockingUser-0_com.android.server.rollback.RollbackManagerService
04-04 04:29:57.542 D/SystemServerTimingAsync( 1145): ssm.onUnlockingUser-0_com.android.server.rollback.RollbackManagerService took to complete: 2ms
04-04 04:29:57.542 I/SystemServerTimingAsync( 1145): ssm.onUnlockingUser-0_com.android.server.os.NativeTombstoneManagerService
04-04 04:29:57.542 D/SystemServerTimingAsync( 1145): ssm.onUnlockingUser-0_com.android.server.os.NativeTombstoneManagerService took to complete: 0ms
04-04 04:29:57.542 I/SystemServerTimingAsync( 1145): ssm.onUnlockingUser-0_com.android.server.os.BugreportManagerService
04-04 04:29:57.542 D/SystemServerTimingAsync( 1145): ssm.onUnlockingUser-0_com.android.server.os.BugreportManagerService took to complete: 0ms
04-04 04:29:57.542 I/SystemServerTimingAsync( 1145): ssm.onUnlockingUser-0_com.android.server.gpu.GpuService
04-04 04:29:57.542 D/SystemServerTimingAsync( 1145): ssm.onUnlockingUser-0_com.android.server.gpu.GpuService took to complete: 0ms
04-04 04:29:57.542 I/SystemServerTimingAsync( 1145): ssm.onUnlockingUser-0_com.android.server.security.KeyChainSystemService
04-04 04:29:57.542 D/SystemServerTimingAsync( 1145): ssm.onUnlockingUser-0_com.android.server.security.KeyChainSystemService took to complete: 0ms
04-04 04:29:57.542 I/SystemServerTimingAsync( 1145): ssm.onUnlockingUser-0_com.android.server.telecom.TelecomLoaderService
04-04 04:29:57.542 D/SystemServerTimingAsync( 1145): ssm.onUnlockingUser-0_com.android.server.telecom.TelecomLoaderService took to complete: 0ms
04-04 04:29:57.542 I/SystemServerTimingAsync( 1145): ssm.onUnlockingUser-0_com.android.server.accounts.AccountManagerService$Lifecycle
04-04 04:29:57.542 D/SystemServerTimingAsync( 1145): ssm.onUnlockingUser-0_com.android.server.accounts.AccountManagerService$Lifecycle took to complete: 0ms
04-04 04:29:57.542 I/SystemServerTimingAsync( 1145): ssm.onUnlockingUser-0_com.android.server.content.ContentService$Lifecycle
04-04 04:29:57.542 D/SystemServerTimingAsync( 1145): ssm.onUnlockingUser-0_com.android.server.content.ContentService$Lifecycle took to complete: 0ms
04-04 04:29:57.543 I/SystemServerTimingAsync( 1145): ssm.onUnlockingUser-0_com.android.server.DropBoxManagerService
04-04 04:29:57.543 D/SystemServerTimingAsync( 1145): ssm.onUnlockingUser-0_com.android.server.DropBoxManagerService took to complete: 0ms
04-04 04:29:57.543 I/SystemServerTimingAsync( 1145): ssm.onUnlockingUser-0_com.android.role.RoleService
04-04 04:29:57.543 D/SystemServerTimingAsync( 1145): ssm.onUnlockingUser-0_com.android.role.RoleService took to complete: 0ms
04-04 04:29:57.543 I/SystemServerTimingAsync( 1145): ssm.onUnlockingUser-0_com.android.server.vibrator.VibratorManagerService$Lifecycle
04-04 04:29:57.543 D/SystemServerTimingAsync( 1145): ssm.onUnlockingUser-0_com.android.server.vibrator.VibratorManagerService$Lifecycle took to complete: 0ms
04-04 04:29:57.543 I/SystemServerTimingAsync( 1145): ssm.onUnlockingUser-0_com.android.server.alarm.AlarmManagerService
04-04 04:29:57.543 D/SystemServerTimingAsync( 1145): ssm.onUnlockingUser-0_com.android.server.alarm.AlarmManagerService took to complete: 0ms
04-04 04:29:57.543 I/SystemServerTimingAsync( 1145): ssm.onUnlockingUser-0_com.android.server.devicestate.DeviceStateManagerService
04-04 04:29:57.543 D/SystemServerTimingAsync( 1145): ssm.onUnlockingUser-0_com.android.server.devicestate.DeviceStateManagerService took to complete: 0ms
04-04 04:29:57.543 I/SystemServerTimingAsync( 1145): ssm.onUnlockingUser-0_com.android.server.camera.CameraServiceProxy
04-04 04:29:57.543 D/SystemServerTimingAsync( 1145): ssm.onUnlockingUser-0_com.android.server.camera.CameraServiceProxy took to complete: 0ms
04-04 04:29:57.543 I/SystemServerTimingAsync( 1145): ssm.onUnlockingUser-0_com.android.server.BluetoothService
04-04 04:29:57.543 D/BluetoothManagerService( 1145): User 0 unlocked
04-04 04:29:57.544 D/SystemServerTimingAsync( 1145): ssm.onUnlockingUser-0_com.android.server.BluetoothService took to complete: 0ms
04-04 04:29:57.544 I/SystemServerTimingAsync( 1145): ssm.onUnlockingUser-0_com.android.server.connectivity.IpConnectivityMetrics
04-04 04:29:57.544 D/SystemServerTimingAsync( 1145): ssm.onUnlockingUser-0_com.android.server.connectivity.IpConnectivityMetrics took to complete: 1ms
04-04 04:29:57.544 I/SystemServerTimingAsync( 1145): ssm.onUnlockingUser-0_com.android.server.net.watchlist.NetworkWatchlistService$Lifecycle
04-04 04:29:57.544 D/SystemServerTimingAsync( 1145): ssm.onUnlockingUser-0_com.android.server.net.watchlist.NetworkWatchlistService$Lifecycle took to complete: 0ms
04-04 04:29:57.544 D/BluetoothManagerService( 1145): MESSAGE_USER_UNLOCKED
04-04 04:29:57.544 I/SystemServerTimingAsync( 1145): ssm.onUnlockingUser-0_com.android.server.PinnerService
04-04 04:29:57.544 D/SystemServerTimingAsync( 1145): ssm.onUnlockingUser-0_com.android.server.PinnerService took to complete: 0ms
04-04 04:29:57.544 I/SystemServerTimingAsync( 1145): ssm.onUnlockingUser-0_com.google.android.startop.iorap.IorapForwardingService
04-04 04:29:57.544 D/SystemServerTimingAsync( 1145): ssm.onUnlockingUser-0_com.google.android.startop.iorap.IorapForwardingService took to complete: 0ms
04-04 04:29:57.544 I/SystemServerTimingAsync( 1145): ssm.onUnlockingUser-0_com.android.server.ActivityTriggerService
04-04 04:29:57.544 D/SystemServerTimingAsync( 1145): ssm.onUnlockingUser-0_com.android.server.ActivityTriggerService took to complete: 0ms
04-04 04:29:57.544 I/SystemServerTimingAsync( 1145): ssm.onUnlockingUser-0_com.android.server.integrity.AppIntegrityManagerService
04-04 04:29:57.544 D/SystemServerTimingAsync( 1145): ssm.onUnlockingUser-0_com.android.server.integrity.AppIntegrityManagerService took to complete: 0ms
04-04 04:29:57.544 I/SystemServerTimingAsync( 1145): ssm.onUnlockingUser-0_com.android.server.inputmethod.InputMethodManagerService$Lifecycle
04-04 04:29:57.545 D/SystemServerTimingAsync( 1145): ssm.onUnlockingUser-0_com.android.server.inputmethod.InputMethodManagerService$Lifecycle took to complete: 0ms
04-04 04:29:57.545 I/SystemServerTimingAsync( 1145): ssm.onUnlockingUser-0_com.android.server.accessibility.AccessibilityManagerService$Lifecycle
04-04 04:29:57.545 D/SystemServerTimingAsync( 1145): ssm.onUnlockingUser-0_com.android.server.accessibility.AccessibilityManagerService$Lifecycle took to complete: 0ms
04-04 04:29:57.545 I/SystemServerTimingAsync( 1145): ssm.onUnlockingUser-0_com.android.server.StorageManagerService$Lifecycle
04-04 04:29:57.545 D/StorageManagerService( 1145): onUnlockUser 0
04-04 04:29:57.545 I/StorageSessionController( 1145): On user unlock 0
01-01 08:00:56.848 D/cnss ( 0): Assign MSI to user: DP, num_vectors: 18, user_base_data: 814, base_vector: 14
01-01 08:00:56.848 D/cnss ( 0): Get IRQ number 365 for vector index 14
01-01 08:00:56.848 D/cnss ( 0): Assign MSI to user: DP, num_vectors: 18, user_base_data: 814, base_vector: 14
01-01 08:00:56.848 D/cnss ( 0): Get IRQ number 366 for vector index 15
01-01 08:00:56.848 D/cnss ( 0): Assign MSI to user: DP, num_vectors: 18, user_base_data: 814, base_vector: 14
01-01 08:00:56.848 D/cnss ( 0): Get IRQ number 367 for vector index 16
01-01 08:00:56.848 D/cnss ( 0): Assign MSI to user: DP, num_vectors: 18, user_base_data: 814, base_vector: 14
01-01 08:00:56.848 D/cnss ( 0): Get IRQ number 368 for vector index 17
01-01 08:00:56.848 D/cnss ( 0): Assign MSI to user: DP, num_vectors: 18, user_base_data: 814, base_vector: 14
01-01 08:00:56.848 D/cnss ( 0): Assign MSI to user: DP, num_vectors: 18, user_base_data: 814, base_vector: 14
01-01 08:00:56.848 D/cnss ( 0): Get IRQ number 370 for vector index 19
01-01 08:00:56.848 D/cnss ( 0): Assign MSI to user: DP, num_vectors: 18, user_base_data: 814, base_vector: 14
01-01 08:00:56.848 D/cnss ( 0): Get IRQ number 371 for vector index 20
04-04 04:29:57.545 I/StorageSessionController( 1145): Initialialising...
04-04 04:29:57.546 I/vold ( 560): onUserStarted: 0
04-04 04:29:57.547 V/StorageManagerService( 1145): Found primary storage at VolumeInfo{emulated;0}:
04-04 04:29:57.547 V/StorageManagerService( 1145): type=EMULATED diskId=null partGuid= mountFlags=0 mountUserId=0
04-04 04:29:57.547 V/StorageManagerService( 1145): state=UNMOUNTED
04-04 04:29:57.547 V/StorageManagerService( 1145): fsType=null fsUuid=null fsLabel=null
04-04 04:29:57.547 V/StorageManagerService( 1145): path=null internalPath=null
04-04 04:29:57.547 I/StorageManagerService( 1145): Mounting volume VolumeInfo{emulated;0}:
04-04 04:29:57.547 I/StorageManagerService( 1145): type=EMULATED diskId=null partGuid= mountFlags=PRIMARY|VISIBLE
04-04 04:29:57.547 I/StorageManagerService( 1145): mountUserId=0 state=UNMOUNTED
04-04 04:29:57.547 I/StorageManagerService( 1145): fsType=null fsUuid=null fsLabel=null
04-04 04:29:57.547 I/StorageManagerService( 1145): path=null internalPath=null
04-04 04:29:57.548 I/vold ( 560): Executing sdcardfs
04-04 04:29:57.548 D/SystemServerTimingAsync( 1145): ssm.onUnlockingUser-0_com.android.server.StorageManagerService$Lifecycle took to complete: 3ms
04-04 04:29:57.548 I/SystemServerTimingAsync( 1145): ssm.onUnlockingUser-0_com.android.server.usage.StorageStatsService$Lifecycle
04-04 04:29:57.548 D/SystemServerTimingAsync( 1145): ssm.onUnlockingUser-0_com.android.server.usage.StorageStatsService$Lifecycle took to complete: 0ms
04-04 04:29:57.548 I/SystemServerTimingAsync( 1145): ssm.onUnlockingUser-0_com.android.server.UiModeManagerService
04-04 04:29:57.549 D/SystemServerTimingAsync( 1145): ssm.onUnlockingUser-0_com.android.server.UiModeManagerService took to complete: 0ms
04-04 04:29:57.549 I/SystemServerTimingAsync( 1145): ssm.onUnlockingUser-0_com.android.server.locksettings.LockSettingsService$Lifecycle
04-04 04:29:57.549 D/SystemServerTimingAsync( 1145): ssm.onUnlockingUser-0_com.android.server.locksettings.LockSettingsService$Lifecycle took to complete: 1ms
04-04 04:29:57.549 I/SystemServerTimingAsync( 1145): ssm.onUnlockingUser-0_com.android.server.PersistentDataBlockService
04-04 04:29:57.549 D/SystemServerTimingAsync( 1145): ssm.onUnlockingUser-0_com.android.server.PersistentDataBlockService took to complete: 0ms
04-04 04:29:57.549 I/SystemServerTimingAsync( 1145): ssm.onUnlockingUser-0_com.android.server.testharness.TestHarnessModeService
04-04 04:29:57.549 D/SystemServerTimingAsync( 1145): ssm.onUnlockingUser-0_com.android.server.testharness.TestHarnessModeService took to complete: 0ms
04-04 04:29:57.550 I/SystemServerTimingAsync( 1145): ssm.onUnlockingUser-0_com.android.server.oemlock.OemLockService
04-04 04:29:57.550 D/SystemServerTimingAsync( 1145): ssm.onUnlockingUser-0_com.android.server.oemlock.OemLockService took to complete: 0ms
04-04 04:29:57.550 I/SystemServerTimingAsync( 1145): ssm.onUnlockingUser-0_com.android.server.DeviceIdleController
04-04 04:29:57.550 D/SystemServerTimingAsync( 1145): ssm.onUnlockingUser-0_com.android.server.DeviceIdleController took to complete: 0ms
04-04 04:29:57.559 I/SystemServerTimingAsync( 1145): ssm.onUnlockingUser-0_com.android.server.devicepolicy.DevicePolicyManagerService$Lifecycle
04-04 04:29:57.559 D/SystemServerTimingAsync( 1145): ssm.onUnlockingUser-0_com.android.server.devicepolicy.DevicePolicyManagerService$Lifecycle took to complete: 0ms
04-04 04:29:57.559 I/SystemServerTimingAsync( 1145): ssm.onUnlockingUser-0_com.android.server.texttospeech.TextToSpeechManagerService
04-04 04:29:57.560 D/SystemServerTimingAsync( 1145): ssm.onUnlockingUser-0_com.android.server.texttospeech.TextToSpeechManagerService took to complete: 0ms
04-04 04:29:57.560 I/SystemServerTimingAsync( 1145): ssm.onUnlockingUser-0_com.android.server.speech.SpeechRecognitionManagerService
04-04 04:29:57.560 D/SystemServerTimingAsync( 1145): ssm.onUnlockingUser-0_com.android.server.speech.SpeechRecognitionManagerService took to complete: 0ms
04-04 04:29:57.560 I/SystemServerTimingAsync( 1145): ssm.onUnlockingUser-0_com.android.server.searchui.SearchUiManagerService
04-04 04:29:57.561 D/SystemServerTimingAsync( 1145): ssm.onUnlockingUser-0_com.android.server.searchui.SearchUiManagerService took to complete: 0ms
04-04 04:29:57.561 I/SystemServerTimingAsync( 1145): ssm.onUnlockingUser-0_com.android.server.smartspace.SmartspaceManagerService
04-04 04:29:57.561 D/SystemServerTimingAsync( 1145): ssm.onUnlockingUser-0_com.android.server.smartspace.SmartspaceManagerService took to complete: 0ms
04-04 04:29:57.561 I/SystemServerTimingAsync( 1145): ssm.onUnlockingUser-0_com.android.server.graphics.fonts.FontManagerService$Lifecycle
04-04 04:29:57.561 D/SystemServerTimingAsync( 1145): ssm.onUnlockingUser-0_com.android.server.graphics.fonts.FontManagerService$Lifecycle took to complete: 0ms
04-04 04:29:57.561 I/SystemServerTimingAsync( 1145): ssm.onUnlockingUser-0_com.android.server.textservices.TextServicesManagerService$Lifecycle
04-04 04:29:57.565 D/vold ( 560): Waiting for sdcardfs to spin up...
04-04 04:29:57.568 D/SystemServerTimingAsync( 1145): ssm.onUnlockingUser-0_com.android.server.textservices.TextServicesManagerService$Lifecycle took to complete: 7ms
04-04 04:29:57.568 I/SystemServerTimingAsync( 1145): ssm.onUnlockingUser-0_com.android.server.textclassifier.TextClassificationManagerService$Lifecycle
01-01 08:00:56.863 E/[kworke][0x411392df][04:29:57.580289] wlan( 0): [274:E:HIF] hif_pci_ce_irq_set_affinity_hint: 3708: Unable to set cpu mask for offline CPU 0
01-01 08:00:56.880 I/display_panel_avdd( 0): disabling
04-04 04:29:57.569 D/SystemServerTimingAsync( 1145): ssm.onUnlockingUser-0_com.android.server.textclassifier.TextClassificationManagerService$Lifecycle took to complete: 0ms
04-04 04:29:57.569 I/SystemServerTimingAsync( 1145): ssm.onUnlockingUser-0_com.android.server.NetworkScoreService$Lifecycle
04-04 04:29:57.569 D/SystemServerTimingAsync( 1145): ssm.onUnlockingUser-0_com.android.server.NetworkScoreService$Lifecycle took to complete: 0ms
04-04 04:29:57.569 I/SystemServerTimingAsync( 1145): ssm.onUnlockingUser-0_com.android.server.wifi.WifiService
04-04 04:29:57.569 D/SystemServerTimingAsync( 1145): ssm.onUnlockingUser-0_com.android.server.wifi.WifiService took to complete: 0ms
04-04 04:29:57.569 I/SystemServerTimingAsync( 1145): ssm.onUnlockingUser-0_com.android.server.wifi.scanner.WifiScanningService
04-04 04:29:57.570 D/SystemServerTimingAsync( 1145): ssm.onUnlockingUser-0_com.android.server.wifi.scanner.WifiScanningService took to complete: 0ms
04-04 04:29:57.570 I/SystemServerTimingAsync( 1145): ssm.onUnlockingUser-0_com.android.server.wifi.rtt.RttService
04-04 04:29:57.570 D/SystemServerTimingAsync( 1145): ssm.onUnlockingUser-0_com.android.server.wifi.rtt.RttService took to complete: 0ms
01-01 08:00:56.903 I/vdd_tof ( 0): disabling
01-01 08:00:56.904 I/ ( 0): sdcardfs version 2.0
01-01 08:00:56.904 I/sdcardfs( 0): dev_name -> /data/media
01-01 08:00:56.904 I/sdcardfs( 0): options -> fsuid=1023,fsgid=1023,multiuser,derive_gid,default_normal,unshared_obb,mask=6,userid=0,gid=1015
01-01 08:00:56.904 I/sdcardfs( 0): mnt -> ffffffcea54bb4e0
04-04 04:29:57.570 I/SystemServerTimingAsync( 1145): ssm.onUnlockingUser-0_com.android.server.wifi.aware.WifiAwareService
04-04 04:29:57.570 D/SystemServerTimingAsync( 1145): ssm.onUnlockingUser-0_com.android.server.wifi.aware.WifiAwareService took to complete: 0ms
04-04 04:29:57.570 I/SystemServerTimingAsync( 1145): ssm.onUnlockingUser-0_com.android.server.wifi.p2p.WifiP2pService
04-04 04:29:57.570 D/SystemServerTimingAsync( 1145): ssm.onUnlockingUser-0_com.android.server.wifi.p2p.WifiP2pService took to complete: 0ms
04-04 04:29:57.570 I/SystemServerTimingAsync( 1145): ssm.onUnlockingUser-0_com.android.server.ethernet.EthernetService
04-04 04:29:57.570 D/SystemServerTimingAsync( 1145): ssm.onUnlockingUser-0_com.android.server.ethernet.EthernetService took to complete: 0ms
04-04 04:29:57.570 I/SystemServerTimingAsync( 1145): ssm.onUnlockingUser-0_com.android.server.ConnectivityServiceInitializer
04-04 04:29:57.570 D/SystemServerTimingAsync( 1145): ssm.onUnlockingUser-0_com.android.server.ConnectivityServiceInitializer took to complete: 0ms
04-04 04:29:57.571 I/SystemServerTimingAsync( 1145): ssm.onUnlockingUser-0_com.android.server.notification.NotificationManagerService
04-04 04:29:57.571 D/SystemServerTimingAsync( 1145): ssm.onUnlockingUser-0_com.android.server.notification.NotificationManagerService took to complete: 0ms
04-04 04:29:57.571 I/SystemServerTimingAsync( 1145): ssm.onUnlockingUser-0_com.android.server.storage.DeviceStorageMonitorService
04-04 04:29:57.571 D/SystemServerTimingAsync( 1145): ssm.onUnlockingUser-0_com.android.server.storage.DeviceStorageMonitorService took to complete: 0ms
04-04 04:29:57.571 I/SystemServerTimingAsync( 1145): ssm.onUnlockingUser-0_com.android.server.location.LocationManagerService$Lifecycle
04-04 04:29:57.571 D/SystemServerTimingAsync( 1145): ssm.onUnlockingUser-0_com.android.server.location.LocationManagerService$Lifecycle took to complete: 0ms
04-04 04:29:57.571 I/SystemServerTimingAsync( 1145): ssm.onUnlockingUser-0_com.android.server.timedetector.TimeDetectorService$Lifecycle
04-04 04:29:57.571 D/SystemServerTimingAsync( 1145): ssm.onUnlockingUser-0_com.android.server.timedetector.TimeDetectorService$Lifecycle took to complete: 0ms
04-04 04:29:57.571 I/SystemServerTimingAsync( 1145): ssm.onUnlockingUser-0_com.android.server.timezonedetector.TimeZoneDetectorService$Lifecycle
04-04 04:29:57.571 D/SystemServerTimingAsync( 1145): ssm.onUnlockingUser-0_com.android.server.timezonedetector.TimeZoneDetectorService$Lifecycle took to complete: 0ms
04-04 04:29:57.572 I/SystemServerTimingAsync( 1145): ssm.onUnlockingUser-0_com.android.server.timezonedetector.location.LocationTimeZoneManagerService$Lifecycle
04-04 04:29:57.572 D/SystemServerTimingAsync( 1145): ssm.onUnlockingUser-0_com.android.server.timezonedetector.location.LocationTimeZoneManagerService$Lifecycle took to complete: 0ms
04-04 04:29:57.572 I/SystemServerTimingAsync( 1145): ssm.onUnlockingUser-0_com.android.server.search.SearchManagerService$Lifecycle
04-04 04:29:57.572 D/SystemServerTimingAsync( 1145): ssm.onUnlockingUser-0_com.android.server.search.SearchManagerService$Lifecycle took to complete: 1ms
04-04 04:29:57.572 I/SystemServerTimingAsync( 1145): ssm.onUnlockingUser-0_com.android.server.wallpaper.WallpaperManagerService$Lifecycle
04-04 04:29:57.572 I/WallpaperManagerService( 1145): on-unlock-user-0
04-04 04:29:57.572 D/WallpaperManagerService( 1145): on-unlock-user-0 took to complete: 0ms
04-04 04:29:57.572 D/SystemServerTimingAsync( 1145): ssm.onUnlockingUser-0_com.android.server.wallpaper.WallpaperManagerService$Lifecycle took to complete: 0ms
04-04 04:29:57.572 I/SystemServerTimingAsync( 1145): ssm.onUnlockingUser-0_com.android.server.audio.AudioService$Lifecycle
04-04 04:29:57.573 D/SystemServerTimingAsync( 1145): ssm.onUnlockingUser-0_com.android.server.audio.AudioService$Lifecycle took to complete: 0ms
01-01 08:00:56.909 I/sdcardfs( 0): mounted on top of /data/media type f2fs
04-04 04:29:57.573 I/SystemServerTimingAsync( 1145): ssm.onUnlockingUser-0_com.android.server.soundtrigger_middleware.SoundTriggerMiddlewareService$Lifecycle
04-04 04:29:57.573 D/SystemServerTimingAsync( 1145): ssm.onUnlockingUser-0_com.android.server.soundtrigger_middleware.SoundTriggerMiddlewareService$Lifecycle took to complete: 0ms
04-04 04:29:57.573 I/SystemServerTimingAsync( 1145): ssm.onUnlockingUser-0_com.android.server.DockObserver
04-04 04:29:57.574 D/SystemServerTimingAsync( 1145): ssm.onUnlockingUser-0_com.android.server.DockObserver took to complete: 0ms
04-04 04:29:57.574 I/SystemServerTimingAsync( 1145): ssm.onUnlockingUser-0_com.android.server.midi.MidiService$Lifecycle
04-04 04:29:57.575 D/SystemServerTimingAsync( 1145): ssm.onUnlockingUser-0_com.android.server.midi.MidiService$Lifecycle took to complete: 2ms
04-04 04:29:57.575 I/SystemServerTimingAsync( 1145): ssm.onUnlockingUser-0_com.android.server.adb.AdbService$Lifecycle
04-04 04:29:57.575 D/SystemServerTimingAsync( 1145): ssm.onUnlockingUser-0_com.android.server.adb.AdbService$Lifecycle took to complete: 0ms
04-04 04:29:57.575 I/SystemServerTimingAsync( 1145): ssm.onUnlockingUser-0_com.android.server.usb.UsbService$Lifecycle
04-04 04:29:57.575 D/SystemServerTimingAsync( 1145): ssm.onUnlockingUser-0_com.android.server.usb.UsbService$Lifecycle took to complete: 0ms
04-04 04:29:57.576 I/SystemServerTimingAsync( 1145): ssm.onUnlockingUser-0_com.android.server.twilight.TwilightService
04-04 04:29:57.576 D/SystemServerTimingAsync( 1145): ssm.onUnlockingUser-0_com.android.server.twilight.TwilightService took to complete: 0ms
04-04 04:29:57.576 I/SystemServerTimingAsync( 1145): ssm.onUnlockingUser-0_com.android.server.display.color.ColorDisplayService
04-04 04:29:57.576 D/SystemServerTimingAsync( 1145): ssm.onUnlockingUser-0_com.android.server.display.color.ColorDisplayService took to complete: 0ms
04-04 04:29:57.576 I/SystemServerTimingAsync( 1145): ssm.onUnlockingUser-0_com.android.server.job.JobSchedulerService
04-04 04:29:57.576 D/SystemServerTimingAsync( 1145): ssm.onUnlockingUser-0_com.android.server.job.JobSchedulerService took to complete: 0ms
01-01 08:00:56.912 I/ ( 0): Remount options were mask=23,gid=9997 for vfsmnt ffffffce75d150e0.
01-01 08:00:56.912 I/sdcardfs( 0): options - debug:1
01-01 08:00:56.912 I/sdcardfs( 0): options - gid:9997
04-04 04:29:57.578 I/SystemServerTimingAsync( 1145): ssm.onUnlockingUser-0_com.android.server.soundtrigger.SoundTriggerService
01-01 08:00:56.912 I/sdcardfs( 0): options - mask:23
01-01 08:00:56.914 I/ ( 0): Remount options were mask=7,gid=9997 for vfsmnt ffffffce75d142e0.
04-04 04:29:57.578 D/SystemServerTimingAsync( 1145): ssm.onUnlockingUser-0_com.android.server.soundtrigger.SoundTriggerService took to complete: 0ms
01-01 08:00:56.914 I/sdcardfs( 0): options - debug:1
01-01 08:00:56.914 I/sdcardfs( 0): options - gid:9997
01-01 08:00:56.914 I/sdcardfs( 0): options - mask:7
01-01 08:00:56.915 I/ ( 0): Remount options were mask=7,gid=9997 for vfsmnt ffffffce75d30060.
01-01 08:00:56.915 I/sdcardfs( 0): options - debug:1
04-04 04:29:57.578 I/SystemServerTimingAsync( 1145): ssm.onUnlockingUser-0_com.android.server.trust.TrustManagerService
01-01 08:00:56.915 I/sdcardfs( 0): options - gid:9997
01-01 08:00:56.915 I/sdcardfs( 0): options - mask:7
04-04 04:29:57.578 D/SystemServerTimingAsync( 1145): ssm.onUnlockingUser-0_com.android.server.trust.TrustManagerService took to complete: 0ms
04-04 04:29:57.578 I/SystemServerTimingAsync( 1145): ssm.onUnlockingUser-0_com.android.server.backup.BackupManagerService$Lifecycle
01-01 08:00:56.920 I/[kworke][0x41243b33][04:29:57.637148] wlan( 0): [280:I:WMA] wma_rx_service_ready_event: Firmware build version : 101a0521
01-01 08:00:56.920 I/[kworke][0x41244053][04:29:57.637216] wlan( 0): [280:I:WMA] wma_rx_service_ready_event: Board id: 0, Board version: 8 0 0 0 6
04-04 04:29:57.578 D/SystemServerTimingAsync( 1145): ssm.onUnlockingUser-0_com.android.server.backup.BackupManagerService$Lifecycle took to complete: 0ms
04-04 04:29:57.579 I/SystemServerTimingAsync( 1145): ssm.onUnlockingUser-0_com.android.server.appwidget.AppWidgetService
04-04 04:29:57.579 D/SystemServerTimingAsync( 1145): ssm.onUnlockingUser-0_com.android.server.appwidget.AppWidgetService took to complete: 0ms
04-04 04:29:57.579 I/SystemServerTimingAsync( 1145): ssm.onUnlockingUser-0_com.android.server.voiceinteraction.VoiceInteractionManagerService
04-04 04:29:57.579 W/VoiceInteractionManager( 1145): no available voice recognition services found for user 0
