04-04 04:30:00.659 D/CompatibilityChangeReporter( 1145): Compat change id reported: 135772972; UID 10018; state: DISABLED
04-04 04:30:00.660 D/CompatibilityChangeReporter( 1145): Compat change id reported: 135754954; UID 10018; state: ENABLED
04-04 04:30:00.661 D/CompatibilityChangeReporter( 1145): Compat change id reported: 143937733; UID 10018; state: ENABLED
04-04 04:30:00.729 W/ActivityManager( 1145): Slow operation: 70ms so far, now at startProcess: returned from zygote!
04-04 04:30:00.732 W/ActivityManager( 1145): Slow operation: 73ms so far, now at startProcess: done updating battery stats
04-04 04:30:00.732 W/ActivityManager( 1145): Slow operation: 73ms so far, now at startProcess: building log message
04-04 04:30:00.732 I/ActivityManager( 1145): Start proc 3485:android.process.acore/u0a18 for content provider {com.android.providers.contacts/com.android.providers.contacts.ContactsProvider2}
04-04 04:30:00.733 W/ActivityManager( 1145): Slow operation: 73ms so far, now at startProcess: starting to update pids map
04-04 04:30:00.733 W/ActivityManager( 1145): Slow operation: 73ms so far, now at startProcess: done updating pids map
04-04 04:30:00.761 I/GameModeConfig( 1145): isGameModeOn = false
04-04 04:30:00.761 I/GameModeConfig( 1145): isGameModeOn = false
01-01 08:01:00.081 I/binder ( 0): 3485:3485 ioctl 40046210 7fd3d8b3a4 returned -22
04-04 04:30:00.821 D/CompatibilityChangeReporter( 1145): Compat change id reported: 168419799; UID 10018; state: DISABLED
04-04 04:30:00.857 D/CompatibilityChangeReporter( 1145): Compat change id reported: 135634846; UID 1000; state: DISABLED
04-04 04:30:00.857 D/CompatibilityChangeReporter( 1145): Compat change id reported: 177438394; UID 1000; state: DISABLED
04-04 04:30:00.858 D/CompatibilityChangeReporter( 1145): Compat change id reported: 135772972; UID 1000; state: DISABLED
04-04 04:30:00.858 D/CompatibilityChangeReporter( 1145): Compat change id reported: 135754954; UID 1000; state: ENABLED
04-04 04:30:00.869 W/ContextImpl( 3459): Calling a method in the system process without a qualified user: android.app.ContextImpl.startService:1816 android.content.ContextWrapper.startService:774 android.content.ContextWrapper.startService:774 com.qti.diagservices.Diag_OnBoot.onReceive:40 android.app.ActivityThread.handleReceiver:4309
04-04 04:30:00.880 I/Telecom ( 1145): DefaultDialerCache: Refreshing default dialer for user 0: now null: DDC.oR@AAw
04-04 04:30:00.882 I/Telecom ( 1145): MissedCallNotifierImpl: reloadAfterBootComplete: user=0: TSBCR.oR@AA0
04-04 04:30:00.889 I/GameModeConfig( 1145): isGameModeOn = false
04-04 04:30:00.889 I/GameModeConfig( 1145): isGameModeOn = false
04-04 04:30:00.917 I/Telecom ( 1145): MissedCallNotifierImpl: reloadAfterBootComplete: user=0: TSBCR.oR@AA0
04-04 04:30:00.928 W/ActivityManager( 1145): Slow operation: 71ms so far, now at startProcess: returned from zygote!
04-04 04:30:00.934 W/ActivityManager( 1145): Slow operation: 78ms so far, now at startProcess: done updating battery stats
04-04 04:30:00.935 W/ActivityManager( 1145): Slow operation: 78ms so far, now at startProcess: building log message
04-04 04:30:00.935 I/ActivityManager( 1145): Start proc 3523:com.android.localtransport/1000 for service {com.android.localtransport/com.android.localtransport.LocalTransportService}
04-04 04:30:00.935 W/ActivityManager( 1145): Slow operation: 78ms so far, now at startProcess: starting to update pids map
04-04 04:30:00.935 W/ActivityManager( 1145): Slow operation: 79ms so far, now at startProcess: done updating pids map
04-04 04:30:00.998 W/ActivityManager( 1145): Slow operation: 73ms so far, now at startProcess: returned from zygote!
04-04 04:30:00.999 W/ActivityManager( 1145): Slow operation: 74ms so far, now at startProcess: done updating battery stats
04-04 04:30:00.999 W/ActivityManager( 1145): Slow operation: 75ms so far, now at startProcess: building log message
04-04 04:30:00.999 I/ActivityManager( 1145): Start proc 3544:com.android.dynsystem/1000 for broadcast {com.android.dynsystem/com.android.dynsystem.BootCompletedReceiver}
04-04 04:30:01.008 W/ActivityManager( 1145): Slow operation: 84ms so far, now at startProcess: starting to update pids map
01-01 08:01:00.301 I/binder ( 0): 3523:3523 ioctl 40046210 7fd3d8b3a4 returned -22
04-04 04:30:01.012 W/ActivityManager( 1145): Slow operation: 88ms so far, now at startProcess: done updating pids map
04-04 04:30:01.020 D/CountryDetector( 1145): The first listener is added
04-04 04:30:01.033 D/CompatibilityChangeReporter( 1145): Compat change id reported: 168419799; UID 1000; state: DISABLED
01-01 08:01:00.333 I/binder ( 0): 3544:3544 ioctl 40046210 7fd3d8b3a4 returned -22
04-04 04:30:01.084 D/CompatibilityChangeReporter( 1145): Compat change id reported: 168419799; UID 1000; state: DISABLED
04-04 04:30:01.125 I/TransportClient( 1145): LocalTransportService#0: Notifying [TransportManager.registerTransport()] transport = IBackupTransport
04-04 04:30:01.139 D/BackupTransportManager( 1145): Transport com.android.localtransport/.LocalTransportService registered
04-04 04:30:01.139 D/BackupManagerService( 1145): [UserID:0] Transport com.android.localtransport/.LocalTransport registered 3308ms after first request (delay = 3000ms)
04-04 04:30:01.155 I/BackupManagerService( 1145): [UserID:0] Found 1 stale backup journal(s), scheduling.
04-04 04:30:01.169 D/CompatibilityChangeReporter( 1145): Compat change id reported: 171306433; UID 10033; state: DISABLED
04-04 04:30:01.170 I/BackupManagerService( 1145): [UserID:0] Stale backup journals: Scheduled 7 package(s) total
04-04 04:30:01.203 E/ActivityThread( 3325): Failed to find provider info for telephony
04-04 04:30:01.256 D/CompatibilityChangeReporter( 1145): Compat change id reported: 135634846; UID 1000; state: DISABLED
04-04 04:30:01.256 D/CompatibilityChangeReporter( 1145): Compat change id reported: 177438394; UID 1000; state: DISABLED
04-04 04:30:01.256 D/CompatibilityChangeReporter( 1145): Compat change id reported: 135772972; UID 1000; state: DISABLED
04-04 04:30:01.256 D/CompatibilityChangeReporter( 1145): Compat change id reported: 135754954; UID 1000; state: ENABLED
04-04 04:30:01.264 D/CompatibilityChangeReporter( 1145): Compat change id reported: 135634846; UID 10072; state: DISABLED
04-04 04:30:01.264 D/CompatibilityChangeReporter( 1145): Compat change id reported: 177438394; UID 10072; state: DISABLED
04-04 04:30:01.264 D/CompatibilityChangeReporter( 1145): Compat change id reported: 135772972; UID 10072; state: DISABLED
04-04 04:30:01.265 D/CompatibilityChangeReporter( 1145): Compat change id reported: 135754954; UID 10072; state: ENABLED
04-04 04:30:01.300 I/ActivityManager( 1145): Start proc 3607:com.android.dynsystem:dynsystem/1000 for service {com.android.dynsystem/com.android.dynsystem.DynamicSystemInstallationService}
04-04 04:30:01.301 D/CompatibilityChangeReporter( 1145): Compat change id reported: 143937733; UID 10072; state: ENABLED
01-01 08:01:00.648 I/binder ( 0): 3607:3607 ioctl 40046210 7fd3d8b3a4 returned -22
04-04 04:30:01.355 W/ActivityManager( 1145): Slow operation: 90ms so far, now at startProcess: returned from zygote!
04-04 04:30:01.355 W/ActivityManager( 1145): Slow operation: 91ms so far, now at startProcess: done updating battery stats
04-04 04:30:01.355 W/ActivityManager( 1145): Slow operation: 91ms so far, now at startProcess: building log message
04-04 04:30:01.355 I/ActivityManager( 1145): Start proc 3616:com.android.inputmethod.latin/u0a72 for broadcast {com.android.inputmethod.latin/com.android.inputmethod.latin.SystemBroadcastReceiver}
04-04 04:30:01.355 W/ActivityManager( 1145): Slow operation: 91ms so far, now at startProcess: starting to update pids map
04-04 04:30:01.356 W/ActivityManager( 1145): Slow operation: 92ms so far, now at startProcess: done updating pids map
04-04 04:30:01.361 I/wificond( 1289): Regulatory domain changed to country: CN on wiphy_index: 0
04-04 04:30:01.366 I/wificond( 1289): 2.4Ghz frequencies: 2412 2417 2422 2427 2432 2437 2442 2447 2452 2457 2462 2467 2472
04-04 04:30:01.368 I/wificond( 1289): 5Ghz non-DFS frequencies: 5180 5200 5220 5240 5745 5765 5785 5805 5825
04-04 04:30:01.368 I/wificond( 1289): 5Ghz DFS frequencies: 5260 5280 5300 5320
04-04 04:30:01.368 I/wificond( 1289): 6Ghz frequencies:
04-04 04:30:01.368 I/wificond( 1289): 60Ghz frequencies:
04-04 04:30:01.403 W/ActivityTaskManager( 1145): Current config: {1.0 ?mcc?mnc [zh_CN] ldltr sw680dp w1586dp h612dp 240dpi lrg long hdr land finger -keyb/v/h -nav/h winConfig={ mBounds=Rect(0, 0 - 2380, 1020) mAppBounds=Rect(0, 0 - 2380, 954) mMaxBounds=Rect(0, 0 - 2380, 1020) mWindowingMode=fullscreen mDisplayWindowingMode=fullscreen mActivityType=undefined mAlwaysOnTop=undefined mRotation=ROTATION_0} s.10 fontWeightAdjustment=0} unchanged for IME proc com.baidu.input
04-04 04:30:01.403 W/ActivityTaskManager( 1145): Current config: {1.0 ?mcc?mnc [zh_CN] ldltr sw680dp w1586dp h612dp 240dpi lrg long hdr land finger -keyb/v/h -nav/h winConfig={ mBounds=Rect(0, 0 - 2380, 1020) mAppBounds=Rect(0, 0 - 2380, 954) mMaxBounds=Rect(0, 0 - 2380, 1020) mWindowingMode=fullscreen mDisplayWindowingMode=fullscreen mActivityType=undefined mAlwaysOnTop=undefined mRotation=ROTATION_0} s.10 fontWeightAdjustment=0} unchanged for IME proc com.baidu.input
01-01 08:01:00.716 I/binder ( 0): 3616:3616 ioctl 40046210 7fd3d8b3a4 returned -22
04-04 04:30:01.454 D/CompatibilityChangeReporter( 1145): Compat change id reported: 172100307; UID 10097; state: DISABLED
01-01 08:01:00.735 I/[schedu][0x4581d44f][04:30:01.451881] wlan( 0): [2863:I:OSIF] vdev 0, scan id 40961 type COMPLETED(1) reason COMPLETED(1) scan found 52 bss
04-04 04:30:01.483 D/CompatibilityChangeReporter( 1145): Compat change id reported: 168419799; UID 10072; state: DISABLED
04-04 04:30:01.554 I/GameModeConfig( 1145): isGameModeOn = false
04-04 04:30:01.554 I/GameModeConfig( 1145): isGameModeOn = false
04-04 04:30:01.576 I/DynamicSystemService( 1145): isInstalled(): false
04-04 04:30:01.739 I/GameModeConfig( 1145): isGameModeOn = false
04-04 04:30:01.740 W/NotificationHistory( 1145): Attempted to add notif for locked/gone/disabled user 0
04-04 04:30:02.247 I/ActivityManager( 1145): Process com.android.inputmethod.latin (pid 3616) has died: fg RCVR
04-04 04:30:02.262 I/ActivityManager( 1145): com.android.managedprovisioning is exempt from freezer
04-04 04:30:02.262 D/CompatibilityChangeReporter( 1145): Compat change id reported: 135634846; UID 10031; state: DISABLED
04-04 04:30:02.262 D/CompatibilityChangeReporter( 1145): Compat change id reported: 177438394; UID 10031; state: DISABLED
04-04 04:30:02.263 D/CompatibilityChangeReporter( 1145): Compat change id reported: 135772972; UID 10031; state: DISABLED
04-04 04:30:02.263 D/CompatibilityChangeReporter( 1145): Compat change id reported: 135754954; UID 10031; state: ENABLED
04-04 04:30:02.263 D/CompatibilityChangeReporter( 1145): Compat change id reported: 143937733; UID 10031; state: ENABLED
04-04 04:30:02.299 I/ActivityManager( 1145): Start proc 3690:com.android.managedprovisioning/u0a31 for broadcast {com.android.managedprovisioning/com.android.managedprovisioning.BootReminder}
01-01 08:01:01.636 I/binder ( 0): 3690:3690 ioctl 40046210 7fd3d8b3a4 returned -22
04-04 04:30:02.365 D/CompatibilityChangeReporter( 1145): Compat change id reported: 168419799; UID 10031; state: DISABLED
04-04 04:30:02.638 D/CompatibilityChangeReporter( 1145): Compat change id reported: 168419799; UID 10026; state: DISABLED
04-04 04:30:02.651 D/CompatibilityChangeReporter( 1145): Compat change id reported: 135634846; UID 10088; state: DISABLED
04-04 04:30:02.652 D/CompatibilityChangeReporter( 1145): Compat change id reported: 177438394; UID 10088; state: DISABLED
04-04 04:30:02.652 D/CompatibilityChangeReporter( 1145): Compat change id reported: 135772972; UID 10088; state: DISABLED
04-04 04:30:02.652 D/CompatibilityChangeReporter( 1145): Compat change id reported: 135754954; UID 10088; state: ENABLED
04-04 04:30:02.653 D/CompatibilityChangeReporter( 1145): Compat change id reported: 143937733; UID 10088; state: ENABLED
04-04 04:30:02.694 I/ActivityManager( 1145): Start proc 3715:com.android.music/u0a88 for broadcast {com.android.music/com.android.music.MediaPlaybackReceiver}
01-01 08:01:02.039 I/binder ( 0): 3715:3715 ioctl 40046210 7fd3d8b3a4 returned -22
04-04 04:30:02.765 D/CompatibilityChangeReporter( 1145): Compat change id reported: 168419799; UID 10088; state: DISABLED
04-04 04:30:02.995 D/CompatibilityChangeReporter( 1145): Compat change id reported: 135634846; UID 10063; state: DISABLED
04-04 04:30:02.996 D/CompatibilityChangeReporter( 1145): Compat change id reported: 177438394; UID 10063; state: DISABLED
04-04 04:30:02.996 D/CompatibilityChangeReporter( 1145): Compat change id reported: 135772972; UID 10063; state: DISABLED
04-04 04:30:02.997 D/CompatibilityChangeReporter( 1145): Compat change id reported: 135754954; UID 10063; state: ENABLED
04-04 04:30:02.998 D/CompatibilityChangeReporter( 1145): Compat change id reported: 143937733; UID 10063; state: ENABLED
04-04 04:30:03.037 I/ActivityManager( 1145): Start proc 3739:com.android.onetimeinitializer/u0a63 for broadcast {com.android.onetimeinitializer/com.android.onetimeinitializer.OneTimeInitializerReceiver}
01-01 08:01:02.412 I/binder ( 0): 3739:3739 ioctl 40046210 7fd3d8b3a4 returned -22
04-04 04:30:03.144 D/CompatibilityChangeReporter( 1145): Compat change id reported: 168419799; UID 10063; state: DISABLED
04-04 04:30:03.299 I/ActivityManager( 1145): com.android.packageinstaller is exempt from freezer
04-04 04:30:03.300 D/CompatibilityChangeReporter( 1145): Compat change id reported: 135634846; UID 10027; state: DISABLED
04-04 04:30:03.300 D/CompatibilityChangeReporter( 1145): Compat change id reported: 177438394; UID 10027; state: DISABLED
04-04 04:30:03.301 D/CompatibilityChangeReporter( 1145): Compat change id reported: 135772972; UID 10027; state: DISABLED
04-04 04:30:03.301 D/CompatibilityChangeReporter( 1145): Compat change id reported: 135754954; UID 10027; state: ENABLED
04-04 04:30:03.301 D/CompatibilityChangeReporter( 1145): Compat change id reported: 143937733; UID 10027; state: ENABLED
04-04 04:30:03.342 I/ActivityManager( 1145): Start proc 3766:com.android.packageinstaller/u0a27 for broadcast {com.android.packageinstaller/com.android.packageinstaller.TemporaryFileManager}
01-01 08:01:02.683 I/binder ( 0): 3766:3766 ioctl 40046210 7fd3d8b3a4 returned -22
04-04 04:30:03.407 D/CompatibilityChangeReporter( 1145): Compat change id reported: 168419799; UID 10027; state: DISABLED
04-04 04:30:03.589 D/CompatibilityChangeReporter( 1145): Compat change id reported: 135634846; UID 10096; state: DISABLED
04-04 04:30:03.589 D/CompatibilityChangeReporter( 1145): Compat change id reported: 177438394; UID 10096; state: DISABLED
04-04 04:30:03.590 D/CompatibilityChangeReporter( 1145): Compat change id reported: 135772972; UID 10096; state: DISABLED
04-04 04:30:03.590 D/CompatibilityChangeReporter( 1145): Compat change id reported: 135754954; UID 10096; state: DISABLED
04-04 04:30:03.591 D/CompatibilityChangeReporter( 1145): Compat change id reported: 143937733; UID 10096; state: DISABLED
04-04 04:30:03.630 I/ActivityManager( 1145): Start proc 3788:com.android.permissioncontroller/u0a96 for broadcast {com.android.permissioncontroller/com.android.permissioncontroller.permission.service.LocationAccessCheck$SetupPeriodicBackgroundLocationAccessCheck}
01-01 08:01:02.979 I/binder ( 0): 3788:3788 ioctl 40046210 7fd3d8b3a4 returned -22
04-04 04:30:03.712 D/CompatibilityChangeReporter( 1145): Compat change id reported: 168419799; UID 10096; state: DISABLED
01-01 08:01:03.090 W/audit ( 0): audit_lost=1 audit_rate_limit=5 audit_backlog_limit=64
01-01 08:01:03.091 E/audit ( 0): rate limit exceeded
01-01 08:01:03.114 I/init ( 0): Service 'ethernet' (pid 2980) exited with status 1 oneshot service took 5.796000 seconds in background
01-01 08:01:03.114 I/init ( 0): Sending signal 9 to service 'ethernet' (pid 2980) process group...
01-01 08:01:03.115 I/libprocessgroup( 0): Successfully killed process cgroup uid 0 pid 2980 in 1ms
04-04 04:30:04.102 D/CompatibilityChangeReporter( 1145): Compat change id reported: 135634846; UID 10028; state: DISABLED
04-04 04:30:04.102 D/CompatibilityChangeReporter( 1145): Compat change id reported: 177438394; UID 10028; state: DISABLED
04-04 04:30:04.102 D/CompatibilityChangeReporter( 1145): Compat change id reported: 135772972; UID 10028; state: DISABLED
04-04 04:30:04.102 D/CompatibilityChangeReporter( 1145): Compat change id reported: 135754954; UID 10028; state: ENABLED
04-04 04:30:04.103 D/CompatibilityChangeReporter( 1145): Compat change id reported: 143937733; UID 10028; state: ENABLED
04-04 04:30:04.148 I/ActivityManager( 1145): Start proc 3809:com.android.providers.calendar/u0a28 for broadcast {com.android.providers.calendar/com.android.providers.calendar.CalendarReceiver}
01-01 08:01:03.495 I/binder ( 0): 3809:3809 ioctl 40046210 7fd3d8b3a4 returned -22
04-04 04:30:04.226 D/CompatibilityChangeReporter( 1145): Compat change id reported: 168419799; UID 10028; state: DISABLED
04-04 04:30:04.473 D/CompatibilityChangeReporter( 1145): Compat change id reported: 171306433; UID 10028; state: ENABLED
04-04 04:30:04.501 D/CompatibilityChangeReporter( 1145): Compat change id reported: 143231523; UID 10028; state: DISABLED
04-04 04:30:04.507 D/CompatibilityChangeReporter( 1145): Compat change id reported: 168419799; UID 10097; state: DISABLED
04-04 04:30:04.520 D/CompatibilityChangeReporter( 1145): Compat change id reported: 168419799; UID 1000; state: DISABLED
04-04 04:30:04.626 I/ActivityManager( 1145): com.android.shell is exempt from freezer
04-04 04:30:04.627 D/CompatibilityChangeReporter( 1145): Compat change id reported: 135634846; UID 2000; state: DISABLED
04-04 04:30:04.627 D/CompatibilityChangeReporter( 1145): Compat change id reported: 177438394; UID 2000; state: DISABLED
04-04 04:30:04.628 D/CompatibilityChangeReporter( 1145): Compat change id reported: 135772972; UID 2000; state: DISABLED
04-04 04:30:04.628 D/CompatibilityChangeReporter( 1145): Compat change id reported: 135754954; UID 2000; state: ENABLED
04-04 04:30:04.684 W/ActivityManager( 1145): Slow operation: 59ms so far, now at startProcess: returned from zygote!
04-04 04:30:04.685 W/ActivityManager( 1145): Slow operation: 59ms so far, now at startProcess: done updating battery stats
04-04 04:30:04.685 W/ActivityManager( 1145): Slow operation: 60ms so far, now at startProcess: building log message
04-04 04:30:04.685 I/ActivityManager( 1145): Start proc 3832:com.android.shell/2000 for broadcast {com.android.shell/com.android.shell.HeapDumpReceiver}
04-04 04:30:04.685 W/ActivityManager( 1145): Slow operation: 60ms so far, now at startProcess: starting to update pids map
04-04 04:30:04.685 W/ActivityManager( 1145): Slow operation: 60ms so far, now at startProcess: done updating pids map
01-01 08:01:04.016 I/binder ( 0): 3832:3832 ioctl 40046210 7fd3d8b3a4 returned -22
04-04 04:30:04.745 D/CompatibilityChangeReporter( 1145): Compat change id reported: 168419799; UID 2000; state: DISABLED
04-04 04:30:04.913 W/BroadcastQueue( 1145): Permission Denial: receiving Intent { act=android.intent.action.BOOT_COMPLETED flg=0x89000010 (has extras) } to com.baidu.input/.directboot.DirectBootReceiver requires android.permission.RECEIVE_BOOT_COMPLETED due to sender null (uid 1000)
04-04 04:30:04.915 W/BroadcastQueue( 1145): Permission Denial: receiving Intent { act=android.intent.action.BOOT_COMPLETED flg=0x89000010 (has extras) } to com.baidu.input/.switchguide.InputMethodChangedReceiver requires android.permission.RECEIVE_BOOT_COMPLETED due to sender null (uid 1000)
04-04 04:30:04.932 D/CompatibilityChangeReporter( 1145): Compat change id reported: 168419799; UID 10089; state: DISABLED
04-04 04:30:04.979 W/ContextImpl( 3001): Calling a method in the system process without a qualified user: android.app.ContextImpl.startService:1816 android.content.ContextWrapper.startService:774 com.hryt.hiphishowfsecontrol.mce_app.broadcasts.FseReceiver.onReceive:49 android.app.ActivityThread.handleReceiver:4309 android.app.ActivityThread.access$1600:248
04-04 04:30:04.992 D/CompatibilityChangeReporter( 1145): Compat change id reported: 149924527; UID 10089; state: ENABLED
04-04 04:30:04.992 D/CompatibilityChangeReporter( 1145): Compat change id reported: 132649864; UID 10089; state: DISABLED
04-04 04:30:04.994 D/CompatibilityChangeReporter( 1145): Compat change id reported: 135634846; UID 10081; state: DISABLED
04-04 04:30:04.995 D/CompatibilityChangeReporter( 1145): Compat change id reported: 177438394; UID 10081; state: DISABLED
04-04 04:30:04.995 D/CompatibilityChangeReporter( 1145): Compat change id reported: 135772972; UID 10081; state: DISABLED
04-04 04:30:04.996 D/CompatibilityChangeReporter( 1145): Compat change id reported: 135754954; UID 10081; state: ENABLED
04-04 04:30:04.997 D/CompatibilityChangeReporter( 1145): Compat change id reported: 143937733; UID 10081; state: ENABLED
04-04 04:30:05.036 I/ActivityManager( 1145): Start proc 3852:com.qti.ltebc/u0a81 for broadcast {com.qti.ltebc/com.qualcomm.ltebc.LTEBroadcastBootReceiver}
01-01 08:01:04.371 I/binder ( 0): 3852:3852 ioctl 40046210 7fd3d8b3a4 returned -22
04-04 04:30:05.104 D/CompatibilityChangeReporter( 1145): Compat change id reported: 168419799; UID 10081; state: DISABLED
04-04 04:30:05.108 I/GameModeConfig( 1145): isGameModeOn = false
04-04 04:30:05.529 E/ActivityThread( 2927): Failed to find provider info for com.tcl.xian.StartandroidService.MyContentProvider
01-01 08:01:04.835 I/logd ( 0): start watching /data/system/packages.list ...
01-01 08:01:04.836 I/logd ( 0): ReadPackageList, total packages: 106
04-04 04:30:06.539 I/GameModeConfig( 1145): isGameModeOn = false
04-04 04:30:07.342 W/ActivityManager( 1145): Unable to start service Intent { act=android.intent.action.START_LEBO_SERVICE pkg=com.hpplay.happyplay.aw } U=0: not found
04-04 04:30:09.291 I/GameModeConfig( 1145): isGameModeOn = false
04-04 04:30:09.567 I/GameModeConfig( 1145): isGameModeOn = false
04-04 04:30:09.567 I/GameModeConfig( 1145): isGameModeOn = false
04-04 04:30:10.362 I/GameModeConfig( 1145): isGameModeOn = false
04-04 04:30:10.677 D/CompatibilityChangeReporter( 1145): Compat change id reported: 171306433; UID 10081; state: ENABLED
04-04 04:30:10.679 D/CompatibilityChangeReporter( 1145): Compat change id reported: 168419799; UID 10056; state: DISABLED
04-04 04:30:10.731 D/CompatibilityChangeReporter( 1145): Compat change id reported: 168419799; UID 10075; state: DISABLED
04-04 04:30:10.742 D/CompatibilityChangeReporter( 1145): Compat change id reported: 168419799; UID 10086; state: DISABLED
04-04 04:30:10.753 D/CompatibilityChangeReporter( 1145): Compat change id reported: 168419799; UID 10087; state: DISABLED
04-04 04:30:10.764 I/GameModeConfig( 1145): isGameModeOn = false
04-04 04:30:10.766 D/CompatibilityChangeReporter( 1145): Compat change id reported: 135634846; UID 10055; state: DISABLED
04-04 04:30:10.768 D/CompatibilityChangeReporter( 1145): Compat change id reported: 143937733; UID 10055; state: DISABLED
04-04 04:30:10.815 I/ActivityManager( 1145): Start proc 3930:com.qualcomm.qti.qms.service.connectionsecurity/u0a55 for broadcast {com.qualcomm.qti.qms.service.connectionsecurity/com.qualcomm.qti.qms.service.connectionsecurity.ConnSecBroadcastReceiver}
04-04 04:30:10.867 I/ActivityManager( 1145): Process com.qti.ltebc (pid 3852) has died: cch+5 CEM
04-04 04:30:10.890 I/GameModeConfig( 1145): isGameModeOn = false
01-01 08:01:10.180 I/binder ( 0): 3930:3930 ioctl 40046210 ff9ba798 returned -22
04-04 04:30:10.912 D/CompatibilityChangeReporter( 1145): Compat change id reported: 168419799; UID 10055; state: DISABLED
04-04 04:30:11.099 D/CompatibilityChangeReporter( 1145): Compat change id reported: 168419799; UID 10085; state: DISABLED
01-01 08:01:10.391 I/binder ( 0): 3143:3143 ioctl 40046210 7fd3d8aa54 returned -22
04-04 04:30:11.122 D/CompatibilityChangeReporter( 1145): Compat change id reported: 168419799; UID 10092; state: DISABLED
04-04 04:30:11.203 I/ActivityManager( 1145): Finished processing BOOT_COMPLETED for u0
04-04 04:30:11.205 D/CompatibilityChangeReporter( 1145): Compat change id reported: 135634846; UID 10022; state: DISABLED
04-04 04:30:11.205 D/CompatibilityChangeReporter( 1145): Compat change id reported: 177438394; UID 10022; state: DISABLED
04-04 04:30:11.205 D/CompatibilityChangeReporter( 1145): Compat change id reported: 135772972; UID 10022; state: DISABLED
04-04 04:30:11.205 D/CompatibilityChangeReporter( 1145): Compat change id reported: 135754954; UID 10022; state: ENABLED
04-04 04:30:11.207 D/CompatibilityChangeReporter( 1145): Compat change id reported: 143937733; UID 10022; state: ENABLED
04-04 04:30:11.224 W/ContextImpl( 2118): Calling a method in the system process without a qualified user: android.app.ContextImpl.startService:1816 android.content.ContextWrapper.startService:774 com.thundercomm.gamemode.ingame.services.GameModeActionUtils.startGameModeService:118 com.thundercomm.gamemode.ingame.services.GameModeActionUtils.startGameModeEntry:29 com.thundercomm.gamemode.ingame.services.ActivityMonitoringService$1.onActivityLaunch:140
04-04 04:30:11.232 I/GameModeConfig( 1145): Current uri is uri = content://com.thundercomm.gamemode.api/gamemode_settings/gamemode_isgaming
01-01 08:01:10.517 I/binder ( 0): 2118:2118 ioctl 40046210 7fd3d89ee4 returned -22
04-04 04:30:11.240 I/GameModeConfig( 1145): isGameModeOn = false
04-04 04:30:11.240 I/GameModeConfig( 1145): isGameModeOn = false
04-04 04:30:11.240 I/GameModeConfig( 1145): isDisableVoice = true
04-04 04:30:11.243 I/GameModeConfig( 1145): isGameModeOn = false
04-04 04:30:11.243 I/GameModeConfig( 1145): isGameModeOn = false
04-04 04:30:11.244 I/GameModeConfig( 1145): isGameModeOn = false
04-04 04:30:11.247 I/ActivityManager( 1145): Start proc 3960:com.android.externalstorage/u0a22 for broadcast {com.android.externalstorage/com.android.externalstorage.MountReceiver}
01-01 08:01:10.588 I/binder ( 0): 3960:3960 ioctl 40046210 7fd3d8b3a4 returned -22
04-04 04:30:11.324 D/CompatibilityChangeReporter( 1145): Compat change id reported: 168419799; UID 10022; state: DISABLED
04-04 04:30:11.538 D/CompatibilityChangeReporter( 1145): Compat change id reported: 168419799; UID 10028; state: DISABLED
04-04 04:30:11.556 I/GameModeConfig( 1145): isGameModeOn = false
04-04 04:30:11.558 D/CompatibilityChangeReporter( 1145): Compat change id reported: 135634846; UID 10081; state: DISABLED
04-04 04:30:11.559 D/CompatibilityChangeReporter( 1145): Compat change id reported: 177438394; UID 10081; state: DISABLED
04-04 04:30:11.559 D/CompatibilityChangeReporter( 1145): Compat change id reported: 135772972; UID 10081; state: DISABLED
04-04 04:30:11.559 D/CompatibilityChangeReporter( 1145): Compat change id reported: 135754954; UID 10081; state: ENABLED
04-04 04:30:11.560 D/CompatibilityChangeReporter( 1145): Compat change id reported: 143937733; UID 10081; state: ENABLED
04-04 04:30:11.598 I/ActivityManager( 1145): Start proc 3981:com.qti.ltebc/u0a81 for broadcast {com.qti.ltebc/com.qualcomm.ltebc.LTEBroadcastReceiver}
01-01 08:01:10.927 I/binder ( 0): 3981:3981 ioctl 40046210 7fd3d8b3a4 returned -22
04-04 04:30:11.651 D/CompatibilityChangeReporter( 1145): Compat change id reported: 168419799; UID 10081; state: DISABLED
04-04 04:30:15.873 I/ActivityManager( 1145): Waited long enough for: ServiceRecord{6e3c115 u0 com.qti.diagservices/.QTIDiagServices}
01-01 08:01:15.491 I/binder ( 0): 2323:4009 ioctl 40046210 75ecde5ef4 returned -22
04-04 04:30:16.218 I/ActivityManager( 1145): Process com.qti.ltebc (pid 3981) has died: fg RCVR
04-04 04:30:16.232 D/CompatibilityChangeReporter( 1145): Compat change id reported: 135634846; UID 10081; state: DISABLED
04-04 04:30:16.233 D/CompatibilityChangeReporter( 1145): Compat change id reported: 177438394; UID 10081; state: DISABLED
04-04 04:30:16.233 D/CompatibilityChangeReporter( 1145): Compat change id reported: 135772972; UID 10081; state: DISABLED
04-04 04:30:16.233 D/CompatibilityChangeReporter( 1145): Compat change id reported: 135754954; UID 10081; state: ENABLED
04-04 04:30:16.234 D/CompatibilityChangeReporter( 1145): Compat change id reported: 143937733; UID 10081; state: ENABLED
04-04 04:30:16.286 W/ActivityManager( 1145): Slow operation: 55ms so far, now at startProcess: returned from zygote!
04-04 04:30:16.287 W/ActivityManager( 1145): Slow operation: 55ms so far, now at startProcess: done updating battery stats
04-04 04:30:16.287 W/ActivityManager( 1145): Slow operation: 55ms so far, now at startProcess: building log message
04-04 04:30:16.287 I/ActivityManager( 1145): Start proc 4014:com.qti.ltebc/u0a81 for broadcast {com.qti.ltebc/com.qualcomm.ltebc.LTEBroadcastReceiver}
04-04 04:30:16.287 W/ActivityManager( 1145): Slow operation: 56ms so far, now at startProcess: starting to update pids map
04-04 04:30:16.287 W/ActivityManager( 1145): Slow operation: 56ms so far, now at startProcess: done updating pids map
01-01 08:01:15.634 I/binder ( 0): 4014:4014 ioctl 40046210 7fd3d8b3a4 returned -22
01-01 08:01:15.796 I/init ( 0): processing action (sys.tlog.tlogdsho.active=1) from (/system/etc/init/tlogd.rc:155)
01-01 08:01:15.799 I/init ( 0): starting service 'tlogdsho'...
01-01 08:01:16.030 I/init ( 0): Service 'tlogdsho' (pid 4036) exited with status 0 oneshot service took 0.223000 seconds in background
01-01 08:01:16.030 I/init ( 0): Sending signal 9 to service 'tlogdsho' (pid 4036) process group...
01-01 08:01:16.031 I/libprocessgroup( 0): Successfully killed process cgroup uid 0 pid 4036 in 0ms
01-01 08:01:16.119 I/init ( 0): Untracked pid 4040 exited with status 0
04-04 04:30:21.291 I/GameModeConfig( 1145): isGameModeOn = false
04-04 04:30:22.135 I/ActivityManager( 1145): Process com.qti.ltebc (pid 4014) has died: fg RCVR
04-04 04:30:22.150 D/CompatibilityChangeReporter( 1145): Compat change id reported: 135634846; UID 10081; state: DISABLED
04-04 04:30:22.150 D/CompatibilityChangeReporter( 1145): Compat change id reported: 177438394; UID 10081; state: DISABLED
04-04 04:30:22.150 D/CompatibilityChangeReporter( 1145): Compat change id reported: 135772972; UID 10081; state: DISABLED
04-04 04:30:22.151 D/CompatibilityChangeReporter( 1145): Compat change id reported: 135754954; UID 10081; state: ENABLED
04-04 04:30:22.152 D/CompatibilityChangeReporter( 1145): Compat change id reported: 143937733; UID 10081; state: ENABLED
04-04 04:30:22.202 W/ActivityManager( 1145): Slow operation: 53ms so far, now at startProcess: returned from zygote!
04-04 04:30:22.203 W/ActivityManager( 1145): Slow operation: 53ms so far, now at startProcess: done updating battery stats
04-04 04:30:22.203 W/ActivityManager( 1145): Slow operation: 53ms so far, now at startProcess: building log message
04-04 04:30:22.203 I/ActivityManager( 1145): Start proc 4064:com.qti.ltebc/u0a81 for broadcast {com.qti.ltebc/com.qualcomm.ltebc.LTEBroadcastAlarmReceiver}
04-04 04:30:22.203 W/ActivityManager( 1145): Slow operation: 53ms so far, now at startProcess: starting to update pids map
04-04 04:30:22.203 W/ActivityManager( 1145): Slow operation: 54ms so far, now at startProcess: done updating pids map
01-01 08:01:21.558 I/binder ( 0): 4064:4064 ioctl 40046210 7fd3d8b3a4 returned -22
01-01 08:01:24.512 I/qcom_rpmh DRV( 0): apps_rsc TCS Busy, retrying RPMH message send: addr=0x40d00
01-01 08:01:24.513 I/qcom_rpmh DRV( 0): apps_rsc TCS Busy, retrying RPMH message send: addr=0x40d00
01-01 08:01:24.513 I/qcom_rpmh DRV( 0): apps_rsc TCS Busy, retrying RPMH message send: addr=0x40d00
01-01 08:01:24.513 I/qcom_rpmh DRV( 0): apps_rsc TCS Busy, retrying RPMH message send: addr=0x40d00
01-01 08:01:24.513 I/qcom_rpmh DRV( 0): apps_rsc TCS Busy, retrying RPMH message send: addr=0x40d00
01-01 08:01:24.513 I/qcom_rpmh DRV( 0): apps_rsc TCS Busy, retrying RPMH message send: addr=0x40d00
01-01 08:01:25.030 I/ ( 0): VideoDecMsgThre (2447) used greatest stack depth: 8384 bytes left
01-01 08:01:25.039 I/msm_vidc( 0): high: 00000001: h264d: Closed video instance: ffffffcf20818000
01-01 08:01:25.190 I/init ( 0): Service 'bootanim' (pid 1129) exited with status 0 oneshot service took 41.229000 seconds in background
01-01 08:01:25.190 I/init ( 0): Sending signal 9 to service 'bootanim' (pid 1129) process group...
01-01 08:01:25.192 I/libprocessgroup( 0): Successfully killed process cgroup uid 1003 pid 1129 in 1ms
01-01 08:01:26.545 I/msm_vidc( 0): err : ffffffff: .....: DBLP Set: status 0
04-04 04:30:27.741 D/CompatibilityChangeReporter( 1145): Compat change id reported: 135634846; UID 10054; state: DISABLED
04-04 04:30:27.742 D/CompatibilityChangeReporter( 1145): Compat change id reported: 177438394; UID 10054; state: DISABLED
04-04 04:30:27.742 D/CompatibilityChangeReporter( 1145): Compat change id reported: 135772972; UID 10054; state: DISABLED
04-04 04:30:27.743 D/CompatibilityChangeReporter( 1145): Compat change id reported: 135754954; UID 10054; state: DISABLED
04-04 04:30:27.744 D/CompatibilityChangeReporter( 1145): Compat change id reported: 143937733; UID 10054; state: DISABLED
04-04 04:30:27.799 W/ActivityManager( 1145): Slow operation: 58ms so far, now at startProcess: returned from zygote!
04-04 04:30:27.799 W/ActivityManager( 1145): Slow operation: 58ms so far, now at startProcess: done updating battery stats
04-04 04:30:27.799 W/ActivityManager( 1145): Slow operation: 58ms so far, now at startProcess: building log message
04-04 04:30:27.799 I/ActivityManager( 1145): Start proc 4089:com.qualcomm.qti.qms.service.trustzoneaccess/u0a54 for service {com.qualcomm.qti.qms.service.trustzoneaccess/com.qualcomm.qti.qms.service.trustzoneaccess.TZAccessService}
04-04 04:30:27.799 W/ActivityManager( 1145): Slow operation: 58ms so far, now at startProcess: starting to update pids map
04-04 04:30:27.800 W/ActivityManager( 1145): Slow operation: 58ms so far, now at startProcess: done updating pids map
01-01 08:01:27.144 I/binder ( 0): 4089:4089 ioctl 40046210 7fd3d8b3a4 returned -22
04-04 04:30:27.883 D/CompatibilityChangeReporter( 1145): Compat change id reported: 168419799; UID 10054; state: DISABLED
04-04 04:30:28.268 I/ActivityManager( 1145): Process com.qti.ltebc (pid 4064) has died: cch+5 CEM
01-01 08:01:34.728 I/[schedu][0x6c68c771][04:30:35.445098] wlan( 0): [2863:I:OSIF] scan start scan id 40962
01-01 08:01:35.935 I/[schedu][0x6dca6f61][04:30:36.652245] wlan( 0): [2863:I:OSIF] vdev 0, scan id 40962 type COMPLETED(1) reason COMPLETED(1) scan found 34 bss
04-04 04:30:36.943 I/GameModeConfig( 1145): isGameModeOn = false
04-04 04:30:36.949 W/NotificationHistory( 1145): Attempted to add notif for locked/gone/disabled user 0
01-01 08:01:48.167 I/ ( 0): boot log copy done
04-04 04:30:50.855 V/DisplayPowerController[0]( 1145): Brightness [0.05] reason changing to: 'manual [ dim ]', previous reason: 'manual'.
04-04 04:30:50.859 E/DisplayDeviceConfig( 1145): requesting nits when no mapping exists.
04-04 04:30:50.860 E/DisplayDeviceConfig( 1145): requesting nits when no mapping exists.
04-04 04:30:50.862 I/DropBoxManagerService( 1145): add tag=system_server_wtf isTagEnabled=true flags=0x2
04-04 04:30:50.869 I/DropBoxManagerService( 1145): add tag=system_server_wtf isTagEnabled=true flags=0x2
04-04 04:30:52.551 D/CompatibilityChangeReporter( 1145): Compat change id reported: 168419799; UID 10096; state: DISABLED
04-04 04:30:57.834 I/PowerManagerService( 1145): Napping display group (groupId=0, uid=1000)...
04-04 04:30:57.835 I/PowerManagerService( 1145): Nap time (uid 1000)...
04-04 04:30:57.849 I/DreamManagerService( 1145): Entering dreamland.
04-04 04:30:57.853 I/PowerManagerService( 1145): Dreaming...
04-04 04:30:57.870 I/DreamController( 1145): Starting dream: name=ComponentInfo{com.thundercomm.screensaver/com.thundercomm.screensaver.service.SystemDream}, isTest=false, canDoze=false, userId=0
04-04 04:30:57.876 D/CompatibilityChangeReporter( 1145): Compat change id reported: 135634846; UID 10045; state: DISABLED
04-04 04:30:57.876 D/CompatibilityChangeReporter( 1145): Compat change id reported: 177438394; UID 10045; state: DISABLED
04-04 04:30:57.876 D/CompatibilityChangeReporter( 1145): Compat change id reported: 135772972; UID 10045; state: DISABLED
04-04 04:30:57.876 D/CompatibilityChangeReporter( 1145): Compat change id reported: 135754954; UID 10045; state: ENABLED
04-04 04:30:57.877 D/AutofillManagerService( 1145): Close system dialogs
04-04 04:30:57.879 D/CompatibilityChangeReporter( 1145): Compat change id reported: 143937733; UID 10045; state: ENABLED
04-04 04:30:57.917 I/ActivityManager( 1145): Start proc 4124:com.thundercomm.screensaver/u0a45 for service {com.thundercomm.screensaver/com.thundercomm.screensaver.service.SystemDream}
01-01 08:01:57.265 I/binder ( 0): 4124:4124 ioctl 40046210 7fd3d8b3a4 returned -22
04-04 04:30:57.992 D/CompatibilityChangeReporter( 1145): Compat change id reported: 168419799; UID 10045; state: DISABLED
04-04 04:30:58.232 D/MicroServiceManager( 4124): add linkToDeath
04-04 04:30:58.232 D/MicroServiceManager( 4124): bindMicroService: called already get service
04-04 04:30:58.233 I/MicroServiceManager( 4124): addCommonCallbackListener add listener
04-04 04:30:58.233 I/MicroServiceManager( 4124): addConnectChangedListener add listener
04-04 04:30:58.238 I/ActivityTaskManager( 1145): START u0 {flg=0x10000000 pkg=com.thundercomm.screensaver cmp=com.thundercomm.screensaver/android.service.dreams.DreamActivity (has extras)} from uid 10045
04-04 04:30:58.243 D/CompatibilityChangeReporter( 1145): Compat change id reported: 184838306; UID 10045; state: DISABLED
04-04 04:30:58.244 D/CompatibilityChangeReporter( 1145): Compat change id reported: 185004937; UID 10045; state: DISABLED
04-04 04:30:58.245 D/CompatibilityChangeReporter( 1145): Compat change id reported: 181136395; UID 10045; state: DISABLED
04-04 04:30:58.247 D/CompatibilityChangeReporter( 1145): Compat change id reported: 174042936; UID 10045; state: DISABLED
04-04 04:30:58.248 D/CompatibilityChangeReporter( 1145): Compat change id reported: 174042980; UID 10045; state: DISABLED
04-04 04:30:58.250 W/ActivityTaskManager( 1145): Can't find TaskDisplayArea to determine support for multi window. Task id=22 attached=false
04-04 04:30:58.268 I/MicroServiceManager( 4124): requestResult(requestOperationInfo) parameters isnull.
04-04 04:30:58.277 I/ActivityTaskManager( 1145): FOREGROUND_APPLICATION_CHANGED to android.service.dreams.DreamActivity
04-04 04:30:58.278 I/ActivityTaskManager( 1145): The Process com.thundercomm.screensaver Already Exists in BG. So sending its PID: 4124
04-04 04:30:58.316 W/WindowManager( 1145): Failed looking up window session=Session{8f1e67c 4124:u0a10045} callers=com.android.server.wm.WindowManagerService.windowForClientLocked:5628 com.android.server.wm.Session.insetsModified:629 android.view.IWindowSession$Stub.onTransact:1151
04-04 04:30:58.362 I/DropBoxManagerService( 1145): add tag=system_app_wtf isTagEnabled=true flags=0x2
04-04 04:30:58.390 W/FreeFormWindowHelper( 1145): Current Display FreeFormTask is null
01-01 08:01:57.686 I/binder ( 0): 4124:4149 ioctl 40046210 75884ab1f4 returned -22
04-04 04:30:58.435 V/DisplayPowerController[0]( 1145): Brightness [1.0] reason changing to: 'manual', previous reason: 'manual [ dim ]'.
04-04 04:30:58.438 E/DisplayDeviceConfig( 1145): requesting nits when no mapping exists.
04-04 04:30:58.440 E/DisplayDeviceConfig( 1145): requesting nits when no mapping exists.
04-04 04:30:58.443 I/DropBoxManagerService( 1145): add tag=system_server_wtf isTagEnabled=true flags=0x2
04-04 04:30:58.446 I/DropBoxManagerService( 1145): add tag=system_server_wtf isTagEnabled=true flags=0x2
04-04 04:30:58.457 E/DisplayDeviceConfig( 1145): requesting nits when no mapping exists.
04-04 04:30:58.457 E/DisplayDeviceConfig( 1145): requesting nits when no mapping exists.
04-04 04:30:58.473 E/DisplayDeviceConfig( 1145): requesting nits when no mapping exists.
04-04 04:30:58.473 E/DisplayDeviceConfig( 1145): requesting nits when no mapping exists.
04-04 04:30:58.492 E/DisplayDeviceConfig( 1145): requesting nits when no mapping exists.
04-04 04:30:58.492 E/DisplayDeviceConfig( 1145): requesting nits when no mapping exists.
04-04 04:30:58.508 E/DisplayDeviceConfig( 1145): requesting nits when no mapping exists.
04-04 04:30:58.508 E/DisplayDeviceConfig( 1145): requesting nits when no mapping exists.
04-04 04:30:58.522 E/DisplayDeviceConfig( 1145): requesting nits when no mapping exists.
04-04 04:30:58.523 E/DisplayDeviceConfig( 1145): requesting nits when no mapping exists.
04-04 04:30:58.540 E/DisplayDeviceConfig( 1145): requesting nits when no mapping exists.
04-04 04:30:58.540 E/DisplayDeviceConfig( 1145): requesting nits when no mapping exists.
04-04 04:30:58.556 E/DisplayDeviceConfig( 1145): requesting nits when no mapping exists.
04-04 04:30:58.557 E/DisplayDeviceConfig( 1145): requesting nits when no mapping exists.
04-04 04:30:58.572 E/DisplayDeviceConfig( 1145): requesting nits when no mapping exists.
04-04 04:30:58.572 E/DisplayDeviceConfig( 1145): requesting nits when no mapping exists.
04-04 04:30:58.589 E/DisplayDeviceConfig( 1145): requesting nits when no mapping exists.
04-04 04:30:58.589 E/DisplayDeviceConfig( 1145): requesting nits when no mapping exists.
04-04 04:30:58.606 E/DisplayDeviceConfig( 1145): requesting nits when no mapping exists.
04-04 04:30:58.606 E/DisplayDeviceConfig( 1145): requesting nits when no mapping exists.
04-04 04:30:58.622 E/DisplayDeviceConfig( 1145): requesting nits when no mapping exists.
04-04 04:30:58.622 E/DisplayDeviceConfig( 1145): requesting nits when no mapping exists.
04-04 04:30:58.639 E/DisplayDeviceConfig( 1145): requesting nits when no mapping exists.
04-04 04:30:58.639 E/DisplayDeviceConfig( 1145): requesting nits when no mapping exists.
04-04 04:30:58.655 E/DisplayDeviceConfig( 1145): requesting nits when no mapping exists.
04-04 04:30:58.655 E/DisplayDeviceConfig( 1145): requesting nits when no mapping exists.
04-04 04:30:58.672 E/DisplayDeviceConfig( 1145): requesting nits when no mapping exists.
04-04 04:30:58.672 E/DisplayDeviceConfig( 1145): requesting nits when no mapping exists.
04-04 04:30:58.689 E/DisplayDeviceConfig( 1145): requesting nits when no mapping exists.
04-04 04:30:58.689 E/DisplayDeviceConfig( 1145): requesting nits when no mapping exists.
04-04 04:30:58.705 E/DisplayDeviceConfig( 1145): requesting nits when no mapping exists.
04-04 04:30:58.705 E/DisplayDeviceConfig( 1145): requesting nits when no mapping exists.
04-04 04:30:58.722 E/DisplayDeviceConfig( 1145): requesting nits when no mapping exists.
04-04 04:30:58.722 E/DisplayDeviceConfig( 1145): requesting nits when no mapping exists.
04-04 04:30:58.741 E/DisplayDeviceConfig( 1145): requesting nits when no mapping exists.
04-04 04:30:58.742 E/DisplayDeviceConfig( 1145): requesting nits when no mapping exists.
04-04 04:30:58.755 E/DisplayDeviceConfig( 1145): requesting nits when no mapping exists.
04-04 04:30:58.756 E/DisplayDeviceConfig( 1145): requesting nits when no mapping exists.
04-04 04:30:58.772 E/DisplayDeviceConfig( 1145): requesting nits when no mapping exists.
04-04 04:30:58.772 E/DisplayDeviceConfig( 1145): requesting nits when no mapping exists.
04-04 04:30:58.789 E/DisplayDeviceConfig( 1145): requesting nits when no mapping exists.
04-04 04:30:58.789 E/DisplayDeviceConfig( 1145): requesting nits when no mapping exists.
04-04 04:30:58.807 E/DisplayDeviceConfig( 1145): requesting nits when no mapping exists.
04-04 04:30:58.808 E/DisplayDeviceConfig( 1145): requesting nits when no mapping exists.
04-04 04:30:58.822 E/DisplayDeviceConfig( 1145): requesting nits when no mapping exists.
04-04 04:30:58.823 E/DisplayDeviceConfig( 1145): requesting nits when no mapping exists.
04-04 04:30:58.839 E/DisplayDeviceConfig( 1145): requesting nits when no mapping exists.
04-04 04:30:58.839 E/DisplayDeviceConfig( 1145): requesting nits when no mapping exists.
04-04 04:30:58.855 E/DisplayDeviceConfig( 1145): requesting nits when no mapping exists.
04-04 04:30:58.856 E/DisplayDeviceConfig( 1145): requesting nits when no mapping exists.
04-04 04:30:58.872 E/DisplayDeviceConfig( 1145): requesting nits when no mapping exists.
04-04 04:30:58.872 E/DisplayDeviceConfig( 1145): requesting nits when no mapping exists.
04-04 04:30:58.889 E/DisplayDeviceConfig( 1145): requesting nits when no mapping exists.
04-04 04:30:58.889 E/DisplayDeviceConfig( 1145): requesting nits when no mapping exists.
04-04 04:30:58.906 E/DisplayDeviceConfig( 1145): requesting nits when no mapping exists.
04-04 04:30:58.906 E/DisplayDeviceConfig( 1145): requesting nits when no mapping exists.
04-04 04:30:58.922 E/DisplayDeviceConfig( 1145): requesting nits when no mapping exists.
04-04 04:30:58.923 E/DisplayDeviceConfig( 1145): requesting nits when no mapping exists.
04-04 04:30:58.939 E/DisplayDeviceConfig( 1145): requesting nits when no mapping exists.
04-04 04:30:58.939 E/DisplayDeviceConfig( 1145): requesting nits when no mapping exists.
04-04 04:30:58.956 E/DisplayDeviceConfig( 1145): requesting nits when no mapping exists.
04-04 04:30:58.956 E/DisplayDeviceConfig( 1145): requesting nits when no mapping exists.
04-04 04:30:58.972 E/DisplayDeviceConfig( 1145): requesting nits when no mapping exists.
04-04 04:30:58.973 E/DisplayDeviceConfig( 1145): requesting nits when no mapping exists.
04-04 04:30:58.989 E/DisplayDeviceConfig( 1145): requesting nits when no mapping exists.
04-04 04:30:58.989 E/DisplayDeviceConfig( 1145): requesting nits when no mapping exists.
04-04 04:30:59.006 E/DisplayDeviceConfig( 1145): requesting nits when no mapping exists.
04-04 04:30:59.006 E/DisplayDeviceConfig( 1145): requesting nits when no mapping exists.
04-04 04:30:59.023 E/DisplayDeviceConfig( 1145): requesting nits when no mapping exists.
04-04 04:30:59.023 E/DisplayDeviceConfig( 1145): requesting nits when no mapping exists.
04-04 04:30:59.039 E/DisplayDeviceConfig( 1145): requesting nits when no mapping exists.
04-04 04:30:59.040 E/DisplayDeviceConfig( 1145): requesting nits when no mapping exists.
04-04 04:30:59.056 E/DisplayDeviceConfig( 1145): requesting nits when no mapping exists.
04-04 04:30:59.056 E/DisplayDeviceConfig( 1145): requesting nits when no mapping exists.
04-04 04:30:59.073 E/DisplayDeviceConfig( 1145): requesting nits when no mapping exists.
04-04 04:30:59.073 E/DisplayDeviceConfig( 1145): requesting nits when no mapping exists.
04-04 04:30:59.089 E/DisplayDeviceConfig( 1145): requesting nits when no mapping exists.
04-04 04:30:59.090 E/DisplayDeviceConfig( 1145): requesting nits when no mapping exists.
04-04 04:30:59.106 E/DisplayDeviceConfig( 1145): requesting nits when no mapping exists.
04-04 04:30:59.107 E/DisplayDeviceConfig( 1145): requesting nits when no mapping exists.
04-04 04:30:59.123 E/DisplayDeviceConfig( 1145): requesting nits when no mapping exists.
04-04 04:30:59.123 E/DisplayDeviceConfig( 1145): requesting nits when no mapping exists.
04-04 04:30:59.140 E/DisplayDeviceConfig( 1145): requesting nits when no mapping exists.
04-04 04:30:59.140 E/DisplayDeviceConfig( 1145): requesting nits when no mapping exists.
04-04 04:30:59.156 E/DisplayDeviceConfig( 1145): requesting nits when no mapping exists.
04-04 04:30:59.156 E/DisplayDeviceConfig( 1145): requesting nits when no mapping exists.
04-04 04:30:59.173 E/DisplayDeviceConfig( 1145): requesting nits when no mapping exists.
04-04 04:30:59.173 E/DisplayDeviceConfig( 1145): requesting nits when no mapping exists.
04-04 04:30:59.190 E/DisplayDeviceConfig( 1145): requesting nits when no mapping exists.
04-04 04:30:59.190 E/DisplayDeviceConfig( 1145): requesting nits when no mapping exists.
04-04 04:30:59.206 E/DisplayDeviceConfig( 1145): requesting nits when no mapping exists.
04-04 04:30:59.207 E/DisplayDeviceConfig( 1145): requesting nits when no mapping exists.
04-04 04:30:59.223 E/DisplayDeviceConfig( 1145): requesting nits when no mapping exists.
04-04 04:30:59.223 E/DisplayDeviceConfig( 1145): requesting nits when no mapping exists.
04-04 04:30:59.240 E/DisplayDeviceConfig( 1145): requesting nits when no mapping exists.
04-04 04:30:59.240 E/DisplayDeviceConfig( 1145): requesting nits when no mapping exists.
04-04 04:30:59.256 E/DisplayDeviceConfig( 1145): requesting nits when no mapping exists.
04-04 04:30:59.257 E/DisplayDeviceConfig( 1145): requesting nits when no mapping exists.
04-04 04:30:59.273 E/DisplayDeviceConfig( 1145): requesting nits when no mapping exists.
04-04 04:30:59.273 E/DisplayDeviceConfig( 1145): requesting nits when no mapping exists.
04-04 04:30:59.290 E/DisplayDeviceConfig( 1145): requesting nits when no mapping exists.
04-04 04:30:59.290 E/DisplayDeviceConfig( 1145): requesting nits when no mapping exists.
04-04 04:30:59.307 E/DisplayDeviceConfig( 1145): requesting nits when no mapping exists.
04-04 04:30:59.307 E/DisplayDeviceConfig( 1145): requesting nits when no mapping exists.
04-04 04:30:59.323 E/DisplayDeviceConfig( 1145): requesting nits when no mapping exists.
04-04 04:30:59.324 E/DisplayDeviceConfig( 1145): requesting nits when no mapping exists.
04-04 04:30:59.340 E/DisplayDeviceConfig( 1145): requesting nits when no mapping exists.
04-04 04:30:59.340 E/DisplayDeviceConfig( 1145): requesting nits when no mapping exists.
04-04 04:30:59.357 E/DisplayDeviceConfig( 1145): requesting nits when no mapping exists.
04-04 04:30:59.357 E/DisplayDeviceConfig( 1145): requesting nits when no mapping exists.
04-04 04:30:59.373 E/DisplayDeviceConfig( 1145): requesting nits when no mapping exists.
04-04 04:30:59.374 E/DisplayDeviceConfig( 1145): requesting nits when no mapping exists.
04-04 04:30:59.390 E/DisplayDeviceConfig( 1145): requesting nits when no mapping exists.
04-04 04:30:59.390 E/DisplayDeviceConfig( 1145): requesting nits when no mapping exists.
01-01 08:02:02.240 I/perf ( 0): interrupt took too long (2513 > 2500), lowering kernel.perf_event_max_sample_rate to 79500
