04-04 04:46:39.355 I/resolv ( 685): resolv_cache_lookup: lookup
04-04 04:46:39.356 I/resolv ( 685): resolv_cache_lookup: FOUND IN CACHE entry=0xb4000072e7e5ca80
04-04 04:46:39.356 D/resolv ( 685): doQuery: rcode=0, ancount=1
04-04 04:46:39.356 I/ResolverController( 685): No valid NAT64 prefix (100, /0)
04-04 04:46:39.358 I/hpplay-java( 2927): [main]:IPManager:getActiveNets eth0:false wifi:true mobile:false ap:false
04-04 04:46:39.359 D/StateManager( 2670): goToState: Normal
04-04 04:46:39.359 I/hpplay-java( 2927): [main]:IPManager:getIPAddress IP_WLAN0
04-04 04:46:39.370 I/hpplay-java( 2927): [main]:IPManager:updateIPAddress getIPAddress: 192.168.4.16 name:vlan4
04-04 04:46:39.370 I/hpplay-java( 2927): [main]:IPManager:updateIPAddress getIPAddress: 10.3.110.159 name:wlan0
04-04 04:46:39.370 I/hpplay-java( 2927): [main]:IPManager:updateIPAddress getIPAddress: 192.168.8.16 name:vlan8
04-04 04:46:39.370 I/hpplay-java( 2927): [main]:IPManager:updateIPAddress getIPAddress: 192.168.11.16 name:vlan11
04-04 04:46:39.370 I/hpplay-java( 2927): [main]:IPManager:updateIPAddress getIPAddress: 192.168.0.16 name:vlan0
04-04 04:46:39.370 I/hpplay-java( 2927): [main]:IPManager:updateIPAddress getIPAddress: 192.168.2.16 name:vlan2
04-04 04:46:39.370 I/hpplay-java( 2927): [main]:IPManager:updateIPAddress getIPAddress: 192.168.1.16 name:vlan1
04-04 04:46:39.371 I/hpplay-java( 2927): [main]:ServerTaskManager:exeTask startServer
04-04 04:46:39.371 I/hpplay-java( 2927): [main]:ServerTaskManager:startTimeOutCheck
04-04 04:46:39.378 I/hpplay-java( 2927): [AsyncTask #92]:ServerBusiness:startDaemonBusiness
04-04 04:46:39.378 I/hpplay-java( 2927): [AsyncTask #92]:TimeOutCheckUtil:addTask id:upgrade
04-04 04:46:39.379 I/hpplay-java( 2927): [AsyncTask #92]:TimeOutCheckUtil:addTask id:ijkupgrade
04-04 04:46:39.379 I/hpplay-java( 2927): [AsyncTask #99]:Bridge:assembleInParameters
04-04 04:46:39.380 I/hpplay-java( 2927): [AsyncTask #99]:Bridge:createDeviceId deviceId:Nzg6MDA6NTk6NDA6MGQ6ZDM=
04-04 04:46:39.381 I/hpplay-java( 2927): [AsyncTask #99]:IPManager:getActiveNets type: WIFI
04-04 04:46:39.381 I/hpplay-java( 2927): [AsyncTask #99]:IPManager:getActiveNets eth0:false wifi:true mobile:false ap:false
04-04 04:46:39.381 I/hpplay-java( 2927): [AsyncTask #99]:IPManager:getIPAddress IP_WLAN0
04-04 04:46:39.381 I/hpplay-java( 2927): [AsyncTask #99]:Preference:checkFeature none
04-04 04:46:39.381 I/hpplay-java( 2927): [AsyncTask #99]:SWI:dlna tip
04-04 04:46:39.381 I/hpplay-java( 2927): [AsyncTask #99]:SWI:lefp tip
04-04 04:46:39.382 I/hpplay-java( 2927): [AsyncTask #99]:Bridge:assembleInParameters none alias name use device name: 高合娱乐副屏
04-04 04:46:39.382 I/hpplay-java( 2927): NanoHTTPDNanoHTTPD:server is started
04-04 04:46:39.382 I/hpplay-java( 2927): [AsyncTask #99]:Feature:isSendAdvertisement
04-04 04:46:39.382 I/hpplay-java( 2927): [AsyncTask #99]:Preference:checkFeature none
04-04 04:46:39.382 I/hpplay-java( 2927): [AsyncTask #99]:Preference:checkFeature none
04-04 04:46:39.383 I/hpplay-java( 2927): [AsyncTask #99]:Bridge:backupHpplayDat bakPath:
04-04 04:46:39.383 I/hpplay-java( 2927): [AsyncTask #99]:Bridge:path:/data/user/0/com.hht.lebocast/files/hpplay/file/happyplay.dat
04-04 04:46:39.383 I/hpplay-java( 2927): [AsyncTask #99]:Bridge:mAppId:21409
04-04 04:46:39.385 I/hpplay-java( 2927): [AsyncTask #99]:Bridge:mode:3
04-04 04:46:39.385 I/hpplay-java( 2927): [AsyncTask #99]:Bridge:type:1
04-04 04:46:39.385 I/hpplay-java( 2927): [AsyncTask #99]:Bridge:SN:
04-04 04:46:39.385 I/hpplay-java( 2927): [AsyncTask #99]:Preference:checkFeature none
04-04 04:46:39.385 I/hpplay-java( 2927): [AsyncTask #99]:Bridge:backPath:
04-04 04:46:39.385 I/hpplay-java( 2927): [AsyncTask #99]:DeviceUtil:getPermissionDid: 1
04-04 04:46:39.386 I/hpplay-java( 2927): [AsyncTask #99]:DeviceUtil:getPermissionDid: 1
04-04 04:46:39.386 I/hpplay-java( 2927): [AsyncTask #99]:Preference:checkFeature none
04-04 04:46:39.386 I/hpplay-java( 2927): [AsyncTask #99]:Preference:checkFeature none
04-04 04:46:39.386 I/hpplay-java( 2927): [AsyncTask #99]:Preference:checkFeature none
04-04 04:46:39.386 I/hpplay-java( 2927): [AsyncTask #99]:Preference:checkFeature none
04-04 04:46:39.386 I/hpplay-java( 2927): [AsyncTask #99]:Preference:checkFeature none
04-04 04:46:39.391 W/hpplay-java( 2927): [AsyncTask #92]:ServerBusiness:startDaemonBusiness start LelinkHTTPD sucess 52288
04-04 04:46:39.393 I/hpplay-java( 2927): [main]:ServerBusiness:get deviceCode:2457154028
04-04 04:46:39.408 W/FrameTracker( 2670): Missed App frame:10
04-04 04:46:39.408 W/FrameTracker( 2670): Missed SF frame:10
04-04 04:46:39.408 W/FrameTracker( 2670): Missed SF frame:32
04-04 04:46:39.408 W/FrameTracker( 2670): Missed SF frame:68
04-04 04:46:39.408 W/FrameTracker( 2670): Missed SF frame:66
04-04 04:46:39.408 W/FrameTracker( 2670): Missed SF frame:66
04-04 04:46:39.409 W/FrameTracker( 2670): Missed SF frame:66
04-04 04:46:39.409 W/FrameTracker( 2670): Missed SF frame:66
04-04 04:46:39.409 W/FrameTracker( 2670): Missed SF frame:66
04-04 04:46:39.409 W/FrameTracker( 2670): Missed SF frame:66
04-04 04:46:39.409 W/FrameTracker( 2670): Missed SF frame:66
04-04 04:46:39.409 W/FrameTracker( 2670): Missed SF frame:66
04-04 04:46:39.409 W/FrameTracker( 2670): Missed SF frame:66
04-04 04:46:39.409 W/FrameTracker( 2670): Missed SF frame:66
04-04 04:46:39.409 W/FrameTracker( 2670): Missed SF frame:66
04-04 04:46:39.409 W/FrameTracker( 2670): Missing HWUI jank callback for vsyncId: 12313
04-04 04:46:39.409 V/PerfettoTrigger( 2670): Not triggering com.android.telemetry.interaction-jank-monitor-8 - not enough time since last trigger
04-04 04:46:39.417 W/hpplay-java( 2927): [AsyncTask #99]:DeviceUtils:getDomain create lb domain
04-04 04:46:39.418 I/hpplay-java( 2927): [AsyncTask #99]:Feature:getMirrorAudioVideoSync DISABLE
04-04 04:46:39.418 I/hpplay-java( 2927): [AsyncTask #99]:Feature:checkSupportRedirectOtherApp,no set redirect api
04-04 04:46:39.418 I/hpplay-java( 2927): [AsyncTask #99]:Feature:getRedirectSearchFlag,value: 0
04-04 04:46:39.420 I/hpplay-java( 2927): [AsyncTask #99]:Bridge:mIn: InParameters{appInfo='0', appKey='21409', authMode=0, authPwd='null', broadcastDirection=0, broadcastState=1, broadcastTimeout=3, buildType='release', cacheAVPath='/data/user/0/com.hht.lebocast/cache/hpplay/av', cachePhotoPath='/data/user/0/com.hht.lebocast/cache/hpplay/image', channel='LEBO-APK--60146-25915', desPath='', , deviceName='高合娱乐副屏', dlna=1, dlnaCompany='Microsoft Corporation', dlnaCompanyURL='http://www.microsoft.com', dlnaDeviceDescribe='Media Renderer', dlnaDeviceName='Windows Media Player', dlnaDeviceURL='http://go.microsoft.com/fwlink/Linkld=105927', dlnaLelinkSwitch=1, dlnaManufacturer=0, dlnaName='高合娱乐副屏', dlnaUPC='', dlnaUUID='fd17a3b6-3524-090f-053e-af2ce7fe6986', domain='Lebo-figure-a6087e369fa3', drainage=0, feature='6655', fps=60, height=1080, host='null', , keyPath='/data/user/0/com.hht.lebocast/files/hpplay/file', lelinkfp=1, lelinkfp2=0, logBaseState=1, logPath='/storage/emulated/0/com.hht.lebocast/sink/sdk/common', , mdnsEnable=1, mirrorSyncType=0, netCastVer='2.0', packageName='com.hht.lebocast', packagePath='/data/user/0/com.hht.lebocast', permissionDid='a6:08:7e:36:9f:a3', permissionMode=3, permissionPreSN='', port=0, preemptMode=0, regType='_leboremote._tcp.', serverPorts=null, sockWaitTimeOut=45, teleControlPort=53388, tunnels=3, txtKeys=null, txtValues=null, uid='10000072516705', videoFrameType=1001, width=1920}com.hpplay.sdk.sink.protocol.InParameters@9908cde
04-04 04:46:39.420 I/hpplay-java( 2927): [main]:Bridge:startServer state: 0
04-04 04:46:39.420 D/hpplay-base( 2927): [jniBridge:185] not conference version
04-04 04:46:39.420 I/hpplay-base( 2927): [jniBridge:241] 1initServer nSettingWidth=1920 nSettingHeight=1080 nSettingMaxFPS=60 dlnaEnable=1 lelinkFpEnable=1
04-04 04:46:39.420 D/hpplay-base( 2927): [jniBridge:283] 1initServer cfg.leLinkIp=10.3.110.159
04-04 04:46:39.420 D/hpplay-base( 2927): [jniBridge:286] 1initServer cfg.mPermissionMode=3
04-04 04:46:39.420 D/hpplay-base( 2927): [jniBridge:304] 1initServer cfg.permissionDid=a6:08:7e:36:9f:a3000000000000000
04-04 04:46:39.420 D/hpplay-base( 2927): [jniBridge:313] 1initServer cfg.mPermissionPreSN=00000000000000000000000000000000
04-04 04:46:39.420 D/hpplay-base( 2927): [jniBridge:317] Bridge___1initServer status:0
04-04 04:46:39.420 I/hpplay-base( 2927): [jniBridge:325] 1initServer cfg.feature=6655
04-04 04:46:39.420 D/hpplay-base( 2927): [jniBridge:377] 1initServer isSendBroadCast=3
04-04 04:46:39.420 D/hpplay-base( 2927): [jniBridge:380] 1initServer broadcastDirection=0
04-04 04:46:39.420 D/hpplay-base( 2927): [jniBridge:382] 1initServer ipBroadcast direction=0
04-04 04:46:39.420 D/hpplay-base( 2927): [jniBridge:387] 1initServer tunnel=3
04-04 04:46:39.420 D/hpplay-base( 2927): [jniBridge:390] 1initServer drainage=0
04-04 04:46:39.420 D/hpplay-base( 2927): [jniBridge:401] 1initServer mDNSEnable=1
04-04 04:46:39.420 D/hpplay-base( 2927): [jniBridge:406] 1initServer nSockWaitTimeOut=45
04-04 04:46:39.420 D/hpplay-base( 2927): [jniBridge:410] 1initServer nMirrorAudioVideoSync=0
04-04 04:46:39.420 I/hpplay-base( 2927): [sign_check:168] checkSign strPackageName:com.hht.lebocast
04-04 04:46:39.420 I/hpplay-base( 2927): [sign_check:169] checkSign buildType:release
04-04 04:46:39.420 I/hpplay-base( 2927): [sign_check:170] checkSign appKey:21409
04-04 04:46:39.420 D/hpplay-base( 2927): [LelinkBase:405] bridgeInit port: 0, lelinkfp: 0
04-04 04:46:39.420 D/hpplay-base( 2927): [LelinkBase:462] bridgeInit mPackagePath =/data/user/0/com.hht.lebocast
04-04 04:46:39.420 D/hpplay-base( 2927): [LelinkBase:463] bridgeInit mKeyPath =/data/user/0/com.hht.lebocast/files/hpplay/file
04-04 04:46:39.420 D/hpplay-base( 2927): [SinkContext:97] initSinkContext mPackagePath =/data/user/0/com.hht.lebocast
04-04 04:46:39.420 D/hpplay-base( 2927): [SinkContext:98] initSinkContext mKeyPath =/data/user/0/com.hht.lebocast/files/hpplay/file
04-04 04:46:39.420 D/hpplay-base( 2927): [jniBridge:478] Java_com_hpplay_sdk_sink_protocol_Bridge__1initServer end
04-04 04:46:39.420 D/hpplay-base( 2927): [jniBridge:869] Bridge__1startServer status:1
04-04 04:46:39.421 D/hpplay-base( 2927): [LelinkBase:492] startAllServer at base
04-04 04:46:39.421 D/hpplay-base( 2927): [lelinkSinkServer:152] httpPlugins_SetServerPort TYPE_SERVER_LELINK:52266
04-04 04:46:39.421 D/hpplay-base( 2927): [network.c:362] protocol bind host :10.3.110.159 port:52266 curent bind port:52266
04-04 04:46:39.421 D/hpplay-base( 2927): [lelinkSinkServer:681] HTTP Server real at:52266
04-04 04:46:39.421 D/hpplay-base( 2927): [lelinkSinkServer:644] Connected Service Type:0
04-04 04:46:39.421 I/hpplay-base( 2927): : (server.c.315) startServer listen_ing....:
04-04 04:46:39.421 D/hpplay-base( 2927): [Server:371] startHttpServer srv_sockets.used:1 nCurrentFd:97, tid is 6267
04-04 04:46:39.422 D/hpplay-base( 2927): [ScreenStream:1285] current bind port:7100
04-04 04:46:39.423 D/hpplay-base( 2927): [LelinkBase:515] startAllServer pBaseContext->config.dlnaEnable:1
04-04 04:46:39.423 D/hpplay-base( 2927): [stream_mirror_compat:759] compat mirror stream begin to run,server fd:106,thread_id:3189543360!!
04-04 04:46:39.423 D/hpplay-base( 2927): [lelinkDlna:324] addDMRCallback end
04-04 04:46:39.430 E/hpplay-base-dlna( 2927): miniserver.c:788::dlna_port(ipv4: 49152 ipv6:0)
04-04 04:46:39.433 D/hpplay-base-dlna( 2927): [lebodlna-dlnaframe:166] succeed to load lebodlnaplugin
04-04 04:46:39.433 D/hpplay-base-dlna( 2927): [lebodlna-dlnaframe:232] Succeed to load specified plugin:lebodlna_plugin
04-04 04:46:39.433 D/hpplay-base( 2927): [lelinkDlna:328] startDLNAServer ret=0
04-04 04:46:39.433 D/hpplay-base( 2927): [LelinkBase:531] startDLNAServer ret= 0
04-04 04:46:39.433 D/hpplay-base( 2927): [lelinkDlna:342] setDMRFriendlyName 高合娱乐副屏
04-04 04:46:39.433 D/hpplay-base-dlna( 2927): [lebodlna-dlna_android:136] setBroadcastTimeout mBroadcastTimeOut=66 status=3!
04-04 04:46:39.433 D/hpplay-base-dlna( 2927): [lebodlna_api:32] start DMR
04-04 04:46:39.433 D/hpplay-base-dlna( 2927): [UpnpDefine:434] RegisterDMRender invalid lelink info
04-04 04:46:39.433 D/hpplay-base-dlna( 2927): [UpnpDefine:467] DLNA DEFAULT_DESCRIPTION
04-04 04:46:39.435 E/hpplay-base-dlna( 2927): upnpapi.c:1078::Exiting RegisterRootDevice2 *Hnd =1, return value == 0
04-04 04:46:39.435 D/hpplay-base-dlna( 2927): [CUpnpDevice:41] Register Root Device 2:0
04-04 04:46:39.435 D/hpplay-base-dlna( 2927): [UpnpDefine:794] ESDMRender:Register success
04-04 04:46:39.435 D/hpplay-base-dlna( 2927): [lebodlna_api:41] sendBroadcast mBroadcastTimeOut=3
04-04 04:46:39.435 D/hpplay-base-dlna( 2927): [lebodlna_api:44] sendBroadcast timeout=66
04-04 04:46:39.492 I/hpplay-java( 2927): [AsyncTask #91]:HttpRequest:doGet responseCode:200 0
04-04 04:46:39.500 D/hpplay-base( 2927): [lelinkDlna:361] startDLNADevice dlnaManufacturer:0 ret=0
04-04 04:46:39.500 D/hpplay-base( 2927): [LelinkBase:535] lelinkSetDlnaInfo ret= 0
04-04 04:46:39.500 D/hpplay-base( 2927): [LelinkBase:547] startAllServer pBaseContext->config.mDNSEnable:1
04-04 04:46:39.501 D/hpplay-base( 2927): [base_mdns:509] mdns net.hostname:
04-04 04:46:39.501 D/hpplay-base( 2927): [base_mdns:529] mdns namelabel:-00-80-0F-74-31-00
04-04 04:46:39.502 D/hpplay-base( 2927): [base_mdns:509] mdns net.hostname:
04-04 04:46:39.502 D/hpplay-base( 2927): [base_mdns:529] mdns namelabel:-00-80-0F-74-31-00
04-04 04:46:39.502 D/hpplay-base( 2927): [mdns:813] mdns start bind port:0
04-04 04:46:39.510 D/hpplay-base( 2927): [mdns:813] mdns start bind port:5353
04-04 04:46:39.510 D/hpplay-base( 2927): [mdns:813] mdns start bind port:5353
04-04 04:46:39.511 D/hpplay-base( 2927): [mdns:813] mdns start bind port:5353
04-04 04:46:39.511 D/hpplay-base( 2927): [mdns:813] mdns start bind port:5353
04-04 04:46:39.512 D/hpplay-base( 2927): [mdns:813] mdns start bind port:5353
04-04 04:46:39.512 D/hpplay-base( 2927): [mdns:813] mdns start bind port:5353
04-04 04:46:39.513 D/hpplay-base( 2927): [mdns:813] mdns start bind port:5353
04-04 04:46:39.514 I/hpplay-base( 2927): [mDNSEmbeded:57] embedded_mDNSInit stopmDNSNow:0 status:0
04-04 04:46:39.514 D/RemoteControlService( 2421): heart beat timer called
04-04 04:46:39.514 D/hpplay-base( 2927): [mDNSEmbeded:436] startmDNSServer end nRet=0
04-04 04:46:39.514 D/hpplay-base( 2927): [LelinkBase:555] lelink broadcast_on_off:1 log2java_on_off:1
04-04 04:46:39.515 D/hpplay-base( 2927): [LelinkMDNS:729] leboAuthorizationCheck strUuid=a6:08:7e:36:9f:a3000000000000000
04-04 04:46:39.515 D/hpplay-base( 2927): [LelinkMDNS:730] leboAuthorizationCheck mPermissionDid=a6:08:7e:36:9f:a3000000000000000
04-04 04:46:39.515 D/hpplay-base( 2927): [LelinkMDNS:755] leboAuthorizationCheck mPermissionMac=a6:08:7e:36:9f:a3000000000000000
04-04 04:46:39.515 D/hpplay-base( 2927): [AEventUtils:595] request to start event handle service!!
04-04 04:46:39.515 D/hpplay-base( 2927): [AEventUtils:603] start_event_handle_service,begin to run!!
04-04 04:46:39.515 D/hpplay-base( 2927): [mDNSEmbeded:197] http_port bind check 197 http_port_check
04-04 04:46:39.518 D/hpplay-base( 2927): [REventUtils:210] start_event_handle_service,begin to run!!
04-04 04:46:39.518 D/resolv ( 685): GetHostByNameHandler::run: result: Success
04-04 04:46:39.518 I/hpplay-base( 2927): [mDNSEmbeded:268] start lelink publish server, tid is 6288
04-04 04:46:39.519 D/hpplay-base( 2927): [mDNSEmbeded:217] http_port bind check 217 http_port_check
04-04 04:46:39.519 D/hpplay-base( 2927): [AEventUtils:171] create handle AEvent thread ok!!,tid is 6291
04-04 04:46:39.519 D/hpplay-base( 2927): [LelinkBase:576] startAllServer success .
04-04 04:46:39.519 D/hpplay-base( 2927): [mDNSEmbeded:222] http_port bind check 222 http_port_check
04-04 04:46:39.520 D/hpplay-base( 2927): [jniBridge:894] startDlna_link:http://10.3.110.159:49152/description.xml
04-04 04:46:39.520 D/hpplay-base( 2927): [jniBridge:1081] notifyJavaDlnalink:http://10.3.110.159:49152/description.xml
04-04 04:46:39.520 D/hpplay-base( 2927): [jniBridge:1726] notifyJava, what:207, castType:0, mimeType:0 baseStatus:2
04-04 04:46:39.520 D/hpplay-base( 2927): [jniBridge:1727] notifyJava sessionID:(null)
04-04 04:46:39.520 D/hpplay-base( 2927): [REventUtils:59] create handleREventThread thread ok!!,tid is 6292
04-04 04:46:39.521 I/hpplay-java( 2927): [Thread-51]:Bridge:notify: what: 207
04-04 04:46:39.522 I/hpplay-java( 2927): [Thread-51]:Bridge:notify: out: OutParameters:{audioSessionId=-1, audiotrackIndex=0, castHandleType=-1, castType=0, deviceName='http://10.3.110.159:49152/description.xml', dlnaName='', dramaID='', extra=0, frameHandleType=-1, handleInside=true, headduration=0, header='', headers=null, isAD=false, isMultiMirror=false, lelinkVer='', limitTime=0, , mediaAlbum='null', mediaAlbumArtURI='', mediaArtist='null', mediaAssets='', mediaTitle='null', mimeType=0, multiSession=null, period=0, pinCode='', playSpeed=0.0, playerChoice=0, plugin=0, port=0, position=0.0, positionUnit=2, protocol=0, realSessionID='', regType='', , sinkIp='', sourceAPPVersion='', sourceChannel='', sourceClientInfo='', sourceDeviceInfo='', sourceDeviceModel='', sourceDeviceName='', sourceDeviceType=0, sourceHID='', , sourceInfo='', , , sourceOSVersion='', sourceSDKVersion='', sourceUid='', stopDetail=0, stopReason=0, tailduration=0, url='', urlID='', urls=null, userAgent='', videoDecoder=0, volume=0, what=207}com.hpplay.sdk.sink.protocol.OutParameters@717617f
04-04 04:46:39.522 I/hpplay-java( 2927): [Thread-51]:Bridge:notify: address:199451980
04-04 04:46:39.527 D/hpplay-base( 2927): [mDNSEmbeded:234] http_port bind check 234 http_port_check port:52266
04-04 04:46:39.527 D/hpplay-base( 2927): [mDNSEmbeded:237] http_port bind check 237 http_port_check
04-04 04:46:39.537 D/hpplay-base( 2927): [lelinkSinkServer:93] new client connection from 127.0.0.1 21196, fd=133
04-04 04:46:39.537 D/hpplay-base( 2927): [SinkContext:137] addSinkContextSession,begin to run!!
04-04 04:46:39.537 D/hpplay-base( 2927): [SinkContext:142] addSinkContextSession,begin to get lock!!
04-04 04:46:39.537 D/hpplay-base( 2927): [SinkContext:144] addSinkContextSession,get lock ok!!
04-04 04:46:39.537 D/hpplay-base( 2927): [SinkContext:149] addSinkContextSession,session list is null,begin to malloc!!
04-04 04:46:39.537 D/hpplay-base( 2927): [SinkContext:156] addSinkContextSession,begin to update!!
04-04 04:46:39.538 D/hpplay-base( 2927): [SinkContext:160] addSinkContextSession,begin to update header!!
04-04 04:46:39.538 D/hpplay-base( 2927): [SinkContext:172] addSinkContextSession,begin to unlock!!
04-04 04:46:39.538 D/hpplay-base( 2927): [SinkContext:174] addSinkContextSession,unlock ok!!
04-04 04:46:39.538 D/hpplay-base( 2927): [LelinkReceiver:4908] get ping !!!
04-04 04:46:39.538 D/hpplay-base( 2927): [mDNSEmbeded:240] http_port bind check 240 http_port_check recieved:64
04-04 04:46:39.538 D/hpplay-base( 2927): [mDNSEmbeded:243] http_port bind check 243 http_port_check
04-04 04:46:39.539 D/hpplay-base( 2927): [mDNSEmbeded:244] http_port bind check ok!
04-04 04:46:39.523 W/om.hht.lebocast( 2927): type=1400 audit(0.0:641): avc: granted { read } for name="arp" dev="proc" ino=4026532256 scontext=u:r:platform_app:s0:c512,c768 tcontext=u:object_r:proc_net:s0 tclass=file app=com.hht.lebocast
04-04 04:46:39.531 W/om.hht.lebocast( 2927): type=1400 audit(0.0:642): avc: granted { read open } for path="/proc/2927/net/arp" dev="proc" ino=4026532256 scontext=u:r:platform_app:s0:c512,c768 tcontext=u:object_r:proc_net:s0 tclass=file app=com.hht.lebocast
04-04 04:46:39.531 W/om.hht.lebocast( 2927): type=1400 audit(0.0:643): avc: granted { getattr } for path="/proc/2927/net/arp" dev="proc" ino=4026532256 scontext=u:r:platform_app:s0:c512,c768 tcontext=u:object_r:proc_net:s0 tclass=file app=com.hht.lebocast
04-04 04:46:39.685 D/hpplay-base( 2927): [LelinkMDNS:766] devicePermissionPublic leboPermissionCheck:-2
04-04 04:46:39.685 D/hpplay-base( 2927): [jniBridge:1125] com_hpplay_sdk_sink_protocol_Bridge_WHAT_SERVER_ERROR
04-04 04:46:39.685 D/hpplay-base( 2927): [jniBridge:1726] notifyJava, what:204, castType:0, mimeType:0 baseStatus:2
04-04 04:46:39.685 D/hpplay-base( 2927): [jniBridge:1727] notifyJava sessionID:(null)
04-04 04:46:39.688 I/hpplay-java( 2927): [Thread-52]:Bridge:notify: what: 204
04-04 04:46:39.690 I/hpplay-java( 2927): [Thread-52]:Bridge:notify: out: OutParameters:{audioSessionId=-1, audiotrackIndex=0, castHandleType=-1, castType=0, deviceName='', dlnaName='', dramaID='', extra=-2002, frameHandleType=-1, handleInside=true, headduration=0, header='', headers=null, isAD=false, isMultiMirror=false, lelinkVer='', limitTime=0, , mediaAlbum='null', mediaAlbumArtURI='', mediaArtist='null', mediaAssets='', mediaTitle='null', mimeType=0, multiSession=null, period=0, pinCode='', playSpeed=0.0, playerChoice=0, plugin=0, port=0, position=0.0, positionUnit=2, protocol=0, realSessionID='', regType='', , sinkIp='', sourceAPPVersion='', sourceChannel='', sourceClientInfo='', sourceDeviceInfo='', sourceDeviceModel='', sourceDeviceName='', sourceDeviceType=0, sourceHID='', , sourceInfo='', , , sourceOSVersion='', sourceSDKVersion='', sourceUid='', stopDetail=0, stopReason=0, tailduration=0, url='', urlID='', urls=null, userAgent='', videoDecoder=0, volume=0, what=204}com.hpplay.sdk.sink.protocol.OutParameters@d777995
04-04 04:46:39.690 I/hpplay-java( 2927): [Thread-52]:Bridge:notify: address:19421866
04-04 04:46:39.691 I/hpplay-java( 2927): [main]:Bridge:findServiceID start out: 19421866
04-04 04:46:39.691 I/hpplay-java( 2927): [main]:Bridge:findServiceID end
04-04 04:46:39.691 E/hpplay-java( 2927): [main]:ServerTaskManager:onError 204/-2002 com.hht.lebocast.LelinkHelper$e@ff08e4b
04-04 04:46:39.692 I/hpplay-java( 2927): [main]:ServerTaskManager:cancelTimeOutCheck
04-04 04:46:39.692 I/hpplay-base( 2927): [mDNSEmbeded:79] embedded_mDNSLoop stopmDNSNow:0 nPublish:-2 nExitFlag:6 tid is 6287
04-04 04:46:39.693 W/hpplay-java( 2927): [main]:ServerTaskManager:onErrorDispatcher errorCode:-2002
04-04 04:46:39.694 I/hpplay-java( 2927): [main]:ServerTaskManager:onError retry later
04-04 04:46:39.710 E/com.baidu.inpu( 3325): Invalid ID 0x00000000.
04-04 04:46:39.726 D/resolv ( 685): GetAddrInfoHandler::run: {100 262244 100 983140 10033 0}
04-04 04:46:39.727 D/resolv ( 685): resolv_getaddrinfo: explore_fqdn(): ai_family=0 ai_socktype=1 ai_protocol=6
04-04 04:46:39.731 D/resolv ( 685): doQuery: (1, 1)
04-04 04:46:39.731 D/resolv ( 685): res_nmkquery: (QUERY, IN, A)
04-04 04:46:39.731 D/resolv ( 685): res_nsend
04-04 04:46:39.731 I/resolv ( 685): resolv_cache_lookup: lookup
04-04 04:46:39.731 I/resolv ( 685): resolv_cache_lookup: FOUND IN CACHE entry=0xb400007307e59dd0
04-04 04:46:39.731 D/resolv ( 685): doQuery: rcode=0, ancount=2
04-04 04:46:39.732 I/ResolverController( 685): No valid NAT64 prefix (100, /0)
04-04 04:46:39.741 I/hpplay-base( 2927): [LelinkReceiver:14605] _connectionFinalize (133)
04-04 04:46:39.741 D/hpplay-base( 2927): [LelinkReceiver:14752] ###connectionFinalize,release ok!!###
04-04 04:46:39.815 I/hpplay-java( 2927): [AsyncTask #70]:HttpRequest:doGet responseCode:200 0
04-04 04:46:40.042 I/mpu_uart( 661): [MSG-P:RECV]:No message received in 1000 ms
04-04 04:46:40.119 W/swapper/2( 0): type=1400 audit(0.0:644): avc: denied { kill } for capability=5 scontext=u:r:kernel:s0 tcontext=u:r:kernel:s0 tclass=capability permissive=0
04-04 04:46:40.318 D/DhcpClient( 2084): Broadcasting DHCPDISCOVER
04-04 04:46:40.347 I/OpenGLRenderer( 5038): Davey! duration=9223370983988ms; Flags=0, FrameTimelineVsyncId=12349, IntendedVsync=1052865919717, Vsync=1052865919717, InputEventId=0, HandleInputStart=1052867907148, AnimationStart=1052867911523, PerformTraversalsStart=1052867913190, DrawStart=1052868095898, FrameDeadline=1052882586383, FrameInterval=1052867897513, FrameStartTime=16666666, SyncQueued=1052873644388, SyncStart=1052873757252, IssueDrawCommandsStart=1052874845534, SwapBuffers=1052877848502, FrameCompleted=9223372036854775807, DequeueBufferDuration=47240, QueueBufferDuration=1877240, GpuCompleted=9223372036854775807, SwapBuffersCompleted=1052880856471, DisplayPresentTime=1009162029457,
04-04 04:46:40.691 D/RemoteControlService( 2421): getEvent: clientSocket = Socket[address=/192.168.4.4,port=48217,localPort=12600]
04-04 04:46:40.692 D/RemoteControlService( 2421): run: called
04-04 04:46:40.692 D/RemoteControlService( 2421): getEvent: start waiting...
04-04 04:46:40.694 E/RemoteControlService( 2421): Enter ListenSocketRunnable
04-04 04:46:40.895 D/RemoteControlService( 2421): After desEncrypt json is [{"type":"back","source":1,"token":"93kE8b8yEoa4BeV","value":"click"}]
04-04 04:46:40.895 D/RemoteControlService( 2421): buildRemoteCommand:type=5
04-04 04:46:40.896 D/RemoteControlService( 2421): Request params: BaseRequestCommandBean{source=1, token='93kE8b8yEoa4BeV', type='back', value='click'}
04-04 04:46:40.896 D/RemoteControlService( 2421): handleMessage called
04-04 04:46:40.896 D/RemoteControlService( 2421): Is not connect command
04-04 04:46:40.896 D/RemoteControlService( 2421): haveControl ? clientcom.thundercomm.remotecontrolservice.RemoteControllerClient@530a9ab
04-04 04:46:40.896 D/RemoteControlService( 2421): Client have control
04-04 04:46:40.896 D/RemoteControlService( 2421): do Action called
04-04 04:46:40.896 I/RemoteControlService( 2421): injectKeyEvent: KeyEvent { action=ACTION_DOWN, keyCode=KEYCODE_BACK, scanCode=0, metaState=0, flags=0x0, repeatCount=0, eventTime=1053446, downTime=1053446, deviceId=-1, source=0x101, displayId=-1 }
04-04 04:46:40.904 I/ActivityTaskManager( 1145): moveTaskToBack: Task{6605480 #28 type=standard A=1000:com.android.settings.root U=0 visible=true mode=fullscreen translucent=false sz=1}
04-04 04:46:40.911 D/ActivityTrigger( 1145): ActivityTrigger activityPauseTrigger
04-04 04:46:40.914 I/ActivityTaskManager( 1145): FOREGROUND_APPLICATION_CHANGED to com.android.launcher3.uioverrides.QuickstepLauncher
04-04 04:46:40.924 I/RemoteControlService( 2421): injectKeyEvent: KeyEvent { action=ACTION_UP, keyCode=KEYCODE_BACK, scanCode=0, metaState=0, flags=0x0, repeatCount=0, eventTime=1053446, downTime=1053446, deviceId=-1, source=0x101, displayId=-1 }
04-04 04:46:40.931 D/AutofillManagerService( 1145): onBackKeyPressed()
04-04 04:46:40.946 D/RemoteControlService( 2421): Digest: 5D96930825B1A55682916625BB5A12BA9B1CF4FC84DCC5642BF2EFC1DDB13550
04-04 04:46:40.946 D/RemoteControlService( 2421): Send data length: 117
04-04 04:46:40.947 D/RemoteControlService( 2421): Send message finished. direction: 32, messageType: 5, json: {"source":0,"token":"93kE8b8yEoa4BeV","type":"back","value":1}
04-04 04:46:40.948 D/RemoteControlService( 2421): RemoteKeyCommand ResponseSpeedTest - use time: 257
04-04 04:46:40.953 I/BpBinder( 1053): onLastStrongRef automatically unlinking death recipients:
04-04 04:46:40.959 I/GameMode_ActivityMonitoringService( 2118): onActivityLaunch: com.android.launcher3, isGameApp: false
04-04 04:46:40.959 V/GameMode_GpuUtils( 2118): fps:60
04-04 04:46:40.965 D/GameModeIF_GameModeSettings( 2118): getUriFor setting_content_uri_root = content://com.thundercomm.gamemode.api/gamemode_settings , name = gamemode_enable
04-04 04:46:41.004 E/MCUUtil ( 2670): saveLastActivity activityName=com.android.launcher3.uioverrides.QuickstepLauncher packageName=com.android.launcher3
04-04 04:46:41.042 I/mpu_uart( 661): [MSG-P:RECV]:No message received in 1000 ms
04-04 04:46:41.046 D/EditModeHelper( 2670): setHotseatVisibility: 0
04-04 04:46:41.048 W/FreeFormWindowHelper( 1145): Current Display FreeFormTask is null
04-04 04:46:41.115 W/kworker/u16:1( 81): type=1400 audit(0.0:645): avc: denied { kill } for capability=5 scontext=u:r:kernel:s0 tcontext=u:r:kernel:s0 tclass=capability permissive=0
04-04 04:46:41.239 W/BackgroundThrea( 6304): type=1400 audit(0.0:646): avc: denied { read } for name="uptime" dev="proc" ino=4026532246 scontext=u:r:priv_app:s0:c512,c768 tcontext=u:object_r:proc_uptime:s0 tclass=file permissive=0 app=com.baidu.input
04-04 04:46:41.239 W/BackgroundThrea( 6304): type=1400 audit(0.0:647): avc: denied { read } for name="tcp" dev="proc" ino=4026532267 scontext=u:r:priv_app:s0:c512,c768 tcontext=u:object_r:proc_net_tcp_udp:s0 tclass=file permissive=0 app=com.baidu.input
04-04 04:46:41.239 W/BackgroundThrea( 6304): type=1400 audit(0.0:648): avc: denied { read } for name="udp" dev="proc" ino=4026532268 scontext=u:r:priv_app:s0:c512,c768 tcontext=u:object_r:proc_net_tcp_udp:s0 tclass=file permissive=0 app=com.baidu.input
04-04 04:46:41.351 E/com.baidu.inpu( 3325): Invalid ID 0x00000000.
04-04 04:46:41.374 I/mpu_uart( 661): [MSG-P:R]:recv sync frame timeout
04-04 04:46:41.503 D/resolv ( 685): res_nquerydomain: (null, 1, 1)
04-04 04:46:41.503 D/resolv ( 685): res_nquery: (1, 1)
04-04 04:46:41.503 D/resolv ( 685): res_nmkquery: (QUERY, IN, A)
04-04 04:46:41.503 D/resolv ( 685): res_nsend
04-04 04:46:41.503 I/resolv ( 685): resolv_cache_lookup: lookup
04-04 04:46:41.503 I/resolv ( 685): resolv_cache_lookup: FOUND IN CACHE entry=0xb400007307e587f0
04-04 04:46:41.503 D/resolv ( 685): GetHostByNameHandler::run: result: Success
04-04 04:46:41.522 D/RemoteControlService( 2421): getEvent: clientSocket = Socket[address=/192.168.4.4,port=32791,localPort=12600]
04-04 04:46:41.523 D/RemoteControlService( 2421): run: called
04-04 04:46:41.523 D/RemoteControlService( 2421): getEvent: start waiting...
04-04 04:46:41.523 E/RemoteControlService( 2421): Enter ListenSocketRunnable
04-04 04:46:41.524 D/RemoteControlService( 2421): After desEncrypt json is [{"source":1,"token":"93kE8b8yEoa4BeV"}]
04-04 04:46:41.525 D/RemoteControlService( 2421): buildRemoteCommand:type=7
04-04 04:46:41.525 D/RemoteControlService( 2421): Request params: BaseRequestCommandBean{source=1, token='93kE8b8yEoa4BeV', type='null', value='null'}
04-04 04:46:41.525 D/RemoteControlService( 2421): handleMessage called
04-04 04:46:41.525 D/RemoteControlService( 2421): Client have control
04-04 04:46:41.525 D/RemoteControlService( 2421): Digest: 1FEB5CCD44F14680B879A3877FC067DB3EC44C6F6DB0FDF873DD3EF022840912
04-04 04:46:41.526 D/RemoteControlService( 2421): Send data length: 117
04-04 04:46:41.526 D/RemoteControlService( 2421): Send message finished. direction: 32, messageType: 7, json: {"source":0,"token":"93kE8b8yEoa4BeV","type":"heart_beat","value":1}
04-04 04:46:41.528 D/RemoteControlService( 2421): HeartBeatCommand ResponseSpeedTest - use time: 6
04-04 04:46:41.535 D/RemoteControlService( 2421): getEvent: clientSocket = Socket[address=/192.168.4.4,port=50713,localPort=12600]
04-04 04:46:41.536 D/RemoteControlService( 2421): run: called
04-04 04:46:41.536 D/RemoteControlService( 2421): getEvent: start waiting...
04-04 04:46:41.537 D/RemoteControlService( 2421): getEvent: clientSocket = Socket[address=/192.168.4.4,port=44197,localPort=12600]
04-04 04:46:41.538 D/RemoteControlService( 2421): run: called
04-04 04:46:41.538 D/RemoteControlService( 2421): getEvent: start waiting...
04-04 04:46:41.539 E/RemoteControlService( 2421): Enter ListenSocketRunnable
04-04 04:46:41.539 E/RemoteControlService( 2421): Enter ListenSocketRunnable
04-04 04:46:41.540 D/RemoteControlService( 2421): After desEncrypt json is [{"source":1,"token":"93kE8b8yEoa4BeV"}]
04-04 04:46:41.540 D/RemoteControlService( 2421): After desEncrypt json is [{"source":1,"token":"93kE8b8yEoa4BeV"}]
04-04 04:46:41.540 D/RemoteControlService( 2421): buildRemoteCommand:type=23
04-04 04:46:41.540 D/RemoteControlService( 2421): buildRemoteCommand:type=37
04-04 04:46:41.540 D/RemoteControlService( 2421): Request params: BaseRequestCommandBean{source=1, token='93kE8b8yEoa4BeV', type='null', value='null'}
04-04 04:46:41.540 D/RemoteControlService( 2421): Request params: BaseRequestCommandBean{source=1, token='93kE8b8yEoa4BeV', type='null', value='null'}
04-04 04:46:41.540 D/RemoteControlService( 2421): handleMessage called
04-04 04:46:41.541 D/RemoteControlService( 2421): Is not connect command
04-04 04:46:41.541 D/RemoteControlService( 2421): haveControl ? clientcom.thundercomm.remotecontrolservice.RemoteControllerClient@530a9ab
04-04 04:46:41.541 D/RemoteControlService( 2421): Client have control
04-04 04:46:41.544 I/RemoteControlService( 2421): RemoteVolumeQueryCommand doAction send message: {"source":0,"token":"93kE8b8yEoa4BeV","type":"current_volume","value":[{"name":"music","value":18,"value_max":39},{"name":"alarm","value":4,"value_max":7},{"name":"ring","value":3,"value_max":7}]}
04-04 04:46:41.544 D/RemoteControlService( 2421): Digest: 7AC6D2B7B2CB3B2A24C8C9709D0B22968314586EE2F72ED3E5D0E98772AACEC1
04-04 04:46:41.545 D/RemoteControlService( 2421): Send data length: 245
04-04 04:46:41.545 D/RemoteControlService( 2421): Send message finished. direction: 32, messageType: 23, json: {"source":0,"token":"93kE8b8yEoa4BeV","type":"current_volume","value":[{"name":"music","value":18,"value_max":39},{"name":"alarm","value":4,"value_max":7},{"name":"ring","value":3,"value_max":7}]}
04-04 04:46:41.546 D/RemoteControlService( 2421): RemoteVolumeQueryCommand ResponseSpeedTest - use time: 11
04-04 04:46:41.546 D/RemoteControlService( 2421): handleMessage called
04-04 04:46:41.546 D/RemoteControlService( 2421): Is not connect command
04-04 04:46:41.547 D/RemoteControlService( 2421): haveControl ? clientcom.thundercomm.remotecontrolservice.RemoteControllerClient@530a9ab
04-04 04:46:41.547 D/RemoteControlService( 2421): Client have control
04-04 04:46:41.547 I/RemoteControlService( 2421): RemoteScreenStatusQueryCommand doAction send message: {"source":0,"token":"93kE8b8yEoa4BeV","type":"current_screen_status","value":"screen_on"}
04-04 04:46:41.547 D/RemoteControlService( 2421): Digest: B891C1EA8FC4518D1D5D69E7A7703F5FE1A3A21FA29F47AEE8FE22A6B99F1CF8
04-04 04:46:41.547 D/RemoteControlService( 2421): Send data length: 133
04-04 04:46:41.548 D/RemoteControlService( 2421): Send message finished. direction: 32, messageType: 37, json: {"source":0,"token":"93kE8b8yEoa4BeV","type":"current_screen_status","value":"screen_on"}
04-04 04:46:41.549 D/RemoteControlService( 2421): RemoteScreenStatusQueryCommand ResponseSpeedTest - use time: 12
04-04 04:46:42.042 I/mpu_uart( 661): [MSG-P:RECV]:No message received in 1000 ms
04-04 04:46:42.119 W/swapper/0( 0): type=1400 audit(0.0:649): avc: denied { kill } for capability=5 scontext=u:r:kernel:s0 tcontext=u:r:kernel:s0 tclass=capability permissive=0
04-04 04:46:42.695 I/hpplay-java( 2927): [main]:ServerTaskManager:restart by error
04-04 04:46:42.695 I/hpplay-java( 2927): [main]:ServerTaskManager:startServer
04-04 04:46:42.695 I/hpplay-java( 2927): [main]:ServerTaskManager:startServer add, reason: server is starting or running
04-04 04:46:42.696 I/hpplay-java( 2927): [main]:ServerTaskManager:addStopTask
04-04 04:46:42.696 I/hpplay-java( 2927): [main]:ServerTaskManager:addStartTask
04-04 04:46:42.696 I/hpplay-java( 2927): [main]:ServerTaskManager:exeTask stopServer
04-04 04:46:42.696 I/hpplay-java( 2927): [main]:Bridge:stopServer keepPush: false
04-04 04:46:42.697 D/hpplay-base( 2927): [jniBridge:909] Bridge__1stopServer status:2
04-04 04:46:42.701 D/hpplay-base( 2927): [LelinkBase:654] stopAllServer will start thread!
04-04 04:46:42.702 D/hpplay-base( 2927): [AEventUtils:588] handle AEvent thread end!!,tid is 6291
04-04 04:46:42.703 D/hpplay-base( 2927): [REventUtils:197] handleREventThread thread end!!,tid is 6292
04-04 04:46:42.703 I/hpplay-base( 2927): [mDNSEmbeded:65] embedded_mDNSExit call
04-04 04:46:42.745 D/hpplay-base( 2927): [Server:447] startHttpServer will END srv->serverType:0
04-04 04:46:42.746 D/hpplay-base( 2927): [Server:646] startHttpServer cond srv_shutdown:1 connectNummber:0
04-04 04:46:42.746 D/hpplay-base( 2927): [Server:669] startHttpServer wait cond END. srv_shutdown:1 connectNummber:0
04-04 04:46:42.746 D/hpplay-base( 2927): [Server:457] HttpServer END, tid is 6267
04-04 04:46:42.748 D/hpplay-base( 2927): [stream_mirror_compat:1284] mirror stream begin to exit,server fd:106,thread_id:3189543360!!
04-04 04:46:42.748 D/hpplay-base( 2927): [stream_mirror_compat:1323] ##screen stream exit successfully!!##
04-04 04:46:42.829 D/RemoteControlService( 2421): getEvent: clientSocket = Socket[address=/192.168.4.4,port=38425,localPort=12600]
04-04 04:46:42.831 D/RemoteControlService( 2421): run: called
04-04 04:46:42.831 D/RemoteControlService( 2421): getEvent: start waiting...
04-04 04:46:42.832 E/RemoteControlService( 2421): Enter ListenSocketRunnable
04-04 04:46:42.834 D/RemoteControlService( 2421): After desEncrypt json is [{"type":"up","source":1,"token":"93kE8b8yEoa4BeV","value":"click"}]
04-04 04:46:42.835 D/RemoteControlService( 2421): buildRemoteCommand:type=5
04-04 04:46:42.835 D/RemoteControlService( 2421): Request params: BaseRequestCommandBean{source=1, token='93kE8b8yEoa4BeV', type='up', value='click'}
04-04 04:46:42.836 D/RemoteControlService( 2421): handleMessage called
04-04 04:46:42.836 D/RemoteControlService( 2421): Is not connect command
04-04 04:46:42.836 D/RemoteControlService( 2421): haveControl ? clientcom.thundercomm.remotecontrolservice.RemoteControllerClient@530a9ab
04-04 04:46:42.836 D/RemoteControlService( 2421): Client have control
04-04 04:46:42.836 D/RemoteControlService( 2421): do Action called
04-04 04:46:42.836 I/RemoteControlService( 2421): injectKeyEvent: KeyEvent { action=ACTION_DOWN, keyCode=KEYCODE_DPAD_UP, scanCode=0, metaState=0, flags=0x0, repeatCount=0, eventTime=1055386, downTime=1055386, deviceId=-1, source=0x101, displayId=-1 }
04-04 04:46:42.853 I/RemoteControlService( 2421): injectKeyEvent: KeyEvent { action=ACTION_UP, keyCode=KEYCODE_DPAD_UP, scanCode=0, metaState=0, flags=0x0, repeatCount=0, eventTime=1055386, downTime=1055386, deviceId=-1, source=0x101, displayId=-1 }
04-04 04:46:42.854 W/View ( 2670): requestLayout() improperly called by com.android.launcher3.views.NoInsetView{7befb7f V.ED..... ......I. 2038,0-2380,1020 #7f09007c app:id/bg_hotseat} during layout: running second layout pass
04-04 04:46:42.867 D/RemoteControlService( 2421): Digest: 3709CBD074C1D63BB4C2F1757B7957F2F830F22652CC8AF47DB2BE91F3BB51E9
04-04 04:46:42.867 D/RemoteControlService( 2421): Send data length: 117
04-04 04:46:42.867 D/RemoteControlService( 2421): Send message finished. direction: 32, messageType: 5, json: {"source":0,"token":"93kE8b8yEoa4BeV","type":"up","value":1}
04-04 04:46:42.869 D/RemoteControlService( 2421): RemoteKeyCommand ResponseSpeedTest - use time: 40
04-04 04:46:42.883 W/FrameTracker( 2670): Missed App frame:8
04-04 04:46:42.883 W/FrameTracker( 2670): Missed SF frame:65
04-04 04:46:42.883 W/FrameTracker( 2670): Missed SF frame:66
04-04 04:46:42.884 V/PerfettoTrigger( 2670): Not triggering com.android.telemetry.interaction-jank-monitor-9 - not enough time since last trigger
04-04 04:46:42.996 D/RemoteControlService( 2421): getEvent: clientSocket = Socket[address=/192.168.4.4,port=51997,localPort=12600]
04-04 04:46:42.997 D/RemoteControlService( 2421): run: called
04-04 04:46:42.997 D/RemoteControlService( 2421): getEvent: start waiting...
04-04 04:46:42.999 E/RemoteControlService( 2421): Enter ListenSocketRunnable
04-04 04:46:43.001 D/RemoteControlService( 2421): After desEncrypt json is [{"type":"up","source":1,"token":"93kE8b8yEoa4BeV","value":"click"}]
04-04 04:46:43.001 D/RemoteControlService( 2421): buildRemoteCommand:type=5
04-04 04:46:43.001 D/RemoteControlService( 2421): Request params: BaseRequestCommandBean{source=1, token='93kE8b8yEoa4BeV', type='up', value='click'}
04-04 04:46:43.004 D/RemoteControlService( 2421): handleMessage called
04-04 04:46:43.004 D/RemoteControlService( 2421): Is not connect command
04-04 04:46:43.004 D/RemoteControlService( 2421): haveControl ? clientcom.thundercomm.remotecontrolservice.RemoteControllerClient@530a9ab
04-04 04:46:43.004 D/RemoteControlService( 2421): Client have control
04-04 04:46:43.005 D/RemoteControlService( 2421): do Action called
04-04 04:46:43.005 I/RemoteControlService( 2421): injectKeyEvent: KeyEvent { action=ACTION_DOWN, keyCode=KEYCODE_DPAD_UP, scanCode=0, metaState=0, flags=0x0, repeatCount=0, eventTime=1055554, downTime=1055554, deviceId=-1, source=0x101, displayId=-1 }
04-04 04:46:43.025 I/RemoteControlService( 2421): injectKeyEvent: KeyEvent { action=ACTION_UP, keyCode=KEYCODE_DPAD_UP, scanCode=0, metaState=0, flags=0x0, repeatCount=0, eventTime=1055554, downTime=1055554, deviceId=-1, source=0x101, displayId=-1 }
04-04 04:46:43.028 W/View ( 2670): requestLayout() improperly called by com.android.launcher3.views.NoInsetView{7befb7f V.ED..... ......I. 2038,0-2380,1020 #7f09007c app:id/bg_hotseat} during layout: running second layout pass
04-04 04:46:43.043 I/mpu_uart( 661): [MSG-P:RECV]:No message received in 1000 ms
04-04 04:46:43.052 D/RemoteControlService( 2421): Digest: 3709CBD074C1D63BB4C2F1757B7957F2F830F22652CC8AF47DB2BE91F3BB51E9
04-04 04:46:43.053 D/RemoteControlService( 2421): Send data length: 117
04-04 04:46:43.054 D/RemoteControlService( 2421): Send message finished. direction: 32, messageType: 5, json: {"source":0,"token":"93kE8b8yEoa4BeV","type":"up","value":1}
04-04 04:46:43.055 D/RemoteControlService( 2421): RemoteKeyCommand ResponseSpeedTest - use time: 59
04-04 04:46:43.119 W/swapper/0( 0): type=1400 audit(0.0:650): avc: denied { kill } for capability=5 scontext=u:r:kernel:s0 tcontext=u:r:kernel:s0 tclass=capability permissive=0
04-04 04:46:43.156 D/RemoteControlService( 2421): getEvent: clientSocket = Socket[address=/192.168.4.4,port=59801,localPort=12600]
04-04 04:46:43.157 D/RemoteControlService( 2421): run: called
04-04 04:46:43.158 D/RemoteControlService( 2421): getEvent: start waiting...
04-04 04:46:43.159 E/RemoteControlService( 2421): Enter ListenSocketRunnable
04-04 04:46:43.160 D/RemoteControlService( 2421): After desEncrypt json is [{"type":"up","source":1,"token":"93kE8b8yEoa4BeV","value":"click"}]
04-04 04:46:43.161 D/RemoteControlService( 2421): buildRemoteCommand:type=5
04-04 04:46:43.161 D/RemoteControlService( 2421): Request params: BaseRequestCommandBean{source=1, token='93kE8b8yEoa4BeV', type='up', value='click'}
04-04 04:46:43.161 D/RemoteControlService( 2421): handleMessage called
04-04 04:46:43.161 D/RemoteControlService( 2421): Is not connect command
04-04 04:46:43.162 D/RemoteControlService( 2421): haveControl ? clientcom.thundercomm.remotecontrolservice.RemoteControllerClient@530a9ab
04-04 04:46:43.162 D/RemoteControlService( 2421): Client have control
04-04 04:46:43.162 D/RemoteControlService( 2421): do Action called
04-04 04:46:43.162 I/RemoteControlService( 2421): injectKeyEvent: KeyEvent { action=ACTION_DOWN, keyCode=KEYCODE_DPAD_UP, scanCode=0, metaState=0, flags=0x0, repeatCount=0, eventTime=1055711, downTime=1055711, deviceId=-1, source=0x101, displayId=-1 }
04-04 04:46:43.196 I/RemoteControlService( 2421): injectKeyEvent: KeyEvent { action=ACTION_UP, keyCode=KEYCODE_DPAD_UP, scanCode=0, metaState=0, flags=0x0, repeatCount=0, eventTime=1055711, downTime=1055711, deviceId=-1, source=0x101, displayId=-1 }
04-04 04:46:43.197 W/View ( 2670): requestLayout() improperly called by com.android.launcher3.views.NoInsetView{7befb7f V.ED..... ......I. 2038,0-2380,1020 #7f09007c app:id/bg_hotseat} during layout: running second layout pass
04-04 04:46:43.207 D/RemoteControlService( 2421): Digest: 3709CBD074C1D63BB4C2F1757B7957F2F830F22652CC8AF47DB2BE91F3BB51E9
04-04 04:46:43.208 D/RemoteControlService( 2421): Send data length: 117
04-04 04:46:43.208 D/RemoteControlService( 2421): Send message finished. direction: 32, messageType: 5, json: {"source":0,"token":"93kE8b8yEoa4BeV","type":"up","value":1}
04-04 04:46:43.210 D/RemoteControlService( 2421): RemoteKeyCommand ResponseSpeedTest - use time: 54
04-04 04:46:43.317 D/RemoteControlService( 2421): getEvent: clientSocket = Socket[address=/192.168.4.4,port=49149,localPort=12600]
04-04 04:46:43.319 D/RemoteControlService( 2421): run: called
04-04 04:46:43.319 D/RemoteControlService( 2421): getEvent: start waiting...
04-04 04:46:43.319 E/RemoteControlService( 2421): Enter ListenSocketRunnable
04-04 04:46:43.321 D/RemoteControlService( 2421): After desEncrypt json is [{"type":"up","source":1,"token":"93kE8b8yEoa4BeV","value":"click"}]
04-04 04:46:43.321 D/RemoteControlService( 2421): buildRemoteCommand:type=5
04-04 04:46:43.321 D/RemoteControlService( 2421): Request params: BaseRequestCommandBean{source=1, token='93kE8b8yEoa4BeV', type='up', value='click'}
04-04 04:46:43.322 D/RemoteControlService( 2421): handleMessage called
04-04 04:46:43.322 D/RemoteControlService( 2421): Is not connect command
04-04 04:46:43.322 D/RemoteControlService( 2421): haveControl ? clientcom.thundercomm.remotecontrolservice.RemoteControllerClient@530a9ab
04-04 04:46:43.322 D/RemoteControlService( 2421): Client have control
04-04 04:46:43.322 D/RemoteControlService( 2421): do Action called
04-04 04:46:43.322 I/RemoteControlService( 2421): injectKeyEvent: KeyEvent { action=ACTION_DOWN, keyCode=KEYCODE_DPAD_UP, scanCode=0, metaState=0, flags=0x0, repeatCount=0, eventTime=1055872, downTime=1055872, deviceId=-1, source=0x101, displayId=-1 }
04-04 04:46:43.344 I/RemoteControlService( 2421): injectKeyEvent: KeyEvent { action=ACTION_UP, keyCode=KEYCODE_DPAD_UP, scanCode=0, metaState=0, flags=0x0, repeatCount=0, eventTime=1055872, downTime=1055872, deviceId=-1, source=0x101, displayId=-1 }
04-04 04:46:43.366 D/RemoteControlService( 2421): Digest: 3709CBD074C1D63BB4C2F1757B7957F2F830F22652CC8AF47DB2BE91F3BB51E9
04-04 04:46:43.367 D/RemoteControlService( 2421): Send data length: 117
04-04 04:46:43.368 D/RemoteControlService( 2421): Send message finished. direction: 32, messageType: 5, json: {"source":0,"token":"93kE8b8yEoa4BeV","type":"up","value":1}
04-04 04:46:43.369 D/RemoteControlService( 2421): RemoteKeyCommand ResponseSpeedTest - use time: 52
04-04 04:46:43.496 I/hpplay-base( 2927): [mDNSEmbeded:140] embedded_mDNSLoop Exiting end,tid is 6287
04-04 04:46:43.497 D/hpplay-base( 2927): [mDNSEmbeded:452] stopmDNSServer end stopmDNSNow=2, nRet=0
04-04 04:46:43.500 D/RemoteControlService( 2421): getEvent: clientSocket = Socket[address=/192.168.4.4,port=43711,localPort=12600]
04-04 04:46:43.501 D/RemoteControlService( 2421): run: called
04-04 04:46:43.501 D/RemoteControlService( 2421): getEvent: start waiting...
04-04 04:46:43.501 E/RemoteControlService( 2421): Enter ListenSocketRunnable
04-04 04:46:43.503 D/RemoteControlService( 2421): After desEncrypt json is [{"type":"up","source":1,"token":"93kE8b8yEoa4BeV","value":"click"}]
04-04 04:46:43.504 D/RemoteControlService( 2421): buildRemoteCommand:type=5
04-04 04:46:43.504 D/RemoteControlService( 2421): Request params: BaseRequestCommandBean{source=1, token='93kE8b8yEoa4BeV', type='up', value='click'}
04-04 04:46:43.504 D/RemoteControlService( 2421): handleMessage called
04-04 04:46:43.504 D/RemoteControlService( 2421): Is not connect command
04-04 04:46:43.504 D/RemoteControlService( 2421): haveControl ? clientcom.thundercomm.remotecontrolservice.RemoteControllerClient@530a9ab
04-04 04:46:43.504 D/RemoteControlService( 2421): Client have control
04-04 04:46:43.505 D/RemoteControlService( 2421): do Action called
04-04 04:46:43.505 I/RemoteControlService( 2421): injectKeyEvent: KeyEvent { action=ACTION_DOWN, keyCode=KEYCODE_DPAD_UP, scanCode=0, metaState=0, flags=0x0, repeatCount=0, eventTime=1056054, downTime=1056054, deviceId=-1, source=0x101, displayId=-1 }
04-04 04:46:43.514 I/RemoteControlService( 2421): injectKeyEvent: KeyEvent { action=ACTION_UP, keyCode=KEYCODE_DPAD_UP, scanCode=0, metaState=0, flags=0x0, repeatCount=0, eventTime=1056054, downTime=1056054, deviceId=-1, source=0x101, displayId=-1 }
04-04 04:46:43.520 D/RemoteControlService( 2421): Digest: 3709CBD074C1D63BB4C2F1757B7957F2F830F22652CC8AF47DB2BE91F3BB51E9
04-04 04:46:43.521 D/RemoteControlService( 2421): Send data length: 117
04-04 04:46:43.521 D/RemoteControlService( 2421): Send message finished. direction: 32, messageType: 5, json: {"source":0,"token":"93kE8b8yEoa4BeV","type":"up","value":1}
04-04 04:46:43.523 D/RemoteControlService( 2421): RemoteKeyCommand ResponseSpeedTest - use time: 24
04-04 04:46:43.652 D/RemoteControlService( 2421): getEvent: clientSocket = Socket[address=/192.168.4.4,port=36513,localPort=12600]
04-04 04:46:43.653 D/RemoteControlService( 2421): run: called
04-04 04:46:43.654 D/RemoteControlService( 2421): getEvent: start waiting...
04-04 04:46:43.654 E/RemoteControlService( 2421): Enter ListenSocketRunnable
04-04 04:46:43.656 D/RemoteControlService( 2421): After desEncrypt json is [{"type":"up","source":1,"token":"93kE8b8yEoa4BeV","value":"click"}]
04-04 04:46:43.656 D/RemoteControlService( 2421): buildRemoteCommand:type=5
04-04 04:46:43.656 D/RemoteControlService( 2421): Request params: BaseRequestCommandBean{source=1, token='93kE8b8yEoa4BeV', type='up', value='click'}
04-04 04:46:43.657 D/RemoteControlService( 2421): handleMessage called
04-04 04:46:43.657 D/RemoteControlService( 2421): Is not connect command
04-04 04:46:43.657 D/RemoteControlService( 2421): haveControl ? clientcom.thundercomm.remotecontrolservice.RemoteControllerClient@530a9ab
04-04 04:46:43.657 D/RemoteControlService( 2421): Client have control
04-04 04:46:43.658 D/RemoteControlService( 2421): do Action called
04-04 04:46:43.658 I/RemoteControlService( 2421): injectKeyEvent: KeyEvent { action=ACTION_DOWN, keyCode=KEYCODE_DPAD_UP, scanCode=0, metaState=0, flags=0x0, repeatCount=0, eventTime=1056207, downTime=1056207, deviceId=-1, source=0x101, displayId=-1 }
04-04 04:46:43.665 I/RemoteControlService( 2421): injectKeyEvent: KeyEvent { action=ACTION_UP, keyCode=KEYCODE_DPAD_UP, scanCode=0, metaState=0, flags=0x0, repeatCount=0, eventTime=1056207, downTime=1056207, deviceId=-1, source=0x101, displayId=-1 }
04-04 04:46:43.671 D/RemoteControlService( 2421): Digest: 3709CBD074C1D63BB4C2F1757B7957F2F830F22652CC8AF47DB2BE91F3BB51E9
04-04 04:46:43.671 D/RemoteControlService( 2421): Send data length: 117
