04-04 04:45:00.959 D/CompatibilityChangeReporter( 1145): Compat change id reported: 135772972; UID 10060; state: DISABLED
04-04 04:45:00.959 D/CompatibilityChangeReporter( 1145): Compat change id reported: 135754954; UID 10060; state: ENABLED
04-04 04:45:01.003 I/ActivityManager( 1145): Start proc 4600:com.android.gallery3d/u0a73 for null
01-01 08:16:00.336 I/binder ( 0): 4600:4600 ioctl 40046210 7fd3d8b3a4 returned -22
04-04 04:45:01.066 W/ActivityManager( 1145): Slow operation: 107ms so far, now at startProcess: asking zygote to start proc
04-04 04:45:01.066 D/CompatibilityChangeReporter( 1145): Compat change id reported: 143937733; UID 10060; state: ENABLED
04-04 04:45:01.106 W/ActivityManager( 1145): Slow operation: 147ms so far, now at startProcess: returned from zygote!
04-04 04:45:01.106 W/ActivityManager( 1145): Slow operation: 148ms so far, now at startProcess: done updating battery stats
04-04 04:45:01.106 W/ActivityManager( 1145): Slow operation: 148ms so far, now at startProcess: building log message
04-04 04:45:01.106 I/ActivityManager( 1145): Start proc 4617:com.qualcomm.qti.usta/u0a60 for null
04-04 04:45:01.106 W/ActivityManager( 1145): Slow operation: 148ms so far, now at startProcess: starting to update pids map
04-04 04:45:01.106 W/ActivityManager( 1145): Slow operation: 148ms so far, now at startProcess: done updating pids map
01-01 08:16:00.450 I/binder ( 0): 4617:4617 ioctl 40046210 7fd3d8b3a4 returned -22
04-04 04:45:01.772 D/AutofillManagerService( 1145): Close system dialogs
04-04 04:45:01.896 W/FreeFormWindowHelper( 1145): exitRecentTasks type=0
04-04 04:45:01.907 D/AutofillManagerService( 1145): Close system dialogs
01-01 08:16:01.584 I/perf ( 0): interrupt took too long (8035 > 8028), lowering kernel.perf_event_max_sample_rate to 24750
01-01 08:16:02.109 D/cnss ( 0): Host time = 962110710 us, device time = 907237600 us, offset = 54873110 us
01-01 08:16:02.110 D/cnss ( 0): Updated time sync regs [0x984] = 0x3454c16, [0x988] = 0x0
04-04 04:45:03.951 E/TaskPersister( 1145): File error accessing recents directory (directory doesn't exist?).
04-04 04:45:08.961 I/ActivityTaskManager( 1145): START u0 {act=chromium.shortcut.action.OPEN_NEW_TAB flg=0x1000c000 cmp=com.microsoft.emmx/org.chromium.chrome.browser.LauncherShortcutActivity bnds=[1828,138][2154,238]} from uid 10029
04-04 04:45:08.984 W/ActivityTaskManager( 1145): Can't find TaskDisplayArea to determine support for multi window. Task id=24 attached=false
04-04 04:45:08.989 D/CompatibilityChangeReporter( 1145): Compat change id reported: 174042980; UID 10029; state: DISABLED
04-04 04:45:08.989 D/CompatibilityChangeReporter( 1145): Compat change id reported: 184838306; UID 10029; state: DISABLED
04-04 04:45:08.990 D/CompatibilityChangeReporter( 1145): Compat change id reported: 185004937; UID 10029; state: DISABLED
04-04 04:45:08.991 D/CompatibilityChangeReporter( 1145): Compat change id reported: 181136395; UID 10029; state: DISABLED
04-04 04:45:08.991 D/CompatibilityChangeReporter( 1145): Compat change id reported: 174042936; UID 10029; state: DISABLED
04-04 04:45:08.994 D/CompatibilityChangeReporter( 1145): Compat change id reported: 168419799; UID 10029; state: DISABLED
04-04 04:45:08.999 W/FreeFormWindowHelper( 1145): Current Display FreeFormTask is null
04-04 04:45:09.003 I/ActivityTaskManager( 1145): FOREGROUND_APPLICATION_CHANGED to org.chromium.chrome.browser.LauncherShortcutActivity
04-04 04:45:09.008 D/CompatibilityChangeReporter( 1145): Compat change id reported: 135634846; UID 10029; state: DISABLED
04-04 04:45:09.008 W/WindowManager( 1145): removeWindowToken: Attempted to remove non-existing token: android.os.Binder@8101b88
04-04 04:45:09.008 D/CompatibilityChangeReporter( 1145): Compat change id reported: 177438394; UID 10029; state: DISABLED
04-04 04:45:09.008 D/CompatibilityChangeReporter( 1145): Compat change id reported: 135772972; UID 10029; state: DISABLED
04-04 04:45:09.008 D/CompatibilityChangeReporter( 1145): Compat change id reported: 135754954; UID 10029; state: ENABLED
04-04 04:45:09.009 D/CompatibilityChangeReporter( 1145): Compat change id reported: 143937733; UID 10029; state: ENABLED
04-04 04:45:09.040 W/ContextImpl( 1145): Calling a method in the system process without a qualified user: android.app.ContextImpl.sendBroadcast:1173 com.qualcomm.qti.Performance$SendGameLaunchBroadcast.run:217 java.lang.Thread.run:920
04-04 04:45:09.040 I/ActivityManager( 1145): Start proc 4663:com.microsoft.emmx/u0a29 for pre-top-activity {com.microsoft.emmx/org.chromium.chrome.browser.LauncherShortcutActivity}
04-04 04:45:09.107 W/FreeFormWindowHelper( 1145): Current Display FreeFormTask is null
01-01 08:16:08.412 I/perfetto( 0): enabled ftrace
01-01 08:16:08.445 I/binder ( 0): 4663:4663 ioctl 40046210 7fd3d8b3a4 returned -22
04-04 04:45:09.419 D/PackageManager( 1145): Instant App installer not found with android.intent.action.INSTALL_INSTANT_APP_PACKAGE
04-04 04:45:09.419 D/PackageManager( 1145): Clear ephemeral installer activity
04-04 04:45:09.467 I/thunderperf( 1145): PlatormCompat.setOverrides: Uid1=10029 Pid1=4663 Uid2=10029 Pid2=4663
04-04 04:45:09.467 I/thunderperf( 1145): PlatormCompat.setOverrides: needCheck:false
04-04 04:45:09.467 I/thunderperf( 1145): CompatConfig.addOverrideUnsafe: bef-state=0
04-04 04:45:09.467 I/thunderperf( 1145): CompatConfig.addOverrideUnsafe: aft-state=0
04-04 04:45:09.467 W/PackageManager( 1145): MATCH_ANY_USER flag requires INTERACT_ACROSS_USERS permission: UID 10029 requires android.permission.INTERACT_ACROSS_USERS_FULL or android.permission.INTERACT_ACROSS_USERS to access user 0.
04-04 04:45:09.467 I/ActivityTaskManager( 1145): START u0 {act=android.intent.action.VIEW dat=chrome-native://newtab/ cmp=com.microsoft.emmx/org.chromium.chrome.browser.document.ChromeLauncherActivity (has extras)} from uid 10029
04-04 04:45:09.486 I/ActivityTaskManager( 1145): FOREGROUND_APPLICATION_CHANGED to org.chromium.chrome.browser.document.ChromeLauncherActivity
04-04 04:45:09.486 I/ActivityTaskManager( 1145): The Process com.microsoft.emmx Already Exists in BG. So sending its PID: 4663
04-04 04:45:09.487 W/ActivityTaskManager( 1145): Tried to set launchTime (0) < mLastActivityLaunchTime (961720)
04-04 04:45:09.504 I/thunderperf( 1145): PlatormCompat.setOverrides: Uid1=10029 Pid1=4663 Uid2=10029 Pid2=4663
04-04 04:45:09.504 I/thunderperf( 1145): PlatormCompat.setOverrides: needCheck:false
04-04 04:45:09.504 I/thunderperf( 1145): CompatConfig.addOverrideUnsafe: bef-state=0
04-04 04:45:09.504 I/thunderperf( 1145): CompatConfig.addOverrideUnsafe: aft-state=0
04-04 04:45:09.505 W/PackageManager( 1145): MATCH_ANY_USER flag requires INTERACT_ACROSS_USERS permission: UID 10029 requires android.permission.INTERACT_ACROSS_USERS_FULL or android.permission.INTERACT_ACROSS_USERS to access user 0.
04-04 04:45:09.505 I/ActivityTaskManager( 1145): START u0 {act=android.intent.action.VIEW dat=chrome-native://newtab/ flg=0x10800000 cmp=com.microsoft.emmx/org.chromium.chrome.browser.document.ChromeLauncherActivity (has extras)} from uid 10029
04-04 04:45:09.510 W/ActivityTaskManager( 1145): Can't find TaskDisplayArea to determine support for multi window. Task id=25 attached=false
04-04 04:45:09.531 I/ActivityTaskManager( 1145): The Process com.microsoft.emmx Already Exists in BG. So sending its PID: 4663
04-04 04:45:09.533 W/ActivityTaskManager( 1145): Tried to set launchTime (0) < mLastActivityLaunchTime (962038)
04-04 04:45:09.558 I/thunderperf( 1145): PlatormCompat.setOverrides: Uid1=10029 Pid1=4663 Uid2=10029 Pid2=4663
04-04 04:45:09.558 I/thunderperf( 1145): PlatormCompat.setOverrides: needCheck:false
04-04 04:45:09.558 I/thunderperf( 1145): CompatConfig.addOverrideUnsafe: bef-state=0
04-04 04:45:09.558 I/thunderperf( 1145): CompatConfig.addOverrideUnsafe: aft-state=0
04-04 04:45:09.559 W/PackageManager( 1145): MATCH_ANY_USER flag requires INTERACT_ACROSS_USERS permission: UID 10029 requires android.permission.INTERACT_ACROSS_USERS_FULL or android.permission.INTERACT_ACROSS_USERS to access user 0.
04-04 04:45:09.560 I/ActivityTaskManager( 1145): START u0 {cmp=com.microsoft.emmx/com.microsoft.edge.fre.MicrosoftFirstRunActivity (has extras)} from uid 10029
04-04 04:45:09.561 W/ActivityTaskManager( 1145): Can't find TaskDisplayArea to determine support for multi window. Task id=26 attached=false
04-04 04:45:09.567 D/PhoneStartingWindowTypeAlgorithm( 1986): preferredStartingWindowType newTask:true taskSwitch:true processRunning:true allowTaskSnapshot:true activityCreated:false useEmptySplashScreen:false legacySplashScreen:false topIsHome:false
04-04 04:45:09.568 D/StartingSurfaceDrawer( 1986): addSplashScreen com.microsoft.emmx theme=7f150624 task=26 suggestType=1
04-04 04:45:09.573 D/StartingSurfaceDrawer( 1986): window attributes color: fffcfcff icon null duration 0 brandImage null
04-04 04:45:09.581 I/ActivityTaskManager( 1145): FOREGROUND_APPLICATION_CHANGED to com.microsoft.edge.fre.MicrosoftFirstRunActivity
04-04 04:45:09.581 I/ActivityTaskManager( 1145): The Process com.microsoft.emmx Already Exists in BG. So sending its PID: 4663
04-04 04:45:09.582 D/StartingSurfaceDrawer( 1986): FgMainColor=ff0c73c0 BgMainColor=fff8f8f8 IsBgComplex=false FromCache=false ThemeColor=fffcfcff
04-04 04:45:09.582 D/StartingSurfaceDrawer( 1986): isRgbSimilarInHsv a: fffcfcff b fff8f8f8 contrast ratio: 1.0370965
04-04 04:45:09.582 D/StartingSurfaceDrawer( 1986): makeSplashScreenContentView: choose fg icon
04-04 04:45:09.582 W/ActivityTaskManager( 1145): Tried to set launchTime (0) < mLastActivityLaunchTime (962084)
04-04 04:45:09.583 D/StartingSurfaceDrawer( 1986): fillViewWithIcon surfaceWindowView android.window.SplashScreenView{836c09 V.E...... ......ID 0,0-0,0}
04-04 04:45:09.669 W/ActivityManager( 1145): Unable to start service Intent { act=com.uodis.opendevice.OPENIDS_SERVICE pkg=com.huawei.hwid } U=0: not found
04-04 04:45:09.669 W/ActivityManager( 1145): Unbind failed: could not find connection for android.os.BinderProxy@2dd05b9
04-04 04:45:09.670 W/ActivityManager( 1145): Unable to start service Intent { act=com.uodis.opendevice.OPENIDS_SERVICE pkg=com.huawei.hwid } U=0: not found
04-04 04:45:09.670 W/ActivityManager( 1145): Unbind failed: could not find connection for android.os.BinderProxy@5effdfe
04-04 04:45:09.671 W/ActivityManager( 1145): Unable to start service Intent { act=com.uodis.opendevice.OPENIDS_SERVICE pkg=com.huawei.hwid } U=0: not found
04-04 04:45:09.671 W/ActivityManager( 1145): Unbind failed: could not find connection for android.os.BinderProxy@706b95f
04-04 04:45:09.698 W/ActivityManager( 1145): Unable to start service Intent { act=com.uodis.opendevice.OPENIDS_SERVICE pkg=com.huawei.hwid } U=0: not found
04-04 04:45:09.698 W/ActivityManager( 1145): Unbind failed: could not find connection for android.os.BinderProxy@5d60262
04-04 04:45:09.699 W/ActivityManager( 1145): Unable to start service Intent { act=com.uodis.opendevice.OPENIDS_SERVICE pkg=com.huawei.hwid } U=0: not found
04-04 04:45:09.699 W/ActivityManager( 1145): Unbind failed: could not find connection for android.os.BinderProxy@aa50ff3
04-04 04:45:09.699 W/ActivityManager( 1145): Unable to start service Intent { act=com.uodis.opendevice.OPENIDS_SERVICE pkg=com.huawei.hwid } U=0: not found
04-04 04:45:09.702 W/ActivityManager( 1145): Unbind failed: could not find connection for android.os.BinderProxy@c1604b0
04-04 04:45:09.716 W/ActivityManager( 1145): Unable to start service Intent { act=com.uodis.opendevice.OPENIDS_SERVICE pkg=com.huawei.hwid } U=0: not found
04-04 04:45:09.717 W/ActivityManager( 1145): Unbind failed: could not find connection for android.os.BinderProxy@aedcf29
04-04 04:45:09.718 W/ActivityManager( 1145): Unable to start service Intent { act=com.uodis.opendevice.OPENIDS_SERVICE pkg=com.huawei.hwid } U=0: not found
04-04 04:45:09.718 W/ActivityManager( 1145): Unbind failed: could not find connection for android.os.BinderProxy@f15e2ae
04-04 04:45:09.719 W/ActivityManager( 1145): Unable to start service Intent { act=com.uodis.opendevice.OPENIDS_SERVICE pkg=com.huawei.hwid } U=0: not found
04-04 04:45:09.720 W/ActivityManager( 1145): Unbind failed: could not find connection for android.os.BinderProxy@7f6b84f
04-04 04:45:09.735 W/ActivityManager( 1145): Unable to start service Intent { act=com.uodis.opendevice.OPENIDS_SERVICE pkg=com.huawei.hwid } U=0: not found
04-04 04:45:09.736 W/ActivityManager( 1145): Unbind failed: could not find connection for android.os.BinderProxy@c4ebbdc
04-04 04:45:09.736 W/ActivityManager( 1145): Unable to start service Intent { act=com.uodis.opendevice.OPENIDS_SERVICE pkg=com.huawei.hwid } U=0: not found
04-04 04:45:09.737 W/ActivityManager( 1145): Unbind failed: could not find connection for android.os.BinderProxy@2eb34e5
04-04 04:45:09.737 W/ActivityManager( 1145): Unable to start service Intent { act=com.uodis.opendevice.OPENIDS_SERVICE pkg=com.huawei.hwid } U=0: not found
04-04 04:45:09.738 W/ActivityManager( 1145): Unbind failed: could not find connection for android.os.BinderProxy@6617bba
04-04 04:45:09.747 W/ActivityManager( 1145): Unable to start service Intent { act=com.uodis.opendevice.OPENIDS_SERVICE pkg=com.huawei.hwid } U=0: not found
04-04 04:45:09.748 W/ActivityManager( 1145): Unbind failed: could not find connection for android.os.BinderProxy@7108a6b
04-04 04:45:09.750 W/ActivityManager( 1145): Unable to start service Intent { act=com.uodis.opendevice.OPENIDS_SERVICE pkg=com.huawei.hwid } U=0: not found
04-04 04:45:09.750 W/ActivityManager( 1145): Unbind failed: could not find connection for android.os.BinderProxy@5f9b9c8
04-04 04:45:09.751 W/ActivityManager( 1145): Unable to start service Intent { act=com.uodis.opendevice.OPENIDS_SERVICE pkg=com.huawei.hwid } U=0: not found
04-04 04:45:09.751 W/ActivityManager( 1145): Unbind failed: could not find connection for android.os.BinderProxy@a9f3a61
04-04 04:45:09.764 W/ActivityManager( 1145): Unable to start service Intent { act=com.uodis.opendevice.OPENIDS_SERVICE pkg=com.huawei.hwid } U=0: not found
04-04 04:45:09.764 W/ActivityManager( 1145): Unbind failed: could not find connection for android.os.BinderProxy@19b9986
04-04 04:45:09.765 W/ActivityManager( 1145): Unable to start service Intent { act=com.uodis.opendevice.OPENIDS_SERVICE pkg=com.huawei.hwid } U=0: not found
04-04 04:45:09.765 W/ActivityManager( 1145): Unbind failed: could not find connection for android.os.BinderProxy@bab6247
04-04 04:45:09.766 W/ActivityManager( 1145): Unable to start service Intent { act=com.uodis.opendevice.OPENIDS_SERVICE pkg=com.huawei.hwid } U=0: not found
04-04 04:45:09.766 W/ActivityManager( 1145): Unbind failed: could not find connection for android.os.BinderProxy@9d4aa74
04-04 04:45:09.774 W/FreeFormWindowHelper( 1145): Current Display FreeFormTask is null
04-04 04:45:09.863 W/ActivityManager( 1145): Unable to start service Intent { act=com.uodis.opendevice.OPENIDS_SERVICE pkg=com.huawei.hwid } U=0: not found
04-04 04:45:09.863 W/ActivityManager( 1145): Unbind failed: could not find connection for android.os.BinderProxy@5341b9d
04-04 04:45:09.863 W/ActivityManager( 1145): Unable to start service Intent { act=com.uodis.opendevice.OPENIDS_SERVICE pkg=com.huawei.hwid } U=0: not found
04-04 04:45:09.864 W/ActivityManager( 1145): Unbind failed: could not find connection for android.os.BinderProxy@7c812
04-04 04:45:09.864 W/ActivityManager( 1145): Unable to start service Intent { act=com.uodis.opendevice.OPENIDS_SERVICE pkg=com.huawei.hwid } U=0: not found
04-04 04:45:09.864 W/ActivityManager( 1145): Unbind failed: could not find connection for android.os.BinderProxy@231dbe3
04-04 04:45:09.873 W/ActivityManager( 1145): Unable to start service Intent { act=com.uodis.opendevice.OPENIDS_SERVICE pkg=com.huawei.hwid } U=0: not found
04-04 04:45:09.873 W/ActivityManager( 1145): Unbind failed: could not find connection for android.os.BinderProxy@4cbf9e0
04-04 04:45:09.874 W/ActivityManager( 1145): Unable to start service Intent { act=com.uodis.opendevice.OPENIDS_SERVICE pkg=com.huawei.hwid } U=0: not found
04-04 04:45:09.874 W/ActivityManager( 1145): Unbind failed: could not find connection for android.os.BinderProxy@43bd499
04-04 04:45:09.875 W/ActivityManager( 1145): Unable to start service Intent { act=com.uodis.opendevice.OPENIDS_SERVICE pkg=com.huawei.hwid } U=0: not found
04-04 04:45:09.875 W/ActivityManager( 1145): Unbind failed: could not find connection for android.os.BinderProxy@f96535e
04-04 04:45:09.882 W/ActivityManager( 1145): Unable to start service Intent { act=com.uodis.opendevice.OPENIDS_SERVICE pkg=com.huawei.hwid } U=0: not found
04-04 04:45:09.882 W/ActivityManager( 1145): Unbind failed: could not find connection for android.os.BinderProxy@91c533f
04-04 04:45:09.883 W/ActivityManager( 1145): Unable to start service Intent { act=com.uodis.opendevice.OPENIDS_SERVICE pkg=com.huawei.hwid } U=0: not found
04-04 04:45:09.883 W/ActivityManager( 1145): Unbind failed: could not find connection for android.os.BinderProxy@426d40c
04-04 04:45:09.883 W/ActivityManager( 1145): Unable to start service Intent { act=com.uodis.opendevice.OPENIDS_SERVICE pkg=com.huawei.hwid } U=0: not found
04-04 04:45:09.884 W/ActivityManager( 1145): Unbind failed: could not find connection for android.os.BinderProxy@66c2155
01-01 08:16:09.262 I/binder ( 0): 4663:4708 ioctl 40046210 758197d1f4 returned -22
04-04 04:45:10.001 D/StartingSurfaceDrawer( 1986): Task start finish, remove starting surface for task 26
04-04 04:45:10.001 V/StartingSurfaceDrawer( 1986): Removing splash screen window for task: 26
04-04 04:45:10.087 D/CompatibilityChangeReporter( 1145): Compat change id reported: 135634846; UID 10029; state: DISABLED
04-04 04:45:10.088 D/CompatibilityChangeReporter( 1145): Compat change id reported: 177438394; UID 10029; state: DISABLED
04-04 04:45:10.088 D/CompatibilityChangeReporter( 1145): Compat change id reported: 135772972; UID 10029; state: DISABLED
04-04 04:45:10.088 D/CompatibilityChangeReporter( 1145): Compat change id reported: 135754954; UID 10029; state: ENABLED
04-04 04:45:10.088 D/CompatibilityChangeReporter( 1145): Compat change id reported: 143937733; UID 10029; state: ENABLED
04-04 04:45:10.256 W/ActivityManager( 1145): Unable to start service Intent { act=com.uodis.opendevice.OPENIDS_SERVICE pkg=com.huawei.hwid } U=0: not found
04-04 04:45:10.256 W/ActivityManager( 1145): Unbind failed: could not find connection for android.os.BinderProxy@92c500e
04-04 04:45:10.257 W/ActivityManager( 1145): Unable to start service Intent { act=com.uodis.opendevice.OPENIDS_SERVICE pkg=com.huawei.hwid } U=0: not found
04-04 04:45:10.257 W/ActivityManager( 1145): Unbind failed: could not find connection for android.os.BinderProxy@1168a2f
04-04 04:45:10.257 W/ActivityManager( 1145): Unable to start service Intent { act=com.uodis.opendevice.OPENIDS_SERVICE pkg=com.huawei.hwid } U=0: not found
04-04 04:45:10.258 W/ActivityManager( 1145): Unbind failed: could not find connection for android.os.BinderProxy@40d583c
04-04 04:45:10.268 W/ActivityManager( 1145): Unable to start service Intent { act=com.uodis.opendevice.OPENIDS_SERVICE pkg=com.huawei.hwid } U=0: not found
04-04 04:45:10.268 W/ActivityManager( 1145): Unbind failed: could not find connection for android.os.BinderProxy@4f909c5
04-04 04:45:10.269 W/ActivityManager( 1145): Unable to start service Intent { act=com.uodis.opendevice.OPENIDS_SERVICE pkg=com.huawei.hwid } U=0: not found
04-04 04:45:10.269 W/ActivityManager( 1145): Unbind failed: could not find connection for android.os.BinderProxy@2615f1a
04-04 04:45:10.270 W/ActivityManager( 1145): Unable to start service Intent { act=com.uodis.opendevice.OPENIDS_SERVICE pkg=com.huawei.hwid } U=0: not found
04-04 04:45:10.270 W/ActivityManager( 1145): Unbind failed: could not find connection for android.os.BinderProxy@68b9a4b
04-04 04:45:10.282 W/ActivityManager( 1145): Unable to start service Intent { act=com.uodis.opendevice.OPENIDS_SERVICE pkg=com.huawei.hwid } U=0: not found
04-04 04:45:10.282 W/ActivityManager( 1145): Unbind failed: could not find connection for android.os.BinderProxy@375bc28
04-04 04:45:10.283 W/ActivityManager( 1145): Unable to start service Intent { act=com.uodis.opendevice.OPENIDS_SERVICE pkg=com.huawei.hwid } U=0: not found
04-04 04:45:10.283 W/ActivityManager( 1145): Unbind failed: could not find connection for android.os.BinderProxy@7657d41
04-04 04:45:10.284 W/ActivityManager( 1145): Unable to start service Intent { act=com.uodis.opendevice.OPENIDS_SERVICE pkg=com.huawei.hwid } U=0: not found
04-04 04:45:10.285 W/ActivityManager( 1145): Unbind failed: could not find connection for android.os.BinderProxy@3a652e6
04-04 04:45:10.317 W/ActivityManager( 1145): Slow operation: 230ms so far, now at startProcess: returned from zygote!
04-04 04:45:10.318 W/ActivityManager( 1145): Slow operation: 230ms so far, now at startProcess: done updating battery stats
04-04 04:45:10.318 W/ActivityManager( 1145): Slow operation: 231ms so far, now at startProcess: building log message
04-04 04:45:10.318 I/ActivityManager( 1145): Start proc 4785:com.microsoft.emmx:sandboxed_process0:org.chromium.content.app.SandboxedProcessService0:0/u0ai0 for {com.microsoft.emmx/org.chromium.content.app.SandboxedProcessService0:0}
04-04 04:45:10.318 W/ActivityManager( 1145): Slow operation: 231ms so far, now at startProcess: starting to update pids map
04-04 04:45:10.318 W/ActivityManager( 1145): Slow operation: 231ms so far, now at startProcess: done updating pids map
01-01 08:16:09.633 I/binder ( 0): 4785:4785 ioctl 40046210 7fd3d8a614 returned -22
04-04 04:45:10.428 D/CompanionDeviceManagerService( 1145): onPackageModified(packageName = com.microsoft.emmx)
04-04 04:45:10.432 I/Telecom ( 1145): DefaultDialerCache: Refreshing default dialer for user 0: now null: DDC.oR@ABY
04-04 04:45:10.437 D/CompatibilityChangeReporter( 1145): Compat change id reported: 135634846; UID 10096; state: DISABLED
04-04 04:45:10.437 D/CompatibilityChangeReporter( 1145): Compat change id reported: 177438394; UID 10096; state: DISABLED
04-04 04:45:10.437 D/CompatibilityChangeReporter( 1145): Compat change id reported: 135772972; UID 10096; state: DISABLED
04-04 04:45:10.438 D/CompatibilityChangeReporter( 1145): Compat change id reported: 135754954; UID 10096; state: DISABLED
04-04 04:45:10.439 D/CompatibilityChangeReporter( 1145): Compat change id reported: 143937733; UID 10096; state: DISABLED
04-04 04:45:10.464 W/VoiceInteractionManager( 1145): no available voice recognition services found for user 0
04-04 04:45:10.477 I/ActivityManager( 1145): Start proc 4813:com.android.permissioncontroller/u0a96 for service {com.android.permissioncontroller/com.android.permissioncontroller.permission.service.PermissionControllerServiceImpl}
01-01 08:16:09.824 I/binder ( 0): 4813:4813 ioctl 40046210 7fd3d8b3a4 returned -22
04-04 04:45:10.665 D/PackageManager( 1145): Instant App installer not found with android.intent.action.INSTALL_INSTANT_APP_PACKAGE
04-04 04:45:10.665 D/PackageManager( 1145): Clear ephemeral installer activity
04-04 04:45:10.677 D/CompatibilityChangeReporter( 1145): Compat change id reported: 149924527; UID 10029; state: ENABLED
04-04 04:45:10.678 D/CompatibilityChangeReporter( 1145): Compat change id reported: 132649864; UID 10029; state: DISABLED
04-04 04:45:10.679 D/CompatibilityChangeReporter( 1145): Compat change id reported: 182734110; UID 10029; state: ENABLED
04-04 04:45:10.934 W/ActivityManager( 1145): Unable to start service Intent { act=com.uodis.opendevice.OPENIDS_SERVICE pkg=com.huawei.hwid } U=0: not found
04-04 04:45:10.935 W/ActivityManager( 1145): Unbind failed: could not find connection for android.os.BinderProxy@dc265ff
04-04 04:45:10.936 W/ActivityManager( 1145): Unable to start service Intent { act=com.uodis.opendevice.OPENIDS_SERVICE pkg=com.huawei.hwid } U=0: not found
04-04 04:45:10.936 W/ActivityManager( 1145): Unbind failed: could not find connection for android.os.BinderProxy@9134fcc
04-04 04:45:10.936 W/ActivityManager( 1145): Unable to start service Intent { act=com.uodis.opendevice.OPENIDS_SERVICE pkg=com.huawei.hwid } U=0: not found
04-04 04:45:10.937 W/ActivityManager( 1145): Unbind failed: could not find connection for android.os.BinderProxy@3515215
04-04 04:45:10.944 W/ActivityManager( 1145): Unable to start service Intent { act=com.uodis.opendevice.OPENIDS_SERVICE pkg=com.huawei.hwid } U=0: not found
04-04 04:45:10.944 W/ActivityManager( 1145): Unbind failed: could not find connection for android.os.BinderProxy@1e0892a
04-04 04:45:10.945 W/ActivityManager( 1145): Unable to start service Intent { act=com.uodis.opendevice.OPENIDS_SERVICE pkg=com.huawei.hwid } U=0: not found
04-04 04:45:10.945 W/ActivityManager( 1145): Unbind failed: could not find connection for android.os.BinderProxy@6e1631b
04-04 04:45:10.945 W/ActivityManager( 1145): Unable to start service Intent { act=com.uodis.opendevice.OPENIDS_SERVICE pkg=com.huawei.hwid } U=0: not found
04-04 04:45:10.945 W/ActivityManager( 1145): Unbind failed: could not find connection for android.os.BinderProxy@c0b9cb8
04-04 04:45:10.952 W/ActivityManager( 1145): Unable to start service Intent { act=com.uodis.opendevice.OPENIDS_SERVICE pkg=com.huawei.hwid } U=0: not found
04-04 04:45:10.952 W/ActivityManager( 1145): Unbind failed: could not find connection for android.os.BinderProxy@901fa91
04-04 04:45:10.953 W/ActivityManager( 1145): Unable to start service Intent { act=com.uodis.opendevice.OPENIDS_SERVICE pkg=com.huawei.hwid } U=0: not found
04-04 04:45:10.953 W/ActivityManager( 1145): Unbind failed: could not find connection for android.os.BinderProxy@d560df6
04-04 04:45:10.954 W/ActivityManager( 1145): Unable to start service Intent { act=com.uodis.opendevice.OPENIDS_SERVICE pkg=com.huawei.hwid } U=0: not found
04-04 04:45:10.954 W/ActivityManager( 1145): Unbind failed: could not find connection for android.os.BinderProxy@82915f7
04-04 04:45:11.681 D/CompanionDeviceManagerService( 1145): onPackageModified(packageName = com.microsoft.emmx)
04-04 04:45:11.691 I/Telecom ( 1145): DefaultDialerCache: Refreshing default dialer for user 0: now null: DDC.oR@ABc
04-04 04:45:11.716 W/VoiceInteractionManager( 1145): no available voice recognition services found for user 0
04-04 04:45:11.807 W/ActivityManager( 1145): Unable to start service Intent { act=com.uodis.opendevice.OPENIDS_SERVICE pkg=com.huawei.hwid } U=0: not found
04-04 04:45:11.807 W/ActivityManager( 1145): Unbind failed: could not find connection for android.os.BinderProxy@1557ef5
04-04 04:45:11.808 W/ActivityManager( 1145): Unable to start service Intent { act=com.uodis.opendevice.OPENIDS_SERVICE pkg=com.huawei.hwid } U=0: not found
04-04 04:45:11.808 W/ActivityManager( 1145): Unbind failed: could not find connection for android.os.BinderProxy@493e48a
04-04 04:45:11.809 W/ActivityManager( 1145): Unable to start service Intent { act=com.uodis.opendevice.OPENIDS_SERVICE pkg=com.huawei.hwid } U=0: not found
04-04 04:45:11.809 W/ActivityManager( 1145): Unbind failed: could not find connection for android.os.BinderProxy@f568afb
04-04 04:45:11.818 W/ActivityManager( 1145): Unable to start service Intent { act=com.uodis.opendevice.OPENIDS_SERVICE pkg=com.huawei.hwid } U=0: not found
04-04 04:45:11.819 W/ActivityManager( 1145): Unbind failed: could not find connection for android.os.BinderProxy@f53d718
04-04 04:45:11.819 W/ActivityManager( 1145): Unable to start service Intent { act=com.uodis.opendevice.OPENIDS_SERVICE pkg=com.huawei.hwid } U=0: not found
04-04 04:45:11.819 W/ActivityManager( 1145): Unbind failed: could not find connection for android.os.BinderProxy@6cc1571
04-04 04:45:11.820 W/ActivityManager( 1145): Unable to start service Intent { act=com.uodis.opendevice.OPENIDS_SERVICE pkg=com.huawei.hwid } U=0: not found
04-04 04:45:11.820 W/ActivityManager( 1145): Unbind failed: could not find connection for android.os.BinderProxy@9d3bf56
04-04 04:45:11.829 W/ActivityManager( 1145): Unable to start service Intent { act=com.uodis.opendevice.OPENIDS_SERVICE pkg=com.huawei.hwid } U=0: not found
04-04 04:45:11.830 W/ActivityManager( 1145): Unbind failed: could not find connection for android.os.BinderProxy@5f8dbd7
04-04 04:45:11.830 W/ActivityManager( 1145): Unable to start service Intent { act=com.uodis.opendevice.OPENIDS_SERVICE pkg=com.huawei.hwid } U=0: not found
04-04 04:45:11.831 W/ActivityManager( 1145): Unbind failed: could not find connection for android.os.BinderProxy@d3b4cc4
04-04 04:45:11.831 W/ActivityManager( 1145): Unable to start service Intent { act=com.uodis.opendevice.OPENIDS_SERVICE pkg=com.huawei.hwid } U=0: not found
04-04 04:45:11.831 W/ActivityManager( 1145): Unbind failed: could not find connection for android.os.BinderProxy@73b97ad
01-01 08:16:13.336 I/perfetto( 0): disabled ftrace
04-04 04:45:14.403 I/iorapd ( 1223): Perfetto TraceBuffer saved to file: /data/misc/iorapd/com.microsoft.emmx/134305015/org.chromium.chrome.browser.LauncherShortcutActivity/raw_traces/1680554714379268084.perfetto_trace.pb
04-04 04:45:14.698 I/thunderperf( 1145): PlatormCompat.setOverrides: Uid1=10029 Pid1=4663 Uid2=10029 Pid2=4663
04-04 04:45:14.698 I/thunderperf( 1145): PlatormCompat.setOverrides: needCheck:false
04-04 04:45:14.699 I/thunderperf( 1145): CompatConfig.addOverrideUnsafe: bef-state=0
04-04 04:45:14.699 I/thunderperf( 1145): CompatConfig.addOverrideUnsafe: aft-state=0
04-04 04:45:14.699 W/PackageManager( 1145): MATCH_ANY_USER flag requires INTERACT_ACROSS_USERS permission: UID 10029 requires android.permission.INTERACT_ACROSS_USERS_FULL or android.permission.INTERACT_ACROSS_USERS to access user 0.
04-04 04:45:14.700 I/ActivityTaskManager( 1145): START u0 {act=android.intent.action.VIEW dat=https://support.microsoft.com/... pkg=com.microsoft.emmx cmp=com.microsoft.emmx/org.chromium.chrome.browser.customtabs.CustomTabActivity (has extras)} from uid 10029
04-04 04:45:14.721 W/ActivityTaskManager( 1145): Can't find TaskDisplayArea to determine support for multi window. Task id=27 attached=false
04-04 04:45:14.728 D/PhoneStartingWindowTypeAlgorithm( 1986): preferredStartingWindowType newTask:true taskSwitch:true processRunning:true allowTaskSnapshot:true activityCreated:false useEmptySplashScreen:true legacySplashScreen:false topIsHome:false
04-04 04:45:14.729 D/StartingSurfaceDrawer( 1986): addSplashScreen com.microsoft.emmx theme=7f150617 task=27 suggestType=3
04-04 04:45:14.731 D/StartingSurfaceDrawer( 1986): window attributes color: fffcfcff icon null duration 0 brandImage null
04-04 04:45:14.731 I/ActivityTaskManager( 1145): Add Task{3f15005 #26 type=standard A=10029:com.microsoft.emmx U=0 visible=true mode=fullscreen translucent=false sz=1} to hidden list because adding Task{d36843a #27 type=standard A=10029:com.microsoft.emmx U=0 visible=true mode=fullscreen translucent=true sz=1}
04-04 04:45:14.732 D/StartingSurfaceDrawer( 1986): fillViewWithIcon surfaceWindowView android.window.SplashScreenView{60bf572 V.E...... ......ID 0,0-0,0}
04-04 04:45:14.744 I/ActivityTaskManager( 1145): FOREGROUND_APPLICATION_CHANGED to org.chromium.chrome.browser.customtabs.CustomTabActivity
04-04 04:45:14.745 I/ActivityTaskManager( 1145): The Process com.microsoft.emmx Already Exists in BG. So sending its PID: 4663
04-04 04:45:14.745 W/ActivityTaskManager( 1145): Tried to set launchTime (0) < mLastActivityLaunchTime (962132)
04-04 04:45:14.849 W/FreeFormWindowHelper( 1145): Current Display FreeFormTask is null
04-04 04:45:14.850 W/ActivityManager( 1145): Unable to start service Intent { act=com.uodis.opendevice.OPENIDS_SERVICE pkg=com.huawei.hwid } U=0: not found
04-04 04:45:14.851 W/ActivityManager( 1145): Unbind failed: could not find connection for android.os.BinderProxy@8d28889
04-04 04:45:14.851 W/ActivityManager( 1145): Unable to start service Intent { act=com.uodis.opendevice.OPENIDS_SERVICE pkg=com.huawei.hwid } U=0: not found
04-04 04:45:14.852 W/ActivityManager( 1145): Unbind failed: could not find connection for android.os.BinderProxy@10a80af
04-04 04:45:14.852 W/ActivityManager( 1145): Unable to start service Intent { act=com.uodis.opendevice.OPENIDS_SERVICE pkg=com.huawei.hwid } U=0: not found
04-04 04:45:14.853 W/ActivityManager( 1145): Unbind failed: could not find connection for android.os.BinderProxy@b084cbc
04-04 04:45:14.862 W/ActivityManager( 1145): Unable to start service Intent { act=com.uodis.opendevice.OPENIDS_SERVICE pkg=com.huawei.hwid } U=0: not found
04-04 04:45:14.862 W/ActivityManager( 1145): Unbind failed: could not find connection for android.os.BinderProxy@f522445
04-04 04:45:14.863 W/ActivityManager( 1145): Unable to start service Intent { act=com.uodis.opendevice.OPENIDS_SERVICE pkg=com.huawei.hwid } U=0: not found
04-04 04:45:14.863 W/ActivityManager( 1145): Unbind failed: could not find connection for android.os.BinderProxy@f64a79a
04-04 04:45:14.864 W/ActivityManager( 1145): Unable to start service Intent { act=com.uodis.opendevice.OPENIDS_SERVICE pkg=com.huawei.hwid } U=0: not found
04-04 04:45:14.864 W/ActivityManager( 1145): Unbind failed: could not find connection for android.os.BinderProxy@40878cb
04-04 04:45:14.873 W/ActivityManager( 1145): Unable to start service Intent { act=com.uodis.opendevice.OPENIDS_SERVICE pkg=com.huawei.hwid } U=0: not found
04-04 04:45:14.873 W/ActivityManager( 1145): Unbind failed: could not find connection for android.os.BinderProxy@6537754
04-04 04:45:14.874 W/ActivityManager( 1145): Unable to start service Intent { act=com.uodis.opendevice.OPENIDS_SERVICE pkg=com.huawei.hwid } U=0: not found
04-04 04:45:14.874 W/ActivityManager( 1145): Unbind failed: could not find connection for android.os.BinderProxy@edd96fd
04-04 04:45:14.877 W/ActivityManager( 1145): Unable to start service Intent { act=com.uodis.opendevice.OPENIDS_SERVICE pkg=com.huawei.hwid } U=0: not found
04-04 04:45:14.877 W/ActivityManager( 1145): Unbind failed: could not find connection for android.os.BinderProxy@d088ff2
04-04 04:45:14.901 W/ActivityManager( 1145): Unable to start service Intent { act=com.uodis.opendevice.OPENIDS_SERVICE pkg=com.huawei.hwid } U=0: not found
04-04 04:45:14.901 W/ActivityManager( 1145): Unbind failed: could not find connection for android.os.BinderProxy@fad3643
04-04 04:45:14.902 W/ActivityManager( 1145): Unable to start service Intent { act=com.uodis.opendevice.OPENIDS_SERVICE pkg=com.huawei.hwid } U=0: not found
04-04 04:45:14.902 W/ActivityManager( 1145): Unbind failed: could not find connection for android.os.BinderProxy@e1ab4c0
04-04 04:45:14.903 W/ActivityManager( 1145): Unable to start service Intent { act=com.uodis.opendevice.OPENIDS_SERVICE pkg=com.huawei.hwid } U=0: not found
04-04 04:45:14.903 W/ActivityManager( 1145): Unbind failed: could not find connection for android.os.BinderProxy@f1a5f9
04-04 04:45:14.909 D/StartingSurfaceDrawer( 1986): Task start finish, remove starting surface for task 27
04-04 04:45:14.909 V/StartingSurfaceDrawer( 1986): Removing splash screen window for task: 27
04-04 04:45:14.917 W/ActivityManager( 1145): Unable to start service Intent { act=com.uodis.opendevice.OPENIDS_SERVICE pkg=com.huawei.hwid } U=0: not found
04-04 04:45:14.918 W/ActivityManager( 1145): Unbind failed: could not find connection for android.os.BinderProxy@e62f39f
04-04 04:45:14.919 W/ActivityManager( 1145): Unable to start service Intent { act=com.uodis.opendevice.OPENIDS_SERVICE pkg=com.huawei.hwid } U=0: not found
04-04 04:45:14.920 W/ActivityManager( 1145): Unbind failed: could not find connection for android.os.BinderProxy@2565cec
04-04 04:45:14.921 W/ActivityManager( 1145): Unable to start service Intent { act=com.uodis.opendevice.OPENIDS_SERVICE pkg=com.huawei.hwid } U=0: not found
04-04 04:45:14.922 W/ActivityManager( 1145): Unbind failed: could not find connection for android.os.BinderProxy@99da8b5
04-04 04:45:14.939 W/ActivityManager( 1145): Unable to start service Intent { act=com.uodis.opendevice.OPENIDS_SERVICE pkg=com.huawei.hwid } U=0: not found
04-04 04:45:14.941 W/ActivityManager( 1145): Unbind failed: could not find connection for android.os.BinderProxy@acd1b31
04-04 04:45:14.950 D/CompatibilityChangeReporter( 1145): Compat change id reported: 135634846; UID 10029; state: DISABLED
04-04 04:45:14.950 D/CompatibilityChangeReporter( 1145): Compat change id reported: 177438394; UID 10029; state: DISABLED
04-04 04:45:14.950 D/CompatibilityChangeReporter( 1145): Compat change id reported: 135772972; UID 10029; state: DISABLED
04-04 04:45:14.950 D/CompatibilityChangeReporter( 1145): Compat change id reported: 135754954; UID 10029; state: ENABLED
04-04 04:45:14.952 D/CompatibilityChangeReporter( 1145): Compat change id reported: 143937733; UID 10029; state: ENABLED
04-04 04:45:14.961 W/ActivityManager( 1145): Unable to start service Intent { act=com.uodis.opendevice.OPENIDS_SERVICE pkg=com.huawei.hwid } U=0: not found
04-04 04:45:14.962 W/ActivityManager( 1145): Unbind failed: could not find connection for android.os.BinderProxy@8f83633
04-04 04:45:14.963 W/ActivityManager( 1145): Unable to start service Intent { act=com.uodis.opendevice.OPENIDS_SERVICE pkg=com.huawei.hwid } U=0: not found
04-04 04:45:14.970 W/ActivityManager( 1145): Unbind failed: could not find connection for android.os.BinderProxy@a4cdf0
04-04 04:45:15.008 W/ActivityManager( 1145): Slow operation: 59ms so far, now at startProcess: returned from zygote!
04-04 04:45:15.008 W/ActivityManager( 1145): Slow operation: 59ms so far, now at startProcess: done updating battery stats
04-04 04:45:15.009 W/ActivityManager( 1145): Slow operation: 59ms so far, now at startProcess: building log message
04-04 04:45:15.009 I/ActivityManager( 1145): Start proc 4891:com.microsoft.emmx:privileged_process0/u0a29 for service {com.microsoft.emmx/org.chromium.content.app.PrivilegedProcessService0}
04-04 04:45:15.009 W/ActivityManager( 1145): Slow operation: 59ms so far, now at startProcess: starting to update pids map
04-04 04:45:15.009 W/ActivityManager( 1145): Slow operation: 59ms so far, now at startProcess: done updating pids map
04-04 04:45:15.071 D/AutofillUI( 1145): destroySaveUiUiThread(): already destroyed
04-04 04:45:15.071 D/AutofillManagerServiceImpl( 1145): Reset component for user 0:
01-01 08:16:14.372 I/binder ( 0): 4891:4891 ioctl 40046210 7fd3d8b3a4 returned -22
04-04 04:45:15.160 D/CompatibilityChangeReporter( 1145): Compat change id reported: 135634846; UID 10029; state: DISABLED
04-04 04:45:15.160 D/CompatibilityChangeReporter( 1145): Compat change id reported: 177438394; UID 10029; state: DISABLED
04-04 04:45:15.160 D/CompatibilityChangeReporter( 1145): Compat change id reported: 135772972; UID 10029; state: DISABLED
04-04 04:45:15.160 D/CompatibilityChangeReporter( 1145): Compat change id reported: 135754954; UID 10029; state: ENABLED
04-04 04:45:15.160 D/CompatibilityChangeReporter( 1145): Compat change id reported: 143937733; UID 10029; state: ENABLED
01-01 08:16:14.493 D/BUG ( 0): MAX_LOCKDEP_CHAINS too low!
01-01 08:16:14.498 D/ ( 0): turning off the locking correctness validator.
01-01 08:16:14.503 D/ ( 0): Please attach the output of /proc/lock_stat to the bug report
01-01 08:16:14.510 I/ ( 0): CPU: 4 PID: 1290 Comm: ActivityManager Tainted: G S W O 4.19.157+ #1
01-01 08:16:14.519 I/Hardware name( 0): Qualcomm Technologies, Inc. kona MTP-RmPM8150b. VX1(MCE) EVT1 (DT)
01-01 08:16:14.527 I/Call trace( 0):
01-01 08:16:14.530 I/ ( 0): dump_backtrace+0x0/0x258
01-01 08:16:14.534 I/ ( 0): show_stack+0x20/0x30
01-01 08:16:14.537 I/ ( 0): dump_stack+0xd8/0x12c
01-01 08:16:14.541 I/ ( 0): __lock_acquire+0x1df8/0x1e58
01-01 08:16:14.545 I/ ( 0): lock_acquire+0x1cc/0x218
01-01 08:16:14.549 I/ ( 0): _raw_spin_lock_irqsave+0x54/0x98
01-01 08:16:14.553 I/ ( 0): get_page_from_freelist+0x390/0x1888
01-01 08:16:14.558 I/ ( 0): __alloc_pages_nodemask+0x208/0x13d0
01-01 08:16:14.563 I/ ( 0): new_slab+0xd4/0x628
01-01 08:16:14.566 I/ ( 0): ___slab_alloc+0x540/0x6f8
01-01 08:16:14.570 I/ ( 0): kmem_cache_alloc_trace+0x3dc/0x488
01-01 08:16:14.574 I/ ( 0): kernfs_iattrs+0x48/0xc0
01-01 08:16:14.578 I/ ( 0): kernfs_setattr+0x38/0xd0
01-01 08:16:14.582 I/ ( 0): cgroup_addrm_files+0x37c/0x488
01-01 08:16:14.586 I/ ( 0): css_populate_dir+0xa8/0x130
01-01 08:16:14.590 I/ ( 0): cgroup_mkdir+0x4c4/0x6a8
01-01 08:16:14.594 I/ ( 0): kernfs_iop_mkdir+0xc8/0x158
01-01 08:16:14.598 I/ ( 0): vfs_mkdir2+0xfc/0x180
01-01 08:16:14.602 I/ ( 0): do_mkdirat+0xb0/0x160
01-01 08:16:14.605 I/ ( 0): __arm64_sys_mkdirat+0x24/0x30
01-01 08:16:14.609 I/ ( 0): el0_svc_common+0xa4/0x190
01-01 08:16:14.613 I/ ( 0): el0_svc_handler+0x6c/0x88
01-01 08:16:14.617 I/ ( 0): el0_svc+0x8/0xc
04-04 04:45:15.338 W/ActivityManager( 1145): Slow operation: 179ms so far, now at startProcess: returned from zygote!
04-04 04:45:15.339 W/ActivityManager( 1145): Slow operation: 179ms so far, now at startProcess: done updating battery stats
04-04 04:45:15.339 W/ActivityManager( 1145): Slow operation: 179ms so far, now at startProcess: building log message
04-04 04:45:15.339 I/ActivityManager( 1145): Start proc 4921:com.microsoft.emmx:sandboxed_process0:org.chromium.content.app.SandboxedProcessService0:1/u0ai1 for {com.microsoft.emmx/org.chromium.content.app.SandboxedProcessService0:1}
04-04 04:45:15.339 W/ActivityManager( 1145): Slow operation: 179ms so far, now at startProcess: starting to update pids map
04-04 04:45:15.339 W/ActivityManager( 1145): Slow operation: 180ms so far, now at startProcess: done updating pids map
01-01 08:16:14.642 I/binder ( 0): 4921:4921 ioctl 40046210 7fd3d8a614 returned -22
01-01 08:16:14.751 I/binder ( 0): 4891:4924 ioctl 40046210 75895beea4 returned -22
04-04 04:45:15.525 I/ActivityManager( 1145): Killing 4785:com.microsoft.emmx:sandboxed_process0:org.chromium.content.app.SandboxedProcessService0:0/u0a29i-9000 (adj 0): isolated not needed
01-01 08:16:14.919 I/binder ( 0): undelivered transaction 110489, process died.
01-01 08:16:14.925 I/binder ( 0): undelivered transaction 110491, process died.
01-01 08:16:14.934 I/binder ( 0): undelivered transaction 110492, process died.
04-04 04:45:15.675 E/KernelCpuSpeedReader( 1145): Failed to read cpu-freq: /sys/devices/system/cpu/cpu4/cpufreq/stats/time_in_state: open failed: ENOENT (No such file or directory)
04-04 04:45:15.675 E/KernelCpuSpeedReader( 1145): Failed to read cpu-freq: /sys/devices/system/cpu/cpu0/cpufreq/stats/time_in_state: open failed: ENOENT (No such file or directory)
04-04 04:45:15.676 D/KernelCpuUidUserSysTimeReader( 1145): Removing uids 1037-1037
04-04 04:45:15.676 D/KernelCpuUidUserSysTimeReader( 1145): Removing uids 1037-1037
04-04 04:45:15.678 D/PackageManager( 1145): Instant App installer not found with android.intent.action.INSTALL_INSTANT_APP_PACKAGE
04-04 04:45:15.678 D/PackageManager( 1145): Clear ephemeral installer activity
04-04 04:45:15.681 D/PackageManager( 1145): Instant App installer not found with android.intent.action.INSTALL_INSTANT_APP_PACKAGE
04-04 04:45:15.681 D/PackageManager( 1145): Clear ephemeral installer activity
04-04 04:45:15.698 D/PackageManager( 1145): Instant App installer not found with android.intent.action.INSTALL_INSTANT_APP_PACKAGE
04-04 04:45:15.698 D/PackageManager( 1145): Clear ephemeral installer activity
04-04 04:45:15.698 D/PackageManager( 1145): Instant App installer not found with android.intent.action.INSTALL_INSTANT_APP_PACKAGE
04-04 04:45:15.698 D/PackageManager( 1145): Clear ephemeral installer activity
04-04 04:45:16.684 D/CompanionDeviceManagerService( 1145): onPackageModified(packageName = com.microsoft.emmx)
04-04 04:45:16.688 I/Telecom ( 1145): DefaultDialerCache: Refreshing default dialer for user 0: now null: DDC.oR@ABg
04-04 04:45:16.702 W/VoiceInteractionManager( 1145): no available voice recognition services found for user 0
04-04 04:45:16.764 I/ActivityManager( 1145): Killing 4921:com.microsoft.emmx:sandboxed_process0:org.chromium.content.app.SandboxedProcessService0:1/u0a29i-8999 (adj 0): isolated not needed
04-04 04:45:16.794 I/ActivityTaskManager( 1145): FOREGROUND_APPLICATION_CHANGED to com.microsoft.edge.fre.MicrosoftFirstRunActivity
04-04 04:45:16.836 W/ActivityManager( 1145): Unable to start service Intent { act=com.uodis.opendevice.OPENIDS_SERVICE pkg=com.huawei.hwid } U=0: not found
04-04 04:45:16.836 W/ActivityManager( 1145): Unbind failed: could not find connection for android.os.BinderProxy@2b7a558
04-04 04:45:16.837 W/ActivityManager( 1145): Unable to start service Intent { act=com.uodis.opendevice.OPENIDS_SERVICE pkg=com.huawei.hwid } U=0: not found
04-04 04:45:16.837 W/ActivityManager( 1145): Unbind failed: could not find connection for android.os.BinderProxy@6a266b1
04-04 04:45:16.837 W/ActivityManager( 1145): Unable to start service Intent { act=com.uodis.opendevice.OPENIDS_SERVICE pkg=com.huawei.hwid } U=0: not found
04-04 04:45:16.838 W/ActivityManager( 1145): Unbind failed: could not find connection for android.os.BinderProxy@c55d796
04-04 04:45:16.844 W/ActivityManager( 1145): Unable to start service Intent { act=com.uodis.opendevice.OPENIDS_SERVICE pkg=com.huawei.hwid } U=0: not found
04-04 04:45:16.844 W/ActivityManager( 1145): Unbind failed: could not find connection for android.os.BinderProxy@c40af17
04-04 04:45:16.845 W/ActivityManager( 1145): Unable to start service Intent { act=com.uodis.opendevice.OPENIDS_SERVICE pkg=com.huawei.hwid } U=0: not found
04-04 04:45:16.845 W/ActivityManager( 1145): Unbind failed: could not find connection for android.os.BinderProxy@f8fd722
04-04 04:45:16.845 I/DropBoxManagerService( 1145): add tag=system_server_strictmode isTagEnabled=true flags=0x2
04-04 04:45:16.846 W/ActivityManager( 1145): Unable to start service Intent { act=com.uodis.opendevice.OPENIDS_SERVICE pkg=com.huawei.hwid } U=0: not found
04-04 04:45:16.846 W/ActivityManager( 1145): Unbind failed: could not find connection for android.os.BinderProxy@a1725b3
04-04 04:45:16.853 W/ActivityManager( 1145): Unable to start service Intent { act=com.uodis.opendevice.OPENIDS_SERVICE pkg=com.huawei.hwid } U=0: not found
04-04 04:45:16.853 W/ActivityManager( 1145): Unbind failed: could not find connection for android.os.BinderProxy@f469ca5
04-04 04:45:16.854 W/ActivityManager( 1145): Unable to start service Intent { act=com.uodis.opendevice.OPENIDS_SERVICE pkg=com.huawei.hwid } U=0: not found
04-04 04:45:16.854 W/ActivityManager( 1145): Unbind failed: could not find connection for android.os.BinderProxy@169287a
04-04 04:45:16.854 W/ActivityManager( 1145): Unable to start service Intent { act=com.uodis.opendevice.OPENIDS_SERVICE pkg=com.huawei.hwid } U=0: not found
04-04 04:45:16.854 W/ActivityManager( 1145): Unbind failed: could not find connection for android.os.BinderProxy@c77982b
04-04 04:45:16.908 W/FreeFormWindowHelper( 1145): Current Display FreeFormTask is null
01-01 08:16:16.210 I/binder ( 0): undelivered transaction 112200, process died.
01-01 08:16:16.217 I/binder ( 0): undelivered transaction 112202, process died.
01-01 08:16:16.224 I/binder ( 0): undelivered transaction 112203, process died.
04-04 04:45:16.958 E/KernelCpuSpeedReader( 1145): Failed to read cpu-freq: /sys/devices/system/cpu/cpu4/cpufreq/stats/time_in_state: open failed: ENOENT (No such file or directory)
04-04 04:45:16.958 E/KernelCpuSpeedReader( 1145): Failed to read cpu-freq: /sys/devices/system/cpu/cpu0/cpufreq/stats/time_in_state: open failed: ENOENT (No such file or directory)
04-04 04:45:17.254 D/CompatibilityChangeReporter( 1145): Compat change id reported: 135634846; UID 10029; state: DISABLED
04-04 04:45:17.254 D/CompatibilityChangeReporter( 1145): Compat change id reported: 177438394; UID 10029; state: DISABLED
04-04 04:45:17.254 D/CompatibilityChangeReporter( 1145): Compat change id reported: 135772972; UID 10029; state: DISABLED
04-04 04:45:17.254 D/CompatibilityChangeReporter( 1145): Compat change id reported: 135754954; UID 10029; state: ENABLED
04-04 04:45:17.254 D/CompatibilityChangeReporter( 1145): Compat change id reported: 143937733; UID 10029; state: ENABLED
04-04 04:45:17.289 I/ActivityManager( 1145): Start proc 4978:com.microsoft.emmx:sandboxed_process0:org.chromium.content.app.SandboxedProcessService0:2/u0ai2 for {com.microsoft.emmx/org.chromium.content.app.SandboxedProcessService0:2}
01-01 08:16:16.594 I/binder ( 0): 4978:4978 ioctl 40046210 7fd3d8a614 returned -22
04-04 04:45:17.428 W/ActivityTaskManager( 1145): Can't find TaskDisplayArea to determine support for multi window. Task id=27 attached=false
04-04 04:45:17.429 W/ActivityTaskManager( 1145): Can't find TaskDisplayArea to determine support for multi window. Task id=27 attached=false
04-04 04:45:18.577 W/ActivityManager( 1145): Unable to start service Intent { act=com.uodis.opendevice.OPENIDS_SERVICE pkg=com.huawei.hwid } U=0: not found
04-04 04:45:18.578 W/ActivityManager( 1145): Unbind failed: could not find connection for android.os.BinderProxy@4b74f39
04-04 04:45:18.578 W/ActivityManager( 1145): Unable to start service Intent { act=com.uodis.opendevice.OPENIDS_SERVICE pkg=com.huawei.hwid } U=0: not found
04-04 04:45:18.579 W/ActivityManager( 1145): Unbind failed: could not find connection for android.os.BinderProxy@b46497e
04-04 04:45:18.580 W/ActivityManager( 1145): Unable to start service Intent { act=com.uodis.opendevice.OPENIDS_SERVICE pkg=com.huawei.hwid } U=0: not found
04-04 04:45:18.580 W/ActivityManager( 1145): Unbind failed: could not find connection for android.os.BinderProxy@cc5dedf
04-04 04:45:18.593 W/ActivityManager( 1145): Unable to start service Intent { act=com.uodis.opendevice.OPENIDS_SERVICE pkg=com.huawei.hwid } U=0: not found
04-04 04:45:18.594 W/ActivityManager( 1145): Unbind failed: could not find connection for android.os.BinderProxy@9a2072c
04-04 04:45:18.594 W/ActivityManager( 1145): Unable to start service Intent { act=com.uodis.opendevice.OPENIDS_SERVICE pkg=com.huawei.hwid } U=0: not found
04-04 04:45:18.595 W/ActivityManager( 1145): Unbind failed: could not find connection for android.os.BinderProxy@34a5f5
