04-04 04:29:56.683 D/ActivityManagerTiming( 1145): OnBootPhase_1000_com.android.server.pm.DataLoaderManagerService took to complete: 0ms
01-01 08:00:55.957 E/ueventd ( 0): firmware: attempted /odm/firmware/qca6390/regdb.bin, open failed: No such file or directory
04-04 04:29:56.683 I/ActivityManagerTiming( 1145): OnBootPhase_1000_com.android.server.power.PowerManagerService
04-04 04:29:56.683 D/ActivityManagerTiming( 1145): OnBootPhase_1000_com.android.server.power.PowerManagerService took to complete: 1ms
04-04 04:29:56.683 I/ActivityManagerTiming( 1145): OnBootPhase_1000_com.android.server.power.ThermalManagerService
04-04 04:29:56.683 D/ActivityManagerTiming( 1145): OnBootPhase_1000_com.android.server.power.ThermalManagerService took to complete: 0ms
04-04 04:29:56.684 I/ActivityManagerTiming( 1145): OnBootPhase_1000_com.android.server.power.hint.HintManagerService
04-04 04:29:56.684 D/ActivityManagerTiming( 1145): OnBootPhase_1000_com.android.server.power.hint.HintManagerService took to complete: 0ms
04-04 04:29:56.684 I/ActivityManagerTiming( 1145): OnBootPhase_1000_com.android.server.recoverysystem.RecoverySystemService$Lifecycle
04-04 04:29:56.684 D/ActivityManagerTiming( 1145): OnBootPhase_1000_com.android.server.recoverysystem.RecoverySystemService$Lifecycle took to complete: 0ms
04-04 04:29:56.684 I/ActivityManagerTiming( 1145): OnBootPhase_1000_com.android.server.lights.LightsService
04-04 04:29:56.684 D/ActivityManagerTiming( 1145): OnBootPhase_1000_com.android.server.lights.LightsService took to complete: 0ms
04-04 04:29:56.684 I/ActivityManagerTiming( 1145): OnBootPhase_1000_com.android.server.display.DisplayManagerService
04-04 04:29:56.685 D/ActivityManagerTiming( 1145): OnBootPhase_1000_com.android.server.display.DisplayManagerService took to complete: 1ms
04-04 04:29:56.685 I/ActivityManagerTiming( 1145): OnBootPhase_1000_com.android.server.pm.verify.domain.DomainVerificationService
04-04 04:29:56.685 D/ActivityManagerTiming( 1145): OnBootPhase_1000_com.android.server.pm.verify.domain.DomainVerificationService took to complete: 0ms
04-04 04:29:56.685 I/ActivityManagerTiming( 1145): OnBootPhase_1000_com.android.server.pm.PackageInstallerService$Lifecycle
04-04 04:29:56.685 D/ActivityManagerTiming( 1145): OnBootPhase_1000_com.android.server.pm.PackageInstallerService$Lifecycle took to complete: 0ms
04-04 04:29:56.685 I/ActivityManagerTiming( 1145): OnBootPhase_1000_com.android.server.pm.UserManagerService$LifeCycle
04-04 04:29:56.685 D/ActivityManagerTiming( 1145): OnBootPhase_1000_com.android.server.pm.UserManagerService$LifeCycle took to complete: 0ms
04-04 04:29:56.685 I/ActivityManagerTiming( 1145): OnBootPhase_1000_com.android.server.om.OverlayManagerService
04-04 04:29:56.685 D/ActivityManagerTiming( 1145): OnBootPhase_1000_com.android.server.om.OverlayManagerService took to complete: 0ms
04-04 04:29:56.686 I/ActivityManagerTiming( 1145): OnBootPhase_1000_com.android.server.SensorPrivacyService
04-04 04:29:56.686 D/ActivityManagerTiming( 1145): OnBootPhase_1000_com.android.server.SensorPrivacyService took to complete: 0ms
04-04 04:29:56.686 I/ActivityManagerTiming( 1145): OnBootPhase_1000_com.android.server.thunderperf.ThunderBoostPerfService
04-04 04:29:56.686 D/ActivityManagerTiming( 1145): OnBootPhase_1000_com.android.server.thunderperf.ThunderBoostPerfService took to complete: 0ms
04-04 04:29:56.686 I/ActivityManagerTiming( 1145): OnBootPhase_1000_com.android.server.sensors.SensorService
04-04 04:29:56.686 D/ActivityManagerTiming( 1145): OnBootPhase_1000_com.android.server.sensors.SensorService took to complete: 0ms
04-04 04:29:56.686 I/ActivityManagerTiming( 1145): OnBootPhase_1000_com.android.server.SystemConfigService
04-04 04:29:56.686 D/ActivityManagerTiming( 1145): OnBootPhase_1000_com.android.server.SystemConfigService took to complete: 0ms
04-04 04:29:56.686 I/ActivityManagerTiming( 1145): OnBootPhase_1000_com.android.server.BatteryService
04-04 04:29:56.686 D/ActivityManagerTiming( 1145): OnBootPhase_1000_com.android.server.BatteryService took to complete: 0ms
04-04 04:29:56.686 I/ActivityManagerTiming( 1145): OnBootPhase_1000_com.android.server.usage.UsageStatsService
04-04 04:29:56.687 D/ActivityManagerTiming( 1145): OnBootPhase_1000_com.android.server.usage.UsageStatsService took to complete: 0ms
04-04 04:29:56.687 I/ActivityManagerTiming( 1145): OnBootPhase_1000_com.android.server.webkit.WebViewUpdateService
04-04 04:29:56.687 D/ActivityManagerTiming( 1145): OnBootPhase_1000_com.android.server.webkit.WebViewUpdateService took to complete: 0ms
04-04 04:29:56.687 I/ActivityManagerTiming( 1145): OnBootPhase_1000_com.android.server.CachedDeviceStateService
04-04 04:29:56.687 D/ActivityManagerTiming( 1145): OnBootPhase_1000_com.android.server.CachedDeviceStateService took to complete: 0ms
04-04 04:29:56.687 I/ActivityManagerTiming( 1145): OnBootPhase_1000_com.android.server.BinderCallsStatsService$LifeCycle
04-04 04:29:56.687 D/ActivityManagerTiming( 1145): OnBootPhase_1000_com.android.server.BinderCallsStatsService$LifeCycle took to complete: 0ms
04-04 04:29:56.687 I/ActivityManagerTiming( 1145): OnBootPhase_1000_com.android.server.LooperStatsService$Lifecycle
04-04 04:29:56.687 D/ActivityManagerTiming( 1145): OnBootPhase_1000_com.android.server.LooperStatsService$Lifecycle took to complete: 0ms
04-04 04:29:56.687 I/ActivityManagerTiming( 1145): OnBootPhase_1000_com.android.server.rollback.RollbackManagerService
04-04 04:29:56.687 D/ActivityManagerTiming( 1145): OnBootPhase_1000_com.android.server.rollback.RollbackManagerService took to complete: 0ms
04-04 04:29:56.687 I/ActivityManagerTiming( 1145): OnBootPhase_1000_com.android.server.os.NativeTombstoneManagerService
04-04 04:29:56.687 D/ActivityManagerTiming( 1145): OnBootPhase_1000_com.android.server.os.NativeTombstoneManagerService took to complete: 0ms
04-04 04:29:56.687 I/ActivityManagerTiming( 1145): OnBootPhase_1000_com.android.server.os.BugreportManagerService
04-04 04:29:56.687 D/ActivityManagerTiming( 1145): OnBootPhase_1000_com.android.server.os.BugreportManagerService took to complete: 0ms
04-04 04:29:56.687 I/ActivityManagerTiming( 1145): OnBootPhase_1000_com.android.server.gpu.GpuService
04-04 04:29:56.688 V/DisplayPowerController[0]( 1145): Brightness [1.0] reason changing to: 'manual', previous reason: 'override'.
04-04 04:29:56.688 D/RollbackManager( 1145): mRollbackLifetimeDurationInMillis=1209600000
04-04 04:29:56.688 D/AppStandbyController( 1145): Loading headless system app cache. appIdleEnabled=false
04-04 04:29:56.693 D/ActivityManagerTiming( 1145): OnBootPhase_1000_com.android.server.gpu.GpuService took to complete: 5ms
04-04 04:29:56.693 I/ActivityManagerTiming( 1145): OnBootPhase_1000_com.android.server.security.KeyChainSystemService
04-04 04:29:56.693 D/ActivityManagerTiming( 1145): OnBootPhase_1000_com.android.server.security.KeyChainSystemService took to complete: 0ms
04-04 04:29:56.693 I/ActivityManagerTiming( 1145): OnBootPhase_1000_com.android.server.telecom.TelecomLoaderService
04-04 04:29:56.693 D/ActivityManagerTiming( 1145): OnBootPhase_1000_com.android.server.telecom.TelecomLoaderService took to complete: 0ms
04-04 04:29:56.693 I/ActivityManagerTiming( 1145): OnBootPhase_1000_com.android.server.accounts.AccountManagerService$Lifecycle
04-04 04:29:56.693 D/ActivityManagerTiming( 1145): OnBootPhase_1000_com.android.server.accounts.AccountManagerService$Lifecycle took to complete: 0ms
04-04 04:29:56.693 I/ActivityManagerTiming( 1145): OnBootPhase_1000_com.android.server.content.ContentService$Lifecycle
04-04 04:29:56.693 D/ActivityManagerTiming( 1145): OnBootPhase_1000_com.android.server.content.ContentService$Lifecycle took to complete: 0ms
04-04 04:29:56.693 I/ActivityManagerTiming( 1145): OnBootPhase_1000_com.android.server.DropBoxManagerService
04-04 04:29:56.693 D/ActivityManagerTiming( 1145): OnBootPhase_1000_com.android.server.DropBoxManagerService took to complete: 0ms
04-04 04:29:56.693 I/ActivityManagerTiming( 1145): OnBootPhase_1000_com.android.role.RoleService
04-04 04:29:56.693 D/ActivityManagerTiming( 1145): OnBootPhase_1000_com.android.role.RoleService took to complete: 0ms
04-04 04:29:56.693 I/ActivityManagerTiming( 1145): OnBootPhase_1000_com.android.server.vibrator.VibratorManagerService$Lifecycle
04-04 04:29:56.693 D/ActivityManagerTiming( 1145): OnBootPhase_1000_com.android.server.vibrator.VibratorManagerService$Lifecycle took to complete: 0ms
04-04 04:29:56.693 I/ActivityManagerTiming( 1145): OnBootPhase_1000_com.android.server.alarm.AlarmManagerService
04-04 04:29:56.694 D/ActivityManagerTiming( 1145): OnBootPhase_1000_com.android.server.alarm.AlarmManagerService took to complete: 0ms
04-04 04:29:56.694 I/ActivityManagerTiming( 1145): OnBootPhase_1000_com.android.server.devicestate.DeviceStateManagerService
04-04 04:29:56.694 D/ActivityManagerTiming( 1145): OnBootPhase_1000_com.android.server.devicestate.DeviceStateManagerService took to complete: 0ms
04-04 04:29:56.694 I/ActivityManagerTiming( 1145): OnBootPhase_1000_com.android.server.camera.CameraServiceProxy
04-04 04:29:56.695 D/ActivityManagerTiming( 1145): OnBootPhase_1000_com.android.server.camera.CameraServiceProxy took to complete: 1ms
04-04 04:29:56.695 I/ActivityManagerTiming( 1145): OnBootPhase_1000_com.android.server.BluetoothService
04-04 04:29:56.695 D/ActivityManagerTiming( 1145): OnBootPhase_1000_com.android.server.BluetoothService took to complete: 0ms
04-04 04:29:56.695 I/ActivityManagerTiming( 1145): OnBootPhase_1000_com.android.server.connectivity.IpConnectivityMetrics
04-04 04:29:56.695 D/ActivityManagerTiming( 1145): OnBootPhase_1000_com.android.server.connectivity.IpConnectivityMetrics took to complete: 0ms
04-04 04:29:56.695 I/ActivityManagerTiming( 1145): OnBootPhase_1000_com.android.server.net.watchlist.NetworkWatchlistService$Lifecycle
04-04 04:29:56.695 D/ActivityManagerTiming( 1145): OnBootPhase_1000_com.android.server.net.watchlist.NetworkWatchlistService$Lifecycle took to complete: 0ms
04-04 04:29:56.695 I/ActivityManagerTiming( 1145): OnBootPhase_1000_com.android.server.PinnerService
04-04 04:29:56.695 D/ActivityManagerTiming( 1145): OnBootPhase_1000_com.android.server.PinnerService took to complete: 0ms
04-04 04:29:56.695 I/ActivityManagerTiming( 1145): OnBootPhase_1000_com.google.android.startop.iorap.IorapForwardingService
04-04 04:29:56.695 D/ActivityManagerTiming( 1145): OnBootPhase_1000_com.google.android.startop.iorap.IorapForwardingService took to complete: 0ms
04-04 04:29:56.695 I/ActivityManagerTiming( 1145): OnBootPhase_1000_com.android.server.ActivityTriggerService
04-04 04:29:56.695 D/ActivityManagerTiming( 1145): OnBootPhase_1000_com.android.server.ActivityTriggerService took to complete: 0ms
04-04 04:29:56.695 I/ActivityManagerTiming( 1145): OnBootPhase_1000_com.android.server.integrity.AppIntegrityManagerService
04-04 04:29:56.695 D/ActivityManagerTiming( 1145): OnBootPhase_1000_com.android.server.integrity.AppIntegrityManagerService took to complete: 0ms
04-04 04:29:56.695 I/ActivityManagerTiming( 1145): OnBootPhase_1000_com.android.server.inputmethod.InputMethodManagerService$Lifecycle
04-04 04:29:56.695 D/ActivityManagerTiming( 1145): OnBootPhase_1000_com.android.server.inputmethod.InputMethodManagerService$Lifecycle took to complete: 0ms
04-04 04:29:56.695 I/ActivityManagerTiming( 1145): OnBootPhase_1000_com.android.server.accessibility.AccessibilityManagerService$Lifecycle
04-04 04:29:56.696 D/ActivityManagerTiming( 1145): OnBootPhase_1000_com.android.server.accessibility.AccessibilityManagerService$Lifecycle took to complete: 0ms
04-04 04:29:56.696 I/ActivityManagerTiming( 1145): OnBootPhase_1000_com.android.server.StorageManagerService$Lifecycle
04-04 04:29:56.696 D/ActivityManagerTiming( 1145): OnBootPhase_1000_com.android.server.StorageManagerService$Lifecycle took to complete: 0ms
04-04 04:29:56.696 I/ActivityManagerTiming( 1145): OnBootPhase_1000_com.android.server.usage.StorageStatsService$Lifecycle
04-04 04:29:56.696 D/StorageManagerService( 1145): Thinking about init, mBootCompleted=true, mDaemonConnected=true
04-04 04:29:56.696 D/StorageManagerService( 1145): Thinking about reset, mBootCompleted=true, mDaemonConnected=true
04-04 04:29:56.696 I/StorageSessionController( 1145): Started resetting external storage service...
04-04 04:29:56.696 I/StorageSessionController( 1145): Finished resetting external storage service
04-04 04:29:56.696 I/StorageManagerService( 1145): Resetting vold...
01-01 08:00:55.970 E/ueventd ( 0): firmware: attempted /vendor/firmware/qca6390/regdb.bin, open failed: No such file or directory
04-04 04:29:56.697 I/StorageManagerService( 1145): Reset vold
04-04 04:29:56.697 I/vold ( 560): onUserAdded: 0
04-04 04:29:56.698 D/ActivityManagerTiming( 1145): OnBootPhase_1000_com.android.server.usage.StorageStatsService$Lifecycle took to complete: 0ms
04-04 04:29:56.698 I/ActivityManagerTiming( 1145): OnBootPhase_1000_com.android.server.UiModeManagerService
04-04 04:29:56.698 D/ActivityManagerTiming( 1145): OnBootPhase_1000_com.android.server.UiModeManagerService took to complete: 0ms
04-04 04:29:56.698 I/ActivityManagerTiming( 1145): OnBootPhase_1000_com.android.server.locksettings.LockSettingsService$Lifecycle
04-04 04:29:56.698 D/ActivityManagerTiming( 1145): OnBootPhase_1000_com.android.server.locksettings.LockSettingsService$Lifecycle took to complete: 0ms
04-04 04:29:56.698 I/ActivityManagerTiming( 1145): OnBootPhase_1000_com.android.server.PersistentDataBlockService
04-04 04:29:56.698 D/ActivityManagerTiming( 1145): OnBootPhase_1000_com.android.server.PersistentDataBlockService took to complete: 0ms
04-04 04:29:56.698 I/ActivityManagerTiming( 1145): OnBootPhase_1000_com.android.server.testharness.TestHarnessModeService
04-04 04:29:56.698 D/TestHarnessModeService( 1145): Completing Test Harness Mode setup.
04-04 04:29:56.720 D/Fingerprint21( 1145): Daemon was null, reconnecting, current operation: null
01-01 08:00:55.982 E/ueventd ( 0): firmware: attempted /firmware/image/qca6390/regdb.bin, open failed: No such file or directory
01-01 08:00:55.997 E/ueventd ( 0): firmware: attempted /vendor/firmware_mnt/image/qca6390/regdb.bin, open failed: No such file or directory
01-01 08:00:56.011 I/ueventd ( 0): loading /devices/platform/soc/b0000000.qcom,cnss-qca6390/firmware/qca6390!regdb.bin took 79ms
01-01 08:00:56.012 E/cnss ( 0): Failed to load BDF: qca6390/regdb.bin
04-04 04:29:56.729 D/Fingerprint21( 1145): Fingerprint HAL ready, HAL ID: 5326416
04-04 04:29:56.730 D/ActivityManagerTiming( 1145): OnBootPhase_1000_com.android.server.testharness.TestHarnessModeService took to complete: 31ms
04-04 04:29:56.730 I/ActivityManagerTiming( 1145): OnBootPhase_1000_com.android.server.oemlock.OemLockService
04-04 04:29:56.730 D/ActivityManagerTiming( 1145): OnBootPhase_1000_com.android.server.oemlock.OemLockService took to complete: 0ms
04-04 04:29:56.730 I/ActivityManagerTiming( 1145): OnBootPhase_1000_com.android.server.DeviceIdleController
04-04 04:29:56.730 D/ActivityManagerTiming( 1145): OnBootPhase_1000_com.android.server.DeviceIdleController took to complete: 0ms
04-04 04:29:56.730 I/ActivityManagerTiming( 1145): OnBootPhase_1000_com.android.server.devicepolicy.DevicePolicyManagerService$Lifecycle
04-04 04:29:56.730 D/ActivityManagerTiming( 1145): OnBootPhase_1000_com.android.server.devicepolicy.DevicePolicyManagerService$Lifecycle took to complete: 0ms
04-04 04:29:56.731 I/ActivityManagerTiming( 1145): OnBootPhase_1000_com.android.server.texttospeech.TextToSpeechManagerService
04-04 04:29:56.731 D/ActivityManagerTiming( 1145): OnBootPhase_1000_com.android.server.texttospeech.TextToSpeechManagerService took to complete: 0ms
04-04 04:29:56.731 I/ActivityManagerTiming( 1145): OnBootPhase_1000_com.android.server.speech.SpeechRecognitionManagerService
04-04 04:29:56.731 D/ActivityManagerTiming( 1145): OnBootPhase_1000_com.android.server.speech.SpeechRecognitionManagerService took to complete: 0ms
04-04 04:29:56.731 I/ActivityManagerTiming( 1145): OnBootPhase_1000_com.android.server.searchui.SearchUiManagerService
04-04 04:29:56.732 D/ActivityManagerTiming( 1145): OnBootPhase_1000_com.android.server.searchui.SearchUiManagerService took to complete: 0ms
04-04 04:29:56.732 I/ActivityManagerTiming( 1145): OnBootPhase_1000_com.android.server.smartspace.SmartspaceManagerService
04-04 04:29:56.732 D/ActivityManagerTiming( 1145): OnBootPhase_1000_com.android.server.smartspace.SmartspaceManagerService took to complete: 0ms
04-04 04:29:56.732 I/ActivityManagerTiming( 1145): OnBootPhase_1000_com.android.server.graphics.fonts.FontManagerService$Lifecycle
04-04 04:29:56.732 D/ActivityManagerTiming( 1145): OnBootPhase_1000_com.android.server.graphics.fonts.FontManagerService$Lifecycle took to complete: 0ms
04-04 04:29:56.732 I/ActivityManagerTiming( 1145): OnBootPhase_1000_com.android.server.textservices.TextServicesManagerService$Lifecycle
04-04 04:29:56.732 D/ActivityManagerTiming( 1145): OnBootPhase_1000_com.android.server.textservices.TextServicesManagerService$Lifecycle took to complete: 0ms
04-04 04:29:56.732 I/ActivityManagerTiming( 1145): OnBootPhase_1000_com.android.server.textclassifier.TextClassificationManagerService$Lifecycle
04-04 04:29:56.732 D/ActivityManagerTiming( 1145): OnBootPhase_1000_com.android.server.textclassifier.TextClassificationManagerService$Lifecycle took to complete: 0ms
04-04 04:29:56.732 I/ActivityManagerTiming( 1145): OnBootPhase_1000_com.android.server.NetworkScoreService$Lifecycle
04-04 04:29:56.732 D/ActivityManagerTiming( 1145): OnBootPhase_1000_com.android.server.NetworkScoreService$Lifecycle took to complete: 0ms
04-04 04:29:56.732 I/ActivityManagerTiming( 1145): OnBootPhase_1000_com.android.server.wifi.WifiService
04-04 04:29:56.733 D/ActivityManagerTiming( 1145): OnBootPhase_1000_com.android.server.wifi.WifiService took to complete: 0ms
04-04 04:29:56.733 I/ActivityManagerTiming( 1145): OnBootPhase_1000_com.android.server.wifi.scanner.WifiScanningService
04-04 04:29:56.733 D/ActivityManagerTiming( 1145): OnBootPhase_1000_com.android.server.wifi.scanner.WifiScanningService took to complete: 0ms
04-04 04:29:56.733 I/ActivityManagerTiming( 1145): OnBootPhase_1000_com.android.server.wifi.rtt.RttService
04-04 04:29:56.733 D/ActivityManagerTiming( 1145): OnBootPhase_1000_com.android.server.wifi.rtt.RttService took to complete: 0ms
04-04 04:29:56.733 I/ActivityManagerTiming( 1145): OnBootPhase_1000_com.android.server.wifi.aware.WifiAwareService
04-04 04:29:56.733 D/ActivityManagerTiming( 1145): OnBootPhase_1000_com.android.server.wifi.aware.WifiAwareService took to complete: 1ms
04-04 04:29:56.733 I/ActivityManagerTiming( 1145): OnBootPhase_1000_com.android.server.wifi.p2p.WifiP2pService
04-04 04:29:56.733 D/ActivityManagerTiming( 1145): OnBootPhase_1000_com.android.server.wifi.p2p.WifiP2pService took to complete: 0ms
04-04 04:29:56.733 I/ActivityManagerTiming( 1145): OnBootPhase_1000_com.android.server.ethernet.EthernetService
04-04 04:29:56.733 D/ActivityManagerTiming( 1145): OnBootPhase_1000_com.android.server.ethernet.EthernetService took to complete: 0ms
04-04 04:29:56.733 I/ActivityManagerTiming( 1145): OnBootPhase_1000_com.android.server.ConnectivityServiceInitializer
04-04 04:29:56.733 D/ActivityManagerTiming( 1145): OnBootPhase_1000_com.android.server.ConnectivityServiceInitializer took to complete: 0ms
04-04 04:29:56.733 I/ActivityManagerTiming( 1145): OnBootPhase_1000_com.android.server.notification.NotificationManagerService
04-04 04:29:56.733 D/ActivityManagerTiming( 1145): OnBootPhase_1000_com.android.server.notification.NotificationManagerService took to complete: 0ms
04-04 04:29:56.733 I/ActivityManagerTiming( 1145): OnBootPhase_1000_com.android.server.storage.DeviceStorageMonitorService
04-04 04:29:56.733 D/ActivityManagerTiming( 1145): OnBootPhase_1000_com.android.server.storage.DeviceStorageMonitorService took to complete: 0ms
04-04 04:29:56.733 I/ActivityManagerTiming( 1145): OnBootPhase_1000_com.android.server.location.LocationManagerService$Lifecycle
04-04 04:29:56.734 D/ActivityManagerTiming( 1145): OnBootPhase_1000_com.android.server.location.LocationManagerService$Lifecycle took to complete: 0ms
04-04 04:29:56.734 I/ActivityManagerTiming( 1145): OnBootPhase_1000_com.android.server.timedetector.TimeDetectorService$Lifecycle
04-04 04:29:56.734 D/ActivityManagerTiming( 1145): OnBootPhase_1000_com.android.server.timedetector.TimeDetectorService$Lifecycle took to complete: 0ms
04-04 04:29:56.734 I/ActivityManagerTiming( 1145): OnBootPhase_1000_com.android.server.timezonedetector.TimeZoneDetectorService$Lifecycle
04-04 04:29:56.734 D/ActivityManagerTiming( 1145): OnBootPhase_1000_com.android.server.timezonedetector.TimeZoneDetectorService$Lifecycle took to complete: 0ms
04-04 04:29:56.734 I/ActivityManagerTiming( 1145): OnBootPhase_1000_com.android.server.timezonedetector.location.LocationTimeZoneManagerService$Lifecycle
04-04 04:29:56.734 D/ActivityManagerTiming( 1145): OnBootPhase_1000_com.android.server.timezonedetector.location.LocationTimeZoneManagerService$Lifecycle took to complete: 1ms
04-04 04:29:56.734 I/ActivityManagerTiming( 1145): OnBootPhase_1000_com.android.server.search.SearchManagerService$Lifecycle
04-04 04:29:56.734 D/ActivityManagerTiming( 1145): OnBootPhase_1000_com.android.server.search.SearchManagerService$Lifecycle took to complete: 0ms
04-04 04:29:56.734 I/ActivityManagerTiming( 1145): OnBootPhase_1000_com.android.server.wallpaper.WallpaperManagerService$Lifecycle
04-04 04:29:56.734 D/ActivityManagerTiming( 1145): OnBootPhase_1000_com.android.server.wallpaper.WallpaperManagerService$Lifecycle took to complete: 0ms
04-04 04:29:56.734 I/ActivityManagerTiming( 1145): OnBootPhase_1000_com.android.server.audio.AudioService$Lifecycle
04-04 04:29:56.734 D/ActivityManagerTiming( 1145): OnBootPhase_1000_com.android.server.audio.AudioService$Lifecycle took to complete: 0ms
04-04 04:29:56.734 I/ActivityManagerTiming( 1145): OnBootPhase_1000_com.android.server.soundtrigger_middleware.SoundTriggerMiddlewareService$Lifecycle
04-04 04:29:56.734 D/ActivityManagerTiming( 1145): OnBootPhase_1000_com.android.server.soundtrigger_middleware.SoundTriggerMiddlewareService$Lifecycle took to complete: 0ms
04-04 04:29:56.734 I/ActivityManagerTiming( 1145): OnBootPhase_1000_com.android.server.DockObserver
04-04 04:29:56.734 D/ActivityManagerTiming( 1145): OnBootPhase_1000_com.android.server.DockObserver took to complete: 0ms
04-04 04:29:56.734 I/ActivityManagerTiming( 1145): OnBootPhase_1000_com.android.server.midi.MidiService$Lifecycle
04-04 04:29:56.734 D/ActivityManagerTiming( 1145): OnBootPhase_1000_com.android.server.midi.MidiService$Lifecycle took to complete: 0ms
04-04 04:29:56.734 I/ActivityManagerTiming( 1145): OnBootPhase_1000_com.android.server.adb.AdbService$Lifecycle
04-04 04:29:56.735 D/BiometricScheduler/Fingerprint21( 1145): [Added] {[0] FingerprintUpdateActiveUserClient, proto=1, owner=android, cookie=0, requestId=-1, userId=0}, new queue size: 1
04-04 04:29:56.735 D/ActivityManagerTiming( 1145): OnBootPhase_1000_com.android.server.adb.AdbService$Lifecycle took to complete: 0ms
04-04 04:29:56.735 I/ActivityManagerTiming( 1145): OnBootPhase_1000_com.android.server.usb.UsbService$Lifecycle
04-04 04:29:56.735 D/ActivityManagerTiming( 1145): OnBootPhase_1000_com.android.server.usb.UsbService$Lifecycle took to complete: 0ms
04-04 04:29:56.735 I/ActivityManagerTiming( 1145): OnBootPhase_1000_com.android.server.twilight.TwilightService
01-01 08:00:56.018 D/cnss ( 0): Sending BDF download message, state: 0x13, type: 1
01-01 08:00:56.018 D/cnss ( 0): FW name added with prefix: qca6390/bdwlan.elf
01-01 08:00:56.019 W/cnss2 b0000000.qcom,cnss-qca6390( 0): Falling back to syfs fallback for: qca6390/bdwlan.elf
04-04 04:29:56.737 D/BiometricScheduler/Fingerprint21( 1145): [Polled] {[0] FingerprintUpdateActiveUserClient, proto=1, owner=android, cookie=0, requestId=-1, userId=0}, State: 0
04-04 04:29:56.737 D/BiometricScheduler/Fingerprint21( 1145): [Starting] {[0] FingerprintUpdateActiveUserClient, proto=1, owner=android, cookie=0, requestId=-1, userId=0}, State: 0
04-04 04:29:56.737 D/BiometricScheduler/Fingerprint21( 1145): [Started] {[0] FingerprintUpdateActiveUserClient, proto=1, owner=android, cookie=0, requestId=-1, userId=0}
04-04 04:29:56.738 D/ActivityManagerTiming( 1145): OnBootPhase_1000_com.android.server.twilight.TwilightService took to complete: 4ms
04-04 04:29:56.738 I/ActivityManagerTiming( 1145): OnBootPhase_1000_com.android.server.display.color.ColorDisplayService
04-04 04:29:56.739 D/ActivityManagerTiming( 1145): OnBootPhase_1000_com.android.server.display.color.ColorDisplayService took to complete: 0ms
04-04 04:29:56.739 I/ActivityManagerTiming( 1145): OnBootPhase_1000_com.android.server.job.JobSchedulerService
04-04 04:29:56.739 D/ActivityManagerTiming( 1145): OnBootPhase_1000_com.android.server.job.JobSchedulerService took to complete: 0ms
04-04 04:29:56.739 I/ActivityManagerTiming( 1145): OnBootPhase_1000_com.android.server.soundtrigger.SoundTriggerService
04-04 04:29:56.739 D/SoundTriggerService( 1145): onBootPhase: 1000 : false
04-04 04:29:56.739 D/ActivityManagerTiming( 1145): OnBootPhase_1000_com.android.server.soundtrigger.SoundTriggerService took to complete: 0ms
04-04 04:29:56.739 I/ActivityManagerTiming( 1145): OnBootPhase_1000_com.android.server.trust.TrustManagerService
04-04 04:29:56.740 D/ActivityManagerTiming( 1145): OnBootPhase_1000_com.android.server.trust.TrustManagerService took to complete: 0ms
04-04 04:29:56.740 I/ActivityManagerTiming( 1145): OnBootPhase_1000_com.android.server.backup.BackupManagerService$Lifecycle
04-04 04:29:56.740 D/ActivityManagerTiming( 1145): OnBootPhase_1000_com.android.server.backup.BackupManagerService$Lifecycle took to complete: 0ms
04-04 04:29:56.740 I/ActivityManagerTiming( 1145): OnBootPhase_1000_com.android.server.appwidget.AppWidgetService
04-04 04:29:56.740 D/ActivityManagerTiming( 1145): OnBootPhase_1000_com.android.server.appwidget.AppWidgetService took to complete: 0ms
04-04 04:29:56.740 I/ActivityManagerTiming( 1145): OnBootPhase_1000_com.android.server.voiceinteraction.VoiceInteractionManagerService
04-04 04:29:56.740 D/ActivityManagerTiming( 1145): OnBootPhase_1000_com.android.server.voiceinteraction.VoiceInteractionManagerService took to complete: 0ms
04-04 04:29:56.740 I/ActivityManagerTiming( 1145): OnBootPhase_1000_com.android.server.apphibernation.AppHibernationService
01-01 08:00:56.022 D/qbt ( 0): qbt_open: entry minor_no=0 fd_available=1
01-01 08:00:56.022 D/qbt ( 0): qbt_open: exit : 0 fd_available=0
01-01 08:00:56.022 D/qbt ( 0): qbt_open: entry minor_no=1 fd_available=0
01-01 08:00:56.022 D/qbt ( 0): qbt_open: exit : 0 fd_available=0
01-01 08:00:56.022 D/qbt ( 0): qbt_ioctl: cmd received 107
01-01 08:00:56.022 D/qbt ( 0): qbt_ioctl: Acquiring wakelock
04-04 04:29:56.741 D/ActivityManagerTiming( 1145): OnBootPhase_1000_com.android.server.apphibernation.AppHibernationService took to complete: 1ms
04-04 04:29:56.742 I/ActivityManagerTiming( 1145): OnBootPhase_1000_com.android.server.SensorNotificationService
04-04 04:29:56.745 I/HibernationStateDiskStore( 1145): No hibernation file on disk for file /data/system/hibernation/states
04-04 04:29:56.747 D/CompatibilityChangeReporter( 1145): Compat change id reported: 168936375; UID 1000; state: ENABLED
04-04 04:29:56.747 D/CompatibilityChangeReporter( 1145): Compat change id reported: 168936375; UID 1000; state: DISABLED
04-04 04:29:56.751 D/CompatibilityChangeReporter( 1145): Compat change id reported: 73144566; UID 1000; state: ENABLED
04-04 04:29:56.751 D/CompatibilityChangeReporter( 1145): Compat change id reported: 73144566; UID 1000; state: DISABLED
04-04 04:29:56.753 D/ActivityManagerTiming( 1145): OnBootPhase_1000_com.android.server.SensorNotificationService took to complete: 11ms
04-04 04:29:56.753 I/ActivityManagerTiming( 1145): OnBootPhase_1000_com.android.server.emergency.EmergencyAffordanceService
04-04 04:29:56.753 D/ActivityManagerTiming( 1145): OnBootPhase_1000_com.android.server.emergency.EmergencyAffordanceService took to complete: 0ms
04-04 04:29:56.753 I/ActivityManagerTiming( 1145): OnBootPhase_1000_com.android.server.blob.BlobStoreManagerService
04-04 04:29:56.754 D/ActivityManagerTiming( 1145): OnBootPhase_1000_com.android.server.blob.BlobStoreManagerService took to complete: 0ms
04-04 04:29:56.754 I/ActivityManagerTiming( 1145): OnBootPhase_1000_com.android.server.dreams.DreamManagerService
04-04 04:29:56.754 D/ActivityManagerTiming( 1145): OnBootPhase_1000_com.android.server.dreams.DreamManagerService took to complete: 0ms
04-04 04:29:56.754 I/ActivityManagerTiming( 1145): OnBootPhase_1000_com.android.server.companion.CompanionDeviceManagerService
04-04 04:29:56.754 D/ActivityManagerTiming( 1145): OnBootPhase_1000_com.android.server.companion.CompanionDeviceManagerService took to complete: 0ms
04-04 04:29:56.754 I/ActivityManagerTiming( 1145): OnBootPhase_1000_com.android.server.restrictions.RestrictionsManagerService
04-04 04:29:56.754 D/ActivityManagerTiming( 1145): OnBootPhase_1000_com.android.server.restrictions.RestrictionsManagerService took to complete: 0ms
04-04 04:29:56.754 I/ActivityManagerTiming( 1145): OnBootPhase_1000_com.android.server.media.MediaSessionService
04-04 04:29:56.756 D/ActivityManagerTiming( 1145): OnBootPhase_1000_com.android.server.media.MediaSessionService took to complete: 2ms
04-04 04:29:56.756 I/ActivityManagerTiming( 1145): OnBootPhase_1000_com.android.server.media.MediaResourceMonitorService
04-04 04:29:56.757 D/ActivityManagerTiming( 1145): OnBootPhase_1000_com.android.server.media.MediaResourceMonitorService took to complete: 0ms
04-04 04:29:56.757 I/ActivityManagerTiming( 1145): OnBootPhase_1000_com.android.server.biometrics.sensors.fingerprint.FingerprintService
04-04 04:29:56.757 D/ActivityManagerTiming( 1145): OnBootPhase_1000_com.android.server.biometrics.sensors.fingerprint.FingerprintService took to complete: 0ms
04-04 04:29:56.757 I/ActivityManagerTiming( 1145): OnBootPhase_1000_com.android.server.biometrics.BiometricService
04-04 04:29:56.757 D/ActivityManagerTiming( 1145): OnBootPhase_1000_com.android.server.biometrics.BiometricService took to complete: 0ms
04-04 04:29:56.757 I/ActivityManagerTiming( 1145): OnBootPhase_1000_com.android.server.biometrics.AuthService
04-04 04:29:56.757 D/ActivityManagerTiming( 1145): OnBootPhase_1000_com.android.server.biometrics.AuthService took to complete: 0ms
04-04 04:29:56.757 I/ActivityManagerTiming( 1145): OnBootPhase_1000_com.android.server.pm.ShortcutService$Lifecycle
04-04 04:29:56.757 D/ActivityManagerTiming( 1145): OnBootPhase_1000_com.android.server.pm.ShortcutService$Lifecycle took to complete: 0ms
04-04 04:29:56.757 I/ActivityManagerTiming( 1145): OnBootPhase_1000_com.android.server.pm.LauncherAppsService
04-04 04:29:56.757 D/ActivityManagerTiming( 1145): OnBootPhase_1000_com.android.server.pm.LauncherAppsService took to complete: 0ms
04-04 04:29:56.757 I/ActivityManagerTiming( 1145): OnBootPhase_1000_com.android.server.pm.CrossProfileAppsService
04-04 04:29:56.757 D/ActivityManagerTiming( 1145): OnBootPhase_1000_com.android.server.pm.CrossProfileAppsService took to complete: 0ms
04-04 04:29:56.757 I/ActivityManagerTiming( 1145): OnBootPhase_1000_com.android.server.people.PeopleService
04-04 04:29:56.757 D/ActivityManagerTiming( 1145): OnBootPhase_1000_com.android.server.people.PeopleService took to complete: 0ms
04-04 04:29:56.758 I/ActivityManagerTiming( 1145): OnBootPhase_1000_com.android.server.media.metrics.MediaMetricsManagerService
04-04 04:29:56.758 D/ActivityManagerTiming( 1145): OnBootPhase_1000_com.android.server.media.metrics.MediaMetricsManagerService took to complete: 0ms
04-04 04:29:56.758 I/ActivityManagerTiming( 1145): OnBootPhase_1000_com.android.server.media.projection.MediaProjectionManagerService
04-04 04:29:56.758 D/ActivityManagerTiming( 1145): OnBootPhase_1000_com.android.server.media.projection.MediaProjectionManagerService took to complete: 0ms
04-04 04:29:56.758 I/ActivityManagerTiming( 1145): OnBootPhase_1000_com.android.server.slice.SliceManagerService$Lifecycle
04-04 04:29:56.758 D/ActivityManagerTiming( 1145): OnBootPhase_1000_com.android.server.slice.SliceManagerService$Lifecycle took to complete: 0ms
04-04 04:29:56.758 I/ActivityManagerTiming( 1145): OnBootPhase_1000_com.android.server.stats.StatsCompanion$Lifecycle
04-04 04:29:56.759 D/ActivityManagerTiming( 1145): OnBootPhase_1000_com.android.server.stats.StatsCompanion$Lifecycle took to complete: 0ms
04-04 04:29:56.759 I/ActivityManagerTiming( 1145): OnBootPhase_1000_com.android.server.scheduling.RebootReadinessManagerService$Lifecycle
04-04 04:29:56.759 D/ActivityManagerTiming( 1145): OnBootPhase_1000_com.android.server.scheduling.RebootReadinessManagerService$Lifecycle took to complete: 0ms
04-04 04:29:56.759 I/ActivityManagerTiming( 1145): OnBootPhase_1000_com.android.server.stats.pull.StatsPullAtomService
04-04 04:29:56.759 D/ActivityManagerTiming( 1145): OnBootPhase_1000_com.android.server.stats.pull.StatsPullAtomService took to complete: 0ms
04-04 04:29:56.759 I/ActivityManagerTiming( 1145): OnBootPhase_1000_com.android.server.incident.IncidentCompanionService
04-04 04:29:56.759 D/ActivityManagerTiming( 1145): OnBootPhase_1000_com.android.server.incident.IncidentCompanionService took to complete: 0ms
04-04 04:29:56.759 I/ActivityManagerTiming( 1145): OnBootPhase_1000_com.android.server.MmsServiceBroker
04-04 04:29:56.759 D/ActivityManagerTiming( 1145): OnBootPhase_1000_com.android.server.MmsServiceBroker took to complete: 0ms
04-04 04:29:56.759 I/ActivityManagerTiming( 1145): OnBootPhase_1000_com.android.server.autofill.AutofillManagerService
04-04 04:29:56.760 D/ActivityManagerTiming( 1145): OnBootPhase_1000_com.android.server.autofill.AutofillManagerService took to complete: 0ms
04-04 04:29:56.760 I/ActivityManagerTiming( 1145): OnBootPhase_1000_com.android.server.clipboard.ClipboardService
04-04 04:29:56.760 D/ActivityManagerTiming( 1145): OnBootPhase_1000_com.android.server.clipboard.ClipboardService took to complete: 0ms
04-04 04:29:56.760 I/ActivityManagerTiming( 1145): OnBootPhase_1000_com.android.server.appbinding.AppBindingService$Lifecycle
04-04 04:29:56.760 D/ActivityManagerTiming( 1145): OnBootPhase_1000_com.android.server.appbinding.AppBindingService$Lifecycle took to complete: 0ms
04-04 04:29:56.760 I/ActivityManagerTiming( 1145): OnBootPhase_1000_com.android.server.tracing.TracingServiceProxy
04-04 04:29:56.760 D/ActivityManagerTiming( 1145): OnBootPhase_1000_com.android.server.tracing.TracingServiceProxy took to complete: 0ms
04-04 04:29:56.760 I/ActivityManagerTiming( 1145): OnBootPhase_1000_com.android.server.policy.PermissionPolicyService
04-04 04:29:56.760 D/ActivityManagerTiming( 1145): OnBootPhase_1000_com.android.server.policy.PermissionPolicyService took to complete: 0ms
04-04 04:29:56.760 I/ActivityManagerTiming( 1145): OnBootPhase_1000_com.android.server.pm.StagingManager$Lifecycle
04-04 04:29:56.760 D/ActivityManagerTiming( 1145): OnBootPhase_1000_com.android.server.pm.StagingManager$Lifecycle took to complete: 0ms
04-04 04:29:56.760 I/ActivityManagerTiming( 1145): OnBootPhase_1000_com.android.server.app.GameManagerService$Lifecycle
04-04 04:29:56.761 D/GameManagerService( 1145): onBootCompleted
04-04 04:29:56.761 D/ActivityManagerTiming( 1145): OnBootPhase_1000_com.android.server.app.GameManagerService$Lifecycle took to complete: 0ms
04-04 04:29:56.761 I/ActivityManagerTiming( 1145): OnBootPhase_1000_com.android.server.appsearch.AppSearchManagerService
04-04 04:29:56.762 D/ActivityManagerTiming( 1145): OnBootPhase_1000_com.android.server.appsearch.AppSearchManagerService took to complete: 2ms
04-04 04:29:56.762 I/ActivityManagerTiming( 1145): OnBootPhase_1000_com.android.server.media.MediaCommunicationService
04-04 04:29:56.762 D/ActivityManagerTiming( 1145): OnBootPhase_1000_com.android.server.media.MediaCommunicationService took to complete: 0ms
04-04 04:29:56.762 D/ActivityManagerTiming( 1145): OnBootPhase_1000 took to complete: 81ms
04-04 04:29:56.763 D/ActivityManagerTiming( 1145): TotalBootTime took to complete: 11513ms
01-01 08:00:56.044 D/cnss ( 0): Downloading BDF: qca6390/bdwlan.elf, size: 57908
04-04 04:29:56.763 D/SystemServerInitThreadPool( 1145): Shutdown requested
04-04 04:29:56.763 I/SystemServerTiming( 1145): WaitInitThreadPoolShutdown
01-01 08:00:56.048 W/QSEECOM ( 0): qseecom_load_app: App (fingerpr) does'nt exist, loading apps for first time
04-04 04:29:56.771 D/SystemServerInitThreadPool( 1145): Shutdown successful
04-04 04:29:56.771 D/SystemServerTiming( 1145): WaitInitThreadPoolShutdown took to complete: 7ms
04-04 04:29:56.782 I/ActivityManager( 1145): User 0 state changed from BOOTING to RUNNING_LOCKED
04-04 04:29:56.782 W/ActivityManager( 1145): UserLifecycleEvent 4 received without an active userJourneySession.
04-04 04:29:56.786 D/StorageManagerService( 1145): unlockUserKey: 0 isFileEncryptedNativeOrEmulated: true hasToken: false hasSecret: false
04-04 04:29:56.788 D/vold ( 560): fscrypt_unlock_user_key 0 serial=0
04-04 04:29:56.790 D/vold ( 560): Trying user CE key /data/misc/vold/user_keys/ce/0/current
01-01 08:00:56.116 D/cnss ( 0): Sending M3 information message, state: 0x13
01-01 08:00:56.116 D/cnss ( 0): M3 memory, va: 0xffffff80210cb000, pa: 0x00000000a1800000, size: 0x411bc
01-01 08:00:56.127 D/cnss ( 0): Received QMI WLFW FW initialization done indication
01-01 08:00:56.127 D/cnss ( 0): Posting event: FW_READY(4), state: 0x13 flags: 0x0
01-01 08:00:56.128 D/cnss ( 0): Processing driver event: FW_READY(4), state: 0x13
01-01 08:00:56.128 D/cnss ( 0): PCIE Gen speed not setup
01-01 08:00:56.144 I/ ( 0): Boot completed
01-01 08:00:56.159 W/QSEECOM ( 0): qseecom_load_app: App with id 7 (fingerpr) now loaded
04-04 04:29:56.884 D/vold ( 560): Successfully retrieved key
01-01 08:00:56.176 I/init ( 0): starting service 'qti-testscripts'...
04-04 04:29:56.911 D/vold ( 560): Installed fscrypt key with ref 292e7737f4dba50651726b8284842989 to /data
04-04 04:29:56.911 D/vold ( 560): Added fscrypt-provisioning key for 292e7737f4dba50651726b8284842989 to session keyring
04-04 04:29:56.912 D/vold ( 560): Installed ce key for user 0
01-01 08:00:56.194 I/init ( 0): processing action (sys.boot_completed=1) from (/vendor/etc/init/hw/init.qcom.rc:945)
04-04 04:29:56.913 W/ActivityManager( 1145): UserLifecycleEvent 5 received without an active userJourneySession.
04-04 04:29:56.913 D/ActivityManager( 1145): Started unlocking user 0
04-04 04:29:56.913 D/ActivityManager( 1145): Unlocking user 0 progress 0
04-04 04:29:56.913 D/ActivityManager( 1145): Unlocking user 0 progress 5
04-04 04:29:56.914 D/ActivityManagerTiming( 1145): FinishBooting took to complete: 283ms
04-04 04:29:56.914 D/vold ( 560): fscrypt_prepare_user_storage for volume null, user 0, serial 0, flags 2
04-04 04:29:56.914 D/vold ( 560): Preparing: /data/system_ce/0
04-04 04:29:56.914 D/vold ( 560): Preparing: /data/misc_ce/0
04-04 04:29:56.915 D/vold ( 560): Preparing: /data/vendor_ce/0
01-01 08:00:56.199 I/init ( 0): Sending signal 9 to service 'adbd' (pid 1507) process group...
04-04 04:29:56.917 D/vold ( 560): Preparing: /data/media/0
04-04 04:29:56.919 D/vold ( 560): Preparing: /data/data
04-04 04:29:56.920 I/vold ( 560): Verified that /data/system_ce/0 has the encryption policy 292e7737f4dba50651726b8284842989 v2 modes 1/4 flags 0xa
04-04 04:29:56.920 I/vold ( 560): Verified that /data/misc_ce/0 has the encryption policy 292e7737f4dba50651726b8284842989 v2 modes 1/4 flags 0xa
04-04 04:29:56.920 I/vold ( 560): Verified that /data/vendor_ce/0 has the encryption policy 292e7737f4dba50651726b8284842989 v2 modes 1/4 flags 0xa
04-04 04:29:56.920 I/vold ( 560): Verified that /data/media/0 has the encryption policy 292e7737f4dba50651726b8284842989 v2 modes 1/4 flags 0xa
04-04 04:29:56.920 I/vold ( 560): Verified that /data/data has the encryption policy 292e7737f4dba50651726b8284842989 v2 modes 1/4 flags 0xa
04-04 04:29:56.920 D/vold ( 560): Starting restorecon of /data/system_ce/0
04-04 04:29:56.924 D/CompatibilityChangeReporter( 1145): Compat change id reported: 168419799; UID 10090; state: DISABLED
01-01 08:00:56.207 I/libprocessgroup( 0): Successfully killed process cgroup uid 0 pid 1507 in 8ms
04-04 04:29:56.925 I/DropBoxManagerService( 1145): add tag=system_server_strictmode isTagEnabled=true flags=0x2
04-04 04:29:56.926 D/ColorDisplayService( 1145): setUp: currentUser=0
04-04 04:29:56.927 I/DropBoxManagerService( 1145): add tag=system_server_strictmode isTagEnabled=true flags=0x2
04-04 04:29:56.928 I/DropBoxManagerService( 1145): add tag=system_server_strictmode isTagEnabled=true flags=0x2
04-04 04:29:56.929 I/DropBoxManagerService( 1145): add tag=system_server_strictmode isTagEnabled=true flags=0x2
01-01 08:00:56.215 W/ ( 0): (NULL device *): Falling back to syfs fallback for: wlan/qca_cld/qca6390/WCNSS_qcom_cfg.ini
04-04 04:29:56.933 D/CompatibilityChangeReporter( 1145): Compat change id reported: 135634846; UID 10079; state: DISABLED
01-01 08:00:56.218 I/selinux ( 0): SELinux: Skipping restorecon on directory(/data/system_ce/0)
01-01 08:00:56.218 I/selinux ( 0):
04-04 04:29:56.933 D/CompatibilityChangeReporter( 1145): Compat change id reported: 177438394; UID 10079; state: DISABLED
04-04 04:29:56.933 D/CompatibilityChangeReporter( 1145): Compat change id reported: 135772972; UID 10079; state: DISABLED
04-04 04:29:56.933 D/CompatibilityChangeReporter( 1145): Compat change id reported: 135754954; UID 10079; state: ENABLED
04-04 04:29:56.934 D/CompatibilityChangeReporter( 1145): Compat change id reported: 143937733; UID 10079; state: ENABLED
04-04 04:29:56.950 D/vold ( 560): Finished restorecon of /data/system_ce/0
04-04 04:29:56.950 D/vold ( 560): Starting restorecon of /data/vendor_ce/0
04-04 04:29:56.962 D/ColorDisplayService( 1145): onNightDisplayAutoModeChanged: autoMode=0
04-04 04:29:56.962 I/ColorDisplayService( 1145): Turning off night display
04-04 04:29:56.962 D/ColorDisplayService( 1145): Setting bright color reduction level: 50
04-04 04:29:56.962 V/DisplayPowerController[0]( 1145): Brightness [1.0] manual adjustment.
04-04 04:29:56.968 D/vold ( 560): Finished restorecon of /data/vendor_ce/0
04-04 04:29:56.968 D/vold ( 560): Starting restorecon of /data/misc_ce/0
01-01 08:00:56.249 I/selinux ( 0): SELinux: Skipping restorecon on directory(/data/vendor_ce/0)
01-01 08:00:56.250 I/selinux ( 0):
01-01 08:00:56.258 I/selinux ( 0): SELinux: Skipping restorecon on directory(/data/misc_ce/0)
01-01 08:00:56.259 I/selinux ( 0):
04-04 04:29:56.979 D/vold ( 560): Finished restorecon of /data/misc_ce/0
04-04 04:29:56.980 D/vold ( 560): /system/bin/vold_prepare_subdirs
04-04 04:29:56.980 D/vold ( 560): prepare
04-04 04:29:56.980 D/vold ( 560):
04-04 04:29:56.980 D/vold ( 560): 0
04-04 04:29:56.980 D/vold ( 560): 2
01-01 08:00:56.272 I/[kworke][0x40664d16][04:29:56.988851] wlan( 0): [274:I:HDD] hdd_pm_qos_add_request: 9360: Set cpu_mask 0f for affine_cores
01-01 08:00:56.272 I/[kworke][0x40664de5][04:29:56.988862] wlan( 0): [274:I:HDD] hdd_pm_qos_add_request: 9362: Set cpu_mask 0f for affine_cores
01-01 08:00:56.273 D/cnss ( 0): Sending ini sync request, state: 0x17, fw_log_mode: 1
04-04 04:29:56.992 W/ActivityManager( 1145): Slow operation: 58ms so far, now at startProcess: returned from zygote!
04-04 04:29:56.992 W/ActivityManager( 1145): Slow operation: 59ms so far, now at startProcess: done updating battery stats
04-04 04:29:56.992 W/ActivityManager( 1145): Slow operation: 59ms so far, now at startProcess: building log message
04-04 04:29:56.992 I/ActivityManager( 1145): Start proc 2842:com.qualcomm.location/u0a79 for broadcast {com.qualcomm.location/com.qualcomm.location.LocationServiceReceiver}
04-04 04:29:56.992 W/ActivityManager( 1145): Slow operation: 59ms so far, now at startProcess: starting to update pids map
04-04 04:29:56.993 W/ActivityManager( 1145): Slow operation: 60ms so far, now at startProcess: done updating pids map
01-01 08:00:56.282 I/[kworke][0x406961ee][04:29:56.999370] wlan( 0): [274:I:HIF] Initializing Runtime PM wakelock &sc->prevent_linkdown_lock
01-01 08:00:56.282 I/[kworke][0x40696544][04:29:56.999414] wlan( 0): [274:I:HIF] hif_pci_enable_bus: con_mode = 0x0, WLAN_SOC_device_id = 0x1101
01-01 08:00:56.282 I/[kworke][0x4069687c][04:29:56.999457] wlan( 0): [274:I:HIF] hif_pci_enable_bus: hif_enable_pci done
01-01 08:00:56.282 I/[kworke][0x40697815][04:29:56.999665] wlan( 0): [274:I:HIF] *********** QCA6390 *************
01-01 08:00:56.282 I/[kworke][0x406978a2][04:29:56.999672] wlan( 0): [274:I:HIF] hif_pci_enable_bus: hif_type = 0x12, target_type = 0x17
01-01 08:00:56.283 I/[kworke][0x4069792d][04:29:56.999679] wlan( 0): [274:I:HIF] hif_register_tbl_attach: HIF_TYPE_QCA6390
01-01 08:00:56.283 I/[kworke][0x406979aa][04:29:56.999686] wlan( 0): [274:I:HIF] hif_target_register_tbl_attach: TARGET_TYPE_QCA6390
01-01 08:00:56.283 I/[kworke][0x40697a28][04:29:56.999692] wlan( 0): [274:I:HIF] hif_pci_enable_bus:Skip tgt_wake up for srng devices
01-01 08:00:56.283 E/[kworke][0x40699303][04:29:57.000024] wlan( 0): [274:E:TXRX] hif_print_hal_shadow_register_cfg: num_config 28
01-01 08:00:56.294 I/[kworke][0x406ccf40][04:29:57.011068] wlan( 0): [274:I:TXRX] hif_print_hal_shadow_register_cfg: i 0, val a3b034
01-01 08:00:56.294 I/[kworke][0x406ccfe4][04:29:57.011076] wlan( 0): [274:I:TXRX] hif_print_hal_shadow_register_cfg: i 1, val a3b03c
01-01 08:00:56.294 I/[kworke][0x406cd05d][04:29:57.011082] wlan( 0): [274:I:TXRX] hif_print_hal_shadow_register_cfg: i 2, val a3b044
01-01 08:00:56.294 I/[kworke][0x406cd0d8][04:29:57.011088] wlan( 0): [274:I:TXRX] hif_print_hal_shadow_register_cfg: i 3, val a3b04c
01-01 08:00:56.294 I/[kworke][0x406cd151][04:29:57.011095] wlan( 0): [274:I:TXRX] hif_print_hal_shadow_register_cfg: i 4, val a3b054
01-01 08:00:56.294 I/[kworke][0x406cd1ca][04:29:57.011101] wlan( 0): [274:I:TXRX] hif_print_hal_shadow_register_cfg: i 5, val a3b028
01-01 08:00:56.294 I/[kworke][0x406cd244][04:29:57.011107] wlan( 0): [274:I:TXRX] hif_print_hal_shadow_register_cfg: i 6, val a3b020
01-01 08:00:56.294 I/[kworke][0x406cd2bc][04:29:57.011113] wlan( 0): [274:I:TXRX] hif_print_hal_shadow_register_cfg: i 7, val a3b06c
01-01 08:00:56.294 I/[kworke][0x406cd334][04:29:57.011120] wlan( 0): [274:I:TXRX] hif_print_hal_shadow_register_cfg: i 8, val a46000
01-01 08:00:56.294 I/[kworke][0x406cd3ab][04:29:57.011126] wlan( 0): [274:I:TXRX] hif_print_hal_shadow_register_cfg: i 9, val a46008
01-01 08:00:56.294 I/[kworke][0x406cd423][04:29:57.011132] wlan( 0): [274:I:TXRX] hif_print_hal_shadow_register_cfg: i 10, val a46010
01-01 08:00:56.294 I/[kworke][0x406cd49c][04:29:57.011138] wlan( 0): [274:I:TXRX] hif_print_hal_shadow_register_cfg: i 11, val a46018
01-01 08:00:56.294 I/[kworke][0x406cd513][04:29:57.011145] wlan( 0): [274:I:TXRX] hif_print_hal_shadow_register_cfg: i 12, val a46034
01-01 08:00:56.294 I/[kworke][0x406cd588][04:29:57.011151] wlan( 0): [274:I:TXRX] hif_print_hal_shadow_register_cfg: i 13, val a370b0
01-01 08:00:56.294 I/[kworke][0x406cd5fe][04:29:57.011157] wlan( 0): [274:I:TXRX] hif_print_hal_shadow_register_cfg: i 14, val a37018
01-01 08:00:56.294 I/[kworke][0x406cd673][04:29:57.011163] wlan( 0): [274:I:TXRX] hif_print_hal_shadow_register_cfg: i 15, val a370c4
01-01 08:00:56.294 I/[kworke][0x406cd6e8][04:29:57.011169] wlan( 0): [274:I:TXRX] hif_print_hal_shadow_register_cfg: i 16, val a370cc
01-01 08:00:56.294 I/[kworke][0x406ce5fb][04:29:57.011370] wlan( 0): [274:I:TXRX] hif_print_hal_shadow_register_cfg: i 17, val a370d4
01-01 08:00:56.294 I/[kworke][0x406ce6a9][04:29:57.011379] wlan( 0): [274:I:TXRX] hif_print_hal_shadow_register_cfg: i 18, val a370dc
01-01 08:00:56.294 I/[kworke][0x406ce746][04:29:57.011387] wlan( 0): [274:I:TXRX] hif_print_hal_shadow_register_cfg: i 19, val a00400
01-01 08:00:56.294 I/[kworke][0x406ce7e5][04:29:57.011396] wlan( 0): [274:I:TXRX] hif_print_hal_shadow_register_cfg: i 20, val a03400
01-01 08:00:56.294 I/[kworke][0x406ce882][04:29:57.011404] wlan( 0): [274:I:TXRX] hif_print_hal_shadow_register_cfg: i 21, val a0340c
01-01 08:00:56.294 I/[kworke][0x406ce91f][04:29:57.011412] wlan( 0): [274:I:TXRX] hif_print_hal_shadow_register_cfg: i 22, val a05400
01-01 08:00:56.294 I/[kworke][0x406ce9b4][04:29:57.011420] wlan( 0): [274:I:TXRX] hif_print_hal_shadow_register_cfg: i 23, val a0540c
01-01 08:00:56.294 I/[kworke][0x406cea2e][04:29:57.011426] wlan( 0): [274:I:TXRX] hif_print_hal_shadow_register_cfg: i 24, val a06400
01-01 08:00:56.294 I/[kworke][0x406ceaa4][04:29:57.011432] wlan( 0): [274:I:TXRX] hif_print_hal_shadow_register_cfg: i 25, val a08400
01-01 08:00:56.294 I/[kworke][0x406ceb19][04:29:57.011438] wlan( 0): [274:I:TXRX] hif_print_hal_shadow_register_cfg: i 26, val a0b400
01-01 08:00:56.294 I/[kworke][0x406ceb8d][04:29:57.011444] wlan( 0): [274:I:TXRX] hif_print_hal_shadow_register_cfg: i 27, val a0b40c
01-01 08:00:56.294 D/cnss ( 0): Mode: 0, config: ffffff80197f37b8, host_version: 5.2.022.10G
01-01 08:00:56.294 D/cnss ( 0): Sending WLAN config message, state: 0x17
01-01 08:00:56.299 D/cnss ( 0): Sending mode message, mode: MISSION(0), state: 0x17
01-01 08:00:56.323 D/cnss ( 0): Received QMI WLFW pin connect result indication
01-01 08:00:56.323 D/cnss ( 0): Pin connect Result: pwr_pin: 0x1 phy_io_pin: 0x0 rf_io_pin: 0x0
01-01 08:00:56.323 D/cnss ( 0): Assign MSI to user: CE, num_vectors: 10, user_base_data: 803, base_vector: 3
01-01 08:00:56.327 W/QSEECOM ( 0): __qseecom_unload_app: App (7) is unloaded
01-01 08:00:56.327 D/qbt ( 0): qbt_release: entry minor_no=0 fd_available=0
01-01 08:00:56.327 D/qbt ( 0): qbt_release: Releasing wakelock
01-01 08:00:56.327 D/qbt ( 0): qbt_release: exit : fd_available=1
01-01 08:00:56.327 D/qbt ( 0): qbt_release: entry minor_no=1 fd_available=1
01-01 08:00:56.327 D/qbt ( 0): qbt_release: exit : fd_available=1
