04-04 04:47:44.137 D/hpplay-base( 2927): [jniBridge:1081] notifyJavaDlnalink:http://10.3.110.159:49152/description.xml
04-04 04:47:44.137 D/hpplay-base( 2927): [jniBridge:1726] notifyJava, what:207, castType:0, mimeType:0 baseStatus:2
04-04 04:47:44.137 D/hpplay-base( 2927): [jniBridge:1727] notifyJava sessionID:(null)
04-04 04:47:44.138 D/hpplay-base( 2927): [mDNSEmbeded:217] http_port bind check 217 http_port_check
04-04 04:47:44.138 D/hpplay-base( 2927): [mDNSEmbeded:222] http_port bind check 222 http_port_check
04-04 04:47:44.139 I/hpplay-java( 2927): [Thread-99]:Bridge:notify: what: 207
04-04 04:47:44.139 I/hpplay-java( 2927): [Thread-99]:Bridge:notify: out: OutParameters:{audioSessionId=-1, audiotrackIndex=0, castHandleType=-1, castType=0, deviceName='http://10.3.110.159:49152/description.xml', dlnaName='', dramaID='', extra=0, frameHandleType=-1, handleInside=true, headduration=0, header='', headers=null, isAD=false, isMultiMirror=false, lelinkVer='', limitTime=0, , mediaAlbum='null', mediaAlbumArtURI='', mediaArtist='null', mediaAssets='', mediaTitle='null', mimeType=0, multiSession=null, period=0, pinCode='', playSpeed=0.0, playerChoice=0, plugin=0, port=0, position=0.0, positionUnit=2, protocol=0, realSessionID='', regType='', , sinkIp='', sourceAPPVersion='', sourceChannel='', sourceClientInfo='', sourceDeviceInfo='', sourceDeviceModel='', sourceDeviceName='', sourceDeviceType=0, sourceHID='', , sourceInfo='', , , sourceOSVersion='', sourceSDKVersion='', sourceUid='', stopDetail=0, stopReason=0, tailduration=0, url='', urlID='', urls=null, userAgent='', videoDecoder=0, volume=0, what=207}com.hpplay.sdk.sink.protocol.OutParameters@8e66d48
04-04 04:47:44.140 I/hpplay-java( 2927): [Thread-99]:Bridge:notify: address:219719649
04-04 04:47:44.144 D/hpplay-base( 2927): [mDNSEmbeded:234] http_port bind check 234 http_port_check port:52266
04-04 04:47:44.144 D/hpplay-base( 2927): [mDNSEmbeded:237] http_port bind check 237 http_port_check
04-04 04:47:44.146 D/hpplay-base( 2927): [lelinkSinkServer:93] new client connection from 127.0.0.1 47820, fd=159
04-04 04:47:44.146 D/hpplay-base( 2927): [SinkContext:137] addSinkContextSession,begin to run!!
04-04 04:47:44.146 D/hpplay-base( 2927): [SinkContext:142] addSinkContextSession,begin to get lock!!
04-04 04:47:44.146 D/hpplay-base( 2927): [SinkContext:144] addSinkContextSession,get lock ok!!
04-04 04:47:44.146 D/hpplay-base( 2927): [SinkContext:149] addSinkContextSession,session list is null,begin to malloc!!
04-04 04:47:44.146 D/hpplay-base( 2927): [SinkContext:156] addSinkContextSession,begin to update!!
04-04 04:47:44.146 D/hpplay-base( 2927): [SinkContext:160] addSinkContextSession,begin to update header!!
04-04 04:47:44.146 D/hpplay-base( 2927): [SinkContext:172] addSinkContextSession,begin to unlock!!
04-04 04:47:44.146 D/hpplay-base( 2927): [SinkContext:174] addSinkContextSession,unlock ok!!
04-04 04:47:44.146 D/hpplay-base( 2927): [LelinkReceiver:4908] get ping !!!
04-04 04:47:44.146 D/hpplay-base( 2927): [mDNSEmbeded:240] http_port bind check 240 http_port_check recieved:64
04-04 04:47:44.146 D/hpplay-base( 2927): [mDNSEmbeded:243] http_port bind check 243 http_port_check
04-04 04:47:44.147 D/hpplay-base( 2927): [mDNSEmbeded:244] http_port bind check ok!
04-04 04:47:44.139 W/om.hht.lebocast( 2927): type=1400 audit(0.0:741): avc: granted { read } for name="arp" dev="proc" ino=4026532256 scontext=u:r:platform_app:s0:c512,c768 tcontext=u:object_r:proc_net:s0 tclass=file app=com.hht.lebocast
04-04 04:47:44.139 W/om.hht.lebocast( 2927): type=1400 audit(0.0:742): avc: granted { read open } for path="/proc/2927/net/arp" dev="proc" ino=4026532256 scontext=u:r:platform_app:s0:c512,c768 tcontext=u:object_r:proc_net:s0 tclass=file app=com.hht.lebocast
04-04 04:47:44.139 W/om.hht.lebocast( 2927): type=1400 audit(0.0:743): avc: granted { getattr } for path="/proc/2927/net/arp" dev="proc" ino=4026532256 scontext=u:r:platform_app:s0:c512,c768 tcontext=u:object_r:proc_net:s0 tclass=file app=com.hht.lebocast
04-04 04:47:44.348 I/hpplay-base( 2927): [LelinkReceiver:14605] _connectionFinalize (159)
04-04 04:47:44.348 D/hpplay-base( 2927): [LelinkReceiver:14752] ###connectionFinalize,release ok!!###
04-04 04:47:44.372 I/hpplay-java( 2927): [AsyncTask #91]:HttpRequest:doGet responseCode:200 0
04-04 04:47:44.400 D/hpplay-base( 2927): [LelinkMDNS:766] devicePermissionPublic leboPermissionCheck:-2
04-04 04:47:44.400 D/hpplay-base( 2927): [jniBridge:1125] com_hpplay_sdk_sink_protocol_Bridge_WHAT_SERVER_ERROR
04-04 04:47:44.400 D/hpplay-base( 2927): [jniBridge:1726] notifyJava, what:204, castType:0, mimeType:0 baseStatus:2
04-04 04:47:44.400 D/hpplay-base( 2927): [jniBridge:1727] notifyJava sessionID:(null)
04-04 04:47:44.402 I/hpplay-java( 2927): [Thread-100]:Bridge:notify: what: 204
04-04 04:47:44.404 I/hpplay-java( 2927): [Thread-100]:Bridge:notify: out: OutParameters:{audioSessionId=-1, audiotrackIndex=0, castHandleType=-1, castType=0, deviceName='', dlnaName='', dramaID='', extra=-2002, frameHandleType=-1, handleInside=true, headduration=0, header='', headers=null, isAD=false, isMultiMirror=false, lelinkVer='', limitTime=0, , mediaAlbum='null', mediaAlbumArtURI='', mediaArtist='null', mediaAssets='', mediaTitle='null', mimeType=0, multiSession=null, period=0, pinCode='', playSpeed=0.0, playerChoice=0, plugin=0, port=0, position=0.0, positionUnit=2, protocol=0, realSessionID='', regType='', , sinkIp='', sourceAPPVersion='', sourceChannel='', sourceClientInfo='', sourceDeviceInfo='', sourceDeviceModel='', sourceDeviceName='', sourceDeviceType=0, sourceHID='', , sourceInfo='', , , sourceOSVersion='', sourceSDKVersion='', sourceUid='', stopDetail=0, stopReason=0, tailduration=0, url='', urlID='', urls=null, userAgent='', videoDecoder=0, volume=0, what=204}com.hpplay.sdk.sink.protocol.OutParameters@fac3906
04-04 04:47:44.404 I/hpplay-java( 2927): [Thread-100]:Bridge:notify: address:106449863
04-04 04:47:44.404 I/hpplay-java( 2927): [main]:Bridge:findServiceID start out: 106449863
04-04 04:47:44.405 I/hpplay-java( 2927): [main]:Bridge:findServiceID end
04-04 04:47:44.405 I/hpplay-base( 2927): [mDNSEmbeded:79] embedded_mDNSLoop stopmDNSNow:0 nPublish:-2 nExitFlag:6 tid is 6790
04-04 04:47:44.405 E/hpplay-java( 2927): [main]:ServerTaskManager:onError 204/-2002 com.hht.lebocast.LelinkHelper$e@ff08e4b
04-04 04:47:44.405 I/hpplay-java( 2927): [main]:ServerTaskManager:cancelTimeOutCheck
04-04 04:47:44.407 W/hpplay-java( 2927): [main]:ServerTaskManager:onErrorDispatcher errorCode:-2002
04-04 04:47:44.407 I/hpplay-java( 2927): [main]:ServerTaskManager:onError retry later
04-04 04:47:44.442 I/mpu_uart( 661): [MSG-P:R]:recv sync frame timeout
04-04 04:47:45.077 I/mpu_uart( 661): [MSG-P:RECV]:No message received in 1000 ms
04-04 04:47:45.108 W/BestClock( 1145): java.time.DateTimeException: Missing NTP fix
04-04 04:47:45.112 I/netd ( 685): trafficSwapActiveStatsMap() <2.04ms>
04-04 04:47:45.142 I/netd ( 685): tetherGetStats() -> {[]} <5.08ms>
04-04 04:47:45.166 W/BestClock( 1145): java.time.DateTimeException: Missing NTP fix
04-04 04:47:45.169 I/netd ( 685): bandwidthSetGlobalAlert(2097152) <0.66ms>
04-04 04:47:45.172 W/BestClock( 1145): java.time.DateTimeException: Missing NTP fix
04-04 04:47:45.173 W/BestClock( 1145): java.time.DateTimeException: Missing NTP fix
04-04 04:47:45.505 I/hpplay-java( 2927): [AsyncTask #73]:HttpRequest:doGet responseCode:200 0
04-04 04:47:46.078 I/mpu_uart( 661): [MSG-P:RECV]:No message received in 1000 ms
04-04 04:47:46.119 W/swapper/0( 0): type=1400 audit(0.0:744): avc: denied { kill } for capability=5 scontext=u:r:kernel:s0 tcontext=u:r:kernel:s0 tclass=capability permissive=0
04-04 04:47:47.078 I/mpu_uart( 661): [MSG-P:RECV]:No message received in 1000 ms
04-04 04:47:47.119 W/swapper/2( 0): type=1400 audit(0.0:745): avc: denied { kill } for capability=5 scontext=u:r:kernel:s0 tcontext=u:r:kernel:s0 tclass=capability permissive=0
04-04 04:47:47.408 I/hpplay-java( 2927): [main]:ServerTaskManager:restart by error
04-04 04:47:47.409 I/hpplay-java( 2927): [main]:ServerTaskManager:startServer
04-04 04:47:47.409 I/hpplay-java( 2927): [main]:ServerTaskManager:startServer add, reason: server is starting or running
04-04 04:47:47.409 I/hpplay-java( 2927): [main]:ServerTaskManager:addStopTask
04-04 04:47:47.409 I/hpplay-java( 2927): [main]:ServerTaskManager:addStartTask
04-04 04:47:47.410 I/hpplay-java( 2927): [main]:ServerTaskManager:exeTask stopServer
04-04 04:47:47.410 I/hpplay-java( 2927): [main]:Bridge:stopServer keepPush: false
04-04 04:47:47.410 D/hpplay-base( 2927): [jniBridge:909] Bridge__1stopServer status:2
04-04 04:47:47.413 D/hpplay-base( 2927): [LelinkBase:654] stopAllServer will start thread!
04-04 04:47:47.417 D/hpplay-base( 2927): [AEventUtils:588] handle AEvent thread end!!,tid is 6793
04-04 04:47:47.417 D/hpplay-base( 2927): [REventUtils:197] handleREventThread thread end!!,tid is 6795
04-04 04:47:47.417 I/hpplay-base( 2927): [mDNSEmbeded:65] embedded_mDNSExit call
04-04 04:47:47.446 I/mpu_uart( 661): [MSG-P:R]:recv sync frame timeout
04-04 04:47:47.458 D/hpplay-base( 2927): [stream_mirror_compat:1284] mirror stream begin to exit,server fd:128,thread_id:3177898432!!
04-04 04:47:47.459 D/hpplay-base( 2927): [stream_mirror_compat:1323] ##screen stream exit successfully!!##
04-04 04:47:47.550 D/hpplay-base( 2927): [Server:447] startHttpServer will END srv->serverType:0
04-04 04:47:47.551 D/hpplay-base( 2927): [Server:646] startHttpServer cond srv_shutdown:1 connectNummber:0
04-04 04:47:47.551 D/hpplay-base( 2927): [Server:669] startHttpServer wait cond END. srv_shutdown:1 connectNummber:0
04-04 04:47:47.551 D/hpplay-base( 2927): [Server:457] HttpServer END, tid is 6771
04-04 04:47:48.079 I/mpu_uart( 661): [MSG-P:RECV]:No message received in 1000 ms
04-04 04:47:48.117 I/hpplay-base( 2927): [mDNSEmbeded:140] embedded_mDNSLoop Exiting end,tid is 6790
04-04 04:47:48.118 D/hpplay-base( 2927): [mDNSEmbeded:452] stopmDNSServer end stopmDNSNow=2, nRet=0
04-04 04:47:48.119 W/swapper/2( 0): type=1400 audit(0.0:746): avc: denied { kill } for capability=5 scontext=u:r:kernel:s0 tcontext=u:r:kernel:s0 tclass=capability permissive=0
04-04 04:47:48.336 I/hpplay-base( 2927): [mDNSEmbeded:376] end lelink publish server, tid is 6791
04-04 04:47:48.337 D/hpplay-base( 2927): [mDNSEmbeded:420] stopmLelinkServer end nRet=0
04-04 04:47:48.337 D/hpplay-base( 2927): [LelinkBase:615] lebodlna stopServerThreadFunc dlnaEnable:1
04-04 04:47:48.337 D/hpplay-base-dlna( 2927): [lebodlna_api:49] stop DMR
04-04 04:47:48.338 D/hpplay-base-dlna( 2927): [lebodlna_api:344] m_pRender Release
04-04 04:47:48.417 D/hpplay-base-dlna( 2927): [UpnpDefine:867] DMRender release success
04-04 04:47:48.417 D/hpplay-base-dlna( 2927): [lebodlna_api:352] m_pAVT Release
04-04 04:47:48.417 D/hpplay-base-dlna( 2927): [lebodlna_api:360] m_pRCS Release
04-04 04:47:48.417 D/hpplay-base-dlna( 2927): [lebodlna_api:365] dmrender destroydmr
04-04 04:47:48.718 D/hpplay-base-dlna( 2927): [lebodlna-dlna_android:186] stopDLNA
04-04 04:47:48.718 D/hpplay-base-dlna( 2927): [lebodlna-dlna_android:189] dlnaservice destroy
04-04 04:47:48.718 D/hpplay-base-dlna( 2927): [lebodlna-dlna_android:49] dlnaservice Destroy 49 int CDlnaService::Destroy()
04-04 04:47:48.718 D/hpplay-base-dlna( 2927): [lebodlna-dlnaframe:245] dlnaservice Destroy 245 static ERROR_TYPE IDlnaFrame::DestroyDlnaFrame(IDlnaFrame *)
04-04 04:47:48.718 D/hpplay-base-dlna( 2927): [lebodlna-dlnaframe:179] dlnaservice Destroy 179 virtual void CDlnaFrame::Release()
04-04 04:47:48.718 D/hpplay-base-dlna( 2927): [lebodlna-dlnaframe:190] dlnaservice Destroy 190 virtual void CDlnaFrame::Release()
04-04 04:47:48.719 D/hpplay-base-dlna( 2927): [lebodlna-dlnaframe:192] dlnaservice Destroy 192 virtual void CDlnaFrame::Release()
04-04 04:47:48.719 D/hpplay-base-dlna( 2927): [lebodlna-dlnaframe:247] dlnaservice Destroy 247 static ERROR_TYPE IDlnaFrame::DestroyDlnaFrame(IDlnaFrame *)
04-04 04:47:48.719 D/hpplay-base-dlna( 2927): [lebodlna-dlnaframe:251] dlnaservice Destroy 251 static ERROR_TYPE IDlnaFrame::DestroyDlnaFrame(IDlnaFrame *)
04-04 04:47:49.079 I/mpu_uart( 661): [MSG-P:RECV]:No message received in 1000 ms
04-04 04:47:49.119 W/swapper/2( 0): type=1400 audit(0.0:747): avc: denied { kill } for capability=5 scontext=u:r:kernel:s0 tcontext=u:r:kernel:s0 tclass=capability permissive=0
04-04 04:47:49.485 V/DisplayPowerController[0]( 1145): Brightness [0.05] reason changing to: 'manual [ dim ]', previous reason: 'manual'.
04-04 04:47:49.487 W/PowerManagerService( 1145): Screen on took 226056 ms
04-04 04:47:49.496 E/DisplayDeviceConfig( 1145): requesting nits when no mapping exists.
04-04 04:47:49.499 E/DisplayDeviceConfig( 1145): requesting nits when no mapping exists.
04-04 04:47:49.502 I/DropBoxManagerService( 1145): add tag=system_server_wtf isTagEnabled=true flags=0x2
04-04 04:47:49.512 E/DisplayDeviceConfig( 1145): requesting nits when no mapping exists.
04-04 04:47:49.512 E/DisplayDeviceConfig( 1145): requesting nits when no mapping exists.
04-04 04:47:49.514 I/DropBoxManagerService( 1145): add tag=system_server_wtf isTagEnabled=true flags=0x2
04-04 04:47:49.519 E/DisplayDeviceConfig( 1145): requesting nits when no mapping exists.
04-04 04:47:49.519 I/DropBoxManagerService( 1145): add tag=system_server_wtf isTagEnabled=true flags=0x2
04-04 04:47:49.519 E/DisplayDeviceConfig( 1145): requesting nits when no mapping exists.
04-04 04:47:49.524 I/DropBoxManagerService( 1145): add tag=system_server_wtf isTagEnabled=true flags=0x2
04-04 04:47:49.528 I/DropBoxManagerService( 1145): add tag=system_server_wtf isTagEnabled=true flags=0x2
04-04 04:47:49.535 E/DisplayDeviceConfig( 1145): requesting nits when no mapping exists.
04-04 04:47:49.535 E/DisplayDeviceConfig( 1145): requesting nits when no mapping exists.
04-04 04:47:49.551 E/DisplayDeviceConfig( 1145): requesting nits when no mapping exists.
04-04 04:47:49.552 E/DisplayDeviceConfig( 1145): requesting nits when no mapping exists.
04-04 04:47:49.568 E/DisplayDeviceConfig( 1145): requesting nits when no mapping exists.
04-04 04:47:49.569 E/DisplayDeviceConfig( 1145): requesting nits when no mapping exists.
04-04 04:47:49.585 E/DisplayDeviceConfig( 1145): requesting nits when no mapping exists.
04-04 04:47:49.586 E/DisplayDeviceConfig( 1145): requesting nits when no mapping exists.
04-04 04:47:49.602 E/DisplayDeviceConfig( 1145): requesting nits when no mapping exists.
04-04 04:47:49.603 E/DisplayDeviceConfig( 1145): requesting nits when no mapping exists.
04-04 04:47:49.619 E/DisplayDeviceConfig( 1145): requesting nits when no mapping exists.
04-04 04:47:49.619 E/DisplayDeviceConfig( 1145): requesting nits when no mapping exists.
04-04 04:47:49.636 E/DisplayDeviceConfig( 1145): requesting nits when no mapping exists.
04-04 04:47:49.636 E/DisplayDeviceConfig( 1145): requesting nits when no mapping exists.
04-04 04:47:49.652 E/DisplayDeviceConfig( 1145): requesting nits when no mapping exists.
04-04 04:47:49.652 E/DisplayDeviceConfig( 1145): requesting nits when no mapping exists.
04-04 04:47:49.669 E/DisplayDeviceConfig( 1145): requesting nits when no mapping exists.
04-04 04:47:49.669 E/DisplayDeviceConfig( 1145): requesting nits when no mapping exists.
04-04 04:47:49.686 E/DisplayDeviceConfig( 1145): requesting nits when no mapping exists.
04-04 04:47:49.686 E/DisplayDeviceConfig( 1145): requesting nits when no mapping exists.
04-04 04:47:49.702 E/DisplayDeviceConfig( 1145): requesting nits when no mapping exists.
04-04 04:47:49.703 E/DisplayDeviceConfig( 1145): requesting nits when no mapping exists.
04-04 04:47:49.719 E/DisplayDeviceConfig( 1145): requesting nits when no mapping exists.
04-04 04:47:49.719 E/DisplayDeviceConfig( 1145): requesting nits when no mapping exists.
04-04 04:47:49.722 E/hpplay-base-dlna( 2927): upnpapi.c:655::before gminiserver ThreadPoolShutdown
04-04 04:47:49.722 E/hpplay-base-dlna( 2927): ThreadPool.c:1047::on ThreadPoolShutdown tp->totalThreads:2
04-04 04:47:49.723 E/hpplay-base-dlna( 2927): ThreadPool.c:1047::on ThreadPoolShutdown tp->totalThreads:1
04-04 04:47:49.723 E/hpplay-base-dlna( 2927): ThreadPool.c:1056::after ThreadPoolShutdown
04-04 04:47:49.723 E/hpplay-base-dlna( 2927): ThreadPool.c:1057::ThreadPoolShutdown tp->totalThreads:0
04-04 04:47:49.723 E/hpplay-base-dlna( 2927): upnpapi.c:657::after gminiserver ThreadPoolShutdown
04-04 04:47:49.723 E/hpplay-base-dlna( 2927): upnpapi.c:659::before grecv ThreadPoolShutdown
04-04 04:47:49.724 E/hpplay-base-dlna( 2927): ThreadPool.c:1047::on ThreadPoolShutdown tp->totalThreads:12
04-04 04:47:49.724 E/hpplay-base-dlna( 2927): ThreadPool.c:1047::on ThreadPoolShutdown tp->totalThreads:11
04-04 04:47:49.725 E/hpplay-base-dlna( 2927): ThreadPool.c:1047::on ThreadPoolShutdown tp->totalThreads:10
04-04 04:47:49.725 E/hpplay-base-dlna( 2927): ThreadPool.c:1047::on ThreadPoolShutdown tp->totalThreads:9
04-04 04:47:49.726 E/hpplay-base-dlna( 2927): ThreadPool.c:1047::on ThreadPoolShutdown tp->totalThreads:8
04-04 04:47:49.728 E/hpplay-base-dlna( 2927): ThreadPool.c:1056::after ThreadPoolShutdown
04-04 04:47:49.728 E/hpplay-base-dlna( 2927): ThreadPool.c:1057::ThreadPoolShutdown tp->totalThreads:0
04-04 04:47:49.728 E/hpplay-base-dlna( 2927): upnpapi.c:661::after grecv ThreadPoolShutdown
04-04 04:47:49.728 E/hpplay-base-dlna( 2927): upnpapi.c:663::before gsend ThreadPoolShutdown
04-04 04:47:49.728 E/hpplay-base-dlna( 2927): ThreadPool.c:1047::on ThreadPoolShutdown tp->totalThreads:3
04-04 04:47:49.729 E/hpplay-base-dlna( 2927): ThreadPool.c:1047::on ThreadPoolShutdown tp->totalThreads:2
04-04 04:47:49.729 E/hpplay-base-dlna( 2927): ThreadPool.c:1056::after ThreadPoolShutdown
04-04 04:47:49.729 E/hpplay-base-dlna( 2927): ThreadPool.c:1057::ThreadPoolShutdown tp->totalThreads:0
04-04 04:47:49.729 E/hpplay-base-dlna( 2927): upnpapi.c:665::after gsend ThreadPoolShutdown
04-04 04:47:49.729 D/hpplay-base-dlna( 2927): [lebodlna-dlnaframe:253] dlnaservice Destroy 253 static ERROR_TYPE IDlnaFrame::DestroyDlnaFrame(IDlnaFrame *)
04-04 04:47:49.729 D/hpplay-base-dlna( 2927): [lebodlna-dlna_android:51] dlnaservice Destroy 51 int CDlnaService::Destroy()
04-04 04:47:49.729 D/hpplay-base-dlna( 2927): [lebodlna-dlna_android:194] stopDLNA end
04-04 04:47:49.736 E/DisplayDeviceConfig( 1145): requesting nits when no mapping exists.
04-04 04:47:49.736 E/DisplayDeviceConfig( 1145): requesting nits when no mapping exists.
04-04 04:47:49.752 E/DisplayDeviceConfig( 1145): requesting nits when no mapping exists.
04-04 04:47:49.752 E/DisplayDeviceConfig( 1145): requesting nits when no mapping exists.
04-04 04:47:49.769 E/DisplayDeviceConfig( 1145): requesting nits when no mapping exists.
04-04 04:47:49.770 E/DisplayDeviceConfig( 1145): requesting nits when no mapping exists.
04-04 04:47:49.785 E/DisplayDeviceConfig( 1145): requesting nits when no mapping exists.
04-04 04:47:49.786 E/DisplayDeviceConfig( 1145): requesting nits when no mapping exists.
04-04 04:47:49.802 E/DisplayDeviceConfig( 1145): requesting nits when no mapping exists.
04-04 04:47:49.803 E/DisplayDeviceConfig( 1145): requesting nits when no mapping exists.
04-04 04:47:49.819 E/DisplayDeviceConfig( 1145): requesting nits when no mapping exists.
04-04 04:47:49.820 E/DisplayDeviceConfig( 1145): requesting nits when no mapping exists.
04-04 04:47:49.836 E/DisplayDeviceConfig( 1145): requesting nits when no mapping exists.
04-04 04:47:49.836 E/DisplayDeviceConfig( 1145): requesting nits when no mapping exists.
04-04 04:47:49.852 E/DisplayDeviceConfig( 1145): requesting nits when no mapping exists.
04-04 04:47:49.853 E/DisplayDeviceConfig( 1145): requesting nits when no mapping exists.
04-04 04:47:49.869 E/DisplayDeviceConfig( 1145): requesting nits when no mapping exists.
04-04 04:47:49.869 E/DisplayDeviceConfig( 1145): requesting nits when no mapping exists.
04-04 04:47:49.886 E/DisplayDeviceConfig( 1145): requesting nits when no mapping exists.
04-04 04:47:49.886 E/DisplayDeviceConfig( 1145): requesting nits when no mapping exists.
04-04 04:47:49.903 E/DisplayDeviceConfig( 1145): requesting nits when no mapping exists.
04-04 04:47:49.903 E/DisplayDeviceConfig( 1145): requesting nits when no mapping exists.
04-04 04:47:49.919 E/DisplayDeviceConfig( 1145): requesting nits when no mapping exists.
04-04 04:47:49.920 E/DisplayDeviceConfig( 1145): requesting nits when no mapping exists.
04-04 04:47:49.936 E/DisplayDeviceConfig( 1145): requesting nits when no mapping exists.
04-04 04:47:49.936 E/DisplayDeviceConfig( 1145): requesting nits when no mapping exists.
04-04 04:47:49.953 E/DisplayDeviceConfig( 1145): requesting nits when no mapping exists.
04-04 04:47:49.954 E/DisplayDeviceConfig( 1145): requesting nits when no mapping exists.
04-04 04:47:49.969 E/DisplayDeviceConfig( 1145): requesting nits when no mapping exists.
04-04 04:47:49.970 E/DisplayDeviceConfig( 1145): requesting nits when no mapping exists.
04-04 04:47:49.986 E/DisplayDeviceConfig( 1145): requesting nits when no mapping exists.
04-04 04:47:49.987 E/DisplayDeviceConfig( 1145): requesting nits when no mapping exists.
04-04 04:47:50.003 E/DisplayDeviceConfig( 1145): requesting nits when no mapping exists.
04-04 04:47:50.003 E/DisplayDeviceConfig( 1145): requesting nits when no mapping exists.
04-04 04:47:50.019 E/DisplayDeviceConfig( 1145): requesting nits when no mapping exists.
04-04 04:47:50.020 E/DisplayDeviceConfig( 1145): requesting nits when no mapping exists.
04-04 04:47:50.029 D/hpplay-base( 2927): [stream_mirror_compat:1489] request to stop screen stream session!!
04-04 04:47:50.030 D/hpplay-base( 2927): [AEventUtils:625] begin to stop event handle service!!
04-04 04:47:50.030 D/hpplay-base( 2927): [AEventUtils:628] stop event handle service ok!!
04-04 04:47:50.030 D/hpplay-base( 2927): [REventUtils:231] begin to stop report handle service!!
04-04 04:47:50.030 D/hpplay-base( 2927): [REventUtils:234] stop report handle service ok!!
04-04 04:47:50.030 D/hpplay-base( 2927): [lelinkSinkServer:711] HTTP Server stopSinkServer End .
04-04 04:47:50.030 D/hpplay-base( 2927): [jniBridge:1135] notifyJavaServerStoped
04-04 04:47:50.031 D/hpplay-base( 2927): [jniBridge:1726] notifyJava, what:202, castType:0, mimeType:0 baseStatus:4
04-04 04:47:50.031 D/hpplay-base( 2927): [jniBridge:1727] notifyJava sessionID:(null)
04-04 04:47:50.032 I/hpplay-java( 2927): [Thread-101]:Bridge:notify: what: 202
04-04 04:47:50.032 I/hpplay-java( 2927): [Thread-101]:Bridge:notify: out: OutParameters:{audioSessionId=-1, audiotrackIndex=0, castHandleType=-1, castType=0, deviceName='', dlnaName='', dramaID='', extra=0, frameHandleType=-1, handleInside=true, headduration=0, header='', headers=null, isAD=false, isMultiMirror=false, lelinkVer='', limitTime=0, , mediaAlbum='null', mediaAlbumArtURI='', mediaArtist='null', mediaAssets='', mediaTitle='null', mimeType=0, multiSession=null, period=0, pinCode='', playSpeed=0.0, playerChoice=0, plugin=0, port=0, position=0.0, positionUnit=2, protocol=0, realSessionID='', regType='', , sinkIp='', sourceAPPVersion='', sourceChannel='', sourceClientInfo='', sourceDeviceInfo='', sourceDeviceModel='', sourceDeviceName='', sourceDeviceType=0, sourceHID='', , sourceInfo='', , , sourceOSVersion='', sourceSDKVersion='', sourceUid='', stopDetail=0, stopReason=0, tailduration=0, url='', urlID='', urls=null, userAgent='', videoDecoder=0, volume=0, what=202}com.hpplay.sdk.sink.protocol.OutParameters@d96e11d
04-04 04:47:50.032 I/hpplay-java( 2927): [Thread-101]:Bridge:notify: address:188931986
04-04 04:47:50.033 D/hpplay-base( 2927): [LelinkBase:645] stopServerThreadFunc notifyJavaServerStoped!
04-04 04:47:50.033 I/hpplay-java( 2927): [main]:ServerTaskManager:startTimeOutCheck
04-04 04:47:50.033 I/hpplay-java( 2927): [main]:ServerBusiness:stopDaemonBusiness
04-04 04:47:50.033 I/hpplay-java( 2927): [main]:SinkDataReport:logout
04-04 04:47:50.034 I/hpplay-java( 2927): [main]:EPControl:release
04-04 04:47:50.036 E/DisplayDeviceConfig( 1145): requesting nits when no mapping exists.
04-04 04:47:50.037 E/DisplayDeviceConfig( 1145): requesting nits when no mapping exists.
04-04 04:47:50.038 I/hpplay-java( 2927): [AsyncTask #75]:GlideCreator:clearCache clearDiskCache
04-04 04:47:50.041 I/hpplay-java( 2927): [main]:Dispatcher:notifyAllReverseControlsStop
04-04 04:47:50.041 I/hpplay-java( 2927): [main]:Preference:checkFeature none
04-04 04:47:50.041 I/hpplay-java( 2927): [main]:Dispatcher:notifyAllUIControlsStop set: []
04-04 04:47:50.041 I/hpplay-java( 2927): [main]:Upgrade:upgrade not be allowed
04-04 04:47:50.041 I/hpplay-java( 2927): [main]:Bridge:findServiceID start out: 188931986
04-04 04:47:50.041 I/hpplay-java( 2927): [main]:Bridge:findServiceID end
04-04 04:47:50.041 D/resolv ( 685): GetAddrInfoHandler::run: {100 262244 100 983140 10089 0}
04-04 04:47:50.041 I/hpplay-java( 2927): [main]:ServerTaskManager:onStop retry:true
04-04 04:47:50.042 I/hpplay-java( 2927): [main]:ServerTaskManager:cancelTimeOutCheck
04-04 04:47:50.042 D/resolv ( 685): resolv_getaddrinfo: explore_fqdn(): ai_family=0 ai_socktype=1 ai_protocol=6
04-04 04:47:50.042 W/hpplay-java( 2927): NanoHTTPDServerRunnable:Communication with the client broken
04-04 04:47:50.042 W/hpplay-java( 2927): java.net.SocketException: Socket closed
04-04 04:47:50.042 W/hpplay-java( 2927): at java.net.PlainSocketImpl.socketAccept(PlainSocketImpl.java:213)
04-04 04:47:50.042 W/hpplay-java( 2927): at java.net.AbstractPlainSocketImpl.accept(AbstractPlainSocketImpl.java:451)
04-04 04:47:50.042 W/hpplay-java( 2927): at java.net.ServerSocket.implAccept(ServerSocket.java:547)
04-04 04:47:50.042 W/hpplay-java( 2927): at java.net.ServerSocket.accept(ServerSocket.java:515)
04-04 04:47:50.042 W/hpplay-java( 2927): at com.hpplay.nanohttpd.protocols.http.ServerRunnable.run(SourceFile:118)
04-04 04:47:50.042 W/hpplay-java( 2927): at java.lang.Thread.run(Thread.java:920)
04-04 04:47:50.042 I/hpplay-java( 2927): NanoHTTPDNanoHTTPD:server is stoped
04-04 04:47:50.042 I/hpplay-java( 2927): NanoHTTPDNanoHTTPD:clear obj
04-04 04:47:50.043 I/hpplay-java( 2927): [main]:IPManager:getActiveNets type: WIFI
04-04 04:47:50.043 I/hpplay-java( 2927): [main]:IPManager:getActiveNets eth0:false wifi:true mobile:false ap:false
04-04 04:47:50.043 I/hpplay-java( 2927): [main]:IPManager:getIPAddress IP_WLAN0
04-04 04:47:50.044 D/resolv ( 685): doQuery: (1, 1)
04-04 04:47:50.044 D/resolv ( 685): res_nmkquery: (QUERY, IN, A)
04-04 04:47:50.044 D/resolv ( 685): res_nsend
04-04 04:47:50.044 I/resolv ( 685): resolv_cache_lookup: lookup
04-04 04:47:50.045 I/resolv ( 685): resolv_cache_lookup: NOT IN CACHE (STALE ENTRY 0xb4000072e7e5ca80DISCARDED)
04-04 04:47:50.045 I/resolv ( 685): _cache_remove_p: entry 43 removed (count=41)
04-04 04:47:50.045 I/resolv ( 685): resolv_populate_res_for_net: netid=100
04-04 04:47:50.045 I/resolv ( 685): res_stats_usable_server: NS stats: S 43 + E 0 + T 1 + I 0 = 44, rtt = 117, min_samples = 8
04-04 04:47:50.045 I/resolv ( 685): res_stats_usable_server: success rate 97
04-04 04:47:50.045 I/resolv ( 685): res_stats_usable_server: NS stats: S 1 + E 0 + T 0 + I 0 = 1, rtt = 37, min_samples = 8
04-04 04:47:50.045 D/resolv ( 685): res_nsend: Querying server (# 1) address = 10.3.10.114:53
04-04 04:47:50.047 D/resolv ( 685): send_dg: new DG socket
04-04 04:47:50.048 I/resolv ( 685): get_timeout: using timeout of 5000 msec
04-04 04:47:50.048 I/resolv ( 685): retrying_poll: 54 retrying_poll
04-04 04:47:50.048 I/hpplay-java( 2927): [AsyncTask #95]:IM_MessageClient:heartBeatReceived
04-04 04:47:50.052 I/hpplay-java( 2927): [main]:IPManager:updateIPAddress getIPAddress: 192.168.4.16 name:vlan4
04-04 04:47:50.052 I/hpplay-java( 2927): [main]:IPManager:updateIPAddress getIPAddress: 10.3.110.159 name:wlan0
04-04 04:47:50.052 I/hpplay-java( 2927): [main]:IPManager:updateIPAddress getIPAddress: 192.168.8.16 name:vlan8
04-04 04:47:50.052 I/hpplay-java( 2927): [main]:IPManager:updateIPAddress getIPAddress: 192.168.11.16 name:vlan11
04-04 04:47:50.052 I/hpplay-java( 2927): [main]:IPManager:updateIPAddress getIPAddress: 192.168.0.16 name:vlan0
04-04 04:47:50.052 I/hpplay-java( 2927): [main]:IPManager:updateIPAddress getIPAddress: 192.168.2.16 name:vlan2
04-04 04:47:50.052 I/hpplay-java( 2927): [main]:IPManager:updateIPAddress getIPAddress: 192.168.1.16 name:vlan1
04-04 04:47:50.053 I/hpplay-java( 2927): [main]:ServerTaskManager:exeTask startServer
04-04 04:47:50.053 I/hpplay-java( 2927): [main]:ServerTaskManager:startTimeOutCheck
04-04 04:47:50.054 I/hpplay-java( 2927): [AsyncTask #76]:ServerBusiness:startDaemonBusiness
04-04 04:47:50.054 E/DisplayDeviceConfig( 1145): requesting nits when no mapping exists.
04-04 04:47:50.054 I/hpplay-java( 2927): [AsyncTask #78]:Bridge:assembleInParameters
04-04 04:47:50.054 I/hpplay-java( 2927): [AsyncTask #76]:TimeOutCheckUtil:addTask id:upgrade
04-04 04:47:50.054 E/DisplayDeviceConfig( 1145): requesting nits when no mapping exists.
04-04 04:47:50.055 I/hpplay-java( 2927): [AsyncTask #76]:TimeOutCheckUtil:addTask id:ijkupgrade
04-04 04:47:50.055 I/hpplay-java( 2927): [AsyncTask #78]:Bridge:createDeviceId deviceId:Nzg6MDA6NTk6NDA6MGQ6ZDM=
04-04 04:47:50.056 I/hpplay-java( 2927): [AsyncTask #78]:IPManager:getActiveNets type: WIFI
04-04 04:47:50.056 I/hpplay-java( 2927): [AsyncTask #78]:IPManager:getActiveNets eth0:false wifi:true mobile:false ap:false
04-04 04:47:50.056 I/hpplay-java( 2927): [AsyncTask #78]:IPManager:getIPAddress IP_WLAN0
04-04 04:47:50.056 I/hpplay-java( 2927): [AsyncTask #78]:Preference:checkFeature none
04-04 04:47:50.056 I/hpplay-java( 2927): [AsyncTask #78]:SWI:dlna tip
04-04 04:47:50.056 I/hpplay-java( 2927): [AsyncTask #78]:SWI:lefp tip
04-04 04:47:50.056 I/hpplay-java( 2927): [AsyncTask #78]:Bridge:assembleInParameters none alias name use device name: 高合娱乐副屏
04-04 04:47:50.057 I/hpplay-java( 2927): [AsyncTask #78]:Feature:isSendAdvertisement
04-04 04:47:50.057 I/hpplay-java( 2927): [AsyncTask #78]:Preference:checkFeature none
04-04 04:47:50.058 I/hpplay-java( 2927): [AsyncTask #78]:Preference:checkFeature none
04-04 04:47:50.058 I/hpplay-java( 2927): [AsyncTask #78]:Bridge:backupHpplayDat bakPath:
04-04 04:47:50.058 I/hpplay-java( 2927): [AsyncTask #78]:Bridge:path:/data/user/0/com.hht.lebocast/files/hpplay/file/happyplay.dat
04-04 04:47:50.058 I/hpplay-java( 2927): [AsyncTask #78]:Bridge:mAppId:21409
04-04 04:47:50.058 I/hpplay-java( 2927): [AsyncTask #78]:Bridge:mode:3
04-04 04:47:50.058 I/hpplay-java( 2927): [AsyncTask #78]:Bridge:type:1
04-04 04:47:50.058 I/hpplay-java( 2927): [AsyncTask #78]:Bridge:SN:
04-04 04:47:50.058 I/hpplay-java( 2927): [AsyncTask #78]:Preference:checkFeature none
04-04 04:47:50.058 I/hpplay-java( 2927): [AsyncTask #78]:Bridge:backPath:
04-04 04:47:50.058 I/hpplay-java( 2927): [AsyncTask #78]:DeviceUtil:getPermissionDid: 1
04-04 04:47:50.058 I/hpplay-java( 2927): [AsyncTask #78]:DeviceUtil:getPermissionDid: 1
04-04 04:47:50.059 I/hpplay-java( 2927): NanoHTTPDNanoHTTPD:server is started
04-04 04:47:50.059 I/hpplay-java( 2927): [AsyncTask #78]:Preference:checkFeature none
04-04 04:47:50.059 I/hpplay-java( 2927): [AsyncTask #78]:Preference:checkFeature none
04-04 04:47:50.059 I/hpplay-java( 2927): [AsyncTask #78]:Preference:checkFeature none
04-04 04:47:50.059 I/hpplay-java( 2927): [AsyncTask #78]:Preference:checkFeature none
04-04 04:47:50.059 I/hpplay-java( 2927): [AsyncTask #78]:Preference:checkFeature none
04-04 04:47:50.066 W/hpplay-java( 2927): [AsyncTask #76]:ServerBusiness:startDaemonBusiness start LelinkHTTPD sucess 52288
04-04 04:47:50.069 I/hpplay-java( 2927): [main]:ServerBusiness:get deviceCode:2457154028
04-04 04:47:50.069 E/DisplayDeviceConfig( 1145): requesting nits when no mapping exists.
04-04 04:47:50.070 E/DisplayDeviceConfig( 1145): requesting nits when no mapping exists.
04-04 04:47:50.079 I/mpu_uart( 661): [MSG-P:RECV]:No message received in 1000 ms
04-04 04:47:50.086 E/DisplayDeviceConfig( 1145): requesting nits when no mapping exists.
04-04 04:47:50.087 E/DisplayDeviceConfig( 1145): requesting nits when no mapping exists.
04-04 04:47:50.090 W/hpplay-java( 2927): [AsyncTask #78]:DeviceUtils:getDomain create lb domain
04-04 04:47:50.091 I/hpplay-java( 2927): [AsyncTask #78]:Feature:getMirrorAudioVideoSync DISABLE
04-04 04:47:50.091 I/hpplay-java( 2927): [AsyncTask #78]:Feature:checkSupportRedirectOtherApp,no set redirect api
04-04 04:47:50.091 I/hpplay-java( 2927): [AsyncTask #78]:Feature:getRedirectSearchFlag,value: 0
04-04 04:47:50.095 I/hpplay-java( 2927): [AsyncTask #78]:Bridge:mIn: InParameters{appInfo='0', appKey='21409', authMode=0, authPwd='null', broadcastDirection=0, broadcastState=1, broadcastTimeout=3, buildType='release', cacheAVPath='/data/user/0/com.hht.lebocast/cache/hpplay/av', cachePhotoPath='/data/user/0/com.hht.lebocast/cache/hpplay/image', channel='LEBO-APK--60146-25915', desPath='', , deviceName='高合娱乐副屏', dlna=1, dlnaCompany='Microsoft Corporation', dlnaCompanyURL='http://www.microsoft.com', dlnaDeviceDescribe='Media Renderer', dlnaDeviceName='Windows Media Player', dlnaDeviceURL='http://go.microsoft.com/fwlink/Linkld=105927', dlnaLelinkSwitch=1, dlnaManufacturer=0, dlnaName='高合娱乐副屏', dlnaUPC='', dlnaUUID='fd17a3b6-3524-090f-053e-af2ce7fe6986', domain='Lebo-figure-a6087e369fa3', drainage=0, feature='6655', fps=60, height=1080, host='null', , keyPath='/data/user/0/com.hht.lebocast/files/hpplay/file', lelinkfp=1, lelinkfp2=0, logBaseState=1, logPath='/storage/emulated/0/com.hht.lebocast/sink/sdk/common', , mdnsEnable=1, mirrorSyncType=0, netCastVer='2.0', packageName='com.hht.lebocast', packagePath='/data/user/0/com.hht.lebocast', permissionDid='a6:08:7e:36:9f:a3', permissionMode=3, permissionPreSN='', port=0, preemptMode=0, regType='_leboremote._tcp.', serverPorts=null, sockWaitTimeOut=45, teleControlPort=53388, tunnels=3, txtKeys=null, txtValues=null, uid='10000072516705', videoFrameType=1001, width=1920}com.hpplay.sdk.sink.protocol.InParameters@9908cde
04-04 04:47:50.095 I/hpplay-java( 2927): [main]:Bridge:startServer state: 0
04-04 04:47:50.096 D/hpplay-base( 2927): [jniBridge:185] not conference version
04-04 04:47:50.096 I/hpplay-base( 2927): [jniBridge:241] 1initServer nSettingWidth=1920 nSettingHeight=1080 nSettingMaxFPS=60 dlnaEnable=1 lelinkFpEnable=1
04-04 04:47:50.096 D/hpplay-base( 2927): [jniBridge:283] 1initServer cfg.leLinkIp=10.3.110.159
04-04 04:47:50.096 D/hpplay-base( 2927): [jniBridge:286] 1initServer cfg.mPermissionMode=3
04-04 04:47:50.096 D/hpplay-base( 2927): [jniBridge:304] 1initServer cfg.permissionDid=a6:08:7e:36:9f:a3000000000000000
04-04 04:47:50.096 D/hpplay-base( 2927): [jniBridge:313] 1initServer cfg.mPermissionPreSN=00000000000000000000000000000000
04-04 04:47:50.096 D/hpplay-base( 2927): [jniBridge:317] Bridge___1initServer status:0
04-04 04:47:50.096 I/hpplay-base( 2927): [jniBridge:325] 1initServer cfg.feature=6655
04-04 04:47:50.096 D/hpplay-base( 2927): [jniBridge:377] 1initServer isSendBroadCast=3
04-04 04:47:50.096 D/hpplay-base( 2927): [jniBridge:380] 1initServer broadcastDirection=0
04-04 04:47:50.096 D/hpplay-base( 2927): [jniBridge:382] 1initServer ipBroadcast direction=0
04-04 04:47:50.096 D/hpplay-base( 2927): [jniBridge:387] 1initServer tunnel=3
04-04 04:47:50.096 D/hpplay-base( 2927): [jniBridge:390] 1initServer drainage=0
04-04 04:47:50.096 D/hpplay-base( 2927): [jniBridge:401] 1initServer mDNSEnable=1
04-04 04:47:50.096 D/hpplay-base( 2927): [jniBridge:406] 1initServer nSockWaitTimeOut=45
04-04 04:47:50.096 D/hpplay-base( 2927): [jniBridge:410] 1initServer nMirrorAudioVideoSync=0
04-04 04:47:50.096 I/hpplay-base( 2927): [sign_check:168] checkSign strPackageName:com.hht.lebocast
04-04 04:47:50.097 I/hpplay-base( 2927): [sign_check:169] checkSign buildType:release
04-04 04:47:50.097 I/hpplay-base( 2927): [sign_check:170] checkSign appKey:21409
04-04 04:47:50.097 D/hpplay-base( 2927): [LelinkBase:405] bridgeInit port: 0, lelinkfp: 0
04-04 04:47:50.097 D/hpplay-base( 2927): [LelinkBase:462] bridgeInit mPackagePath =/data/user/0/com.hht.lebocast
04-04 04:47:50.097 D/hpplay-base( 2927): [LelinkBase:463] bridgeInit mKeyPath =/data/user/0/com.hht.lebocast/files/hpplay/file
04-04 04:47:50.097 D/hpplay-base( 2927): [SinkContext:97] initSinkContext mPackagePath =/data/user/0/com.hht.lebocast
04-04 04:47:50.097 D/hpplay-base( 2927): [SinkContext:98] initSinkContext mKeyPath =/data/user/0/com.hht.lebocast/files/hpplay/file
04-04 04:47:50.097 D/hpplay-base( 2927): [jniBridge:478] Java_com_hpplay_sdk_sink_protocol_Bridge__1initServer end
04-04 04:47:50.097 D/hpplay-base( 2927): [jniBridge:869] Bridge__1startServer status:1
04-04 04:47:50.098 I/resolv ( 685): retrying_poll: 54 retrying_poll returning 1
04-04 04:47:50.098 I/resolv ( 685): res_nsend: used send_dg 46 terrno: 0
04-04 04:47:50.098 I/resolv ( 685): res_stats_set_sample: rcode = 0, sec = 50
04-04 04:47:50.098 I/resolv ( 685): res_cache_add_stats_sample_locked: adding sample to stats, next = 44, count = 44
04-04 04:47:50.098 D/resolv ( 685): res_nsend: got answer:
04-04 04:47:50.098 I/resolv ( 685): answer_getTTL: TTL = 578
04-04 04:47:50.098 I/resolv ( 685): _cache_add_p: entry 45 added (count=42)
04-04 04:47:50.098 D/hpplay-base( 2927): [LelinkBase:492] startAllServer at base
04-04 04:47:50.098 I/resolv ( 685): cache_dump_mru_locked: MRU LIST (42): 45 44 42 1 41 40 39 38 37 36 35 34 33 32 31 30 29 28 27 26 25 24 23 22 21 20 2 19 18 17 15 14 13 12 11 10 9 8 7 6 5 4
04-04 04:47:50.099 D/resolv ( 685): doQuery: rcode=0, ancount=1
04-04 04:47:50.099 D/hpplay-base( 2927): [lelinkSinkServer:152] httpPlugins_SetServerPort TYPE_SERVER_LELINK:52266
04-04 04:47:50.099 D/hpplay-base( 2927): [network.c:362] protocol bind host :10.3.110.159 port:52266 curent bind port:52266
04-04 04:47:50.099 D/hpplay-base( 2927): [lelinkSinkServer:681] HTTP Server real at:52266
04-04 04:47:50.099 I/ResolverController( 685): No valid NAT64 prefix (100, /0)
04-04 04:47:50.100 D/hpplay-base( 2927): [lelinkSinkServer:644] Connected Service Type:0
04-04 04:47:50.100 D/hpplay-base( 2927): [ScreenStream:1285] current bind port:7100
04-04 04:47:50.100 I/hpplay-base( 2927): : (server.c.315) startServer listen_ing....:
04-04 04:47:50.100 D/hpplay-base( 2927): [Server:371] startHttpServer srv_sockets.used:1 nCurrentFd:124, tid is 6807
04-04 04:47:50.101 D/hpplay-base( 2927): [LelinkBase:515] startAllServer pBaseContext->config.dlnaEnable:1
04-04 04:47:50.101 D/hpplay-base( 2927): [lelinkDlna:324] addDMRCallback end
04-04 04:47:50.102 D/hpplay-base( 2927): [stream_mirror_compat:759] compat mirror stream begin to run,server fd:126,thread_id:3176845760!!
04-04 04:47:50.104 E/DisplayDeviceConfig( 1145): requesting nits when no mapping exists.
04-04 04:47:50.104 E/DisplayDeviceConfig( 1145): requesting nits when no mapping exists.
04-04 04:47:50.109 E/hpplay-base-dlna( 2927): miniserver.c:788::dlna_port(ipv4: 49152 ipv6:0)
04-04 04:47:50.112 D/hpplay-base-dlna( 2927): [lebodlna-dlnaframe:166] succeed to load lebodlnaplugin
04-04 04:47:50.112 D/hpplay-base-dlna( 2927): [lebodlna-dlnaframe:232] Succeed to load specified plugin:lebodlna_plugin
04-04 04:47:50.112 D/hpplay-base( 2927): [lelinkDlna:328] startDLNAServer ret=0
04-04 04:47:50.112 D/hpplay-base( 2927): [LelinkBase:531] startDLNAServer ret= 0
04-04 04:47:50.112 D/hpplay-base( 2927): [lelinkDlna:342] setDMRFriendlyName 高合娱乐副屏
04-04 04:47:50.112 D/hpplay-base-dlna( 2927): [lebodlna-dlna_android:136] setBroadcastTimeout mBroadcastTimeOut=66 status=3!
04-04 04:47:50.112 D/hpplay-base-dlna( 2927): [lebodlna_api:32] start DMR
04-04 04:47:50.112 D/hpplay-base-dlna( 2927): [UpnpDefine:434] RegisterDMRender invalid lelink info
04-04 04:47:50.112 D/hpplay-base-dlna( 2927): [UpnpDefine:467] DLNA DEFAULT_DESCRIPTION
04-04 04:47:50.114 E/hpplay-base-dlna( 2927): upnpapi.c:1078::Exiting RegisterRootDevice2 *Hnd =1, return value == 0
04-04 04:47:50.114 D/hpplay-base-dlna( 2927): [CUpnpDevice:41] Register Root Device 2:0
04-04 04:47:50.114 D/hpplay-base-dlna( 2927): [UpnpDefine:794] ESDMRender:Register success
04-04 04:47:50.114 D/hpplay-base-dlna( 2927): [lebodlna_api:41] sendBroadcast mBroadcastTimeOut=3
04-04 04:47:50.114 D/hpplay-base-dlna( 2927): [lebodlna_api:44] sendBroadcast timeout=66
04-04 04:47:50.123 E/DisplayDeviceConfig( 1145): requesting nits when no mapping exists.
04-04 04:47:50.123 E/DisplayDeviceConfig( 1145): requesting nits when no mapping exists.
04-04 04:47:50.128 D/hpplay-base( 2927): [lelinkDlna:361] startDLNADevice dlnaManufacturer:0 ret=0
04-04 04:47:50.128 D/hpplay-base( 2927): [LelinkBase:535] lelinkSetDlnaInfo ret= 0
04-04 04:47:50.128 D/hpplay-base( 2927): [LelinkBase:547] startAllServer pBaseContext->config.mDNSEnable:1
04-04 04:47:50.130 D/hpplay-base( 2927): [base_mdns:509] mdns net.hostname:
04-04 04:47:50.130 D/hpplay-base( 2927): [base_mdns:529] mdns namelabel:-00-80-0F-74-31-00
04-04 04:47:50.130 D/hpplay-base( 2927): [base_mdns:509] mdns net.hostname:
04-04 04:47:50.130 D/hpplay-base( 2927): [base_mdns:529] mdns namelabel:-00-80-0F-74-31-00
04-04 04:47:50.131 D/hpplay-base( 2927): [mdns:813] mdns start bind port:0
04-04 04:47:50.138 D/hpplay-base( 2927): [mdns:813] mdns start bind port:5353
04-04 04:47:50.138 D/hpplay-base( 2927): [mdns:813] mdns start bind port:5353
04-04 04:47:50.119 W/swapper/2( 0): type=1400 audit(0.0:748): avc: denied { kill } for capability=5 scontext=u:r:kernel:s0 tcontext=u:r:kernel:s0 tclass=capability permissive=0
04-04 04:47:50.139 D/hpplay-base( 2927): [mdns:813] mdns start bind port:5353
04-04 04:47:50.140 D/hpplay-base( 2927): [mdns:813] mdns start bind port:5353
04-04 04:47:50.140 E/DisplayDeviceConfig( 1145): requesting nits when no mapping exists.
04-04 04:47:50.140 D/hpplay-base( 2927): [mdns:813] mdns start bind port:5353
04-04 04:47:50.140 E/DisplayDeviceConfig( 1145): requesting nits when no mapping exists.
04-04 04:47:50.141 D/hpplay-base( 2927): [mdns:813] mdns start bind port:5353
04-04 04:47:50.141 D/hpplay-base( 2927): [mdns:813] mdns start bind port:5353
04-04 04:47:50.142 I/hpplay-base( 2927): [mDNSEmbeded:57] embedded_mDNSInit stopmDNSNow:0 status:0
04-04 04:47:50.143 D/hpplay-base( 2927): [mDNSEmbeded:436] startmDNSServer end nRet=0
04-04 04:47:50.143 D/hpplay-base( 2927): [LelinkBase:555] lelink broadcast_on_off:1 log2java_on_off:1
04-04 04:47:50.144 D/hpplay-base( 2927): [AEventUtils:595] request to start event handle service!!
04-04 04:47:50.144 D/hpplay-base( 2927): [AEventUtils:603] start_event_handle_service,begin to run!!
04-04 04:47:50.144 I/hpplay-base( 2927): [mDNSEmbeded:268] start lelink publish server, tid is 6823
04-04 04:47:50.144 D/hpplay-base( 2927): [REventUtils:210] start_event_handle_service,begin to run!!
04-04 04:47:50.144 D/hpplay-base( 2927): [mDNSEmbeded:197] http_port bind check 197 http_port_check
04-04 04:47:50.144 D/hpplay-base( 2927): [LelinkBase:576] startAllServer success .
04-04 04:47:50.145 D/hpplay-base( 2927): [AEventUtils:171] create handle AEvent thread ok!!,tid is 6825
04-04 04:47:50.145 D/hpplay-base( 2927): [jniBridge:894] startDlna_link:http://10.3.110.159:49152/description.xml
04-04 04:47:50.145 D/hpplay-base( 2927): [REventUtils:59] create handleREventThread thread ok!!,tid is 6826
04-04 04:47:50.145 D/hpplay-base( 2927): [jniBridge:1081] notifyJavaDlnalink:http://10.3.110.159:49152/description.xml
04-04 04:47:50.145 D/hpplay-base( 2927): [jniBridge:1726] notifyJava, what:207, castType:0, mimeType:0 baseStatus:2
04-04 04:47:50.145 D/hpplay-base( 2927): [jniBridge:1727] notifyJava sessionID:(null)
04-04 04:47:50.146 I/hpplay-java( 2927): [Thread-103]:Bridge:notify: what: 207
04-04 04:47:50.146 D/resolv ( 685): GetHostByNameHandler::run: result: Success
04-04 04:47:50.146 I/hpplay-java( 2927): [Thread-103]:Bridge:notify: out: OutParameters:{audioSessionId=-1, audiotrackIndex=0, castHandleType=-1, castType=0, deviceName='http://10.3.110.159:49152/description.xml', dlnaName='', dramaID='', extra=0, frameHandleType=-1, handleInside=true, headduration=0, header='', headers=null, isAD=false, isMultiMirror=false, lelinkVer='', limitTime=0, , mediaAlbum='null', mediaAlbumArtURI='', mediaArtist='null', mediaAssets='', mediaTitle='null', mimeType=0, multiSession=null, period=0, pinCode='', playSpeed=0.0, playerChoice=0, plugin=0, port=0, position=0.0, positionUnit=2, protocol=0, realSessionID='', regType='', , sinkIp='', sourceAPPVersion='', sourceChannel='', sourceClientInfo='', sourceDeviceInfo='', sourceDeviceModel='', sourceDeviceName='', sourceDeviceType=0, sourceHID='', , sourceInfo='', , , sourceOSVersion='', sourceSDKVersion='', sourceUid='', stopDetail=0, stopReason=0, tailduration=0, url='', urlID='', urls=null, userAgent='', videoDecoder=0, volume=0, what=207}com.hpplay.sdk.sink.protocol.OutParameters@f6d95db
04-04 04:47:50.146 I/hpplay-java( 2927): [Thread-103]:Bridge:notify: address:129218680
04-04 04:47:50.147 D/hpplay-base( 2927): [LelinkMDNS:729] leboAuthorizationCheck strUuid=a6:08:7e:36:9f:a3000000000000000
04-04 04:47:50.147 D/hpplay-base( 2927): [LelinkMDNS:730] leboAuthorizationCheck mPermissionDid=a6:08:7e:36:9f:a3000000000000000
04-04 04:47:50.147 D/hpplay-base( 2927): [LelinkMDNS:755] leboAuthorizationCheck mPermissionMac=a6:08:7e:36:9f:a3000000000000000
04-04 04:47:50.147 D/hpplay-base( 2927): [mDNSEmbeded:217] http_port bind check 217 http_port_check
04-04 04:47:50.147 D/hpplay-base( 2927): [mDNSEmbeded:222] http_port bind check 222 http_port_check
04-04 04:47:50.151 D/hpplay-base( 2927): [mDNSEmbeded:234] http_port bind check 234 http_port_check port:52266
04-04 04:47:50.152 D/hpplay-base( 2927): [mDNSEmbeded:237] http_port bind check 237 http_port_check
04-04 04:47:50.153 E/DisplayDeviceConfig( 1145): requesting nits when no mapping exists.
04-04 04:47:50.153 D/hpplay-base( 2927): [lelinkSinkServer:93] new client connection from 127.0.0.1 49356, fd=162
04-04 04:47:50.153 D/hpplay-base( 2927): [SinkContext:137] addSinkContextSession,begin to run!!
04-04 04:47:50.153 D/hpplay-base( 2927): [SinkContext:142] addSinkContextSession,begin to get lock!!
04-04 04:47:50.153 D/hpplay-base( 2927): [SinkContext:144] addSinkContextSession,get lock ok!!
04-04 04:47:50.153 D/hpplay-base( 2927): [SinkContext:149] addSinkContextSession,session list is null,begin to malloc!!
04-04 04:47:50.153 D/hpplay-base( 2927): [SinkContext:156] addSinkContextSession,begin to update!!
04-04 04:47:50.153 D/hpplay-base( 2927): [SinkContext:160] addSinkContextSession,begin to update header!!
04-04 04:47:50.153 E/DisplayDeviceConfig( 1145): requesting nits when no mapping exists.
04-04 04:47:50.154 D/hpplay-base( 2927): [SinkContext:172] addSinkContextSession,begin to unlock!!
04-04 04:47:50.154 D/hpplay-base( 2927): [SinkContext:174] addSinkContextSession,unlock ok!!
04-04 04:47:50.154 D/hpplay-base( 2927): [LelinkReceiver:4908] get ping !!!
04-04 04:47:50.154 D/hpplay-base( 2927): [mDNSEmbeded:240] http_port bind check 240 http_port_check recieved:64
04-04 04:47:50.154 D/hpplay-base( 2927): [mDNSEmbeded:243] http_port bind check 243 http_port_check
04-04 04:47:50.154 D/hpplay-base( 2927): [mDNSEmbeded:244] http_port bind check ok!
04-04 04:47:50.170 E/DisplayDeviceConfig( 1145): requesting nits when no mapping exists.
04-04 04:47:50.170 E/DisplayDeviceConfig( 1145): requesting nits when no mapping exists.
04-04 04:47:50.147 W/om.hht.lebocast( 2927): type=1400 audit(0.0:749): avc: granted { read } for name="arp" dev="proc" ino=4026532256 scontext=u:r:platform_app:s0:c512,c768 tcontext=u:object_r:proc_net:s0 tclass=file app=com.hht.lebocast
04-04 04:47:50.186 E/DisplayDeviceConfig( 1145): requesting nits when no mapping exists.
04-04 04:47:50.187 E/DisplayDeviceConfig( 1145): requesting nits when no mapping exists.
04-04 04:47:50.147 W/om.hht.lebocast( 2927): type=1400 audit(0.0:750): avc: granted { read open } for path="/proc/2927/net/arp" dev="proc" ino=4026532256 scontext=u:r:platform_app:s0:c512,c768 tcontext=u:object_r:proc_net:s0 tclass=file app=com.hht.lebocast
04-04 04:47:50.203 E/DisplayDeviceConfig( 1145): requesting nits when no mapping exists.
04-04 04:47:50.203 E/DisplayDeviceConfig( 1145): requesting nits when no mapping exists.
04-04 04:47:50.220 E/DisplayDeviceConfig( 1145): requesting nits when no mapping exists.
04-04 04:47:50.220 E/DisplayDeviceConfig( 1145): requesting nits when no mapping exists.
04-04 04:47:50.147 W/om.hht.lebocast( 2927): type=1400 audit(0.0:751): avc: granted { getattr } for path="/proc/2927/net/arp" dev="proc" ino=4026532256 scontext=u:r:platform_app:s0:c512,c768 tcontext=u:object_r:proc_net:s0 tclass=file app=com.hht.lebocast
04-04 04:47:50.236 E/DisplayDeviceConfig( 1145): requesting nits when no mapping exists.
04-04 04:47:50.237 E/DisplayDeviceConfig( 1145): requesting nits when no mapping exists.
04-04 04:47:50.253 E/DisplayDeviceConfig( 1145): requesting nits when no mapping exists.
04-04 04:47:50.253 E/DisplayDeviceConfig( 1145): requesting nits when no mapping exists.
04-04 04:47:50.270 E/DisplayDeviceConfig( 1145): requesting nits when no mapping exists.
04-04 04:47:50.271 E/DisplayDeviceConfig( 1145): requesting nits when no mapping exists.
04-04 04:47:50.287 E/DisplayDeviceConfig( 1145): requesting nits when no mapping exists.
04-04 04:47:50.287 E/DisplayDeviceConfig( 1145): requesting nits when no mapping exists.
04-04 04:47:50.304 E/DisplayDeviceConfig( 1145): requesting nits when no mapping exists.
04-04 04:47:50.304 E/DisplayDeviceConfig( 1145): requesting nits when no mapping exists.
04-04 04:47:50.320 E/DisplayDeviceConfig( 1145): requesting nits when no mapping exists.
04-04 04:47:50.320 E/DisplayDeviceConfig( 1145): requesting nits when no mapping exists.
04-04 04:47:50.337 E/DisplayDeviceConfig( 1145): requesting nits when no mapping exists.
04-04 04:47:50.337 E/DisplayDeviceConfig( 1145): requesting nits when no mapping exists.
04-04 04:47:50.353 E/DisplayDeviceConfig( 1145): requesting nits when no mapping exists.
04-04 04:47:50.354 E/DisplayDeviceConfig( 1145): requesting nits when no mapping exists.
