04-04 04:29:57.580 I/BackupManagerService( 1145): Starting service for user: 0
04-04 04:29:57.580 V/BackupManagerService( 1145): [UserID:0] Starting with transport com.android.localtransport/.LocalTransport
04-04 04:29:57.580 D/BackupManagerService( 1145): [UserID:0] Started thread backup-0
04-04 04:29:57.582 W/Looper ( 1145): Drained
04-04 04:29:57.582 D/SystemServerTimingAsync( 1145): ssm.onUnlockingUser-0_com.android.server.voiceinteraction.VoiceInteractionManagerService took to complete: 3ms
04-04 04:29:57.582 I/SystemServerTimingAsync( 1145): ssm.onUnlockingUser-0_com.android.server.apphibernation.AppHibernationService
04-04 04:29:57.582 D/SystemServerTimingAsync( 1145): ssm.onUnlockingUser-0_com.android.server.apphibernation.AppHibernationService took to complete: 0ms
04-04 04:29:57.582 I/SystemServerTimingAsync( 1145): ssm.onUnlockingUser-0_com.android.server.SensorNotificationService
04-04 04:29:57.582 D/SystemServerTimingAsync( 1145): ssm.onUnlockingUser-0_com.android.server.SensorNotificationService took to complete: 0ms
04-04 04:29:57.582 I/SystemServerTimingAsync( 1145): ssm.onUnlockingUser-0_com.android.server.emergency.EmergencyAffordanceService
04-04 04:29:57.582 D/SystemServerTimingAsync( 1145): ssm.onUnlockingUser-0_com.android.server.emergency.EmergencyAffordanceService took to complete: 0ms
04-04 04:29:57.582 I/SystemServerTimingAsync( 1145): ssm.onUnlockingUser-0_com.android.server.blob.BlobStoreManagerService
04-04 04:29:57.583 D/SystemServerTimingAsync( 1145): ssm.onUnlockingUser-0_com.android.server.blob.BlobStoreManagerService took to complete: 0ms
04-04 04:29:57.583 I/SystemServerTimingAsync( 1145): ssm.onUnlockingUser-0_com.android.server.dreams.DreamManagerService
04-04 04:29:57.583 D/SystemServerTimingAsync( 1145): ssm.onUnlockingUser-0_com.android.server.dreams.DreamManagerService took to complete: 0ms
04-04 04:29:57.583 I/SystemServerTimingAsync( 1145): ssm.onUnlockingUser-0_com.android.server.companion.CompanionDeviceManagerService
04-04 04:29:57.583 D/SystemServerTimingAsync( 1145): ssm.onUnlockingUser-0_com.android.server.companion.CompanionDeviceManagerService took to complete: 0ms
04-04 04:29:57.583 I/SystemServerTimingAsync( 1145): ssm.onUnlockingUser-0_com.android.server.restrictions.RestrictionsManagerService
04-04 04:29:57.583 D/SystemServerTimingAsync( 1145): ssm.onUnlockingUser-0_com.android.server.restrictions.RestrictionsManagerService took to complete: 0ms
04-04 04:29:57.583 I/SystemServerTimingAsync( 1145): ssm.onUnlockingUser-0_com.android.server.media.MediaSessionService
04-04 04:29:57.583 D/SystemServerTimingAsync( 1145): ssm.onUnlockingUser-0_com.android.server.media.MediaSessionService took to complete: 0ms
04-04 04:29:57.583 I/SystemServerTimingAsync( 1145): ssm.onUnlockingUser-0_com.android.server.media.MediaResourceMonitorService
04-04 04:29:57.583 D/SystemServerTimingAsync( 1145): ssm.onUnlockingUser-0_com.android.server.media.MediaResourceMonitorService took to complete: 0ms
04-04 04:29:57.583 I/SystemServerTimingAsync( 1145): ssm.onUnlockingUser-0_com.android.server.biometrics.sensors.fingerprint.FingerprintService
04-04 04:29:57.583 D/SystemServerTimingAsync( 1145): ssm.onUnlockingUser-0_com.android.server.biometrics.sensors.fingerprint.FingerprintService took to complete: 0ms
04-04 04:29:57.583 I/HibernationStateDiskStore( 1145): No hibernation file on disk for file /data/system_ce/0/hibernation/states
04-04 04:29:57.583 I/SystemServerTimingAsync( 1145): ssm.onUnlockingUser-0_com.android.server.biometrics.BiometricService
04-04 04:29:57.583 D/SystemServerTimingAsync( 1145): ssm.onUnlockingUser-0_com.android.server.biometrics.BiometricService took to complete: 0ms
04-04 04:29:57.583 I/SystemServerTimingAsync( 1145): ssm.onUnlockingUser-0_com.android.server.biometrics.AuthService
04-04 04:29:57.583 D/SystemServerTimingAsync( 1145): ssm.onUnlockingUser-0_com.android.server.biometrics.AuthService took to complete: 0ms
04-04 04:29:57.584 I/SystemServerTimingAsync( 1145): ssm.onUnlockingUser-0_com.android.server.pm.ShortcutService$Lifecycle
04-04 04:29:57.584 D/SystemServerTimingAsync( 1145): ssm.onUnlockingUser-0_com.android.server.pm.ShortcutService$Lifecycle took to complete: 1ms
04-04 04:29:57.584 I/SystemServerTimingAsync( 1145): ssm.onUnlockingUser-0_com.android.server.pm.LauncherAppsService
04-04 04:29:57.584 D/SystemServerTimingAsync( 1145): ssm.onUnlockingUser-0_com.android.server.pm.LauncherAppsService took to complete: 0ms
04-04 04:29:57.584 I/SystemServerTimingAsync( 1145): ssm.onUnlockingUser-0_com.android.server.pm.CrossProfileAppsService
04-04 04:29:57.584 D/SystemServerTimingAsync( 1145): ssm.onUnlockingUser-0_com.android.server.pm.CrossProfileAppsService took to complete: 0ms
04-04 04:29:57.584 I/SystemServerTimingAsync( 1145): ssm.onUnlockingUser-0_com.android.server.people.PeopleService
04-04 04:29:57.584 D/SystemServerTimingAsync( 1145): ssm.onUnlockingUser-0_com.android.server.people.PeopleService took to complete: 0ms
04-04 04:29:57.584 I/SystemServerTimingAsync( 1145): ssm.onUnlockingUser-0_com.android.server.media.metrics.MediaMetricsManagerService
04-04 04:29:57.585 D/SystemServerTimingAsync( 1145): ssm.onUnlockingUser-0_com.android.server.media.metrics.MediaMetricsManagerService took to complete: 0ms
04-04 04:29:57.585 I/SystemServerTimingAsync( 1145): ssm.onUnlockingUser-0_com.android.server.media.projection.MediaProjectionManagerService
04-04 04:29:57.585 D/SystemServerTimingAsync( 1145): ssm.onUnlockingUser-0_com.android.server.media.projection.MediaProjectionManagerService took to complete: 0ms
04-04 04:29:57.585 I/SystemServerTimingAsync( 1145): ssm.onUnlockingUser-0_com.android.server.slice.SliceManagerService$Lifecycle
04-04 04:29:57.585 D/SystemServerTimingAsync( 1145): ssm.onUnlockingUser-0_com.android.server.slice.SliceManagerService$Lifecycle took to complete: 0ms
04-04 04:29:57.585 I/SystemServerTimingAsync( 1145): ssm.onUnlockingUser-0_com.android.server.stats.StatsCompanion$Lifecycle
04-04 04:29:57.585 D/SystemServerTimingAsync( 1145): ssm.onUnlockingUser-0_com.android.server.stats.StatsCompanion$Lifecycle took to complete: 0ms
04-04 04:29:57.588 I/NotificationHistory( 1145): Attempted to unlock gone/disabled user 0
04-04 04:29:57.590 I/SystemServerTimingAsync( 1145): ssm.onUnlockingUser-0_com.android.server.scheduling.RebootReadinessManagerService$Lifecycle
04-04 04:29:57.590 D/SystemServerTimingAsync( 1145): ssm.onUnlockingUser-0_com.android.server.scheduling.RebootReadinessManagerService$Lifecycle took to complete: 0ms
04-04 04:29:57.590 I/SystemServerTimingAsync( 1145): ssm.onUnlockingUser-0_com.android.server.stats.pull.StatsPullAtomService
04-04 04:29:57.590 D/SystemServerTimingAsync( 1145): ssm.onUnlockingUser-0_com.android.server.stats.pull.StatsPullAtomService took to complete: 0ms
04-04 04:29:57.590 I/SystemServerTimingAsync( 1145): ssm.onUnlockingUser-0_com.android.server.incident.IncidentCompanionService
04-04 04:29:57.591 D/SystemServerTimingAsync( 1145): ssm.onUnlockingUser-0_com.android.server.incident.IncidentCompanionService took to complete: 0ms
04-04 04:29:57.591 I/SystemServerTimingAsync( 1145): ssm.onUnlockingUser-0_com.android.server.MmsServiceBroker
04-04 04:29:57.591 D/SystemServerTimingAsync( 1145): ssm.onUnlockingUser-0_com.android.server.MmsServiceBroker took to complete: 0ms
04-04 04:29:57.591 I/SystemServerTimingAsync( 1145): ssm.onUnlockingUser-0_com.android.server.autofill.AutofillManagerService
04-04 04:29:57.592 D/AutofillManagerServiceImpl( 1145): Reset component for user 0:
04-04 04:29:57.592 D/AutofillUI( 1145): destroySaveUiUiThread(): already destroyed
04-04 04:29:57.592 D/FieldClassificationStrategy( 1145): reset(): service is not bound. Do nothing.
04-04 04:29:57.592 D/SystemServerTimingAsync( 1145): ssm.onUnlockingUser-0_com.android.server.autofill.AutofillManagerService took to complete: 2ms
04-04 04:29:57.592 I/SystemServerTimingAsync( 1145): ssm.onUnlockingUser-0_com.android.server.clipboard.ClipboardService
04-04 04:29:57.592 D/SystemServerTimingAsync( 1145): ssm.onUnlockingUser-0_com.android.server.clipboard.ClipboardService took to complete: 0ms
04-04 04:29:57.592 I/SystemServerTimingAsync( 1145): ssm.onUnlockingUser-0_com.android.server.appbinding.AppBindingService$Lifecycle
04-04 04:29:57.593 W/AppBindingService( 1145): [Default SMS app] u0 Target package not found
04-04 04:29:57.593 D/SystemServerTimingAsync( 1145): ssm.onUnlockingUser-0_com.android.server.appbinding.AppBindingService$Lifecycle took to complete: 0ms
04-04 04:29:57.593 I/SystemServerTimingAsync( 1145): ssm.onUnlockingUser-0_com.android.server.tracing.TracingServiceProxy
04-04 04:29:57.593 D/SystemServerTimingAsync( 1145): ssm.onUnlockingUser-0_com.android.server.tracing.TracingServiceProxy took to complete: 0ms
04-04 04:29:57.593 I/SystemServerTimingAsync( 1145): ssm.onUnlockingUser-0_com.android.server.policy.PermissionPolicyService
04-04 04:29:57.593 D/SystemServerTimingAsync( 1145): ssm.onUnlockingUser-0_com.android.server.policy.PermissionPolicyService took to complete: 0ms
04-04 04:29:57.593 I/SystemServerTimingAsync( 1145): ssm.onUnlockingUser-0_com.android.server.pm.StagingManager$Lifecycle
04-04 04:29:57.593 D/SystemServerTimingAsync( 1145): ssm.onUnlockingUser-0_com.android.server.pm.StagingManager$Lifecycle took to complete: 0ms
04-04 04:29:57.593 I/SystemServerTimingAsync( 1145): ssm.onUnlockingUser-0_com.android.server.app.GameManagerService$Lifecycle
04-04 04:29:57.593 D/SystemServerTimingAsync( 1145): ssm.onUnlockingUser-0_com.android.server.app.GameManagerService$Lifecycle took to complete: 0ms
04-04 04:29:57.593 I/SystemServerTimingAsync( 1145): ssm.onUnlockingUser-0_com.android.server.appsearch.AppSearchManagerService
04-04 04:29:57.595 D/SystemServerTimingAsync( 1145): ssm.onUnlockingUser-0_com.android.server.appsearch.AppSearchManagerService took to complete: 1ms
04-04 04:29:57.595 I/SystemServerTimingAsync( 1145): ssm.onUnlockingUser-0_com.android.server.media.MediaCommunicationService
04-04 04:29:57.595 D/SystemServerTimingAsync( 1145): ssm.onUnlockingUser-0_com.android.server.media.MediaCommunicationService took to complete: 0ms
04-04 04:29:57.595 D/SystemServerTimingAsync( 1145): ssm.UnlockingUser-0 took to complete: 61ms
04-04 04:29:57.595 W/ActivityManager( 1145): UserLifecycleEvent 5 received without an active userJourneySession.
04-04 04:29:57.595 W/ActivityManager( 1145): UserLifecycleEvent 6 received without an active userJourneySession.
04-04 04:29:57.595 I/ActivityTaskManager( 1145): Loading recents for user 0 into memory.
04-04 04:29:57.596 I/ActivityManager( 1145): User 0 state changed from RUNNING_UNLOCKING to RUNNING_UNLOCKED
04-04 04:29:57.597 D/SystemServerTiming( 1145): SystemUserUnlock took to complete: 684ms
04-04 04:29:57.615 D/vold ( 560): Waiting for sdcardfs to spin up...
04-04 04:29:57.617 W/sdcard ( 2908): Device explicitly enabled sdcardfs
04-04 04:29:57.620 E/BackupPasswordManager( 1145): Unable to read backup pw version
04-04 04:29:57.620 E/BackupPasswordManager( 1145): Unable to read saved backup pw hash
01-01 08:00:56.927 I/[kworke][0x41266d83][04:29:57.644644] wlan( 0): [280:I:WMA] wma_is_dbs_mandatory: 5417: MAC0 does not support both bands 2 DBS is mandatory
01-01 08:00:56.928 E/[kworke][0x4126751a][04:29:57.644745] wlan( 0): [280:E:QDF] copy_fw_abi_version_tlv: 6979: copy_fw_abi_version_tlv: INIT_CMD version: 1, 0, 0x5f414351, 0x4c4d, 0x0, 0x0
01-01 08:00:56.948 W/QSEECOM ( 0): qseecom_load_app: App with id 9 (fingerpr) now loaded
04-04 04:29:57.668 I/vold ( 560): Mounting emulated fuse volume
04-04 04:29:57.692 V/PackageConfigPersister( 1145): loadPackages: empty list files from /data/system_ce/0/package_configs
04-04 04:29:57.694 D/CompatibilityChangeReporter( 1145): Compat change id reported: 135634846; UID 10089; state: DISABLED
04-04 04:29:57.695 D/CompatibilityChangeReporter( 1145): Compat change id reported: 143937733; UID 10089; state: ENABLED
04-04 04:29:57.696 D/CompatibilityChangeReporter( 1145): Compat change id reported: 135634846; UID 10058; state: DISABLED
04-04 04:29:57.697 D/CompatibilityChangeReporter( 1145): Compat change id reported: 177438394; UID 10058; state: DISABLED
04-04 04:29:57.697 D/CompatibilityChangeReporter( 1145): Compat change id reported: 135772972; UID 10058; state: DISABLED
04-04 04:29:57.697 D/CompatibilityChangeReporter( 1145): Compat change id reported: 135754954; UID 10058; state: ENABLED
04-04 04:29:57.704 D/CompatibilityChangeReporter( 1145): Compat change id reported: 135634846; UID 1000; state: DISABLED
04-04 04:29:57.705 D/CompatibilityChangeReporter( 1145): Compat change id reported: 177438394; UID 1000; state: DISABLED
04-04 04:29:57.705 D/CompatibilityChangeReporter( 1145): Compat change id reported: 135772972; UID 1000; state: DISABLED
04-04 04:29:57.705 D/CompatibilityChangeReporter( 1145): Compat change id reported: 135754954; UID 1000; state: ENABLED
04-04 04:29:57.706 D/CompatibilityChangeReporter( 1145): Compat change id reported: 135634846; UID 10056; state: DISABLED
04-04 04:29:57.707 D/CompatibilityChangeReporter( 1145): Compat change id reported: 177438394; UID 10056; state: DISABLED
04-04 04:29:57.707 D/CompatibilityChangeReporter( 1145): Compat change id reported: 135772972; UID 10056; state: DISABLED
04-04 04:29:57.707 D/CompatibilityChangeReporter( 1145): Compat change id reported: 135754954; UID 10056; state: ENABLED
04-04 04:29:57.708 D/CompatibilityChangeReporter( 1145): Compat change id reported: 135634846; UID 10078; state: DISABLED
04-04 04:29:57.708 D/CompatibilityChangeReporter( 1145): Compat change id reported: 177438394; UID 10078; state: DISABLED
04-04 04:29:57.708 D/CompatibilityChangeReporter( 1145): Compat change id reported: 135772972; UID 10078; state: DISABLED
04-04 04:29:57.709 D/CompatibilityChangeReporter( 1145): Compat change id reported: 135754954; UID 10078; state: DISABLED
04-04 04:29:57.711 I/vold ( 560): Bind mounting /mnt/runtime/full/emulated to /mnt/pass_through/0/emulated
04-04 04:29:57.714 I/StorageSessionController( 1145): On volume mount VolumeInfo{emulated;0}:
04-04 04:29:57.714 I/StorageSessionController( 1145): type=EMULATED diskId=null partGuid= mountFlags=PRIMARY|VISIBLE
04-04 04:29:57.714 I/StorageSessionController( 1145): mountUserId=0 state=CHECKING
04-04 04:29:57.714 I/StorageSessionController( 1145): fsType=null fsUuid=null fsLabel=null
04-04 04:29:57.714 I/StorageSessionController( 1145): path=/storage/emulated internalPath=/data/media
04-04 04:29:57.714 D/CompatibilityChangeReporter( 1145): Compat change id reported: 135634846; UID 10087; state: DISABLED
04-04 04:29:57.715 D/CompatibilityChangeReporter( 1145): Compat change id reported: 177438394; UID 10087; state: DISABLED
04-04 04:29:57.715 D/CompatibilityChangeReporter( 1145): Compat change id reported: 135772972; UID 10087; state: DISABLED
04-04 04:29:57.716 D/CompatibilityChangeReporter( 1145): Compat change id reported: 135754954; UID 10087; state: ENABLED
04-04 04:29:57.717 D/CompatibilityChangeReporter( 1145): Compat change id reported: 135634846; UID 10085; state: DISABLED
04-04 04:29:57.718 D/CompatibilityChangeReporter( 1145): Compat change id reported: 177438394; UID 10085; state: DISABLED
04-04 04:29:57.718 D/CompatibilityChangeReporter( 1145): Compat change id reported: 135772972; UID 10085; state: DISABLED
04-04 04:29:57.719 D/CompatibilityChangeReporter( 1145): Compat change id reported: 135754954; UID 10085; state: ENABLED
04-04 04:29:57.721 I/StorageSessionController( 1145): Creating connection for user: 0
04-04 04:29:57.722 I/StorageSessionController( 1145): Creating and starting session with id: emulated;0
04-04 04:29:57.722 I/StorageUserConnection( 1145): Binding to the ExternalStorageService for user 0
04-04 04:29:57.726 I/ActivityManager( 1145): Posting BOOT_COMPLETED user #0
04-04 04:29:57.728 I/AppWidgetServiceImpl( 1145): Processing of handleUserUnlocked u0 took 3 ms
04-04 04:29:57.740 D/CompatibilityChangeReporter( 1145): Compat change id reported: 135634846; UID 10097; state: DISABLED
04-04 04:29:57.740 D/CompatibilityChangeReporter( 1145): Compat change id reported: 177438394; UID 10097; state: DISABLED
04-04 04:29:57.740 D/CompatibilityChangeReporter( 1145): Compat change id reported: 135772972; UID 10097; state: DISABLED
04-04 04:29:57.740 D/CompatibilityChangeReporter( 1145): Compat change id reported: 135754954; UID 10097; state: ENABLED
04-04 04:29:57.741 I/StorageUserConnection( 1145): Bound to the ExternalStorageService for user 0
04-04 04:29:57.744 V/NotificationAssistants( 1145): disabling notification assistant for user 0: ComponentInfo{android.ext.services/android.ext.services.notification.Assistant}
04-04 04:29:57.744 D/NotificationListeners( 1145): Removing active service ComponentInfo{android.ext.services/android.ext.services.notification.Assistant}
04-04 04:29:57.769 W/ActivityManager( 1145): Slow operation: 76ms so far, now at startProcess: returned from zygote!
04-04 04:29:57.773 I/UsageStatsService( 1145): User[0] Rollover scheduled @ 2023-04-05 04:29:57(1680640197684)
01-01 08:00:57.118 W/QSEECOM ( 0): __qseecom_unload_app: App (9) is unloaded
04-04 04:29:57.827 I/UsageStatsService( 1145): Time changed in by 1680553740 seconds
01-01 08:00:57.119 D/qbt ( 0): qbt_release: entry minor_no=0 fd_available=0
01-01 08:00:57.119 D/qbt ( 0): qbt_release: Releasing wakelock
01-01 08:00:57.119 D/qbt ( 0): qbt_release: exit : fd_available=1
01-01 08:00:57.119 D/qbt ( 0): qbt_release: entry minor_no=1 fd_available=1
01-01 08:00:57.119 D/qbt ( 0): qbt_release: exit : fd_available=1
01-01 08:00:57.127 E/[kworke][0x4160e738][04:29:57.844240] wlan( 0): [81:E:QDF] ready_extract_init_status_tlv: 8884: ready_extract_init_status_tlv:0
01-01 08:00:57.147 E/[kworke][0x4166e264][04:29:57.864656] wlan( 0): [81:E:QDF] cds_get_context: 1486: Module ID 65 context is Null
01-01 08:00:57.160 F/[kworke][0x416aa2f7][04:29:57.877464] wlan( 0): [81:F:DP] cdp_ipa_set_uc_tx_partition_base invalid instance
01-01 08:00:57.161 I/binder ( 0): 2927:2927 ioctl 40046210 ff9ba798 returned -22
04-04 04:29:57.836 I/SystemServerTimingAsync( 1145): ssm.UnlockedUser-0
04-04 04:29:57.836 I/SystemServiceManager( 1145): Calling onUnlockedUser 0
04-04 04:29:57.836 I/SystemServerTimingAsync( 1145): ssm.onUnlockedUser-0_com.android.server.security.FileIntegrityService
04-04 04:29:57.836 D/SystemServerTimingAsync( 1145): ssm.onUnlockedUser-0_com.android.server.security.FileIntegrityService took to complete: 0ms
04-04 04:29:57.836 I/SystemServerTimingAsync( 1145): ssm.onUnlockedUser-0_com.android.server.pm.Installer
04-04 04:29:57.836 D/SystemServerTimingAsync( 1145): ssm.onUnlockedUser-0_com.android.server.pm.Installer took to complete: 0ms
01-01 08:00:57.174 I/[kworke][0x416ec367][04:29:57.891551] wlan( 0): [81:I:WMA] wma_he_update_tgt_services: 996: 11ax is enabled
04-04 04:29:57.836 I/SystemServerTimingAsync( 1145): ssm.onUnlockedUser-0_com.android.server.os.DeviceIdentifiersPolicyService
04-04 04:29:57.836 D/SystemServerTimingAsync( 1145): ssm.onUnlockedUser-0_com.android.server.os.DeviceIdentifiersPolicyService took to complete: 0ms
04-04 04:29:57.836 I/SystemServerTimingAsync( 1145): ssm.onUnlockedUser-0_com.android.server.uri.UriGrantsManagerService$Lifecycle
04-04 04:29:57.837 D/SystemServerTimingAsync( 1145): ssm.onUnlockedUser-0_com.android.server.uri.UriGrantsManagerService$Lifecycle took to complete: 0ms
04-04 04:29:57.837 I/SystemServerTimingAsync( 1145): ssm.onUnlockedUser-0_com.android.server.powerstats.PowerStatsService
04-04 04:29:57.837 D/SystemServerTimingAsync( 1145): ssm.onUnlockedUser-0_com.android.server.powerstats.PowerStatsService took to complete: 0ms
04-04 04:29:57.837 I/SystemServerTimingAsync( 1145): ssm.onUnlockedUser-0_com.android.server.wm.ActivityTaskManagerService$Lifecycle
04-04 04:29:57.840 V/BackupManagerConstants( 1145): getKeyValueBackupIntervalMilliseconds(...) returns 14400000
04-04 04:29:57.840 V/BackupManagerConstants( 1145): getKeyValueBackupFuzzMilliseconds(...) returns 600000
04-04 04:29:57.840 V/BackupManagerConstants( 1145): getKeyValueBackupRequiredNetworkType(...) returns 1
04-04 04:29:57.840 V/BackupManagerConstants( 1145): getKeyValueBackupRequireCharging(...) returns true
04-04 04:29:57.840 V/KeyValueBackupJob( 1145): Scheduling k/v pass in 241 minutes
04-04 04:29:57.842 W/Looper ( 1145): Slow dispatch took 107ms android.fg h=android.os.Handler c=com.android.server.am.UserController$$ExternalSyntheticLambda9@1b094ee m=0
01-01 08:00:57.187 I/binder ( 0): 2902:2902 ioctl 40046210 7fd3d8b3a4 returned -22
04-04 04:29:57.845 I/LaunchParamsPersister( 1145): Didn't find launch param folder for user 0
04-04 04:29:57.846 D/SystemServerTimingAsync( 1145): ssm.onUnlockedUser-0_com.android.server.wm.ActivityTaskManagerService$Lifecycle took to complete: 9ms
04-04 04:29:57.846 I/SystemServerTimingAsync( 1145): ssm.onUnlockedUser-0_com.android.server.am.ActivityManagerService$Lifecycle
04-04 04:29:57.846 D/SystemServerTimingAsync( 1145): ssm.onUnlockedUser-0_com.android.server.am.ActivityManagerService$Lifecycle took to complete: 0ms
04-04 04:29:57.846 I/SystemServerTimingAsync( 1145): ssm.onUnlockedUser-0_com.android.server.pm.DataLoaderManagerService
04-04 04:29:57.846 D/SystemServerTimingAsync( 1145): ssm.onUnlockedUser-0_com.android.server.pm.DataLoaderManagerService took to complete: 1ms
04-04 04:29:57.846 I/SystemServerTimingAsync( 1145): ssm.onUnlockedUser-0_com.android.server.power.PowerManagerService
04-04 04:29:57.846 D/SystemServerTimingAsync( 1145): ssm.onUnlockedUser-0_com.android.server.power.PowerManagerService took to complete: 0ms
04-04 04:29:57.846 I/SystemServerTimingAsync( 1145): ssm.onUnlockedUser-0_com.android.server.power.ThermalManagerService
04-04 04:29:57.846 D/SystemServerTimingAsync( 1145): ssm.onUnlockedUser-0_com.android.server.power.ThermalManagerService took to complete: 0ms
04-04 04:29:57.846 I/SystemServerTimingAsync( 1145): ssm.onUnlockedUser-0_com.android.server.power.hint.HintManagerService
04-04 04:29:57.846 D/SystemServerTimingAsync( 1145): ssm.onUnlockedUser-0_com.android.server.power.hint.HintManagerService took to complete: 0ms
04-04 04:29:57.846 I/SystemServerTimingAsync( 1145): ssm.onUnlockedUser-0_com.android.server.recoverysystem.RecoverySystemService$Lifecycle
04-04 04:29:57.846 D/SystemServerTimingAsync( 1145): ssm.onUnlockedUser-0_com.android.server.recoverysystem.RecoverySystemService$Lifecycle took to complete: 0ms
04-04 04:29:57.846 I/SystemServerTimingAsync( 1145): ssm.onUnlockedUser-0_com.android.server.lights.LightsService
04-04 04:29:57.846 D/SystemServerTimingAsync( 1145): ssm.onUnlockedUser-0_com.android.server.lights.LightsService took to complete: 0ms
04-04 04:29:57.846 I/SystemServerTimingAsync( 1145): ssm.onUnlockedUser-0_com.android.server.display.DisplayManagerService
04-04 04:29:57.846 D/SystemServerTimingAsync( 1145): ssm.onUnlockedUser-0_com.android.server.display.DisplayManagerService took to complete: 0ms
04-04 04:29:57.846 I/SystemServerTimingAsync( 1145): ssm.onUnlockedUser-0_com.android.server.pm.verify.domain.DomainVerificationService
04-04 04:29:57.847 D/SystemServerTimingAsync( 1145): ssm.onUnlockedUser-0_com.android.server.pm.verify.domain.DomainVerificationService took to complete: 0ms
04-04 04:29:57.847 I/SystemServerTimingAsync( 1145): ssm.onUnlockedUser-0_com.android.server.pm.PackageInstallerService$Lifecycle
04-04 04:29:57.847 D/SystemServerTimingAsync( 1145): ssm.onUnlockedUser-0_com.android.server.pm.PackageInstallerService$Lifecycle took to complete: 0ms
04-04 04:29:57.847 I/SystemServerTimingAsync( 1145): ssm.onUnlockedUser-0_com.android.server.pm.UserManagerService$LifeCycle
01-01 08:00:57.216 I/[kworke][0x417ad057][04:29:57.932684] wlan( 0): [81:I:HIF] Initializing Runtime PM wakelock &mgmt_txrx_pdev_ctx->wakelock_tx_runtime_cmp
01-01 08:00:57.222 I/[kworke][0x417ccfd5][04:29:57.939503] wlan( 0): [81:I:dfs] WLAN_DEBUG_DFS_ALWAYS : wlan_dfs_pdev_obj_create_notification: 421: dfs_offload 1
01-01 08:00:57.222 I/[kworke][0x417cd82c][04:29:57.939614] wlan( 0): [81:I:SPECTRAL] null_get_capability: 1715: SPECTRAL : get_capability not registered
01-01 08:00:57.222 I/[kworke][0x417cda4b][04:29:57.939643] wlan( 0): [81:I:SPECTRAL] target_if_pdev_spectral_init: 2249: HAL_CAP_PHYDIAG : Capable
01-01 08:00:57.223 I/[kworke][0x417cdc96][04:29:57.939674] wlan( 0): [81:I:SPECTRAL] null_get_capability: 1715: SPECTRAL : get_capability not registered
01-01 08:00:57.223 I/[kworke][0x417cdef9][04:29:57.939705] wlan( 0): [81:I:SPECTRAL] target_if_pdev_spectral_init: 2253: HAL_CAP_RADAR : Capable
01-01 08:00:57.223 I/[kworke][0x417ce12d][04:29:57.939735] wlan( 0): [81:I:SPECTRAL] null_get_capability: 1715: SPECTRAL : get_capability not registered
01-01 08:00:57.223 I/[kworke][0x417ce32d][04:29:57.939761] wlan( 0): [81:I:SPECTRAL] target_if_pdev_spectral_init: 2258: HAL_CAP_SPECTRAL_SCAN : Capable
01-01 08:00:57.223 I/[kworke][0x417ce638][04:29:57.939802] wlan( 0): [81:I:SPECTRAL] null_get_tsf64: 1703: SPECTRAL : get_tsf64 not registered
01-01 08:00:57.223 I/[kworke][0x417cec3b][04:29:57.939882] wlan( 0): [81:I:GREEN_AP] wlan_green_ap_pdev_obj_create_notification: 106: Green AP creation successful, green ap ctx: ffffffce8fc704e8, pdev: ffffffce8f1928e8
01-01 08:00:57.223 I/[kworke][0x417d05e6][04:29:57.940224] wlan( 0): [81:I:IPA] wlan_ipa_wdi_init: 540: ipa_over_gsi: 1, is_smmu_enabled: 1
04-04 04:29:57.847 D/SystemServerTimingAsync( 1145): ssm.onUnlockedUser-0_com.android.server.pm.UserManagerService$LifeCycle took to complete: 0ms
04-04 04:29:57.847 I/SystemServerTimingAsync( 1145): ssm.onUnlockedUser-0_com.android.server.om.OverlayManagerService
04-04 04:29:57.847 D/SystemServerTimingAsync( 1145): ssm.onUnlockedUser-0_com.android.server.om.OverlayManagerService took to complete: 0ms
04-04 04:29:57.847 I/SystemServerTimingAsync( 1145): ssm.onUnlockedUser-0_com.android.server.SensorPrivacyService
04-04 04:29:57.847 D/SystemServerTimingAsync( 1145): ssm.onUnlockedUser-0_com.android.server.SensorPrivacyService took to complete: 0ms
04-04 04:29:57.847 I/SystemServerTimingAsync( 1145): ssm.onUnlockedUser-0_com.android.server.thunderperf.ThunderBoostPerfService
04-04 04:29:57.847 D/SystemServerTimingAsync( 1145): ssm.onUnlockedUser-0_com.android.server.thunderperf.ThunderBoostPerfService took to complete: 0ms
04-04 04:29:57.847 I/SystemServerTimingAsync( 1145): ssm.onUnlockedUser-0_com.android.server.sensors.SensorService
04-04 04:29:57.847 D/SystemServerTimingAsync( 1145): ssm.onUnlockedUser-0_com.android.server.sensors.SensorService took to complete: 0ms
04-04 04:29:57.847 I/SystemServerTimingAsync( 1145): ssm.onUnlockedUser-0_com.android.server.SystemConfigService
04-04 04:29:57.847 D/SystemServerTimingAsync( 1145): ssm.onUnlockedUser-0_com.android.server.SystemConfigService took to complete: 0ms
04-04 04:29:57.847 I/SystemServerTimingAsync( 1145): ssm.onUnlockedUser-0_com.android.server.BatteryService
04-04 04:29:57.847 D/SystemServerTimingAsync( 1145): ssm.onUnlockedUser-0_com.android.server.BatteryService took to complete: 0ms
04-04 04:29:57.847 I/SystemServerTimingAsync( 1145): ssm.onUnlockedUser-0_com.android.server.usage.UsageStatsService
04-04 04:29:57.847 D/SystemServerTimingAsync( 1145): ssm.onUnlockedUser-0_com.android.server.usage.UsageStatsService took to complete: 0ms
04-04 04:29:57.847 I/SystemServerTimingAsync( 1145): ssm.onUnlockedUser-0_com.android.server.webkit.WebViewUpdateService
04-04 04:29:57.847 D/SystemServerTimingAsync( 1145): ssm.onUnlockedUser-0_com.android.server.webkit.WebViewUpdateService took to complete: 0ms
04-04 04:29:57.847 I/SystemServerTimingAsync( 1145): ssm.onUnlockedUser-0_com.android.server.CachedDeviceStateService
04-04 04:29:57.848 D/SystemServerTimingAsync( 1145): ssm.onUnlockedUser-0_com.android.server.CachedDeviceStateService took to complete: 0ms
04-04 04:29:57.848 I/SystemServerTimingAsync( 1145): ssm.onUnlockedUser-0_com.android.server.BinderCallsStatsService$LifeCycle
04-04 04:29:57.848 D/SystemServerTimingAsync( 1145): ssm.onUnlockedUser-0_com.android.server.BinderCallsStatsService$LifeCycle took to complete: 0ms
04-04 04:29:57.848 I/SystemServerTimingAsync( 1145): ssm.onUnlockedUser-0_com.android.server.LooperStatsService$Lifecycle
04-04 04:29:57.848 D/SystemServerTimingAsync( 1145): ssm.onUnlockedUser-0_com.android.server.LooperStatsService$Lifecycle took to complete: 0ms
04-04 04:29:57.848 I/SystemServerTimingAsync( 1145): ssm.onUnlockedUser-0_com.android.server.rollback.RollbackManagerService
04-04 04:29:57.848 D/SystemServerTimingAsync( 1145): ssm.onUnlockedUser-0_com.android.server.rollback.RollbackManagerService took to complete: 0ms
04-04 04:29:57.848 I/SystemServerTimingAsync( 1145): ssm.onUnlockedUser-0_com.android.server.os.NativeTombstoneManagerService
04-04 04:29:57.848 D/SystemServerTimingAsync( 1145): ssm.onUnlockedUser-0_com.android.server.os.NativeTombstoneManagerService took to complete: 0ms
04-04 04:29:57.848 I/SystemServerTimingAsync( 1145): ssm.onUnlockedUser-0_com.android.server.os.BugreportManagerService
04-04 04:29:57.848 D/SystemServerTimingAsync( 1145): ssm.onUnlockedUser-0_com.android.server.os.BugreportManagerService took to complete: 0ms
04-04 04:29:57.848 I/SystemServerTimingAsync( 1145): ssm.onUnlockedUser-0_com.android.server.gpu.GpuService
04-04 04:29:57.848 D/SystemServerTimingAsync( 1145): ssm.onUnlockedUser-0_com.android.server.gpu.GpuService took to complete: 0ms
04-04 04:29:57.848 I/SystemServerTimingAsync( 1145): ssm.onUnlockedUser-0_com.android.server.security.KeyChainSystemService
04-04 04:29:57.848 D/SystemServerTimingAsync( 1145): ssm.onUnlockedUser-0_com.android.server.security.KeyChainSystemService took to complete: 0ms
04-04 04:29:57.848 I/SystemServerTimingAsync( 1145): ssm.onUnlockedUser-0_com.android.server.telecom.TelecomLoaderService
04-04 04:29:57.848 D/SystemServerTimingAsync( 1145): ssm.onUnlockedUser-0_com.android.server.telecom.TelecomLoaderService took to complete: 0ms
04-04 04:29:57.848 I/SystemServerTimingAsync( 1145): ssm.onUnlockedUser-0_com.android.server.accounts.AccountManagerService$Lifecycle
04-04 04:29:57.848 D/SystemServerTimingAsync( 1145): ssm.onUnlockedUser-0_com.android.server.accounts.AccountManagerService$Lifecycle took to complete: 0ms
04-04 04:29:57.848 I/SystemServerTimingAsync( 1145): ssm.onUnlockedUser-0_com.android.server.content.ContentService$Lifecycle
04-04 04:29:57.849 D/SystemServerTimingAsync( 1145): ssm.onUnlockedUser-0_com.android.server.content.ContentService$Lifecycle took to complete: 0ms
04-04 04:29:57.849 I/SystemServerTimingAsync( 1145): ssm.onUnlockedUser-0_com.android.server.DropBoxManagerService
04-04 04:29:57.849 D/SystemServerTimingAsync( 1145): ssm.onUnlockedUser-0_com.android.server.DropBoxManagerService took to complete: 0ms
04-04 04:29:57.849 I/SystemServerTimingAsync( 1145): ssm.onUnlockedUser-0_com.android.role.RoleService
04-04 04:29:57.849 D/SystemServerTimingAsync( 1145): ssm.onUnlockedUser-0_com.android.role.RoleService took to complete: 0ms
04-04 04:29:57.849 I/SystemServerTimingAsync( 1145): ssm.onUnlockedUser-0_com.android.server.vibrator.VibratorManagerService$Lifecycle
04-04 04:29:57.849 D/SystemServerTimingAsync( 1145): ssm.onUnlockedUser-0_com.android.server.vibrator.VibratorManagerService$Lifecycle took to complete: 0ms
04-04 04:29:57.849 I/SystemServerTimingAsync( 1145): ssm.onUnlockedUser-0_com.android.server.alarm.AlarmManagerService
04-04 04:29:57.849 D/SystemServerTimingAsync( 1145): ssm.onUnlockedUser-0_com.android.server.alarm.AlarmManagerService took to complete: 0ms
04-04 04:29:57.849 I/SystemServerTimingAsync( 1145): ssm.onUnlockedUser-0_com.android.server.devicestate.DeviceStateManagerService
04-04 04:29:57.850 D/SystemServerTimingAsync( 1145): ssm.onUnlockedUser-0_com.android.server.devicestate.DeviceStateManagerService took to complete: 0ms
04-04 04:29:57.850 I/SystemServerTimingAsync( 1145): ssm.onUnlockedUser-0_com.android.server.camera.CameraServiceProxy
04-04 04:29:57.850 D/SystemServerTimingAsync( 1145): ssm.onUnlockedUser-0_com.android.server.camera.CameraServiceProxy took to complete: 0ms
04-04 04:29:57.850 I/SystemServerTimingAsync( 1145): ssm.onUnlockedUser-0_com.android.server.BluetoothService
04-04 04:29:57.850 D/SystemServerTimingAsync( 1145): ssm.onUnlockedUser-0_com.android.server.BluetoothService took to complete: 0ms
01-01 08:00:57.234 I/[kworke][0x41802893][04:29:57.950925] wlan( 0): [81:I:REGULATORY] reg_set_band: 483: set band bitmap: 3
04-04 04:29:57.850 I/SystemServerTimingAsync( 1145): ssm.onUnlockedUser-0_com.android.server.connectivity.IpConnectivityMetrics
04-04 04:29:57.851 D/SystemServerTimingAsync( 1145): ssm.onUnlockedUser-0_com.android.server.connectivity.IpConnectivityMetrics took to complete: 0ms
04-04 04:29:57.851 I/SystemServerTimingAsync( 1145): ssm.onUnlockedUser-0_com.android.server.net.watchlist.NetworkWatchlistService$Lifecycle
04-04 04:29:57.851 D/SystemServerTimingAsync( 1145): ssm.onUnlockedUser-0_com.android.server.net.watchlist.NetworkWatchlistService$Lifecycle took to complete: 0ms
04-04 04:29:57.851 I/SystemServerTimingAsync( 1145): ssm.onUnlockedUser-0_com.android.server.PinnerService
04-04 04:29:57.851 D/SystemServerTimingAsync( 1145): ssm.onUnlockedUser-0_com.android.server.PinnerService took to complete: 0ms
04-04 04:29:57.851 I/SystemServerTimingAsync( 1145): ssm.onUnlockedUser-0_com.google.android.startop.iorap.IorapForwardingService
04-04 04:29:57.851 D/SystemServerTimingAsync( 1145): ssm.onUnlockedUser-0_com.google.android.startop.iorap.IorapForwardingService took to complete: 0ms
04-04 04:29:57.851 I/SystemServerTimingAsync( 1145): ssm.onUnlockedUser-0_com.android.server.ActivityTriggerService
04-04 04:29:57.851 D/SystemServerTimingAsync( 1145): ssm.onUnlockedUser-0_com.android.server.ActivityTriggerService took to complete: 0ms
04-04 04:29:57.851 I/SystemServerTimingAsync( 1145): ssm.onUnlockedUser-0_com.android.server.integrity.AppIntegrityManagerService
04-04 04:29:57.851 D/SystemServerTimingAsync( 1145): ssm.onUnlockedUser-0_com.android.server.integrity.AppIntegrityManagerService took to complete: 0ms
04-04 04:29:57.852 I/SystemServerTimingAsync( 1145): ssm.onUnlockedUser-0_com.android.server.inputmethod.InputMethodManagerService$Lifecycle
04-04 04:29:57.852 D/SystemServerTimingAsync( 1145): ssm.onUnlockedUser-0_com.android.server.inputmethod.InputMethodManagerService$Lifecycle took to complete: 0ms
04-04 04:29:57.852 I/SystemServerTimingAsync( 1145): ssm.onUnlockedUser-0_com.android.server.accessibility.AccessibilityManagerService$Lifecycle
04-04 04:29:57.852 D/SystemServerTimingAsync( 1145): ssm.onUnlockedUser-0_com.android.server.accessibility.AccessibilityManagerService$Lifecycle took to complete: 0ms
04-04 04:29:57.852 I/SystemServerTimingAsync( 1145): ssm.onUnlockedUser-0_com.android.server.StorageManagerService$Lifecycle
04-04 04:29:57.852 D/SystemServerTimingAsync( 1145): ssm.onUnlockedUser-0_com.android.server.StorageManagerService$Lifecycle took to complete: 0ms
04-04 04:29:57.852 I/SystemServerTimingAsync( 1145): ssm.onUnlockedUser-0_com.android.server.usage.StorageStatsService$Lifecycle
04-04 04:29:57.852 D/SystemServerTimingAsync( 1145): ssm.onUnlockedUser-0_com.android.server.usage.StorageStatsService$Lifecycle took to complete: 0ms
04-04 04:29:57.852 I/SystemServerTimingAsync( 1145): ssm.onUnlockedUser-0_com.android.server.UiModeManagerService
04-04 04:29:57.852 D/SystemServerTimingAsync( 1145): ssm.onUnlockedUser-0_com.android.server.UiModeManagerService took to complete: 0ms
04-04 04:29:57.852 I/SystemServerTimingAsync( 1145): ssm.onUnlockedUser-0_com.android.server.locksettings.LockSettingsService$Lifecycle
04-04 04:29:57.852 D/SystemServerTimingAsync( 1145): ssm.onUnlockedUser-0_com.android.server.locksettings.LockSettingsService$Lifecycle took to complete: 0ms
04-04 04:29:57.852 I/SystemServerTimingAsync( 1145): ssm.onUnlockedUser-0_com.android.server.PersistentDataBlockService
04-04 04:29:57.853 I/ActivityTaskManager( 1145): START u0 {act=android.intent.action.MAIN cat=[android.intent.category.HOME] flg=0x10000100 cmp=com.android.launcher3/.uioverrides.QuickstepLauncher (has extras)} from uid 0
04-04 04:29:57.853 D/SystemServerTimingAsync( 1145): ssm.onUnlockedUser-0_com.android.server.PersistentDataBlockService took to complete: 0ms
04-04 04:29:57.853 I/SystemServerTimingAsync( 1145): ssm.onUnlockedUser-0_com.android.server.testharness.TestHarnessModeService
04-04 04:29:57.853 D/SystemServerTimingAsync( 1145): ssm.onUnlockedUser-0_com.android.server.testharness.TestHarnessModeService took to complete: 0ms
04-04 04:29:57.853 I/SystemServerTimingAsync( 1145): ssm.onUnlockedUser-0_com.android.server.oemlock.OemLockService
04-04 04:29:57.853 D/SystemServerTimingAsync( 1145): ssm.onUnlockedUser-0_com.android.server.oemlock.OemLockService took to complete: 0ms
04-04 04:29:57.853 I/SystemServerTimingAsync( 1145): ssm.onUnlockedUser-0_com.android.server.DeviceIdleController
04-04 04:29:57.853 D/SystemServerTimingAsync( 1145): ssm.onUnlockedUser-0_com.android.server.DeviceIdleController took to complete: 0ms
04-04 04:29:57.853 I/SystemServerTimingAsync( 1145): ssm.onUnlockedUser-0_com.android.server.devicepolicy.DevicePolicyManagerService$Lifecycle
04-04 04:29:57.853 D/SystemServerTimingAsync( 1145): ssm.onUnlockedUser-0_com.android.server.devicepolicy.DevicePolicyManagerService$Lifecycle took to complete: 0ms
04-04 04:29:57.854 I/SystemServerTimingAsync( 1145): ssm.onUnlockedUser-0_com.android.server.texttospeech.TextToSpeechManagerService
04-04 04:29:57.854 D/SystemServerTimingAsync( 1145): ssm.onUnlockedUser-0_com.android.server.texttospeech.TextToSpeechManagerService took to complete: 0ms
04-04 04:29:57.854 I/SystemServerTimingAsync( 1145): ssm.onUnlockedUser-0_com.android.server.speech.SpeechRecognitionManagerService
04-04 04:29:57.854 D/SystemServerTimingAsync( 1145): ssm.onUnlockedUser-0_com.android.server.speech.SpeechRecognitionManagerService took to complete: 0ms
04-04 04:29:57.854 I/SystemServerTimingAsync( 1145): ssm.onUnlockedUser-0_com.android.server.searchui.SearchUiManagerService
04-04 04:29:57.854 D/SystemServerTimingAsync( 1145): ssm.onUnlockedUser-0_com.android.server.searchui.SearchUiManagerService took to complete: 0ms
04-04 04:29:57.854 I/SystemServerTimingAsync( 1145): ssm.onUnlockedUser-0_com.android.server.smartspace.SmartspaceManagerService
04-04 04:29:57.854 D/SystemServerTimingAsync( 1145): ssm.onUnlockedUser-0_com.android.server.smartspace.SmartspaceManagerService took to complete: 0ms
04-04 04:29:57.854 I/SystemServerTimingAsync( 1145): ssm.onUnlockedUser-0_com.android.server.graphics.fonts.FontManagerService$Lifecycle
04-04 04:29:57.854 D/SystemServerTimingAsync( 1145): ssm.onUnlockedUser-0_com.android.server.graphics.fonts.FontManagerService$Lifecycle took to complete: 0ms
04-04 04:29:57.855 I/SystemServerTimingAsync( 1145): ssm.onUnlockedUser-0_com.android.server.textservices.TextServicesManagerService$Lifecycle
04-04 04:29:57.855 D/SystemServerTimingAsync( 1145): ssm.onUnlockedUser-0_com.android.server.textservices.TextServicesManagerService$Lifecycle took to complete: 0ms
04-04 04:29:57.855 I/SystemServerTimingAsync( 1145): ssm.onUnlockedUser-0_com.android.server.textclassifier.TextClassificationManagerService$Lifecycle
04-04 04:29:57.855 D/SystemServerTimingAsync( 1145): ssm.onUnlockedUser-0_com.android.server.textclassifier.TextClassificationManagerService$Lifecycle took to complete: 0ms
04-04 04:29:57.855 I/SystemServerTimingAsync( 1145): ssm.onUnlockedUser-0_com.android.server.NetworkScoreService$Lifecycle
04-04 04:29:57.855 D/SystemServerTimingAsync( 1145): ssm.onUnlockedUser-0_com.android.server.NetworkScoreService$Lifecycle took to complete: 0ms
04-04 04:29:57.855 I/SystemServerTimingAsync( 1145): ssm.onUnlockedUser-0_com.android.server.wifi.WifiService
04-04 04:29:57.855 D/SystemServerTimingAsync( 1145): ssm.onUnlockedUser-0_com.android.server.wifi.WifiService took to complete: 0ms
04-04 04:29:57.855 I/SystemServerTimingAsync( 1145): ssm.onUnlockedUser-0_com.android.server.wifi.scanner.WifiScanningService
04-04 04:29:57.855 D/SystemServerTimingAsync( 1145): ssm.onUnlockedUser-0_com.android.server.wifi.scanner.WifiScanningService took to complete: 0ms
04-04 04:29:57.855 I/SystemServerTimingAsync( 1145): ssm.onUnlockedUser-0_com.android.server.wifi.rtt.RttService
04-04 04:29:57.855 D/SystemServerTimingAsync( 1145): ssm.onUnlockedUser-0_com.android.server.wifi.rtt.RttService took to complete: 0ms
04-04 04:29:57.855 I/SystemServerTimingAsync( 1145): ssm.onUnlockedUser-0_com.android.server.wifi.aware.WifiAwareService
04-04 04:29:57.856 D/SystemServerTimingAsync( 1145): ssm.onUnlockedUser-0_com.android.server.wifi.aware.WifiAwareService took to complete: 0ms
04-04 04:29:57.856 I/SystemServerTimingAsync( 1145): ssm.onUnlockedUser-0_com.android.server.wifi.p2p.WifiP2pService
04-04 04:29:57.856 D/SystemServerTimingAsync( 1145): ssm.onUnlockedUser-0_com.android.server.wifi.p2p.WifiP2pService took to complete: 0ms
04-04 04:29:57.856 I/SystemServerTimingAsync( 1145): ssm.onUnlockedUser-0_com.android.server.ethernet.EthernetService
04-04 04:29:57.856 D/SystemServerTimingAsync( 1145): ssm.onUnlockedUser-0_com.android.server.ethernet.EthernetService took to complete: 0ms
04-04 04:29:57.856 I/SystemServerTimingAsync( 1145): ssm.onUnlockedUser-0_com.android.server.ConnectivityServiceInitializer
04-04 04:29:57.856 D/SystemServerTimingAsync( 1145): ssm.onUnlockedUser-0_com.android.server.ConnectivityServiceInitializer took to complete: 0ms
04-04 04:29:57.856 I/SystemServerTimingAsync( 1145): ssm.onUnlockedUser-0_com.android.server.notification.NotificationManagerService
04-04 04:29:57.856 D/SystemServerTimingAsync( 1145): ssm.onUnlockedUser-0_com.android.server.notification.NotificationManagerService took to complete: 0ms
04-04 04:29:57.856 I/SystemServerTimingAsync( 1145): ssm.onUnlockedUser-0_com.android.server.storage.DeviceStorageMonitorService
04-04 04:29:57.856 D/SystemServerTimingAsync( 1145): ssm.onUnlockedUser-0_com.android.server.storage.DeviceStorageMonitorService took to complete: 0ms
04-04 04:29:57.856 I/SystemServerTimingAsync( 1145): ssm.onUnlockedUser-0_com.android.server.location.LocationManagerService$Lifecycle
04-04 04:29:57.856 D/SystemServerTimingAsync( 1145): ssm.onUnlockedUser-0_com.android.server.location.LocationManagerService$Lifecycle took to complete: 0ms
04-04 04:29:57.856 I/SystemServerTimingAsync( 1145): ssm.onUnlockedUser-0_com.android.server.timedetector.TimeDetectorService$Lifecycle
04-04 04:29:57.856 D/SystemServerTimingAsync( 1145): ssm.onUnlockedUser-0_com.android.server.timedetector.TimeDetectorService$Lifecycle took to complete: 0ms
04-04 04:29:57.857 I/SystemServerTimingAsync( 1145): ssm.onUnlockedUser-0_com.android.server.timezonedetector.TimeZoneDetectorService$Lifecycle
01-01 08:00:57.236 I/[kworke][0x4180b693][04:29:57.952818] wlan( 0): [81:I:HIF] Initializing Runtime PM wakelock &ctx->dfs
01-01 08:00:57.236 I/[kworke][0x4180b7c2][04:29:57.952834] wlan( 0): [81:I:HIF] Initializing Runtime PM wakelock &ctx->connect
01-01 08:00:57.236 I/[kworke][0x4180b8a9][04:29:57.952846] wlan( 0): [81:I:HIF] Initializing Runtime PM wakelock &ctx->user
01-01 08:00:57.236 I/[kworke][0x4180b9ba][04:29:57.952860] wlan( 0): [81:I:HIF] Initializing Runtime PM wakelock &scan_priv->runtime_pm_lock
04-04 04:29:57.857 D/SystemServerTimingAsync( 1145): ssm.onUnlockedUser-0_com.android.server.timezonedetector.TimeZoneDetectorService$Lifecycle took to complete: 0ms
01-01 08:00:57.236 I/[kworke][0x4180c387][04:29:57.952991] wlan( 0): [81:I:GREEN_AP] target_if_green_ap_register_egap_event_handler: 131: Set the Enhance Green AP event handler
01-01 08:00:57.236 E/[kworke][0x4180c516][04:29:57.953012] wlan( 0): [81:E:QDF] dp_peer_map_attach_wifi3: 10048: dp_peer_map_attach_wifi3 max_peers 55, max_ast_index: 144
04-04 04:29:57.857 I/SystemServerTimingAsync( 1145): ssm.onUnlockedUser-0_com.android.server.timezonedetector.location.LocationTimeZoneManagerService$Lifecycle
04-04 04:29:57.857 D/SystemServerTimingAsync( 1145): ssm.onUnlockedUser-0_com.android.server.timezonedetector.location.LocationTimeZoneManagerService$Lifecycle took to complete: 0ms
04-04 04:29:57.857 I/SystemServerTimingAsync( 1145): ssm.onUnlockedUser-0_com.android.server.search.SearchManagerService$Lifecycle
04-04 04:29:57.857 D/SystemServerTimingAsync( 1145): ssm.onUnlockedUser-0_com.android.server.search.SearchManagerService$Lifecycle took to complete: 0ms
04-04 04:29:57.857 I/SystemServerTimingAsync( 1145): ssm.onUnlockedUser-0_com.android.server.wallpaper.WallpaperManagerService$Lifecycle
04-04 04:29:57.857 D/SystemServerTimingAsync( 1145): ssm.onUnlockedUser-0_com.android.server.wallpaper.WallpaperManagerService$Lifecycle took to complete: 0ms
04-04 04:29:57.857 I/SystemServerTimingAsync( 1145): ssm.onUnlockedUser-0_com.android.server.audio.AudioService$Lifecycle
04-04 04:29:57.857 D/SystemServerTimingAsync( 1145): ssm.onUnlockedUser-0_com.android.server.audio.AudioService$Lifecycle took to complete: 0ms
04-04 04:29:57.857 I/SystemServerTimingAsync( 1145): ssm.onUnlockedUser-0_com.android.server.soundtrigger_middleware.SoundTriggerMiddlewareService$Lifecycle
04-04 04:29:57.857 D/SystemServerTimingAsync( 1145): ssm.onUnlockedUser-0_com.android.server.soundtrigger_middleware.SoundTriggerMiddlewareService$Lifecycle took to complete: 0ms
04-04 04:29:57.857 I/SystemServerTimingAsync( 1145): ssm.onUnlockedUser-0_com.android.server.DockObserver
04-04 04:29:57.857 D/SystemServerTimingAsync( 1145): ssm.onUnlockedUser-0_com.android.server.DockObserver took to complete: 0ms
04-04 04:29:57.857 I/SystemServerTimingAsync( 1145): ssm.onUnlockedUser-0_com.android.server.midi.MidiService$Lifecycle
04-04 04:29:57.857 D/SystemServerTimingAsync( 1145): ssm.onUnlockedUser-0_com.android.server.midi.MidiService$Lifecycle took to complete: 0ms
04-04 04:29:57.858 I/SystemServerTimingAsync( 1145): ssm.onUnlockedUser-0_com.android.server.adb.AdbService$Lifecycle
04-04 04:29:57.858 D/SystemServerTimingAsync( 1145): ssm.onUnlockedUser-0_com.android.server.adb.AdbService$Lifecycle took to complete: 0ms
04-04 04:29:57.858 I/SystemServerTimingAsync( 1145): ssm.onUnlockedUser-0_com.android.server.usb.UsbService$Lifecycle
04-04 04:29:57.858 D/SystemServerTimingAsync( 1145): ssm.onUnlockedUser-0_com.android.server.usb.UsbService$Lifecycle took to complete: 0ms
04-04 04:29:57.858 I/SystemServerTimingAsync( 1145): ssm.onUnlockedUser-0_com.android.server.twilight.TwilightService
04-04 04:29:57.858 D/SystemServerTimingAsync( 1145): ssm.onUnlockedUser-0_com.android.server.twilight.TwilightService took to complete: 0ms
04-04 04:29:57.858 I/SystemServerTimingAsync( 1145): ssm.onUnlockedUser-0_com.android.server.display.color.ColorDisplayService
04-04 04:29:57.858 D/SystemServerTimingAsync( 1145): ssm.onUnlockedUser-0_com.android.server.display.color.ColorDisplayService took to complete: 0ms
04-04 04:29:57.858 I/SystemServerTimingAsync( 1145): ssm.onUnlockedUser-0_com.android.server.job.JobSchedulerService
04-04 04:29:57.860 D/SystemServerTimingAsync( 1145): ssm.onUnlockedUser-0_com.android.server.job.JobSchedulerService took to complete: 0ms
04-04 04:29:57.860 I/SystemServerTimingAsync( 1145): ssm.onUnlockedUser-0_com.android.server.soundtrigger.SoundTriggerService
04-04 04:29:57.860 D/SystemServerTimingAsync( 1145): ssm.onUnlockedUser-0_com.android.server.soundtrigger.SoundTriggerService took to complete: 0ms
04-04 04:29:57.861 I/SystemServerTimingAsync( 1145): ssm.onUnlockedUser-0_com.android.server.trust.TrustManagerService
04-04 04:29:57.861 D/SystemServerTimingAsync( 1145): ssm.onUnlockedUser-0_com.android.server.trust.TrustManagerService took to complete: 0ms
04-04 04:29:57.861 I/SystemServerTimingAsync( 1145): ssm.onUnlockedUser-0_com.android.server.backup.BackupManagerService$Lifecycle
04-04 04:29:57.861 D/SystemServerTimingAsync( 1145): ssm.onUnlockedUser-0_com.android.server.backup.BackupManagerService$Lifecycle took to complete: 0ms
04-04 04:29:57.861 I/SystemServerTimingAsync( 1145): ssm.onUnlockedUser-0_com.android.server.appwidget.AppWidgetService
04-04 04:29:57.861 D/SystemServerTimingAsync( 1145): ssm.onUnlockedUser-0_com.android.server.appwidget.AppWidgetService took to complete: 0ms
04-04 04:29:57.861 I/SystemServerTimingAsync( 1145): ssm.onUnlockedUser-0_com.android.server.voiceinteraction.VoiceInteractionManagerService
04-04 04:29:57.861 D/SystemServerTimingAsync( 1145): ssm.onUnlockedUser-0_com.android.server.voiceinteraction.VoiceInteractionManagerService took to complete: 0ms
04-04 04:29:57.862 I/SystemServerTimingAsync( 1145): ssm.onUnlockedUser-0_com.android.server.apphibernation.AppHibernationService
04-04 04:29:57.862 D/SystemServerTimingAsync( 1145): ssm.onUnlockedUser-0_com.android.server.apphibernation.AppHibernationService took to complete: 0ms
04-04 04:29:57.862 I/SystemServerTimingAsync( 1145): ssm.onUnlockedUser-0_com.android.server.SensorNotificationService
04-04 04:29:57.862 D/SystemServerTimingAsync( 1145): ssm.onUnlockedUser-0_com.android.server.SensorNotificationService took to complete: 0ms
04-04 04:29:57.862 D/CompatibilityChangeReporter( 1145): Compat change id reported: 184838306; UID 10083; state: DISABLED
04-04 04:29:57.862 I/SystemServerTimingAsync( 1145): ssm.onUnlockedUser-0_com.android.server.emergency.EmergencyAffordanceService
04-04 04:29:57.862 D/SystemServerTimingAsync( 1145): ssm.onUnlockedUser-0_com.android.server.emergency.EmergencyAffordanceService took to complete: 0ms
04-04 04:29:57.862 I/SystemServerTimingAsync( 1145): ssm.onUnlockedUser-0_com.android.server.blob.BlobStoreManagerService
04-04 04:29:57.862 D/SystemServerTimingAsync( 1145): ssm.onUnlockedUser-0_com.android.server.blob.BlobStoreManagerService took to complete: 0ms
04-04 04:29:57.862 I/SystemServerTimingAsync( 1145): ssm.onUnlockedUser-0_com.android.server.dreams.DreamManagerService
