04-04 04:29:50.828 E/PinnerService( 1145): at android.system.Os.open(Os.java:501)
04-04 04:29:50.828 E/PinnerService( 1145): at com.android.server.PinnerService.pinFileRanges(PinnerService.java:939)
04-04 04:29:50.828 E/PinnerService( 1145): at com.android.server.PinnerService.pinFile(PinnerService.java:814)
04-04 04:29:50.828 E/PinnerService( 1145): at com.android.server.PinnerService.handlePinOnStart(PinnerService.java:273)
04-04 04:29:50.828 E/PinnerService( 1145): at com.android.server.PinnerService.access$1600(PinnerService.java:91)
04-04 04:29:50.828 E/PinnerService( 1145): at com.android.server.PinnerService$PinnerHandler.handleMessage(PinnerService.java:1183)
04-04 04:29:50.828 E/PinnerService( 1145): at android.os.Handler.dispatchMessage(Handler.java:106)
04-04 04:29:50.828 E/PinnerService( 1145): at android.os.Looper.loopOnce(Looper.java:201)
04-04 04:29:50.828 E/PinnerService( 1145): at android.os.Looper.loop(Looper.java:288)
04-04 04:29:50.828 E/PinnerService( 1145): at android.os.HandlerThread.run(HandlerThread.java:67)
04-04 04:29:50.828 E/PinnerService( 1145): Failed to pin file = /system/lib64/libsurfaceflinger.so
04-04 04:29:50.853 D/iorap.prefetcherd( 1748): Installing minijail
04-04 04:29:50.863 W/iorap.prefetcherd( 1748): No seccomp filter defined for this architecture.
01-01 08:00:50.153 D/cnss ( 0): Received QMI WLFW pin connect result indication
01-01 08:00:50.153 D/cnss ( 0): Pin connect Result: pwr_pin: 0x1 phy_io_pin: 0x0 rf_io_pin: 0x0
01-01 08:00:50.154 D/cnss ( 0): Removing vote for Regulator vdd-wlan-rfa2
01-01 08:00:50.154 D/cnss ( 0): Removing vote for Regulator vdd-wlan-rfa1
01-01 08:00:50.154 D/cnss ( 0): Removing vote for Regulator vdd-wlan-dig
01-01 08:00:50.154 D/cnss ( 0): Removing vote for Regulator vdd-wlan-aon
01-01 08:00:50.154 D/cnss ( 0): Removing vote for Regulator vdd-wlan-io
01-01 08:00:50.154 D/cnss ( 0): PM relax, state: 0xf, count: 0
01-01 08:00:50.227 E/ ( 0): msm_pcm_volume_ctl_get substream not found
04-04 04:29:51.044 D/SystemServerTiming( 1145): StartFontManagerService took to complete: 231ms
04-04 04:29:51.044 I/SystemServerTiming( 1145): StartTextServicesManager
04-04 04:29:51.045 I/SystemServiceManager( 1145): Starting com.android.server.textservices.TextServicesManagerService$Lifecycle
04-04 04:29:51.049 D/SystemServerTiming( 1145): StartTextServicesManager took to complete: 5ms
04-04 04:29:51.050 I/SystemServerTiming( 1145): StartTextClassificationManagerService
04-04 04:29:51.050 I/SystemServiceManager( 1145): Starting com.android.server.textclassifier.TextClassificationManagerService$Lifecycle
04-04 04:29:51.053 D/SystemServerTiming( 1145): StartTextClassificationManagerService took to complete: 4ms
04-04 04:29:51.053 I/SystemServerTiming( 1145): StartNetworkScoreService
04-04 04:29:51.053 I/SystemServiceManager( 1145): Starting com.android.server.NetworkScoreService$Lifecycle
04-04 04:29:51.055 D/SystemServerTiming( 1145): StartNetworkScoreService took to complete: 1ms
04-04 04:29:51.055 I/SystemServerTiming( 1145): StartNetworkStatsService
04-04 04:29:51.070 D/SystemServerTiming( 1145): StartNetworkStatsService took to complete: 16ms
04-04 04:29:51.071 I/SystemServerTiming( 1145): StartNetworkPolicyManagerService
04-04 04:29:51.078 D/SystemServerTiming( 1145): StartNetworkPolicyManagerService took to complete: 8ms
04-04 04:29:51.079 I/SystemServerTiming( 1145): StartWifi
01-01 08:00:50.389 E/ ( 0): msm_qti_pp_get_rms_value_control, back not active to query rms be_idx:3
01-01 08:00:50.416 I/core_get_license_status( 0): cmdrsp_license_result.result = 0x15 for module 0x131ff
01-01 08:00:50.417 E/msm_ext_disp_update_audio_ops( 0): Display not found (EXT_DISPLAY_TYPE_DP) ctld (0) stream (0)
04-04 04:29:51.146 I/SystemServiceManager( 1145): Starting com.android.server.wifi.WifiService
01-01 08:00:50.427 E/msm_ext_disp_update_audio_ops( 0): Display not found (EXT_DISPLAY_TYPE_HDMI) ctld (0) stream (0)
01-01 08:00:50.437 E/msm_ext_disp_update_audio_ops( 0): Display not found (EXT_DISPLAY_TYPE_DP) ctld (0) stream (0)
01-01 08:00:50.447 E/msm_ext_disp_update_audio_ops( 0): Display not found (EXT_DISPLAY_TYPE_DP) ctld (0) stream (0)
01-01 08:00:50.457 E/msm_ext_disp_update_audio_ops( 0): Display not found (EXT_DISPLAY_TYPE_DP) ctld (0) stream (0)
01-01 08:00:50.467 E/msm-ext-disp-audio-codec-rx soc( 0): qcom,msm-ext-disp:qcom,msm-ext-disp-audio-codec-rx: msm_ext_disp_audio_type_get: get_audio_edid_blk() or get_intf_id is NULL
01-01 08:00:50.482 E/msm_ext_disp_update_audio_ops( 0): Display not found (EXT_DISPLAY_TYPE_DP) ctld (0) stream (0)
04-04 04:29:51.222 I/wificond( 1289): New wificond event callback registered
01-01 08:00:50.492 E/msm-ext-disp-audio-codec-rx soc( 0): qcom,msm-ext-disp:qcom,msm-ext-disp-audio-codec-rx: msm_ext_disp_audio_type_get: get_audio_edid_blk() or get_intf_id is NULL
01-01 08:00:50.509 E/msm_ext_disp_update_audio_ops( 0): Display not found (EXT_DISPLAY_TYPE_DP) ctld (0) stream (0)
04-04 04:29:51.226 V/HistoricalRegistry( 1145): Interaction before persistence initialized
04-04 04:29:51.229 D/SystemServerTiming( 1145): StartWifi took to complete: 150ms
04-04 04:29:51.229 I/SystemServerTiming( 1145): StartWifiScanning
04-04 04:29:51.229 I/SystemServiceManager( 1145): Starting com.android.server.wifi.scanner.WifiScanningService
04-04 04:29:51.234 D/SystemServerTiming( 1145): StartWifiScanning took to complete: 4ms
04-04 04:29:51.234 I/SystemServerTiming( 1145): StartRttService
04-04 04:29:51.234 I/SystemServiceManager( 1145): Starting com.android.server.wifi.rtt.RttService
04-04 04:29:51.236 D/SystemServerTiming( 1145): StartRttService took to complete: 2ms
04-04 04:29:51.236 I/SystemServerTiming( 1145): StartWifiAware
04-04 04:29:51.236 I/SystemServiceManager( 1145): Starting com.android.server.wifi.aware.WifiAwareService
04-04 04:29:51.238 D/SystemServerTiming( 1145): StartWifiAware took to complete: 1ms
04-04 04:29:51.238 I/SystemServerTiming( 1145): StartWifiP2P
04-04 04:29:51.238 I/SystemServiceManager( 1145): Starting com.android.server.wifi.p2p.WifiP2pService
04-04 04:29:51.242 D/SystemServerTiming( 1145): StartWifiP2P took to complete: 4ms
04-04 04:29:51.242 I/SystemServerTiming( 1145): StartEthernet
04-04 04:29:51.242 I/SystemServiceManager( 1145): Starting com.android.server.ethernet.EthernetService
04-04 04:29:51.245 D/SystemServerTiming( 1145): StartEthernet took to complete: 2ms
04-04 04:29:51.245 I/SystemServerTiming( 1145): StartPacProxyService
01-01 08:00:50.519 E/msm-ext-disp-audio-codec-rx soc( 0): qcom,msm-ext-disp:qcom,msm-ext-disp-audio-codec-rx: msm_ext_disp_audio_type_get: get_audio_edid_blk() or get_intf_id is NULL
04-04 04:29:51.252 D/SystemServerTiming( 1145): StartPacProxyService took to complete: 7ms
04-04 04:29:51.252 I/SystemServerTiming( 1145): StartConnectivityService
01-01 08:00:50.536 E/msm-ext-disp-audio-codec-rx soc( 0): qcom,msm-ext-disp:qcom,msm-ext-disp-audio-codec-rx: msm_ext_disp_audio_device_get: invalid dai id: 4
01-01 08:00:50.557 E/swr-wcd wsa_swr_ctrl( 0): swrm_runtime_suspend: clk stop mode not supported or SSR entry
04-04 04:29:51.288 I/SystemServiceManager( 1145): Starting com.android.server.ConnectivityServiceInitializer
04-04 04:29:51.347 D/CompatibilityChangeReporter( 1145): Compat change id reported: 182478738; UID 1000; state: ENABLED
01-01 08:00:50.627 E/ ( 0): msm_pcm_volume_ctl_get substream not found
04-04 04:29:51.376 D/SystemServerTiming( 1145): StartConnectivityService took to complete: 124ms
04-04 04:29:51.376 I/SystemServerTiming( 1145): StartVpnManagerService
04-04 04:29:51.383 D/SystemServerTiming( 1145): StartVpnManagerService took to complete: 7ms
04-04 04:29:51.384 I/SystemServerTiming( 1145): StartVcnManagementService
04-04 04:29:51.393 D/SystemServerTiming( 1145): StartVcnManagementService took to complete: 9ms
04-04 04:29:51.394 I/SystemServerTiming( 1145): StartNsdService
04-04 04:29:51.398 D/NsdService( 1145): Network service discovery is enabled
04-04 04:29:51.404 D/SystemServerTiming( 1145): StartNsdService took to complete: 11ms
04-04 04:29:51.406 I/SystemServerTiming( 1145): StartSystemUpdateManagerService
04-04 04:29:51.410 I/SystemUpdateManagerService( 1145): No existing info file /data/system/system-update-info.xml
04-04 04:29:51.415 D/SystemServerTiming( 1145): StartSystemUpdateManagerService took to complete: 9ms
04-04 04:29:51.415 I/SystemServerTiming( 1145): StartUpdateLockService
04-04 04:29:51.419 D/ZygoteInitTiming_lazy( 687): PreloadClasses took to complete: 1567ms
04-04 04:29:51.424 D/SystemServerTiming( 1145): StartUpdateLockService took to complete: 9ms
04-04 04:29:51.425 I/SystemServerTiming( 1145): StartNotificationManager
04-04 04:29:51.425 I/SystemServiceManager( 1145): Starting com.android.server.notification.NotificationManagerService
04-04 04:29:51.446 D/ConditionProviders.SCP( 1145): new ScheduleConditionProvider()
04-04 04:29:51.447 D/ZygoteInitTiming_lazy( 687): CacheNonBootClasspathClassLoaders took to complete: 28ms
04-04 04:29:51.481 I/NotificationAssistants( 1145): Read notification assistant permissions from xml
04-04 04:29:51.481 I/ConditionProviders( 1145): Read condition provider permissions from xml
04-04 04:29:51.481 I/ConditionProviders( 1145): Read condition provider permissions from xml
04-04 04:29:51.486 D/NotificationAssistants( 1145): Approving default notification assistant for user 0
04-04 04:29:51.486 I/ConditionProviders( 1145): Allowing condition provider android.ext.services/android.ext.services.notification.Assistant (userSet: true)
04-04 04:29:51.487 I/GameModeConfig( 1145): isGameModeOn cache is null
04-04 04:29:51.487 I/GameModeConfig( 1145): isGameModeOn = false
04-04 04:29:51.491 D/ZygoteInitTiming_lazy( 687): PreloadResources took to complete: 43ms
04-04 04:29:51.496 D/CompatibilityChangeReporter( 1145): Compat change id reported: 157233955; UID 1000; state: ENABLED
04-04 04:29:51.506 W/SystemServiceManager( 1145): Service com.android.server.notification.NotificationManagerService took 79 ms in onStart
04-04 04:29:51.516 D/SystemServerTiming( 1145): StartNotificationManager took to complete: 92ms
04-04 04:29:51.516 I/SystemServerTiming( 1145): StartDeviceMonitor
04-04 04:29:51.516 I/SystemServiceManager( 1145): Starting com.android.server.storage.DeviceStorageMonitorService
04-04 04:29:51.520 D/SystemServerTiming( 1145): StartDeviceMonitor took to complete: 4ms
04-04 04:29:51.521 I/SystemServerTiming( 1145): StartLocationManagerService
04-04 04:29:51.521 I/SystemServiceManager( 1145): Starting com.android.server.location.LocationManagerService$Lifecycle
04-04 04:29:51.525 D/SystemServerTiming( 1145): StartLocationManagerService took to complete: 4ms
04-04 04:29:51.525 I/SystemServerTiming( 1145): StartCountryDetectorService
04-04 04:29:51.526 D/SystemServerTiming( 1145): StartCountryDetectorService took to complete: 1ms
04-04 04:29:51.526 I/SystemServerTiming( 1145): StartTimeDetectorService
04-04 04:29:51.526 I/SystemServiceManager( 1145): Starting com.android.server.timedetector.TimeDetectorService$Lifecycle
04-04 04:29:51.529 D/SystemServerTiming( 1145): StartTimeDetectorService took to complete: 2ms
04-04 04:29:51.529 I/SystemServerTiming( 1145): StartTimeZoneDetectorService
04-04 04:29:51.529 I/SystemServiceManager( 1145): Starting com.android.server.timezonedetector.TimeZoneDetectorService$Lifecycle
04-04 04:29:51.533 D/SystemServerTiming( 1145): StartTimeZoneDetectorService took to complete: 4ms
04-04 04:29:51.534 I/SystemServerTiming( 1145): StartLocationTimeZoneManagerService
04-04 04:29:51.534 I/SystemServiceManager( 1145): Starting com.android.server.timezonedetector.location.LocationTimeZoneManagerService$Lifecycle
04-04 04:29:51.538 D/SystemServerTiming( 1145): StartLocationTimeZoneManagerService took to complete: 5ms
04-04 04:29:51.538 I/SystemServerTiming( 1145): StartSearchManagerService
04-04 04:29:51.538 I/SystemServiceManager( 1145): Starting com.android.server.search.SearchManagerService$Lifecycle
04-04 04:29:51.540 D/SystemServerTiming( 1145): StartSearchManagerService took to complete: 1ms
04-04 04:29:51.540 I/SystemServerTiming( 1145): StartWallpaperManagerService
04-04 04:29:51.540 I/SystemServiceManager( 1145): Starting com.android.server.wallpaper.WallpaperManagerService$Lifecycle
04-04 04:29:51.541 D/SystemServerTiming( 1145): StartWallpaperManagerService took to complete: 1ms
04-04 04:29:51.541 I/SystemServerTiming( 1145): StartAudioService
04-04 04:29:51.541 I/SystemServiceManager( 1145): Starting com.android.server.audio.AudioService$Lifecycle
04-04 04:29:51.733 I/iorapd ( 1223): iorapd (the prefetchening) readied up
04-04 04:29:51.761 D/SystemServerTimingAsync( 1145): SecondaryZygotePreload took to complete: 1963ms
04-04 04:29:51.761 D/SystemServerInitThreadPool( 1145): Finished executing SecondaryZygotePreload
04-04 04:29:51.761 D/SystemServerTimingAsync( 1145): InitThreadPoolExec:SecondaryZygotePreload took to complete: 1963ms
01-01 08:00:51.166 I/init ( 0): Service 'ethernet' (pid 1327) exited with status 1 oneshot service took 5.329000 seconds in background
01-01 08:00:51.166 I/init ( 0): Sending signal 9 to service 'ethernet' (pid 1327) process group...
01-01 08:00:51.166 I/libprocessgroup( 0): Successfully killed process cgroup uid 0 pid 1327 in 0ms
04-04 04:29:52.105 V/HistoricalRegistry( 1145): Interaction before persistence initialized
04-04 04:29:52.200 D/MicroServiceManager( 1145): bindMicroService: called already get service
04-04 04:29:52.200 I/MicroServiceManager( 1145): cleanAllAddedListeners
04-04 04:29:52.200 I/MicroServiceManager( 1145): addCommonCallbackListener add listener
04-04 04:29:52.200 I/MicroServiceManager( 1145): addConnectChangedListener add listener
04-04 04:29:52.203 D/SystemServerTiming( 1145): StartAudioService took to complete: 663ms
04-04 04:29:52.203 I/SystemServerTiming( 1145): StartSoundTriggerMiddlewareService
04-04 04:29:52.203 I/SystemServiceManager( 1145): Starting com.android.server.soundtrigger_middleware.SoundTriggerMiddlewareService$Lifecycle
04-04 04:29:52.209 D/SystemServerTiming( 1145): StartSoundTriggerMiddlewareService took to complete: 5ms
04-04 04:29:52.209 I/SystemServerTiming( 1145): StartDockObserver
04-04 04:29:52.209 I/SystemServiceManager( 1145): Starting com.android.server.DockObserver
04-04 04:29:52.209 W/DockObserver( 1145): This kernel does not have dock station support
04-04 04:29:52.210 D/SystemServerTiming( 1145): StartDockObserver took to complete: 2ms
04-04 04:29:52.210 I/SystemServerTiming( 1145): StartWiredAccessoryManager
04-04 04:29:52.211 W/WiredAccessoryManager( 1145): This kernel does not have usb audio support
04-04 04:29:52.211 W/WiredAccessoryManager( 1145): This kernel does not have HDMI audio support
04-04 04:29:52.211 E/WiredAccessoryManager( 1145): file /sys/devices/platform/soc/soc:qcom,msm-ext-disp/extcon/extcon3/name not found
04-04 04:29:52.211 W/WiredAccessoryManager( 1145): Conn soc:qcom,msm-ext-disp/3/0 does not have DP audio support
04-04 04:29:52.211 E/WiredAccessoryManager( 1145): file /sys/devices/platform/soc/soc:qcom,msm-ext-disp/extcon/extcon2/name not found
04-04 04:29:52.211 W/WiredAccessoryManager( 1145): Conn soc:qcom,msm-ext-disp/2/0 does not have DP audio support
04-04 04:29:52.213 E/WiredAccessoryManager( 1145): set dev_index 1
04-04 04:29:52.213 W/WiredAccessoryManager( 1145): checkCableIndex set cable 0
04-04 04:29:52.213 E/WiredAccessoryManager( 1145): set dev_index 0
04-04 04:29:52.214 W/WiredAccessoryManager( 1145): checkCableIndex set cable 0
04-04 04:29:52.214 D/SystemServerTiming( 1145): StartWiredAccessoryManager took to complete: 4ms
04-04 04:29:52.214 I/SystemServerTiming( 1145): StartMidiManager
04-04 04:29:52.214 I/SystemServiceManager( 1145): Starting com.android.server.midi.MidiService$Lifecycle
04-04 04:29:52.215 D/SystemServerTiming( 1145): StartMidiManager took to complete: 1ms
04-04 04:29:52.215 I/SystemServerTiming( 1145): StartAdbService
04-04 04:29:52.215 I/SystemServiceManager( 1145): Starting com.android.server.adb.AdbService$Lifecycle
04-04 04:29:52.216 D/SystemServerTiming( 1145): StartAdbService took to complete: 1ms
04-04 04:29:52.216 I/SystemServerTiming( 1145): StartUsbService
04-04 04:29:52.216 I/SystemServiceManager( 1145): Starting com.android.server.usb.UsbService$Lifecycle
04-04 04:29:52.217 D/SystemServerTiming( 1145): StartUsbService took to complete: 0ms
04-04 04:29:52.217 I/SystemServerTiming( 1145): StartSerialService
04-04 04:29:52.217 I/SystemServerTimingAsync( 1145): InitThreadPoolExec:UsbService$Lifecycle#onStart
04-04 04:29:52.217 D/SystemServerInitThreadPool( 1145): Started executing UsbService$Lifecycle#onStart
04-04 04:29:52.217 D/SystemServerTiming( 1145): StartSerialService took to complete: 1ms
04-04 04:29:52.217 I/SystemServerTiming( 1145): StartHardwarePropertiesManagerService
04-04 04:29:52.218 E/UsbDeviceManager( 1145): failed to write to /sys/class/android_usb/android0/f_rndis/ethaddr
04-04 04:29:52.219 I/UsbDeviceManager( 1145): USB GADGET HAL not present in the device
04-04 04:29:52.219 I/UsbDeviceManager( 1145): java.util.NoSuchElementException
04-04 04:29:52.219 I/UsbDeviceManager( 1145): at android.os.HwBinder.getService(Native Method)
04-04 04:29:52.219 I/UsbDeviceManager( 1145): at android.hardware.usb.gadget.V1_0.IUsbGadget.getService(IUsbGadget.java:57)
04-04 04:29:52.219 I/UsbDeviceManager( 1145): at android.hardware.usb.gadget.V1_0.IUsbGadget.getService(IUsbGadget.java:64)
04-04 04:29:52.219 I/UsbDeviceManager( 1145): at com.android.server.usb.UsbDeviceManager.(UsbDeviceManager.java:293)
04-04 04:29:52.219 I/UsbDeviceManager( 1145): at com.android.server.usb.UsbService.(UsbService.java:178)
04-04 04:29:52.219 I/UsbDeviceManager( 1145): at com.android.server.usb.UsbService$Lifecycle.lambda$onStart$0$UsbService$Lifecycle(UsbService.java:92)
04-04 04:29:52.219 I/UsbDeviceManager( 1145): at com.android.server.usb.UsbService$Lifecycle$$ExternalSyntheticLambda1.run(Unknown Source:2)
04-04 04:29:52.219 I/UsbDeviceManager( 1145): at com.android.server.SystemServerInitThreadPool.lambda$submitTask$0$SystemServerInitThreadPool(SystemServerInitThreadPool.java:105)
04-04 04:29:52.219 I/UsbDeviceManager( 1145): at com.android.server.SystemServerInitThreadPool$$ExternalSyntheticLambda0.run(Unknown Source:6)
04-04 04:29:52.219 I/UsbDeviceManager( 1145): at java.util.concurrent.Executors$RunnableAdapter.call(Executors.java:462)
04-04 04:29:52.219 I/UsbDeviceManager( 1145): at java.util.concurrent.FutureTask.run(FutureTask.java:266)
04-04 04:29:52.219 I/UsbDeviceManager( 1145): at java.util.concurrent.ThreadPoolExecutor.runWorker(ThreadPoolExecutor.java:1167)
04-04 04:29:52.219 I/UsbDeviceManager( 1145): at java.util.concurrent.ThreadPoolExecutor$Worker.run(ThreadPoolExecutor.java:641)
04-04 04:29:52.219 I/UsbDeviceManager( 1145): at com.android.internal.util.ConcurrentUtils$1$1.run(ConcurrentUtils.java:65)
04-04 04:29:52.219 E/UsbDeviceManager( 1145): Failed to open control for mtp
04-04 04:29:52.219 D/SystemServerTiming( 1145): StartHardwarePropertiesManagerService took to complete: 2ms
04-04 04:29:52.219 I/SystemServerTiming( 1145): StartTwilightService
04-04 04:29:52.219 I/SystemServiceManager( 1145): Starting com.android.server.twilight.TwilightService
04-04 04:29:52.220 E/UsbDeviceManager( 1145): Failed to open control for ptp
04-04 04:29:52.220 D/SystemServerTiming( 1145): StartTwilightService took to complete: 0ms
04-04 04:29:52.220 I/SystemServerTiming( 1145): StartColorDisplay
04-04 04:29:52.220 I/SystemServiceManager( 1145): Starting com.android.server.display.color.ColorDisplayService
04-04 04:29:52.221 D/SystemServerTiming( 1145): StartColorDisplay took to complete: 1ms
04-04 04:29:52.221 I/SystemServerTiming( 1145): StartJobScheduler
04-04 04:29:52.221 I/SystemServiceManager( 1145): Starting com.android.server.job.JobSchedulerService
01-01 08:00:51.508 I/ ( 0): acc_open
01-01 08:00:51.508 I/ ( 0): acc_release
04-04 04:29:52.223 W/StorageManagerService( 1145): No primary storage defined yet; hacking together a stub
04-04 04:29:52.226 D/JobStore( 1145): Start tag: job-info
04-04 04:29:52.226 W/JobStore( 1145): Periodic job for uid='10096' persisted run-time is too big [557:53:34, 917:53:34]. Clamping to [360:00:44,720:00:44]
04-04 04:29:52.227 W/JobStore( 1145): Periodic job for uid='1000' persisted run-time is too big [221:53:34, 245:53:34]. Clamping to [24:00:44,48:00:44]
04-04 04:29:52.227 W/JobStore( 1145): Periodic job for uid='1000' persisted run-time is too big [221:53:11, 245:53:11]. Clamping to [24:00:44,48:00:44]
04-04 04:29:52.227 I/UsbPortManager( 1145): Usb hal service started android.hardware.usb@1.0::IUsb default
04-04 04:29:52.228 W/JobStore( 1145): Periodic job for uid='1000' persisted run-time is too big [221:53:34, 245:53:34]. Clamping to [24:00:44,48:00:44]
04-04 04:29:52.228 W/JobStore( 1145): Periodic job for uid='1000' persisted run-time is too big [557:53:34, 917:53:34]. Clamping to [360:00:44,720:00:44]
04-04 04:29:52.228 I/JobStore( 1145): Read 6 jobs
04-04 04:29:52.232 V/HistoricalRegistry( 1145): Interaction before persistence initialized
04-04 04:29:52.232 V/HistoricalRegistry( 1145): Interaction before persistence initialized
04-04 04:29:52.233 W/JobScheduler( 1145): !!! RTC not yet good; tracking time updates for job scheduling
04-04 04:29:52.234 D/SystemServerTiming( 1145): StartJobScheduler took to complete: 13ms
04-04 04:29:52.235 I/SystemServerTiming( 1145): StartSoundTrigger
04-04 04:29:52.235 I/SystemServiceManager( 1145): Starting com.android.server.soundtrigger.SoundTriggerService
04-04 04:29:52.237 D/SystemServerTiming( 1145): StartSoundTrigger took to complete: 3ms
04-04 04:29:52.237 I/SystemServerTiming( 1145): StartTrustManager
04-04 04:29:52.237 I/SystemServiceManager( 1145): Starting com.android.server.trust.TrustManagerService
04-04 04:29:52.238 D/SystemServerTiming( 1145): StartTrustManager took to complete: 1ms
04-04 04:29:52.238 I/SystemServerTiming( 1145): StartBackupManager
04-04 04:29:52.238 I/SystemServiceManager( 1145): Starting com.android.server.backup.BackupManagerService$Lifecycle
04-04 04:29:52.240 D/SystemServerTiming( 1145): StartBackupManager took to complete: 2ms
04-04 04:29:52.240 I/SystemServerTiming( 1145): StartAppWidgetService
04-04 04:29:52.241 I/SystemServiceManager( 1145): Starting com.android.server.appwidget.AppWidgetService
04-04 04:29:52.242 D/SystemServerTiming( 1145): StartAppWidgetService took to complete: 2ms
04-04 04:29:52.242 I/SystemServerTiming( 1145): StartVoiceRecognitionManager
04-04 04:29:52.242 I/SystemServiceManager( 1145): Starting com.android.server.voiceinteraction.VoiceInteractionManagerService
04-04 04:29:52.250 D/SystemServerTiming( 1145): StartVoiceRecognitionManager took to complete: 8ms
04-04 04:29:52.250 I/SystemServerTiming( 1145): StartAppHibernationService
04-04 04:29:52.250 I/SystemServiceManager( 1145): Starting com.android.server.apphibernation.AppHibernationService
04-04 04:29:52.253 D/SystemServerTiming( 1145): StartAppHibernationService took to complete: 3ms
04-04 04:29:52.253 I/SystemServerTiming( 1145): StartSensorNotification
04-04 04:29:52.253 I/SystemServiceManager( 1145): Starting com.android.server.SensorNotificationService
04-04 04:29:52.253 D/SystemServerTiming( 1145): StartSensorNotification took to complete: 0ms
04-04 04:29:52.253 I/SystemServerTiming( 1145): StartDiskStatsService
04-04 04:29:52.256 I/UsbPortManager( 1145): USB HAL version: 12
04-04 04:29:52.256 D/SystemServerTiming( 1145): StartDiskStatsService took to complete: 2ms
04-04 04:29:52.256 I/SystemServerTiming( 1145): RuntimeService
04-04 04:29:52.256 D/SystemServerTiming( 1145): RuntimeService took to complete: 0ms
04-04 04:29:52.256 I/SystemServerTiming( 1145): StartNetworkTimeUpdateService
04-04 04:29:52.257 D/SystemServerInitThreadPool( 1145): Finished executing UsbService$Lifecycle#onStart
04-04 04:29:52.257 D/SystemServerTimingAsync( 1145): InitThreadPoolExec:UsbService$Lifecycle#onStart took to complete: 41ms
04-04 04:29:52.259 D/SystemServerTiming( 1145): StartNetworkTimeUpdateService took to complete: 3ms
04-04 04:29:52.259 I/SystemServerTiming( 1145): CertBlacklister
04-04 04:29:52.259 D/SystemServerTiming( 1145): CertBlacklister took to complete: 0ms
04-04 04:29:52.259 I/SystemServerTiming( 1145): StartEmergencyAffordanceService
04-04 04:29:52.260 I/SystemServiceManager( 1145): Starting com.android.server.emergency.EmergencyAffordanceService
04-04 04:29:52.260 D/SystemServerTiming( 1145): StartEmergencyAffordanceService took to complete: 1ms
04-04 04:29:52.260 I/SystemServerTiming( 1145): startBlobStoreManagerService
04-04 04:29:52.261 I/SystemServiceManager( 1145): Starting com.android.server.blob.BlobStoreManagerService
04-04 04:29:52.262 D/SystemServerTiming( 1145): startBlobStoreManagerService took to complete: 2ms
04-04 04:29:52.262 I/SystemServerTiming( 1145): StartDreamManager
04-04 04:29:52.262 I/SystemServiceManager( 1145): Starting com.android.server.dreams.DreamManagerService
04-04 04:29:52.263 D/SystemServerTiming( 1145): StartDreamManager took to complete: 1ms
04-04 04:29:52.263 I/SystemServerTiming( 1145): AddGraphicsStatsService
04-04 04:29:52.269 D/SystemServerTiming( 1145): AddGraphicsStatsService took to complete: 5ms
04-04 04:29:52.269 I/SystemServerTiming( 1145): StartCompanionDeviceManager
04-04 04:29:52.269 I/SystemServiceManager( 1145): Starting com.android.server.companion.CompanionDeviceManagerService
04-04 04:29:52.272 D/SystemServerTiming( 1145): StartCompanionDeviceManager took to complete: 3ms
04-04 04:29:52.273 I/SystemServerTiming( 1145): StartRestrictionManager
04-04 04:29:52.273 I/SystemServiceManager( 1145): Starting com.android.server.restrictions.RestrictionsManagerService
04-04 04:29:52.274 D/SystemServerTiming( 1145): StartRestrictionManager took to complete: 2ms
04-04 04:29:52.274 I/SystemServerTiming( 1145): StartMediaSessionService
04-04 04:29:52.275 I/SystemServiceManager( 1145): Starting com.android.server.media.MediaSessionService
04-04 04:29:52.277 D/SystemServerTiming( 1145): StartMediaSessionService took to complete: 2ms
04-04 04:29:52.277 I/SystemServerTiming( 1145): StartMediaResourceMonitor
04-04 04:29:52.277 I/SystemServiceManager( 1145): Starting com.android.server.media.MediaResourceMonitorService
04-04 04:29:52.277 D/SystemServerTiming( 1145): StartMediaResourceMonitor took to complete: 1ms
04-04 04:29:52.277 I/SystemServerTiming( 1145): StartMediaRouterService
04-04 04:29:52.278 V/HistoricalRegistry( 1145): Interaction before persistence initialized
04-04 04:29:52.279 D/SystemServerTiming( 1145): StartMediaRouterService took to complete: 1ms
04-04 04:29:52.279 I/SystemServerTiming( 1145): StartFingerprintSensor
04-04 04:29:52.279 I/SystemServiceManager( 1145): Starting com.android.server.biometrics.sensors.fingerprint.FingerprintService
04-04 04:29:52.279 D/SystemServerTiming( 1145): StartFingerprintSensor took to complete: 1ms
04-04 04:29:52.279 I/SystemServerTiming( 1145): StartBiometricService
04-04 04:29:52.279 I/SystemServiceManager( 1145): Starting com.android.server.biometrics.BiometricService
04-04 04:29:52.282 D/SystemServerTiming( 1145): StartBiometricService took to complete: 2ms
04-04 04:29:52.282 I/SystemServerTiming( 1145): StartAuthService
04-04 04:29:52.282 I/SystemServiceManager( 1145): Starting com.android.server.biometrics.AuthService
04-04 04:29:52.282 D/AuthService( 1145): Registering HIDL ID: 0 Modality: 2 Strength: 15
04-04 04:29:52.282 D/AuthService( 1145): Registering HIDL ID: 1 Modality: 8 Strength: 15
04-04 04:29:52.284 E/AuthService( 1145): HIDL face configuration exists, but FaceService is null.
04-04 04:29:52.286 D/SystemServerTiming( 1145): StartAuthService took to complete: 4ms
04-04 04:29:52.286 I/SystemServerTiming( 1145): StartBackgroundDexOptService
04-04 04:29:52.286 W/BackgroundDexOptService( 1145): SysProp pm.dexopt.downgrade_after_inactive_days not set
04-04 04:29:52.286 D/SystemServerTiming( 1145): StartBackgroundDexOptService took to complete: 1ms
04-04 04:29:52.286 I/SystemServerTiming( 1145): StartDynamicCodeLoggingService
04-04 04:29:52.287 D/SystemServerTiming( 1145): StartDynamicCodeLoggingService took to complete: 0ms
04-04 04:29:52.287 I/SystemServerTiming( 1145): StartPruneInstantAppsJobService
04-04 04:29:52.287 D/SystemServerTiming( 1145): StartPruneInstantAppsJobService took to complete: 0ms
04-04 04:29:52.287 I/SystemServerTiming( 1145): StartShortcutServiceLifecycle
04-04 04:29:52.287 I/SystemServiceManager( 1145): Starting com.android.server.pm.ShortcutService$Lifecycle
04-04 04:29:52.288 V/HistoricalRegistry( 1145): Interaction before persistence initialized
04-04 04:29:52.289 D/SystemServerTiming( 1145): StartShortcutServiceLifecycle took to complete: 1ms
04-04 04:29:52.289 I/SystemServerTiming( 1145): StartLauncherAppsService
04-04 04:29:52.289 I/SystemServiceManager( 1145): Starting com.android.server.pm.LauncherAppsService
04-04 04:29:52.290 D/SystemServerTiming( 1145): StartLauncherAppsService took to complete: 1ms
04-04 04:29:52.290 I/SystemServerTiming( 1145): StartCrossProfileAppsService
04-04 04:29:52.290 I/SystemServiceManager( 1145): Starting com.android.server.pm.CrossProfileAppsService
04-04 04:29:52.290 D/SystemServerTiming( 1145): StartCrossProfileAppsService took to complete: 1ms
04-04 04:29:52.290 I/SystemServerTiming( 1145): StartPeopleService
04-04 04:29:52.290 I/SystemServiceManager( 1145): Starting com.android.server.people.PeopleService
04-04 04:29:52.291 D/SystemServerTiming( 1145): StartPeopleService took to complete: 1ms
04-04 04:29:52.291 I/SystemServerTiming( 1145): StartMediaMetricsManager
04-04 04:29:52.291 I/SystemServiceManager( 1145): Starting com.android.server.media.metrics.MediaMetricsManagerService
04-04 04:29:52.292 D/SystemServerTiming( 1145): StartMediaMetricsManager took to complete: 1ms
04-04 04:29:52.293 I/SystemServerTiming( 1145): StartMediaProjectionManager
04-04 04:29:52.293 I/SystemServiceManager( 1145): Starting com.android.server.media.projection.MediaProjectionManagerService
04-04 04:29:52.295 D/SystemServerTiming( 1145): StartMediaProjectionManager took to complete: 3ms
04-04 04:29:52.296 I/SystemServerTiming( 1145): StartSliceManagerService
04-04 04:29:52.296 I/SystemServiceManager( 1145): Starting com.android.server.slice.SliceManagerService$Lifecycle
04-04 04:29:52.297 D/BiometricService( 1145): Registering ID: 0 Modality: 2 Strength: 15
04-04 04:29:52.297 D/BiometricStrengthController( 1145): updateStrengths: revert sensorId=0 to oemStrength=15
04-04 04:29:52.297 D/BiometricService/Sensor( 1145): updateStrength: Before(ID(0), oemStrength: 15, updatedStrength: 15, modality 2, state: 0, cookie: 0, props: ID: 0, Strength: 2, Type: 1) After(ID(0), oemStrength: 15, updatedStrength: 15, modality 2, state: 0, cookie: 0, props: ID: 0, Strength: 2, Type: 1)
04-04 04:29:52.299 D/SystemServerTiming( 1145): StartSliceManagerService took to complete: 4ms
04-04 04:29:52.300 I/SystemServerTiming( 1145): StartStatsCompanion
04-04 04:29:52.308 I/SystemServiceManager( 1145): Starting com.android.server.stats.StatsCompanion$Lifecycle
04-04 04:29:52.311 D/SystemServerTiming( 1145): StartStatsCompanion took to complete: 12ms
04-04 04:29:52.311 I/SystemServerTiming( 1145): StartRebootReadinessManagerService
04-04 04:29:52.321 I/SystemServiceManager( 1145): Starting com.android.server.scheduling.RebootReadinessManagerService$Lifecycle
04-04 04:29:52.325 D/SystemServerTiming( 1145): StartRebootReadinessManagerService took to complete: 14ms
04-04 04:29:52.325 I/SystemServerTiming( 1145): StartStatsPullAtomService
04-04 04:29:52.325 I/SystemServiceManager( 1145): Starting com.android.server.stats.pull.StatsPullAtomService
04-04 04:29:52.326 D/SystemServerTiming( 1145): StartStatsPullAtomService took to complete: 0ms
04-04 04:29:52.326 I/SystemServerTiming( 1145): StartIncidentCompanionService
04-04 04:29:52.326 I/SystemServiceManager( 1145): Starting com.android.server.incident.IncidentCompanionService
04-04 04:29:52.326 D/SystemServerTiming( 1145): StartIncidentCompanionService took to complete: 1ms
04-04 04:29:52.326 I/SystemServerTiming( 1145): StartMmsService
04-04 04:29:52.326 I/SystemServiceManager( 1145): Starting com.android.server.MmsServiceBroker
04-04 04:29:52.327 D/SystemServerTiming( 1145): StartMmsService took to complete: 1ms
04-04 04:29:52.327 I/SystemServerTiming( 1145): StartAutoFillService
04-04 04:29:52.327 I/SystemServiceManager( 1145): Starting com.android.server.autofill.AutofillManagerService
04-04 04:29:52.328 D/AutofillManagerService( 1145): setLogLevelFromSettings(): level=2, debug=true, verbose=false
04-04 04:29:52.328 D/AutofillManagerService( 1145): setMaxPartitionsFromSettings(): 10
04-04 04:29:52.329 D/AutofillManagerService( 1145): setMaxVisibleDatasetsFromSettings(): 0
04-04 04:29:52.329 D/AutofillUI( 1145): destroySaveUiUiThread(): already destroyed
04-04 04:29:52.329 D/AutofillManagerServiceImpl( 1145): Reset component for user 0:
04-04 04:29:52.331 D/SystemServerTiming( 1145): StartAutoFillService took to complete: 3ms
04-04 04:29:52.331 D/SystemServer( 1145): TranslationService not defined by OEM
04-04 04:29:52.331 I/SystemServerTiming( 1145): StartClipboardService
04-04 04:29:52.331 I/SystemServiceManager( 1145): Starting com.android.server.clipboard.ClipboardService
04-04 04:29:52.333 D/SystemServerTiming( 1145): StartClipboardService took to complete: 3ms
04-04 04:29:52.333 I/SystemServerTiming( 1145): AppServiceManager
04-04 04:29:52.333 I/SystemServiceManager( 1145): Starting com.android.server.appbinding.AppBindingService$Lifecycle
04-04 04:29:52.334 D/SystemServerTiming( 1145): AppServiceManager took to complete: 1ms
04-04 04:29:52.334 I/SystemServerTiming( 1145): startTracingServiceProxy
04-04 04:29:52.334 I/SystemServiceManager( 1145): Starting com.android.server.tracing.TracingServiceProxy
04-04 04:29:52.335 D/SystemServerTiming( 1145): startTracingServiceProxy took to complete: 1ms
04-04 04:29:52.335 I/SystemServerTiming( 1145): MakeLockSettingsServiceReady
04-04 04:29:52.345 I/SyntheticPasswordManager( 1145): Device does not support weaver
04-04 04:29:52.346 I/LockSettingsService( 1145): Device doesn't implement AuthSecret HAL
04-04 04:29:52.347 D/SystemServerTiming( 1145): MakeLockSettingsServiceReady took to complete: 12ms
04-04 04:29:52.347 I/SystemServerTiming( 1145): StartBootPhaseLockSettingsReady
04-04 04:29:52.348 I/SystemServiceManager( 1145): Starting phase 480
04-04 04:29:52.348 I/SystemServerTiming( 1145): OnBootPhase_480
04-04 04:29:52.348 I/SystemServerTiming( 1145): OnBootPhase_480_com.android.server.security.FileIntegrityService
04-04 04:29:52.348 D/SystemServerTiming( 1145): OnBootPhase_480_com.android.server.security.FileIntegrityService took to complete: 0ms
04-04 04:29:52.348 I/SystemServerTiming( 1145): OnBootPhase_480_com.android.server.pm.Installer
04-04 04:29:52.348 D/SystemServerTiming( 1145): OnBootPhase_480_com.android.server.pm.Installer took to complete: 0ms
04-04 04:29:52.348 I/SystemServerTiming( 1145): OnBootPhase_480_com.android.server.os.DeviceIdentifiersPolicyService
04-04 04:29:52.348 D/SystemServerTiming( 1145): OnBootPhase_480_com.android.server.os.DeviceIdentifiersPolicyService took to complete: 0ms
04-04 04:29:52.348 I/SystemServerTiming( 1145): OnBootPhase_480_com.android.server.uri.UriGrantsManagerService$Lifecycle
04-04 04:29:52.348 D/SystemServerTiming( 1145): OnBootPhase_480_com.android.server.uri.UriGrantsManagerService$Lifecycle took to complete: 0ms
04-04 04:29:52.348 I/SystemServerTiming( 1145): OnBootPhase_480_com.android.server.powerstats.PowerStatsService
04-04 04:29:52.348 D/SystemServerTiming( 1145): OnBootPhase_480_com.android.server.powerstats.PowerStatsService took to complete: 0ms
04-04 04:29:52.348 I/SystemServerTiming( 1145): OnBootPhase_480_com.android.server.wm.ActivityTaskManagerService$Lifecycle
04-04 04:29:52.348 D/SystemServerTiming( 1145): OnBootPhase_480_com.android.server.wm.ActivityTaskManagerService$Lifecycle took to complete: 0ms
04-04 04:29:52.348 I/SystemServerTiming( 1145): OnBootPhase_480_com.android.server.am.ActivityManagerService$Lifecycle
04-04 04:29:52.348 D/SystemServerTiming( 1145): OnBootPhase_480_com.android.server.am.ActivityManagerService$Lifecycle took to complete: 0ms
04-04 04:29:52.348 I/SystemServerTiming( 1145): OnBootPhase_480_com.android.server.pm.DataLoaderManagerService
04-04 04:29:52.348 D/SystemServerTiming( 1145): OnBootPhase_480_com.android.server.pm.DataLoaderManagerService took to complete: 0ms
04-04 04:29:52.348 I/SystemServerTiming( 1145): OnBootPhase_480_com.android.server.power.PowerManagerService
04-04 04:29:52.348 D/SystemServerTiming( 1145): OnBootPhase_480_com.android.server.power.PowerManagerService took to complete: 0ms
04-04 04:29:52.348 I/SystemServerTiming( 1145): OnBootPhase_480_com.android.server.power.ThermalManagerService
04-04 04:29:52.348 D/SystemServerTiming( 1145): OnBootPhase_480_com.android.server.power.ThermalManagerService took to complete: 0ms
04-04 04:29:52.349 I/SystemServerTiming( 1145): OnBootPhase_480_com.android.server.power.hint.HintManagerService
04-04 04:29:52.349 D/SystemServerTiming( 1145): OnBootPhase_480_com.android.server.power.hint.HintManagerService took to complete: 0ms
04-04 04:29:52.349 I/SystemServerTiming( 1145): OnBootPhase_480_com.android.server.recoverysystem.RecoverySystemService$Lifecycle
04-04 04:29:52.349 D/SystemServerTiming( 1145): OnBootPhase_480_com.android.server.recoverysystem.RecoverySystemService$Lifecycle took to complete: 0ms
04-04 04:29:52.349 I/SystemServerTiming( 1145): OnBootPhase_480_com.android.server.lights.LightsService
04-04 04:29:52.349 D/SystemServerTiming( 1145): OnBootPhase_480_com.android.server.lights.LightsService took to complete: 0ms
04-04 04:29:52.349 I/SystemServerTiming( 1145): OnBootPhase_480_com.android.server.display.DisplayManagerService
04-04 04:29:52.349 D/SystemServerTiming( 1145): OnBootPhase_480_com.android.server.display.DisplayManagerService took to complete: 0ms
04-04 04:29:52.349 I/SystemServerTiming( 1145): OnBootPhase_480_com.android.server.pm.verify.domain.DomainVerificationService
04-04 04:29:52.349 D/SystemServerTiming( 1145): OnBootPhase_480_com.android.server.pm.verify.domain.DomainVerificationService took to complete: 0ms
04-04 04:29:52.349 I/SystemServerTiming( 1145): OnBootPhase_480_com.android.server.pm.PackageInstallerService$Lifecycle
04-04 04:29:52.349 D/SystemServerTiming( 1145): OnBootPhase_480_com.android.server.pm.PackageInstallerService$Lifecycle took to complete: 0ms
04-04 04:29:52.349 I/SystemServerTiming( 1145): OnBootPhase_480_com.android.server.pm.UserManagerService$LifeCycle
04-04 04:29:52.349 D/SystemServerTiming( 1145): OnBootPhase_480_com.android.server.pm.UserManagerService$LifeCycle took to complete: 0ms
04-04 04:29:52.349 I/SystemServerTiming( 1145): OnBootPhase_480_com.android.server.om.OverlayManagerService
04-04 04:29:52.349 D/SystemServerTiming( 1145): OnBootPhase_480_com.android.server.om.OverlayManagerService took to complete: 0ms
04-04 04:29:52.349 I/SystemServerTiming( 1145): OnBootPhase_480_com.android.server.SensorPrivacyService
04-04 04:29:52.349 D/SystemServerTiming( 1145): OnBootPhase_480_com.android.server.SensorPrivacyService took to complete: 0ms
04-04 04:29:52.349 I/SystemServerTiming( 1145): OnBootPhase_480_com.android.server.thunderperf.ThunderBoostPerfService
04-04 04:29:52.349 D/SystemServerTiming( 1145): OnBootPhase_480_com.android.server.thunderperf.ThunderBoostPerfService took to complete: 0ms
04-04 04:29:52.349 I/SystemServerTiming( 1145): OnBootPhase_480_com.android.server.sensors.SensorService
04-04 04:29:52.349 D/SystemServerTiming( 1145): OnBootPhase_480_com.android.server.sensors.SensorService took to complete: 0ms
04-04 04:29:52.349 I/SystemServerTiming( 1145): OnBootPhase_480_com.android.server.SystemConfigService
04-04 04:29:52.350 D/SystemServerTiming( 1145): OnBootPhase_480_com.android.server.SystemConfigService took to complete: 0ms
04-04 04:29:52.350 I/SystemServerTiming( 1145): OnBootPhase_480_com.android.server.BatteryService
04-04 04:29:52.350 D/SystemServerTiming( 1145): OnBootPhase_480_com.android.server.BatteryService took to complete: 0ms
04-04 04:29:52.350 I/SystemServerTiming( 1145): OnBootPhase_480_com.android.server.usage.UsageStatsService
04-04 04:29:52.350 D/SystemServerTiming( 1145): OnBootPhase_480_com.android.server.usage.UsageStatsService took to complete: 0ms
04-04 04:29:52.350 I/SystemServerTiming( 1145): OnBootPhase_480_com.android.server.webkit.WebViewUpdateService
04-04 04:29:52.350 D/SystemServerTiming( 1145): OnBootPhase_480_com.android.server.webkit.WebViewUpdateService took to complete: 0ms
04-04 04:29:52.350 I/SystemServerTiming( 1145): OnBootPhase_480_com.android.server.CachedDeviceStateService
04-04 04:29:52.350 D/SystemServerTiming( 1145): OnBootPhase_480_com.android.server.CachedDeviceStateService took to complete: 0ms
04-04 04:29:52.350 I/SystemServerTiming( 1145): OnBootPhase_480_com.android.server.BinderCallsStatsService$LifeCycle
04-04 04:29:52.350 D/SystemServerTiming( 1145): OnBootPhase_480_com.android.server.BinderCallsStatsService$LifeCycle took to complete: 0ms
04-04 04:29:52.350 I/SystemServerTiming( 1145): OnBootPhase_480_com.android.server.LooperStatsService$Lifecycle
04-04 04:29:52.350 D/SystemServerTiming( 1145): OnBootPhase_480_com.android.server.LooperStatsService$Lifecycle took to complete: 0ms
04-04 04:29:52.350 I/SystemServerTiming( 1145): OnBootPhase_480_com.android.server.rollback.RollbackManagerService
04-04 04:29:52.350 D/SystemServerTiming( 1145): OnBootPhase_480_com.android.server.rollback.RollbackManagerService took to complete: 0ms
04-04 04:29:52.350 I/SystemServerTiming( 1145): OnBootPhase_480_com.android.server.os.NativeTombstoneManagerService
04-04 04:29:52.350 D/SystemServerTiming( 1145): OnBootPhase_480_com.android.server.os.NativeTombstoneManagerService took to complete: 0ms
04-04 04:29:52.350 I/SystemServerTiming( 1145): OnBootPhase_480_com.android.server.os.BugreportManagerService
04-04 04:29:52.350 D/SystemServerTiming( 1145): OnBootPhase_480_com.android.server.os.BugreportManagerService took to complete: 0ms
04-04 04:29:52.350 I/SystemServerTiming( 1145): OnBootPhase_480_com.android.server.gpu.GpuService
04-04 04:29:52.350 D/SystemServerTiming( 1145): OnBootPhase_480_com.android.server.gpu.GpuService took to complete: 0ms
04-04 04:29:52.351 I/SystemServerTiming( 1145): OnBootPhase_480_com.android.server.security.KeyChainSystemService
04-04 04:29:52.351 D/SystemServerTiming( 1145): OnBootPhase_480_com.android.server.security.KeyChainSystemService took to complete: 0ms
04-04 04:29:52.351 I/SystemServerTiming( 1145): OnBootPhase_480_com.android.server.telecom.TelecomLoaderService
04-04 04:29:52.351 D/SystemServerTiming( 1145): OnBootPhase_480_com.android.server.telecom.TelecomLoaderService took to complete: 0ms
04-04 04:29:52.351 I/SystemServerTiming( 1145): OnBootPhase_480_com.android.server.accounts.AccountManagerService$Lifecycle
04-04 04:29:52.351 D/SystemServerTiming( 1145): OnBootPhase_480_com.android.server.accounts.AccountManagerService$Lifecycle took to complete: 0ms
04-04 04:29:52.351 I/SystemServerTiming( 1145): OnBootPhase_480_com.android.server.content.ContentService$Lifecycle
04-04 04:29:52.351 D/SystemServerTiming( 1145): OnBootPhase_480_com.android.server.content.ContentService$Lifecycle took to complete: 0ms
04-04 04:29:52.351 I/SystemServerTiming( 1145): OnBootPhase_480_com.android.server.DropBoxManagerService
04-04 04:29:52.351 D/SystemServerTiming( 1145): OnBootPhase_480_com.android.server.DropBoxManagerService took to complete: 0ms
04-04 04:29:52.351 I/SystemServerTiming( 1145): OnBootPhase_480_com.android.role.RoleService
04-04 04:29:52.351 D/SystemServerTiming( 1145): OnBootPhase_480_com.android.role.RoleService took to complete: 0ms
04-04 04:29:52.351 I/SystemServerTiming( 1145): OnBootPhase_480_com.android.server.vibrator.VibratorManagerService$Lifecycle
04-04 04:29:52.351 D/SystemServerTiming( 1145): OnBootPhase_480_com.android.server.vibrator.VibratorManagerService$Lifecycle took to complete: 0ms
04-04 04:29:52.351 I/SystemServerTiming( 1145): OnBootPhase_480_com.android.server.alarm.AlarmManagerService
04-04 04:29:52.351 D/SystemServerTiming( 1145): OnBootPhase_480_com.android.server.alarm.AlarmManagerService took to complete: 0ms
04-04 04:29:52.351 I/SystemServerTiming( 1145): OnBootPhase_480_com.android.server.devicestate.DeviceStateManagerService
04-04 04:29:52.351 D/SystemServerTiming( 1145): OnBootPhase_480_com.android.server.devicestate.DeviceStateManagerService took to complete: 0ms
04-04 04:29:52.351 I/SystemServerTiming( 1145): OnBootPhase_480_com.android.server.camera.CameraServiceProxy
04-04 04:29:52.351 D/SystemServerTiming( 1145): OnBootPhase_480_com.android.server.camera.CameraServiceProxy took to complete: 0ms
04-04 04:29:52.351 I/SystemServerTiming( 1145): OnBootPhase_480_com.android.server.BluetoothService
04-04 04:29:52.352 D/SystemServerTiming( 1145): OnBootPhase_480_com.android.server.BluetoothService took to complete: 0ms
04-04 04:29:52.352 I/SystemServerTiming( 1145): OnBootPhase_480_com.android.server.connectivity.IpConnectivityMetrics
04-04 04:29:52.352 D/SystemServerTiming( 1145): OnBootPhase_480_com.android.server.connectivity.IpConnectivityMetrics took to complete: 0ms
04-04 04:29:52.352 I/SystemServerTiming( 1145): OnBootPhase_480_com.android.server.net.watchlist.NetworkWatchlistService$Lifecycle
04-04 04:29:52.352 D/SystemServerTiming( 1145): OnBootPhase_480_com.android.server.net.watchlist.NetworkWatchlistService$Lifecycle took to complete: 0ms
04-04 04:29:52.352 I/SystemServerTiming( 1145): OnBootPhase_480_com.android.server.PinnerService
04-04 04:29:52.352 D/SystemServerTiming( 1145): OnBootPhase_480_com.android.server.PinnerService took to complete: 0ms
04-04 04:29:52.352 I/SystemServerTiming( 1145): OnBootPhase_480_com.google.android.startop.iorap.IorapForwardingService
04-04 04:29:52.352 D/SystemServerTiming( 1145): OnBootPhase_480_com.google.android.startop.iorap.IorapForwardingService took to complete: 0ms
04-04 04:29:52.352 I/SystemServerTiming( 1145): OnBootPhase_480_com.android.server.ActivityTriggerService
04-04 04:29:52.352 D/SystemServerTiming( 1145): OnBootPhase_480_com.android.server.ActivityTriggerService took to complete: 0ms
04-04 04:29:52.352 I/SystemServerTiming( 1145): OnBootPhase_480_com.android.server.integrity.AppIntegrityManagerService
04-04 04:29:52.352 D/SystemServerTiming( 1145): OnBootPhase_480_com.android.server.integrity.AppIntegrityManagerService took to complete: 0ms
04-04 04:29:52.352 I/SystemServerTiming( 1145): OnBootPhase_480_com.android.server.inputmethod.InputMethodManagerService$Lifecycle
04-04 04:29:52.352 D/SystemServerTiming( 1145): OnBootPhase_480_com.android.server.inputmethod.InputMethodManagerService$Lifecycle took to complete: 0ms
04-04 04:29:52.352 I/SystemServerTiming( 1145): OnBootPhase_480_com.android.server.accessibility.AccessibilityManagerService$Lifecycle
04-04 04:29:52.352 D/SystemServerTiming( 1145): OnBootPhase_480_com.android.server.accessibility.AccessibilityManagerService$Lifecycle took to complete: 0ms
04-04 04:29:52.352 I/SystemServerTiming( 1145): OnBootPhase_480_com.android.server.StorageManagerService$Lifecycle
04-04 04:29:52.352 D/SystemServerTiming( 1145): OnBootPhase_480_com.android.server.StorageManagerService$Lifecycle took to complete: 0ms
04-04 04:29:52.352 I/SystemServerTiming( 1145): OnBootPhase_480_com.android.server.usage.StorageStatsService$Lifecycle
04-04 04:29:52.352 D/SystemServerTiming( 1145): OnBootPhase_480_com.android.server.usage.StorageStatsService$Lifecycle took to complete: 0ms
04-04 04:29:52.352 I/SystemServerTiming( 1145): OnBootPhase_480_com.android.server.UiModeManagerService
04-04 04:29:52.352 D/SystemServerTiming( 1145): OnBootPhase_480_com.android.server.UiModeManagerService took to complete: 0ms
04-04 04:29:52.352 I/SystemServerTiming( 1145): OnBootPhase_480_com.android.server.locksettings.LockSettingsService$Lifecycle
04-04 04:29:52.353 D/SystemServerTiming( 1145): OnBootPhase_480_com.android.server.locksettings.LockSettingsService$Lifecycle took to complete: 0ms
04-04 04:29:52.353 I/SystemServerTiming( 1145): OnBootPhase_480_com.android.server.PersistentDataBlockService
04-04 04:29:52.353 D/SystemServerTiming( 1145): OnBootPhase_480_com.android.server.PersistentDataBlockService took to complete: 0ms
04-04 04:29:52.353 I/SystemServerTiming( 1145): OnBootPhase_480_com.android.server.testharness.TestHarnessModeService
04-04 04:29:52.353 D/SystemServerTiming( 1145): OnBootPhase_480_com.android.server.testharness.TestHarnessModeService took to complete: 0ms
04-04 04:29:52.353 I/SystemServerTiming( 1145): OnBootPhase_480_com.android.server.oemlock.OemLockService
04-04 04:29:52.353 D/SystemServerTiming( 1145): OnBootPhase_480_com.android.server.oemlock.OemLockService took to complete: 0ms
04-04 04:29:52.353 I/SystemServerTiming( 1145): OnBootPhase_480_com.android.server.DeviceIdleController
04-04 04:29:52.353 D/SystemServerTiming( 1145): OnBootPhase_480_com.android.server.DeviceIdleController took to complete: 0ms
04-04 04:29:52.353 I/SystemServerTiming( 1145): OnBootPhase_480_com.android.server.devicepolicy.DevicePolicyManagerService$Lifecycle
04-04 04:29:52.356 I/DevicePolicyManager( 1145): Current version 2, latest version 2, not upgrading.
04-04 04:29:52.359 D/SystemServerTiming( 1145): OnBootPhase_480_com.android.server.devicepolicy.DevicePolicyManagerService$Lifecycle took to complete: 6ms
04-04 04:29:52.360 I/SystemServerTiming( 1145): OnBootPhase_480_com.android.server.texttospeech.TextToSpeechManagerService
04-04 04:29:52.360 D/SystemServerTiming( 1145): OnBootPhase_480_com.android.server.texttospeech.TextToSpeechManagerService took to complete: 0ms
04-04 04:29:52.360 I/SystemServerTiming( 1145): OnBootPhase_480_com.android.server.speech.SpeechRecognitionManagerService
