04-04 04:45:54.388 I/ProcessStatsService( 1145): Added stats: 1970-01-01-08-01-43, over +32m31s113ms
04-04 04:45:55.526 W/NotificationService( 1145): Toast already killed. pkg=com.android.settings token=android.os.BinderProxy@1ed57ef
04-04 04:46:01.035 W/BroadcastQueue( 1145): Permission Denial: broadcasting Intent { act=android.net.conn.CONNECTIVITY_CHANGE flg=0x4200010 (has extras) } from null (pid=-1, uid=-1) requires android.permission.CHANGE_NETWORK_STATE due to registered receiver BroadcastFilter{e4c483d 1000/u0 ReceiverList{f52594 5038 com.android.settings/1000/u0 remote:6a255e7}}
04-04 04:46:01.036 W/BroadcastQueue( 1145): Permission Denial: broadcasting Intent { act=android.net.wifi.STATE_CHANGE flg=0x4000010 (has extras) } from null (pid=-1, uid=-1) requires android.permission.CHANGE_NETWORK_STATE due to registered receiver BroadcastFilter{e4c483d 1000/u0 ReceiverList{f52594 5038 com.android.settings/1000/u0 remote:6a255e7}}
04-04 04:46:01.882 W/WindowManager( 1145): removeWindowToken: Attempted to remove non-existing token: android.os.Binder@f58c822
04-04 04:46:02.030 W/WindowManager( 1145): removeWindowToken: Attempted to remove non-existing token: android.os.Binder@95651a5
04-04 04:46:02.281 W/WindowManager( 1145): removeWindowToken: Attempted to remove non-existing token: android.os.Binder@7fe7a34
01-01 08:17:01.556 I/init ( 0): Control message: Processed ctl.start for 'adbd' from pid: 1145 (system_server)
04-04 04:46:02.301 I/thunderperf( 1145): PlatormCompat.setOverrides: Uid1=1000 Pid1=1145 Uid2=1000 Pid2=1145
04-04 04:46:02.301 I/thunderperf( 1145): PlatormCompat.setOverrides: needCheck:false
04-04 04:46:02.301 I/thunderperf( 1145): CompatConfig.addOverrideUnsafe: bef-state=0
04-04 04:46:02.301 I/thunderperf( 1145): CompatConfig.addOverrideUnsafe: aft-state=0
04-04 04:46:02.303 I/thunderperf( 1145): CompatConfig.addOverrideUnsafe: bef-state=0
04-04 04:46:02.303 I/thunderperf( 1145): CompatConfig.addOverrideUnsafe: aft-state=0
04-04 04:46:02.305 I/thunderperf( 1145): CompatConfig.addOverrideUnsafe: bef-state=0
04-04 04:46:02.305 I/thunderperf( 1145): CompatConfig.addOverrideUnsafe: aft-state=0
04-04 04:46:02.306 I/thunderperf( 1145): CompatConfig.addOverrideUnsafe: bef-state=0
04-04 04:46:02.306 I/thunderperf( 1145): CompatConfig.addOverrideUnsafe: aft-state=0
04-04 04:46:02.307 I/thunderperf( 1145): CompatConfig.addOverrideUnsafe: bef-state=0
04-04 04:46:02.308 I/thunderperf( 1145): CompatConfig.addOverrideUnsafe: aft-state=0
04-04 04:46:02.309 I/thunderperf( 1145): CompatConfig.addOverrideUnsafe: bef-state=0
04-04 04:46:02.309 I/thunderperf( 1145): CompatConfig.addOverrideUnsafe: aft-state=0
04-04 04:46:02.311 I/thunderperf( 1145): CompatConfig.addOverrideUnsafe: bef-state=0
04-04 04:46:02.311 I/thunderperf( 1145): CompatConfig.addOverrideUnsafe: aft-state=0
04-04 04:46:02.320 I/thunderperf( 1145): CompatConfig.addOverrideUnsafe: bef-state=0
04-04 04:46:02.320 I/thunderperf( 1145): CompatConfig.addOverrideUnsafe: aft-state=0
04-04 04:46:02.327 I/thunderperf( 1145): CompatConfig.addOverrideUnsafe: bef-state=0
04-04 04:46:02.327 I/thunderperf( 1145): CompatConfig.addOverrideUnsafe: aft-state=0
04-04 04:46:02.328 I/thunderperf( 1145): CompatConfig.addOverrideUnsafe: bef-state=0
04-04 04:46:02.328 I/thunderperf( 1145): CompatConfig.addOverrideUnsafe: aft-state=0
04-04 04:46:02.332 I/thunderperf( 1145): CompatConfig.addOverrideUnsafe: bef-state=0
04-04 04:46:02.332 I/thunderperf( 1145): CompatConfig.addOverrideUnsafe: aft-state=0
04-04 04:46:02.333 I/thunderperf( 1145): CompatConfig.addOverrideUnsafe: bef-state=0
04-04 04:46:02.333 I/thunderperf( 1145): CompatConfig.addOverrideUnsafe: aft-state=0
04-04 04:46:02.335 I/thunderperf( 1145): CompatConfig.addOverrideUnsafe: bef-state=0
04-04 04:46:02.335 I/thunderperf( 1145): CompatConfig.addOverrideUnsafe: aft-state=0
04-04 04:46:02.336 I/thunderperf( 1145): CompatConfig.addOverrideUnsafe: bef-state=0
04-04 04:46:02.336 I/thunderperf( 1145): CompatConfig.addOverrideUnsafe: aft-state=0
04-04 04:46:02.343 I/ActivityTaskManager( 1145): START u0 {flg=0x10000000 cmp=com.android.systemui/.wifi.WifiDebuggingActivity (has extras)} from uid 1000
04-04 04:46:02.353 W/ActivityTaskManager( 1145): Can't find TaskDisplayArea to determine support for multi window. Task id=29 attached=false
04-04 04:46:02.356 D/CompatibilityChangeReporter( 1145): Compat change id reported: 174042980; UID 10084; state: DISABLED
04-04 04:46:02.357 D/CompatibilityChangeReporter( 1145): Compat change id reported: 184838306; UID 10084; state: DISABLED
04-04 04:46:02.357 D/CompatibilityChangeReporter( 1145): Compat change id reported: 185004937; UID 10084; state: DISABLED
04-04 04:46:02.358 D/CompatibilityChangeReporter( 1145): Compat change id reported: 181136395; UID 10084; state: DISABLED
04-04 04:46:02.358 D/CompatibilityChangeReporter( 1145): Compat change id reported: 174042936; UID 10084; state: DISABLED
04-04 04:46:02.381 I/ActivityTaskManager( 1145): FOREGROUND_APPLICATION_CHANGED to com.android.systemui.wifi.WifiDebuggingActivity
04-04 04:46:02.382 I/ActivityTaskManager( 1145): The Process com.android.systemui Already Exists in BG. So sending its PID: 1986
04-04 04:46:02.402 D/AutofillManagerService( 1145): Close system dialogs
04-04 04:46:02.406 W/WindowManager( 1145): removeWindowToken: Attempted to remove non-existing token: android.os.Binder@a7e8b8
04-04 04:46:02.487 W/FreeFormWindowHelper( 1145): Current Display FreeFormTask is null
01-01 08:17:01.827 I/init ( 0): Sending signal 9 to service 'idmap2d' (pid 5525) process group...
04-04 04:46:02.555 W/OverlayManager( 1145): service 'idmap' died
01-01 08:17:01.841 I/libprocessgroup( 0): Successfully killed process cgroup uid 1000 pid 5525 in 5ms
01-01 08:17:01.850 I/init ( 0): Control message: Processed ctl.stop for 'idmap2d' from pid: 1145 (system_server)
01-01 08:17:01.860 I/init ( 0): Service 'idmap2d' (pid 5525) received signal 9
01-01 08:17:04.422 I/init ( 0): Control message: Processed ctl.start for 'adbd' from pid: 1145 (system_server)
04-04 04:46:05.152 I/ActivityTaskManager( 1145): FOREGROUND_APPLICATION_CHANGED to com.android.settings.homepage.SettingsHomepageActivity
04-04 04:46:05.172 E/AdbDebuggingManager( 1145): Expected keyStore, but got tag=wifiAP
04-04 04:46:05.173 E/AdbDebuggingManager( 1145): Expected keyStore, but got tag=wifiAP
04-04 04:46:05.200 E/AdbDebuggingManager( 1145): Expected keyStore, but got tag=wifiAP
04-04 04:46:05.200 E/AdbDebuggingManager( 1145): Expected keyStore, but got tag=wifiAP
04-04 04:46:05.367 W/FreeFormWindowHelper( 1145): Current Display FreeFormTask is null
04-04 04:46:05.472 W/ActivityTaskManager( 1145): Can't find TaskDisplayArea to determine support for multi window. Task id=29 attached=false
04-04 04:46:05.472 W/ActivityTaskManager( 1145): Can't find TaskDisplayArea to determine support for multi window. Task id=29 attached=false
04-04 04:46:06.068 W/FreeFormWindowHelper( 1145): Current Display FreeFormTask is null
04-04 04:46:06.072 W/FreeFormWindowHelper( 1145): Current Display FreeFormTask is null
04-04 04:46:06.088 W/FreeFormWindowHelper( 1145): Current Display FreeFormTask is null
04-04 04:46:06.089 W/FreeFormWindowHelper( 1145): Current Display FreeFormTask is null
04-04 04:46:06.117 W/ActivityTaskManager( 1145): getTaskSnapshot: taskId=337 not found
04-04 04:46:06.120 D/AutofillManagerService( 1145): Close system dialogs
04-04 04:46:06.126 W/ActivityTaskManager( 1145): getTaskSnapshot: taskId=337 not found
04-04 04:46:06.128 W/ActivityTaskManager( 1145): getTaskSnapshot: taskId=338 not found
04-04 04:46:06.129 W/FreeFormWindowHelper( 1145): Current Display FreeFormTask is null
04-04 04:46:06.129 W/FreeFormWindowHelper( 1145): Current Display FreeFormTask is null
04-04 04:46:06.132 W/ActivityTaskManager( 1145): getTaskSnapshot: taskId=338 not found
04-04 04:46:06.132 W/ActivityTaskManager( 1145): getTaskSnapshot: taskId=338 not found
04-04 04:46:06.140 W/FreeFormWindowHelper( 1145): Current Display FreeFormTask is null
04-04 04:46:06.141 W/FreeFormWindowHelper( 1145): Current Display FreeFormTask is null
04-04 04:46:06.146 W/ActivityTaskManager( 1145): getTaskSnapshot: taskId=405 not found
04-04 04:46:06.149 W/ActivityTaskManager( 1145): getTaskSnapshot: taskId=405 not found
04-04 04:46:06.150 W/ActivityTaskManager( 1145): getTaskSnapshot: taskId=405 not found
04-04 04:46:06.150 W/ActivityTaskManager( 1145): getTaskSnapshot: taskId=405 not found
04-04 04:46:06.151 W/ActivityTaskManager( 1145): getTaskSnapshot: taskId=406 not found
04-04 04:46:06.151 W/FreeFormWindowHelper( 1145): Current Display FreeFormTask is null
04-04 04:46:06.151 W/FreeFormWindowHelper( 1145): Current Display FreeFormTask is null
04-04 04:46:06.156 W/FreeFormWindowHelper( 1145): Current Display FreeFormTask is null
04-04 04:46:06.157 W/FreeFormWindowHelper( 1145): Current Display FreeFormTask is null
04-04 04:46:06.251 W/WindowManager( 1145): removeWindowToken: Attempted to remove non-existing token: android.os.Binder@2d8cacd
04-04 04:46:06.344 W/FreeFormWindowHelper( 1145): exitRecentTasks type=0
04-04 04:46:06.349 W/FreeFormWindowHelper( 1145): Current Display FreeFormTask is null
04-04 04:46:06.350 W/FreeFormWindowHelper( 1145): Current Display FreeFormTask is null
04-04 04:46:06.993 W/FreeFormWindowHelper( 1145): Current Display FreeFormTask is null
04-04 04:46:06.994 W/FreeFormWindowHelper( 1145): Current Display FreeFormTask is null
04-04 04:46:07.016 I/ActivityTaskManager( 1145): FOREGROUND_APPLICATION_CHANGED to com.android.launcher3.uioverrides.QuickstepLauncher
04-04 04:46:07.140 W/FreeFormWindowHelper( 1145): Current Display FreeFormTask is null
04-04 04:46:09.442 W/ActivityManager( 1145): Unable to start service Intent { act=android.intent.action.START_LEBO_SERVICE pkg=com.hpplay.happyplay.aw } U=0: not found
04-04 04:46:11.292 D/CompatibilityChangeReporter( 1145): Compat change id reported: 135634846; UID 10029; state: DISABLED
04-04 04:46:11.293 D/CompatibilityChangeReporter( 1145): Compat change id reported: 177438394; UID 10029; state: DISABLED
04-04 04:46:11.293 D/CompatibilityChangeReporter( 1145): Compat change id reported: 135772972; UID 10029; state: DISABLED
04-04 04:46:11.293 D/CompatibilityChangeReporter( 1145): Compat change id reported: 135754954; UID 10029; state: ENABLED
04-04 04:46:11.293 D/CompatibilityChangeReporter( 1145): Compat change id reported: 143937733; UID 10029; state: ENABLED
04-04 04:46:11.343 I/ActivityManager( 1145): Start proc 5789:com.microsoft.emmx:sandboxed_process0:org.chromium.content.app.SandboxedProcessService0:4/u0ai4 for {com.microsoft.emmx/org.chromium.content.app.SandboxedProcessService0:4}
04-04 04:46:11.343 W/ActivityManager( 1145): Slow operation: 51ms so far, now at startProcess: starting to update pids map
04-04 04:46:11.343 W/ActivityManager( 1145): Slow operation: 51ms so far, now at startProcess: done updating pids map
01-01 08:17:10.656 I/binder ( 0): 5789:5789 ioctl 40046210 7fd3d8a614 returned -22
04-04 04:46:11.390 D/CompatibilityChangeReporter( 1145): Compat change id reported: 168419799; UID 10029; state: DISABLED
04-04 04:46:11.548 I/ActivityManager( 1145): Killing 5789:com.microsoft.emmx:sandboxed_process0:org.chromium.content.app.SandboxedProcessService0:4/u0a29i-8996 (adj 0): isolated not needed
01-01 08:17:10.959 I/binder ( 0): undelivered transaction 151000, process died.
01-01 08:17:10.969 I/binder ( 0): undelivered transaction 151001, process died.
01-01 08:17:10.986 I/binder ( 0): undelivered transaction 150998, process died.
04-04 04:46:11.719 E/KernelCpuSpeedReader( 1145): Failed to read cpu-freq: /sys/devices/system/cpu/cpu4/cpufreq/stats/time_in_state: open failed: ENOENT (No such file or directory)
04-04 04:46:11.720 E/KernelCpuSpeedReader( 1145): Failed to read cpu-freq: /sys/devices/system/cpu/cpu0/cpufreq/stats/time_in_state: open failed: ENOENT (No such file or directory)
04-04 04:46:12.213 D/CompatibilityChangeReporter( 1145): Compat change id reported: 135634846; UID 10029; state: DISABLED
04-04 04:46:12.213 D/CompatibilityChangeReporter( 1145): Compat change id reported: 177438394; UID 10029; state: DISABLED
04-04 04:46:12.213 D/CompatibilityChangeReporter( 1145): Compat change id reported: 135772972; UID 10029; state: DISABLED
04-04 04:46:12.213 D/CompatibilityChangeReporter( 1145): Compat change id reported: 135754954; UID 10029; state: ENABLED
04-04 04:46:12.215 D/CompatibilityChangeReporter( 1145): Compat change id reported: 143937733; UID 10029; state: ENABLED
04-04 04:46:12.271 W/ActivityManager( 1145): Slow operation: 60ms so far, now at startProcess: returned from zygote!
04-04 04:46:12.272 W/ActivityManager( 1145): Slow operation: 60ms so far, now at startProcess: done updating battery stats
04-04 04:46:12.272 W/ActivityManager( 1145): Slow operation: 60ms so far, now at startProcess: building log message
04-04 04:46:12.272 I/ActivityManager( 1145): Start proc 5821:com.microsoft.emmx:sandboxed_process0:org.chromium.content.app.SandboxedProcessService0:5/u0ai5 for {com.microsoft.emmx/org.chromium.content.app.SandboxedProcessService0:5}
04-04 04:46:12.272 W/ActivityManager( 1145): Slow operation: 61ms so far, now at startProcess: starting to update pids map
04-04 04:46:12.272 W/ActivityManager( 1145): Slow operation: 61ms so far, now at startProcess: done updating pids map
01-01 08:17:11.604 I/binder ( 0): 5821:5821 ioctl 40046210 7fd3d8a614 returned -22
04-04 04:46:12.472 I/ActivityManager( 1145): Killing 5821:com.microsoft.emmx:sandboxed_process0:org.chromium.content.app.SandboxedProcessService0:5/u0a29i-8995 (adj 0): isolated not needed
01-01 08:17:11.904 I/binder ( 0): undelivered transaction 151167, process died.
01-01 08:17:11.914 I/binder ( 0): undelivered transaction 151168, process died.
04-04 04:46:12.643 E/KernelCpuSpeedReader( 1145): Failed to read cpu-freq: /sys/devices/system/cpu/cpu4/cpufreq/stats/time_in_state: open failed: ENOENT (No such file or directory)
04-04 04:46:12.643 E/KernelCpuSpeedReader( 1145): Failed to read cpu-freq: /sys/devices/system/cpu/cpu0/cpufreq/stats/time_in_state: open failed: ENOENT (No such file or directory)
01-01 08:17:11.925 I/binder ( 0): undelivered transaction 151165, process died.
04-04 04:46:13.468 D/CompatibilityChangeReporter( 1145): Compat change id reported: 135634846; UID 10029; state: DISABLED
04-04 04:46:13.468 D/CompatibilityChangeReporter( 1145): Compat change id reported: 177438394; UID 10029; state: DISABLED
04-04 04:46:13.468 D/CompatibilityChangeReporter( 1145): Compat change id reported: 135772972; UID 10029; state: DISABLED
04-04 04:46:13.468 D/CompatibilityChangeReporter( 1145): Compat change id reported: 135754954; UID 10029; state: ENABLED
04-04 04:46:13.469 D/CompatibilityChangeReporter( 1145): Compat change id reported: 143937733; UID 10029; state: ENABLED
04-04 04:46:13.516 I/ActivityManager( 1145): Start proc 5849:com.microsoft.emmx:sandboxed_process0:org.chromium.content.app.SandboxedProcessService0:6/u0ai6 for {com.microsoft.emmx/org.chromium.content.app.SandboxedProcessService0:6}
01-01 08:17:12.840 I/binder ( 0): 5849:5849 ioctl 40046210 7fd3d8a614 returned -22
04-04 04:46:13.728 I/ActivityManager( 1145): Killing 5849:com.microsoft.emmx:sandboxed_process0:org.chromium.content.app.SandboxedProcessService0:6/u0a29i-8994 (adj 0): isolated not needed
01-01 08:17:13.151 I/binder ( 0): undelivered transaction 151331, process died.
01-01 08:17:13.160 I/binder ( 0): undelivered transaction 151333, process died.
01-01 08:17:13.166 I/binder ( 0): undelivered transaction 151334, process died.
04-04 04:46:13.926 E/KernelCpuSpeedReader( 1145): Failed to read cpu-freq: /sys/devices/system/cpu/cpu4/cpufreq/stats/time_in_state: open failed: ENOENT (No such file or directory)
04-04 04:46:13.926 E/KernelCpuSpeedReader( 1145): Failed to read cpu-freq: /sys/devices/system/cpu/cpu0/cpufreq/stats/time_in_state: open failed: ENOENT (No such file or directory)
04-04 04:46:15.057 D/CompatibilityChangeReporter( 1145): Compat change id reported: 135634846; UID 10029; state: DISABLED
04-04 04:46:15.057 D/CompatibilityChangeReporter( 1145): Compat change id reported: 177438394; UID 10029; state: DISABLED
04-04 04:46:15.057 D/CompatibilityChangeReporter( 1145): Compat change id reported: 135772972; UID 10029; state: DISABLED
04-04 04:46:15.058 D/CompatibilityChangeReporter( 1145): Compat change id reported: 135754954; UID 10029; state: ENABLED
04-04 04:46:15.058 D/CompatibilityChangeReporter( 1145): Compat change id reported: 143937733; UID 10029; state: ENABLED
04-04 04:46:15.107 W/ActivityManager( 1145): Slow operation: 51ms so far, now at startProcess: done updating battery stats
04-04 04:46:15.107 W/ActivityManager( 1145): Slow operation: 51ms so far, now at startProcess: building log message
04-04 04:46:15.107 I/ActivityManager( 1145): Start proc 5899:com.microsoft.emmx:sandboxed_process0:org.chromium.content.app.SandboxedProcessService0:7/u0ai7 for {com.microsoft.emmx/org.chromium.content.app.SandboxedProcessService0:7}
04-04 04:46:15.107 W/ActivityManager( 1145): Slow operation: 51ms so far, now at startProcess: starting to update pids map
04-04 04:46:15.107 W/ActivityManager( 1145): Slow operation: 51ms so far, now at startProcess: done updating pids map
01-01 08:17:14.431 I/binder ( 0): 5899:5899 ioctl 40046210 7fd3d8a614 returned -22
01-01 08:17:14.607 W/audit ( 0): audit_lost=260 audit_rate_limit=5 audit_backlog_limit=64
01-01 08:17:14.634 E/audit ( 0): rate limit exceeded
04-04 04:46:15.401 I/ActivityManager( 1145): Killing 5899:com.microsoft.emmx:sandboxed_process0:org.chromium.content.app.SandboxedProcessService0:7/u0a29i-8993 (adj 0): isolated not needed
01-01 08:17:14.788 I/binder ( 0): undelivered transaction 151577, process died.
04-04 04:46:15.547 E/KernelCpuSpeedReader( 1145): Failed to read cpu-freq: /sys/devices/system/cpu/cpu4/cpufreq/stats/time_in_state: open failed: ENOENT (No such file or directory)
04-04 04:46:15.548 E/KernelCpuSpeedReader( 1145): Failed to read cpu-freq: /sys/devices/system/cpu/cpu0/cpufreq/stats/time_in_state: open failed: ENOENT (No such file or directory)
04-04 04:46:16.962 E/ProcessStats( 1145): Executing service ServiceState{df78946 org.chromium.content.app.SandboxedProcessService0 pkg=com.microsoft.emmx proc=5cf707} without owner
04-04 04:46:16.963 E/ProcessStats( 1145): Binding service ServiceState{df78946 org.chromium.content.app.SandboxedProcessService0 pkg=com.microsoft.emmx proc=5cf707} without owner
04-04 04:46:16.964 E/ProcessStats( 1145): Starting service ServiceState{df78946 org.chromium.content.app.SandboxedProcessService0 pkg=com.microsoft.emmx proc=5cf707} without owner
04-04 04:46:16.964 E/ProcessStats( 1145): Binding service ServiceState{df78946 org.chromium.content.app.SandboxedProcessService0 pkg=com.microsoft.emmx proc=5cf707} without owner
04-04 04:46:16.964 I/DropBoxManagerService( 1145): add tag=system_server_wtf isTagEnabled=true flags=0x2
04-04 04:46:16.966 I/ActivityManager( 1145): Killing 5190:com.microsoft.emmx:sandboxed_process0:org.chromium.content.app.SandboxedProcessService0:3/u0a29i-8997 (adj 0): isolated not needed
04-04 04:46:16.969 I/DropBoxManagerService( 1145): add tag=system_server_wtf isTagEnabled=true flags=0x2
04-04 04:46:16.975 I/DropBoxManagerService( 1145): add tag=system_server_wtf isTagEnabled=true flags=0x2
04-04 04:46:16.979 I/DropBoxManagerService( 1145): add tag=system_server_wtf isTagEnabled=true flags=0x2
04-04 04:46:17.010 I/GameModeConfig( 1145): isGameModeOn = false
04-04 04:46:17.011 I/GameModeConfig( 1145): isGameModeOn = false
04-04 04:46:17.219 E/KernelCpuSpeedReader( 1145): Failed to read cpu-freq: /sys/devices/system/cpu/cpu4/cpufreq/stats/time_in_state: open failed: ENOENT (No such file or directory)
04-04 04:46:17.219 E/KernelCpuSpeedReader( 1145): Failed to read cpu-freq: /sys/devices/system/cpu/cpu0/cpufreq/stats/time_in_state: open failed: ENOENT (No such file or directory)
04-04 04:46:17.219 I/GameModeConfig( 1145): isGameModeOn = false
04-04 04:46:17.225 W/NotificationHistory( 1145): Attempted to add notif for locked/gone/disabled user 0
04-04 04:46:17.859 D/CompatibilityChangeReporter( 1145): Compat change id reported: 135634846; UID 10029; state: DISABLED
04-04 04:46:17.860 D/CompatibilityChangeReporter( 1145): Compat change id reported: 177438394; UID 10029; state: DISABLED
04-04 04:46:17.860 D/CompatibilityChangeReporter( 1145): Compat change id reported: 135772972; UID 10029; state: DISABLED
04-04 04:46:17.860 D/CompatibilityChangeReporter( 1145): Compat change id reported: 135754954; UID 10029; state: ENABLED
04-04 04:46:17.861 D/CompatibilityChangeReporter( 1145): Compat change id reported: 143937733; UID 10029; state: ENABLED
04-04 04:46:17.925 W/ActivityManager( 1145): Slow operation: 66ms so far, now at startProcess: returned from zygote!
04-04 04:46:17.926 W/ActivityManager( 1145): Slow operation: 66ms so far, now at startProcess: done updating battery stats
04-04 04:46:17.926 W/ActivityManager( 1145): Slow operation: 67ms so far, now at startProcess: building log message
04-04 04:46:17.926 I/ActivityManager( 1145): Start proc 5949:com.microsoft.emmx:sandboxed_process0:org.chromium.content.app.SandboxedProcessService0:8/u0ai8 for {com.microsoft.emmx/org.chromium.content.app.SandboxedProcessService0:8}
04-04 04:46:17.926 W/ActivityManager( 1145): Slow operation: 67ms so far, now at startProcess: starting to update pids map
04-04 04:46:17.926 W/ActivityManager( 1145): Slow operation: 67ms so far, now at startProcess: done updating pids map
01-01 08:17:17.267 I/binder ( 0): 5949:5949 ioctl 40046210 7fd3d8a614 returned -22
01-01 08:17:17.488 W/audit ( 0): audit_lost=263 audit_rate_limit=5 audit_backlog_limit=64
01-01 08:17:17.496 E/audit ( 0): rate limit exceeded
04-04 04:46:18.318 I/ActivityManager( 1145): Killing 5949:com.microsoft.emmx:sandboxed_process0:org.chromium.content.app.SandboxedProcessService0:8/u0a29i-8992 (adj 0): isolated not needed
01-01 08:17:17.719 W/binder_cleanup_transaction( 0): 2 callbacks suppressed
01-01 08:17:17.719 I/binder ( 0): undelivered transaction 151999, process died.
01-01 08:17:17.732 I/binder ( 0): undelivered transaction 152003, process died.
01-01 08:17:17.739 I/binder ( 0): undelivered transaction 151998, process died.
04-04 04:46:18.485 E/KernelCpuSpeedReader( 1145): Failed to read cpu-freq: /sys/devices/system/cpu/cpu4/cpufreq/stats/time_in_state: open failed: ENOENT (No such file or directory)
04-04 04:46:18.485 E/KernelCpuSpeedReader( 1145): Failed to read cpu-freq: /sys/devices/system/cpu/cpu0/cpufreq/stats/time_in_state: open failed: ENOENT (No such file or directory)
04-04 04:46:22.467 D/CompatibilityChangeReporter( 1145): Compat change id reported: 135634846; UID 10029; state: DISABLED
04-04 04:46:22.468 D/CompatibilityChangeReporter( 1145): Compat change id reported: 177438394; UID 10029; state: DISABLED
04-04 04:46:22.468 D/CompatibilityChangeReporter( 1145): Compat change id reported: 135772972; UID 10029; state: DISABLED
04-04 04:46:22.469 D/CompatibilityChangeReporter( 1145): Compat change id reported: 135754954; UID 10029; state: ENABLED
04-04 04:46:22.470 D/CompatibilityChangeReporter( 1145): Compat change id reported: 143937733; UID 10029; state: ENABLED
04-04 04:46:22.531 W/ActivityManager( 1145): Slow operation: 65ms so far, now at startProcess: returned from zygote!
04-04 04:46:22.531 W/ActivityManager( 1145): Slow operation: 65ms so far, now at startProcess: done updating battery stats
04-04 04:46:22.531 W/ActivityManager( 1145): Slow operation: 65ms so far, now at startProcess: building log message
04-04 04:46:22.532 I/ActivityManager( 1145): Start proc 6010:com.microsoft.emmx:sandboxed_process0:org.chromium.content.app.SandboxedProcessService0:9/u0ai9 for {com.microsoft.emmx/org.chromium.content.app.SandboxedProcessService0:9}
04-04 04:46:22.532 W/ActivityManager( 1145): Slow operation: 65ms so far, now at startProcess: starting to update pids map
04-04 04:46:22.532 W/ActivityManager( 1145): Slow operation: 65ms so far, now at startProcess: done updating pids map
01-01 08:17:21.885 I/binder ( 0): 6010:6010 ioctl 40046210 7fd3d8a614 returned -22
01-01 08:17:22.134 W/audit ( 0): audit_lost=270 audit_rate_limit=5 audit_backlog_limit=64
01-01 08:17:22.162 E/audit ( 0): rate limit exceeded
04-04 04:46:23.005 I/ActivityManager( 1145): Killing 6010:com.microsoft.emmx:sandboxed_process0:org.chromium.content.app.SandboxedProcessService0:9/u0a29i-8991 (adj 0): isolated not needed
01-01 08:17:22.403 I/binder ( 0): undelivered transaction 152199, process died.
01-01 08:17:22.410 I/binder ( 0): undelivered transaction 152203, process died.
01-01 08:17:22.417 I/binder ( 0): undelivered transaction 152198, process died.
04-04 04:46:23.174 E/KernelCpuSpeedReader( 1145): Failed to read cpu-freq: /sys/devices/system/cpu/cpu4/cpufreq/stats/time_in_state: open failed: ENOENT (No such file or directory)
04-04 04:46:23.175 E/KernelCpuSpeedReader( 1145): Failed to read cpu-freq: /sys/devices/system/cpu/cpu0/cpufreq/stats/time_in_state: open failed: ENOENT (No such file or directory)
01-01 08:17:24.794 I/qcom_rpmh DRV( 0): apps_rsc TCS Busy, retrying RPMH message send: addr=0x40d00
04-04 04:46:26.343 I/DropBoxManagerService( 1145): add tag=system_app_strictmode isTagEnabled=true flags=0x2
04-04 04:46:26.346 I/thunderperf( 1145): PlatormCompat.setOverrides: Uid1=10083 Pid1=2670 Uid2=10083 Pid2=2670
04-04 04:46:26.346 I/thunderperf( 1145): PlatormCompat.setOverrides: needCheck:false
04-04 04:46:26.347 I/thunderperf( 1145): CompatConfig.addOverrideUnsafe: bef-state=0
04-04 04:46:26.347 I/thunderperf( 1145): CompatConfig.addOverrideUnsafe: aft-state=0
04-04 04:46:26.351 I/thunderperf( 1145): CompatConfig.addOverrideUnsafe: bef-state=0
04-04 04:46:26.352 I/thunderperf( 1145): CompatConfig.addOverrideUnsafe: aft-state=0
04-04 04:46:26.353 I/thunderperf( 1145): CompatConfig.addOverrideUnsafe: bef-state=0
04-04 04:46:26.354 I/thunderperf( 1145): CompatConfig.addOverrideUnsafe: aft-state=0
04-04 04:46:26.355 I/thunderperf( 1145): CompatConfig.addOverrideUnsafe: bef-state=0
04-04 04:46:26.355 I/thunderperf( 1145): CompatConfig.addOverrideUnsafe: aft-state=0
04-04 04:46:26.356 I/thunderperf( 1145): CompatConfig.addOverrideUnsafe: bef-state=0
04-04 04:46:26.356 I/thunderperf( 1145): CompatConfig.addOverrideUnsafe: aft-state=0
04-04 04:46:26.357 I/thunderperf( 1145): CompatConfig.addOverrideUnsafe: bef-state=0
04-04 04:46:26.358 I/thunderperf( 1145): CompatConfig.addOverrideUnsafe: aft-state=0
04-04 04:46:26.359 I/thunderperf( 1145): CompatConfig.addOverrideUnsafe: bef-state=0
04-04 04:46:26.359 I/thunderperf( 1145): CompatConfig.addOverrideUnsafe: aft-state=0
04-04 04:46:26.360 I/thunderperf( 1145): CompatConfig.addOverrideUnsafe: bef-state=0
04-04 04:46:26.360 I/thunderperf( 1145): CompatConfig.addOverrideUnsafe: aft-state=0
04-04 04:46:26.361 I/thunderperf( 1145): CompatConfig.addOverrideUnsafe: bef-state=0
04-04 04:46:26.361 I/thunderperf( 1145): CompatConfig.addOverrideUnsafe: aft-state=0
04-04 04:46:26.363 I/thunderperf( 1145): CompatConfig.addOverrideUnsafe: bef-state=0
04-04 04:46:26.363 I/thunderperf( 1145): CompatConfig.addOverrideUnsafe: aft-state=0
04-04 04:46:26.364 I/thunderperf( 1145): CompatConfig.addOverrideUnsafe: bef-state=0
04-04 04:46:26.364 I/thunderperf( 1145): CompatConfig.addOverrideUnsafe: aft-state=0
04-04 04:46:26.365 I/thunderperf( 1145): CompatConfig.addOverrideUnsafe: bef-state=0
04-04 04:46:26.366 I/thunderperf( 1145): CompatConfig.addOverrideUnsafe: aft-state=0
04-04 04:46:26.367 I/thunderperf( 1145): CompatConfig.addOverrideUnsafe: bef-state=0
04-04 04:46:26.367 I/thunderperf( 1145): CompatConfig.addOverrideUnsafe: aft-state=0
04-04 04:46:26.369 I/thunderperf( 1145): CompatConfig.addOverrideUnsafe: bef-state=0
04-04 04:46:26.369 I/thunderperf( 1145): CompatConfig.addOverrideUnsafe: aft-state=0
04-04 04:46:26.379 I/ActivityTaskManager( 1145): START u0 {act=android.intent.action.MAIN cat=[android.intent.category.LAUNCHER] flg=0x10200000 cmp=com.android.settings/.Settings bnds=[2128,710][2314,910]} from uid 10083
04-04 04:46:26.391 D/PhoneStartingWindowTypeAlgorithm( 1986): preferredStartingWindowType newTask:false taskSwitch:true processRunning:true allowTaskSnapshot:true activityCreated:true useEmptySplashScreen:false legacySplashScreen:false topIsHome:false
04-04 04:46:26.391 D/PhoneStartingWindowTypeAlgorithm( 1986): isSnapshotCompatible rotation 0 snapshot 0
04-04 04:46:26.396 W/FreeFormWindowHelper( 1145): Current Display FreeFormTask is null
04-04 04:46:26.407 I/ActivityTaskManager( 1145): FOREGROUND_APPLICATION_CHANGED to com.android.settings.homepage.SettingsHomepageActivity
04-04 04:46:26.454 W/BroadcastQueue( 1145): Permission Denial: broadcasting Intent { act=android.net.conn.CONNECTIVITY_CHANGE flg=0x4200010 (has extras) } from null (pid=-1, uid=-1) requires android.permission.CHANGE_NETWORK_STATE due to registered receiver BroadcastFilter{a7f0ec6 1000/u0 ReceiverList{43e3ca1 5038 com.android.settings/1000/u0 remote:9065d08}}
04-04 04:46:26.454 W/BroadcastQueue( 1145): Permission Denial: broadcasting Intent { act=android.net.wifi.STATE_CHANGE flg=0x4000010 (has extras) } from null (pid=-1, uid=-1) requires android.permission.CHANGE_NETWORK_STATE due to registered receiver BroadcastFilter{a7f0ec6 1000/u0 ReceiverList{43e3ca1 5038 com.android.settings/1000/u0 remote:9065d08}}
04-04 04:46:26.461 E/AdbDebuggingManager( 1145): Expected keyStore, but got tag=wifiAP
04-04 04:46:26.461 E/AdbDebuggingManager( 1145): Expected keyStore, but got tag=wifiAP
04-04 04:46:26.467 E/AdbDebuggingManager( 1145): Expected keyStore, but got tag=wifiAP
04-04 04:46:26.468 E/AdbDebuggingManager( 1145): Expected keyStore, but got tag=wifiAP
04-04 04:46:26.490 D/StartingSurfaceDrawer( 1986): Task start finish, remove starting surface for task 28
04-04 04:46:26.666 W/FreeFormWindowHelper( 1145): Current Display FreeFormTask is null
01-01 08:17:26.794 I/[dp_rx_][0x4adf67671][04:46:27.511433] wlan( 0): [2909:I:QDF] DHCP-R RX: SA:04:7f:0e:5e:df:61 DA:ff:ff:ff:ff:ff:ff
04-04 04:46:27.829 D/CompatibilityChangeReporter( 1145): Compat change id reported: 135634846; UID 10029; state: DISABLED
04-04 04:46:27.829 D/CompatibilityChangeReporter( 1145): Compat change id reported: 177438394; UID 10029; state: DISABLED
04-04 04:46:27.829 D/CompatibilityChangeReporter( 1145): Compat change id reported: 135772972; UID 10029; state: DISABLED
04-04 04:46:27.830 D/CompatibilityChangeReporter( 1145): Compat change id reported: 135754954; UID 10029; state: ENABLED
04-04 04:46:27.830 D/CompatibilityChangeReporter( 1145): Compat change id reported: 143937733; UID 10029; state: ENABLED
04-04 04:46:27.893 W/ActivityManager( 1145): Slow operation: 65ms so far, now at startProcess: returned from zygote!
04-04 04:46:27.894 W/ActivityManager( 1145): Slow operation: 66ms so far, now at startProcess: done updating battery stats
04-04 04:46:27.895 W/ActivityManager( 1145): Slow operation: 66ms so far, now at startProcess: building log message
04-04 04:46:27.895 I/ActivityManager( 1145): Start proc 6090:com.microsoft.emmx:sandboxed_process0:org.chromium.content.app.SandboxedProcessService0:10/u0ai10 for {com.microsoft.emmx/org.chromium.content.app.SandboxedProcessService0:10}
04-04 04:46:27.895 W/ActivityManager( 1145): Slow operation: 66ms so far, now at startProcess: starting to update pids map
04-04 04:46:27.895 W/ActivityManager( 1145): Slow operation: 67ms so far, now at startProcess: done updating pids map
01-01 08:17:27.220 I/binder ( 0): 6090:6090 ioctl 40046210 7fd3d8a614 returned -22
04-04 04:46:27.953 D/CompatibilityChangeReporter( 1145): Compat change id reported: 168419799; UID 10029; state: DISABLED
04-04 04:46:28.125 I/ActivityManager( 1145): Killing 6090:com.microsoft.emmx:sandboxed_process0:org.chromium.content.app.SandboxedProcessService0:10/u0a29i-8990 (adj 0): isolated not needed
01-01 08:17:27.590 I/binder ( 0): undelivered transaction 154027, process died.
01-01 08:17:27.600 I/binder ( 0): undelivered transaction 154030, process died.
01-01 08:17:27.610 I/binder ( 0): undelivered transaction 154026, process died.
04-04 04:46:28.361 E/KernelCpuSpeedReader( 1145): Failed to read cpu-freq: /sys/devices/system/cpu/cpu4/cpufreq/stats/time_in_state: open failed: ENOENT (No such file or directory)
04-04 04:46:28.361 E/KernelCpuSpeedReader( 1145): Failed to read cpu-freq: /sys/devices/system/cpu/cpu0/cpufreq/stats/time_in_state: open failed: ENOENT (No such file or directory)
04-04 04:46:28.976 D/AutofillManagerService( 1145): onBackKeyPressed()
04-04 04:46:29.125 I/ProcessStatsService( 1145): Added stats: 1970-01-01-08-01-43, over +32m31s113ms
01-01 08:17:28.619 W/audit ( 0): audit_lost=279 audit_rate_limit=5 audit_backlog_limit=64
01-01 08:17:28.627 E/audit ( 0): rate limit exceeded
04-04 04:46:30.899 D/AutofillManagerService( 1145): onBackKeyPressed()
04-04 04:46:31.479 I/ActivityTaskManager( 1145): moveTaskToBack: Task{6605480 #28 type=standard A=1000:com.android.settings.root U=0 visible=true mode=fullscreen translucent=false sz=1}
04-04 04:46:31.493 I/ActivityTaskManager( 1145): FOREGROUND_APPLICATION_CHANGED to com.android.launcher3.uioverrides.QuickstepLauncher
04-04 04:46:31.521 D/AutofillManagerService( 1145): onBackKeyPressed()
04-04 04:46:31.620 W/FreeFormWindowHelper( 1145): Current Display FreeFormTask is null
04-04 04:46:33.366 D/CompatibilityChangeReporter( 1145): Compat change id reported: 135634846; UID 10029; state: DISABLED
04-04 04:46:33.367 D/CompatibilityChangeReporter( 1145): Compat change id reported: 177438394; UID 10029; state: DISABLED
04-04 04:46:33.367 D/CompatibilityChangeReporter( 1145): Compat change id reported: 135772972; UID 10029; state: DISABLED
04-04 04:46:33.368 D/CompatibilityChangeReporter( 1145): Compat change id reported: 135754954; UID 10029; state: ENABLED
04-04 04:46:33.368 D/CompatibilityChangeReporter( 1145): Compat change id reported: 143937733; UID 10029; state: ENABLED
04-04 04:46:33.423 W/ActivityManager( 1145): Slow operation: 58ms so far, now at startProcess: returned from zygote!
04-04 04:46:33.423 W/ActivityManager( 1145): Slow operation: 58ms so far, now at startProcess: done updating battery stats
04-04 04:46:33.423 W/ActivityManager( 1145): Slow operation: 58ms so far, now at startProcess: building log message
04-04 04:46:33.423 I/ActivityManager( 1145): Start proc 6167:com.microsoft.emmx:sandboxed_process0:org.chromium.content.app.SandboxedProcessService0:11/u0ai11 for {com.microsoft.emmx/org.chromium.content.app.SandboxedProcessService0:11}
04-04 04:46:33.424 W/ActivityManager( 1145): Slow operation: 58ms so far, now at startProcess: starting to update pids map
04-04 04:46:33.424 W/ActivityManager( 1145): Slow operation: 59ms so far, now at startProcess: done updating pids map
01-01 08:17:32.781 I/binder ( 0): 6167:6167 ioctl 40046210 7fd3d8a614 returned -22
04-04 04:46:33.679 I/ActivityManager( 1145): Killing 6167:com.microsoft.emmx:sandboxed_process0:org.chromium.content.app.SandboxedProcessService0:11/u0a29i-8989 (adj 0): isolated not needed
01-01 08:17:33.081 I/binder ( 0): undelivered transaction 156107, process died.
01-01 08:17:33.089 I/binder ( 0): undelivered transaction 156109, process died.
01-01 08:17:33.095 I/binder ( 0): undelivered transaction 156112, process died.
04-04 04:46:33.851 E/KernelCpuSpeedReader( 1145): Failed to read cpu-freq: /sys/devices/system/cpu/cpu4/cpufreq/stats/time_in_state: open failed: ENOENT (No such file or directory)
04-04 04:46:33.851 E/KernelCpuSpeedReader( 1145): Failed to read cpu-freq: /sys/devices/system/cpu/cpu0/cpufreq/stats/time_in_state: open failed: ENOENT (No such file or directory)
01-01 08:17:33.727 W/audit ( 0): audit_lost=281 audit_rate_limit=5 audit_backlog_limit=64
01-01 08:17:33.735 E/audit ( 0): rate limit exceeded --------- beginning of main
04-04 04:46:34.617 D/RemoteControlService( 2421): Send message finished. direction: 32, messageType: 5, json: {"source":0,"token":"93kE8b8yEoa4BeV","type":"left","value":1}
04-04 04:46:34.618 D/RemoteControlService( 2421): RemoteKeyCommand ResponseSpeedTest - use time: 18
04-04 04:46:34.647 D/hpplay-base( 2927): [LelinkMDNS:766] devicePermissionPublic leboPermissionCheck:-2
04-04 04:46:34.647 D/hpplay-base( 2927): [jniBridge:1125] com_hpplay_sdk_sink_protocol_Bridge_WHAT_SERVER_ERROR
04-04 04:46:34.647 D/hpplay-base( 2927): [jniBridge:1726] notifyJava, what:204, castType:0, mimeType:0 baseStatus:2
04-04 04:46:34.647 D/hpplay-base( 2927): [jniBridge:1727] notifyJava sessionID:(null)
04-04 04:46:34.649 I/hpplay-java( 2927): [Thread-48]:Bridge:notify: what: 204
04-04 04:46:34.650 I/hpplay-java( 2927): [Thread-48]:Bridge:notify: out: OutParameters:{audioSessionId=-1, audiotrackIndex=0, castHandleType=-1, castType=0, deviceName='', dlnaName='', dramaID='', extra=-2002, frameHandleType=-1, handleInside=true, headduration=0, header='', headers=null, isAD=false, isMultiMirror=false, lelinkVer='', limitTime=0, , mediaAlbum='null', mediaAlbumArtURI='', mediaArtist='null', mediaAssets='', mediaTitle='null', mimeType=0, multiSession=null, period=0, pinCode='', playSpeed=0.0, playerChoice=0, plugin=0, port=0, position=0.0, positionUnit=2, protocol=0, realSessionID='', regType='', , sinkIp='', sourceAPPVersion='', sourceChannel='', sourceClientInfo='', sourceDeviceInfo='', sourceDeviceModel='', sourceDeviceName='', sourceDeviceType=0, sourceHID='', , sourceInfo='', , , sourceOSVersion='', sourceSDKVersion='', sourceUid='', stopDetail=0, stopReason=0, tailduration=0, url='', urlID='', urls=null, userAgent='', videoDecoder=0, volume=0, what=204}com.hpplay.sdk.sink.protocol.OutParameters@8423efa
04-04 04:46:34.650 I/hpplay-java( 2927): [Thread-48]:Bridge:notify: address:46214315
04-04 04:46:34.651 I/hpplay-base( 2927): [mDNSEmbeded:79] embedded_mDNSLoop stopmDNSNow:0 nPublish:-2 nExitFlag:6 tid is 6218
04-04 04:46:34.651 I/hpplay-java( 2927): [main]:Bridge:findServiceID start out: 46214315
04-04 04:46:34.652 I/hpplay-java( 2927): [main]:Bridge:findServiceID end
04-04 04:46:34.652 E/hpplay-java( 2927): [main]:ServerTaskManager:onError 204/-2002 com.hht.lebocast.LelinkHelper$e@ff08e4b
04-04 04:46:34.652 I/hpplay-java( 2927): [main]:ServerTaskManager:cancelTimeOutCheck
04-04 04:46:34.653 W/hpplay-java( 2927): [main]:ServerTaskManager:onErrorDispatcher errorCode:-2002
04-04 04:46:34.653 I/hpplay-java( 2927): [main]:ServerTaskManager:onError retry later
04-04 04:46:34.680 I/hpplay-base( 2927): [LelinkReceiver:14605] _connectionFinalize (131)
04-04 04:46:34.680 D/hpplay-base( 2927): [LelinkReceiver:14752] ###connectionFinalize,release ok!!###
04-04 04:46:34.766 D/RemoteControlService( 2421): getEvent: clientSocket = Socket[address=/192.168.4.4,port=50897,localPort=12600]
04-04 04:46:34.768 D/RemoteControlService( 2421): run: called
04-04 04:46:34.768 D/RemoteControlService( 2421): getEvent: start waiting...
04-04 04:46:34.769 E/RemoteControlService( 2421): Enter ListenSocketRunnable
04-04 04:46:34.773 D/RemoteControlService( 2421): After desEncrypt json is [{"type":"left","source":1,"token":"93kE8b8yEoa4BeV","value":"click"}]
04-04 04:46:34.774 D/RemoteControlService( 2421): buildRemoteCommand:type=5
04-04 04:46:34.774 D/RemoteControlService( 2421): Request params: BaseRequestCommandBean{source=1, token='93kE8b8yEoa4BeV', type='left', value='click'}
04-04 04:46:34.776 D/RemoteControlService( 2421): handleMessage called
04-04 04:46:34.776 D/RemoteControlService( 2421): Is not connect command
04-04 04:46:34.776 D/RemoteControlService( 2421): haveControl ? clientcom.thundercomm.remotecontrolservice.RemoteControllerClient@530a9ab
04-04 04:46:34.776 D/RemoteControlService( 2421): Client have control
04-04 04:46:34.776 D/RemoteControlService( 2421): do Action called
04-04 04:46:34.776 I/RemoteControlService( 2421): injectKeyEvent: KeyEvent { action=ACTION_DOWN, keyCode=KEYCODE_DPAD_LEFT, scanCode=0, metaState=0, flags=0x0, repeatCount=0, eventTime=1047326, downTime=1047326, deviceId=-1, source=0x101, displayId=-1 }
04-04 04:46:34.782 I/hpplay-java( 2927): [AsyncTask #80]:HttpRequest:doGet responseCode:200 0
04-04 04:46:34.787 I/RemoteControlService( 2421): injectKeyEvent: KeyEvent { action=ACTION_UP, keyCode=KEYCODE_DPAD_LEFT, scanCode=0, metaState=0, flags=0x0, repeatCount=0, eventTime=1047326, downTime=1047326, deviceId=-1, source=0x101, displayId=-1 }
04-04 04:46:34.793 D/RemoteControlService( 2421): Digest: 67BA1FFB54BF25F3F05337B29609FEB85F34D9C26A15D71035EE835E3913DC31
04-04 04:46:34.793 D/RemoteControlService( 2421): Send data length: 117
04-04 04:46:34.794 D/RemoteControlService( 2421): Send message finished. direction: 32, messageType: 5, json: {"source":0,"token":"93kE8b8yEoa4BeV","type":"left","value":1}
04-04 04:46:34.801 D/RemoteControlService( 2421): RemoteKeyCommand ResponseSpeedTest - use time: 35
04-04 04:46:35.040 I/mpu_uart( 661): [MSG-P:RECV]:No message received in 1000 ms
04-04 04:46:35.119 W/swapper/0( 0): type=1400 audit(0.0:636): avc: denied { kill } for capability=5 scontext=u:r:kernel:s0 tcontext=u:r:kernel:s0 tclass=capability permissive=0
04-04 04:46:35.276 D/RemoteControlService( 2421): getEvent: clientSocket = Socket[address=/192.168.4.4,port=38227,localPort=12600]
04-04 04:46:35.278 D/RemoteControlService( 2421): run: called
04-04 04:46:35.278 D/RemoteControlService( 2421): getEvent: start waiting...
04-04 04:46:35.279 E/RemoteControlService( 2421): Enter ListenSocketRunnable
04-04 04:46:35.281 D/RemoteControlService( 2421): After desEncrypt json is [{"type":"right","source":1,"token":"93kE8b8yEoa4BeV","value":"click"}]
04-04 04:46:35.282 D/RemoteControlService( 2421): buildRemoteCommand:type=5
04-04 04:46:35.282 D/RemoteControlService( 2421): Request params: BaseRequestCommandBean{source=1, token='93kE8b8yEoa4BeV', type='right', value='click'}
04-04 04:46:35.285 D/RemoteControlService( 2421): handleMessage called
04-04 04:46:35.285 D/RemoteControlService( 2421): Is not connect command
04-04 04:46:35.285 D/RemoteControlService( 2421): haveControl ? clientcom.thundercomm.remotecontrolservice.RemoteControllerClient@530a9ab
04-04 04:46:35.285 D/RemoteControlService( 2421): Client have control
04-04 04:46:35.285 D/RemoteControlService( 2421): do Action called
04-04 04:46:35.286 I/RemoteControlService( 2421): injectKeyEvent: KeyEvent { action=ACTION_DOWN, keyCode=KEYCODE_DPAD_RIGHT, scanCode=0, metaState=0, flags=0x0, repeatCount=0, eventTime=1047835, downTime=1047835, deviceId=-1, source=0x101, displayId=-1 }
04-04 04:46:35.303 I/RemoteControlService( 2421): injectKeyEvent: KeyEvent { action=ACTION_UP, keyCode=KEYCODE_DPAD_RIGHT, scanCode=0, metaState=0, flags=0x0, repeatCount=0, eventTime=1047835, downTime=1047835, deviceId=-1, source=0x101, displayId=-1 }
04-04 04:46:35.312 D/RemoteControlService( 2421): Digest: 3AF9B5E190DD1A47F21EA7D21FC1C92D7E09A016060D8FCC33CECF974D064D18
04-04 04:46:35.313 D/RemoteControlService( 2421): Send data length: 117
04-04 04:46:35.313 D/RemoteControlService( 2421): Send message finished. direction: 32, messageType: 5, json: {"source":0,"token":"93kE8b8yEoa4BeV","type":"right","value":1}
04-04 04:46:35.317 D/RemoteControlService( 2421): RemoteKeyCommand ResponseSpeedTest - use time: 40
04-04 04:46:35.369 I/mpu_uart( 661): [MSG-P:R]:recv sync frame timeout
04-04 04:46:35.445 D/RemoteControlService( 2421): getEvent: clientSocket = Socket[address=/192.168.4.4,port=43793,localPort=12600]
04-04 04:46:35.446 D/RemoteControlService( 2421): run: called
04-04 04:46:35.446 D/RemoteControlService( 2421): getEvent: start waiting...
04-04 04:46:35.447 E/RemoteControlService( 2421): Enter ListenSocketRunnable
04-04 04:46:35.610 D/RemoteControlService( 2421): getEvent: clientSocket = Socket[address=/192.168.4.4,port=48255,localPort=12600]
04-04 04:46:35.612 D/RemoteControlService( 2421): run: called
04-04 04:46:35.612 D/RemoteControlService( 2421): getEvent: start waiting...
04-04 04:46:35.613 E/RemoteControlService( 2421): Enter ListenSocketRunnable
04-04 04:46:35.615 D/RemoteControlService( 2421): After desEncrypt json is [{"type":"right","source":1,"token":"93kE8b8yEoa4BeV","value":"click"}]
04-04 04:46:35.615 D/RemoteControlService( 2421): buildRemoteCommand:type=5
04-04 04:46:35.616 D/RemoteControlService( 2421): Request params: BaseRequestCommandBean{source=1, token='93kE8b8yEoa4BeV', type='right', value='click'}
04-04 04:46:35.616 D/RemoteControlService( 2421): handleMessage called
04-04 04:46:35.616 D/RemoteControlService( 2421): Is not connect command
04-04 04:46:35.616 D/RemoteControlService( 2421): haveControl ? clientcom.thundercomm.remotecontrolservice.RemoteControllerClient@530a9ab
04-04 04:46:35.616 D/RemoteControlService( 2421): Client have control
04-04 04:46:35.616 D/RemoteControlService( 2421): do Action called
04-04 04:46:35.617 I/RemoteControlService( 2421): injectKeyEvent: KeyEvent { action=ACTION_DOWN, keyCode=KEYCODE_DPAD_RIGHT, scanCode=0, metaState=0, flags=0x0, repeatCount=0, eventTime=1048166, downTime=1048166, deviceId=-1, source=0x101, displayId=-1 }
04-04 04:46:35.630 W/View ( 2670): requestLayout() improperly called by com.android.launcher3.views.NoInsetView{7befb7f V.ED..... ......I. 2038,0-2380,1020 #7f09007c app:id/bg_hotseat} during layout: running second layout pass
04-04 04:46:35.634 I/RemoteControlService( 2421): injectKeyEvent: KeyEvent { action=ACTION_UP, keyCode=KEYCODE_DPAD_RIGHT, scanCode=0, metaState=0, flags=0x0, repeatCount=0, eventTime=1048166, downTime=1048166, deviceId=-1, source=0x101, displayId=-1 }
04-04 04:46:35.648 D/RemoteControlService( 2421): Digest: 3AF9B5E190DD1A47F21EA7D21FC1C92D7E09A016060D8FCC33CECF974D064D18
04-04 04:46:35.649 D/RemoteControlService( 2421): Send data length: 117
04-04 04:46:35.649 D/RemoteControlService( 2421): Send message finished. direction: 32, messageType: 5, json: {"source":0,"token":"93kE8b8yEoa4BeV","type":"right","value":1}
04-04 04:46:35.651 D/RemoteControlService( 2421): RemoteKeyCommand ResponseSpeedTest - use time: 41
04-04 04:46:35.653 I/OpenGLRenderer( 2670): Davey! duration=9223370988676ms; Flags=0, FrameTimelineVsyncId=-1, IntendedVsync=1048178038088, Vsync=1048178041629, InputEventId=-687679025, HandleInputStart=1048178053869, AnimationStart=1048178057619, PerformTraversalsStart=1048178422931, DrawStart=1048181037983, FrameDeadline=9223372036854775807, FrameInterval=1048178041629, FrameStartTime=16666666, SyncQueued=1048183593713, SyncStart=1048183790171, IssueDrawCommandsStart=1048184413140, SwapBuffers=1048187733660, FrameCompleted=9223372036854775807, DequeueBufferDuration=45156, QueueBufferDuration=1839584, GpuCompleted=9223372036854775807, SwapBuffersCompleted=1048191307358, DisplayPresentTime=1020690108411,
04-04 04:46:35.654 D/RemoteControlService( 2421): After desEncrypt json is [{"type":"right","source":1,"token":"93kE8b8yEoa4BeV","value":"click"}]
04-04 04:46:35.654 D/RemoteControlService( 2421): buildRemoteCommand:type=5
04-04 04:46:35.654 D/RemoteControlService( 2421): Request params: BaseRequestCommandBean{source=1, token='93kE8b8yEoa4BeV', type='right', value='click'}
04-04 04:46:35.656 D/RemoteControlService( 2421): handleMessage called
04-04 04:46:35.656 D/RemoteControlService( 2421): Is not connect command
04-04 04:46:35.656 D/RemoteControlService( 2421): haveControl ? clientcom.thundercomm.remotecontrolservice.RemoteControllerClient@530a9ab
04-04 04:46:35.656 D/RemoteControlService( 2421): Client have control
04-04 04:46:35.656 D/RemoteControlService( 2421): do Action called
04-04 04:46:35.657 I/RemoteControlService( 2421): injectKeyEvent: KeyEvent { action=ACTION_DOWN, keyCode=KEYCODE_DPAD_RIGHT, scanCode=0, metaState=0, flags=0x0, repeatCount=0, eventTime=1048206, downTime=1048206, deviceId=-1, source=0x101, displayId=-1 }
04-04 04:46:35.661 I/RemoteControlService( 2421): injectKeyEvent: KeyEvent { action=ACTION_UP, keyCode=KEYCODE_DPAD_RIGHT, scanCode=0, metaState=0, flags=0x0, repeatCount=0, eventTime=1048206, downTime=1048206, deviceId=-1, source=0x101, displayId=-1 }
04-04 04:46:35.665 D/RemoteControlService( 2421): Digest: 3AF9B5E190DD1A47F21EA7D21FC1C92D7E09A016060D8FCC33CECF974D064D18
04-04 04:46:35.666 D/RemoteControlService( 2421): Send data length: 117
04-04 04:46:35.666 D/RemoteControlService( 2421): Send message finished. direction: 32, messageType: 5, json: {"source":0,"token":"93kE8b8yEoa4BeV","type":"right","value":1}
04-04 04:46:35.668 D/RemoteControlService( 2421): RemoteKeyCommand ResponseSpeedTest - use time: 223
04-04 04:46:35.770 D/RemoteControlService( 2421): getEvent: clientSocket = Socket[address=/192.168.4.4,port=34095,localPort=12600]
04-04 04:46:35.771 D/RemoteControlService( 2421): run: called
04-04 04:46:35.771 D/RemoteControlService( 2421): getEvent: start waiting...
04-04 04:46:35.772 E/RemoteControlService( 2421): Enter ListenSocketRunnable
04-04 04:46:35.774 D/RemoteControlService( 2421): After desEncrypt json is [{"type":"right","source":1,"token":"93kE8b8yEoa4BeV","value":"click"}]
04-04 04:46:35.775 D/RemoteControlService( 2421): buildRemoteCommand:type=5
04-04 04:46:35.775 D/RemoteControlService( 2421): Request params: BaseRequestCommandBean{source=1, token='93kE8b8yEoa4BeV', type='right', value='click'}
04-04 04:46:35.775 D/RemoteControlService( 2421): handleMessage called
04-04 04:46:35.776 D/RemoteControlService( 2421): Is not connect command
04-04 04:46:35.776 D/RemoteControlService( 2421): haveControl ? clientcom.thundercomm.remotecontrolservice.RemoteControllerClient@530a9ab
04-04 04:46:35.776 D/RemoteControlService( 2421): Client have control
04-04 04:46:35.776 D/RemoteControlService( 2421): do Action called
04-04 04:46:35.776 I/RemoteControlService( 2421): injectKeyEvent: KeyEvent { action=ACTION_DOWN, keyCode=KEYCODE_DPAD_RIGHT, scanCode=0, metaState=0, flags=0x0, repeatCount=0, eventTime=1048325, downTime=1048325, deviceId=-1, source=0x101, displayId=-1 }
