01-01 08:00:38.094 I/F2FS-fs (dm-15)( 0): recover_dentry: ino = 68e, name = , dir = 15a, err = 0
01-01 08:00:38.102 I/F2FS-fs (dm-15)( 0): recover_data: ino = 68e (i_size: recover) recovered = 1, err = 0
01-01 08:00:38.118 I/F2FS-fs (dm-15)( 0): recover_data: ino = 6d9 (i_size: recover) recovered = 716, err = 0
01-01 08:00:38.127 I/F2FS-fs (dm-15)( 0): recover_inode: ino = 6d9, name = , inline = 1
01-01 08:00:38.140 I/F2FS-fs (dm-15)( 0): recover_dentry: ino = 6d9, name = , dir = 15a, err = 0
01-01 08:00:38.155 I/F2FS-fs (dm-15)( 0): recover_data: ino = 6d9 (i_size: recover) recovered = 873, err = 0
01-01 08:00:38.164 I/F2FS-fs (dm-15)( 0): recover_data: ino = 6d9 (i_size: recover) recovered = 0, err = 0
01-01 08:00:38.172 I/F2FS-fs (dm-15)( 0): recover_inode: ino = 6d9, name = , inline = 1
01-01 08:00:38.180 I/F2FS-fs (dm-15)( 0): recover_data: ino = 6d9 (i_size: recover) recovered = 0, err = 0
01-01 08:00:38.189 I/F2FS-fs (dm-15)( 0): recover_data: ino = 6d9 (i_size: recover) recovered = 17, err = 0
01-01 08:00:38.198 I/F2FS-fs (dm-15)( 0): recover_inode: ino = 6d9, name = , inline = 1
01-01 08:00:38.206 I/F2FS-fs (dm-15)( 0): recover_data: ino = 6d9 (i_size: recover) recovered = 0, err = 0
01-01 08:00:38.215 I/F2FS-fs (dm-15)( 0): recover_inode: ino = 68e, name = , inline = 1
01-01 08:00:38.224 I/F2FS-fs (dm-15)( 0): recover_data: ino = 68e (i_size: recover) recovered = 62, err = 0
01-01 08:00:38.232 I/F2FS-fs (dm-15)( 0): recover_inode: ino = 68e, name = , inline = 1
01-01 08:00:38.241 I/F2FS-fs (dm-15)( 0): recover_data: ino = 68e (i_size: recover) recovered = 4, err = 0
01-01 08:00:38.249 I/F2FS-fs (dm-15)( 0): recover_inode: ino = 68e, name = , inline = 1
01-01 08:00:38.258 I/F2FS-fs (dm-15)( 0): recover_data: ino = 68e (i_size: recover) recovered = 1, err = 0
01-01 08:00:38.266 I/F2FS-fs (dm-15)( 0): recover_inode: ino = 6d1, name = , inline = 1
01-01 08:00:38.274 I/F2FS-fs (dm-15)( 0): recover_dentry: ino = 6d1, name = , dir = 15a, err = 0
01-01 08:00:38.283 I/F2FS-fs (dm-15)( 0): recover_data: ino = 6d1 (i_size: recover) recovered = 0, err = 0
01-01 08:00:38.292 I/F2FS-fs (dm-15)( 0): recover_inode: ino = 6d1, name = , inline = 1
01-01 08:00:38.300 I/F2FS-fs (dm-15)( 0): recover_data: ino = 6d1 (i_size: recover) recovered = 4, err = 0
01-01 08:00:38.309 I/F2FS-fs (dm-15)( 0): recover_inode: ino = 6d2, name = , inline = 1
01-01 08:00:38.319 I/F2FS-fs (dm-15)( 0): recover_dentry: ino = 6d2, name = , dir = 15a, err = 0
01-01 08:00:38.328 I/F2FS-fs (dm-15)( 0): recover_data: ino = 6d2 (i_size: recover) recovered = 1, err = 0
01-01 08:00:38.337 I/F2FS-fs (dm-15)( 0): recover_inode: ino = 78d, name = , inline = 1
01-01 08:00:38.346 I/F2FS-fs (dm-15)( 0): recover_dentry: ino = 78d, name = , dir = 15a, err = 0
01-01 08:00:38.356 I/F2FS-fs (dm-15)( 0): recover_data: ino = 78d (i_size: recover) recovered = 173, err = 0
01-01 08:00:38.365 I/F2FS-fs (dm-15)( 0): recover_inode: ino = 6d2, name = , inline = 1
01-01 08:00:38.379 I/F2FS-fs (dm-15)( 0): recover_data: ino = 6d2 (i_size: recover) recovered = 662, err = 0
01-01 08:00:38.388 I/F2FS-fs (dm-15)( 0): recover_inode: ino = 6d2, name = , inline = 1
01-01 08:00:38.396 I/F2FS-fs (dm-15)( 0): recover_data: ino = 6d2 (i_size: recover) recovered = 24, err = 0
01-01 08:00:38.405 I/F2FS-fs (dm-15)( 0): recover_inode: ino = 6d2, name = , inline = 1
01-01 08:00:38.413 I/F2FS-fs (dm-15)( 0): recover_data: ino = 6d2 (i_size: recover) recovered = 1, err = 0
01-01 08:00:38.422 I/F2FS-fs (dm-15)( 0): recover_inode: ino = 8ed, name = , inline = 1
01-01 08:00:38.430 I/F2FS-fs (dm-15)( 0): recover_dentry: ino = 8ed, name = , dir = 15a, err = 0
01-01 08:00:38.439 I/F2FS-fs (dm-15)( 0): recover_data: ino = 8ed (i_size: recover) recovered = 0, err = 0
01-01 08:00:38.448 I/F2FS-fs (dm-15)( 0): recover_inode: ino = 8ed, name = , inline = 1
01-01 08:00:38.457 I/F2FS-fs (dm-15)( 0): recover_data: ino = 8ed (i_size: recover) recovered = 238, err = 0
01-01 08:00:38.466 I/F2FS-fs (dm-15)( 0): recover_inode: ino = 84b, name = , inline = 1
01-01 08:00:38.476 I/F2FS-fs (dm-15)( 0): recover_dentry: ino = 84b, name = , dir = 15a, err = 0
01-01 08:00:38.485 I/F2FS-fs (dm-15)( 0): recover_data: ino = 84b (i_size: recover) recovered = 1, err = 0
01-01 08:00:38.494 I/F2FS-fs (dm-15)( 0): recover_inode: ino = 87c, name = , inline = 1
01-01 08:00:38.503 I/F2FS-fs (dm-15)( 0): recover_dentry: ino = 87c, name = , dir = 15a, err = 0
01-01 08:00:38.512 I/F2FS-fs (dm-15)( 0): recover_data: ino = 87c (i_size: recover) recovered = 2, err = 0
01-01 08:00:38.521 I/F2FS-fs (dm-15)( 0): recover_inode: ino = 84b, name = , inline = 1
01-01 08:00:38.530 I/F2FS-fs (dm-15)( 0): recover_data: ino = 84b (i_size: recover) recovered = 192, err = 0
01-01 08:00:38.539 I/F2FS-fs (dm-15)( 0): recover_inode: ino = 84b, name = , inline = 1
01-01 08:00:38.548 I/F2FS-fs (dm-15)( 0): recover_data: ino = 84b (i_size: recover) recovered = 13, err = 0
01-01 08:00:38.557 I/F2FS-fs (dm-15)( 0): recover_inode: ino = 84b, name = , inline = 1
01-01 08:00:38.565 I/F2FS-fs (dm-15)( 0): recover_data: ino = 84b (i_size: recover) recovered = 1, err = 0
01-01 08:00:38.574 I/F2FS-fs (dm-15)( 0): recover_inode: ino = 94e, name = , inline = 1
01-01 08:00:38.582 I/F2FS-fs (dm-15)( 0): recover_dentry: ino = 94e, name = , dir = 15a, err = 0
01-01 08:00:38.591 I/F2FS-fs (dm-15)( 0): recover_data: ino = 94e (i_size: recover) recovered = 1, err = 0
01-01 08:00:38.600 I/F2FS-fs (dm-15)( 0): recover_inode: ino = 957, name = , inline = 1
01-01 08:00:38.608 I/F2FS-fs (dm-15)( 0): recover_dentry: ino = 957, name = , dir = 15a, err = 0
01-01 08:00:38.617 I/F2FS-fs (dm-15)( 0): recover_data: ino = 957 (i_size: recover) recovered = 61, err = 0
01-01 08:00:38.626 I/F2FS-fs (dm-15)( 0): recover_inode: ino = 94e, name = , inline = 1
01-01 08:00:38.635 I/F2FS-fs (dm-15)( 0): recover_data: ino = 94e (i_size: recover) recovered = 216, err = 0
01-01 08:00:38.644 I/F2FS-fs (dm-15)( 0): recover_inode: ino = 94e, name = , inline = 1
01-01 08:00:38.653 I/F2FS-fs (dm-15)( 0): recover_data: ino = 94e (i_size: recover) recovered = 9, err = 0
01-01 08:00:38.661 I/F2FS-fs (dm-15)( 0): recover_inode: ino = 94e, name = , inline = 1
01-01 08:00:38.669 I/F2FS-fs (dm-15)( 0): recover_data: ino = 94e (i_size: recover) recovered = 1, err = 0
01-01 08:00:38.678 I/F2FS-fs (dm-15)( 0): recover_inode: ino = 971, name = , inline = 1
01-01 08:00:38.686 I/F2FS-fs (dm-15)( 0): recover_dentry: ino = 971, name = , dir = 15a, err = 0
01-01 08:00:38.695 I/F2FS-fs (dm-15)( 0): recover_data: ino = 971 (i_size: recover) recovered = 0, err = 0
01-01 08:00:38.704 I/F2FS-fs (dm-15)( 0): recover_inode: ino = 971, name = , inline = 1
01-01 08:00:38.712 I/F2FS-fs (dm-15)( 0): recover_data: ino = 971 (i_size: recover) recovered = 34, err = 0
01-01 08:00:38.721 I/F2FS-fs (dm-15)( 0): recover_inode: ino = 9aa, name = , inline = 1
01-01 08:00:38.729 I/F2FS-fs (dm-15)( 0): recover_dentry: ino = 9aa, name = , dir = 15a, err = 0
01-01 08:00:38.738 I/F2FS-fs (dm-15)( 0): recover_data: ino = 9aa (i_size: recover) recovered = 1, err = 0
01-01 08:00:38.747 I/F2FS-fs (dm-15)( 0): recover_inode: ino = 9b0, name = , inline = 1
01-01 08:00:38.755 I/F2FS-fs (dm-15)( 0): recover_dentry: ino = 9b0, name = , dir = 15a, err = 0
01-01 08:00:38.764 I/F2FS-fs (dm-15)( 0): recover_data: ino = 9b0 (i_size: recover) recovered = 1, err = 0
01-01 08:00:38.773 I/F2FS-fs (dm-15)( 0): recover_inode: ino = 9aa, name = , inline = 1
01-01 08:00:38.781 I/F2FS-fs (dm-15)( 0): recover_data: ino = 9aa (i_size: recover) recovered = 7, err = 0
01-01 08:00:38.790 I/F2FS-fs (dm-15)( 0): recover_inode: ino = 9aa, name = , inline = 1
01-01 08:00:38.798 I/F2FS-fs (dm-15)( 0): recover_data: ino = 9aa (i_size: recover) recovered = 3, err = 0
01-01 08:00:38.807 I/F2FS-fs (dm-15)( 0): recover_inode: ino = 9aa, name = , inline = 1
01-01 08:00:38.815 I/F2FS-fs (dm-15)( 0): recover_data: ino = 9aa (i_size: recover) recovered = 1, err = 0
01-01 08:00:38.824 I/F2FS-fs (dm-15)( 0): recover_inode: ino = 9d9, name = , inline = 1
01-01 08:00:38.834 I/F2FS-fs (dm-15)( 0): recover_dentry: ino = 9d9, name = , dir = 15a, err = 0
01-01 08:00:38.843 I/F2FS-fs (dm-15)( 0): recover_data: ino = 9d9 (i_size: recover) recovered = 1, err = 0
01-01 08:00:38.851 I/F2FS-fs (dm-15)( 0): recover_inode: ino = 9e3, name = , inline = 1
01-01 08:00:38.861 I/F2FS-fs (dm-15)( 0): recover_dentry: ino = 9e3, name = , dir = 15a, err = 0
01-01 08:00:38.870 I/F2FS-fs (dm-15)( 0): recover_data: ino = 9e3 (i_size: recover) recovered = 8, err = 0
01-01 08:00:38.878 I/F2FS-fs (dm-15)( 0): recover_inode: ino = 9d9, name = , inline = 1
01-01 08:00:38.887 I/F2FS-fs (dm-15)( 0): recover_data: ino = 9d9 (i_size: recover) recovered = 119, err = 0
01-01 08:00:38.896 I/F2FS-fs (dm-15)( 0): recover_inode: ino = 9d9, name = , inline = 1
01-01 08:00:38.904 I/F2FS-fs (dm-15)( 0): recover_data: ino = 9d9 (i_size: recover) recovered = 7, err = 0
01-01 08:00:38.913 I/F2FS-fs (dm-15)( 0): recover_inode: ino = 9d9, name = , inline = 1
01-01 08:00:38.921 I/F2FS-fs (dm-15)( 0): recover_data: ino = 9d9 (i_size: recover) recovered = 1, err = 0
01-01 08:00:38.930 I/F2FS-fs (dm-15)( 0): recover_inode: ino = 998, name = , inline = 1
01-01 08:00:38.938 I/F2FS-fs (dm-15)( 0): recover_dentry: ino = 998, name = , dir = 15a, err = 0
01-01 08:00:38.947 I/F2FS-fs (dm-15)( 0): recover_data: ino = 998 (i_size: recover) recovered = 0, err = 0
01-01 08:00:38.956 I/F2FS-fs (dm-15)( 0): recover_inode: ino = 998, name = , inline = 1
01-01 08:00:38.964 I/F2FS-fs (dm-15)( 0): recover_data: ino = 998 (i_size: recover) recovered = 18, err = 0
01-01 08:00:38.973 I/F2FS-fs (dm-15)( 0): recover_inode: ino = 9f1, name = , inline = 1
01-01 08:00:38.981 I/F2FS-fs (dm-15)( 0): recover_dentry: ino = 9f1, name = , dir = 15a, err = 0
01-01 08:00:38.990 I/F2FS-fs (dm-15)( 0): recover_data: ino = 9f1 (i_size: recover) recovered = 1, err = 0
01-01 08:00:38.999 I/F2FS-fs (dm-15)( 0): recover_inode: ino = a37, name = , inline = 1
01-01 08:00:39.007 I/F2FS-fs (dm-15)( 0): recover_dentry: ino = a37, name = , dir = 15a, err = 0
01-01 08:00:39.018 I/F2FS-fs (dm-15)( 0): recover_data: ino = a37 (i_size: recover) recovered = 66, err = 0
01-01 08:00:39.026 I/F2FS-fs (dm-15)( 0): recover_inode: ino = 9f1, name = , inline = 1
01-01 08:00:39.041 I/F2FS-fs (dm-15)( 0): recover_data: ino = 9f1 (i_size: recover) recovered = 871, err = 0
01-01 08:00:39.054 I/F2FS-fs (dm-15)( 0): recover_data: ino = 9f1 (i_size: recover) recovered = 496, err = 0
01-01 08:00:39.063 I/F2FS-fs (dm-15)( 0): recover_inode: ino = 9f1, name = , inline = 1
01-01 08:00:39.071 I/F2FS-fs (dm-15)( 0): recover_data: ino = 9f1 (i_size: recover) recovered = 0, err = 0
01-01 08:00:39.080 I/F2FS-fs (dm-15)( 0): recover_data: ino = 9f1 (i_size: recover) recovered = 64, err = 0
01-01 08:00:39.089 I/F2FS-fs (dm-15)( 0): recover_inode: ino = 9f1, name = , inline = 1
01-01 08:00:39.097 I/F2FS-fs (dm-15)( 0): recover_data: ino = 9f1 (i_size: recover) recovered = 1, err = 0
01-01 08:00:39.106 I/F2FS-fs (dm-15)( 0): recover_inode: ino = 9ce, name = , inline = 1
01-01 08:00:39.114 I/F2FS-fs (dm-15)( 0): recover_dentry: ino = 9ce, name = , dir = 15a, err = 0
01-01 08:00:39.123 I/F2FS-fs (dm-15)( 0): recover_data: ino = 9ce (i_size: recover) recovered = 0, err = 0
01-01 08:00:39.132 I/F2FS-fs (dm-15)( 0): recover_inode: ino = 9ce, name = , inline = 1
01-01 08:00:39.144 I/F2FS-fs (dm-15)( 0): recover_data: ino = 9ce (i_size: recover) recovered = 441, err = 0
01-01 08:00:39.153 I/F2FS-fs (dm-15)( 0): recover_inode: ino = a6c, name = , inline = 1
01-01 08:00:39.162 I/F2FS-fs (dm-15)( 0): recover_dentry: ino = a6c, name = , dir = 15a, err = 0
01-01 08:00:39.171 I/F2FS-fs (dm-15)( 0): recover_data: ino = a6c (i_size: recover) recovered = 1, err = 0
01-01 08:00:39.180 I/F2FS-fs (dm-15)( 0): recover_inode: ino = 615, name = , inline = 1
01-01 08:00:39.189 I/F2FS-fs (dm-15)( 0): recover_dentry: ino = 615, name = , dir = 15a, err = 0
01-01 08:00:39.198 I/F2FS-fs (dm-15)( 0): recover_data: ino = 615 (i_size: recover) recovered = 19, err = 0
01-01 08:00:39.207 I/F2FS-fs (dm-15)( 0): recover_inode: ino = a6c, name = , inline = 1
01-01 08:00:39.217 I/F2FS-fs (dm-15)( 0): recover_data: ino = a6c (i_size: recover) recovered = 133, err = 0
01-01 08:00:39.226 I/F2FS-fs (dm-15)( 0): recover_inode: ino = a6c, name = , inline = 1
01-01 08:00:39.235 I/F2FS-fs (dm-15)( 0): recover_data: ino = a6c (i_size: recover) recovered = 7, err = 0
01-01 08:00:39.243 I/F2FS-fs (dm-15)( 0): recover_inode: ino = a6c, name = , inline = 1
01-01 08:00:39.252 I/F2FS-fs (dm-15)( 0): recover_data: ino = a6c (i_size: recover) recovered = 1, err = 0
01-01 08:00:39.260 I/F2FS-fs (dm-15)( 0): recover_inode: ino = a7f, name = , inline = 1
01-01 08:00:39.268 I/F2FS-fs (dm-15)( 0): recover_dentry: ino = a7f, name = , dir = 15a, err = 0
01-01 08:00:39.277 I/F2FS-fs (dm-15)( 0): recover_data: ino = a7f (i_size: recover) recovered = 0, err = 0
01-01 08:00:39.286 I/F2FS-fs (dm-15)( 0): recover_inode: ino = a7f, name = , inline = 1
01-01 08:00:39.294 I/F2FS-fs (dm-15)( 0): recover_data: ino = a7f (i_size: recover) recovered = 23, err = 0
01-01 08:00:39.303 I/F2FS-fs (dm-15)( 0): recover_inode: ino = af4, name = , inline = 1
01-01 08:00:39.313 I/F2FS-fs (dm-15)( 0): recover_dentry: ino = af4, name = , dir = 79, err = 0
01-01 08:00:39.323 I/F2FS-fs (dm-15)( 0): recover_data: ino = af4 (i_size: recover) recovered = 21, err = 0
01-01 08:00:39.332 I/F2FS-fs (dm-15)( 0): recover_inode: ino = 68d, name = , inline = 1
01-01 08:00:39.341 I/F2FS-fs (dm-15)( 0): recover_dentry: ino = 68d, name = , dir = 1bc, err = 0
01-01 08:00:39.350 I/F2FS-fs (dm-15)( 0): recover_data: ino = 68d (i_size: recover) recovered = 1, err = 0
01-01 08:00:39.370 I/F2FS-fs (dm-15)( 0): checkpoint: version = 4bca9071
01-01 08:00:39.386 I/F2FS-fs (dm-15)( 0): Mounted with checkpoint version = 4bca9071
01-01 08:00:39.395 I/vold ( 560): [libfs_mgr]__mount(source=/dev/block/dm-15,target=/data,type=f2fs)=0: Success
01-01 08:00:39.395 D/vold ( 560): Mounted /data
01-01 08:00:39.396 D/vold ( 560): Disk at 252:15 changed
01-01 08:00:39.416 I/init ( 0): Userdata mounted using /vendor/etc/fstab.qcom result : 7
01-01 08:00:39.423 I/init ( 0): Keyring created with id 96543641 in process 1
01-01 08:00:39.467 I/binder ( 0): 634:634 ioctl 40046210 7fc0390a94 returned -22
01-01 08:00:39.474 D/ProcessState( 0): Binder ioctl to enable oneway spam detection failed: Invalid argument
01-01 08:00:39.475 I/Checkpoint( 560): cp_prepareCheckpoint called
01-01 08:00:39.475 D/vdc ( 0): Waited 0ms for vold
01-01 08:00:39.499 D/spcomlib( 633): [spcom_register_service] spcom_register_service() name [sp_keymaster_ssr] pid [503014767792]
01-01 08:00:39.499 D/spcomlib( 633): [spcom_open] ch [sp_keymaster_ssr] doesn't exist, create it.
01-01 08:00:39.499 D/spcomlib( 633): [spcom_create_channel] Create Channel [sp_keymaster_ssr].
01-01 08:00:39.514 D/spcomlib( 633): [add_ssr_cb] ssr cb added!
01-01 08:00:39.514 D/spcomlib( 633): [start_ssr_thread] ch [spcom] ready!
01-01 08:00:39.514 D/spcomlib( 633): [start_ssr_thread] main pthread self_id [0x1e043cb0].
01-01 08:00:39.514 D/spcomlib( 633): [start_ssr_thread] pthread_create() ret [0] thread-id [0x1cf45cb0].
01-01 08:00:39.514 D/spcomlib( 633): [start_ssr_thread] Wait for SSR thread to run.
01-01 08:00:39.514 D/spcomlib( 633): [notify_ssr_thread] SSR pthread self_id [0x1cf45cb0].
01-01 08:00:39.514 D/spcomlib( 633): [start_ssr_thread] pthread_cond_wait() ret [0].
01-01 08:00:39.514 D/spcomlib( 633): [start_ssr_thread] done.
01-01 08:00:39.514 D/spcomlib( 633): [add_ch] add ch [sp_keymaster_ssr].
01-01 08:00:39.514 D/spcomlib( 633): [spcom_register_service] spcom_register_service() name [sp_keymaster_ssr] pid [503014767792] done
01-01 08:00:39.510 I/binder ( 0): 636:636 ioctl 40046210 7ffb8aee74 returned -22
01-01 08:00:39.517 D/ProcessState( 0): Binder ioctl to enable oneway spam detection failed: Invalid argument
01-01 08:00:39.517 D/vdc ( 0): Waited 0ms for vold
01-01 08:00:39.517 I/vold ( 560): fscrypt_initialize_systemwide_keys
01-01 08:00:39.519 D/vold ( 560): Key exists, using: /data/unencrypted/key
01-01 08:00:39.538 D/vold ( 560): Installed fscrypt key with ref 6062cbcf2aabf533a4f644c935554af1 to /data
01-01 08:00:39.538 D/vold ( 560): Added fscrypt-provisioning key for 6062cbcf2aabf533a4f644c935554af1 to session keyring
01-01 08:00:39.542 I/vold ( 560): Wrote system DE key reference to:/data/unencrypted/ref
01-01 08:00:39.542 D/vold ( 560): Generating wrapped storage key
01-01 08:00:39.545 E/vold ( 560): keystore2 Keystore generateKey returned service specific error: -67
01-01 08:00:39.545 W/vold ( 560): Failed to generate rollback-resistant key. This is expected if keymaster doesn't support rollback resistance. Falling back to non-rollback-resistant key.
01-01 08:00:39.556 D/vold ( 560): Installed fscrypt key with ref 12cef8d6ea5d9e03b6b8a712f7aa3b32 to /data
01-01 08:00:39.556 D/vold ( 560): Added fscrypt-provisioning key for 12cef8d6ea5d9e03b6b8a712f7aa3b32 to session keyring
01-01 08:00:39.558 I/vold ( 560): Wrote per boot key reference to:/data/unencrypted/per_boot_ref
01-01 08:00:39.566 I/fscrypt ( 0): AES-256-CTS-CBC using implementation "cts(cbc-aes-ce)"
01-01 08:00:39.628 I/binder ( 0): 645:645 ioctl 40046210 7fdd623944 returned -22
01-01 08:00:39.635 D/ProcessState( 0): Binder ioctl to enable oneway spam detection failed: Invalid argument
01-01 08:00:39.636 D/vdc ( 0): Waited 0ms for vold
01-01 08:00:39.636 I/incfs ( 560): Initial API level of the device: 30
01-01 08:00:39.636 I/incfs ( 560): ro.incremental.enable: 1
01-01 08:00:39.636 I/incfs ( 560): isFsAvailable: true
01-01 08:00:39.637 I/incfs ( 560): isFsAvailable: true
01-01 08:00:39.637 I/incfs ( 560): IncFs_Features: v1
01-01 08:00:39.657 E/vold ( 560): keystore2 Keystore earlyBootEnded returned service specific error: -68
01-01 08:00:39.700 I/apexd ( 0): This device does not support updatable APEX. Exiting
01-01 08:00:39.707 I/apexd ( 0): Marking APEXd as activated
01-01 08:00:39.869 I/binder ( 0): 651:651 ioctl 40046210 7fcd204084 returned -22
01-01 08:00:39.876 D/ProcessState( 0): Binder ioctl to enable oneway spam detection failed: Invalid argument
01-01 08:00:39.877 D/vdc ( 0): Waited 0ms for vold
01-01 08:00:39.877 D/vold ( 560): fscrypt_init_user0
01-01 08:00:39.877 D/vold ( 560): Preparing: /data/misc/vold/user_keys
01-01 08:00:39.878 D/vold ( 560): Preparing: /data/misc/vold/user_keys/ce
01-01 08:00:39.879 D/vold ( 560): Preparing: /data/misc/vold/user_keys/de
01-01 08:00:39.897 D/vold ( 560): Installed fscrypt key with ref 4f73158c1d400d7c4bb345e35ca7e2f4 to /data
01-01 08:00:39.897 D/vold ( 560): Added fscrypt-provisioning key for 4f73158c1d400d7c4bb345e35ca7e2f4 to session keyring
01-01 08:00:39.897 D/vold ( 560): Installed de key for user 0
01-01 08:00:39.897 D/vold ( 560): fscrypt_prepare_user_storage for volume null, user 0, serial 0, flags 1
01-01 08:00:39.897 D/vold ( 560): Preparing: /data/system/users/0
01-01 08:00:39.898 D/vold ( 560): Preparing: /data/misc/profiles/cur/0
01-01 08:00:39.899 D/vold ( 560): Preparing: /data/system_de/0
01-01 08:00:39.900 D/vold ( 560): Preparing: /data/misc_de/0
01-01 08:00:39.900 D/vold ( 560): Preparing: /data/vendor_de/0
01-01 08:00:39.901 D/vold ( 560): Preparing: /data/user_de/0
01-01 08:00:39.901 I/vold ( 560): Verified that /data/system_de/0 has the encryption policy 4f73158c1d400d7c4bb345e35ca7e2f4 v2 modes 1/4 flags 0xa
01-01 08:00:39.901 I/vold ( 560): Verified that /data/misc_de/0 has the encryption policy 4f73158c1d400d7c4bb345e35ca7e2f4 v2 modes 1/4 flags 0xa
01-01 08:00:39.901 I/vold ( 560): Verified that /data/vendor_de/0 has the encryption policy 4f73158c1d400d7c4bb345e35ca7e2f4 v2 modes 1/4 flags 0xa
01-01 08:00:39.901 I/vold ( 560): Verified that /data/user_de/0 has the encryption policy 4f73158c1d400d7c4bb345e35ca7e2f4 v2 modes 1/4 flags 0xa
01-01 08:00:39.902 D/vold ( 560): /system/bin/vold_prepare_subdirs
01-01 08:00:39.902 D/vold ( 560): prepare
01-01 08:00:39.902 D/vold ( 560):
01-01 08:00:39.902 D/vold ( 560): 0
01-01 08:00:39.902 D/vold ( 560): 1
01-01 08:00:39.964 D/vold ( 560): Detected support for FS_IOC_ADD_ENCRYPTION_KEY
01-01 08:00:40.124 I/apexd ( 0): This device does not support updatable APEX. Exiting
01-01 08:00:40.131 I/apexd ( 0): Marking APEXd as ready
01-01 08:00:40.221 D/cnss ( 0): File system is ready, fs_ready is 1, count is 1
01-01 08:00:40.221 D/cnss ( 0): Posting event: COLD_BOOT_CAL_START(5), state: 0x0 flags: 0x0
01-01 08:00:40.221 D/cnss ( 0): PM stay awake, state: 0x0, count: 1
01-01 08:00:40.222 D/cnss ( 0): PM relax, state: 0x0, count: 0
01-01 08:00:40.222 D/cnss ( 0): PM stay awake, state: 0x0, count: 1
01-01 08:00:40.222 D/cnss ( 0): Processing driver event: COLD_BOOT_CAL_START(5), state: 0x0
01-01 08:00:40.222 D/cnss ( 0): Regulator vdd-wlan-io is being enabled
01-01 08:00:40.222 D/cnss ( 0): Regulator wlan-ant-switch is being enabled
01-01 08:00:40.223 D/cnss ( 0): Regulator vdd-wlan-aon is being enabled
01-01 08:00:40.223 D/cnss ( 0): Regulator vdd-wlan-dig is being enabled
01-01 08:00:40.224 D/cnss ( 0): Regulator vdd-wlan-rfa1 is being enabled
01-01 08:00:40.224 D/cnss ( 0): Regulator vdd-wlan-rfa2 is being enabled
01-01 08:00:40.225 D/cnss ( 0): BT_EN_GPIO State: Off. Delay WLAN_GPIO enable
01-01 08:00:40.329 D/cnss ( 0): Assert WLAN_EN GPIO successfully
01-01 08:00:40.329 D/cnss ( 0): Resuming PCI link
01-01 08:00:40.329 I/msm_pcie_enable( 0): PCIe: Assert the reset of endpoint of RC0.
01-01 08:00:40.354 I/msm_pcie_enable( 0): PCIe: RC0: PCIE20_PARF_INT_ALL_MASK: 0x7f80d202
01-01 08:00:40.366 I/pcie_phy_init( 0): PCIe RC0 PHY is ready!
01-01 08:00:40.382 I/msm_pcie_enable( 0): PCIe: Release the reset of endpoint of RC0.
01-01 08:00:40.400 I/logd ( 0): logd reinit
01-01 08:00:40.404 I/msm_pcie_link_train( 0): PCIe RC0 link initialized
01-01 08:00:40.412 E/logd ( 0): FrameworkListener: read() failed (Connection reset by peer)
01-01 08:00:40.424 I/cnss_pci 0000( 0): 01:00.0: enabling device (0000 -> 0002)
01-01 08:00:40.430 D/cnss ( 0): Read register offset 0x1f8031c, val = 0x6
01-01 08:00:40.431 D/cnss ( 0): Write val 0x2 to register offset 0x1f8031c
01-01 08:00:40.431 D/cnss ( 0): Setting MHI state: INIT(0)
01-01 08:00:40.452 D/cnss ( 0): Setting MHI state: POWER_ON(2)
01-01 08:00:40.454 W/cnss_pci 0000( 0): 01:00.0: Falling back to syfs fallback for: qca6390/amss20.bin
01-01 08:00:40.471 I/ueventd ( 0): firmware: loading 'qca6390/amss20.bin' for '/devices/platform/soc/1c00000.qcom,pcie/pci0000:00/0000:00:00.0/0000:01:00.0/firmware/qca6390!amss20.bin'
01-01 08:00:40.509 I/ueventd ( 0): loading /devices/platform/soc/1c00000.qcom,pcie/pci0000:00/0000:00:00.0/0000:01:00.0/firmware/qca6390!amss20.bin took 38ms
01-01 08:00:40.770 I/update_verifier( 0): Started with arg 1: nonencrypted
01-01 08:00:40.777 I/binder ( 0): 683:683 ioctl 40046210 7fc755f624 returned -22
01-01 08:00:40.783 D/hw-ProcessState( 0): Binder ioctl to enable oneway spam detection failed: Invalid argument
01-01 08:00:40.786 I/update_verifier( 0): Booting slot 1: isSlotMarkedSuccessful=1
01-01 08:00:40.793 I/update_verifier( 0): Leaving update_verifier.
01-01 08:00:40.849 I/binder ( 0): 684:684 ioctl 40046210 7fc14fb6b4 returned -22
01-01 08:00:40.866 W/subsys-pil-tz 17300000.qcom,lpass( 0): Falling back to syfs fallback for: adsp.mdt
01-01 08:00:40.867 W/subsys-pil-tz 8300000.qcom,turing( 0): Falling back to syfs fallback for: cdsp.mdt
01-01 08:00:40.883 I/ueventd ( 0): firmware: loading 'adsp.mdt' for '/devices/platform/soc/17300000.qcom,lpass/firmware/adsp.mdt'
01-01 08:00:40.895 I/ueventd ( 0): firmware: loading 'cdsp.mdt' for '/devices/platform/soc/8300000.qcom,turing/firmware/cdsp.mdt'
01-01 08:00:40.898 I/ueventd ( 0): loading /devices/platform/soc/17300000.qcom,lpass/firmware/adsp.mdt took 14ms
01-01 08:00:40.907 I/subsys-pil-tz 17300000.qcom,lpass( 0): adsp: loading from 0x000000008a100000 to 0x000000008be00000
01-01 08:00:40.910 D/cnss ( 0): MHI status cb is called with reason MISSION_MODE(6)
01-01 08:00:40.911 D/cnss ( 0): Notify MHI to use already allocated images
01-01 08:00:40.911 D/cnss ( 0): PM relax, state: 0x8, count: 0
01-01 08:00:40.918 I/ueventd ( 0): loading /devices/platform/soc/8300000.qcom,turing/firmware/cdsp.mdt took 23ms
01-01 08:00:40.919 I/subsys-pil-tz 8300000.qcom,turing( 0): cdsp: loading from 0x0000000087800000 to 0x0000000088c00000
01-01 08:00:40.931 E/ueventd ( 0): firmware: could not find firmware for dsi_prop
01-01 08:00:40.935 E/register_client_adhoc( 0): find path.src 1 dest 589
01-01 08:00:40.936 E/register_client_adhoc( 0): Failed to find path.src 1 dest 589
01-01 08:00:40.945 E/ueventd ( 0): firmware: attempted /etc/firmware/dsi_prop, open failed: No such file or directory
01-01 08:00:40.962 E/ ( 0): [drm:dp_display_init_aux_switch][msm-dp-err][498 ]failed to register notifier (-22)
01-01 08:00:40.964 E/ueventd ( 0): firmware: attempted /odm/firmware/dsi_prop, open failed: No such file or directory
01-01 08:00:40.970 W/subsys-pil-tz 8300000.qcom,turing( 0): Falling back to syfs fallback for: cdsp.b03
01-01 08:00:40.971 W/subsys-pil-tz 8300000.qcom,turing( 0): Falling back to syfs fallback for: cdsp.b04
01-01 08:00:40.971 W/subsys-pil-tz 8300000.qcom,turing( 0): Falling back to syfs fallback for: cdsp.b02
01-01 08:00:40.971 W/subsys-pil-tz 8300000.qcom,turing( 0): Falling back to syfs fallback for: cdsp.b05
01-01 08:00:40.975 E/register_client_adhoc( 0): find path.src 1 dest 589
01-01 08:00:40.975 E/register_client_adhoc( 0): Failed to find path.src 1 dest 589
01-01 08:00:40.978 W/subsys-pil-tz 8300000.qcom,turing( 0): Falling back to syfs fallback for: cdsp.b06
01-01 08:00:40.979 W/subsys-pil-tz 8300000.qcom,turing( 0): Falling back to syfs fallback for: cdsp.b08
01-01 08:00:40.980 W/subsys-pil-tz 8300000.qcom,turing( 0): Falling back to syfs fallback for: cdsp.b09
01-01 08:00:40.980 I/ueventd ( 0): firmware: loading 'cdsp.b03' for '/devices/platform/soc/8300000.qcom,turing/firmware/cdsp.b03'
01-01 08:00:40.981 W/subsys-pil-tz 8300000.qcom,turing( 0): Falling back to syfs fallback for: cdsp.b11
01-01 08:00:40.987 W/subsys-pil-tz 17300000.qcom,lpass( 0): Falling back to syfs fallback for: adsp.b02
01-01 08:00:40.989 W/subsys-pil-tz 17300000.qcom,lpass( 0): Falling back to syfs fallback for: adsp.b03
01-01 08:00:40.991 W/subsys-pil-tz 17300000.qcom,lpass( 0): Falling back to syfs fallback for: adsp.b04
01-01 08:00:40.993 E/OF ( 0): graph: no port node found in /soc/qcom,dsi-display-primary
01-01 08:00:40.998 W/subsys-pil-tz 17300000.qcom,lpass( 0): Falling back to syfs fallback for: adsp.b06
01-01 08:00:40.998 W/subsys-pil-tz 17300000.qcom,lpass( 0): Falling back to syfs fallback for: adsp.b05
01-01 08:00:41.000 W/subsys-pil-tz 17300000.qcom,lpass( 0): Falling back to syfs fallback for: adsp.b07
01-01 08:00:41.006 W/subsys-pil-tz 17300000.qcom,lpass( 0): Falling back to syfs fallback for: adsp.b08
01-01 08:00:41.010 W/[drm] [msm-dsi-warn]( 0): [hx82101+hx8692 video mode dsi truly panel] fallback to default te-pin-select
01-01 08:00:41.015 W/subsys-pil-tz 17300000.qcom,lpass( 0): Falling back to syfs fallback for: adsp.b09
01-01 08:00:41.018 W/subsys-pil-tz 17300000.qcom,lpass( 0): Falling back to syfs fallback for: adsp.b10
01-01 08:00:41.020 W/subsys-pil-tz 17300000.qcom,lpass( 0): Falling back to syfs fallback for: adsp.b11
01-01 08:00:41.022 W/subsys-pil-tz 17300000.qcom,lpass( 0): Falling back to syfs fallback for: adsp.b12
01-01 08:00:41.024 W/subsys-pil-tz 17300000.qcom,lpass( 0): Falling back to syfs fallback for: adsp.b13
01-01 08:00:41.025 W/subsys-pil-tz 17300000.qcom,lpass( 0): Falling back to syfs fallback for: adsp.b14
01-01 08:00:41.029 W/subsys-pil-tz 17300000.qcom,lpass( 0): Falling back to syfs fallback for: adsp.b15
01-01 08:00:41.029 I/msm_drm ae00000.qcom,mdss_mdp( 0): Linked as a consumer to regulator.31
01-01 08:00:41.030 E/register_client_adhoc( 0): find path.src 1 dest 590
01-01 08:00:41.031 E/register_client_adhoc( 0): Client handle 15 mdss_reg
01-01 08:00:41.031 E/register_client_adhoc( 0): find path.src 22 dest 512
01-01 08:00:41.032 E/register_client_adhoc( 0): find path.src 23 dest 512
01-01 08:00:41.034 E/register_client_adhoc( 0): Client handle 53 mdss_sde
01-01 08:00:41.038 W/subsys-pil-tz 17300000.qcom,lpass( 0): Falling back to syfs fallback for: adsp.b16
01-01 08:00:41.044 W/subsys-pil-tz 17300000.qcom,lpass( 0): Falling back to syfs fallback for: adsp.b17
01-01 08:00:41.047 W/subsys-pil-tz 17300000.qcom,lpass( 0): Falling back to syfs fallback for: adsp.b18
01-01 08:00:41.049 I/[drm:sde_dbg_init:4676] evtlog_status( 0): enable:11, panic:1, dump:2
01-01 08:00:41.137 I/subsys-pil-tz 8300000.qcom,turing( 0): cdsp: Brought out of reset
01-01 08:00:41.143 I/msm_drm ae00000.qcom,mdss_mdp( 0): bound soc:qcom,wb-display@0 (ops sde_wb_comp_ops)
01-01 08:00:41.147 I/subsys-pil-tz 8300000.qcom,turing( 0): cdsp: Power/Clock ready interrupt received
01-01 08:00:41.153 I/subsys-pil-tz 8300000.qcom,turing( 0): Subsystem error monitoring/handling services are up
01-01 08:00:41.163 I/msm-dsi-display soc( 0): qcom,dsi-display-primary: Linked as a consumer to regulator.25
01-01 08:00:41.334 I/[drm:dsi_display_bind] [msm-dsi-info]( 0): Successfully bind display panel 'qcom,mdss_dsi_panel_hx82101_hx8692_truly_v2_video'
01-01 08:00:41.350 I/msm_drm ae00000.qcom,mdss_mdp( 0): bound soc:qcom,dsi-display-primary (ops dsi_display_comp_ops)
01-01 08:00:41.360 I/msm_drm ae00000.qcom,mdss_mdp( 0): bound af20000.qcom,sde_rscc (ops sde_rsc_comp_ops)
01-01 08:00:41.369 I/ ( 0): [drm] mapped mdp address space @ffffff8014100000
01-01 08:00:41.375 I/qcom_smd_qrtr_probe( 0): Entered
01-01 08:00:41.379 E/ ( 0): [drm:dp_display_init_aux_switch][msm-dp-err][693 ]failed to register notifier (-22)
01-01 08:00:41.381 I/adsprpc ( 0): fastrpc_restart_notifier_cb: cdsp subsystem is up
01-01 08:00:41.392 I/qcom_smd_qrtr_probe( 0): SMD QRTR driver probed
01-01 08:00:41.399 I/msm_cvp ( 0): info: Opening cvp instance: ffffffcee964c480
01-01 08:00:41.412 I/msm_cvp_v4l2 ab00000.qcom,cvp( 0): Linked as a consumer to regulator.77
01-01 08:00:41.414 W/subsys-pil-tz 9800000.qcom,npu( 0): Falling back to syfs fallback for: npu.mdt
01-01 08:00:41.422 I/subsys-pil-tz 17300000.qcom,lpass( 0): adsp: Brought out of reset
01-01 08:00:41.423 I/qcom_rpmh DRV( 0): apps_rsc TCS Busy, retrying RPMH message send: addr=0x30080
01-01 08:00:41.425 E/register_client_adhoc( 0): find path.src 1 dest 589
01-01 08:00:41.425 E/register_client_adhoc( 0): Failed to find path.src 1 dest 589
01-01 08:00:41.425 I/msm_cvp_v4l2 ab00000.qcom,cvp( 0): Linked as a consumer to regulator.76
01-01 08:00:41.427 E/ ( 0): [drm:dp_display_init_aux_switch][msm-dp-err][693 ]failed to register notifier (-22)
01-01 08:00:41.434 I/ ( 0): [drm:_sde_kms_hw_init_blocks:3613] sde hardware revision:0x60000000
01-01 08:00:41.447 I/subsys-pil-tz 17300000.qcom,lpass( 0): Subsystem error monitoring/handling services are up
01-01 08:00:41.449 I/subsys-restart( 0): __subsystem_get(): Changing subsys fw_name to cvpss
01-01 08:00:41.454 I/msmdrm_smmu ae00000.qcom,mdss_mdp( 0): qcom,smmu_sde_unsec_cb: Linked as a consumer to 15000000.apps-smmu
01-01 08:00:41.455 I/subsys-pil-tz 17300000.qcom,lpass( 0): adsp: Power/Clock ready interrupt received
01-01 08:00:41.455 I/qcom_rpmh DRV( 0): apps_rsc TCS Busy, retrying RPMH message send: addr=0x30030
01-01 08:00:41.455 I/qcom_rpmh DRV( 0): apps_rsc TCS Busy, retrying RPMH message send: addr=0x30030
01-01 08:00:41.455 I/qcom_rpmh DRV( 0): apps_rsc TCS Busy, retrying RPMH message send: addr=0x30030
01-01 08:00:41.455 I/qcom_rpmh DRV( 0): apps_rsc TCS Busy, retrying RPMH message send: addr=0x30030
01-01 08:00:41.455 I/qcom_rpmh DRV( 0): apps_rsc TCS Busy, retrying RPMH message send: addr=0x30030
01-01 08:00:41.455 I/qcom_rpmh DRV( 0): apps_rsc TCS Busy, retrying RPMH message send: addr=0x30030
01-01 08:00:41.455 I/qcom_rpmh DRV( 0): apps_rsc TCS Busy, retrying RPMH message send: addr=0x30030
01-01 08:00:41.455 I/qcom_rpmh DRV( 0): apps_rsc TCS Busy, retrying RPMH message send: addr=0x30030
01-01 08:00:41.455 I/qcom_rpmh DRV( 0): apps_rsc TCS Busy, retrying RPMH message send: addr=0x30030
01-01 08:00:41.458 I/iommu ( 0): Adding device ae00000.qcom,mdss_mdp:qcom,smmu_sde_unsec_cb to group 51
01-01 08:00:41.459 I/binder ( 0): 685:685 ioctl 40046210 7ffac2d6c4 returned -22
01-01 08:00:41.462 I/adsprpc ( 0): fastrpc_rpmsg_probe: opened rpmsg channel for cdsp
01-01 08:00:41.464 W/subsys-pil-tz abb0000.qcom,cvpss( 0): Falling back to syfs fallback for: cvpss.mdt
01-01 08:00:41.465 I/subsys-pil-tz 9800000.qcom,npu( 0): npu: loading from 0x0000000086900000 to 0x0000000086e00000
01-01 08:00:41.466 E/register_client_adhoc( 0): find path.src 1 dest 589
01-01 08:00:41.469 E/register_client_adhoc( 0): Failed to find path.src 1 dest 589
01-01 08:00:41.473 I/ ( 0): [drm] probing device qcom,smmu_sde_unsec
01-01 08:00:41.475 W/subsys-pil-tz 9800000.qcom,npu( 0): Falling back to syfs fallback for: npu.b02
01-01 08:00:41.475 I/adsprpc ( 0): fastrpc_restart_notifier_cb: adsp subsystem is up
01-01 08:00:41.477 I/binder ( 0): 685:685 ioctl 40046210 7ffac2d8d4 returned -22
01-01 08:00:41.478 W/subsys-pil-tz 9800000.qcom,npu( 0): Falling back to syfs fallback for: npu.b03
01-01 08:00:41.479 W/subsys-pil-tz 9800000.qcom,npu( 0): Falling back to syfs fallback for: npu.b04
01-01 08:00:41.480 W/subsys-pil-tz 9800000.qcom,npu( 0): Falling back to syfs fallback for: npu.b06
01-01 08:00:41.481 W/subsys-pil-tz 9800000.qcom,npu( 0): Falling back to syfs fallback for: npu.b05
01-01 08:00:41.490 I/ ( 0): [drm] Created domain mdp_ns, secure=0
01-01 08:00:41.491 E/ ( 0): [drm:dp_display_init_aux_switch][msm-dp-err][5 ]failed to register notifier (-22)
01-01 08:00:41.499 E/register_client_adhoc( 0): find path.src 1 dest 589
01-01 08:00:41.500 E/register_client_adhoc( 0): Failed to find path.src 1 dest 589
01-01 08:00:41.510 I/msmdrm_smmu ae00000.qcom,mdss_mdp( 0): qcom,smmu_sde_sec_cb: Linked as a consumer to 15000000.apps-smmu
01-01 08:00:41.742 I/subsys-pil-tz abb0000.qcom,cvpss( 0): cvpss: loading from 0x0000000087300000 to 0x0000000087800000
01-01 08:00:41.744 I/iommu ( 0): Adding device ae00000.qcom,mdss_mdp:qcom,smmu_sde_sec_cb to group 52
01-01 08:00:41.752 I/subsys-pil-tz 9800000.qcom,npu( 0): npu: Brought out of reset
01-01 08:00:41.754 E/ ( 0): [drm:dp_display_init_aux_switch][msm-dp-err][5 ]failed to register notifier (-22)
01-01 08:00:41.755 W/subsys-pil-tz abb0000.qcom,cvpss( 0): Falling back to syfs fallback for: cvpss.b02
01-01 08:00:41.758 W/subsys-pil-tz abb0000.qcom,cvpss( 0): Falling back to syfs fallback for: cvpss.b03
01-01 08:00:41.760 W/subsys-pil-tz abb0000.qcom,cvpss( 0): Falling back to syfs fallback for: cvpss.b05
01-01 08:00:41.760 W/subsys-pil-tz abb0000.qcom,cvpss( 0): Falling back to syfs fallback for: cvpss.b07
01-01 08:00:41.760 W/subsys-pil-tz abb0000.qcom,cvpss( 0): Falling back to syfs fallback for: cvpss.b04
01-01 08:00:41.760 W/subsys-pil-tz abb0000.qcom,cvpss( 0): Falling back to syfs fallback for: cvpss.b06
01-01 08:00:41.761 W/subsys-pil-tz abb0000.qcom,cvpss( 0): Falling back to syfs fallback for: cvpss.b08
01-01 08:00:41.761 W/subsys-pil-tz abb0000.qcom,cvpss( 0): Falling back to syfs fallback for: cvpss.b09
01-01 08:00:41.761 W/subsys-pil-tz abb0000.qcom,cvpss( 0): Falling back to syfs fallback for: cvpss.b10
01-01 08:00:41.761 I/ ( 0): [drm] probing device qcom,smmu_sde_sec
01-01 08:00:41.761 I/ ( 0): [drm] Created domain mdp_s, secure=1
01-01 08:00:41.762 W/subsys-pil-tz abb0000.qcom,cvpss( 0): Falling back to syfs fallback for: cvpss.b19
01-01 08:00:41.767 E/register_client_adhoc( 0): find path.src 1 dest 589
01-01 08:00:41.768 I/adsprpc ( 0): fastrpc_rpmsg_probe: opened rpmsg channel for adsp
01-01 08:00:41.789 I/[drm:dsi_panel_get_mode] [msm-dsi-info]( 0): default topology: lm: 1 comp_enc:0 intf: 1
01-01 08:00:41.798 E/register_client_adhoc( 0): Failed to find path.src 1 dest 589
01-01 08:00:41.809 I/NPU_INFO( 0): npu_get_fw_caps: 236 fw caps 0:2007
01-01 08:00:41.813 E/ ( 0): [drm:dp_display_init_aux_switch][msm-dp-err][5 ]failed to register notifier (-22)
01-01 08:00:41.819 E/register_client_adhoc( 0): find path.src 1 dest 589
01-01 08:00:41.820 E/register_client_adhoc( 0): Failed to find path.src 1 dest 589
01-01 08:00:41.822 I/NPU_INFO( 0): npu_get_fw_caps: 236 fw caps 1:80000005
01-01 08:00:41.845 I/ ( 0): [drm] Supports vblank timestamp caching Rev 2 (21.10.2013).
01-01 08:00:41.847 I/qcom_smd_qrtr_probe( 0): Entered
01-01 08:00:41.848 I/NPU_INFO( 0): npu_get_fw_caps: 236 fw caps 2:0
01-01 08:00:41.849 I/qcom_smd_qrtr_probe( 0): SMD QRTR driver probed
01-01 08:00:41.856 I/ ( 0): [drm] No driver support for vblank timestamp query.
01-01 08:00:41.859 I/apr_tal_rpmsg qcom,glink( 0): adsp.apr_audio_svc.-1.-1: apr_tal_rpmsg_probe: Channel[apr_audio_svc] state[Up]
01-01 08:00:41.861 I/NPU_INFO( 0): npu_get_fw_caps: 236 fw caps 3:0
01-01 08:00:41.861 I/NPU_INFO( 0): npu_get_fw_caps: 236 fw caps 4:0
01-01 08:00:41.861 I/NPU_INFO( 0): npu_get_fw_caps: 236 fw caps 5:0
01-01 08:00:41.861 I/NPU_INFO( 0): npu_get_fw_caps: 236 fw caps 6:0
01-01 08:00:41.861 I/NPU_INFO( 0): npu_get_fw_caps: 236 fw caps 7:0
01-01 08:00:41.869 E/ ( 0): [drm:dp_display_init_aux_switch][msm-dp-err][5 ]failed to register notifier (-22)
01-01 08:00:41.873 I/subsys-pil-tz abb0000.qcom,cvpss( 0): cvpss: Brought out of reset
01-01 08:00:41.920 I/ ( 0): [drm] Initialized msm_drm 1.3.0 20130625 for ae00000.qcom,mdss_mdp on minor 0
01-01 08:00:41.931 E/register_client_adhoc( 0): find path.src 1 dest 589
01-01 08:00:41.932 E/register_client_adhoc( 0): Failed to find path.src 1 dest 589
01-01 08:00:41.937 I/ ( 0): [drm] cont_splash feature not enabled
01-01 08:00:41.949 D/cnss ( 0): DRV subsystem is connected
01-01 08:00:42.055 I/qcom_smd_qrtr_probe( 0): Entered
01-01 08:00:42.061 I/qcom_smd_qrtr_probe( 0): SMD QRTR driver probed
01-01 08:00:42.079 E/ ( 0): [drm:dp_display_init_aux_switch][msm-dp-err][5 ]failed to register notifier (-22)
01-01 08:00:42.080 I/msm_cvp ( 0): info: Closed cvp instance: ffffffcee964c480 session_id = 0
01-01 08:00:42.096 I/init ( 0): Command 'write /sys/devices/virtual/cvp/cvp/boot 1' action=early-boot (/vendor/etc/init/hw/init.qcom.rc:90) took 697ms and succeeded
01-01 08:00:42.096 E/register_client_adhoc( 0): find path.src 1 dest 589
01-01 08:00:42.098 E/register_client_adhoc( 0): Failed to find path.src 1 dest 589
01-01 08:00:42.110 I/init ( 0): starting service 'exec 20 (/vendor/bin/init.qcom.early_boot.sh)'...
01-01 08:00:42.138 I/init ( 0): SVC_EXEC service 'exec 20 (/vendor/bin/init.qcom.early_boot.sh)' pid 787 (uid 0 gid 0+0 context u:r:vendor_qti_init_shell:s0) started; waiting...
01-01 08:00:42.745 I/init ( 0): Service 'exec 20 (/vendor/bin/init.qcom.early_boot.sh)' (pid 787) exited with status 0 waiting took 0.609000 seconds
01-01 08:00:42.758 I/init ( 0): Sending signal 9 to service 'exec 20 (/vendor/bin/init.qcom.early_boot.sh)' (pid 787) process group...
01-01 08:00:42.770 I/libprocessgroup( 0): Successfully killed process cgroup uid 0 pid 787 in 0ms
01-01 08:00:42.779 I/init ( 0): Command 'exec u:r:vendor_qti_init_shell:s0 -- /vendor/bin/init.qti.can.sh' action=early-boot (/vendor/etc/init/hw/init.qcom.rc:92) took 0ms and failed: Could not start exec service: Cannot find '/vendor/bin/init.qti.can.sh': No such file or directory
01-01 08:00:41.781 D/Build ( 686): ro.build.display.id=01.00.0088.X102_userdebug
01-01 08:00:42.803 E/DTC_ETH,link_delay_work_func( 0): 3003, SQI=0, link=0
01-01 08:00:41.787 D/Build ( 687): ro.build.display.id=01.00.0088.X102_userdebug
01-01 08:00:42.811 E/init ( 0): Unable to set property 'ro.sf.lcd_density' from uid:0 gid:0 pid:482: Read-only property was already set
01-01 08:00:42.828 I/init ( 0): processing action (early-boot) from (/vendor/etc/init/hw/init.target.rc:76)
01-01 08:00:42.837 I/init ( 0): processing action (early-boot) from (/system/etc/init/installd.rc:5)
01-01 08:00:41.827 D/Zygote32Timing( 687): PostZygoteInitGC took to complete: 21ms
01-01 08:00:41.827 D/Zygote32Timing( 687): ZygoteInit took to complete: 39ms
01-01 08:00:42.872 I/subsys-restart( 0): __subsystem_get(): Changing subsys fw_name to slpi
01-01 08:00:42.883 W/subsys-pil-tz 5c00000.qcom,ssc( 0): Falling back to syfs fallback for: slpi.mdt
01-01 08:00:41.919 D/Zygote64Timing( 686): BeginPreload took to complete: 114ms
01-01 08:00:42.938 I/subsys-pil-tz 5c00000.qcom,ssc( 0): slpi: loading from 0x0000000088c00000 to 0x000000008a100000
01-01 08:00:42.955 W/subsys-pil-tz 5c00000.qcom,ssc( 0): Falling back to syfs fallback for: slpi.b02
01-01 08:00:42.955 W/subsys-pil-tz 5c00000.qcom,ssc( 0): Falling back to syfs fallback for: slpi.b03
01-01 08:00:42.956 W/subsys-pil-tz 5c00000.qcom,ssc( 0): Falling back to syfs fallback for: slpi.b04
01-01 08:00:42.958 W/subsys-pil-tz 5c00000.qcom,ssc( 0): Falling back to syfs fallback for: slpi.b07
01-01 08:00:42.958 W/subsys-pil-tz 5c00000.qcom,ssc( 0): Falling back to syfs fallback for: slpi.b05
01-01 08:00:42.958 W/subsys-pil-tz 5c00000.qcom,ssc( 0): Falling back to syfs fallback for: slpi.b06
01-01 08:00:42.961 W/subsys-pil-tz 5c00000.qcom,ssc( 0): Falling back to syfs fallback for: slpi.b09
01-01 08:00:42.961 W/subsys-pil-tz 5c00000.qcom,ssc( 0): Falling back to syfs fallback for: slpi.b10
01-01 08:00:42.961 W/subsys-pil-tz 5c00000.qcom,ssc( 0): Falling back to syfs fallback for: slpi.b08
01-01 08:00:42.961 W/subsys-pil-tz 5c00000.qcom,ssc( 0): Falling back to syfs fallback for: slpi.b11
01-01 08:00:42.962 W/subsys-pil-tz 5c00000.qcom,ssc( 0): Falling back to syfs fallback for: slpi.b12
01-01 08:00:42.962 W/subsys-pil-tz 5c00000.qcom,ssc( 0): Falling back to syfs fallback for: slpi.b13
01-01 08:00:42.962 W/subsys-pil-tz 5c00000.qcom,ssc( 0): Falling back to syfs fallback for: slpi.b14
01-01 08:00:42.963 W/subsys-pil-tz 5c00000.qcom,ssc( 0): Falling back to syfs fallback for: slpi.b15
01-01 08:00:42.963 W/subsys-pil-tz 5c00000.qcom,ssc( 0): Falling back to syfs fallback for: slpi.b16
01-01 08:00:42.963 W/subsys-pil-tz 5c00000.qcom,ssc( 0): Falling back to syfs fallback for: slpi.b17
01-01 08:00:42.964 W/subsys-pil-tz 5c00000.qcom,ssc( 0): Falling back to syfs fallback for: slpi.b19
01-01 08:00:42.964 W/subsys-pil-tz 5c00000.qcom,ssc( 0): Falling back to syfs fallback for: slpi.b18
01-01 08:00:42.965 W/subsys-pil-tz 5c00000.qcom,ssc( 0): Falling back to syfs fallback for: slpi.b20
01-01 08:00:43.038 I/binder ( 0): 824:824 ioctl 40046210 7fdf37bb14 returned -22
01-01 08:00:43.103 I/binder ( 0): 827:827 ioctl 40046210 7fe851cfd4 returned -22
01-01 08:00:43.125 I/binder ( 0): 827:827 ioctl 40046210 7fe851cfb4 returned -22
01-01 08:00:43.267 I/binder ( 0): 866:866 ioctl 40046210 7fe973bb04 returned -22
01-01 08:00:43.373 I/binder ( 0): 943:943 ioctl 40046210 7fd02a2354 returned -22
01-01 08:00:43.435 I/subsys-pil-tz 5c00000.qcom,ssc( 0): slpi: Brought out of reset
01-01 08:00:43.495 I/subsys-pil-tz 5c00000.qcom,ssc( 0): Subsystem error monitoring/handling services are up
01-01 08:00:43.504 I/subsys-pil-tz 5c00000.qcom,ssc( 0): slpi: Power/Clock ready interrupt received
01-01 08:00:43.513 I/adsprpc ( 0): fastrpc_restart_notifier_cb: slpi subsystem is up
01-01 08:00:43.523 I/adsprpc ( 0): fastrpc_rpmsg_probe: opened rpmsg channel for slpi
01-01 08:00:43.529 E/ ( 0): [drm:dp_display_init_aux_switch][msm-dp-err][501 ]failed to register notifier (-22)
01-01 08:00:43.542 E/register_client_adhoc( 0): find path.src 1 dest 589
01-01 08:00:43.542 E/register_client_adhoc( 0): Failed to find path.src 1 dest 589
01-01 08:00:43.550 E/ ( 0): [drm:dp_display_init_aux_switch][msm-dp-err][501 ]failed to register notifier (-22)
01-01 08:00:43.553 I/qcom_smd_qrtr_probe( 0): Entered
01-01 08:00:42.548 I/android.hardware.wifi@1.0-service( 951): Wifi Hal is booting up...
01-01 08:00:42.553 I/HidlServiceManagement( 951): Registered android.hardware.wifi@1.4::IWifi/default (start delay of 149ms)
01-01 08:00:43.578 I/qcom_smd_qrtr_probe( 0): SMD QRTR driver probed
01-01 08:00:43.597 E/register_client_adhoc( 0): find path.src 1 dest 589
01-01 08:00:43.598 E/register_client_adhoc( 0): Failed to find path.src 1 dest 589
01-01 08:00:43.622 E/ ( 0): [drm:dp_display_init_aux_switch][msm-dp-err][5 ]failed to register notifier (-22)
01-01 08:00:43.916 W/QSEECOM ( 0): qseecom_load_app: App (soter64) does'nt exist, loading apps for first time
01-01 08:00:43.943 W/QSEECOM ( 0): qseecom_load_app: App with id 4 (soter64) now loaded
01-01 08:00:43.945 I/binder ( 0): 989:989 ioctl 40046210 7ffad22d74 returned -22
01-01 08:00:43.034 I/irsc_util( 1006): Starting irsc tool
01-01 08:00:43.043 I/irsc_util( 1006): Num of entries:298
01-01 08:00:43.044 I/irsc_util( 1006): Ending irsc tool
01-01 08:00:44.108 I/sysmon-qmi( 0): ssctl_new_server: Connection established between QMI handle and cdsp's SSCTL service
01-01 08:00:44.111 E/diag ( 0): In diag_send_feature_mask_update, control channel is not open, p: 5, ffffff9a4a1d8220
01-01 08:00:44.131 E/diag ( 0): In diag_send_peripheral_buffering_mode, buffering flag not set for 5
01-01 08:00:44.150 E/diag ( 0): In diag_send_peripheral_buffering_mode, buffering flag not set for 3
01-01 08:00:44.169 D/cnss ( 0): WLFW server arriving: node 7 port 1
01-01 08:00:44.169 D/cnss ( 0): Posting event: SERVER_ARRIVE(0), state: 0x8 flags: 0x0
01-01 08:00:44.170 D/cnss ( 0): PM stay awake, state: 0x8, count: 1
01-01 08:00:44.170 D/cnss ( 0): PM relax, state: 0x8, count: 0
01-01 08:00:44.170 E/diag ( 0): In diag_send_feature_mask_update, control channel is not open, p: 6, ffffff9a4a1d8470
01-01 08:00:44.171 D/cnss ( 0): PM stay awake, state: 0x8, count: 1
01-01 08:00:44.184 D/cnss ( 0): Processing driver event: SERVER_ARRIVE(0), state: 0x8
01-01 08:00:44.189 I/cnss ( 0): QMI WLFW service connected, state: 0x9
01-01 08:00:44.200 D/cnss ( 0): Sending indication register message, state: 0x9
01-01 08:00:44.207 I/sysmon-qmi( 0): ssctl_new_server: Connection established between QMI handle and adsp's SSCTL service
01-01 08:00:44.212 I/sysmon-qmi( 0): ssctl_new_server: Connection established between QMI handle and slpi's SSCTL service
01-01 08:00:44.219 D/cnss ( 0): Sending host capability message, state: 0x9
01-01 08:00:44.228 D/cnss ( 0): Number of clients is 2
01-01 08:00:44.228 D/cnss ( 0): Assign MSI to user: WAKE, num_vectors: 1, user_base_data: 813, base_vector: 13
01-01 08:00:44.228 D/cnss ( 0): WAKE MSI base data is 813
01-01 08:00:44.228 D/cnss ( 0): Calibration done is 0
01-01 08:00:44.228 D/cnss ( 0): Sending iova starting 0xa0000000 with size 0x10010000
01-01 08:00:44.230 I/sysmon-qmi( 0): ssctl_new_server: Connection established between QMI handle and slpi's SSCTL service
01-01 08:00:44.231 E/diag ( 0): In diag_send_peripheral_buffering_mode, buffering flag not set for 6
01-01 08:00:44.254 I/servloc ( 0): init_service_locator: Service locator initialized
01-01 08:00:44.255 I/servloc ( 0): service_locator_new_server: Connection established with the Service locator
01-01 08:00:44.256 D/cnss ( 0): PM relax, state: 0x9, count: 0
01-01 08:00:44.257 E/diag ( 0): In diag_send_peripheral_buffering_mode, buffering flag not set for 1
01-01 08:00:44.290 I/service-notifier( 0): service_notifier_new_server: Connection established between QMI handle and 74 service
01-01 08:00:44.291 I/audio_notifer_reg_service( 0): service PDR_ADSP is in use
01-01 08:00:44.319 I/apr_adsp_up( 0): Q6 is Up
01-01 08:00:44.335 I/adsprpc ( 0): fastrpc_get_service_location_notify: PDR notifier for adsp registered for msm/adsp/audio_pd (audio_pdr_adsprpc)
01-01 08:00:44.340 I/msm-audio-ion soc( 0): qcom,msm-audio-apr:qcom,msm-audio-ion: Linked as a consumer to 15000000.apps-smmu
01-01 08:00:44.347 W/healthd ( 0): No battery devices found
01-01 08:00:44.350 I/sps ( 0): BAM 0x0000000003a84000 (va:0xffffff801c040000) enabled: ver:0x19, number of pipes:25
01-01 08:00:44.359 I/msm_vidc( 0): high: 00000001: ....d: Opening video instance: ffffffced0800000, 1
01-01 08:00:44.366 I/sps ( 0): BAM 0x0000000003a84000 is registered.
01-01 08:00:44.383 I/iommu ( 0): Adding device soc:qcom,msm-audio-apr:qcom,msm-audio-ion to group 53
01-01 08:00:44.387 E/register_client_adhoc( 0): find path.src 1 dest 589
01-01 08:00:44.387 E/register_client_adhoc( 0): Failed to find path.src 1 dest 589
01-01 08:00:44.389 E/ ( 0): [drm:dp_display_init_aux_switch][msm-dp-err][77 ]failed to register notifier (-22)
01-01 08:00:44.397 I/binder ( 0): 1040:1040 ioctl 40046210 7ffb5129d4 returned -22
01-01 08:00:43.376 W/healthd ( 0): battery none chg=
01-01 08:00:43.392 I/binder ( 0): 1050:1050 ioctl 40046210 7fdec2b224 returned -22
01-01 08:00:43.397 I/adsprpc ( 0): fastrpc_get_service_location_notify: audio_pdr_adsprpc (msm/adsp/audio_pd) PDR service for adsp is up
01-01 08:00:43.403 E/rmt_storage( 0): ERR:main: Mmap Failed for rmts (-1)...pausing execution!
01-01 08:00:43.406 I/msm_vidc_v4l2 aa00000.qcom,vidc( 0): Linked as a consumer to regulator.75
01-01 08:00:43.410 E/register_client_adhoc( 0): find path.src 1 dest 589
01-01 08:00:43.411 E/register_client_adhoc( 0): Failed to find path.src 1 dest 589
01-01 08:00:43.466 I/msm_vidc_v4l2 aa00000.qcom,vidc( 0): Linked as a consumer to regulator.74
01-01 08:00:43.510 E/ ( 0): [drm:dp_display_init_aux_switch][msm-dp-err][121 ]failed to register notifier (-22)
01-01 08:00:43.522 I/subsys-restart( 0): __subsystem_get(): Changing subsys fw_name to venus
01-01 08:00:43.526 I/binder ( 0): 1032:1032 ioctl 40046210 7fc010ea34 returned -22
01-01 08:00:43.526 I/binder ( 0): 1032:1032 ioctl 40046210 7fc010ea54 returned -22
01-01 08:00:43.532 W/subsys-pil-tz aab0000.qcom,venus( 0): Falling back to syfs fallback for: venus.mdt
01-01 08:00:43.533 E/register_client_adhoc( 0): find path.src 1 dest 589
01-01 08:00:43.534 E/register_client_adhoc( 0): Failed to find path.src 1 dest 589
01-01 08:00:43.540 I/ ( 0): Mass Storage Function, version: 2009/09/11
01-01 08:00:43.547 I/LUN ( 0): removable file: (no medium)
