04-04 04:46:55.516 W/View ( 2670): requestLayout() improperly called by com.android.launcher3.views.NoInsetView{7befb7f V.ED..... ......I. 2038,0-2380,1020 #7f09007c app:id/bg_hotseat} during layout: running second layout pass
04-04 04:46:55.526 D/RemoteControlService( 2421): Digest: 4B1D6ECAAB00EE681B0B30360F95CC05E41FDCDBBAC7777538443D38784CD8A6
04-04 04:46:55.527 D/RemoteControlService( 2421): Send data length: 117
04-04 04:46:55.528 D/RemoteControlService( 2421): Send message finished. direction: 32, messageType: 5, json: {"source":0,"token":"93kE8b8yEoa4BeV","type":"down","value":1}
04-04 04:46:55.529 D/RemoteControlService( 2421): RemoteKeyCommand ResponseSpeedTest - use time: 30
04-04 04:46:55.775 D/hpplay-base( 2927): [stream_mirror_compat:1489] request to stop screen stream session!!
04-04 04:46:55.776 D/hpplay-base( 2927): [AEventUtils:625] begin to stop event handle service!!
04-04 04:46:55.776 D/hpplay-base( 2927): [AEventUtils:628] stop event handle service ok!!
04-04 04:46:55.776 D/hpplay-base( 2927): [REventUtils:231] begin to stop report handle service!!
04-04 04:46:55.777 D/hpplay-base( 2927): [REventUtils:234] stop report handle service ok!!
04-04 04:46:55.777 D/hpplay-base( 2927): [lelinkSinkServer:711] HTTP Server stopSinkServer End .
04-04 04:46:55.778 D/hpplay-base( 2927): [jniBridge:1135] notifyJavaServerStoped
04-04 04:46:55.778 D/hpplay-base( 2927): [jniBridge:1726] notifyJava, what:202, castType:0, mimeType:0 baseStatus:4
04-04 04:46:55.778 D/hpplay-base( 2927): [jniBridge:1727] notifyJava sessionID:(null)
04-04 04:46:55.780 I/hpplay-java( 2927): [Thread-61]:Bridge:notify: what: 202
04-04 04:46:55.783 I/hpplay-java( 2927): [Thread-61]:Bridge:notify: out: OutParameters:{audioSessionId=-1, audiotrackIndex=0, castHandleType=-1, castType=0, deviceName='', dlnaName='', dramaID='', extra=0, frameHandleType=-1, handleInside=true, headduration=0, header='', headers=null, isAD=false, isMultiMirror=false, lelinkVer='', limitTime=0, , mediaAlbum='null', mediaAlbumArtURI='', mediaArtist='null', mediaAssets='', mediaTitle='null', mimeType=0, multiSession=null, period=0, pinCode='', playSpeed=0.0, playerChoice=0, plugin=0, port=0, position=0.0, positionUnit=2, protocol=0, realSessionID='', regType='', , sinkIp='', sourceAPPVersion='', sourceChannel='', sourceClientInfo='', sourceDeviceInfo='', sourceDeviceModel='', sourceDeviceName='', sourceDeviceType=0, sourceHID='', , sourceInfo='', , , sourceOSVersion='', sourceSDKVersion='', sourceUid='', stopDetail=0, stopReason=0, tailduration=0, url='', urlID='', urls=null, userAgent='', videoDecoder=0, volume=0, what=202}com.hpplay.sdk.sink.protocol.OutParameters@922760a
04-04 04:46:55.783 I/hpplay-java( 2927): [Thread-61]:Bridge:notify: address:157253243
04-04 04:46:55.783 D/hpplay-base( 2927): [LelinkBase:645] stopServerThreadFunc notifyJavaServerStoped!
04-04 04:46:55.785 I/hpplay-java( 2927): [main]:ServerTaskManager:startTimeOutCheck
04-04 04:46:55.785 I/hpplay-java( 2927): [main]:ServerBusiness:stopDaemonBusiness
04-04 04:46:55.785 I/hpplay-java( 2927): [main]:SinkDataReport:logout
04-04 04:46:55.787 I/hpplay-java( 2927): [main]:EPControl:release
04-04 04:46:55.791 I/hpplay-java( 2927): [AsyncTask #93]:GlideCreator:clearCache clearDiskCache
04-04 04:46:55.795 I/hpplay-java( 2927): [main]:Dispatcher:notifyAllReverseControlsStop
04-04 04:46:55.795 I/hpplay-java( 2927): [main]:Preference:checkFeature none
04-04 04:46:55.795 I/hpplay-java( 2927): [main]:Dispatcher:notifyAllUIControlsStop set: []
04-04 04:46:55.795 I/hpplay-java( 2927): [main]:Upgrade:upgrade not be allowed
04-04 04:46:55.796 I/hpplay-java( 2927): [main]:Bridge:findServiceID start out: 157253243
04-04 04:46:55.796 I/hpplay-java( 2927): [main]:Bridge:findServiceID end
04-04 04:46:55.796 I/hpplay-java( 2927): [main]:ServerTaskManager:onStop retry:true
04-04 04:46:55.796 I/hpplay-java( 2927): [main]:ServerTaskManager:cancelTimeOutCheck
04-04 04:46:55.797 W/hpplay-java( 2927): NanoHTTPDServerRunnable:Communication with the client broken
04-04 04:46:55.797 W/hpplay-java( 2927): java.net.SocketException: Socket closed
04-04 04:46:55.797 W/hpplay-java( 2927): at java.net.PlainSocketImpl.socketAccept(PlainSocketImpl.java:213)
04-04 04:46:55.797 W/hpplay-java( 2927): at java.net.AbstractPlainSocketImpl.accept(AbstractPlainSocketImpl.java:451)
04-04 04:46:55.797 W/hpplay-java( 2927): at java.net.ServerSocket.implAccept(ServerSocket.java:547)
04-04 04:46:55.797 W/hpplay-java( 2927): at java.net.ServerSocket.accept(ServerSocket.java:515)
04-04 04:46:55.797 W/hpplay-java( 2927): at com.hpplay.nanohttpd.protocols.http.ServerRunnable.run(SourceFile:118)
04-04 04:46:55.797 W/hpplay-java( 2927): at java.lang.Thread.run(Thread.java:920)
04-04 04:46:55.797 I/hpplay-java( 2927): NanoHTTPDNanoHTTPD:server is stoped
04-04 04:46:55.797 I/hpplay-java( 2927): NanoHTTPDNanoHTTPD:clear obj
04-04 04:46:55.798 I/hpplay-java( 2927): [main]:IPManager:getActiveNets type: WIFI
04-04 04:46:55.799 I/hpplay-java( 2927): [main]:IPManager:getActiveNets eth0:false wifi:true mobile:false ap:false
04-04 04:46:55.799 I/hpplay-java( 2927): [main]:IPManager:getIPAddress IP_WLAN0
04-04 04:46:55.805 D/resolv ( 685): GetAddrInfoHandler::run: {100 262244 100 983140 10089 0}
04-04 04:46:55.805 D/resolv ( 685): resolv_getaddrinfo: explore_fqdn(): ai_family=0 ai_socktype=1 ai_protocol=6
04-04 04:46:55.811 D/resolv ( 685): doQuery: (1, 1)
04-04 04:46:55.811 D/resolv ( 685): res_nmkquery: (QUERY, IN, A)
04-04 04:46:55.811 D/resolv ( 685): res_nsend
04-04 04:46:55.811 I/resolv ( 685): resolv_cache_lookup: lookup
04-04 04:46:55.811 I/resolv ( 685): resolv_cache_lookup: FOUND IN CACHE entry=0xb4000072e7e5ca80
04-04 04:46:55.811 D/resolv ( 685): doQuery: rcode=0, ancount=1
04-04 04:46:55.812 I/ResolverController( 685): No valid NAT64 prefix (100, /0)
04-04 04:46:55.813 I/hpplay-java( 2927): [main]:IPManager:updateIPAddress getIPAddress: 192.168.4.16 name:vlan4
04-04 04:46:55.813 I/hpplay-java( 2927): [main]:IPManager:updateIPAddress getIPAddress: 10.3.110.159 name:wlan0
04-04 04:46:55.813 I/hpplay-java( 2927): [main]:IPManager:updateIPAddress getIPAddress: 192.168.8.16 name:vlan8
04-04 04:46:55.813 I/hpplay-java( 2927): [main]:IPManager:updateIPAddress getIPAddress: 192.168.11.16 name:vlan11
04-04 04:46:55.813 I/hpplay-java( 2927): [main]:IPManager:updateIPAddress getIPAddress: 192.168.0.16 name:vlan0
04-04 04:46:55.813 I/hpplay-java( 2927): [main]:IPManager:updateIPAddress getIPAddress: 192.168.2.16 name:vlan2
04-04 04:46:55.813 I/hpplay-java( 2927): [main]:IPManager:updateIPAddress getIPAddress: 192.168.1.16 name:vlan1
04-04 04:46:55.815 I/hpplay-java( 2927): [main]:ServerTaskManager:exeTask startServer
04-04 04:46:55.815 I/hpplay-java( 2927): [AsyncTask #88]:ServerBusiness:startDaemonBusiness
04-04 04:46:55.815 I/hpplay-java( 2927): [main]:ServerTaskManager:startTimeOutCheck
04-04 04:46:55.815 I/hpplay-java( 2927): [AsyncTask #88]:TimeOutCheckUtil:addTask id:upgrade
04-04 04:46:55.815 I/hpplay-java( 2927): [AsyncTask #88]:TimeOutCheckUtil:addTask id:ijkupgrade
04-04 04:46:55.817 I/hpplay-java( 2927): [AsyncTask #89]:Bridge:assembleInParameters
04-04 04:46:55.818 I/hpplay-java( 2927): [AsyncTask #89]:Bridge:createDeviceId deviceId:Nzg6MDA6NTk6NDA6MGQ6ZDM=
04-04 04:46:55.820 I/hpplay-java( 2927): [AsyncTask #89]:IPManager:getActiveNets type: WIFI
04-04 04:46:55.820 I/hpplay-java( 2927): [AsyncTask #89]:IPManager:getActiveNets eth0:false wifi:true mobile:false ap:false
04-04 04:46:55.820 I/hpplay-java( 2927): [AsyncTask #89]:IPManager:getIPAddress IP_WLAN0
04-04 04:46:55.820 I/hpplay-java( 2927): [AsyncTask #89]:Preference:checkFeature none
04-04 04:46:55.820 I/hpplay-java( 2927): NanoHTTPDNanoHTTPD:server is started
04-04 04:46:55.821 I/hpplay-java( 2927): [AsyncTask #89]:SWI:dlna tip
04-04 04:46:55.821 I/hpplay-java( 2927): [AsyncTask #89]:SWI:lefp tip
04-04 04:46:55.821 I/hpplay-java( 2927): [AsyncTask #89]:Bridge:assembleInParameters none alias name use device name: 高合娱乐副屏
04-04 04:46:55.821 I/hpplay-java( 2927): [AsyncTask #89]:Feature:isSendAdvertisement
04-04 04:46:55.822 I/hpplay-java( 2927): [AsyncTask #89]:Preference:checkFeature none
04-04 04:46:55.822 I/hpplay-java( 2927): [AsyncTask #89]:Preference:checkFeature none
04-04 04:46:55.822 I/hpplay-java( 2927): [AsyncTask #89]:Bridge:backupHpplayDat bakPath:
04-04 04:46:55.822 I/hpplay-java( 2927): [AsyncTask #89]:Bridge:path:/data/user/0/com.hht.lebocast/files/hpplay/file/happyplay.dat
04-04 04:46:55.822 I/hpplay-java( 2927): [AsyncTask #89]:Bridge:mAppId:21409
04-04 04:46:55.822 I/hpplay-java( 2927): [AsyncTask #89]:Bridge:mode:3
04-04 04:46:55.823 I/hpplay-java( 2927): [AsyncTask #89]:Bridge:type:1
04-04 04:46:55.823 I/hpplay-java( 2927): [AsyncTask #89]:Bridge:SN:
04-04 04:46:55.823 I/hpplay-java( 2927): [AsyncTask #89]:Preference:checkFeature none
04-04 04:46:55.823 I/hpplay-java( 2927): [AsyncTask #89]:Bridge:backPath:
04-04 04:46:55.823 I/hpplay-java( 2927): [AsyncTask #89]:DeviceUtil:getPermissionDid: 1
04-04 04:46:55.823 I/hpplay-java( 2927): [AsyncTask #89]:DeviceUtil:getPermissionDid: 1
04-04 04:46:55.823 I/hpplay-java( 2927): [AsyncTask #89]:Preference:checkFeature none
04-04 04:46:55.823 I/hpplay-java( 2927): [AsyncTask #89]:Preference:checkFeature none
04-04 04:46:55.823 I/hpplay-java( 2927): [AsyncTask #89]:Preference:checkFeature none
04-04 04:46:55.823 I/hpplay-java( 2927): [AsyncTask #89]:Preference:checkFeature none
04-04 04:46:55.824 I/hpplay-java( 2927): [AsyncTask #89]:Preference:checkFeature none
04-04 04:46:55.827 W/hpplay-java( 2927): [AsyncTask #88]:ServerBusiness:startDaemonBusiness start LelinkHTTPD sucess 52288
04-04 04:46:55.829 I/hpplay-java( 2927): [main]:ServerBusiness:get deviceCode:2457154028
04-04 04:46:55.853 W/hpplay-java( 2927): [AsyncTask #89]:DeviceUtils:getDomain create lb domain
04-04 04:46:55.854 I/hpplay-java( 2927): [AsyncTask #89]:Feature:getMirrorAudioVideoSync DISABLE
04-04 04:46:55.854 I/hpplay-java( 2927): [AsyncTask #89]:Feature:checkSupportRedirectOtherApp,no set redirect api
04-04 04:46:55.854 I/hpplay-java( 2927): [AsyncTask #89]:Feature:getRedirectSearchFlag,value: 0
04-04 04:46:55.857 I/hpplay-java( 2927): [AsyncTask #89]:Bridge:mIn: InParameters{appInfo='0', appKey='21409', authMode=0, authPwd='null', broadcastDirection=0, broadcastState=1, broadcastTimeout=3, buildType='release', cacheAVPath='/data/user/0/com.hht.lebocast/cache/hpplay/av', cachePhotoPath='/data/user/0/com.hht.lebocast/cache/hpplay/image', channel='LEBO-APK--60146-25915', desPath='', , deviceName='高合娱乐副屏', dlna=1, dlnaCompany='Microsoft Corporation', dlnaCompanyURL='http://www.microsoft.com', dlnaDeviceDescribe='Media Renderer', dlnaDeviceName='Windows Media Player', dlnaDeviceURL='http://go.microsoft.com/fwlink/Linkld=105927', dlnaLelinkSwitch=1, dlnaManufacturer=0, dlnaName='高合娱乐副屏', dlnaUPC='', dlnaUUID='fd17a3b6-3524-090f-053e-af2ce7fe6986', domain='Lebo-figure-a6087e369fa3', drainage=0, feature='6655', fps=60, height=1080, host='null', , keyPath='/data/user/0/com.hht.lebocast/files/hpplay/file', lelinkfp=1, lelinkfp2=0, logBaseState=1, logPath='/storage/emulated/0/com.hht.lebocast/sink/sdk/common', , mdnsEnable=1, mirrorSyncType=0, netCastVer='2.0', packageName='com.hht.lebocast', packagePath='/data/user/0/com.hht.lebocast', permissionDid='a6:08:7e:36:9f:a3', permissionMode=3, permissionPreSN='', port=0, preemptMode=0, regType='_leboremote._tcp.', serverPorts=null, sockWaitTimeOut=45, teleControlPort=53388, tunnels=3, txtKeys=null, txtValues=null, uid='10000072516705', videoFrameType=1001, width=1920}com.hpplay.sdk.sink.protocol.InParameters@9908cde
04-04 04:46:55.857 I/hpplay-java( 2927): [main]:Bridge:startServer state: 0
04-04 04:46:55.857 D/hpplay-base( 2927): [jniBridge:185] not conference version
04-04 04:46:55.857 I/hpplay-base( 2927): [jniBridge:241] 1initServer nSettingWidth=1920 nSettingHeight=1080 nSettingMaxFPS=60 dlnaEnable=1 lelinkFpEnable=1
04-04 04:46:55.857 D/hpplay-base( 2927): [jniBridge:283] 1initServer cfg.leLinkIp=10.3.110.159
04-04 04:46:55.857 D/hpplay-base( 2927): [jniBridge:286] 1initServer cfg.mPermissionMode=3
04-04 04:46:55.857 D/hpplay-base( 2927): [jniBridge:304] 1initServer cfg.permissionDid=a6:08:7e:36:9f:a3000000000000000
04-04 04:46:55.857 D/hpplay-base( 2927): [jniBridge:313] 1initServer cfg.mPermissionPreSN=00000000000000000000000000000000
04-04 04:46:55.857 D/hpplay-base( 2927): [jniBridge:317] Bridge___1initServer status:0
04-04 04:46:55.857 I/hpplay-base( 2927): [jniBridge:325] 1initServer cfg.feature=6655
04-04 04:46:55.857 D/hpplay-base( 2927): [jniBridge:377] 1initServer isSendBroadCast=3
04-04 04:46:55.858 D/hpplay-base( 2927): [jniBridge:380] 1initServer broadcastDirection=0
04-04 04:46:55.858 D/hpplay-base( 2927): [jniBridge:382] 1initServer ipBroadcast direction=0
04-04 04:46:55.858 D/hpplay-base( 2927): [jniBridge:387] 1initServer tunnel=3
04-04 04:46:55.858 D/hpplay-base( 2927): [jniBridge:390] 1initServer drainage=0
04-04 04:46:55.858 D/hpplay-base( 2927): [jniBridge:401] 1initServer mDNSEnable=1
04-04 04:46:55.858 D/hpplay-base( 2927): [jniBridge:406] 1initServer nSockWaitTimeOut=45
04-04 04:46:55.858 D/hpplay-base( 2927): [jniBridge:410] 1initServer nMirrorAudioVideoSync=0
04-04 04:46:55.858 I/hpplay-base( 2927): [sign_check:168] checkSign strPackageName:com.hht.lebocast
04-04 04:46:55.858 I/hpplay-base( 2927): [sign_check:169] checkSign buildType:release
04-04 04:46:55.858 I/hpplay-base( 2927): [sign_check:170] checkSign appKey:21409
04-04 04:46:55.858 D/hpplay-base( 2927): [LelinkBase:405] bridgeInit port: 0, lelinkfp: 0
04-04 04:46:55.859 D/hpplay-base( 2927): [LelinkBase:462] bridgeInit mPackagePath =/data/user/0/com.hht.lebocast
04-04 04:46:55.859 D/hpplay-base( 2927): [LelinkBase:463] bridgeInit mKeyPath =/data/user/0/com.hht.lebocast/files/hpplay/file
04-04 04:46:55.859 D/hpplay-base( 2927): [SinkContext:97] initSinkContext mPackagePath =/data/user/0/com.hht.lebocast
04-04 04:46:55.859 D/hpplay-base( 2927): [SinkContext:98] initSinkContext mKeyPath =/data/user/0/com.hht.lebocast/files/hpplay/file
04-04 04:46:55.859 D/hpplay-base( 2927): [jniBridge:478] Java_com_hpplay_sdk_sink_protocol_Bridge__1initServer end
04-04 04:46:55.859 D/hpplay-base( 2927): [jniBridge:869] Bridge__1startServer status:1
04-04 04:46:55.863 D/hpplay-base( 2927): [LelinkBase:492] startAllServer at base
04-04 04:46:55.865 D/hpplay-base( 2927): [lelinkSinkServer:152] httpPlugins_SetServerPort TYPE_SERVER_LELINK:52266
04-04 04:46:55.865 D/hpplay-base( 2927): [network.c:362] protocol bind host :10.3.110.159 port:52266 curent bind port:52266
04-04 04:46:55.865 D/hpplay-base( 2927): [lelinkSinkServer:681] HTTP Server real at:52266
04-04 04:46:55.867 D/hpplay-base( 2927): [lelinkSinkServer:644] Connected Service Type:0
04-04 04:46:55.867 I/hpplay-base( 2927): : (server.c.315) startServer listen_ing....:
04-04 04:46:55.867 D/hpplay-base( 2927): [Server:371] startHttpServer srv_sockets.used:1 nCurrentFd:110, tid is 6413
04-04 04:46:55.868 D/hpplay-base( 2927): [ScreenStream:1285] current bind port:7100
04-04 04:46:55.869 D/hpplay-base( 2927): [LelinkBase:515] startAllServer pBaseContext->config.dlnaEnable:1
04-04 04:46:55.870 D/hpplay-base( 2927): [lelinkDlna:324] addDMRCallback end
04-04 04:46:55.870 D/hpplay-base( 2927): [stream_mirror_compat:759] compat mirror stream begin to run,server fd:112,thread_id:3185332672!!
04-04 04:46:55.882 E/hpplay-base-dlna( 2927): miniserver.c:788::dlna_port(ipv4: 49152 ipv6:0)
04-04 04:46:55.886 D/hpplay-base-dlna( 2927): [lebodlna-dlnaframe:166] succeed to load lebodlnaplugin
04-04 04:46:55.886 D/hpplay-base-dlna( 2927): [lebodlna-dlnaframe:232] Succeed to load specified plugin:lebodlna_plugin
04-04 04:46:55.886 D/hpplay-base( 2927): [lelinkDlna:328] startDLNAServer ret=0
04-04 04:46:55.886 D/hpplay-base( 2927): [LelinkBase:531] startDLNAServer ret= 0
04-04 04:46:55.886 D/hpplay-base( 2927): [lelinkDlna:342] setDMRFriendlyName 高合娱乐副屏
04-04 04:46:55.886 D/hpplay-base-dlna( 2927): [lebodlna-dlna_android:136] setBroadcastTimeout mBroadcastTimeOut=66 status=3!
04-04 04:46:55.886 D/hpplay-base-dlna( 2927): [lebodlna_api:32] start DMR
04-04 04:46:55.886 D/hpplay-base-dlna( 2927): [UpnpDefine:434] RegisterDMRender invalid lelink info
04-04 04:46:55.886 D/hpplay-base-dlna( 2927): [UpnpDefine:467] DLNA DEFAULT_DESCRIPTION
04-04 04:46:55.888 E/hpplay-base-dlna( 2927): upnpapi.c:1078::Exiting RegisterRootDevice2 *Hnd =1, return value == 0
04-04 04:46:55.888 D/hpplay-base-dlna( 2927): [CUpnpDevice:41] Register Root Device 2:0
04-04 04:46:55.888 D/hpplay-base-dlna( 2927): [UpnpDefine:794] ESDMRender:Register success
04-04 04:46:55.888 D/hpplay-base-dlna( 2927): [lebodlna_api:41] sendBroadcast mBroadcastTimeOut=3
04-04 04:46:55.888 D/hpplay-base-dlna( 2927): [lebodlna_api:44] sendBroadcast timeout=66
04-04 04:46:55.937 I/hpplay-java( 2927): [AsyncTask #90]:HttpRequest:doGet responseCode:200 0
04-04 04:46:55.944 D/RemoteControlService( 2421): getEvent: clientSocket = Socket[address=/192.168.4.4,port=49359,localPort=12600]
04-04 04:46:55.945 D/RemoteControlService( 2421): run: called
04-04 04:46:55.945 D/RemoteControlService( 2421): getEvent: start waiting...
04-04 04:46:55.946 E/RemoteControlService( 2421): Enter ListenSocketRunnable
04-04 04:46:55.947 D/RemoteControlService( 2421): After desEncrypt json is [{"type":"down","source":1,"token":"93kE8b8yEoa4BeV","value":"click"}]
04-04 04:46:55.948 D/RemoteControlService( 2421): buildRemoteCommand:type=5
04-04 04:46:55.948 D/RemoteControlService( 2421): Request params: BaseRequestCommandBean{source=1, token='93kE8b8yEoa4BeV', type='down', value='click'}
04-04 04:46:55.948 D/RemoteControlService( 2421): handleMessage called
04-04 04:46:55.948 D/RemoteControlService( 2421): Is not connect command
04-04 04:46:55.948 D/RemoteControlService( 2421): haveControl ? clientcom.thundercomm.remotecontrolservice.RemoteControllerClient@530a9ab
04-04 04:46:55.948 D/RemoteControlService( 2421): Client have control
04-04 04:46:55.948 D/RemoteControlService( 2421): do Action called
04-04 04:46:55.949 I/RemoteControlService( 2421): injectKeyEvent: KeyEvent { action=ACTION_DOWN, keyCode=KEYCODE_DPAD_DOWN, scanCode=0, metaState=0, flags=0x0, repeatCount=0, eventTime=1068498, downTime=1068498, deviceId=-1, source=0x101, displayId=-1 }
04-04 04:46:55.954 D/hpplay-base( 2927): [lelinkDlna:361] startDLNADevice dlnaManufacturer:0 ret=0
04-04 04:46:55.955 D/hpplay-base( 2927): [LelinkBase:535] lelinkSetDlnaInfo ret= 0
04-04 04:46:55.955 D/hpplay-base( 2927): [LelinkBase:547] startAllServer pBaseContext->config.mDNSEnable:1
04-04 04:46:55.955 D/hpplay-base( 2927): [base_mdns:509] mdns net.hostname:
04-04 04:46:55.956 D/hpplay-base( 2927): [base_mdns:529] mdns namelabel:-00-80-0F-74-31-00
04-04 04:46:55.956 D/hpplay-base( 2927): [base_mdns:509] mdns net.hostname:
04-04 04:46:55.956 D/hpplay-base( 2927): [base_mdns:529] mdns namelabel:-00-80-0F-74-31-00
04-04 04:46:55.957 D/hpplay-base( 2927): [mdns:813] mdns start bind port:0
04-04 04:46:55.958 W/View ( 2670): requestLayout() improperly called by com.android.launcher3.views.NoInsetView{7befb7f V.ED..... ......I. 2038,0-2380,1020 #7f09007c app:id/bg_hotseat} during layout: running second layout pass
04-04 04:46:55.959 I/RemoteControlService( 2421): injectKeyEvent: KeyEvent { action=ACTION_UP, keyCode=KEYCODE_DPAD_DOWN, scanCode=0, metaState=0, flags=0x0, repeatCount=0, eventTime=1068498, downTime=1068498, deviceId=-1, source=0x101, displayId=-1 }
04-04 04:46:55.964 D/hpplay-base( 2927): [mdns:813] mdns start bind port:5353
04-04 04:46:55.965 D/hpplay-base( 2927): [mdns:813] mdns start bind port:5353
04-04 04:46:55.965 D/hpplay-base( 2927): [mdns:813] mdns start bind port:5353
04-04 04:46:55.966 D/hpplay-base( 2927): [mdns:813] mdns start bind port:5353
04-04 04:46:55.966 D/hpplay-base( 2927): [mdns:813] mdns start bind port:5353
04-04 04:46:55.967 D/hpplay-base( 2927): [mdns:813] mdns start bind port:5353
04-04 04:46:55.967 D/hpplay-base( 2927): [mdns:813] mdns start bind port:5353
04-04 04:46:55.968 I/hpplay-base( 2927): [mDNSEmbeded:57] embedded_mDNSInit stopmDNSNow:0 status:0
04-04 04:46:55.968 D/hpplay-base( 2927): [mDNSEmbeded:436] startmDNSServer end nRet=0
04-04 04:46:55.968 D/hpplay-base( 2927): [LelinkBase:555] lelink broadcast_on_off:1 log2java_on_off:1
04-04 04:46:55.969 D/hpplay-base( 2927): [LelinkMDNS:729] leboAuthorizationCheck strUuid=a6:08:7e:36:9f:a3000000000000000
04-04 04:46:55.969 D/hpplay-base( 2927): [LelinkMDNS:730] leboAuthorizationCheck mPermissionDid=a6:08:7e:36:9f:a3000000000000000
04-04 04:46:55.969 D/hpplay-base( 2927): [LelinkMDNS:755] leboAuthorizationCheck mPermissionMac=a6:08:7e:36:9f:a3000000000000000
04-04 04:46:55.969 D/hpplay-base( 2927): [AEventUtils:595] request to start event handle service!!
04-04 04:46:55.969 D/hpplay-base( 2927): [AEventUtils:603] start_event_handle_service,begin to run!!
04-04 04:46:55.970 I/hpplay-base( 2927): [mDNSEmbeded:268] start lelink publish server, tid is 6432
04-04 04:46:55.970 D/hpplay-base( 2927): [mDNSEmbeded:197] http_port bind check 197 http_port_check
04-04 04:46:55.970 D/hpplay-base( 2927): [REventUtils:210] start_event_handle_service,begin to run!!
04-04 04:46:55.971 D/hpplay-base( 2927): [LelinkBase:576] startAllServer success .
04-04 04:46:55.971 D/hpplay-base( 2927): [jniBridge:894] startDlna_link:http://10.3.110.159:49152/description.xml
04-04 04:46:55.972 D/hpplay-base( 2927): [AEventUtils:171] create handle AEvent thread ok!!,tid is 6434
04-04 04:46:55.972 D/RemoteControlService( 2421): Digest: 4B1D6ECAAB00EE681B0B30360F95CC05E41FDCDBBAC7777538443D38784CD8A6
04-04 04:46:55.972 D/RemoteControlService( 2421): Send data length: 117
04-04 04:46:55.973 D/resolv ( 685): GetHostByNameHandler::run: result: Success
04-04 04:46:55.973 D/RemoteControlService( 2421): Send message finished. direction: 32, messageType: 5, json: {"source":0,"token":"93kE8b8yEoa4BeV","type":"down","value":1}
04-04 04:46:55.974 D/RemoteControlService( 2421): RemoteKeyCommand ResponseSpeedTest - use time: 30
04-04 04:46:55.975 D/hpplay-base( 2927): [mDNSEmbeded:217] http_port bind check 217 http_port_check
04-04 04:46:55.975 D/hpplay-base( 2927): [jniBridge:1081] notifyJavaDlnalink:http://10.3.110.159:49152/description.xml
04-04 04:46:55.975 D/hpplay-base( 2927): [jniBridge:1726] notifyJava, what:207, castType:0, mimeType:0 baseStatus:2
04-04 04:46:55.975 D/hpplay-base( 2927): [jniBridge:1727] notifyJava sessionID:(null)
04-04 04:46:55.975 D/hpplay-base( 2927): [mDNSEmbeded:222] http_port bind check 222 http_port_check
04-04 04:46:55.976 D/hpplay-base( 2927): [REventUtils:59] create handleREventThread thread ok!!,tid is 6435
04-04 04:46:55.977 I/hpplay-java( 2927): [Thread-63]:Bridge:notify: what: 207
04-04 04:46:55.979 I/hpplay-java( 2927): [Thread-63]:Bridge:notify: out: OutParameters:{audioSessionId=-1, audiotrackIndex=0, castHandleType=-1, castType=0, deviceName='http://10.3.110.159:49152/description.xml', dlnaName='', dramaID='', extra=0, frameHandleType=-1, handleInside=true, headduration=0, header='', headers=null, isAD=false, isMultiMirror=false, lelinkVer='', limitTime=0, , mediaAlbum='null', mediaAlbumArtURI='', mediaArtist='null', mediaAssets='', mediaTitle='null', mimeType=0, multiSession=null, period=0, pinCode='', playSpeed=0.0, playerChoice=0, plugin=0, port=0, position=0.0, positionUnit=2, protocol=0, realSessionID='', regType='', , sinkIp='', sourceAPPVersion='', sourceChannel='', sourceClientInfo='', sourceDeviceInfo='', sourceDeviceModel='', sourceDeviceName='', sourceDeviceType=0, sourceHID='', , sourceInfo='', , , sourceOSVersion='', sourceSDKVersion='', sourceUid='', stopDetail=0, stopReason=0, tailduration=0, url='', urlID='', urls=null, userAgent='', videoDecoder=0, volume=0, what=207}com.hpplay.sdk.sink.protocol.OutParameters@abb4eb0
04-04 04:46:55.979 I/hpplay-java( 2927): [Thread-63]:Bridge:notify: address:265965865
04-04 04:46:55.980 D/hpplay-base( 2927): [mDNSEmbeded:234] http_port bind check 234 http_port_check port:52266
04-04 04:46:55.980 D/hpplay-base( 2927): [mDNSEmbeded:237] http_port bind check 237 http_port_check
04-04 04:46:55.981 D/hpplay-base( 2927): [lelinkSinkServer:93] new client connection from 127.0.0.1 28876, fd=139
04-04 04:46:55.982 D/hpplay-base( 2927): [SinkContext:137] addSinkContextSession,begin to run!!
04-04 04:46:55.982 D/hpplay-base( 2927): [SinkContext:142] addSinkContextSession,begin to get lock!!
04-04 04:46:55.982 D/hpplay-base( 2927): [SinkContext:144] addSinkContextSession,get lock ok!!
04-04 04:46:55.982 D/hpplay-base( 2927): [SinkContext:149] addSinkContextSession,session list is null,begin to malloc!!
04-04 04:46:55.982 D/hpplay-base( 2927): [SinkContext:156] addSinkContextSession,begin to update!!
04-04 04:46:55.982 D/hpplay-base( 2927): [SinkContext:160] addSinkContextSession,begin to update header!!
04-04 04:46:55.997 D/hpplay-base( 2927): [SinkContext:172] addSinkContextSession,begin to unlock!!
04-04 04:46:55.997 D/hpplay-base( 2927): [SinkContext:174] addSinkContextSession,unlock ok!!
04-04 04:46:55.998 D/hpplay-base( 2927): [LelinkReceiver:4908] get ping !!!
04-04 04:46:55.998 D/hpplay-base( 2927): [mDNSEmbeded:240] http_port bind check 240 http_port_check recieved:64
04-04 04:46:55.998 D/hpplay-base( 2927): [mDNSEmbeded:243] http_port bind check 243 http_port_check
04-04 04:46:55.998 D/hpplay-base( 2927): [mDNSEmbeded:244] http_port bind check ok!
04-04 04:46:55.975 W/om.hht.lebocast( 2927): type=1400 audit(0.0:667): avc: granted { read } for name="arp" dev="proc" ino=4026532256 scontext=u:r:platform_app:s0:c512,c768 tcontext=u:object_r:proc_net:s0 tclass=file app=com.hht.lebocast
04-04 04:46:55.975 W/om.hht.lebocast( 2927): type=1400 audit(0.0:668): avc: granted { read open } for path="/proc/2927/net/arp" dev="proc" ino=4026532256 scontext=u:r:platform_app:s0:c512,c768 tcontext=u:object_r:proc_net:s0 tclass=file app=com.hht.lebocast
04-04 04:46:56.051 I/mpu_uart( 661): [MSG-P:RECV]:No message received in 1000 ms
04-04 04:46:55.975 W/om.hht.lebocast( 2927): type=1400 audit(0.0:669): avc: granted { getattr } for path="/proc/2927/net/arp" dev="proc" ino=4026532256 scontext=u:r:platform_app:s0:c512,c768 tcontext=u:object_r:proc_net:s0 tclass=file app=com.hht.lebocast
04-04 04:46:56.098 D/hpplay-base( 2927): [LelinkMDNS:766] devicePermissionPublic leboPermissionCheck:-2
04-04 04:46:56.099 D/hpplay-base( 2927): [jniBridge:1125] com_hpplay_sdk_sink_protocol_Bridge_WHAT_SERVER_ERROR
04-04 04:46:56.099 D/hpplay-base( 2927): [jniBridge:1726] notifyJava, what:204, castType:0, mimeType:0 baseStatus:2
04-04 04:46:56.099 D/hpplay-base( 2927): [jniBridge:1727] notifyJava sessionID:(null)
04-04 04:46:56.100 I/hpplay-java( 2927): [Thread-64]:Bridge:notify: what: 204
04-04 04:46:56.101 I/hpplay-java( 2927): [Thread-64]:Bridge:notify: out: OutParameters:{audioSessionId=-1, audiotrackIndex=0, castHandleType=-1, castType=0, deviceName='', dlnaName='', dramaID='', extra=-2002, frameHandleType=-1, handleInside=true, headduration=0, header='', headers=null, isAD=false, isMultiMirror=false, lelinkVer='', limitTime=0, , mediaAlbum='null', mediaAlbumArtURI='', mediaArtist='null', mediaAssets='', mediaTitle='null', mimeType=0, multiSession=null, period=0, pinCode='', playSpeed=0.0, playerChoice=0, plugin=0, port=0, position=0.0, positionUnit=2, protocol=0, realSessionID='', regType='', , sinkIp='', sourceAPPVersion='', sourceChannel='', sourceClientInfo='', sourceDeviceInfo='', sourceDeviceModel='', sourceDeviceName='', sourceDeviceType=0, sourceHID='', , sourceInfo='', , , sourceOSVersion='', sourceSDKVersion='', sourceUid='', stopDetail=0, stopReason=0, tailduration=0, url='', urlID='', urls=null, userAgent='', videoDecoder=0, volume=0, what=204}com.hpplay.sdk.sink.protocol.OutParameters@3653cae
04-04 04:46:56.101 I/hpplay-java( 2927): [Thread-64]:Bridge:notify: address:120326735
04-04 04:46:56.101 I/hpplay-java( 2927): [main]:Bridge:findServiceID start out: 120326735
04-04 04:46:56.101 I/hpplay-base( 2927): [mDNSEmbeded:79] embedded_mDNSLoop stopmDNSNow:0 nPublish:-2 nExitFlag:6 tid is 6431
04-04 04:46:56.102 I/hpplay-java( 2927): [main]:Bridge:findServiceID end
04-04 04:46:56.102 E/hpplay-java( 2927): [main]:ServerTaskManager:onError 204/-2002 com.hht.lebocast.LelinkHelper$e@ff08e4b
04-04 04:46:56.102 I/hpplay-java( 2927): [main]:ServerTaskManager:cancelTimeOutCheck
04-04 04:46:56.103 W/hpplay-java( 2927): [main]:ServerTaskManager:onErrorDispatcher errorCode:-2002
04-04 04:46:56.103 I/hpplay-java( 2927): [main]:ServerTaskManager:onError retry later
04-04 04:46:56.119 W/swapper/3( 0): type=1400 audit(0.0:670): avc: denied { kill } for capability=5 scontext=u:r:kernel:s0 tcontext=u:r:kernel:s0 tclass=capability permissive=0
04-04 04:46:56.200 I/hpplay-base( 2927): [LelinkReceiver:14605] _connectionFinalize (139)
04-04 04:46:56.200 D/hpplay-base( 2927): [LelinkReceiver:14752] ###connectionFinalize,release ok!!###
04-04 04:46:56.209 I/hpplay-java( 2927): [AsyncTask #80]:HttpRequest:doGet responseCode:200 0
04-04 04:46:56.389 I/mpu_uart( 661): [MSG-P:R]:recv sync frame timeout
04-04 04:46:56.466 D/RemoteControlService( 2421): getEvent: clientSocket = Socket[address=/192.168.4.4,port=37077,localPort=12600]
04-04 04:46:56.469 D/RemoteControlService( 2421): run: called
04-04 04:46:56.469 D/RemoteControlService( 2421): getEvent: start waiting...
04-04 04:46:56.469 E/RemoteControlService( 2421): Enter ListenSocketRunnable
04-04 04:46:56.472 D/RemoteControlService( 2421): After desEncrypt json is [{"type":"down","source":1,"token":"93kE8b8yEoa4BeV","value":"click"}]
04-04 04:46:56.472 D/RemoteControlService( 2421): buildRemoteCommand:type=5
04-04 04:46:56.473 D/RemoteControlService( 2421): Request params: BaseRequestCommandBean{source=1, token='93kE8b8yEoa4BeV', type='down', value='click'}
04-04 04:46:56.473 D/RemoteControlService( 2421): handleMessage called
04-04 04:46:56.474 D/RemoteControlService( 2421): Is not connect command
04-04 04:46:56.474 D/RemoteControlService( 2421): haveControl ? clientcom.thundercomm.remotecontrolservice.RemoteControllerClient@530a9ab
04-04 04:46:56.474 D/RemoteControlService( 2421): Client have control
04-04 04:46:56.474 D/RemoteControlService( 2421): do Action called
04-04 04:46:56.475 I/RemoteControlService( 2421): injectKeyEvent: KeyEvent { action=ACTION_DOWN, keyCode=KEYCODE_DPAD_DOWN, scanCode=0, metaState=0, flags=0x0, repeatCount=0, eventTime=1069024, downTime=1069024, deviceId=-1, source=0x101, displayId=-1 }
04-04 04:46:56.484 I/RemoteControlService( 2421): injectKeyEvent: KeyEvent { action=ACTION_UP, keyCode=KEYCODE_DPAD_DOWN, scanCode=0, metaState=0, flags=0x0, repeatCount=0, eventTime=1069024, downTime=1069024, deviceId=-1, source=0x101, displayId=-1 }
04-04 04:46:56.488 D/RemoteControlService( 2421): Digest: 4B1D6ECAAB00EE681B0B30360F95CC05E41FDCDBBAC7777538443D38784CD8A6
04-04 04:46:56.489 D/RemoteControlService( 2421): Send data length: 117
04-04 04:46:56.489 D/RemoteControlService( 2421): Send message finished. direction: 32, messageType: 5, json: {"source":0,"token":"93kE8b8yEoa4BeV","type":"down","value":1}
04-04 04:46:56.491 D/RemoteControlService( 2421): RemoteKeyCommand ResponseSpeedTest - use time: 26
04-04 04:46:57.051 I/mpu_uart( 661): [MSG-P:RECV]:No message received in 1000 ms
04-04 04:46:57.119 W/swapper/3( 0): type=1400 audit(0.0:671): avc: denied { kill } for capability=5 scontext=u:r:kernel:s0 tcontext=u:r:kernel:s0 tclass=capability permissive=0
04-04 04:46:58.052 I/mpu_uart( 661): [MSG-P:RECV]:No message received in 1000 ms
04-04 04:46:58.119 W/dp_rx_thread_0( 2909): type=1400 audit(0.0:672): avc: denied { kill } for capability=5 scontext=u:r:kernel:s0 tcontext=u:r:kernel:s0 tclass=capability permissive=0
04-04 04:46:59.053 I/mpu_uart( 661): [MSG-P:RECV]:No message received in 1000 ms
04-04 04:46:59.105 I/hpplay-java( 2927): [main]:ServerTaskManager:restart by error
04-04 04:46:59.105 I/hpplay-java( 2927): [main]:ServerTaskManager:startServer
04-04 04:46:59.106 I/hpplay-java( 2927): [main]:ServerTaskManager:startServer add, reason: server is starting or running
04-04 04:46:59.106 I/hpplay-java( 2927): [main]:ServerTaskManager:addStopTask
04-04 04:46:59.107 I/hpplay-java( 2927): [main]:ServerTaskManager:addStartTask
04-04 04:46:59.107 I/hpplay-java( 2927): [main]:ServerTaskManager:exeTask stopServer
04-04 04:46:59.107 I/hpplay-java( 2927): [main]:Bridge:stopServer keepPush: false
04-04 04:46:59.108 D/hpplay-base( 2927): [jniBridge:909] Bridge__1stopServer status:2
04-04 04:46:59.112 D/hpplay-base( 2927): [LelinkBase:654] stopAllServer will start thread!
04-04 04:46:59.113 D/hpplay-base( 2927): [AEventUtils:588] handle AEvent thread end!!,tid is 6434
04-04 04:46:59.114 I/hpplay-base( 2927): [mDNSEmbeded:65] embedded_mDNSExit call
04-04 04:46:59.115 D/hpplay-base( 2927): [REventUtils:197] handleREventThread thread end!!,tid is 6435
04-04 04:46:59.119 W/swapper/3( 0): type=1400 audit(0.0:673): avc: denied { kill } for capability=5 scontext=u:r:kernel:s0 tcontext=u:r:kernel:s0 tclass=capability permissive=0
04-04 04:46:59.185 D/hpplay-base( 2927): [stream_mirror_compat:1284] mirror stream begin to exit,server fd:112,thread_id:3185332672!!
04-04 04:46:59.186 D/hpplay-base( 2927): [stream_mirror_compat:1323] ##screen stream exit successfully!!##
04-04 04:46:59.188 D/hpplay-base( 2927): [Server:447] startHttpServer will END srv->serverType:0
04-04 04:46:59.189 D/hpplay-base( 2927): [Server:646] startHttpServer cond srv_shutdown:1 connectNummber:0
04-04 04:46:59.189 D/hpplay-base( 2927): [Server:669] startHttpServer wait cond END. srv_shutdown:1 connectNummber:0
04-04 04:46:59.189 D/hpplay-base( 2927): [Server:457] HttpServer END, tid is 6413
04-04 04:46:59.393 I/mpu_uart( 661): [MSG-P:R]:recv sync frame timeout
04-04 04:46:59.515 D/RemoteControlService( 2421): heart beat timer called
04-04 04:46:59.529 D/RemoteControlService( 2421): getEvent: clientSocket = Socket[address=/192.168.4.4,port=44233,localPort=12600]
04-04 04:46:59.531 D/RemoteControlService( 2421): run: called
04-04 04:46:59.531 D/RemoteControlService( 2421): getEvent: start waiting...
04-04 04:46:59.532 E/RemoteControlService( 2421): Enter ListenSocketRunnable
04-04 04:46:59.534 D/RemoteControlService( 2421): After desEncrypt json is [{"source":1,"token":"93kE8b8yEoa4BeV"}]
04-04 04:46:59.534 D/RemoteControlService( 2421): buildRemoteCommand:type=7
04-04 04:46:59.535 D/RemoteControlService( 2421): Request params: BaseRequestCommandBean{source=1, token='93kE8b8yEoa4BeV', type='null', value='null'}
04-04 04:46:59.535 D/RemoteControlService( 2421): handleMessage called
04-04 04:46:59.535 D/RemoteControlService( 2421): Client have control
04-04 04:46:59.536 D/RemoteControlService( 2421): Digest: 1FEB5CCD44F14680B879A3877FC067DB3EC44C6F6DB0FDF873DD3EF022840912
04-04 04:46:59.537 D/RemoteControlService( 2421): Send data length: 117
04-04 04:46:59.537 D/RemoteControlService( 2421): Send message finished. direction: 32, messageType: 7, json: {"source":0,"token":"93kE8b8yEoa4BeV","type":"heart_beat","value":1}
04-04 04:46:59.541 D/RemoteControlService( 2421): HeartBeatCommand ResponseSpeedTest - use time: 12
04-04 04:46:59.550 D/RemoteControlService( 2421): getEvent: clientSocket = Socket[address=/192.168.4.4,port=52599,localPort=12600]
04-04 04:46:59.551 D/RemoteControlService( 2421): run: called
04-04 04:46:59.552 D/RemoteControlService( 2421): getEvent: start waiting...
04-04 04:46:59.552 E/RemoteControlService( 2421): Enter ListenSocketRunnable
04-04 04:46:59.553 D/RemoteControlService( 2421): After desEncrypt json is [{"source":1,"token":"93kE8b8yEoa4BeV"}]
04-04 04:46:59.554 D/RemoteControlService( 2421): buildRemoteCommand:type=23
04-04 04:46:59.554 D/RemoteControlService( 2421): Request params: BaseRequestCommandBean{source=1, token='93kE8b8yEoa4BeV', type='null', value='null'}
04-04 04:46:59.556 D/RemoteControlService( 2421): getEvent: clientSocket = Socket[address=/192.168.4.4,port=47623,localPort=12600]
04-04 04:46:59.556 D/RemoteControlService( 2421): run: called
04-04 04:46:59.556 D/RemoteControlService( 2421): getEvent: start waiting...
04-04 04:46:59.556 D/RemoteControlService( 2421): handleMessage called
04-04 04:46:59.557 D/RemoteControlService( 2421): Is not connect command
04-04 04:46:59.557 D/RemoteControlService( 2421): haveControl ? clientcom.thundercomm.remotecontrolservice.RemoteControllerClient@530a9ab
04-04 04:46:59.557 D/RemoteControlService( 2421): Client have control
04-04 04:46:59.557 E/RemoteControlService( 2421): Enter ListenSocketRunnable
04-04 04:46:59.558 D/RemoteControlService( 2421): After desEncrypt json is [{"source":1,"token":"93kE8b8yEoa4BeV"}]
04-04 04:46:59.558 D/RemoteControlService( 2421): buildRemoteCommand:type=37
04-04 04:46:59.558 D/RemoteControlService( 2421): Request params: BaseRequestCommandBean{source=1, token='93kE8b8yEoa4BeV', type='null', value='null'}
04-04 04:46:59.561 I/RemoteControlService( 2421): RemoteVolumeQueryCommand doAction send message: {"source":0,"token":"93kE8b8yEoa4BeV","type":"current_volume","value":[{"name":"music","value":18,"value_max":39},{"name":"alarm","value":4,"value_max":7},{"name":"ring","value":3,"value_max":7}]}
04-04 04:46:59.562 D/RemoteControlService( 2421): Digest: 7AC6D2B7B2CB3B2A24C8C9709D0B22968314586EE2F72ED3E5D0E98772AACEC1
04-04 04:46:59.562 D/RemoteControlService( 2421): Send data length: 245
04-04 04:46:59.563 D/RemoteControlService( 2421): Send message finished. direction: 32, messageType: 23, json: {"source":0,"token":"93kE8b8yEoa4BeV","type":"current_volume","value":[{"name":"music","value":18,"value_max":39},{"name":"alarm","value":4,"value_max":7},{"name":"ring","value":3,"value_max":7}]}
04-04 04:46:59.565 D/RemoteControlService( 2421): RemoteVolumeQueryCommand ResponseSpeedTest - use time: 15
04-04 04:46:59.565 D/RemoteControlService( 2421): handleMessage called
04-04 04:46:59.565 D/RemoteControlService( 2421): Is not connect command
04-04 04:46:59.565 D/RemoteControlService( 2421): haveControl ? clientcom.thundercomm.remotecontrolservice.RemoteControllerClient@530a9ab
04-04 04:46:59.565 D/RemoteControlService( 2421): Client have control
04-04 04:46:59.565 I/RemoteControlService( 2421): RemoteScreenStatusQueryCommand doAction send message: {"source":0,"token":"93kE8b8yEoa4BeV","type":"current_screen_status","value":"screen_on"}
04-04 04:46:59.565 D/RemoteControlService( 2421): Digest: B891C1EA8FC4518D1D5D69E7A7703F5FE1A3A21FA29F47AEE8FE22A6B99F1CF8
04-04 04:46:59.566 D/RemoteControlService( 2421): Send data length: 133
04-04 04:46:59.566 D/RemoteControlService( 2421): Send message finished. direction: 32, messageType: 37, json: {"source":0,"token":"93kE8b8yEoa4BeV","type":"current_screen_status","value":"screen_on"}
04-04 04:46:59.567 D/RemoteControlService( 2421): RemoteScreenStatusQueryCommand ResponseSpeedTest - use time: 11
04-04 04:46:59.570 I/hpplay-java( 2927): [AsyncTask #95]:IM_MessageClient:heartBeatReceived
04-04 04:46:59.571 I/hpplay-java( 2927): [AsyncTask #95]:IM_AbstractBlockingClient:updateHeartInterval unEqual interval,update heartBeat
04-04 04:46:59.953 I/hpplay-base( 2927): [mDNSEmbeded:140] embedded_mDNSLoop Exiting end,tid is 6431
04-04 04:46:59.954 D/hpplay-base( 2927): [mDNSEmbeded:452] stopmDNSServer end stopmDNSNow=2, nRet=0
04-04 04:47:00.031 D/KeyguardUpdateMonitor( 1986): received broadcast android.intent.action.TIME_TICK
04-04 04:47:00.038 D/KeyguardUpdateMonitor( 1986): handleTimeUpdate
04-04 04:47:00.053 I/mpu_uart( 661): [MSG-P:RECV]:No message received in 1000 ms
04-04 04:47:00.115 W/swapper/0( 0): type=1400 audit(0.0:674): avc: denied { kill } for capability=5 scontext=u:r:kernel:s0 tcontext=u:r:kernel:s0 tclass=capability permissive=0
04-04 04:47:00.176 I/hpplay-base( 2927): [mDNSEmbeded:376] end lelink publish server, tid is 6432
04-04 04:47:00.178 D/hpplay-base( 2927): [mDNSEmbeded:420] stopmLelinkServer end nRet=0
04-04 04:47:00.178 D/hpplay-base( 2927): [LelinkBase:615] lebodlna stopServerThreadFunc dlnaEnable:1
04-04 04:47:00.178 D/hpplay-base-dlna( 2927): [lebodlna_api:49] stop DMR
04-04 04:47:00.178 D/hpplay-base-dlna( 2927): [lebodlna_api:344] m_pRender Release
04-04 04:47:00.257 D/hpplay-base-dlna( 2927): [UpnpDefine:867] DMRender release success
04-04 04:47:00.257 D/hpplay-base-dlna( 2927): [lebodlna_api:352] m_pAVT Release
04-04 04:47:00.257 D/hpplay-base-dlna( 2927): [lebodlna_api:360] m_pRCS Release
04-04 04:47:00.257 D/hpplay-base-dlna( 2927): [lebodlna_api:365] dmrender destroydmr
04-04 04:47:00.558 D/hpplay-base-dlna( 2927): [lebodlna-dlna_android:186] stopDLNA
04-04 04:47:00.558 D/hpplay-base-dlna( 2927): [lebodlna-dlna_android:189] dlnaservice destroy
04-04 04:47:00.558 D/hpplay-base-dlna( 2927): [lebodlna-dlna_android:49] dlnaservice Destroy 49 int CDlnaService::Destroy()
04-04 04:47:00.558 D/hpplay-base-dlna( 2927): [lebodlna-dlnaframe:245] dlnaservice Destroy 245 static ERROR_TYPE IDlnaFrame::DestroyDlnaFrame(IDlnaFrame *)
04-04 04:47:00.558 D/hpplay-base-dlna( 2927): [lebodlna-dlnaframe:179] dlnaservice Destroy 179 virtual void CDlnaFrame::Release()
04-04 04:47:00.558 D/hpplay-base-dlna( 2927): [lebodlna-dlnaframe:190] dlnaservice Destroy 190 virtual void CDlnaFrame::Release()
04-04 04:47:00.558 D/hpplay-base-dlna( 2927): [lebodlna-dlnaframe:192] dlnaservice Destroy 192 virtual void CDlnaFrame::Release()
04-04 04:47:00.558 D/hpplay-base-dlna( 2927): [lebodlna-dlnaframe:247] dlnaservice Destroy 247 static ERROR_TYPE IDlnaFrame::DestroyDlnaFrame(IDlnaFrame *)
04-04 04:47:00.559 D/hpplay-base-dlna( 2927): [lebodlna-dlnaframe:251] dlnaservice Destroy 251 static ERROR_TYPE IDlnaFrame::DestroyDlnaFrame(IDlnaFrame *)
04-04 04:47:00.566 E/hpplay-base-dlna( 2927): upnpapi.c:655::before gminiserver ThreadPoolShutdown
04-04 04:47:00.566 E/hpplay-base-dlna( 2927): ThreadPool.c:1047::on ThreadPoolShutdown tp->totalThreads:3
04-04 04:47:00.566 E/hpplay-base-dlna( 2927): ThreadPool.c:1047::on ThreadPoolShutdown tp->totalThreads:2
04-04 04:47:00.567 E/hpplay-base-dlna( 2927): ThreadPool.c:1047::on ThreadPoolShutdown tp->totalThreads:1
04-04 04:47:00.568 E/hpplay-base-dlna( 2927): ThreadPool.c:1056::after ThreadPoolShutdown
04-04 04:47:00.568 E/hpplay-base-dlna( 2927): ThreadPool.c:1057::ThreadPoolShutdown tp->totalThreads:0
04-04 04:47:00.568 E/hpplay-base-dlna( 2927): upnpapi.c:657::after gminiserver ThreadPoolShutdown
04-04 04:47:00.568 E/hpplay-base-dlna( 2927): upnpapi.c:659::before grecv ThreadPoolShutdown
04-04 04:47:00.569 E/hpplay-base-dlna( 2927): ThreadPool.c:1047::on ThreadPoolShutdown tp->totalThreads:12
04-04 04:47:00.570 E/hpplay-base-dlna( 2927): ThreadPool.c:1047::on ThreadPoolShutdown tp->totalThreads:11
04-04 04:47:00.574 E/hpplay-base-dlna( 2927): ThreadPool.c:1056::after ThreadPoolShutdown
04-04 04:47:00.575 E/hpplay-base-dlna( 2927): ThreadPool.c:1057::ThreadPoolShutdown tp->totalThreads:0
04-04 04:47:00.575 E/hpplay-base-dlna( 2927): upnpapi.c:661::after grecv ThreadPoolShutdown
04-04 04:47:00.575 E/hpplay-base-dlna( 2927): upnpapi.c:663::before gsend ThreadPoolShutdown
04-04 04:47:00.575 E/hpplay-base-dlna( 2927): ThreadPool.c:1047::on ThreadPoolShutdown tp->totalThreads:3
04-04 04:47:00.575 E/hpplay-base-dlna( 2927): ThreadPool.c:1047::on ThreadPoolShutdown tp->totalThreads:2
04-04 04:47:00.576 E/hpplay-base-dlna( 2927): ThreadPool.c:1047::on ThreadPoolShutdown tp->totalThreads:1
04-04 04:47:00.577 E/hpplay-base-dlna( 2927): ThreadPool.c:1056::after ThreadPoolShutdown
04-04 04:47:00.577 E/hpplay-base-dlna( 2927): ThreadPool.c:1057::ThreadPoolShutdown tp->totalThreads:0
04-04 04:47:00.577 E/hpplay-base-dlna( 2927): upnpapi.c:665::after gsend ThreadPoolShutdown
04-04 04:47:00.577 D/hpplay-base-dlna( 2927): [lebodlna-dlnaframe:253] dlnaservice Destroy 253 static ERROR_TYPE IDlnaFrame::DestroyDlnaFrame(IDlnaFrame *)
04-04 04:47:00.577 D/hpplay-base-dlna( 2927): [lebodlna-dlna_android:51] dlnaservice Destroy 51 int CDlnaService::Destroy()
04-04 04:47:00.577 D/hpplay-base-dlna( 2927): [lebodlna-dlna_android:194] stopDLNA end
04-04 04:47:00.878 D/hpplay-base( 2927): [stream_mirror_compat:1489] request to stop screen stream session!!
04-04 04:47:00.878 D/hpplay-base( 2927): [AEventUtils:625] begin to stop event handle service!!
04-04 04:47:00.878 D/hpplay-base( 2927): [AEventUtils:628] stop event handle service ok!!
04-04 04:47:00.878 D/hpplay-base( 2927): [REventUtils:231] begin to stop report handle service!!
04-04 04:47:00.879 D/hpplay-base( 2927): [REventUtils:234] stop report handle service ok!!
04-04 04:47:00.879 D/hpplay-base( 2927): [lelinkSinkServer:711] HTTP Server stopSinkServer End .
04-04 04:47:00.879 D/hpplay-base( 2927): [jniBridge:1135] notifyJavaServerStoped
04-04 04:47:00.879 D/hpplay-base( 2927): [jniBridge:1726] notifyJava, what:202, castType:0, mimeType:0 baseStatus:4
04-04 04:47:00.879 D/hpplay-base( 2927): [jniBridge:1727] notifyJava sessionID:(null)
04-04 04:47:00.881 I/hpplay-java( 2927): [Thread-65]:Bridge:notify: what: 202
04-04 04:47:00.883 I/hpplay-java( 2927): [Thread-65]:Bridge:notify: out: OutParameters:{audioSessionId=-1, audiotrackIndex=0, castHandleType=-1, castType=0, deviceName='', dlnaName='', dramaID='', extra=0, frameHandleType=-1, handleInside=true, headduration=0, header='', headers=null, isAD=false, isMultiMirror=false, lelinkVer='', limitTime=0, , mediaAlbum='null', mediaAlbumArtURI='', mediaArtist='null', mediaAssets='', mediaTitle='null', mimeType=0, multiSession=null, period=0, pinCode='', playSpeed=0.0, playerChoice=0, plugin=0, port=0, position=0.0, positionUnit=2, protocol=0, realSessionID='', regType='', , sinkIp='', sourceAPPVersion='', sourceChannel='', sourceClientInfo='', sourceDeviceInfo='', sourceDeviceModel='', sourceDeviceName='', sourceDeviceType=0, sourceHID='', , sourceInfo='', , , sourceOSVersion='', sourceSDKVersion='', sourceUid='', stopDetail=0, stopReason=0, tailduration=0, url='', urlID='', urls=null, userAgent='', videoDecoder=0, volume=0, what=202}com.hpplay.sdk.sink.protocol.OutParameters@71dd6e5
04-04 04:47:00.883 I/hpplay-java( 2927): [Thread-65]:Bridge:notify: address:156005818
04-04 04:47:00.884 D/hpplay-base( 2927): [LelinkBase:645] stopServerThreadFunc notifyJavaServerStoped!
04-04 04:47:00.886 I/hpplay-java( 2927): [main]:ServerTaskManager:startTimeOutCheck
04-04 04:47:00.886 I/hpplay-java( 2927): [main]:ServerBusiness:stopDaemonBusiness
04-04 04:47:00.886 I/hpplay-java( 2927): [main]:SinkDataReport:logout
04-04 04:47:00.887 I/hpplay-java( 2927): [main]:EPControl:release
04-04 04:47:00.890 I/hpplay-java( 2927): [AsyncTask #98]:GlideCreator:clearCache clearDiskCache
04-04 04:47:00.895 I/hpplay-java( 2927): [main]:Dispatcher:notifyAllReverseControlsStop
04-04 04:47:00.895 I/hpplay-java( 2927): [main]:Preference:checkFeature none
04-04 04:47:00.895 I/hpplay-java( 2927): [main]:Dispatcher:notifyAllUIControlsStop set: []
04-04 04:47:00.895 I/hpplay-java( 2927): [main]:Upgrade:upgrade not be allowed
04-04 04:47:00.896 I/hpplay-java( 2927): [main]:Bridge:findServiceID start out: 156005818
04-04 04:47:00.896 I/hpplay-java( 2927): [main]:Bridge:findServiceID end
04-04 04:47:00.896 I/hpplay-java( 2927): [main]:ServerTaskManager:onStop retry:true
04-04 04:47:00.896 I/hpplay-java( 2927): [main]:ServerTaskManager:cancelTimeOutCheck
04-04 04:47:00.896 W/hpplay-java( 2927): NanoHTTPDServerRunnable:Communication with the client broken
04-04 04:47:00.896 W/hpplay-java( 2927): java.net.SocketException: Socket closed
04-04 04:47:00.896 W/hpplay-java( 2927): at java.net.PlainSocketImpl.socketAccept(PlainSocketImpl.java:213)
04-04 04:47:00.896 W/hpplay-java( 2927): at java.net.AbstractPlainSocketImpl.accept(AbstractPlainSocketImpl.java:451)
04-04 04:47:00.896 W/hpplay-java( 2927): at java.net.ServerSocket.implAccept(ServerSocket.java:547)
04-04 04:47:00.896 W/hpplay-java( 2927): at java.net.ServerSocket.accept(ServerSocket.java:515)
04-04 04:47:00.896 W/hpplay-java( 2927): at com.hpplay.nanohttpd.protocols.http.ServerRunnable.run(SourceFile:118)
04-04 04:47:00.896 W/hpplay-java( 2927): at java.lang.Thread.run(Thread.java:920)
04-04 04:47:00.896 I/hpplay-java( 2927): NanoHTTPDNanoHTTPD:server is stoped
04-04 04:47:00.896 I/hpplay-java( 2927): NanoHTTPDNanoHTTPD:clear obj
04-04 04:47:00.897 I/hpplay-java( 2927): [main]:IPManager:getActiveNets type: WIFI
04-04 04:47:00.897 I/hpplay-java( 2927): [main]:IPManager:getActiveNets eth0:false wifi:true mobile:false ap:false
04-04 04:47:00.897 I/hpplay-java( 2927): [main]:IPManager:getIPAddress IP_WLAN0
04-04 04:47:00.903 D/resolv ( 685): GetAddrInfoHandler::run: {100 262244 100 983140 10089 0}
04-04 04:47:00.903 D/resolv ( 685): resolv_getaddrinfo: explore_fqdn(): ai_family=0 ai_socktype=1 ai_protocol=6
04-04 04:47:00.905 D/resolv ( 685): doQuery: (1, 1)
04-04 04:47:00.906 D/resolv ( 685): res_nmkquery: (QUERY, IN, A)
04-04 04:47:00.906 D/resolv ( 685): res_nsend
04-04 04:47:00.906 I/resolv ( 685): resolv_cache_lookup: lookup
04-04 04:47:00.906 I/resolv ( 685): resolv_cache_lookup: FOUND IN CACHE entry=0xb4000072e7e5ca80
04-04 04:47:00.906 D/resolv ( 685): doQuery: rcode=0, ancount=1
04-04 04:47:00.907 I/ResolverController( 685): No valid NAT64 prefix (100, /0)
04-04 04:47:00.911 I/hpplay-java( 2927): [main]:IPManager:updateIPAddress getIPAddress: 192.168.4.16 name:vlan4
04-04 04:47:00.911 I/hpplay-java( 2927): [main]:IPManager:updateIPAddress getIPAddress: 10.3.110.159 name:wlan0
04-04 04:47:00.911 I/hpplay-java( 2927): [main]:IPManager:updateIPAddress getIPAddress: 192.168.8.16 name:vlan8
04-04 04:47:00.911 I/hpplay-java( 2927): [main]:IPManager:updateIPAddress getIPAddress: 192.168.11.16 name:vlan11
04-04 04:47:00.912 I/hpplay-java( 2927): [main]:IPManager:updateIPAddress getIPAddress: 192.168.0.16 name:vlan0
04-04 04:47:00.912 I/hpplay-java( 2927): [main]:IPManager:updateIPAddress getIPAddress: 192.168.2.16 name:vlan2
04-04 04:47:00.912 I/hpplay-java( 2927): [main]:IPManager:updateIPAddress getIPAddress: 192.168.1.16 name:vlan1
