04-04 04:47:57.003 E/DisplayDeviceConfig( 1145): requesting nits when no mapping exists.
04-04 04:47:57.019 E/DisplayDeviceConfig( 1145): requesting nits when no mapping exists.
04-04 04:47:57.020 E/DisplayDeviceConfig( 1145): requesting nits when no mapping exists.
04-04 04:47:57.036 E/DisplayDeviceConfig( 1145): requesting nits when no mapping exists.
04-04 04:47:57.036 E/DisplayDeviceConfig( 1145): requesting nits when no mapping exists.
04-04 04:47:57.053 E/DisplayDeviceConfig( 1145): requesting nits when no mapping exists.
04-04 04:47:57.053 E/DisplayDeviceConfig( 1145): requesting nits when no mapping exists.
04-04 04:47:57.069 E/DisplayDeviceConfig( 1145): requesting nits when no mapping exists.
04-04 04:47:57.070 E/DisplayDeviceConfig( 1145): requesting nits when no mapping exists.
04-04 04:47:57.082 I/mpu_uart( 661): [MSG-P:RECV]:No message received in 1000 ms
04-04 04:47:57.086 E/DisplayDeviceConfig( 1145): requesting nits when no mapping exists.
04-04 04:47:57.086 E/DisplayDeviceConfig( 1145): requesting nits when no mapping exists.
04-04 04:47:57.103 E/DisplayDeviceConfig( 1145): requesting nits when no mapping exists.
04-04 04:47:57.103 E/DisplayDeviceConfig( 1145): requesting nits when no mapping exists.
04-04 04:47:57.120 E/DisplayDeviceConfig( 1145): requesting nits when no mapping exists.
04-04 04:47:57.120 E/DisplayDeviceConfig( 1145): requesting nits when no mapping exists.
04-04 04:47:57.136 E/DisplayDeviceConfig( 1145): requesting nits when no mapping exists.
04-04 04:47:57.136 E/DisplayDeviceConfig( 1145): requesting nits when no mapping exists.
04-04 04:47:57.119 W/swapper/2( 0): type=1400 audit(0.0:761): avc: denied { kill } for capability=5 scontext=u:r:kernel:s0 tcontext=u:r:kernel:s0 tclass=capability permissive=0
04-04 04:47:57.153 E/DisplayDeviceConfig( 1145): requesting nits when no mapping exists.
04-04 04:47:57.153 E/DisplayDeviceConfig( 1145): requesting nits when no mapping exists.
04-04 04:47:57.164 I/hpplay-java( 2927): [AsyncTask #93]:HttpRequest:doGet responseCode:200 0
04-04 04:47:57.170 E/DisplayDeviceConfig( 1145): requesting nits when no mapping exists.
04-04 04:47:57.170 E/DisplayDeviceConfig( 1145): requesting nits when no mapping exists.
04-04 04:47:57.186 E/DisplayDeviceConfig( 1145): requesting nits when no mapping exists.
04-04 04:47:57.187 E/DisplayDeviceConfig( 1145): requesting nits when no mapping exists.
04-04 04:47:57.203 E/DisplayDeviceConfig( 1145): requesting nits when no mapping exists.
04-04 04:47:57.203 E/DisplayDeviceConfig( 1145): requesting nits when no mapping exists.
04-04 04:47:57.220 E/DisplayDeviceConfig( 1145): requesting nits when no mapping exists.
04-04 04:47:57.220 E/DisplayDeviceConfig( 1145): requesting nits when no mapping exists.
04-04 04:47:57.237 E/DisplayDeviceConfig( 1145): requesting nits when no mapping exists.
04-04 04:47:57.237 E/DisplayDeviceConfig( 1145): requesting nits when no mapping exists.
04-04 04:47:57.253 E/DisplayDeviceConfig( 1145): requesting nits when no mapping exists.
04-04 04:47:57.253 E/DisplayDeviceConfig( 1145): requesting nits when no mapping exists.
04-04 04:47:57.270 E/DisplayDeviceConfig( 1145): requesting nits when no mapping exists.
04-04 04:47:57.270 E/DisplayDeviceConfig( 1145): requesting nits when no mapping exists.
04-04 04:47:57.287 E/DisplayDeviceConfig( 1145): requesting nits when no mapping exists.
04-04 04:47:57.287 E/DisplayDeviceConfig( 1145): requesting nits when no mapping exists.
04-04 04:47:57.303 E/DisplayDeviceConfig( 1145): requesting nits when no mapping exists.
04-04 04:47:57.304 E/DisplayDeviceConfig( 1145): requesting nits when no mapping exists.
04-04 04:47:57.320 E/DisplayDeviceConfig( 1145): requesting nits when no mapping exists.
04-04 04:47:57.320 E/DisplayDeviceConfig( 1145): requesting nits when no mapping exists.
04-04 04:47:57.337 E/DisplayDeviceConfig( 1145): requesting nits when no mapping exists.
04-04 04:47:57.337 E/DisplayDeviceConfig( 1145): requesting nits when no mapping exists.
04-04 04:47:57.353 E/DisplayDeviceConfig( 1145): requesting nits when no mapping exists.
04-04 04:47:57.354 E/DisplayDeviceConfig( 1145): requesting nits when no mapping exists.
04-04 04:47:57.370 E/DisplayDeviceConfig( 1145): requesting nits when no mapping exists.
04-04 04:47:57.371 E/DisplayDeviceConfig( 1145): requesting nits when no mapping exists.
04-04 04:47:57.387 E/DisplayDeviceConfig( 1145): requesting nits when no mapping exists.
04-04 04:47:57.387 E/DisplayDeviceConfig( 1145): requesting nits when no mapping exists.
04-04 04:47:57.404 E/DisplayDeviceConfig( 1145): requesting nits when no mapping exists.
04-04 04:47:57.404 E/DisplayDeviceConfig( 1145): requesting nits when no mapping exists.
04-04 04:47:57.420 E/DisplayDeviceConfig( 1145): requesting nits when no mapping exists.
04-04 04:47:57.420 E/DisplayDeviceConfig( 1145): requesting nits when no mapping exists.
04-04 04:47:57.437 E/DisplayDeviceConfig( 1145): requesting nits when no mapping exists.
04-04 04:47:57.437 E/DisplayDeviceConfig( 1145): requesting nits when no mapping exists.
04-04 04:47:57.454 E/DisplayDeviceConfig( 1145): requesting nits when no mapping exists.
04-04 04:47:57.454 E/DisplayDeviceConfig( 1145): requesting nits when no mapping exists.
04-04 04:47:57.471 E/DisplayDeviceConfig( 1145): requesting nits when no mapping exists.
04-04 04:47:57.471 E/DisplayDeviceConfig( 1145): requesting nits when no mapping exists.
04-04 04:47:57.487 E/DisplayDeviceConfig( 1145): requesting nits when no mapping exists.
04-04 04:47:57.487 E/DisplayDeviceConfig( 1145): requesting nits when no mapping exists.
04-04 04:47:57.504 E/DisplayDeviceConfig( 1145): requesting nits when no mapping exists.
04-04 04:47:57.504 E/DisplayDeviceConfig( 1145): requesting nits when no mapping exists.
04-04 04:47:57.521 E/DisplayDeviceConfig( 1145): requesting nits when no mapping exists.
04-04 04:47:57.521 E/DisplayDeviceConfig( 1145): requesting nits when no mapping exists.
04-04 04:47:57.537 E/DisplayDeviceConfig( 1145): requesting nits when no mapping exists.
04-04 04:47:57.537 E/DisplayDeviceConfig( 1145): requesting nits when no mapping exists.
04-04 04:47:57.554 E/DisplayDeviceConfig( 1145): requesting nits when no mapping exists.
04-04 04:47:57.554 E/DisplayDeviceConfig( 1145): requesting nits when no mapping exists.
04-04 04:47:58.082 I/mpu_uart( 661): [MSG-P:RECV]:No message received in 1000 ms
04-04 04:47:58.119 W/swapper/2( 0): type=1400 audit(0.0:762): avc: denied { kill } for capability=5 scontext=u:r:kernel:s0 tcontext=u:r:kernel:s0 tclass=capability permissive=0
04-04 04:47:59.083 I/mpu_uart( 661): [MSG-P:RECV]:No message received in 1000 ms
04-04 04:47:59.119 W/swapper/2( 0): type=1400 audit(0.0:763): avc: denied { kill } for capability=5 scontext=u:r:kernel:s0 tcontext=u:r:kernel:s0 tclass=capability permissive=0
04-04 04:47:59.460 I/mpu_uart( 661): [MSG-P:R]:recv sync frame timeout
04-04 04:47:59.606 I/hpplay-java( 2927): [main]:ServerTaskManager:restart by error
04-04 04:47:59.606 I/hpplay-java( 2927): [main]:ServerTaskManager:startServer
04-04 04:47:59.606 I/hpplay-java( 2927): [main]:ServerTaskManager:startServer add, reason: server is starting or running
04-04 04:47:59.607 I/hpplay-java( 2927): [main]:ServerTaskManager:addStopTask
04-04 04:47:59.607 I/hpplay-java( 2927): [main]:ServerTaskManager:addStartTask
04-04 04:47:59.607 I/hpplay-java( 2927): [main]:ServerTaskManager:exeTask stopServer
04-04 04:47:59.607 I/hpplay-java( 2927): [main]:Bridge:stopServer keepPush: false
04-04 04:47:59.607 D/hpplay-base( 2927): [jniBridge:909] Bridge__1stopServer status:2
04-04 04:47:59.610 D/hpplay-base( 2927): [LelinkBase:654] stopAllServer will start thread!
04-04 04:47:59.614 D/hpplay-base( 2927): [AEventUtils:588] handle AEvent thread end!!,tid is 6868
04-04 04:47:59.614 I/hpplay-base( 2927): [mDNSEmbeded:65] embedded_mDNSExit call
04-04 04:47:59.615 D/hpplay-base( 2927): [REventUtils:197] handleREventThread thread end!!,tid is 6869
04-04 04:47:59.654 D/hpplay-base( 2927): [stream_mirror_compat:1284] mirror stream begin to exit,server fd:128,thread_id:3175793088!!
04-04 04:47:59.654 D/hpplay-base( 2927): [stream_mirror_compat:1323] ##screen stream exit successfully!!##
04-04 04:47:59.728 D/hpplay-base( 2927): [Server:447] startHttpServer will END srv->serverType:0
04-04 04:47:59.728 D/hpplay-base( 2927): [Server:646] startHttpServer cond srv_shutdown:1 connectNummber:0
04-04 04:47:59.729 D/hpplay-base( 2927): [Server:669] startHttpServer wait cond END. srv_shutdown:1 connectNummber:0
04-04 04:47:59.729 D/hpplay-base( 2927): [Server:457] HttpServer END, tid is 6845
04-04 04:48:00.007 D/KeyguardUpdateMonitor( 1986): received broadcast android.intent.action.TIME_TICK
04-04 04:48:00.015 D/KeyguardUpdateMonitor( 1986): handleTimeUpdate
04-04 04:48:00.084 I/mpu_uart( 661): [MSG-P:RECV]:No message received in 1000 ms
04-04 04:48:00.092 I/hpplay-base( 2927): [mDNSEmbeded:140] embedded_mDNSLoop Exiting end,tid is 6865
04-04 04:48:00.093 D/hpplay-base( 2927): [mDNSEmbeded:452] stopmDNSServer end stopmDNSNow=2, nRet=0
04-04 04:48:00.119 W/swapper/2( 0): type=1400 audit(0.0:764): avc: denied { kill } for capability=5 scontext=u:r:kernel:s0 tcontext=u:r:kernel:s0 tclass=capability permissive=0
04-04 04:48:00.316 I/hpplay-base( 2927): [mDNSEmbeded:376] end lelink publish server, tid is 6866
04-04 04:48:00.318 D/hpplay-base( 2927): [mDNSEmbeded:420] stopmLelinkServer end nRet=0
04-04 04:48:00.318 D/hpplay-base( 2927): [LelinkBase:615] lebodlna stopServerThreadFunc dlnaEnable:1
04-04 04:48:00.318 D/hpplay-base-dlna( 2927): [lebodlna_api:49] stop DMR
04-04 04:48:00.318 D/hpplay-base-dlna( 2927): [lebodlna_api:344] m_pRender Release
04-04 04:48:00.398 D/hpplay-base-dlna( 2927): [UpnpDefine:867] DMRender release success
04-04 04:48:00.398 D/hpplay-base-dlna( 2927): [lebodlna_api:352] m_pAVT Release
04-04 04:48:00.398 D/hpplay-base-dlna( 2927): [lebodlna_api:360] m_pRCS Release
04-04 04:48:00.398 D/hpplay-base-dlna( 2927): [lebodlna_api:365] dmrender destroydmr
04-04 04:48:00.699 D/hpplay-base-dlna( 2927): [lebodlna-dlna_android:186] stopDLNA
04-04 04:48:00.699 D/hpplay-base-dlna( 2927): [lebodlna-dlna_android:189] dlnaservice destroy
04-04 04:48:00.699 D/hpplay-base-dlna( 2927): [lebodlna-dlna_android:49] dlnaservice Destroy 49 int CDlnaService::Destroy()
04-04 04:48:00.699 D/hpplay-base-dlna( 2927): [lebodlna-dlnaframe:245] dlnaservice Destroy 245 static ERROR_TYPE IDlnaFrame::DestroyDlnaFrame(IDlnaFrame *)
04-04 04:48:00.699 D/hpplay-base-dlna( 2927): [lebodlna-dlnaframe:179] dlnaservice Destroy 179 virtual void CDlnaFrame::Release()
04-04 04:48:00.699 D/hpplay-base-dlna( 2927): [lebodlna-dlnaframe:190] dlnaservice Destroy 190 virtual void CDlnaFrame::Release()
04-04 04:48:00.699 D/hpplay-base-dlna( 2927): [lebodlna-dlnaframe:192] dlnaservice Destroy 192 virtual void CDlnaFrame::Release()
04-04 04:48:00.700 D/hpplay-base-dlna( 2927): [lebodlna-dlnaframe:247] dlnaservice Destroy 247 static ERROR_TYPE IDlnaFrame::DestroyDlnaFrame(IDlnaFrame *)
04-04 04:48:00.700 D/hpplay-base-dlna( 2927): [lebodlna-dlnaframe:251] dlnaservice Destroy 251 static ERROR_TYPE IDlnaFrame::DestroyDlnaFrame(IDlnaFrame *)
04-04 04:48:00.708 E/hpplay-base-dlna( 2927): upnpapi.c:655::before gminiserver ThreadPoolShutdown
04-04 04:48:00.708 E/hpplay-base-dlna( 2927): ThreadPool.c:1047::on ThreadPoolShutdown tp->totalThreads:3
04-04 04:48:00.709 E/hpplay-base-dlna( 2927): ThreadPool.c:1047::on ThreadPoolShutdown tp->totalThreads:2
04-04 04:48:00.709 E/hpplay-base-dlna( 2927): ThreadPool.c:1056::after ThreadPoolShutdown
04-04 04:48:00.709 E/hpplay-base-dlna( 2927): ThreadPool.c:1057::ThreadPoolShutdown tp->totalThreads:0
04-04 04:48:00.709 E/hpplay-base-dlna( 2927): upnpapi.c:657::after gminiserver ThreadPoolShutdown
04-04 04:48:00.710 E/hpplay-base-dlna( 2927): upnpapi.c:659::before grecv ThreadPoolShutdown
04-04 04:48:00.711 E/hpplay-base-dlna( 2927): ThreadPool.c:1047::on ThreadPoolShutdown tp->totalThreads:12
04-04 04:48:00.711 E/hpplay-base-dlna( 2927): ThreadPool.c:1047::on ThreadPoolShutdown tp->totalThreads:10
04-04 04:48:00.712 E/hpplay-base-dlna( 2927): ThreadPool.c:1047::on ThreadPoolShutdown tp->totalThreads:9
04-04 04:48:00.712 E/hpplay-base-dlna( 2927): ThreadPool.c:1047::on ThreadPoolShutdown tp->totalThreads:8
04-04 04:48:00.712 E/hpplay-base-dlna( 2927): ThreadPool.c:1047::on ThreadPoolShutdown tp->totalThreads:7
04-04 04:48:00.712 E/hpplay-base-dlna( 2927): ThreadPool.c:1047::on ThreadPoolShutdown tp->totalThreads:6
04-04 04:48:00.713 E/hpplay-base-dlna( 2927): ThreadPool.c:1047::on ThreadPoolShutdown tp->totalThreads:5
04-04 04:48:00.714 E/hpplay-base-dlna( 2927): ThreadPool.c:1047::on ThreadPoolShutdown tp->totalThreads:1
04-04 04:48:00.715 E/hpplay-base-dlna( 2927): ThreadPool.c:1056::after ThreadPoolShutdown
04-04 04:48:00.716 E/hpplay-base-dlna( 2927): ThreadPool.c:1057::ThreadPoolShutdown tp->totalThreads:0
04-04 04:48:00.716 E/hpplay-base-dlna( 2927): upnpapi.c:661::after grecv ThreadPoolShutdown
04-04 04:48:00.716 E/hpplay-base-dlna( 2927): upnpapi.c:663::before gsend ThreadPoolShutdown
04-04 04:48:00.716 E/hpplay-base-dlna( 2927): ThreadPool.c:1047::on ThreadPoolShutdown tp->totalThreads:3
04-04 04:48:00.717 E/hpplay-base-dlna( 2927): ThreadPool.c:1047::on ThreadPoolShutdown tp->totalThreads:1
04-04 04:48:00.717 E/hpplay-base-dlna( 2927): ThreadPool.c:1056::after ThreadPoolShutdown
04-04 04:48:00.717 E/hpplay-base-dlna( 2927): ThreadPool.c:1057::ThreadPoolShutdown tp->totalThreads:0
04-04 04:48:00.718 E/hpplay-base-dlna( 2927): upnpapi.c:665::after gsend ThreadPoolShutdown
04-04 04:48:00.718 D/hpplay-base-dlna( 2927): [lebodlna-dlnaframe:253] dlnaservice Destroy 253 static ERROR_TYPE IDlnaFrame::DestroyDlnaFrame(IDlnaFrame *)
04-04 04:48:00.718 D/hpplay-base-dlna( 2927): [lebodlna-dlna_android:51] dlnaservice Destroy 51 int CDlnaService::Destroy()
04-04 04:48:00.718 D/hpplay-base-dlna( 2927): [lebodlna-dlna_android:194] stopDLNA end
04-04 04:48:01.018 D/hpplay-base( 2927): [stream_mirror_compat:1489] request to stop screen stream session!!
04-04 04:48:01.018 D/hpplay-base( 2927): [AEventUtils:625] begin to stop event handle service!!
04-04 04:48:01.019 D/hpplay-base( 2927): [AEventUtils:628] stop event handle service ok!!
04-04 04:48:01.019 D/hpplay-base( 2927): [REventUtils:231] begin to stop report handle service!!
04-04 04:48:01.019 D/hpplay-base( 2927): [REventUtils:234] stop report handle service ok!!
04-04 04:48:01.019 D/hpplay-base( 2927): [lelinkSinkServer:711] HTTP Server stopSinkServer End .
04-04 04:48:01.019 D/hpplay-base( 2927): [jniBridge:1135] notifyJavaServerStoped
04-04 04:48:01.019 D/hpplay-base( 2927): [jniBridge:1726] notifyJava, what:202, castType:0, mimeType:0 baseStatus:4
04-04 04:48:01.019 D/hpplay-base( 2927): [jniBridge:1727] notifyJava sessionID:(null)
04-04 04:48:01.020 I/hpplay-java( 2927): [Thread-109]:Bridge:notify: what: 202
04-04 04:48:01.022 I/hpplay-java( 2927): [Thread-109]:Bridge:notify: out: OutParameters:{audioSessionId=-1, audiotrackIndex=0, castHandleType=-1, castType=0, deviceName='', dlnaName='', dramaID='', extra=0, frameHandleType=-1, handleInside=true, headduration=0, header='', headers=null, isAD=false, isMultiMirror=false, lelinkVer='', limitTime=0, , mediaAlbum='null', mediaAlbumArtURI='', mediaArtist='null', mediaAssets='', mediaTitle='null', mimeType=0, multiSession=null, period=0, pinCode='', playSpeed=0.0, playerChoice=0, plugin=0, port=0, position=0.0, positionUnit=2, protocol=0, realSessionID='', regType='', , sinkIp='', sourceAPPVersion='', sourceChannel='', sourceClientInfo='', sourceDeviceInfo='', sourceDeviceModel='', sourceDeviceName='', sourceDeviceType=0, sourceHID='', , sourceInfo='', , , sourceOSVersion='', sourceSDKVersion='', sourceUid='', stopDetail=0, stopReason=0, tailduration=0, url='', urlID='', urls=null, userAgent='', videoDecoder=0, volume=0, what=202}com.hpplay.sdk.sink.protocol.OutParameters@75739a7
04-04 04:48:01.022 I/hpplay-java( 2927): [Thread-109]:Bridge:notify: address:31366740
04-04 04:48:01.022 D/hpplay-base( 2927): [LelinkBase:645] stopServerThreadFunc notifyJavaServerStoped!
04-04 04:48:01.023 I/hpplay-java( 2927): [main]:ServerTaskManager:startTimeOutCheck
04-04 04:48:01.023 I/hpplay-java( 2927): [main]:ServerBusiness:stopDaemonBusiness
04-04 04:48:01.023 I/hpplay-java( 2927): [main]:SinkDataReport:logout
04-04 04:48:01.024 I/hpplay-java( 2927): [main]:EPControl:release
04-04 04:48:01.028 I/hpplay-java( 2927): [main]:Dispatcher:notifyAllReverseControlsStop
04-04 04:48:01.029 I/hpplay-java( 2927): [main]:Preference:checkFeature none
04-04 04:48:01.029 I/hpplay-java( 2927): [main]:Dispatcher:notifyAllUIControlsStop set: []
04-04 04:48:01.029 I/hpplay-java( 2927): [AsyncTask #81]:GlideCreator:clearCache clearDiskCache
04-04 04:48:01.029 I/hpplay-java( 2927): [main]:Upgrade:upgrade not be allowed
04-04 04:48:01.029 I/hpplay-java( 2927): [main]:Bridge:findServiceID start out: 31366740
04-04 04:48:01.029 I/hpplay-java( 2927): [main]:Bridge:findServiceID end
04-04 04:48:01.029 I/hpplay-java( 2927): [main]:ServerTaskManager:onStop retry:true
04-04 04:48:01.029 I/hpplay-java( 2927): [main]:ServerTaskManager:cancelTimeOutCheck
04-04 04:48:01.030 W/hpplay-java( 2927): NanoHTTPDServerRunnable:Communication with the client broken
04-04 04:48:01.030 W/hpplay-java( 2927): java.net.SocketException: Socket closed
04-04 04:48:01.030 W/hpplay-java( 2927): at java.net.PlainSocketImpl.socketAccept(PlainSocketImpl.java:213)
04-04 04:48:01.030 W/hpplay-java( 2927): at java.net.AbstractPlainSocketImpl.accept(AbstractPlainSocketImpl.java:451)
04-04 04:48:01.030 W/hpplay-java( 2927): at java.net.ServerSocket.implAccept(ServerSocket.java:547)
04-04 04:48:01.030 W/hpplay-java( 2927): at java.net.ServerSocket.accept(ServerSocket.java:515)
04-04 04:48:01.030 W/hpplay-java( 2927): at com.hpplay.nanohttpd.protocols.http.ServerRunnable.run(SourceFile:118)
04-04 04:48:01.030 W/hpplay-java( 2927): at java.lang.Thread.run(Thread.java:920)
04-04 04:48:01.030 I/hpplay-java( 2927): NanoHTTPDNanoHTTPD:server is stoped
04-04 04:48:01.030 I/hpplay-java( 2927): NanoHTTPDNanoHTTPD:clear obj
04-04 04:48:01.031 I/hpplay-java( 2927): [main]:IPManager:getActiveNets type: WIFI
04-04 04:48:01.031 I/hpplay-java( 2927): [main]:IPManager:getActiveNets eth0:false wifi:true mobile:false ap:false
04-04 04:48:01.031 I/hpplay-java( 2927): [main]:IPManager:getIPAddress IP_WLAN0
04-04 04:48:01.036 D/resolv ( 685): GetAddrInfoHandler::run: {100 262244 100 983140 10089 0}
04-04 04:48:01.036 D/resolv ( 685): resolv_getaddrinfo: explore_fqdn(): ai_family=0 ai_socktype=1 ai_protocol=6
04-04 04:48:01.038 D/resolv ( 685): doQuery: (1, 1)
04-04 04:48:01.038 D/resolv ( 685): res_nmkquery: (QUERY, IN, A)
04-04 04:48:01.038 D/resolv ( 685): res_nsend
04-04 04:48:01.038 I/resolv ( 685): resolv_cache_lookup: lookup
04-04 04:48:01.038 I/resolv ( 685): resolv_cache_lookup: FOUND IN CACHE entry=0xb4000072e7e5ca80
04-04 04:48:01.039 D/resolv ( 685): doQuery: rcode=0, ancount=1
04-04 04:48:01.039 I/ResolverController( 685): No valid NAT64 prefix (100, /0)
04-04 04:48:01.045 I/hpplay-java( 2927): [main]:IPManager:updateIPAddress getIPAddress: 192.168.4.16 name:vlan4
04-04 04:48:01.046 I/hpplay-java( 2927): [main]:IPManager:updateIPAddress getIPAddress: 10.3.110.159 name:wlan0
04-04 04:48:01.046 I/hpplay-java( 2927): [main]:IPManager:updateIPAddress getIPAddress: 192.168.8.16 name:vlan8
04-04 04:48:01.046 I/hpplay-java( 2927): [main]:IPManager:updateIPAddress getIPAddress: 192.168.11.16 name:vlan11
04-04 04:48:01.046 I/hpplay-java( 2927): [main]:IPManager:updateIPAddress getIPAddress: 192.168.0.16 name:vlan0
04-04 04:48:01.046 I/hpplay-java( 2927): [main]:IPManager:updateIPAddress getIPAddress: 192.168.2.16 name:vlan2
04-04 04:48:01.046 I/hpplay-java( 2927): [main]:IPManager:updateIPAddress getIPAddress: 192.168.1.16 name:vlan1
04-04 04:48:01.047 I/hpplay-java( 2927): [main]:ServerTaskManager:exeTask startServer
04-04 04:48:01.047 I/hpplay-java( 2927): [main]:ServerTaskManager:startTimeOutCheck
04-04 04:48:01.047 I/hpplay-java( 2927): [AsyncTask #79]:ServerBusiness:startDaemonBusiness
04-04 04:48:01.047 I/hpplay-java( 2927): [AsyncTask #79]:TimeOutCheckUtil:addTask id:upgrade
04-04 04:48:01.047 I/hpplay-java( 2927): [AsyncTask #79]:TimeOutCheckUtil:addTask id:ijkupgrade
04-04 04:48:01.049 I/hpplay-java( 2927): [AsyncTask #88]:Bridge:assembleInParameters
04-04 04:48:01.050 I/hpplay-java( 2927): [AsyncTask #88]:Bridge:createDeviceId deviceId:Nzg6MDA6NTk6NDA6MGQ6ZDM=
04-04 04:48:01.050 I/hpplay-java( 2927): NanoHTTPDNanoHTTPD:server is started
04-04 04:48:01.051 I/hpplay-java( 2927): [AsyncTask #88]:IPManager:getActiveNets type: WIFI
04-04 04:48:01.051 I/hpplay-java( 2927): [AsyncTask #88]:IPManager:getActiveNets eth0:false wifi:true mobile:false ap:false
04-04 04:48:01.051 I/hpplay-java( 2927): [AsyncTask #88]:IPManager:getIPAddress IP_WLAN0
04-04 04:48:01.051 I/hpplay-java( 2927): [AsyncTask #88]:Preference:checkFeature none
04-04 04:48:01.051 I/hpplay-java( 2927): [AsyncTask #88]:SWI:dlna tip
04-04 04:48:01.051 I/hpplay-java( 2927): [AsyncTask #88]:SWI:lefp tip
04-04 04:48:01.051 I/hpplay-java( 2927): [AsyncTask #88]:Bridge:assembleInParameters none alias name use device name: 高合娱乐副屏
04-04 04:48:01.051 I/hpplay-java( 2927): [AsyncTask #88]:Feature:isSendAdvertisement
04-04 04:48:01.051 I/hpplay-java( 2927): [AsyncTask #88]:Preference:checkFeature none
04-04 04:48:01.052 I/hpplay-java( 2927): [AsyncTask #88]:Preference:checkFeature none
04-04 04:48:01.052 I/hpplay-java( 2927): [AsyncTask #88]:Bridge:backupHpplayDat bakPath:
04-04 04:48:01.052 I/hpplay-java( 2927): [AsyncTask #88]:Bridge:path:/data/user/0/com.hht.lebocast/files/hpplay/file/happyplay.dat
04-04 04:48:01.052 I/hpplay-java( 2927): [AsyncTask #88]:Bridge:mAppId:21409
04-04 04:48:01.052 I/hpplay-java( 2927): [AsyncTask #88]:Bridge:mode:3
04-04 04:48:01.052 I/hpplay-java( 2927): [AsyncTask #88]:Bridge:type:1
04-04 04:48:01.052 I/hpplay-java( 2927): [AsyncTask #88]:Bridge:SN:
04-04 04:48:01.052 I/hpplay-java( 2927): [AsyncTask #88]:Preference:checkFeature none
04-04 04:48:01.052 I/hpplay-java( 2927): [AsyncTask #88]:Bridge:backPath:
04-04 04:48:01.053 I/hpplay-java( 2927): [AsyncTask #88]:DeviceUtil:getPermissionDid: 1
04-04 04:48:01.053 I/hpplay-java( 2927): [AsyncTask #88]:DeviceUtil:getPermissionDid: 1
04-04 04:48:01.053 I/hpplay-java( 2927): [AsyncTask #88]:Preference:checkFeature none
04-04 04:48:01.053 I/hpplay-java( 2927): [AsyncTask #88]:Preference:checkFeature none
04-04 04:48:01.053 I/hpplay-java( 2927): [AsyncTask #88]:Preference:checkFeature none
04-04 04:48:01.053 I/hpplay-java( 2927): [AsyncTask #88]:Preference:checkFeature none
04-04 04:48:01.053 I/hpplay-java( 2927): [AsyncTask #88]:Preference:checkFeature none
04-04 04:48:01.059 W/hpplay-java( 2927): [AsyncTask #79]:ServerBusiness:startDaemonBusiness start LelinkHTTPD sucess 52288
04-04 04:48:01.061 I/hpplay-java( 2927): [main]:ServerBusiness:get deviceCode:2457154028
04-04 04:48:01.083 D/ActivityTrigger( 1145): ActivityTrigger activityPauseTrigger
04-04 04:48:01.084 W/hpplay-java( 2927): [AsyncTask #88]:DeviceUtils:getDomain create lb domain
04-04 04:48:01.084 I/mpu_uart( 661): [MSG-P:RECV]:No message received in 1000 ms
04-04 04:48:01.085 I/hpplay-java( 2927): [AsyncTask #88]:Feature:getMirrorAudioVideoSync DISABLE
04-04 04:48:01.085 I/hpplay-java( 2927): [AsyncTask #88]:Feature:checkSupportRedirectOtherApp,no set redirect api
04-04 04:48:01.085 I/hpplay-java( 2927): [AsyncTask #88]:Feature:getRedirectSearchFlag,value: 0
04-04 04:48:01.087 I/hpplay-java( 2927): [AsyncTask #88]:Bridge:mIn: InParameters{appInfo='0', appKey='21409', authMode=0, authPwd='null', broadcastDirection=0, broadcastState=1, broadcastTimeout=3, buildType='release', cacheAVPath='/data/user/0/com.hht.lebocast/cache/hpplay/av', cachePhotoPath='/data/user/0/com.hht.lebocast/cache/hpplay/image', channel='LEBO-APK--60146-25915', desPath='', , deviceName='高合娱乐副屏', dlna=1, dlnaCompany='Microsoft Corporation', dlnaCompanyURL='http://www.microsoft.com', dlnaDeviceDescribe='Media Renderer', dlnaDeviceName='Windows Media Player', dlnaDeviceURL='http://go.microsoft.com/fwlink/Linkld=105927', dlnaLelinkSwitch=1, dlnaManufacturer=0, dlnaName='高合娱乐副屏', dlnaUPC='', dlnaUUID='fd17a3b6-3524-090f-053e-af2ce7fe6986', domain='Lebo-figure-a6087e369fa3', drainage=0, feature='6655', fps=60, height=1080, host='null', , keyPath='/data/user/0/com.hht.lebocast/files/hpplay/file', lelinkfp=1, lelinkfp2=0, logBaseState=1, logPath='/storage/emulated/0/com.hht.lebocast/sink/sdk/common', , mdnsEnable=1, mirrorSyncType=0, netCastVer='2.0', packageName='com.hht.lebocast', packagePath='/data/user/0/com.hht.lebocast', permissionDid='a6:08:7e:36:9f:a3', permissionMode=3, permissionPreSN='', port=0, preemptMode=0, regType='_leboremote._tcp.', serverPorts=null, sockWaitTimeOut=45, teleControlPort=53388, tunnels=3, txtKeys=null, txtValues=null, uid='10000072516705', videoFrameType=1001, width=1920}com.hpplay.sdk.sink.protocol.InParameters@9908cde
04-04 04:48:01.089 I/hpplay-java( 2927): [main]:Bridge:startServer state: 0
04-04 04:48:01.089 D/hpplay-base( 2927): [jniBridge:185] not conference version
04-04 04:48:01.089 I/hpplay-base( 2927): [jniBridge:241] 1initServer nSettingWidth=1920 nSettingHeight=1080 nSettingMaxFPS=60 dlnaEnable=1 lelinkFpEnable=1
04-04 04:48:01.089 D/hpplay-base( 2927): [jniBridge:283] 1initServer cfg.leLinkIp=10.3.110.159
04-04 04:48:01.089 D/hpplay-base( 2927): [jniBridge:286] 1initServer cfg.mPermissionMode=3
04-04 04:48:01.089 D/hpplay-base( 2927): [jniBridge:304] 1initServer cfg.permissionDid=a6:08:7e:36:9f:a3000000000000000
04-04 04:48:01.089 D/hpplay-base( 2927): [jniBridge:313] 1initServer cfg.mPermissionPreSN=00000000000000000000000000000000
04-04 04:48:01.089 D/hpplay-base( 2927): [jniBridge:317] Bridge___1initServer status:0
04-04 04:48:01.090 I/hpplay-base( 2927): [jniBridge:325] 1initServer cfg.feature=6655
04-04 04:48:01.090 D/hpplay-base( 2927): [jniBridge:377] 1initServer isSendBroadCast=3
04-04 04:48:01.090 D/hpplay-base( 2927): [jniBridge:380] 1initServer broadcastDirection=0
04-04 04:48:01.090 D/hpplay-base( 2927): [jniBridge:382] 1initServer ipBroadcast direction=0
04-04 04:48:01.090 D/hpplay-base( 2927): [jniBridge:387] 1initServer tunnel=3
04-04 04:48:01.090 D/hpplay-base( 2927): [jniBridge:390] 1initServer drainage=0
04-04 04:48:01.090 D/hpplay-base( 2927): [jniBridge:401] 1initServer mDNSEnable=1
04-04 04:48:01.090 D/hpplay-base( 2927): [jniBridge:406] 1initServer nSockWaitTimeOut=45
04-04 04:48:01.090 D/hpplay-base( 2927): [jniBridge:410] 1initServer nMirrorAudioVideoSync=0
04-04 04:48:01.090 I/hpplay-base( 2927): [sign_check:168] checkSign strPackageName:com.hht.lebocast
04-04 04:48:01.090 I/hpplay-base( 2927): [sign_check:169] checkSign buildType:release
04-04 04:48:01.090 I/hpplay-base( 2927): [sign_check:170] checkSign appKey:21409
04-04 04:48:01.090 D/hpplay-base( 2927): [LelinkBase:405] bridgeInit port: 0, lelinkfp: 0
04-04 04:48:01.090 D/hpplay-base( 2927): [LelinkBase:462] bridgeInit mPackagePath =/data/user/0/com.hht.lebocast
04-04 04:48:01.091 D/hpplay-base( 2927): [LelinkBase:463] bridgeInit mKeyPath =/data/user/0/com.hht.lebocast/files/hpplay/file
04-04 04:48:01.091 D/hpplay-base( 2927): [SinkContext:97] initSinkContext mPackagePath =/data/user/0/com.hht.lebocast
04-04 04:48:01.091 D/hpplay-base( 2927): [SinkContext:98] initSinkContext mKeyPath =/data/user/0/com.hht.lebocast/files/hpplay/file
04-04 04:48:01.091 D/hpplay-base( 2927): [jniBridge:478] Java_com_hpplay_sdk_sink_protocol_Bridge__1initServer end
04-04 04:48:01.091 I/DreamManagerService( 1145): Gently waking up from dream.
04-04 04:48:01.091 D/hpplay-base( 2927): [jniBridge:869] Bridge__1startServer status:1
04-04 04:48:01.093 I/DreamManagerService( 1145): Performing gentle wake from dream.
04-04 04:48:01.093 D/hpplay-base( 2927): [LelinkBase:492] startAllServer at base
04-04 04:48:01.094 D/hpplay-base( 2927): [lelinkSinkServer:152] httpPlugins_SetServerPort TYPE_SERVER_LELINK:52266
04-04 04:48:01.094 D/hpplay-base( 2927): [network.c:362] protocol bind host :10.3.110.159 port:52266 curent bind port:52266
04-04 04:48:01.094 D/hpplay-base( 2927): [lelinkSinkServer:681] HTTP Server real at:52266
04-04 04:48:01.094 D/hpplay-base( 2927): [ScreenStream:1285] current bind port:7100
04-04 04:48:01.094 D/hpplay-base( 2927): [lelinkSinkServer:644] Connected Service Type:0
04-04 04:48:01.094 D/hpplay-base( 2927): [LelinkBase:515] startAllServer pBaseContext->config.dlnaEnable:1
04-04 04:48:01.094 D/hpplay-base( 2927): [lelinkDlna:324] addDMRCallback end
04-04 04:48:01.094 I/hpplay-base( 2927): : (server.c.315) startServer listen_ing....:
04-04 04:48:01.095 D/hpplay-base( 2927): [stream_mirror_compat:759] compat mirror stream begin to run,server fd:128,thread_id:3170529728!!
04-04 04:48:01.095 D/hpplay-base( 2927): [Server:371] startHttpServer srv_sockets.used:1 nCurrentFd:126, tid is 6896
04-04 04:48:01.099 E/hpplay-base-dlna( 2927): miniserver.c:788::dlna_port(ipv4: 49152 ipv6:0)
04-04 04:48:01.102 D/hpplay-base-dlna( 2927): [lebodlna-dlnaframe:166] succeed to load lebodlnaplugin
04-04 04:48:01.102 D/hpplay-base-dlna( 2927): [lebodlna-dlnaframe:232] Succeed to load specified plugin:lebodlna_plugin
04-04 04:48:01.103 D/hpplay-base( 2927): [lelinkDlna:328] startDLNAServer ret=0
04-04 04:48:01.103 D/hpplay-base( 2927): [LelinkBase:531] startDLNAServer ret= 0
04-04 04:48:01.103 D/hpplay-base( 2927): [lelinkDlna:342] setDMRFriendlyName 高合娱乐副屏
04-04 04:48:01.103 D/hpplay-base-dlna( 2927): [lebodlna-dlna_android:136] setBroadcastTimeout mBroadcastTimeOut=66 status=3!
04-04 04:48:01.103 D/hpplay-base-dlna( 2927): [lebodlna_api:32] start DMR
04-04 04:48:01.103 D/hpplay-base-dlna( 2927): [UpnpDefine:434] RegisterDMRender invalid lelink info
04-04 04:48:01.103 D/hpplay-base-dlna( 2927): [UpnpDefine:467] DLNA DEFAULT_DESCRIPTION
04-04 04:48:01.104 E/hpplay-base-dlna( 2927): upnpapi.c:1078::Exiting RegisterRootDevice2 *Hnd =1, return value == 0
04-04 04:48:01.104 D/hpplay-base-dlna( 2927): [CUpnpDevice:41] Register Root Device 2:0
04-04 04:48:01.104 D/hpplay-base-dlna( 2927): [UpnpDefine:794] ESDMRender:Register success
04-04 04:48:01.104 D/hpplay-base-dlna( 2927): [lebodlna_api:41] sendBroadcast mBroadcastTimeOut=3
04-04 04:48:01.104 D/hpplay-base-dlna( 2927): [lebodlna_api:44] sendBroadcast timeout=66
04-04 04:48:01.112 I/ActivityTaskManager( 1145): FOREGROUND_APPLICATION_CHANGED to com.android.launcher3.uioverrides.QuickstepLauncher
04-04 04:48:01.115 D/KeyguardViewMediator( 1986): setOccluded false
04-04 04:48:01.116 D/StatusBar( 1986): disable disable2
04-04 04:48:01.116 D/KeyguardViewMediator( 1986): adjustStatusBarLocked: mShowing=false mOccluded=false isSecure=false force=false --> flags=0x0
04-04 04:48:01.121 W/FreeFormWindowHelper( 1145): Current Display FreeFormTask is null
04-04 04:48:01.122 W/FreeFormWindowHelper( 1145): Current Display FreeFormTask is null
04-04 04:48:01.126 I/InputDispatcher( 1145): Monitor swipe-up (server) is stealing touch from [20d4ea7 com.thundercomm.screensaver/android.service.dreams.DreamActivity (server), ]
04-04 04:48:01.130 D/StateManager( 2670): goToState: Background
04-04 04:48:01.130 I/BpBinder( 1053): onLastStrongRef automatically unlinking death recipients:
04-04 04:48:01.130 W/FreeFormWindowHelper( 1145): Current Display FreeFormTask is null
04-04 04:48:01.130 D/FreeWindowContainer( 2670): reloadTask: null
04-04 04:48:01.130 W/FreeFormWindowHelper( 1145): Current Display FreeFormTask is null
04-04 04:48:01.132 D/hpplay-base( 2927): [lelinkDlna:361] startDLNADevice dlnaManufacturer:0 ret=0
04-04 04:48:01.132 D/hpplay-base( 2927): [LelinkBase:535] lelinkSetDlnaInfo ret= 0
04-04 04:48:01.132 D/hpplay-base( 2927): [LelinkBase:547] startAllServer pBaseContext->config.mDNSEnable:1
04-04 04:48:01.132 D/hpplay-base( 2927): [base_mdns:509] mdns net.hostname:
04-04 04:48:01.132 D/hpplay-base( 2927): [base_mdns:529] mdns namelabel:-00-80-0F-74-31-00
04-04 04:48:01.132 D/hpplay-base( 2927): [base_mdns:509] mdns net.hostname:
04-04 04:48:01.133 D/hpplay-base( 2927): [base_mdns:529] mdns namelabel:-00-80-0F-74-31-00
04-04 04:48:01.133 D/hpplay-base( 2927): [mdns:813] mdns start bind port:0
04-04 04:48:01.133 V/GameTypeUtils( 2670): judge isGame:com.android.gallery3d
04-04 04:48:01.134 V/GameTypeUtils( 2670): judge isGame:com.android.music
04-04 04:48:01.134 V/GameTypeUtils( 2670): judge isGame:com.android.music
04-04 04:48:01.134 V/GameTypeUtils( 2670): judge isGame:com.microsoft.emmx
04-04 04:48:01.135 V/GameTypeUtils( 2670): judge isGame:com.android.documentsui
04-04 04:48:01.135 D/hpplay-base( 2927): [mdns:813] mdns start bind port:5353
04-04 04:48:01.135 V/GameTypeUtils( 2670): judge isGame:com.example.android.locationattribution
04-04 04:48:01.135 D/hpplay-base( 2927): [mdns:813] mdns start bind port:5353
04-04 04:48:01.135 D/hpplay-base( 2927): [mdns:813] mdns start bind port:5353
04-04 04:48:01.135 V/GameTypeUtils( 2670): judge isGame:com.qualcomm.qti.sensors.qsensortest
04-04 04:48:01.135 D/hpplay-base( 2927): [mdns:813] mdns start bind port:5353
04-04 04:48:01.136 D/hpplay-base( 2927): [mdns:813] mdns start bind port:5353
04-04 04:48:01.136 V/GameTypeUtils( 2670): judge isGame:com.qualcomm.qti.usta
04-04 04:48:01.136 D/hpplay-base( 2927): [mdns:813] mdns start bind port:5353
04-04 04:48:01.136 D/hpplay-base( 2927): [mdns:813] mdns start bind port:5353
04-04 04:48:01.136 V/GameTypeUtils( 2670): judge isGame:com.sohu.inputmethod.sogou.car
04-04 04:48:01.136 I/hpplay-base( 2927): [mDNSEmbeded:57] embedded_mDNSInit stopmDNSNow:0 status:0
04-04 04:48:01.136 D/hpplay-base( 2927): [mDNSEmbeded:436] startmDNSServer end nRet=0
04-04 04:48:01.136 D/hpplay-base( 2927): [LelinkBase:555] lelink broadcast_on_off:1 log2java_on_off:1
04-04 04:48:01.136 I/hpplay-base( 2927): [mDNSEmbeded:268] start lelink publish server, tid is 6916
04-04 04:48:01.137 D/hpplay-base( 2927): [AEventUtils:595] request to start event handle service!!
04-04 04:48:01.137 D/hpplay-base( 2927): [AEventUtils:603] start_event_handle_service,begin to run!!
04-04 04:48:01.137 D/hpplay-base( 2927): [REventUtils:210] start_event_handle_service,begin to run!!
04-04 04:48:01.137 D/hpplay-base( 2927): [mDNSEmbeded:197] http_port bind check 197 http_port_check
04-04 04:48:01.138 I/EventSequenceValidator( 1145): inc AccIntentStartedEvents to 2
04-04 04:48:01.139 D/hpplay-base( 2927): [LelinkBase:576] startAllServer success .
04-04 04:48:01.139 D/hpplay-base( 2927): [AEventUtils:171] create handle AEvent thread ok!!,tid is 6918
04-04 04:48:01.139 D/hpplay-base( 2927): [REventUtils:59] create handleREventThread thread ok!!,tid is 6919
04-04 04:48:01.139 D/hpplay-base( 2927): [jniBridge:894] startDlna_link:http://10.3.110.159:49152/description.xml
04-04 04:48:01.140 D/hpplay-base( 2927): [LelinkMDNS:729] leboAuthorizationCheck strUuid=a6:08:7e:36:9f:a3000000000000000
04-04 04:48:01.140 D/hpplay-base( 2927): [LelinkMDNS:730] leboAuthorizationCheck mPermissionDid=a6:08:7e:36:9f:a3000000000000000
04-04 04:48:01.140 D/hpplay-base( 2927): [LelinkMDNS:755] leboAuthorizationCheck mPermissionMac=a6:08:7e:36:9f:a3000000000000000
04-04 04:48:01.141 D/hpplay-base( 2927): [jniBridge:1081] notifyJavaDlnalink:http://10.3.110.159:49152/description.xml
04-04 04:48:01.141 D/hpplay-base( 2927): [jniBridge:1726] notifyJava, what:207, castType:0, mimeType:0 baseStatus:2
04-04 04:48:01.142 D/hpplay-base( 2927): [jniBridge:1727] notifyJava sessionID:(null)
04-04 04:48:01.142 I/hpplay-java( 2927): [Thread-111]:Bridge:notify: what: 207
04-04 04:48:01.142 I/hpplay-java( 2927): [Thread-111]:Bridge:notify: out: OutParameters:{audioSessionId=-1, audiotrackIndex=0, castHandleType=-1, castType=0, deviceName='http://10.3.110.159:49152/description.xml', dlnaName='', dramaID='', extra=0, frameHandleType=-1, handleInside=true, headduration=0, header='', headers=null, isAD=false, isMultiMirror=false, lelinkVer='', limitTime=0, , mediaAlbum='null', mediaAlbumArtURI='', mediaArtist='null', mediaAssets='', mediaTitle='null', mimeType=0, multiSession=null, period=0, pinCode='', playSpeed=0.0, playerChoice=0, plugin=0, port=0, position=0.0, positionUnit=2, protocol=0, realSessionID='', regType='', , sinkIp='', sourceAPPVersion='', sourceChannel='', sourceClientInfo='', sourceDeviceInfo='', sourceDeviceModel='', sourceDeviceName='', sourceDeviceType=0, sourceHID='', , sourceInfo='', , , sourceOSVersion='', sourceSDKVersion='', sourceUid='', stopDetail=0, stopReason=0, tailduration=0, url='', urlID='', urls=null, userAgent='', videoDecoder=0, volume=0, what=207}com.hpplay.sdk.sink.protocol.OutParameters@cf7a3b5
04-04 04:48:01.142 I/hpplay-java( 2927): [Thread-111]:Bridge:notify: address:206572106
04-04 04:48:01.140 D/resolv ( 685): GetHostByNameHandler::run: result: Success
04-04 04:48:01.149 D/hpplay-base( 2927): [mDNSEmbeded:217] http_port bind check 217 http_port_check
04-04 04:48:01.149 D/hpplay-base( 2927): [mDNSEmbeded:222] http_port bind check 222 http_port_check
04-04 04:48:01.149 D/AutofillManagerService( 1145): Close system dialogs
04-04 04:48:01.152 D/EditModeHelper( 2670): setHotseatVisibility: 8
04-04 04:48:01.153 D/hpplay-base( 2927): [mDNSEmbeded:234] http_port bind check 234 http_port_check port:52266
04-04 04:48:01.153 I/GameMode_ActivityMonitoringService( 2118): onActivityLaunch: com.android.launcher3, isGameApp: false
04-04 04:48:01.154 V/GameMode_GpuUtils( 2118): fps:60
04-04 04:48:01.154 D/hpplay-base( 2927): [mDNSEmbeded:237] http_port bind check 237 http_port_check
04-04 04:48:01.155 V/ShadeControllerImpl( 1986): NotificationShadeWindow: com.android.systemui.statusbar.phone.NotificationShadeWindowView{dddb586 I.E...... ......ID 0,0-2380,1020} canPanelBeCollapsed(): false
04-04 04:48:01.156 D/hpplay-base( 2927): [lelinkSinkServer:93] new client connection from 127.0.0.1 54476, fd=164
04-04 04:48:01.156 D/hpplay-base( 2927): [SinkContext:137] addSinkContextSession,begin to run!!
04-04 04:48:01.156 D/hpplay-base( 2927): [SinkContext:142] addSinkContextSession,begin to get lock!!
04-04 04:48:01.156 D/hpplay-base( 2927): [SinkContext:144] addSinkContextSession,get lock ok!!
04-04 04:48:01.156 D/hpplay-base( 2927): [SinkContext:149] addSinkContextSession,session list is null,begin to malloc!!
04-04 04:48:01.156 D/hpplay-base( 2927): [SinkContext:156] addSinkContextSession,begin to update!!
04-04 04:48:01.156 D/hpplay-base( 2927): [SinkContext:160] addSinkContextSession,begin to update header!!
04-04 04:48:01.156 D/hpplay-base( 2927): [SinkContext:172] addSinkContextSession,begin to unlock!!
04-04 04:48:01.156 D/hpplay-base( 2927): [SinkContext:174] addSinkContextSession,unlock ok!!
04-04 04:48:01.156 D/hpplay-base( 2927): [LelinkReceiver:4908] get ping !!!
04-04 04:48:01.156 D/hpplay-base( 2927): [mDNSEmbeded:240] http_port bind check 240 http_port_check recieved:64
04-04 04:48:01.156 D/hpplay-base( 2927): [mDNSEmbeded:243] http_port bind check 243 http_port_check
04-04 04:48:01.156 D/hpplay-base( 2927): [mDNSEmbeded:244] http_port bind check ok!
04-04 04:48:01.158 D/GameModeIF_GameModeSettings( 2118): getUriFor setting_content_uri_root = content://com.thundercomm.gamemode.api/gamemode_settings , name = gamemode_enable
04-04 04:48:01.161 D/BaseIconFactory( 2670): normalizeAndWrapToAdaptiveIcon: scale=0.8095241
04-04 04:48:01.165 W/FreeFormWindowHelper( 1145): Current Display FreeFormTask is null
04-04 04:48:01.165 W/FreeFormWindowHelper( 1145): Current Display FreeFormTask is null
04-04 04:48:01.165 W/View ( 2670): requestLayout() improperly called by com.android.launcher3.views.NoInsetView{7befb7f V.ED..... ......ID 2038,0-2380,1020 #7f09007c app:id/bg_hotseat} during layout: running second layout pass
04-04 04:48:01.166 I/LatencyTracker( 2670): ACTION_TOGGLE_RECENTS latency=90
04-04 04:48:01.169 I/hpplay-java( 2927): [AsyncTask #90]:HttpRequest:doGet responseCode:200 0
04-04 04:48:01.171 W/FreeFormWindowHelper( 1145): Current Display FreeFormTask is null
04-04 04:48:01.172 W/FreeFormWindowHelper( 1145): Current Display FreeFormTask is null
04-04 04:48:01.173 W/FreeFormWindowHelper( 1145): Current Display FreeFormTask is null
04-04 04:48:01.173 W/FreeFormWindowHelper( 1145): Current Display FreeFormTask is null
04-04 04:48:01.175 D/BaseIconFactory( 2670): normalizeAndWrapToAdaptiveIcon: scale=0.8095241
04-04 04:48:01.151 W/om.hht.lebocast( 2927): type=1400 audit(0.0:765): avc: granted { read } for name="arp" dev="proc" ino=4026532256 scontext=u:r:platform_app:s0:c512,c768 tcontext=u:object_r:proc_net:s0 tclass=file app=com.hht.lebocast
04-04 04:48:01.178 W/FreeFormWindowHelper( 1145): Current Display FreeFormTask is null
04-04 04:48:01.179 W/FreeFormWindowHelper( 1145): Current Display FreeFormTask is null
04-04 04:48:01.181 I/PowerManagerService( 1145): Powering on display group fromDreaming (groupId=0, uid=1000, reason=WAKE_REASON_UNKNOWN, details=android.server.power:DREAM_FINISHED)...
04-04 04:48:01.181 I/PowerManagerService( 1145): Waking up from Dreaming (uid=1000, reason=WAKE_REASON_UNKNOWN, details=android.server.power:DREAM_FINISHED)...
04-04 04:48:01.183 I/EventSequenceValidator( 1145): dec AccIntentStartedEvents to 1
04-04 04:48:01.184 E/MCUUtil ( 2670): saveLastActivity activityName=com.android.launcher3.uioverrides.QuickstepLauncher packageName=com.android.launcher3
04-04 04:48:01.186 W/ActivityTaskManager( 1145): getTaskSnapshot: taskId=438 not found
04-04 04:48:01.197 W/ActivityTaskManager( 1145): getTaskSnapshot: taskId=443 not found
04-04 04:48:01.202 D/BaseIconFactory( 2670): normalizeAndWrapToAdaptiveIcon: scale=0.8095241
04-04 04:48:01.203 W/ActivityTaskManager( 1145): getTaskSnapshot: taskId=444 not found
04-04 04:48:01.204 D/BaseIconFactory( 2670): normalizeAndWrapToAdaptiveIcon: scale=0.8095241
04-04 04:48:01.205 W/ActivityTaskManager( 1145): getTaskSnapshot: taskId=444 not found
04-04 04:48:01.205 W/ActivityTaskManager( 1145): getTaskSnapshot: taskId=444 not found
04-04 04:48:01.206 W/ActivityTaskManager( 1145): getTaskSnapshot: taskId=444 not found
04-04 04:48:01.151 W/om.hht.lebocast( 2927): type=1400 audit(0.0:766): avc: granted { read open } for path="/proc/2927/net/arp" dev="proc" ino=4026532256 scontext=u:r:platform_app:s0:c512,c768 tcontext=u:object_r:proc_net:s0 tclass=file app=com.hht.lebocast
04-04 04:48:01.217 W/FreeFormWindowHelper( 1145): Current Display FreeFormTask is null
04-04 04:48:01.217 W/FreeFormWindowHelper( 1145): Current Display FreeFormTask is null
04-04 04:48:01.151 W/om.hht.lebocast( 2927): type=1400 audit(0.0:767): avc: granted { getattr } for path="/proc/2927/net/arp" dev="proc" ino=4026532256 scontext=u:r:platform_app:s0:c512,c768 tcontext=u:object_r:proc_net:s0 tclass=file app=com.hht.lebocast
04-04 04:48:01.241 W/FreeFormWindowHelper( 1145): Current Display FreeFormTask is null
04-04 04:48:01.241 W/FreeFormWindowHelper( 1145): Current Display FreeFormTask is null
04-04 04:48:01.241 W/FreeFormWindowHelper( 1145): Current Display FreeFormTask is null
04-04 04:48:01.247 I/EthernetNetworkFactory( 1145): networkForRequest, request: NetworkRequest [ REQUEST id=88, [ Capabilities: INTERNET&NOT_RESTRICTED&TRUSTED&NOT_VCN_MANAGED Uid: 10045 RequestorUid: 10045 RequestorPkg: com.thundercomm.screensaver] ], network: NetworkInterfaceState{ refCount: 12, iface: eth0, up: true, hwAddress: 00:80:0f:74:31:00, networkCapabilities: [ Transports: ETHERNET Capabilities: NOT_METERED&INTERNET&NOT_RESTRICTED&TRUSTED&NOT_VPN&NOT_ROAMING&NOT_CONGESTED&NOT_SUSPENDED&NOT_VCN_MANAGED LinkUpBandwidth>=100000Kbps LinkDnBandwidth>=100000Kbps], networkAgent: null, score: 70, ipClient: android.net.ip.IIpClient$Stub$Proxy@3b778c7,linkProperties: {InterfaceName: eth0 LinkAddresses: [ fe80::a8e5:8fae:a1aa:aa87/64 ] DnsAddresses: [ ] Domains: null MTU: 0 TcpBufferSizes: 524288,1048576,3145728,524288,1048576,2097152 Routes: [ fe80::/64 -> :: eth0 mtu 0 ]}}
04-04 04:48:01.248 I/DreamManagerService( 1145): Leaving dreamland.
04-04 04:48:01.251 W/OrientationEventListener( 2670): Cannot detect sensors. Invalid disable
04-04 04:48:01.251 I/DreamManagerService( 1145): Performing gentle wake from dream.
04-04 04:48:01.251 I/DreamController( 1145): Stopping dream: name=ComponentInfo{com.thundercomm.screensaver/com.thundercomm.screensaver.service.SystemDream}, isTest=false, canDoze=false, userId=0, reason='finished self'(from 'finished self')
04-04 04:48:01.252 D/FreeWindowHelper( 2670): enterOrExitRecentTasks: isEnterRecentTasks=false,mExitFlag=0
04-04 04:48:01.252 W/FreeFormWindowHelper( 1145): exitRecentTasks type=0
04-04 04:48:01.253 D/EditModeHelper( 2670): setHotseatVisibility: 0
04-04 04:48:01.259 W/InputManager-JNI( 1145): Input channel object '20d4ea7 com.thundercomm.screensaver/android.service.dreams.DreamActivity (client)' was disposed without first being removed with the input manager!
04-04 04:48:01.265 W/FreeFormWindowHelper( 1145): Current Display FreeFormTask is null
04-04 04:48:01.265 W/FreeFormWindowHelper( 1145): Current Display FreeFormTask is null
04-04 04:48:01.265 W/View ( 2670): requestLayout() improperly called by com.android.launcher3.views.NoInsetView{7befb7f V.ED..... ......ID 2038,0-2380,1020 #7f09007c app:id/bg_hotseat} during layout: running second layout pass
04-04 04:48:01.266 W/ActivityTaskManager( 1145): Can't find TaskDisplayArea to determine support for multi window. Task id=30 attached=false
04-04 04:48:01.358 I/hpplay-base( 2927): [LelinkReceiver:14605] _connectionFinalize (164)
04-04 04:48:01.358 D/hpplay-base( 2927): [LelinkReceiver:14752] ###connectionFinalize,release ok!!###
04-04 04:48:01.360 D/hpplay-base( 2927): [LelinkMDNS:766] devicePermissionPublic leboPermissionCheck:-2
04-04 04:48:01.360 D/hpplay-base( 2927): [jniBridge:1125] com_hpplay_sdk_sink_protocol_Bridge_WHAT_SERVER_ERROR
04-04 04:48:01.361 D/hpplay-base( 2927): [jniBridge:1726] notifyJava, what:204, castType:0, mimeType:0 baseStatus:2
04-04 04:48:01.361 D/hpplay-base( 2927): [jniBridge:1727] notifyJava sessionID:(null)
04-04 04:48:01.361 I/hpplay-java( 2927): [Thread-112]:Bridge:notify: what: 204
04-04 04:48:01.361 I/hpplay-java( 2927): [Thread-112]:Bridge:notify: out: OutParameters:{audioSessionId=-1, audiotrackIndex=0, castHandleType=-1, castType=0, deviceName='', dlnaName='', dramaID='', extra=-2002, frameHandleType=-1, handleInside=true, headduration=0, header='', headers=null, isAD=false, isMultiMirror=false, lelinkVer='', limitTime=0, , mediaAlbum='null', mediaAlbumArtURI='', mediaArtist='null', mediaAssets='', mediaTitle='null', mimeType=0, multiSession=null, period=0, pinCode='', playSpeed=0.0, playerChoice=0, plugin=0, port=0, position=0.0, positionUnit=2, protocol=0, realSessionID='', regType='', , sinkIp='', sourceAPPVersion='', sourceChannel='', sourceClientInfo='', sourceDeviceInfo='', sourceDeviceModel='', sourceDeviceName='', sourceDeviceType=0, sourceHID='', , sourceInfo='', , , sourceOSVersion='', sourceSDKVersion='', sourceUid='', stopDetail=0, stopReason=0, tailduration=0, url='', urlID='', urls=null, userAgent='', videoDecoder=0, volume=0, what=204}com.hpplay.sdk.sink.protocol.OutParameters@731dbb
04-04 04:48:01.361 I/hpplay-java( 2927): [Thread-112]:Bridge:notify: address:229954264
04-04 04:48:01.362 I/hpplay-java( 2927): [main]:Bridge:findServiceID start out: 229954264
04-04 04:48:01.362 I/hpplay-base( 2927): [mDNSEmbeded:79] embedded_mDNSLoop stopmDNSNow:0 nPublish:-2 nExitFlag:6 tid is 6915
04-04 04:48:01.362 I/hpplay-java( 2927): [main]:Bridge:findServiceID end
04-04 04:48:01.362 E/hpplay-java( 2927): [main]:ServerTaskManager:onError 204/-2002 com.hht.lebocast.LelinkHelper$e@ff08e4b
04-04 04:48:01.362 I/hpplay-java( 2927): [main]:ServerTaskManager:cancelTimeOutCheck
04-04 04:48:01.362 W/hpplay-java( 2927): [main]:ServerTaskManager:onErrorDispatcher errorCode:-2002
04-04 04:48:01.362 I/hpplay-java( 2927): [main]:ServerTaskManager:onError retry later
04-04 04:48:01.454 I/hpplay-java( 2927): [AsyncTask #80]:HttpRequest:doGet responseCode:200 0
04-04 04:48:01.476 I/LatencyTracker( 1145): ACTION_START_RECENTS_ANIMATION latency=65
04-04 04:48:01.907 D/EditModeHelper( 2670): setHotseatVisibility: 0
04-04 04:48:01.915 W/FreeFormWindowHelper( 1145): Current Display FreeFormTask is null
04-04 04:48:01.916 W/FreeFormWindowHelper( 1145): Current Display FreeFormTask is null
04-04 04:48:02.023 W/FreeFormWindowHelper( 1145): Current Display FreeFormTask is null
04-04 04:48:02.084 I/mpu_uart( 661): [MSG-P:RECV]:No message received in 1000 ms
04-04 04:48:02.119 W/dp_rx_thread_0( 2909): type=1400 audit(0.0:768): avc: denied { kill } for capability=5 scontext=u:r:kernel:s0 tcontext=u:r:kernel:s0 tclass=capability permissive=0
04-04 04:48:02.464 I/mpu_uart( 661): [MSG-P:R]:recv sync frame timeout
04-04 04:48:03.085 I/mpu_uart( 661): [MSG-P:RECV]:No message received in 1000 ms
04-04 04:48:04.085 I/mpu_uart( 661): [MSG-P:RECV]:No message received in 1000 ms
04-04 04:48:04.115 W/swapper/2( 0): type=1400 audit(0.0:769): avc: denied { kill } for capability=5 scontext=u:r:kernel:s0 tcontext=u:r:kernel:s0 tclass=capability permissive=0
04-04 04:48:04.363 I/hpplay-java( 2927): [main]:ServerTaskManager:restart by error
04-04 04:48:04.364 I/hpplay-java( 2927): [main]:ServerTaskManager:startServer
04-04 04:48:04.364 I/hpplay-java( 2927): [main]:ServerTaskManager:startServer add, reason: server is starting or running
04-04 04:48:04.364 I/hpplay-java( 2927): [main]:ServerTaskManager:addStopTask
04-04 04:48:04.364 I/hpplay-java( 2927): [main]:ServerTaskManager:addStartTask
04-04 04:48:04.365 I/hpplay-java( 2927): [main]:ServerTaskManager:exeTask stopServer
04-04 04:48:04.365 I/hpplay-java( 2927): [main]:Bridge:stopServer keepPush: false
04-04 04:48:04.365 D/hpplay-base( 2927): [jniBridge:909] Bridge__1stopServer status:2
04-04 04:48:04.368 D/hpplay-base( 2927): [LelinkBase:654] stopAllServer will start thread!
04-04 04:48:04.369 D/hpplay-base( 2927): [AEventUtils:588] handle AEvent thread end!!,tid is 6918
