04-04 04:29:52.473 I/SystemServerTiming( 1145): OnBootPhase_500_com.android.server.incident.IncidentCompanionService
04-04 04:29:52.473 D/SystemServerTiming( 1145): OnBootPhase_500_com.android.server.incident.IncidentCompanionService took to complete: 0ms
04-04 04:29:52.473 I/SystemServerTiming( 1145): OnBootPhase_500_com.android.server.MmsServiceBroker
04-04 04:29:52.473 D/SystemServerTiming( 1145): OnBootPhase_500_com.android.server.MmsServiceBroker took to complete: 0ms
04-04 04:29:52.473 I/SystemServerTiming( 1145): OnBootPhase_500_com.android.server.autofill.AutofillManagerService
04-04 04:29:52.473 D/SystemServerTiming( 1145): OnBootPhase_500_com.android.server.autofill.AutofillManagerService took to complete: 0ms
04-04 04:29:52.473 I/SystemServerTiming( 1145): OnBootPhase_500_com.android.server.clipboard.ClipboardService
04-04 04:29:52.474 D/SystemServerTiming( 1145): OnBootPhase_500_com.android.server.clipboard.ClipboardService took to complete: 0ms
04-04 04:29:52.474 I/SystemServerTiming( 1145): OnBootPhase_500_com.android.server.appbinding.AppBindingService$Lifecycle
04-04 04:29:52.474 D/SystemServerTiming( 1145): OnBootPhase_500_com.android.server.appbinding.AppBindingService$Lifecycle took to complete: 0ms
04-04 04:29:52.474 I/SystemServerTiming( 1145): OnBootPhase_500_com.android.server.tracing.TracingServiceProxy
04-04 04:29:52.474 D/SystemServerTiming( 1145): OnBootPhase_500_com.android.server.tracing.TracingServiceProxy took to complete: 0ms
04-04 04:29:52.474 D/SystemServerTiming( 1145): OnBootPhase_500 took to complete: 105ms
04-04 04:29:52.474 D/SystemServerTiming( 1145): StartBootPhaseSystemServicesReady took to complete: 105ms
04-04 04:29:52.474 I/SystemServerTiming( 1145): MakeWindowManagerServiceReady
04-04 04:29:52.477 D/SystemServerTiming( 1145): MakeWindowManagerServiceReady took to complete: 3ms
04-04 04:29:52.480 I/SystemServerTiming( 1145): MakePowerManagerServiceReady
04-04 04:29:52.483 I/AttentionDetector( 1145): readValuesFromDeviceConfig():
04-04 04:29:52.483 I/AttentionDetector( 1145): mMaximumExtensionMillis=900000
04-04 04:29:52.483 I/AttentionDetector( 1145): mPreDimCheckDurationMillis=2000
04-04 04:29:52.483 I/AttentionDetector( 1145): mRequestedPostDimTimeoutMillis=0
04-04 04:29:52.485 I/DropBoxManagerService( 1145): add tag=system_server_wtf isTagEnabled=true flags=0x2
01-01 08:00:51.770 I/ ( 0): Wifi Turning On from UI
04-04 04:29:52.488 E/DisplayPowerController[0]( 1145): failed to set up display white-balance: java.lang.IllegalStateException: cannot find light sensor
04-04 04:29:52.489 W/DisplayPowerController[0]( 1145): Screen brightness nits configuration is unavailable; falling back
04-04 04:29:52.493 I/DropBoxManagerService( 1145): add tag=system_server_wtf isTagEnabled=true flags=0x2
04-04 04:29:52.496 I/HealthServiceWrapper( 1145): health: HealthServiceWrapper listening to instance default
04-04 04:29:52.499 D/StatsPullAtomService( 1145): Registering pullers with statsd
04-04 04:29:52.500 W/KeyguardServiceDelegate( 1145): onScreenTurningOn(): no keyguard service!
04-04 04:29:52.500 V/DisplayPowerController[0]( 1145): Brightness [1.0] reason changing to: 'override', previous reason: '0'.
01-01 08:00:51.788 I/msm_vidc( 0): high: 00000001: h265e: Closed video instance: ffffffcea6c88000
04-04 04:29:52.507 I/FaceDownDetector( 1145): readValuesFromDeviceConfig():
04-04 04:29:52.507 I/FaceDownDetector( 1145): mAccelerationThreshold=0.2
04-04 04:29:52.507 I/FaceDownDetector( 1145): mZAccelerationThreshold=-9.5
04-04 04:29:52.507 I/FaceDownDetector( 1145): mTimeThreshold=PT1S
04-04 04:29:52.507 I/FaceDownDetector( 1145): mIsEnabled=true
04-04 04:29:52.508 I/ScreenUndimDetector( 1145): readValuesFromDeviceConfig():
04-04 04:29:52.508 I/ScreenUndimDetector( 1145): mKeepScreenOnForMillis=600000
04-04 04:29:52.508 I/ScreenUndimDetector( 1145): mKeepScreenOnNotificationEnabled=false
04-04 04:29:52.508 I/ScreenUndimDetector( 1145): mUndimsRequired=2
04-04 04:29:52.510 I/StatsPullAtomService( 1145): register thermal listener successfully
04-04 04:29:52.510 E/KernelCpuSpeedReader( 1145): Failed to read cpu-freq: /sys/devices/system/cpu/cpu4/cpufreq/stats/time_in_state: open failed: ENOENT (No such file or directory)
04-04 04:29:52.510 E/KernelCpuSpeedReader( 1145): Failed to read cpu-freq: /sys/devices/system/cpu/cpu0/cpufreq/stats/time_in_state: open failed: ENOENT (No such file or directory)
04-04 04:29:52.511 D/SystemServerTiming( 1145): MakePowerManagerServiceReady took to complete: 31ms
04-04 04:29:52.511 I/SystemServerTiming( 1145): StartPermissionPolicyService
04-04 04:29:52.511 I/SystemServiceManager( 1145): Starting com.android.server.policy.PermissionPolicyService
04-04 04:29:52.520 D/SystemServerTiming( 1145): StartPermissionPolicyService took to complete: 8ms
04-04 04:29:52.520 I/SystemServerTiming( 1145): MakePackageManagerServiceReady
04-04 04:29:52.537 V/UserDataPreparer( 1145): Found /data/user_de/0 with serial number 0
01-01 08:00:51.828 I/msm_vidc( 0): high: 00000001: ....d: Opening video instance: ffffffcebd3f0000, 1
04-04 04:29:52.537 V/UserDataPreparer( 1145): Found /data/user/0 with serial number 0
04-04 04:29:52.537 V/UserDataPreparer( 1145): Found /data/system_de/0 with serial number 0
04-04 04:29:52.538 V/UserDataPreparer( 1145): Found /data/system_ce/0 with serial number 0
04-04 04:29:52.538 V/UserDataPreparer( 1145): Found /data/misc_ce/0 with serial number -1
04-04 04:29:52.538 D/UserDataPreparer( 1145): Serial number missing on /data/misc_ce/0; assuming current is valid
04-04 04:29:52.539 I/PackageManager( 1145): Permission ownership changed. Updating all permissions.
04-04 04:29:52.560 D/StagingManagerTiming( 1145): restoreSessions took to complete: 2ms
04-04 04:29:52.560 D/SystemServerTiming( 1145): MakePackageManagerServiceReady took to complete: 41ms
04-04 04:29:52.560 I/SystemServerTiming( 1145): MakeDisplayManagerServiceReady
04-04 04:29:52.561 E/DisplayModeDirector( 1145): Asked about unknown display, returning empty display mode specs!(id=0)
04-04 04:29:52.562 E/DisplayModeDirector( 1145): Asked about unknown display, returning empty display mode specs!(id=0)
04-04 04:29:52.563 D/SystemServerTiming( 1145): MakeDisplayManagerServiceReady took to complete: 3ms
04-04 04:29:52.564 I/SystemServerTiming( 1145): StartDeviceSpecificServices
04-04 04:29:52.564 D/SystemServerTiming( 1145): StartDeviceSpecificServices took to complete: 0ms
04-04 04:29:52.564 I/SystemServerTiming( 1145): GameManagerService
04-04 04:29:52.564 I/SystemServiceManager( 1145): Starting com.android.server.app.GameManagerService$Lifecycle
01-01 08:00:51.843 I/msm_vidc( 0): high: 00000001: h264d: Closed video instance: ffffffcebd3f0000
04-04 04:29:52.567 D/SystemServerTiming( 1145): GameManagerService took to complete: 4ms
04-04 04:29:52.568 I/SystemServerTiming( 1145): StartBootPhaseDeviceSpecificServicesReady
04-04 04:29:52.568 I/SystemServiceManager( 1145): Starting phase 520
04-04 04:29:52.568 I/SystemServerTiming( 1145): OnBootPhase_520
04-04 04:29:52.569 I/SystemServerTiming( 1145): OnBootPhase_520_com.android.server.security.FileIntegrityService
04-04 04:29:52.569 D/SystemServerTiming( 1145): OnBootPhase_520_com.android.server.security.FileIntegrityService took to complete: 0ms
04-04 04:29:52.569 I/SystemServerTiming( 1145): OnBootPhase_520_com.android.server.pm.Installer
04-04 04:29:52.569 D/SystemServerTiming( 1145): OnBootPhase_520_com.android.server.pm.Installer took to complete: 0ms
04-04 04:29:52.569 I/SystemServerTiming( 1145): OnBootPhase_520_com.android.server.os.DeviceIdentifiersPolicyService
04-04 04:29:52.569 D/SystemServerTiming( 1145): OnBootPhase_520_com.android.server.os.DeviceIdentifiersPolicyService took to complete: 0ms
04-04 04:29:52.569 I/SystemServerTiming( 1145): OnBootPhase_520_com.android.server.uri.UriGrantsManagerService$Lifecycle
04-04 04:29:52.569 D/SystemServerTiming( 1145): OnBootPhase_520_com.android.server.uri.UriGrantsManagerService$Lifecycle took to complete: 0ms
04-04 04:29:52.569 I/SystemServerTiming( 1145): OnBootPhase_520_com.android.server.powerstats.PowerStatsService
04-04 04:29:52.569 D/SystemServerTiming( 1145): OnBootPhase_520_com.android.server.powerstats.PowerStatsService took to complete: 0ms
04-04 04:29:52.569 I/SystemServerTiming( 1145): OnBootPhase_520_com.android.server.wm.ActivityTaskManagerService$Lifecycle
04-04 04:29:52.569 D/SystemServerTiming( 1145): OnBootPhase_520_com.android.server.wm.ActivityTaskManagerService$Lifecycle took to complete: 0ms
04-04 04:29:52.569 I/SystemServerTiming( 1145): OnBootPhase_520_com.android.server.am.ActivityManagerService$Lifecycle
04-04 04:29:52.569 D/SystemServerTiming( 1145): OnBootPhase_520_com.android.server.am.ActivityManagerService$Lifecycle took to complete: 0ms
04-04 04:29:52.569 I/SystemServerTiming( 1145): OnBootPhase_520_com.android.server.pm.DataLoaderManagerService
04-04 04:29:52.569 D/SystemServerTiming( 1145): OnBootPhase_520_com.android.server.pm.DataLoaderManagerService took to complete: 0ms
04-04 04:29:52.569 I/SystemServerTiming( 1145): OnBootPhase_520_com.android.server.power.PowerManagerService
04-04 04:29:52.569 D/SystemServerTiming( 1145): OnBootPhase_520_com.android.server.power.PowerManagerService took to complete: 0ms
04-04 04:29:52.569 I/SystemServerTiming( 1145): OnBootPhase_520_com.android.server.power.ThermalManagerService
04-04 04:29:52.569 D/SystemServerTiming( 1145): OnBootPhase_520_com.android.server.power.ThermalManagerService took to complete: 0ms
04-04 04:29:52.569 I/SystemServerTiming( 1145): OnBootPhase_520_com.android.server.power.hint.HintManagerService
04-04 04:29:52.569 D/SystemServerTiming( 1145): OnBootPhase_520_com.android.server.power.hint.HintManagerService took to complete: 0ms
04-04 04:29:52.569 I/SystemServerTiming( 1145): OnBootPhase_520_com.android.server.recoverysystem.RecoverySystemService$Lifecycle
04-04 04:29:52.569 D/SystemServerTiming( 1145): OnBootPhase_520_com.android.server.recoverysystem.RecoverySystemService$Lifecycle took to complete: 0ms
04-04 04:29:52.570 I/SystemServerTiming( 1145): OnBootPhase_520_com.android.server.lights.LightsService
04-04 04:29:52.570 D/SystemServerTiming( 1145): OnBootPhase_520_com.android.server.lights.LightsService took to complete: 0ms
04-04 04:29:52.570 I/SystemServerTiming( 1145): OnBootPhase_520_com.android.server.display.DisplayManagerService
04-04 04:29:52.570 D/SystemServerTiming( 1145): OnBootPhase_520_com.android.server.display.DisplayManagerService took to complete: 0ms
04-04 04:29:52.570 I/SystemServerTiming( 1145): OnBootPhase_520_com.android.server.pm.verify.domain.DomainVerificationService
04-04 04:29:52.570 D/SystemServerTiming( 1145): OnBootPhase_520_com.android.server.pm.verify.domain.DomainVerificationService took to complete: 0ms
04-04 04:29:52.570 I/SystemServerTiming( 1145): OnBootPhase_520_com.android.server.pm.PackageInstallerService$Lifecycle
04-04 04:29:52.570 D/SystemServerTiming( 1145): OnBootPhase_520_com.android.server.pm.PackageInstallerService$Lifecycle took to complete: 0ms
04-04 04:29:52.570 I/SystemServerTiming( 1145): OnBootPhase_520_com.android.server.pm.UserManagerService$LifeCycle
04-04 04:29:52.570 D/SystemServerTiming( 1145): OnBootPhase_520_com.android.server.pm.UserManagerService$LifeCycle took to complete: 0ms
04-04 04:29:52.570 I/SystemServerTiming( 1145): OnBootPhase_520_com.android.server.om.OverlayManagerService
04-04 04:29:52.570 D/SystemServerTiming( 1145): OnBootPhase_520_com.android.server.om.OverlayManagerService took to complete: 0ms
04-04 04:29:52.570 I/SystemServerTiming( 1145): OnBootPhase_520_com.android.server.SensorPrivacyService
04-04 04:29:52.570 D/SystemServerTiming( 1145): OnBootPhase_520_com.android.server.SensorPrivacyService took to complete: 0ms
04-04 04:29:52.570 I/SystemServerTiming( 1145): OnBootPhase_520_com.android.server.thunderperf.ThunderBoostPerfService
04-04 04:29:52.570 D/SystemServerTiming( 1145): OnBootPhase_520_com.android.server.thunderperf.ThunderBoostPerfService took to complete: 0ms
04-04 04:29:52.570 I/SystemServerTiming( 1145): OnBootPhase_520_com.android.server.sensors.SensorService
04-04 04:29:52.570 D/SystemServerTiming( 1145): OnBootPhase_520_com.android.server.sensors.SensorService took to complete: 0ms
04-04 04:29:52.570 I/SystemServerTiming( 1145): OnBootPhase_520_com.android.server.SystemConfigService
04-04 04:29:52.570 D/SystemServerTiming( 1145): OnBootPhase_520_com.android.server.SystemConfigService took to complete: 0ms
04-04 04:29:52.570 I/SystemServerTiming( 1145): OnBootPhase_520_com.android.server.BatteryService
04-04 04:29:52.570 D/SystemServerTiming( 1145): OnBootPhase_520_com.android.server.BatteryService took to complete: 0ms
04-04 04:29:52.571 I/SystemServerTiming( 1145): OnBootPhase_520_com.android.server.usage.UsageStatsService
04-04 04:29:52.571 D/SystemServerTiming( 1145): OnBootPhase_520_com.android.server.usage.UsageStatsService took to complete: 0ms
04-04 04:29:52.571 I/SystemServerTiming( 1145): OnBootPhase_520_com.android.server.webkit.WebViewUpdateService
04-04 04:29:52.571 D/SystemServerTiming( 1145): OnBootPhase_520_com.android.server.webkit.WebViewUpdateService took to complete: 0ms
04-04 04:29:52.571 I/SystemServerTiming( 1145): OnBootPhase_520_com.android.server.CachedDeviceStateService
04-04 04:29:52.571 D/SystemServerTiming( 1145): OnBootPhase_520_com.android.server.CachedDeviceStateService took to complete: 0ms
04-04 04:29:52.571 I/SystemServerTiming( 1145): OnBootPhase_520_com.android.server.BinderCallsStatsService$LifeCycle
04-04 04:29:52.571 D/SystemServerTiming( 1145): OnBootPhase_520_com.android.server.BinderCallsStatsService$LifeCycle took to complete: 0ms
04-04 04:29:52.571 I/SystemServerTiming( 1145): OnBootPhase_520_com.android.server.LooperStatsService$Lifecycle
04-04 04:29:52.571 D/SystemServerTiming( 1145): OnBootPhase_520_com.android.server.LooperStatsService$Lifecycle took to complete: 0ms
04-04 04:29:52.571 I/SystemServerTiming( 1145): OnBootPhase_520_com.android.server.rollback.RollbackManagerService
04-04 04:29:52.571 D/SystemServerTiming( 1145): OnBootPhase_520_com.android.server.rollback.RollbackManagerService took to complete: 0ms
04-04 04:29:52.571 I/SystemServerTiming( 1145): OnBootPhase_520_com.android.server.os.NativeTombstoneManagerService
04-04 04:29:52.571 D/SystemServerTiming( 1145): OnBootPhase_520_com.android.server.os.NativeTombstoneManagerService took to complete: 0ms
04-04 04:29:52.571 I/SystemServerTiming( 1145): OnBootPhase_520_com.android.server.os.BugreportManagerService
04-04 04:29:52.571 D/SystemServerTiming( 1145): OnBootPhase_520_com.android.server.os.BugreportManagerService took to complete: 0ms
04-04 04:29:52.571 I/SystemServerTiming( 1145): OnBootPhase_520_com.android.server.gpu.GpuService
04-04 04:29:52.571 D/SystemServerTiming( 1145): OnBootPhase_520_com.android.server.gpu.GpuService took to complete: 0ms
04-04 04:29:52.571 I/SystemServerTiming( 1145): OnBootPhase_520_com.android.server.security.KeyChainSystemService
04-04 04:29:52.571 D/SystemServerTiming( 1145): OnBootPhase_520_com.android.server.security.KeyChainSystemService took to complete: 0ms
04-04 04:29:52.571 I/SystemServerTiming( 1145): OnBootPhase_520_com.android.server.telecom.TelecomLoaderService
04-04 04:29:52.572 D/SystemServerTiming( 1145): OnBootPhase_520_com.android.server.telecom.TelecomLoaderService took to complete: 0ms
04-04 04:29:52.572 I/SystemServerTiming( 1145): OnBootPhase_520_com.android.server.accounts.AccountManagerService$Lifecycle
04-04 04:29:52.572 D/SystemServerTiming( 1145): OnBootPhase_520_com.android.server.accounts.AccountManagerService$Lifecycle took to complete: 0ms
04-04 04:29:52.572 I/SystemServerTiming( 1145): OnBootPhase_520_com.android.server.content.ContentService$Lifecycle
04-04 04:29:52.572 D/SystemServerTiming( 1145): OnBootPhase_520_com.android.server.content.ContentService$Lifecycle took to complete: 0ms
04-04 04:29:52.572 I/SystemServerTiming( 1145): OnBootPhase_520_com.android.server.DropBoxManagerService
04-04 04:29:52.572 D/SystemServerTiming( 1145): OnBootPhase_520_com.android.server.DropBoxManagerService took to complete: 0ms
04-04 04:29:52.572 I/SystemServerTiming( 1145): OnBootPhase_520_com.android.role.RoleService
04-04 04:29:52.572 D/SystemServerTiming( 1145): OnBootPhase_520_com.android.role.RoleService took to complete: 0ms
04-04 04:29:52.572 I/SystemServerTiming( 1145): OnBootPhase_520_com.android.server.vibrator.VibratorManagerService$Lifecycle
04-04 04:29:52.572 D/SystemServerTiming( 1145): OnBootPhase_520_com.android.server.vibrator.VibratorManagerService$Lifecycle took to complete: 0ms
04-04 04:29:52.572 I/SystemServerTiming( 1145): OnBootPhase_520_com.android.server.alarm.AlarmManagerService
04-04 04:29:52.572 D/SystemServerTiming( 1145): OnBootPhase_520_com.android.server.alarm.AlarmManagerService took to complete: 0ms
04-04 04:29:52.572 I/SystemServerTiming( 1145): OnBootPhase_520_com.android.server.devicestate.DeviceStateManagerService
04-04 04:29:52.572 D/SystemServerTiming( 1145): OnBootPhase_520_com.android.server.devicestate.DeviceStateManagerService took to complete: 0ms
04-04 04:29:52.572 I/SystemServerTiming( 1145): OnBootPhase_520_com.android.server.camera.CameraServiceProxy
04-04 04:29:52.572 D/SystemServerTiming( 1145): OnBootPhase_520_com.android.server.camera.CameraServiceProxy took to complete: 0ms
04-04 04:29:52.572 I/SystemServerTiming( 1145): OnBootPhase_520_com.android.server.BluetoothService
04-04 04:29:52.572 D/SystemServerTiming( 1145): OnBootPhase_520_com.android.server.BluetoothService took to complete: 0ms
04-04 04:29:52.572 I/SystemServerTiming( 1145): OnBootPhase_520_com.android.server.connectivity.IpConnectivityMetrics
04-04 04:29:52.572 D/SystemServerTiming( 1145): OnBootPhase_520_com.android.server.connectivity.IpConnectivityMetrics took to complete: 0ms
04-04 04:29:52.572 I/SystemServerTiming( 1145): OnBootPhase_520_com.android.server.net.watchlist.NetworkWatchlistService$Lifecycle
04-04 04:29:52.573 D/SystemServerTiming( 1145): OnBootPhase_520_com.android.server.net.watchlist.NetworkWatchlistService$Lifecycle took to complete: 0ms
04-04 04:29:52.573 I/SystemServerTiming( 1145): OnBootPhase_520_com.android.server.PinnerService
04-04 04:29:52.573 D/SystemServerTiming( 1145): OnBootPhase_520_com.android.server.PinnerService took to complete: 0ms
04-04 04:29:52.573 I/SystemServerTiming( 1145): OnBootPhase_520_com.google.android.startop.iorap.IorapForwardingService
04-04 04:29:52.573 D/SystemServerTiming( 1145): OnBootPhase_520_com.google.android.startop.iorap.IorapForwardingService took to complete: 0ms
04-04 04:29:52.573 I/SystemServerTiming( 1145): OnBootPhase_520_com.android.server.ActivityTriggerService
04-04 04:29:52.573 D/SystemServerTiming( 1145): OnBootPhase_520_com.android.server.ActivityTriggerService took to complete: 0ms
04-04 04:29:52.573 I/SystemServerTiming( 1145): OnBootPhase_520_com.android.server.integrity.AppIntegrityManagerService
04-04 04:29:52.573 D/SystemServerTiming( 1145): OnBootPhase_520_com.android.server.integrity.AppIntegrityManagerService took to complete: 0ms
04-04 04:29:52.573 I/SystemServerTiming( 1145): OnBootPhase_520_com.android.server.inputmethod.InputMethodManagerService$Lifecycle
04-04 04:29:52.573 D/SystemServerTiming( 1145): OnBootPhase_520_com.android.server.inputmethod.InputMethodManagerService$Lifecycle took to complete: 0ms
04-04 04:29:52.573 I/SystemServerTiming( 1145): OnBootPhase_520_com.android.server.accessibility.AccessibilityManagerService$Lifecycle
04-04 04:29:52.573 D/SystemServerTiming( 1145): OnBootPhase_520_com.android.server.accessibility.AccessibilityManagerService$Lifecycle took to complete: 0ms
04-04 04:29:52.573 I/SystemServerTiming( 1145): OnBootPhase_520_com.android.server.StorageManagerService$Lifecycle
04-04 04:29:52.573 D/SystemServerTiming( 1145): OnBootPhase_520_com.android.server.StorageManagerService$Lifecycle took to complete: 0ms
04-04 04:29:52.573 I/SystemServerTiming( 1145): OnBootPhase_520_com.android.server.usage.StorageStatsService$Lifecycle
04-04 04:29:52.573 D/SystemServerTiming( 1145): OnBootPhase_520_com.android.server.usage.StorageStatsService$Lifecycle took to complete: 0ms
04-04 04:29:52.573 I/SystemServerTiming( 1145): OnBootPhase_520_com.android.server.UiModeManagerService
04-04 04:29:52.573 D/SystemServerTiming( 1145): OnBootPhase_520_com.android.server.UiModeManagerService took to complete: 0ms
04-04 04:29:52.573 I/SystemServerTiming( 1145): OnBootPhase_520_com.android.server.locksettings.LockSettingsService$Lifecycle
04-04 04:29:52.573 D/SystemServerTiming( 1145): OnBootPhase_520_com.android.server.locksettings.LockSettingsService$Lifecycle took to complete: 0ms
04-04 04:29:52.573 I/SystemServerTiming( 1145): OnBootPhase_520_com.android.server.PersistentDataBlockService
04-04 04:29:52.573 D/SystemServerTiming( 1145): OnBootPhase_520_com.android.server.PersistentDataBlockService took to complete: 0ms
04-04 04:29:52.573 I/SystemServerTiming( 1145): OnBootPhase_520_com.android.server.testharness.TestHarnessModeService
04-04 04:29:52.574 D/SystemServerTiming( 1145): OnBootPhase_520_com.android.server.testharness.TestHarnessModeService took to complete: 0ms
04-04 04:29:52.574 I/SystemServerTiming( 1145): OnBootPhase_520_com.android.server.oemlock.OemLockService
04-04 04:29:52.574 D/SystemServerTiming( 1145): OnBootPhase_520_com.android.server.oemlock.OemLockService took to complete: 0ms
04-04 04:29:52.574 I/SystemServerTiming( 1145): OnBootPhase_520_com.android.server.DeviceIdleController
04-04 04:29:52.574 D/SystemServerTiming( 1145): OnBootPhase_520_com.android.server.DeviceIdleController took to complete: 0ms
04-04 04:29:52.574 I/SystemServerTiming( 1145): OnBootPhase_520_com.android.server.devicepolicy.DevicePolicyManagerService$Lifecycle
04-04 04:29:52.574 D/SystemServerTiming( 1145): OnBootPhase_520_com.android.server.devicepolicy.DevicePolicyManagerService$Lifecycle took to complete: 0ms
04-04 04:29:52.574 I/SystemServerTiming( 1145): OnBootPhase_520_com.android.server.texttospeech.TextToSpeechManagerService
04-04 04:29:52.574 D/SystemServerTiming( 1145): OnBootPhase_520_com.android.server.texttospeech.TextToSpeechManagerService took to complete: 0ms
04-04 04:29:52.574 I/SystemServerTiming( 1145): OnBootPhase_520_com.android.server.speech.SpeechRecognitionManagerService
04-04 04:29:52.574 D/SystemServerTiming( 1145): OnBootPhase_520_com.android.server.speech.SpeechRecognitionManagerService took to complete: 0ms
04-04 04:29:52.574 I/SystemServerTiming( 1145): OnBootPhase_520_com.android.server.searchui.SearchUiManagerService
04-04 04:29:52.574 D/SystemServerTiming( 1145): OnBootPhase_520_com.android.server.searchui.SearchUiManagerService took to complete: 0ms
04-04 04:29:52.574 I/SystemServerTiming( 1145): OnBootPhase_520_com.android.server.smartspace.SmartspaceManagerService
04-04 04:29:52.574 D/SystemServerTiming( 1145): OnBootPhase_520_com.android.server.smartspace.SmartspaceManagerService took to complete: 0ms
04-04 04:29:52.574 I/SystemServerTiming( 1145): OnBootPhase_520_com.android.server.graphics.fonts.FontManagerService$Lifecycle
04-04 04:29:52.574 D/SystemServerTiming( 1145): OnBootPhase_520_com.android.server.graphics.fonts.FontManagerService$Lifecycle took to complete: 0ms
04-04 04:29:52.574 I/SystemServerTiming( 1145): OnBootPhase_520_com.android.server.textservices.TextServicesManagerService$Lifecycle
04-04 04:29:52.574 D/SystemServerTiming( 1145): OnBootPhase_520_com.android.server.textservices.TextServicesManagerService$Lifecycle took to complete: 0ms
04-04 04:29:52.574 I/SystemServerTiming( 1145): OnBootPhase_520_com.android.server.textclassifier.TextClassificationManagerService$Lifecycle
04-04 04:29:52.574 D/SystemServerTiming( 1145): OnBootPhase_520_com.android.server.textclassifier.TextClassificationManagerService$Lifecycle took to complete: 0ms
04-04 04:29:52.575 I/SystemServerTiming( 1145): OnBootPhase_520_com.android.server.NetworkScoreService$Lifecycle
04-04 04:29:52.575 D/SystemServerTiming( 1145): OnBootPhase_520_com.android.server.NetworkScoreService$Lifecycle took to complete: 0ms
04-04 04:29:52.575 I/SystemServerTiming( 1145): OnBootPhase_520_com.android.server.wifi.WifiService
04-04 04:29:52.575 D/SystemServerTiming( 1145): OnBootPhase_520_com.android.server.wifi.WifiService took to complete: 0ms
04-04 04:29:52.575 I/SystemServerTiming( 1145): OnBootPhase_520_com.android.server.wifi.scanner.WifiScanningService
04-04 04:29:52.575 D/SystemServerTiming( 1145): OnBootPhase_520_com.android.server.wifi.scanner.WifiScanningService took to complete: 0ms
04-04 04:29:52.575 I/SystemServerTiming( 1145): OnBootPhase_520_com.android.server.wifi.rtt.RttService
04-04 04:29:52.575 D/SystemServerTiming( 1145): OnBootPhase_520_com.android.server.wifi.rtt.RttService took to complete: 0ms
04-04 04:29:52.575 I/SystemServerTiming( 1145): OnBootPhase_520_com.android.server.wifi.aware.WifiAwareService
04-04 04:29:52.575 D/SystemServerTiming( 1145): OnBootPhase_520_com.android.server.wifi.aware.WifiAwareService took to complete: 0ms
04-04 04:29:52.575 I/SystemServerTiming( 1145): OnBootPhase_520_com.android.server.wifi.p2p.WifiP2pService
04-04 04:29:52.575 D/SystemServerTiming( 1145): OnBootPhase_520_com.android.server.wifi.p2p.WifiP2pService took to complete: 0ms
04-04 04:29:52.575 I/SystemServerTiming( 1145): OnBootPhase_520_com.android.server.ethernet.EthernetService
04-04 04:29:52.575 D/SystemServerTiming( 1145): OnBootPhase_520_com.android.server.ethernet.EthernetService took to complete: 0ms
04-04 04:29:52.575 I/SystemServerTiming( 1145): OnBootPhase_520_com.android.server.ConnectivityServiceInitializer
04-04 04:29:52.575 D/SystemServerTiming( 1145): OnBootPhase_520_com.android.server.ConnectivityServiceInitializer took to complete: 0ms
04-04 04:29:52.575 I/SystemServerTiming( 1145): OnBootPhase_520_com.android.server.notification.NotificationManagerService
04-04 04:29:52.575 D/SystemServerTiming( 1145): OnBootPhase_520_com.android.server.notification.NotificationManagerService took to complete: 0ms
04-04 04:29:52.576 I/SystemServerTiming( 1145): OnBootPhase_520_com.android.server.storage.DeviceStorageMonitorService
04-04 04:29:52.576 D/SystemServerTiming( 1145): OnBootPhase_520_com.android.server.storage.DeviceStorageMonitorService took to complete: 0ms
04-04 04:29:52.576 I/SystemServerTiming( 1145): OnBootPhase_520_com.android.server.location.LocationManagerService$Lifecycle
04-04 04:29:52.576 D/SystemServerTiming( 1145): OnBootPhase_520_com.android.server.location.LocationManagerService$Lifecycle took to complete: 0ms
04-04 04:29:52.576 I/SystemServerTiming( 1145): OnBootPhase_520_com.android.server.timedetector.TimeDetectorService$Lifecycle
04-04 04:29:52.576 D/SystemServerTiming( 1145): OnBootPhase_520_com.android.server.timedetector.TimeDetectorService$Lifecycle took to complete: 0ms
04-04 04:29:52.576 I/SystemServerTiming( 1145): OnBootPhase_520_com.android.server.timezonedetector.TimeZoneDetectorService$Lifecycle
04-04 04:29:52.576 D/SystemServerTiming( 1145): OnBootPhase_520_com.android.server.timezonedetector.TimeZoneDetectorService$Lifecycle took to complete: 0ms
04-04 04:29:52.576 I/SystemServerTiming( 1145): OnBootPhase_520_com.android.server.timezonedetector.location.LocationTimeZoneManagerService$Lifecycle
04-04 04:29:52.576 D/SystemServerTiming( 1145): OnBootPhase_520_com.android.server.timezonedetector.location.LocationTimeZoneManagerService$Lifecycle took to complete: 0ms
04-04 04:29:52.576 I/SystemServerTiming( 1145): OnBootPhase_520_com.android.server.search.SearchManagerService$Lifecycle
04-04 04:29:52.576 D/SystemServerTiming( 1145): OnBootPhase_520_com.android.server.search.SearchManagerService$Lifecycle took to complete: 0ms
04-04 04:29:52.576 I/SystemServerTiming( 1145): OnBootPhase_520_com.android.server.wallpaper.WallpaperManagerService$Lifecycle
04-04 04:29:52.576 D/SystemServerTiming( 1145): OnBootPhase_520_com.android.server.wallpaper.WallpaperManagerService$Lifecycle took to complete: 0ms
04-04 04:29:52.576 I/SystemServerTiming( 1145): OnBootPhase_520_com.android.server.audio.AudioService$Lifecycle
04-04 04:29:52.576 D/SystemServerTiming( 1145): OnBootPhase_520_com.android.server.audio.AudioService$Lifecycle took to complete: 0ms
04-04 04:29:52.576 I/SystemServerTiming( 1145): OnBootPhase_520_com.android.server.soundtrigger_middleware.SoundTriggerMiddlewareService$Lifecycle
04-04 04:29:52.576 D/SystemServerTiming( 1145): OnBootPhase_520_com.android.server.soundtrigger_middleware.SoundTriggerMiddlewareService$Lifecycle took to complete: 0ms
04-04 04:29:52.577 I/SystemServerTiming( 1145): OnBootPhase_520_com.android.server.DockObserver
04-04 04:29:52.577 D/SystemServerTiming( 1145): OnBootPhase_520_com.android.server.DockObserver took to complete: 0ms
04-04 04:29:52.577 I/SystemServerTiming( 1145): OnBootPhase_520_com.android.server.midi.MidiService$Lifecycle
04-04 04:29:52.577 D/SystemServerTiming( 1145): OnBootPhase_520_com.android.server.midi.MidiService$Lifecycle took to complete: 0ms
04-04 04:29:52.577 I/SystemServerTiming( 1145): OnBootPhase_520_com.android.server.adb.AdbService$Lifecycle
04-04 04:29:52.577 D/SystemServerTiming( 1145): OnBootPhase_520_com.android.server.adb.AdbService$Lifecycle took to complete: 0ms
04-04 04:29:52.577 I/SystemServerTiming( 1145): OnBootPhase_520_com.android.server.usb.UsbService$Lifecycle
04-04 04:29:52.577 D/SystemServerTiming( 1145): OnBootPhase_520_com.android.server.usb.UsbService$Lifecycle took to complete: 0ms
04-04 04:29:52.577 I/SystemServerTiming( 1145): OnBootPhase_520_com.android.server.twilight.TwilightService
04-04 04:29:52.577 D/SystemServerTiming( 1145): OnBootPhase_520_com.android.server.twilight.TwilightService took to complete: 0ms
04-04 04:29:52.577 I/SystemServerTiming( 1145): OnBootPhase_520_com.android.server.display.color.ColorDisplayService
04-04 04:29:52.577 D/SystemServerTiming( 1145): OnBootPhase_520_com.android.server.display.color.ColorDisplayService took to complete: 0ms
04-04 04:29:52.577 I/SystemServerTiming( 1145): OnBootPhase_520_com.android.server.job.JobSchedulerService
04-04 04:29:52.577 D/SystemServerTiming( 1145): OnBootPhase_520_com.android.server.job.JobSchedulerService took to complete: 0ms
04-04 04:29:52.577 I/SystemServerTiming( 1145): OnBootPhase_520_com.android.server.soundtrigger.SoundTriggerService
04-04 04:29:52.577 D/SoundTriggerService( 1145): onBootPhase: 520 : false
04-04 04:29:52.577 D/SystemServerTiming( 1145): OnBootPhase_520_com.android.server.soundtrigger.SoundTriggerService took to complete: 0ms
04-04 04:29:52.577 I/SystemServerTiming( 1145): OnBootPhase_520_com.android.server.trust.TrustManagerService
04-04 04:29:52.577 D/SystemServerTiming( 1145): OnBootPhase_520_com.android.server.trust.TrustManagerService took to complete: 0ms
04-04 04:29:52.577 I/SystemServerTiming( 1145): OnBootPhase_520_com.android.server.backup.BackupManagerService$Lifecycle
04-04 04:29:52.577 D/SystemServerTiming( 1145): OnBootPhase_520_com.android.server.backup.BackupManagerService$Lifecycle took to complete: 0ms
04-04 04:29:52.577 I/SystemServerTiming( 1145): OnBootPhase_520_com.android.server.appwidget.AppWidgetService
04-04 04:29:52.577 D/SystemServerTiming( 1145): OnBootPhase_520_com.android.server.appwidget.AppWidgetService took to complete: 0ms
04-04 04:29:52.577 I/SystemServerTiming( 1145): OnBootPhase_520_com.android.server.voiceinteraction.VoiceInteractionManagerService
04-04 04:29:52.577 D/SystemServerTiming( 1145): OnBootPhase_520_com.android.server.voiceinteraction.VoiceInteractionManagerService took to complete: 0ms
04-04 04:29:52.578 I/SystemServerTiming( 1145): OnBootPhase_520_com.android.server.apphibernation.AppHibernationService
04-04 04:29:52.578 D/SystemServerTiming( 1145): OnBootPhase_520_com.android.server.apphibernation.AppHibernationService took to complete: 0ms
04-04 04:29:52.578 I/SystemServerTiming( 1145): OnBootPhase_520_com.android.server.SensorNotificationService
04-04 04:29:52.578 D/SystemServerTiming( 1145): OnBootPhase_520_com.android.server.SensorNotificationService took to complete: 0ms
04-04 04:29:52.578 I/SystemServerTiming( 1145): OnBootPhase_520_com.android.server.emergency.EmergencyAffordanceService
04-04 04:29:52.578 D/SystemServerTiming( 1145): OnBootPhase_520_com.android.server.emergency.EmergencyAffordanceService took to complete: 0ms
04-04 04:29:52.578 I/SystemServerTiming( 1145): OnBootPhase_520_com.android.server.blob.BlobStoreManagerService
04-04 04:29:52.578 D/SystemServerTiming( 1145): OnBootPhase_520_com.android.server.blob.BlobStoreManagerService took to complete: 0ms
04-04 04:29:52.578 I/SystemServerTiming( 1145): OnBootPhase_520_com.android.server.dreams.DreamManagerService
04-04 04:29:52.578 D/SystemServerTiming( 1145): OnBootPhase_520_com.android.server.dreams.DreamManagerService took to complete: 0ms
04-04 04:29:52.578 I/SystemServerTiming( 1145): OnBootPhase_520_com.android.server.companion.CompanionDeviceManagerService
04-04 04:29:52.578 D/SystemServerTiming( 1145): OnBootPhase_520_com.android.server.companion.CompanionDeviceManagerService took to complete: 0ms
04-04 04:29:52.578 I/SystemServerTiming( 1145): OnBootPhase_520_com.android.server.restrictions.RestrictionsManagerService
04-04 04:29:52.578 D/SystemServerTiming( 1145): OnBootPhase_520_com.android.server.restrictions.RestrictionsManagerService took to complete: 0ms
04-04 04:29:52.578 I/SystemServerTiming( 1145): OnBootPhase_520_com.android.server.media.MediaSessionService
04-04 04:29:52.578 D/SystemServerTiming( 1145): OnBootPhase_520_com.android.server.media.MediaSessionService took to complete: 0ms
04-04 04:29:52.578 I/SystemServerTiming( 1145): OnBootPhase_520_com.android.server.media.MediaResourceMonitorService
04-04 04:29:52.578 D/SystemServerTiming( 1145): OnBootPhase_520_com.android.server.media.MediaResourceMonitorService took to complete: 0ms
04-04 04:29:52.578 I/SystemServerTiming( 1145): OnBootPhase_520_com.android.server.biometrics.sensors.fingerprint.FingerprintService
04-04 04:29:52.578 D/SystemServerTiming( 1145): OnBootPhase_520_com.android.server.biometrics.sensors.fingerprint.FingerprintService took to complete: 0ms
04-04 04:29:52.578 I/SystemServerTiming( 1145): OnBootPhase_520_com.android.server.biometrics.BiometricService
04-04 04:29:52.578 D/SystemServerTiming( 1145): OnBootPhase_520_com.android.server.biometrics.BiometricService took to complete: 0ms
04-04 04:29:52.579 I/SystemServerTiming( 1145): OnBootPhase_520_com.android.server.biometrics.AuthService
04-04 04:29:52.579 D/SystemServerTiming( 1145): OnBootPhase_520_com.android.server.biometrics.AuthService took to complete: 0ms
04-04 04:29:52.579 I/SystemServerTiming( 1145): OnBootPhase_520_com.android.server.pm.ShortcutService$Lifecycle
04-04 04:29:52.579 D/SystemServerTiming( 1145): OnBootPhase_520_com.android.server.pm.ShortcutService$Lifecycle took to complete: 0ms
04-04 04:29:52.579 I/SystemServerTiming( 1145): OnBootPhase_520_com.android.server.pm.LauncherAppsService
04-04 04:29:52.579 D/SystemServerTiming( 1145): OnBootPhase_520_com.android.server.pm.LauncherAppsService took to complete: 0ms
04-04 04:29:52.579 I/SystemServerTiming( 1145): OnBootPhase_520_com.android.server.pm.CrossProfileAppsService
04-04 04:29:52.579 D/SystemServerTiming( 1145): OnBootPhase_520_com.android.server.pm.CrossProfileAppsService took to complete: 0ms
04-04 04:29:52.579 I/SystemServerTiming( 1145): OnBootPhase_520_com.android.server.people.PeopleService
04-04 04:29:52.579 D/SystemServerTiming( 1145): OnBootPhase_520_com.android.server.people.PeopleService took to complete: 0ms
04-04 04:29:52.579 I/SystemServerTiming( 1145): OnBootPhase_520_com.android.server.media.metrics.MediaMetricsManagerService
04-04 04:29:52.579 D/SystemServerTiming( 1145): OnBootPhase_520_com.android.server.media.metrics.MediaMetricsManagerService took to complete: 0ms
04-04 04:29:52.579 I/SystemServerTiming( 1145): OnBootPhase_520_com.android.server.media.projection.MediaProjectionManagerService
04-04 04:29:52.579 D/SystemServerTiming( 1145): OnBootPhase_520_com.android.server.media.projection.MediaProjectionManagerService took to complete: 0ms
04-04 04:29:52.579 I/SystemServerTiming( 1145): OnBootPhase_520_com.android.server.slice.SliceManagerService$Lifecycle
04-04 04:29:52.579 D/SystemServerTiming( 1145): OnBootPhase_520_com.android.server.slice.SliceManagerService$Lifecycle took to complete: 0ms
04-04 04:29:52.579 I/SystemServerTiming( 1145): OnBootPhase_520_com.android.server.stats.StatsCompanion$Lifecycle
04-04 04:29:52.579 D/SystemServerTiming( 1145): OnBootPhase_520_com.android.server.stats.StatsCompanion$Lifecycle took to complete: 0ms
04-04 04:29:52.579 I/SystemServerTiming( 1145): OnBootPhase_520_com.android.server.scheduling.RebootReadinessManagerService$Lifecycle
04-04 04:29:52.579 D/SystemServerTiming( 1145): OnBootPhase_520_com.android.server.scheduling.RebootReadinessManagerService$Lifecycle took to complete: 0ms
04-04 04:29:52.579 I/SystemServerTiming( 1145): OnBootPhase_520_com.android.server.stats.pull.StatsPullAtomService
04-04 04:29:52.579 D/SystemServerTiming( 1145): OnBootPhase_520_com.android.server.stats.pull.StatsPullAtomService took to complete: 0ms
04-04 04:29:52.579 I/SystemServerTiming( 1145): OnBootPhase_520_com.android.server.incident.IncidentCompanionService
04-04 04:29:52.579 D/SystemServerTiming( 1145): OnBootPhase_520_com.android.server.incident.IncidentCompanionService took to complete: 0ms
04-04 04:29:52.580 I/SystemServerTiming( 1145): OnBootPhase_520_com.android.server.MmsServiceBroker
04-04 04:29:52.580 D/SystemServerTiming( 1145): OnBootPhase_520_com.android.server.MmsServiceBroker took to complete: 0ms
04-04 04:29:52.580 I/SystemServerTiming( 1145): OnBootPhase_520_com.android.server.autofill.AutofillManagerService
04-04 04:29:52.580 D/SystemServerTiming( 1145): OnBootPhase_520_com.android.server.autofill.AutofillManagerService took to complete: 0ms
04-04 04:29:52.580 I/SystemServerTiming( 1145): OnBootPhase_520_com.android.server.clipboard.ClipboardService
04-04 04:29:52.580 D/SystemServerTiming( 1145): OnBootPhase_520_com.android.server.clipboard.ClipboardService took to complete: 0ms
04-04 04:29:52.580 I/SystemServerTiming( 1145): OnBootPhase_520_com.android.server.appbinding.AppBindingService$Lifecycle
04-04 04:29:52.580 D/SystemServerTiming( 1145): OnBootPhase_520_com.android.server.appbinding.AppBindingService$Lifecycle took to complete: 0ms
04-04 04:29:52.580 I/SystemServerTiming( 1145): OnBootPhase_520_com.android.server.tracing.TracingServiceProxy
04-04 04:29:52.580 D/SystemServerTiming( 1145): OnBootPhase_520_com.android.server.tracing.TracingServiceProxy took to complete: 0ms
04-04 04:29:52.580 I/SystemServerTiming( 1145): OnBootPhase_520_com.android.server.policy.PermissionPolicyService
04-04 04:29:52.580 D/SystemServerTiming( 1145): OnBootPhase_520_com.android.server.policy.PermissionPolicyService took to complete: 0ms
04-04 04:29:52.580 I/SystemServerTiming( 1145): OnBootPhase_520_com.android.server.pm.StagingManager$Lifecycle
04-04 04:29:52.580 D/SystemServerTiming( 1145): OnBootPhase_520_com.android.server.pm.StagingManager$Lifecycle took to complete: 0ms
04-04 04:29:52.580 I/SystemServerTiming( 1145): OnBootPhase_520_com.android.server.app.GameManagerService$Lifecycle
04-04 04:29:52.580 D/SystemServerTiming( 1145): OnBootPhase_520_com.android.server.app.GameManagerService$Lifecycle took to complete: 0ms
04-04 04:29:52.580 D/SystemServerTiming( 1145): OnBootPhase_520 took to complete: 12ms
04-04 04:29:52.580 D/SystemServerTiming( 1145): StartBootPhaseDeviceSpecificServicesReady took to complete: 12ms
04-04 04:29:52.580 I/SystemServerTiming( 1145): AppSearchManagerService
01-01 08:00:51.873 I/msm_vidc( 0): high: 00000001: ....d: Opening video instance: ffffffcea6d10000, 1
04-04 04:29:52.589 I/SystemServiceManager( 1145): Starting com.android.server.appsearch.AppSearchManagerService
04-04 04:29:52.591 E/DefaultPermGrantPolicy( 1145): Package not found: com.qualcomm.qti.cne
04-04 04:29:52.592 D/SystemServerTiming( 1145): AppSearchManagerService took to complete: 12ms
04-04 04:29:52.592 I/SystemServerTiming( 1145): StartMediaCommunicationService
04-04 04:29:52.594 I/SystemServiceManager( 1145): Starting com.android.server.media.MediaCommunicationService
04-04 04:29:52.596 D/SystemServerTiming( 1145): StartMediaCommunicationService took to complete: 4ms
04-04 04:29:52.597 I/SystemServerTiming( 1145): PhaseActivityManagerReady
04-04 04:29:52.597 I/SystemServerTiming( 1145): controllersReady
01-01 08:00:51.876 E/ ( 0): INFO: trying to register non-static key.
01-01 08:00:51.881 E/ ( 0): the code is fine but needs lockdep annotation.
01-01 08:00:51.887 I/ ( 0): CPU: 7 PID: 1955 Comm: VideoDecMsgThre Tainted: G S W O 4.19.157+ #1
01-01 08:00:51.887 I/Hardware name( 0): Qualcomm Technologies, Inc. kona MTP-RmPM8150b. VX1(MCE) EVT1 (DT)
01-01 08:00:51.887 I/Call trace( 0):
01-01 08:00:51.887 I/ ( 0): dump_backtrace+0x0/0x258
01-01 08:00:51.887 I/ ( 0): show_stack+0x20/0x30
01-01 08:00:51.887 I/ ( 0): dump_stack+0xd8/0x12c
01-01 08:00:51.887 I/ ( 0): register_lock_class+0x4d0/0x5c8
01-01 08:00:51.887 I/ ( 0): __lock_acquire+0xbc/0x1e58
01-01 08:00:51.887 I/ ( 0): lock_acquire+0x1cc/0x218
01-01 08:00:51.887 I/ ( 0): _raw_spin_lock_irqsave+0x54/0x98
01-01 08:00:51.887 I/ ( 0): __ion_system_secure_heap_resize+0x768/0x8c0
01-01 08:00:51.887 I/ ( 0): ion_system_secure_heap_prefetch+0x28/0x38
01-01 08:00:51.887 I/ ( 0): ion_walk_heaps+0x88/0xb8
01-01 08:00:51.887 I/ ( 0): ion_ioctl+0x1b0/0x2a8
01-01 08:00:51.887 I/ ( 0): __arm64_compat_sys_ioctl+0xf4/0x240
01-01 08:00:51.887 I/ ( 0): el0_svc_common+0xa4/0x190
01-01 08:00:51.887 I/ ( 0): el0_svc_compat_handler+0x28/0x38
01-01 08:00:51.887 I/ ( 0): el0_svc_compat+0x8/0x34
01-01 08:00:51.888 E/ ( 0): INFO: trying to register non-static key.
04-04 04:29:52.616 I/SystemServerTimingAsync( 1145): InitThreadPoolExec:Update app-ops uidState in case package com.android.providers.media.module changed
04-04 04:29:52.616 D/SystemServerInitThreadPool( 1145): Started executing Update app-ops uidState in case package com.android.providers.media.module changed
04-04 04:29:52.616 D/SystemServerInitThreadPool( 1145): Finished executing Update app-ops uidState in case package com.android.providers.media.module changed
04-04 04:29:52.616 D/SystemServerTimingAsync( 1145): InitThreadPoolExec:Update app-ops uidState in case package com.android.providers.media.module changed took to complete: 0ms
04-04 04:29:52.617 I/SystemServerTimingAsync( 1145): InitThreadPoolExec:Update app-ops uidState in case package com.qualcomm.qtil.aptxui changed
04-04 04:29:52.617 D/SystemServerInitThreadPool( 1145): Started executing Update app-ops uidState in case package com.qualcomm.qtil.aptxui changed
04-04 04:29:52.617 D/SystemServerInitThreadPool( 1145): Finished executing Update app-ops uidState in case package com.qualcomm.qtil.aptxui changed
04-04 04:29:52.617 D/SystemServerTimingAsync( 1145): InitThreadPoolExec:Update app-ops uidState in case package com.qualcomm.qtil.aptxui changed took to complete: 1ms
04-04 04:29:52.617 I/SystemServerTimingAsync( 1145): InitThreadPoolExec:Update app-ops uidState in case package com.hht.lebocast changed
04-04 04:29:52.617 D/SystemServerInitThreadPool( 1145): Started executing Update app-ops uidState in case package com.hht.lebocast changed
04-04 04:29:52.618 D/SystemServerInitThreadPool( 1145): Finished executing Update app-ops uidState in case package com.hht.lebocast changed
04-04 04:29:52.618 D/SystemServerTimingAsync( 1145): InitThreadPoolExec:Update app-ops uidState in case package com.hht.lebocast changed took to complete: 0ms
04-04 04:29:52.618 I/SystemServerTimingAsync( 1145): InitThreadPoolExec:Update app-ops uidState in case package com.qualcomm.qti.workloadclassifier changed
04-04 04:29:52.618 D/SystemServerInitThreadPool( 1145): Started executing Update app-ops uidState in case package com.qualcomm.qti.workloadclassifier changed
04-04 04:29:52.618 D/SystemServerInitThreadPool( 1145): Finished executing Update app-ops uidState in case package com.qualcomm.qti.workloadclassifier changed
04-04 04:29:52.618 D/SystemServerTimingAsync( 1145): InitThreadPoolExec:Update app-ops uidState in case package com.qualcomm.qti.workloadclassifier changed took to complete: 0ms
04-04 04:29:52.618 I/SystemServerTimingAsync( 1145): InitThreadPoolExec:Update app-ops uidState in case package com.android.systemui changed
04-04 04:29:52.618 D/SystemServerInitThreadPool( 1145): Started executing Update app-ops uidState in case package com.android.systemui changed
04-04 04:29:52.618 D/SystemServerTiming( 1145): controllersReady took to complete: 20ms
04-04 04:29:52.619 D/SystemServerInitThreadPool( 1145): Finished executing Update app-ops uidState in case package com.android.systemui changed
04-04 04:29:52.619 D/SystemServerTimingAsync( 1145): InitThreadPoolExec:Update app-ops uidState in case package com.android.systemui changed took to complete: 0ms
04-04 04:29:52.619 I/SystemServerTimingAsync( 1145): InitThreadPoolExec:Update app-ops uidState in case package com.android.launcher3 changed
04-04 04:29:52.619 D/SystemServerInitThreadPool( 1145): Started executing Update app-ops uidState in case package com.android.launcher3 changed
04-04 04:29:52.619 D/SystemServerInitThreadPool( 1145): Finished executing Update app-ops uidState in case package com.android.launcher3 changed
04-04 04:29:52.619 D/SystemServerTimingAsync( 1145): InitThreadPoolExec:Update app-ops uidState in case package com.android.launcher3 changed took to complete: 0ms
04-04 04:29:52.619 I/SystemServerTimingAsync( 1145): InitThreadPoolExec:Update app-ops uidState in case package com.qualcomm.location changed
04-04 04:29:52.619 D/SystemServerInitThreadPool( 1145): Started executing Update app-ops uidState in case package com.qualcomm.location changed
04-04 04:29:52.619 D/SystemServerInitThreadPool( 1145): Finished executing Update app-ops uidState in case package com.qualcomm.location changed
04-04 04:29:52.620 D/SystemServerTimingAsync( 1145): InitThreadPoolExec:Update app-ops uidState in case package com.qualcomm.location changed took to complete: 0ms
04-04 04:29:52.620 I/SystemServerTimingAsync( 1145): InitThreadPoolExec:Update app-ops uidState in case package com.android.gallery3d changed
04-04 04:29:52.620 D/SystemServerInitThreadPool( 1145): Started executing Update app-ops uidState in case package com.android.gallery3d changed
04-04 04:29:52.620 D/SystemServerInitThreadPool( 1145): Finished executing Update app-ops uidState in case package com.android.gallery3d changed
04-04 04:29:52.620 D/SystemServerTimingAsync( 1145): InitThreadPoolExec:Update app-ops uidState in case package com.android.gallery3d changed took to complete: 0ms
04-04 04:29:52.621 I/SystemServerTimingAsync( 1145): InitThreadPoolExec:Update app-ops uidState in case package com.qualcomm.timeservice changed
04-04 04:29:52.621 D/SystemServerInitThreadPool( 1145): Started executing Update app-ops uidState in case package com.qualcomm.timeservice changed
04-04 04:29:52.621 D/SystemServerInitThreadPool( 1145): Finished executing Update app-ops uidState in case package com.qualcomm.timeservice changed
04-04 04:29:52.621 D/SystemServerTimingAsync( 1145): InitThreadPoolExec:Update app-ops uidState in case package com.qualcomm.timeservice changed took to complete: 1ms
04-04 04:29:52.621 I/SystemServerTimingAsync( 1145): InitThreadPoolExec:Update app-ops uidState in case package com.sohu.inputmethod.sogou.car changed
04-04 04:29:52.621 D/SystemServerInitThreadPool( 1145): Started executing Update app-ops uidState in case package com.sohu.inputmethod.sogou.car changed
04-04 04:29:52.621 I/SystemServerTimingAsync( 1145): InitThreadPoolExec:Update app-ops uidState in case package com.baidu.input changed
04-04 04:29:52.622 D/SystemServerInitThreadPool( 1145): Started executing Update app-ops uidState in case package com.baidu.input changed
04-04 04:29:52.622 I/SystemServerTimingAsync( 1145): InitThreadPoolExec:Update app-ops uidState in case package com.microsoft.emmx changed
04-04 04:29:52.622 D/SystemServerInitThreadPool( 1145): Started executing Update app-ops uidState in case package com.microsoft.emmx changed
04-04 04:29:52.622 I/SystemServerTimingAsync( 1145): InitThreadPoolExec:Update app-ops uidState in case package com.android.providers.calendar changed
04-04 04:29:52.622 D/SystemServerInitThreadPool( 1145): Started executing Update app-ops uidState in case package com.android.providers.calendar changed
04-04 04:29:52.622 I/SystemServerTimingAsync( 1145): InitThreadPoolExec:Update app-ops uidState in case package com.android.soundpicker changed
04-04 04:29:52.622 D/SystemServerInitThreadPool( 1145): Started executing Update app-ops uidState in case package com.android.soundpicker changed
04-04 04:29:52.622 I/SystemServerTimingAsync( 1145): InitThreadPoolExec:Update app-ops uidState in case package com.android.providers.contacts changed
04-04 04:29:52.622 D/SystemServerInitThreadPool( 1145): Started executing Update app-ops uidState in case package com.android.providers.contacts changed
04-04 04:29:52.622 I/SystemServerTimingAsync( 1145): InitThreadPoolExec:Update app-ops uidState in case package com.android.bluetooth changed
04-04 04:29:52.623 I/SystemServerTimingAsync( 1145): InitThreadPoolExec:Update app-ops uidState in case package android changed
04-04 04:29:52.623 D/SystemServerInitThreadPool( 1145): Started executing Update app-ops uidState in case package com.android.bluetooth changed
04-04 04:29:52.624 D/SystemServerInitThreadPool( 1145): Started executing Update app-ops uidState in case package android changed
04-04 04:29:52.624 D/SystemServerInitThreadPool( 1145): Finished executing Update app-ops uidState in case package com.sohu.inputmethod.sogou.car changed
04-04 04:29:52.624 D/SystemServerInitThreadPool( 1145): Finished executing Update app-ops uidState in case package com.android.soundpicker changed
