04-04 04:46:35.789 I/RemoteControlService( 2421): injectKeyEvent: KeyEvent { action=ACTION_UP, keyCode=KEYCODE_DPAD_RIGHT, scanCode=0, metaState=0, flags=0x0, repeatCount=0, eventTime=1048325, downTime=1048325, deviceId=-1, source=0x101, displayId=-1 }
04-04 04:46:35.797 D/RemoteControlService( 2421): Digest: 3AF9B5E190DD1A47F21EA7D21FC1C92D7E09A016060D8FCC33CECF974D064D18
04-04 04:46:35.798 D/RemoteControlService( 2421): Send data length: 117
04-04 04:46:35.798 D/RemoteControlService( 2421): Send message finished. direction: 32, messageType: 5, json: {"source":0,"token":"93kE8b8yEoa4BeV","type":"right","value":1}
04-04 04:46:35.799 D/RemoteControlService( 2421): RemoteKeyCommand ResponseSpeedTest - use time: 29
04-04 04:46:35.933 D/RemoteControlService( 2421): getEvent: clientSocket = Socket[address=/192.168.4.4,port=32939,localPort=12600]
04-04 04:46:35.935 D/RemoteControlService( 2421): run: called
04-04 04:46:35.935 D/RemoteControlService( 2421): getEvent: start waiting...
04-04 04:46:35.936 E/RemoteControlService( 2421): Enter ListenSocketRunnable
04-04 04:46:35.938 D/RemoteControlService( 2421): After desEncrypt json is [{"type":"right","source":1,"token":"93kE8b8yEoa4BeV","value":"click"}]
04-04 04:46:35.939 D/RemoteControlService( 2421): buildRemoteCommand:type=5
04-04 04:46:35.939 D/RemoteControlService( 2421): Request params: BaseRequestCommandBean{source=1, token='93kE8b8yEoa4BeV', type='right', value='click'}
04-04 04:46:35.940 D/RemoteControlService( 2421): handleMessage called
04-04 04:46:35.940 D/RemoteControlService( 2421): Is not connect command
04-04 04:46:35.940 D/RemoteControlService( 2421): haveControl ? clientcom.thundercomm.remotecontrolservice.RemoteControllerClient@530a9ab
04-04 04:46:35.940 D/RemoteControlService( 2421): Client have control
04-04 04:46:35.940 D/RemoteControlService( 2421): do Action called
04-04 04:46:35.941 I/RemoteControlService( 2421): injectKeyEvent: KeyEvent { action=ACTION_DOWN, keyCode=KEYCODE_DPAD_RIGHT, scanCode=0, metaState=0, flags=0x0, repeatCount=0, eventTime=1048490, downTime=1048490, deviceId=-1, source=0x101, displayId=-1 }
04-04 04:46:35.951 I/RemoteControlService( 2421): injectKeyEvent: KeyEvent { action=ACTION_UP, keyCode=KEYCODE_DPAD_RIGHT, scanCode=0, metaState=0, flags=0x0, repeatCount=0, eventTime=1048490, downTime=1048490, deviceId=-1, source=0x101, displayId=-1 }
04-04 04:46:35.956 D/RemoteControlService( 2421): Digest: 3AF9B5E190DD1A47F21EA7D21FC1C92D7E09A016060D8FCC33CECF974D064D18
04-04 04:46:35.956 D/RemoteControlService( 2421): Send data length: 117
04-04 04:46:35.957 D/RemoteControlService( 2421): Send message finished. direction: 32, messageType: 5, json: {"source":0,"token":"93kE8b8yEoa4BeV","type":"right","value":1}
04-04 04:46:35.960 D/RemoteControlService( 2421): RemoteKeyCommand ResponseSpeedTest - use time: 27
04-04 04:46:36.040 I/mpu_uart( 661): [MSG-P:RECV]:No message received in 1000 ms
04-04 04:46:36.101 D/RemoteControlService( 2421): getEvent: clientSocket = Socket[address=/192.168.4.4,port=46027,localPort=12600]
04-04 04:46:36.102 D/RemoteControlService( 2421): run: called
04-04 04:46:36.102 D/RemoteControlService( 2421): getEvent: start waiting...
04-04 04:46:36.103 E/RemoteControlService( 2421): Enter ListenSocketRunnable
04-04 04:46:36.104 D/RemoteControlService( 2421): After desEncrypt json is [{"type":"right","source":1,"token":"93kE8b8yEoa4BeV","value":"click"}]
04-04 04:46:36.104 D/RemoteControlService( 2421): buildRemoteCommand:type=5
04-04 04:46:36.105 D/RemoteControlService( 2421): Request params: BaseRequestCommandBean{source=1, token='93kE8b8yEoa4BeV', type='right', value='click'}
04-04 04:46:36.106 D/RemoteControlService( 2421): handleMessage called
04-04 04:46:36.106 D/RemoteControlService( 2421): Is not connect command
04-04 04:46:36.106 D/RemoteControlService( 2421): haveControl ? clientcom.thundercomm.remotecontrolservice.RemoteControllerClient@530a9ab
04-04 04:46:36.106 D/RemoteControlService( 2421): Client have control
04-04 04:46:36.106 D/RemoteControlService( 2421): do Action called
04-04 04:46:36.107 I/RemoteControlService( 2421): injectKeyEvent: KeyEvent { action=ACTION_DOWN, keyCode=KEYCODE_DPAD_RIGHT, scanCode=0, metaState=0, flags=0x0, repeatCount=0, eventTime=1048656, downTime=1048656, deviceId=-1, source=0x101, displayId=-1 }
04-04 04:46:36.112 I/RemoteControlService( 2421): injectKeyEvent: KeyEvent { action=ACTION_UP, keyCode=KEYCODE_DPAD_RIGHT, scanCode=0, metaState=0, flags=0x0, repeatCount=0, eventTime=1048656, downTime=1048656, deviceId=-1, source=0x101, displayId=-1 }
04-04 04:46:36.115 D/RemoteControlService( 2421): Digest: 3AF9B5E190DD1A47F21EA7D21FC1C92D7E09A016060D8FCC33CECF974D064D18
04-04 04:46:36.116 D/RemoteControlService( 2421): Send data length: 117
04-04 04:46:36.116 D/RemoteControlService( 2421): Send message finished. direction: 32, messageType: 5, json: {"source":0,"token":"93kE8b8yEoa4BeV","type":"right","value":1}
04-04 04:46:36.119 D/RemoteControlService( 2421): RemoteKeyCommand ResponseSpeedTest - use time: 18
04-04 04:46:36.119 W/swapper/0( 0): type=1400 audit(0.0:637): avc: denied { kill } for capability=5 scontext=u:r:kernel:s0 tcontext=u:r:kernel:s0 tclass=capability permissive=0
04-04 04:46:36.275 D/RemoteControlService( 2421): getEvent: clientSocket = Socket[address=/192.168.4.4,port=34463,localPort=12600]
04-04 04:46:36.277 D/RemoteControlService( 2421): run: called
04-04 04:46:36.277 D/RemoteControlService( 2421): getEvent: start waiting...
04-04 04:46:36.278 E/RemoteControlService( 2421): Enter ListenSocketRunnable
04-04 04:46:36.280 D/RemoteControlService( 2421): After desEncrypt json is [{"type":"right","source":1,"token":"93kE8b8yEoa4BeV","value":"click"}]
04-04 04:46:36.280 D/RemoteControlService( 2421): buildRemoteCommand:type=5
04-04 04:46:36.280 D/RemoteControlService( 2421): Request params: BaseRequestCommandBean{source=1, token='93kE8b8yEoa4BeV', type='right', value='click'}
04-04 04:46:36.281 D/RemoteControlService( 2421): handleMessage called
04-04 04:46:36.281 D/RemoteControlService( 2421): Is not connect command
04-04 04:46:36.281 D/RemoteControlService( 2421): haveControl ? clientcom.thundercomm.remotecontrolservice.RemoteControllerClient@530a9ab
04-04 04:46:36.281 D/RemoteControlService( 2421): Client have control
04-04 04:46:36.281 D/RemoteControlService( 2421): do Action called
04-04 04:46:36.282 I/RemoteControlService( 2421): injectKeyEvent: KeyEvent { action=ACTION_DOWN, keyCode=KEYCODE_DPAD_RIGHT, scanCode=0, metaState=0, flags=0x0, repeatCount=0, eventTime=1048831, downTime=1048831, deviceId=-1, source=0x101, displayId=-1 }
04-04 04:46:36.292 I/RemoteControlService( 2421): injectKeyEvent: KeyEvent { action=ACTION_UP, keyCode=KEYCODE_DPAD_RIGHT, scanCode=0, metaState=0, flags=0x0, repeatCount=0, eventTime=1048831, downTime=1048831, deviceId=-1, source=0x101, displayId=-1 }
04-04 04:46:36.299 D/RemoteControlService( 2421): Digest: 3AF9B5E190DD1A47F21EA7D21FC1C92D7E09A016060D8FCC33CECF974D064D18
04-04 04:46:36.299 D/RemoteControlService( 2421): Send data length: 117
04-04 04:46:36.300 D/RemoteControlService( 2421): Send message finished. direction: 32, messageType: 5, json: {"source":0,"token":"93kE8b8yEoa4BeV","type":"right","value":1}
04-04 04:46:36.303 D/RemoteControlService( 2421): RemoteKeyCommand ResponseSpeedTest - use time: 28
04-04 04:46:36.462 D/RemoteControlService( 2421): getEvent: clientSocket = Socket[address=/192.168.4.4,port=40339,localPort=12600]
04-04 04:46:36.464 D/RemoteControlService( 2421): run: called
04-04 04:46:36.464 D/RemoteControlService( 2421): getEvent: start waiting...
04-04 04:46:36.465 E/RemoteControlService( 2421): Enter ListenSocketRunnable
04-04 04:46:36.467 D/RemoteControlService( 2421): After desEncrypt json is [{"type":"right","source":1,"token":"93kE8b8yEoa4BeV","value":"click"}]
04-04 04:46:36.467 D/RemoteControlService( 2421): buildRemoteCommand:type=5
04-04 04:46:36.467 D/RemoteControlService( 2421): Request params: BaseRequestCommandBean{source=1, token='93kE8b8yEoa4BeV', type='right', value='click'}
04-04 04:46:36.468 D/RemoteControlService( 2421): handleMessage called
04-04 04:46:36.468 D/RemoteControlService( 2421): Is not connect command
04-04 04:46:36.468 D/RemoteControlService( 2421): haveControl ? clientcom.thundercomm.remotecontrolservice.RemoteControllerClient@530a9ab
04-04 04:46:36.468 D/RemoteControlService( 2421): Client have control
04-04 04:46:36.468 D/RemoteControlService( 2421): do Action called
04-04 04:46:36.468 I/RemoteControlService( 2421): injectKeyEvent: KeyEvent { action=ACTION_DOWN, keyCode=KEYCODE_DPAD_RIGHT, scanCode=0, metaState=0, flags=0x0, repeatCount=0, eventTime=1049018, downTime=1049018, deviceId=-1, source=0x101, displayId=-1 }
04-04 04:46:36.476 I/RemoteControlService( 2421): injectKeyEvent: KeyEvent { action=ACTION_UP, keyCode=KEYCODE_DPAD_RIGHT, scanCode=0, metaState=0, flags=0x0, repeatCount=0, eventTime=1049018, downTime=1049018, deviceId=-1, source=0x101, displayId=-1 }
04-04 04:46:36.483 D/RemoteControlService( 2421): Digest: 3AF9B5E190DD1A47F21EA7D21FC1C92D7E09A016060D8FCC33CECF974D064D18
04-04 04:46:36.484 D/RemoteControlService( 2421): Send data length: 117
04-04 04:46:36.485 D/RemoteControlService( 2421): Send message finished. direction: 32, messageType: 5, json: {"source":0,"token":"93kE8b8yEoa4BeV","type":"right","value":1}
04-04 04:46:36.490 D/RemoteControlService( 2421): RemoteKeyCommand ResponseSpeedTest - use time: 28
04-04 04:46:36.634 D/RemoteControlService( 2421): getEvent: clientSocket = Socket[address=/192.168.4.4,port=39069,localPort=12600]
04-04 04:46:36.635 D/RemoteControlService( 2421): run: called
04-04 04:46:36.636 D/RemoteControlService( 2421): getEvent: start waiting...
04-04 04:46:36.636 E/RemoteControlService( 2421): Enter ListenSocketRunnable
04-04 04:46:36.637 D/RemoteControlService( 2421): After desEncrypt json is [{"type":"right","source":1,"token":"93kE8b8yEoa4BeV","value":"click"}]
04-04 04:46:36.639 D/RemoteControlService( 2421): buildRemoteCommand:type=5
04-04 04:46:36.640 D/RemoteControlService( 2421): Request params: BaseRequestCommandBean{source=1, token='93kE8b8yEoa4BeV', type='right', value='click'}
04-04 04:46:36.640 D/RemoteControlService( 2421): handleMessage called
04-04 04:46:36.640 D/RemoteControlService( 2421): Is not connect command
04-04 04:46:36.641 D/RemoteControlService( 2421): haveControl ? clientcom.thundercomm.remotecontrolservice.RemoteControllerClient@530a9ab
04-04 04:46:36.641 D/RemoteControlService( 2421): Client have control
04-04 04:46:36.641 D/RemoteControlService( 2421): do Action called
04-04 04:46:36.641 I/RemoteControlService( 2421): injectKeyEvent: KeyEvent { action=ACTION_DOWN, keyCode=KEYCODE_DPAD_RIGHT, scanCode=0, metaState=0, flags=0x0, repeatCount=0, eventTime=1049190, downTime=1049190, deviceId=-1, source=0x101, displayId=-1 }
04-04 04:46:36.648 I/RemoteControlService( 2421): injectKeyEvent: KeyEvent { action=ACTION_UP, keyCode=KEYCODE_DPAD_RIGHT, scanCode=0, metaState=0, flags=0x0, repeatCount=0, eventTime=1049190, downTime=1049190, deviceId=-1, source=0x101, displayId=-1 }
04-04 04:46:36.655 D/RemoteControlService( 2421): Digest: 3AF9B5E190DD1A47F21EA7D21FC1C92D7E09A016060D8FCC33CECF974D064D18
04-04 04:46:36.655 D/RemoteControlService( 2421): Send data length: 117
04-04 04:46:36.656 D/RemoteControlService( 2421): Send message finished. direction: 32, messageType: 5, json: {"source":0,"token":"93kE8b8yEoa4BeV","type":"right","value":1}
04-04 04:46:36.658 D/RemoteControlService( 2421): RemoteKeyCommand ResponseSpeedTest - use time: 24
04-04 04:46:36.798 D/RemoteControlService( 2421): getEvent: clientSocket = Socket[address=/192.168.4.4,port=35047,localPort=12600]
04-04 04:46:36.800 D/RemoteControlService( 2421): run: called
04-04 04:46:36.800 D/RemoteControlService( 2421): getEvent: start waiting...
04-04 04:46:36.801 E/RemoteControlService( 2421): Enter ListenSocketRunnable
04-04 04:46:36.803 D/RemoteControlService( 2421): After desEncrypt json is [{"type":"right","source":1,"token":"93kE8b8yEoa4BeV","value":"click"}]
04-04 04:46:36.803 D/RemoteControlService( 2421): buildRemoteCommand:type=5
04-04 04:46:36.803 D/RemoteControlService( 2421): Request params: BaseRequestCommandBean{source=1, token='93kE8b8yEoa4BeV', type='right', value='click'}
04-04 04:46:36.804 D/RemoteControlService( 2421): handleMessage called
04-04 04:46:36.804 D/RemoteControlService( 2421): Is not connect command
04-04 04:46:36.804 D/RemoteControlService( 2421): haveControl ? clientcom.thundercomm.remotecontrolservice.RemoteControllerClient@530a9ab
04-04 04:46:36.804 D/RemoteControlService( 2421): Client have control
04-04 04:46:36.804 D/RemoteControlService( 2421): do Action called
04-04 04:46:36.804 I/RemoteControlService( 2421): injectKeyEvent: KeyEvent { action=ACTION_DOWN, keyCode=KEYCODE_DPAD_RIGHT, scanCode=0, metaState=0, flags=0x0, repeatCount=0, eventTime=1049354, downTime=1049354, deviceId=-1, source=0x101, displayId=-1 }
04-04 04:46:36.813 I/RemoteControlService( 2421): injectKeyEvent: KeyEvent { action=ACTION_UP, keyCode=KEYCODE_DPAD_RIGHT, scanCode=0, metaState=0, flags=0x0, repeatCount=0, eventTime=1049354, downTime=1049354, deviceId=-1, source=0x101, displayId=-1 }
04-04 04:46:36.821 D/RemoteControlService( 2421): Digest: 3AF9B5E190DD1A47F21EA7D21FC1C92D7E09A016060D8FCC33CECF974D064D18
04-04 04:46:36.822 D/RemoteControlService( 2421): Send data length: 117
04-04 04:46:36.822 D/RemoteControlService( 2421): Send message finished. direction: 32, messageType: 5, json: {"source":0,"token":"93kE8b8yEoa4BeV","type":"right","value":1}
04-04 04:46:36.825 D/RemoteControlService( 2421): RemoteKeyCommand ResponseSpeedTest - use time: 27
04-04 04:46:36.959 D/RemoteControlService( 2421): getEvent: clientSocket = Socket[address=/192.168.4.4,port=60049,localPort=12600]
04-04 04:46:36.960 D/RemoteControlService( 2421): run: called
04-04 04:46:36.960 D/RemoteControlService( 2421): getEvent: start waiting...
04-04 04:46:36.961 E/RemoteControlService( 2421): Enter ListenSocketRunnable
04-04 04:46:36.962 D/RemoteControlService( 2421): After desEncrypt json is [{"type":"right","source":1,"token":"93kE8b8yEoa4BeV","value":"click"}]
04-04 04:46:36.963 D/RemoteControlService( 2421): buildRemoteCommand:type=5
04-04 04:46:36.963 D/RemoteControlService( 2421): Request params: BaseRequestCommandBean{source=1, token='93kE8b8yEoa4BeV', type='right', value='click'}
04-04 04:46:36.963 D/RemoteControlService( 2421): handleMessage called
04-04 04:46:36.963 D/RemoteControlService( 2421): Is not connect command
04-04 04:46:36.963 D/RemoteControlService( 2421): haveControl ? clientcom.thundercomm.remotecontrolservice.RemoteControllerClient@530a9ab
04-04 04:46:36.963 D/RemoteControlService( 2421): Client have control
04-04 04:46:36.964 D/RemoteControlService( 2421): do Action called
04-04 04:46:36.964 I/RemoteControlService( 2421): injectKeyEvent: KeyEvent { action=ACTION_DOWN, keyCode=KEYCODE_DPAD_RIGHT, scanCode=0, metaState=0, flags=0x0, repeatCount=0, eventTime=1049513, downTime=1049513, deviceId=-1, source=0x101, displayId=-1 }
04-04 04:46:36.970 I/RemoteControlService( 2421): injectKeyEvent: KeyEvent { action=ACTION_UP, keyCode=KEYCODE_DPAD_RIGHT, scanCode=0, metaState=0, flags=0x0, repeatCount=0, eventTime=1049513, downTime=1049513, deviceId=-1, source=0x101, displayId=-1 }
04-04 04:46:36.976 D/RemoteControlService( 2421): Digest: 3AF9B5E190DD1A47F21EA7D21FC1C92D7E09A016060D8FCC33CECF974D064D18
04-04 04:46:36.976 D/RemoteControlService( 2421): Send data length: 117
04-04 04:46:36.977 D/RemoteControlService( 2421): Send message finished. direction: 32, messageType: 5, json: {"source":0,"token":"93kE8b8yEoa4BeV","type":"right","value":1}
04-04 04:46:36.979 D/RemoteControlService( 2421): RemoteKeyCommand ResponseSpeedTest - use time: 21
04-04 04:46:37.041 I/mpu_uart( 661): [MSG-P:RECV]:No message received in 1000 ms
04-04 04:46:37.129 D/RemoteControlService( 2421): getEvent: clientSocket = Socket[address=/192.168.4.4,port=33605,localPort=12600]
04-04 04:46:37.130 D/RemoteControlService( 2421): run: called
04-04 04:46:37.130 D/RemoteControlService( 2421): getEvent: start waiting...
04-04 04:46:37.131 E/RemoteControlService( 2421): Enter ListenSocketRunnable
04-04 04:46:37.132 D/RemoteControlService( 2421): After desEncrypt json is [{"type":"right","source":1,"token":"93kE8b8yEoa4BeV","value":"click"}]
04-04 04:46:37.132 D/RemoteControlService( 2421): buildRemoteCommand:type=5
04-04 04:46:37.132 D/RemoteControlService( 2421): Request params: BaseRequestCommandBean{source=1, token='93kE8b8yEoa4BeV', type='right', value='click'}
04-04 04:46:37.133 D/RemoteControlService( 2421): handleMessage called
04-04 04:46:37.133 D/RemoteControlService( 2421): Is not connect command
04-04 04:46:37.133 D/RemoteControlService( 2421): haveControl ? clientcom.thundercomm.remotecontrolservice.RemoteControllerClient@530a9ab
04-04 04:46:37.133 D/RemoteControlService( 2421): Client have control
04-04 04:46:37.133 D/RemoteControlService( 2421): do Action called
04-04 04:46:37.133 I/RemoteControlService( 2421): injectKeyEvent: KeyEvent { action=ACTION_DOWN, keyCode=KEYCODE_DPAD_RIGHT, scanCode=0, metaState=0, flags=0x0, repeatCount=0, eventTime=1049683, downTime=1049683, deviceId=-1, source=0x101, displayId=-1 }
04-04 04:46:37.138 I/RemoteControlService( 2421): injectKeyEvent: KeyEvent { action=ACTION_UP, keyCode=KEYCODE_DPAD_RIGHT, scanCode=0, metaState=0, flags=0x0, repeatCount=0, eventTime=1049683, downTime=1049683, deviceId=-1, source=0x101, displayId=-1 }
04-04 04:46:37.141 D/RemoteControlService( 2421): Digest: 3AF9B5E190DD1A47F21EA7D21FC1C92D7E09A016060D8FCC33CECF974D064D18
04-04 04:46:37.142 D/RemoteControlService( 2421): Send data length: 117
04-04 04:46:37.142 D/RemoteControlService( 2421): Send message finished. direction: 32, messageType: 5, json: {"source":0,"token":"93kE8b8yEoa4BeV","type":"right","value":1}
04-04 04:46:37.144 D/RemoteControlService( 2421): RemoteKeyCommand ResponseSpeedTest - use time: 15
04-04 04:46:37.293 D/RemoteControlService( 2421): getEvent: clientSocket = Socket[address=/192.168.4.4,port=42307,localPort=12600]
04-04 04:46:37.294 D/RemoteControlService( 2421): run: called
04-04 04:46:37.295 D/RemoteControlService( 2421): getEvent: start waiting...
04-04 04:46:37.295 E/RemoteControlService( 2421): Enter ListenSocketRunnable
04-04 04:46:37.297 D/RemoteControlService( 2421): After desEncrypt json is [{"type":"right","source":1,"token":"93kE8b8yEoa4BeV","value":"click"}]
04-04 04:46:37.298 D/RemoteControlService( 2421): buildRemoteCommand:type=5
04-04 04:46:37.298 D/RemoteControlService( 2421): Request params: BaseRequestCommandBean{source=1, token='93kE8b8yEoa4BeV', type='right', value='click'}
04-04 04:46:37.299 D/RemoteControlService( 2421): handleMessage called
04-04 04:46:37.299 D/RemoteControlService( 2421): Is not connect command
04-04 04:46:37.299 D/RemoteControlService( 2421): haveControl ? clientcom.thundercomm.remotecontrolservice.RemoteControllerClient@530a9ab
04-04 04:46:37.299 D/RemoteControlService( 2421): Client have control
04-04 04:46:37.299 D/RemoteControlService( 2421): do Action called
04-04 04:46:37.299 I/RemoteControlService( 2421): injectKeyEvent: KeyEvent { action=ACTION_DOWN, keyCode=KEYCODE_DPAD_RIGHT, scanCode=0, metaState=0, flags=0x0, repeatCount=0, eventTime=1049849, downTime=1049849, deviceId=-1, source=0x101, displayId=-1 }
04-04 04:46:37.308 I/RemoteControlService( 2421): injectKeyEvent: KeyEvent { action=ACTION_UP, keyCode=KEYCODE_DPAD_RIGHT, scanCode=0, metaState=0, flags=0x0, repeatCount=0, eventTime=1049849, downTime=1049849, deviceId=-1, source=0x101, displayId=-1 }
04-04 04:46:37.314 D/RemoteControlService( 2421): Digest: 3AF9B5E190DD1A47F21EA7D21FC1C92D7E09A016060D8FCC33CECF974D064D18
04-04 04:46:37.315 D/RemoteControlService( 2421): Send data length: 117
04-04 04:46:37.315 D/RemoteControlService( 2421): Send message finished. direction: 32, messageType: 5, json: {"source":0,"token":"93kE8b8yEoa4BeV","type":"right","value":1}
04-04 04:46:37.317 D/RemoteControlService( 2421): RemoteKeyCommand ResponseSpeedTest - use time: 24
04-04 04:46:37.481 D/RemoteControlService( 2421): getEvent: clientSocket = Socket[address=/192.168.4.4,port=59487,localPort=12600]
04-04 04:46:37.482 D/RemoteControlService( 2421): run: called
04-04 04:46:37.483 D/RemoteControlService( 2421): getEvent: start waiting...
04-04 04:46:37.483 E/RemoteControlService( 2421): Enter ListenSocketRunnable
04-04 04:46:37.485 D/RemoteControlService( 2421): After desEncrypt json is [{"type":"right","source":1,"token":"93kE8b8yEoa4BeV","value":"click"}]
04-04 04:46:37.485 D/RemoteControlService( 2421): buildRemoteCommand:type=5
04-04 04:46:37.485 D/RemoteControlService( 2421): Request params: BaseRequestCommandBean{source=1, token='93kE8b8yEoa4BeV', type='right', value='click'}
04-04 04:46:37.485 D/RemoteControlService( 2421): handleMessage called
04-04 04:46:37.486 D/RemoteControlService( 2421): Is not connect command
04-04 04:46:37.486 D/RemoteControlService( 2421): haveControl ? clientcom.thundercomm.remotecontrolservice.RemoteControllerClient@530a9ab
04-04 04:46:37.486 D/RemoteControlService( 2421): Client have control
04-04 04:46:37.486 D/RemoteControlService( 2421): do Action called
04-04 04:46:37.486 I/RemoteControlService( 2421): injectKeyEvent: KeyEvent { action=ACTION_DOWN, keyCode=KEYCODE_DPAD_RIGHT, scanCode=0, metaState=0, flags=0x0, repeatCount=0, eventTime=1050036, downTime=1050036, deviceId=-1, source=0x101, displayId=-1 }
04-04 04:46:37.495 I/RemoteControlService( 2421): injectKeyEvent: KeyEvent { action=ACTION_UP, keyCode=KEYCODE_DPAD_RIGHT, scanCode=0, metaState=0, flags=0x0, repeatCount=0, eventTime=1050036, downTime=1050036, deviceId=-1, source=0x101, displayId=-1 }
04-04 04:46:37.502 D/RemoteControlService( 2421): Digest: 3AF9B5E190DD1A47F21EA7D21FC1C92D7E09A016060D8FCC33CECF974D064D18
04-04 04:46:37.503 D/RemoteControlService( 2421): Send data length: 117
04-04 04:46:37.503 D/RemoteControlService( 2421): Send message finished. direction: 32, messageType: 5, json: {"source":0,"token":"93kE8b8yEoa4BeV","type":"right","value":1}
04-04 04:46:37.506 D/RemoteControlService( 2421): RemoteKeyCommand ResponseSpeedTest - use time: 25
04-04 04:46:37.655 I/hpplay-java( 2927): [main]:ServerTaskManager:restart by error
04-04 04:46:37.655 I/hpplay-java( 2927): [main]:ServerTaskManager:startServer
04-04 04:46:37.656 I/hpplay-java( 2927): [main]:ServerTaskManager:startServer add, reason: server is starting or running
04-04 04:46:37.656 I/hpplay-java( 2927): [main]:ServerTaskManager:addStopTask
04-04 04:46:37.656 I/hpplay-java( 2927): [main]:ServerTaskManager:addStartTask
04-04 04:46:37.656 I/hpplay-java( 2927): [main]:ServerTaskManager:exeTask stopServer
04-04 04:46:37.657 I/hpplay-java( 2927): [main]:Bridge:stopServer keepPush: false
04-04 04:46:37.657 D/hpplay-base( 2927): [jniBridge:909] Bridge__1stopServer status:2
04-04 04:46:37.659 D/hpplay-base( 2927): [LelinkBase:654] stopAllServer will start thread!
04-04 04:46:37.661 I/hpplay-base( 2927): [mDNSEmbeded:65] embedded_mDNSExit call
04-04 04:46:37.662 D/hpplay-base( 2927): [REventUtils:197] handleREventThread thread end!!,tid is 6223
04-04 04:46:37.662 D/hpplay-base( 2927): [AEventUtils:588] handle AEvent thread end!!,tid is 6221
04-04 04:46:37.753 D/hpplay-base( 2927): [stream_mirror_compat:1284] mirror stream begin to exit,server fd:97,thread_id:3192766912!!
04-04 04:46:37.754 D/hpplay-base( 2927): [stream_mirror_compat:1323] ##screen stream exit successfully!!##
04-04 04:46:37.858 D/hpplay-base( 2927): [Server:447] startHttpServer will END srv->serverType:0
04-04 04:46:37.860 D/hpplay-base( 2927): [Server:646] startHttpServer cond srv_shutdown:1 connectNummber:0
04-04 04:46:37.860 D/hpplay-base( 2927): [Server:669] startHttpServer wait cond END. srv_shutdown:1 connectNummber:0
04-04 04:46:37.860 D/hpplay-base( 2927): [Server:457] HttpServer END, tid is 6201
04-04 04:46:38.022 D/RemoteControlService( 2421): getEvent: clientSocket = Socket[address=/192.168.4.4,port=36255,localPort=12600]
04-04 04:46:38.023 D/RemoteControlService( 2421): run: called
04-04 04:46:38.023 D/RemoteControlService( 2421): getEvent: start waiting...
04-04 04:46:38.024 E/RemoteControlService( 2421): Enter ListenSocketRunnable
04-04 04:46:38.025 D/RemoteControlService( 2421): After desEncrypt json is [{"type":"right","source":1,"token":"93kE8b8yEoa4BeV","value":"click"}]
04-04 04:46:38.025 D/RemoteControlService( 2421): buildRemoteCommand:type=5
04-04 04:46:38.027 D/RemoteControlService( 2421): Request params: BaseRequestCommandBean{source=1, token='93kE8b8yEoa4BeV', type='right', value='click'}
04-04 04:46:38.027 D/RemoteControlService( 2421): handleMessage called
04-04 04:46:38.027 D/RemoteControlService( 2421): Is not connect command
04-04 04:46:38.027 D/RemoteControlService( 2421): haveControl ? clientcom.thundercomm.remotecontrolservice.RemoteControllerClient@530a9ab
04-04 04:46:38.027 D/RemoteControlService( 2421): Client have control
04-04 04:46:38.027 D/RemoteControlService( 2421): do Action called
04-04 04:46:38.027 I/RemoteControlService( 2421): injectKeyEvent: KeyEvent { action=ACTION_DOWN, keyCode=KEYCODE_DPAD_RIGHT, scanCode=0, metaState=0, flags=0x0, repeatCount=0, eventTime=1050577, downTime=1050577, deviceId=-1, source=0x101, displayId=-1 }
04-04 04:46:38.033 I/RemoteControlService( 2421): injectKeyEvent: KeyEvent { action=ACTION_UP, keyCode=KEYCODE_DPAD_RIGHT, scanCode=0, metaState=0, flags=0x0, repeatCount=0, eventTime=1050577, downTime=1050577, deviceId=-1, source=0x101, displayId=-1 }
04-04 04:46:38.037 D/RemoteControlService( 2421): Digest: 3AF9B5E190DD1A47F21EA7D21FC1C92D7E09A016060D8FCC33CECF974D064D18
04-04 04:46:38.037 D/RemoteControlService( 2421): Send data length: 117
04-04 04:46:38.037 D/RemoteControlService( 2421): Send message finished. direction: 32, messageType: 5, json: {"source":0,"token":"93kE8b8yEoa4BeV","type":"right","value":1}
04-04 04:46:38.039 D/RemoteControlService( 2421): RemoteKeyCommand ResponseSpeedTest - use time: 17
04-04 04:46:38.041 I/mpu_uart( 661): [MSG-P:RECV]:No message received in 1000 ms
04-04 04:46:38.119 W/swapper/1( 0): type=1400 audit(0.0:638): avc: denied { kill } for capability=5 scontext=u:r:kernel:s0 tcontext=u:r:kernel:s0 tclass=capability permissive=0
04-04 04:46:38.370 I/mpu_uart( 661): [MSG-P:R]:recv sync frame timeout
04-04 04:46:38.416 I/hpplay-base( 2927): [mDNSEmbeded:140] embedded_mDNSLoop Exiting end,tid is 6218
04-04 04:46:38.417 D/hpplay-base( 2927): [mDNSEmbeded:452] stopmDNSServer end stopmDNSNow=2, nRet=0
04-04 04:46:38.540 D/RemoteControlService( 2421): getEvent: clientSocket = Socket[address=/192.168.4.4,port=58551,localPort=12600]
04-04 04:46:38.543 D/RemoteControlService( 2421): run: called
04-04 04:46:38.543 D/RemoteControlService( 2421): getEvent: start waiting...
04-04 04:46:38.544 E/RemoteControlService( 2421): Enter ListenSocketRunnable
04-04 04:46:38.546 D/RemoteControlService( 2421): After desEncrypt json is [{"type":"ok","source":1,"token":"93kE8b8yEoa4BeV","value":"click"}]
04-04 04:46:38.547 D/RemoteControlService( 2421): buildRemoteCommand:type=5
04-04 04:46:38.547 D/RemoteControlService( 2421): Request params: BaseRequestCommandBean{source=1, token='93kE8b8yEoa4BeV', type='ok', value='click'}
04-04 04:46:38.548 D/RemoteControlService( 2421): handleMessage called
04-04 04:46:38.548 D/RemoteControlService( 2421): Is not connect command
04-04 04:46:38.548 D/RemoteControlService( 2421): haveControl ? clientcom.thundercomm.remotecontrolservice.RemoteControllerClient@530a9ab
04-04 04:46:38.548 D/RemoteControlService( 2421): Client have control
04-04 04:46:38.548 D/RemoteControlService( 2421): do Action called
04-04 04:46:38.549 I/RemoteControlService( 2421): injectKeyEvent: KeyEvent { action=ACTION_DOWN, keyCode=KEYCODE_DPAD_CENTER, scanCode=0, metaState=0, flags=0x0, repeatCount=0, eventTime=1051098, downTime=1051098, deviceId=-1, source=0x101, displayId=-1 }
04-04 04:46:38.559 I/RemoteControlService( 2421): injectKeyEvent: KeyEvent { action=ACTION_UP, keyCode=KEYCODE_DPAD_CENTER, scanCode=0, metaState=0, flags=0x0, repeatCount=0, eventTime=1051098, downTime=1051098, deviceId=-1, source=0x101, displayId=-1 }
04-04 04:46:38.578 I/thunderperf( 1145): Maybe need boostperf for current app!
04-04 04:46:38.579 D/FgBoostPerfService( 2118): [FgBoostPerfService.perfBoostAcq]start: stat=true pkgName=com.android.settings
04-04 04:46:38.579 I/FgBoostPerfService( 2118): [FgBoostPerfService.perfBoostAcq] not game-mode or game app!
04-04 04:46:38.580 I/ThunderPerfManager( 1145): PerfAcq error : state=true pkgName=com.android.settings
04-04 04:46:38.581 I/FgBoostPerfService( 2118): [GetGpuMode] isMode=0 isGame=false mGpuMode=0
04-04 04:46:38.582 I/FgBoostPerfService( 2118): [GetGpuDpiType] isMode=0 isGame=false mGpuDpiType=0
04-04 04:46:38.583 I/FgBoostPerfService( 2118): [GetGpuDpiType] isMode=0 isGame=false mGpuStandardValue=0
04-04 04:46:38.584 I/thunderperf( 1145): Current app pkgName=com.android.settings bm:com.thundercomm.perf.BoostPerfManager@993622e gpuMode=-1 gpuType=-1 gpuStandardVal=-1
04-04 04:46:38.584 I/ThunderBoostPerfService( 1145): Resolution: Uid=10083 Pid=2670 gMode=-1 dType=-1 gpuStandardVal=-1
04-04 04:46:38.587 I/thunderperf( 1145): PlatormCompat.setOverrides: Uid1=10083 Pid1=2670 Uid2=10083 Pid2=2670
04-04 04:46:38.587 I/thunderperf( 1145): PlatormCompat.setOverrides: needCheck:false
04-04 04:46:38.587 I/thunderperf( 1145): CompatConfig.addOverrideUnsafe: bef-state=0
04-04 04:46:38.587 I/OpenGLRenderer( 2670): Davey! duration=9223370985746ms; Flags=0, FrameTimelineVsyncId=-1, IntendedVsync=1051107569857, Vsync=1051107575066, InputEventId=-538022470, HandleInputStart=1051107593503, AnimationStart=1051107599024, PerformTraversalsStart=1051108302305, DrawStart=1051108573764, FrameDeadline=-9223372036838109143, FrameInterval=1051107575066, FrameStartTime=16666666, SyncQueued=1051109152826, SyncStart=1051109449961, IssueDrawCommandsStart=1051109852722, SwapBuffers=1051114861941, FrameCompleted=9223372036854775807, DequeueBufferDuration=77969, QueueBufferDuration=2448958, GpuCompleted=9223372036854775807, SwapBuffersCompleted=1051118715170, DisplayPresentTime=997066279826,
04-04 04:46:38.587 I/thunderperf( 1145): CompatConfig.addOverrideUnsafe: aft-state=0
04-04 04:46:38.589 I/thunderperf( 1145): CompatConfig.addOverrideUnsafe: bef-state=0
04-04 04:46:38.590 I/thunderperf( 1145): CompatConfig.addOverrideUnsafe: aft-state=0
04-04 04:46:38.591 I/thunderperf( 1145): CompatConfig.addOverrideUnsafe: bef-state=0
04-04 04:46:38.591 I/thunderperf( 1145): CompatConfig.addOverrideUnsafe: aft-state=0
04-04 04:46:38.593 I/thunderperf( 1145): CompatConfig.addOverrideUnsafe: bef-state=0
04-04 04:46:38.593 I/thunderperf( 1145): CompatConfig.addOverrideUnsafe: aft-state=0
04-04 04:46:38.594 I/thunderperf( 1145): CompatConfig.addOverrideUnsafe: bef-state=0
04-04 04:46:38.594 I/thunderperf( 1145): CompatConfig.addOverrideUnsafe: aft-state=0
04-04 04:46:38.595 I/thunderperf( 1145): CompatConfig.addOverrideUnsafe: bef-state=0
04-04 04:46:38.595 I/thunderperf( 1145): CompatConfig.addOverrideUnsafe: aft-state=0
04-04 04:46:38.597 I/thunderperf( 1145): CompatConfig.addOverrideUnsafe: bef-state=0
04-04 04:46:38.597 I/thunderperf( 1145): CompatConfig.addOverrideUnsafe: aft-state=0
04-04 04:46:38.598 I/thunderperf( 1145): CompatConfig.addOverrideUnsafe: bef-state=0
04-04 04:46:38.599 I/thunderperf( 1145): CompatConfig.addOverrideUnsafe: aft-state=0
04-04 04:46:38.600 I/thunderperf( 1145): CompatConfig.addOverrideUnsafe: bef-state=0
04-04 04:46:38.600 I/thunderperf( 1145): CompatConfig.addOverrideUnsafe: aft-state=0
04-04 04:46:38.601 I/thunderperf( 1145): CompatConfig.addOverrideUnsafe: bef-state=0
04-04 04:46:38.601 I/thunderperf( 1145): CompatConfig.addOverrideUnsafe: aft-state=0
04-04 04:46:38.602 I/thunderperf( 1145): CompatConfig.addOverrideUnsafe: bef-state=0
04-04 04:46:38.603 I/thunderperf( 1145): CompatConfig.addOverrideUnsafe: aft-state=0
04-04 04:46:38.604 I/thunderperf( 1145): CompatConfig.addOverrideUnsafe: bef-state=0
04-04 04:46:38.604 I/thunderperf( 1145): CompatConfig.addOverrideUnsafe: aft-state=0
04-04 04:46:38.605 I/thunderperf( 1145): CompatConfig.addOverrideUnsafe: bef-state=0
04-04 04:46:38.605 I/thunderperf( 1145): CompatConfig.addOverrideUnsafe: aft-state=0
04-04 04:46:38.606 I/thunderperf( 1145): CompatConfig.addOverrideUnsafe: bef-state=0
04-04 04:46:38.607 I/thunderperf( 1145): CompatConfig.addOverrideUnsafe: aft-state=0
04-04 04:46:38.616 I/ThunderBoostPerfService( 1145): Disable downscaling com.android.settings to 2380x1020
04-04 04:46:38.617 I/ActivityTaskManager( 1145): START u0 {act=android.intent.action.MAIN cat=[android.intent.category.LAUNCHER] flg=0x10200000 cmp=com.android.settings/.Settings bnds=[2128,710][2314,910]} from uid 10083
04-04 04:46:38.617 I/EventSequenceValidator( 1145): inc AccIntentStartedEvents to 2
04-04 04:46:38.623 D/CompatibilityInfo( 1145): mCompatibilityFlags - 4
04-04 04:46:38.623 D/CompatibilityInfo( 1145): applicationDensity - 240
04-04 04:46:38.623 D/CompatibilityInfo( 1145): applicationScale - 1.0
04-04 04:46:38.625 D/ActivityTrigger( 1145): ActivityTrigger activityPauseTrigger
04-04 04:46:38.626 D/PhoneStartingWindowTypeAlgorithm( 1986): preferredStartingWindowType newTask:false taskSwitch:true processRunning:true allowTaskSnapshot:true activityCreated:true useEmptySplashScreen:false legacySplashScreen:false topIsHome:false
04-04 04:46:38.626 D/PhoneStartingWindowTypeAlgorithm( 1986): isSnapshotCompatible rotation 0 snapshot 0
04-04 04:46:38.633 W/FreeFormWindowHelper( 1145): Current Display FreeFormTask is null
04-04 04:46:38.641 I/hpplay-base( 2927): [mDNSEmbeded:376] end lelink publish server, tid is 6219
04-04 04:46:38.641 D/hpplay-base( 2927): [mDNSEmbeded:420] stopmLelinkServer end nRet=0
04-04 04:46:38.641 D/hpplay-base( 2927): [LelinkBase:615] lebodlna stopServerThreadFunc dlnaEnable:1
04-04 04:46:38.641 D/hpplay-base-dlna( 2927): [lebodlna_api:49] stop DMR
04-04 04:46:38.641 D/hpplay-base-dlna( 2927): [lebodlna_api:344] m_pRender Release
04-04 04:46:38.645 D/RemoteControlService( 2421): Digest: 331D629BC0B8486E9734F12D5AD647B45D719A2279A3E38F0FDD98F52B21DF51
04-04 04:46:38.645 I/ActivityTaskManager( 1145): FOREGROUND_APPLICATION_CHANGED to com.android.settings.homepage.SettingsHomepageActivity
04-04 04:46:38.645 D/RemoteControlService( 2421): Send data length: 117
04-04 04:46:38.645 D/RemoteControlService( 2421): Send message finished. direction: 32, messageType: 5, json: {"source":0,"token":"93kE8b8yEoa4BeV","type":"ok","value":1}
04-04 04:46:38.647 D/RemoteControlService( 2421): RemoteKeyCommand ResponseSpeedTest - use time: 107
04-04 04:46:38.693 W/BatteryBroadcastRcvr( 5038): Problem reading the battery meter.
04-04 04:46:38.700 D/AssistGesture( 5038): mAssistOnly:false, isSupported:false, isSensorAvailable:false
04-04 04:46:38.701 D/DashboardFragment( 5038): Cannot find preference with key system_update_settings in Controller SystemUpdatePreferenceController
04-04 04:46:38.705 D/hpplay-base-dlna( 2927): [UpnpDefine:867] DMRender release success
04-04 04:46:38.705 D/hpplay-base-dlna( 2927): [lebodlna_api:352] m_pAVT Release
04-04 04:46:38.705 D/hpplay-base-dlna( 2927): [lebodlna_api:360] m_pRCS Release
04-04 04:46:38.705 D/hpplay-base-dlna( 2927): [lebodlna_api:365] dmrender destroydmr
04-04 04:46:38.706 I/GameMode_ActivityMonitoringService( 2118): onActivityLaunch: com.android.settings, isGameApp: false
04-04 04:46:38.706 V/GameMode_GpuUtils( 2118): fps:60
04-04 04:46:38.707 D/BatteryInfo( 5038): time for getStats: 0ms
04-04 04:46:38.708 D/BatteryInfo( 5038): time for regular BatteryInfo: 1ms
04-04 04:46:38.710 D/GameModeIF_GameModeSettings( 2118): getUriFor setting_content_uri_root = content://com.thundercomm.gamemode.api/gamemode_settings , name = gamemode_enable
04-04 04:46:38.710 D/BatteryInfo( 5038): time for getBatteryInfo: 1ms
04-04 04:46:38.711 D/UsageGraph( 5038): No enabled state changed, skipping updateCategory call
04-04 04:46:38.715 I/BpBinder( 1053): onLastStrongRef automatically unlinking death recipients:
04-04 04:46:38.718 D/BatteryTipLoader( 5038): BatteryInfoLoader post query: 1ms
04-04 04:46:38.718 D/BatteryInfo( 5038): time for getBatteryInfo: 0ms
04-04 04:46:38.718 D/BatteryTipLoader( 5038): BatteryInfoLoader.loadInBackground: 1ms
04-04 04:46:38.723 E/MCUUtil ( 2670): saveLastActivity activityName=com.android.settings.homepage.SettingsHomepageActivity packageName=com.android.settings
04-04 04:46:38.729 W/BatteryBroadcastRcvr( 5038): Problem reading the battery meter.
04-04 04:46:38.729 D/BatteryInfo( 5038): time for callback: 0ms
04-04 04:46:38.734 D/SystemDashboardFrag( 5038): refreshDashboardTiles ::com.android.settingslib.drawer.ActivityTile@abc0c50
04-04 04:46:38.736 I/EventSequenceValidator( 1145): dec AccIntentStartedEvents to 1
04-04 04:46:38.738 D/StartingSurfaceDrawer( 1986): Task start finish, remove starting surface for task 28
04-04 04:46:38.751 D/BatteryTipLoader( 5038): BatteryInfoLoader post query: 1ms
04-04 04:46:38.751 D/BatteryInfo( 5038): time for getBatteryInfo: 0ms
04-04 04:46:38.751 D/BatteryTipLoader( 5038): BatteryInfoLoader.loadInBackground: 1ms
04-04 04:46:38.753 D/BatteryInfo( 5038): time for getStats: 0ms
04-04 04:46:38.756 D/BatteryInfo( 5038): time for regular BatteryInfo: 3ms
04-04 04:46:38.757 D/BatteryInfo( 5038): time for getBatteryInfo: 1ms
04-04 04:46:38.780 W/FreeFormWindowHelper( 1145): Current Display FreeFormTask is null
04-04 04:46:38.782 D/BatteryInfo( 5038): time for callback: 0ms
04-04 04:46:38.839 W/InputManager-JNI( 1145): Input channel object 'd4f8dda SnapshotStartingWindow for taskId=28 (client)' was disposed without first being removed with the input manager!
04-04 04:46:38.888 D/resolv ( 685): GetAddrInfoHandler::run: {100 262244 100 983140 10033 0}
04-04 04:46:38.888 D/resolv ( 685): resolv_getaddrinfo: explore_fqdn(): ai_family=0 ai_socktype=1 ai_protocol=6
04-04 04:46:38.889 D/resolv ( 685): doQuery: (1, 28)
04-04 04:46:38.889 D/resolv ( 685): res_nmkquery: (QUERY, IN, AAAA)
04-04 04:46:38.889 D/resolv ( 685): res_nsend
04-04 04:46:38.889 I/resolv ( 685): resolv_cache_lookup: lookup
04-04 04:46:38.889 I/resolv ( 685): resolv_cache_lookup: NOT IN CACHE
04-04 04:46:38.890 I/resolv ( 685): resolv_populate_res_for_net: netid=100
04-04 04:46:38.890 I/resolv ( 685): res_stats_usable_server: NS stats: S 39 + E 0 + T 1 + I 0 = 40, rtt = 123, min_samples = 8
04-04 04:46:38.890 D/resolv ( 685): doQuery: (1, 1)
04-04 04:46:38.890 I/resolv ( 685): res_stats_usable_server: success rate 97
04-04 04:46:38.890 D/resolv ( 685): res_nmkquery: (QUERY, IN, A)
04-04 04:46:38.890 I/resolv ( 685): res_stats_usable_server: NS stats: S 1 + E 0 + T 0 + I 0 = 1, rtt = 37, min_samples = 8
04-04 04:46:38.890 D/resolv ( 685): res_nsend: Querying server (# 1) address = 10.3.10.114:53
04-04 04:46:38.890 D/resolv ( 685): res_nsend
04-04 04:46:38.890 I/resolv ( 685): resolv_cache_lookup: lookup
04-04 04:46:38.890 I/resolv ( 685): resolv_cache_lookup: NOT IN CACHE
04-04 04:46:38.890 I/resolv ( 685): resolv_populate_res_for_net: netid=100
04-04 04:46:38.859 W/BackgroundThrea( 3325): type=1400 audit(0.0:639): avc: denied { read } for name="enforce" dev="selinuxfs" ino=4 scontext=u:r:priv_app:s0:c512,c768 tcontext=u:object_r:selinuxfs:s0 tclass=file permissive=0 app=com.baidu.input
04-04 04:46:38.892 D/resolv ( 685): send_dg: new DG socket
04-04 04:46:38.892 I/resolv ( 685): res_stats_usable_server: NS stats: S 39 + E 0 + T 1 + I 0 = 40, rtt = 123, min_samples = 8
04-04 04:46:38.892 I/resolv ( 685): res_stats_usable_server: success rate 97
04-04 04:46:38.892 I/resolv ( 685): res_stats_usable_server: NS stats: S 1 + E 0 + T 0 + I 0 = 1, rtt = 37, min_samples = 8
04-04 04:46:38.893 D/resolv ( 685): res_nsend: Querying server (# 1) address = 10.3.10.114:53
04-04 04:46:38.893 I/resolv ( 685): get_timeout: using timeout of 5000 msec
04-04 04:46:38.893 I/resolv ( 685): retrying_poll: 54 retrying_poll
04-04 04:46:38.894 D/resolv ( 685): send_dg: new DG socket
04-04 04:46:38.895 I/resolv ( 685): get_timeout: using timeout of 5000 msec
04-04 04:46:38.895 I/resolv ( 685): retrying_poll: 55 retrying_poll
04-04 04:46:38.951 I/resolv ( 685): retrying_poll: 54 retrying_poll returning 1
04-04 04:46:38.951 I/resolv ( 685): res_nsend: used send_dg 98 terrno: 0
04-04 04:46:38.951 I/resolv ( 685): res_stats_set_sample: rcode = 0, sec = 58
04-04 04:46:38.951 I/resolv ( 685): res_cache_add_stats_sample_locked: adding sample to stats, next = 40, count = 40
04-04 04:46:38.951 D/resolv ( 685): res_nsend: got answer:
04-04 04:46:38.951 I/resolv ( 685): answer_getTTL: TTL = 60
04-04 04:46:38.951 I/resolv ( 685): _cache_add_p: entry 41 added (count=41)
04-04 04:46:38.951 I/resolv ( 685): cache_dump_mru_locked: MRU LIST (41): 41 16 40 39 38 37 36 35 34 33 32 31 30 29 28 27 26 25 24 23 22 21 20 2 19 18 17 15 14 13 12 11 10 9 1 8 7 6 5 4 3
04-04 04:46:38.952 D/resolv ( 685): doQuery: rcode=0, ancount=2
04-04 04:46:38.956 I/resolv ( 685): retrying_poll: 55 retrying_poll returning 1
04-04 04:46:38.956 I/resolv ( 685): res_nsend: used send_dg 58 terrno: 0
04-04 04:46:38.956 I/resolv ( 685): res_stats_set_sample: rcode = 0, sec = 61
04-04 04:46:38.956 I/resolv ( 685): res_cache_add_stats_sample_locked: adding sample to stats, next = 41, count = 41
04-04 04:46:38.956 D/resolv ( 685): res_nsend: got answer:
04-04 04:46:38.956 I/resolv ( 685): answer_getTTL: TTL = 42
04-04 04:46:38.956 I/resolv ( 685): _cache_add_p: entry 42 added (count=42)
04-04 04:46:38.956 I/resolv ( 685): cache_dump_mru_locked: MRU LIST (42): 42 41 16 40 39 38 37 36 35 34 33 32 31 30 29 28 27 26 25 24 23 22 21 20 2 19 18 17 15 14 13 12 11 10 9 1 8 7 6 5 4 3
04-04 04:46:38.956 D/resolv ( 685): doQuery: rcode=0, ancount=1
04-04 04:46:39.006 D/hpplay-base-dlna( 2927): [lebodlna-dlna_android:186] stopDLNA
04-04 04:46:39.006 D/hpplay-base-dlna( 2927): [lebodlna-dlna_android:189] dlnaservice destroy
04-04 04:46:39.006 D/hpplay-base-dlna( 2927): [lebodlna-dlna_android:49] dlnaservice Destroy 49 int CDlnaService::Destroy()
04-04 04:46:39.006 D/hpplay-base-dlna( 2927): [lebodlna-dlnaframe:245] dlnaservice Destroy 245 static ERROR_TYPE IDlnaFrame::DestroyDlnaFrame(IDlnaFrame *)
04-04 04:46:39.006 D/hpplay-base-dlna( 2927): [lebodlna-dlnaframe:179] dlnaservice Destroy 179 virtual void CDlnaFrame::Release()
04-04 04:46:39.006 D/hpplay-base-dlna( 2927): [lebodlna-dlnaframe:190] dlnaservice Destroy 190 virtual void CDlnaFrame::Release()
04-04 04:46:39.006 D/hpplay-base-dlna( 2927): [lebodlna-dlnaframe:192] dlnaservice Destroy 192 virtual void CDlnaFrame::Release()
04-04 04:46:39.006 D/hpplay-base-dlna( 2927): [lebodlna-dlnaframe:247] dlnaservice Destroy 247 static ERROR_TYPE IDlnaFrame::DestroyDlnaFrame(IDlnaFrame *)
04-04 04:46:39.006 D/hpplay-base-dlna( 2927): [lebodlna-dlnaframe:251] dlnaservice Destroy 251 static ERROR_TYPE IDlnaFrame::DestroyDlnaFrame(IDlnaFrame *)
04-04 04:46:39.012 E/hpplay-base-dlna( 2927): upnpapi.c:655::before gminiserver ThreadPoolShutdown
04-04 04:46:39.012 E/hpplay-base-dlna( 2927): ThreadPool.c:1047::on ThreadPoolShutdown tp->totalThreads:3
04-04 04:46:39.013 E/hpplay-base-dlna( 2927): ThreadPool.c:1056::after ThreadPoolShutdown
04-04 04:46:39.013 E/hpplay-base-dlna( 2927): ThreadPool.c:1057::ThreadPoolShutdown tp->totalThreads:0
04-04 04:46:39.013 E/hpplay-base-dlna( 2927): upnpapi.c:657::after gminiserver ThreadPoolShutdown
04-04 04:46:39.013 E/hpplay-base-dlna( 2927): upnpapi.c:659::before grecv ThreadPoolShutdown
04-04 04:46:39.014 E/hpplay-base-dlna( 2927): ThreadPool.c:1047::on ThreadPoolShutdown tp->totalThreads:12
04-04 04:46:39.018 E/hpplay-base-dlna( 2927): ThreadPool.c:1056::after ThreadPoolShutdown
04-04 04:46:39.019 E/hpplay-base-dlna( 2927): ThreadPool.c:1057::ThreadPoolShutdown tp->totalThreads:0
04-04 04:46:39.020 E/hpplay-base-dlna( 2927): upnpapi.c:661::after grecv ThreadPoolShutdown
04-04 04:46:39.020 E/hpplay-base-dlna( 2927): upnpapi.c:663::before gsend ThreadPoolShutdown
04-04 04:46:39.020 E/hpplay-base-dlna( 2927): ThreadPool.c:1047::on ThreadPoolShutdown tp->totalThreads:3
04-04 04:46:39.023 E/hpplay-base-dlna( 2927): ThreadPool.c:1047::on ThreadPoolShutdown tp->totalThreads:2
04-04 04:46:39.023 E/hpplay-base-dlna( 2927): ThreadPool.c:1047::on ThreadPoolShutdown tp->totalThreads:1
04-04 04:46:39.023 E/hpplay-base-dlna( 2927): ThreadPool.c:1056::after ThreadPoolShutdown
04-04 04:46:39.023 E/hpplay-base-dlna( 2927): ThreadPool.c:1057::ThreadPoolShutdown tp->totalThreads:0
04-04 04:46:39.023 E/hpplay-base-dlna( 2927): upnpapi.c:665::after gsend ThreadPoolShutdown
04-04 04:46:39.023 D/hpplay-base-dlna( 2927): [lebodlna-dlnaframe:253] dlnaservice Destroy 253 static ERROR_TYPE IDlnaFrame::DestroyDlnaFrame(IDlnaFrame *)
04-04 04:46:39.024 D/hpplay-base-dlna( 2927): [lebodlna-dlna_android:51] dlnaservice Destroy 51 int CDlnaService::Destroy()
04-04 04:46:39.024 D/hpplay-base-dlna( 2927): [lebodlna-dlna_android:194] stopDLNA end
04-04 04:46:39.041 I/mpu_uart( 661): [MSG-P:RECV]:No message received in 1000 ms
04-04 04:46:39.119 W/swapper/2( 0): type=1400 audit(0.0:640): avc: denied { kill } for capability=5 scontext=u:r:kernel:s0 tcontext=u:r:kernel:s0 tclass=capability permissive=0
04-04 04:46:39.324 D/hpplay-base( 2927): [stream_mirror_compat:1489] request to stop screen stream session!!
04-04 04:46:39.325 D/hpplay-base( 2927): [AEventUtils:625] begin to stop event handle service!!
04-04 04:46:39.325 D/hpplay-base( 2927): [AEventUtils:628] stop event handle service ok!!
04-04 04:46:39.325 D/hpplay-base( 2927): [REventUtils:231] begin to stop report handle service!!
04-04 04:46:39.325 D/hpplay-base( 2927): [REventUtils:234] stop report handle service ok!!
04-04 04:46:39.326 D/hpplay-base( 2927): [lelinkSinkServer:711] HTTP Server stopSinkServer End .
04-04 04:46:39.326 D/hpplay-base( 2927): [jniBridge:1135] notifyJavaServerStoped
04-04 04:46:39.326 D/hpplay-base( 2927): [jniBridge:1726] notifyJava, what:202, castType:0, mimeType:0 baseStatus:4
04-04 04:46:39.326 D/hpplay-base( 2927): [jniBridge:1727] notifyJava sessionID:(null)
04-04 04:46:39.327 I/hpplay-java( 2927): [Thread-49]:Bridge:notify: what: 202
04-04 04:46:39.331 I/hpplay-java( 2927): [Thread-49]:Bridge:notify: out: OutParameters:{audioSessionId=-1, audiotrackIndex=0, castHandleType=-1, castType=0, deviceName='', dlnaName='', dramaID='', extra=0, frameHandleType=-1, handleInside=true, headduration=0, header='', headers=null, isAD=false, isMultiMirror=false, lelinkVer='', limitTime=0, , mediaAlbum='null', mediaAlbumArtURI='', mediaArtist='null', mediaAssets='', mediaTitle='null', mimeType=0, multiSession=null, period=0, pinCode='', playSpeed=0.0, playerChoice=0, plugin=0, port=0, position=0.0, positionUnit=2, protocol=0, realSessionID='', regType='', , sinkIp='', sourceAPPVersion='', sourceChannel='', sourceClientInfo='', sourceDeviceInfo='', sourceDeviceModel='', sourceDeviceName='', sourceDeviceType=0, sourceHID='', , sourceInfo='', , , sourceOSVersion='', sourceSDKVersion='', sourceUid='', stopDetail=0, stopReason=0, tailduration=0, url='', urlID='', urls=null, userAgent='', videoDecoder=0, volume=0, what=202}com.hpplay.sdk.sink.protocol.OutParameters@42c46a1
04-04 04:46:39.331 I/hpplay-java( 2927): [Thread-49]:Bridge:notify: address:98914502
04-04 04:46:39.331 D/hpplay-base( 2927): [LelinkBase:645] stopServerThreadFunc notifyJavaServerStoped!
04-04 04:46:39.335 I/hpplay-java( 2927): [main]:ServerTaskManager:startTimeOutCheck
04-04 04:46:39.335 I/hpplay-java( 2927): [main]:ServerBusiness:stopDaemonBusiness
04-04 04:46:39.335 I/hpplay-java( 2927): [main]:SinkDataReport:logout
04-04 04:46:39.336 I/hpplay-java( 2927): [main]:EPControl:release
04-04 04:46:39.344 D/resolv ( 685): GetAddrInfoHandler::run: {100 262244 100 983140 10089 0}
04-04 04:46:39.345 D/resolv ( 685): resolv_getaddrinfo: explore_fqdn(): ai_family=0 ai_socktype=1 ai_protocol=6
04-04 04:46:39.346 I/hpplay-java( 2927): [main]:Dispatcher:notifyAllReverseControlsStop
04-04 04:46:39.347 I/hpplay-java( 2927): [main]:Preference:checkFeature none
04-04 04:46:39.347 I/hpplay-java( 2927): [main]:Dispatcher:notifyAllUIControlsStop set: []
04-04 04:46:39.347 I/hpplay-java( 2927): [main]:Upgrade:upgrade not be allowed
04-04 04:46:39.347 I/hpplay-java( 2927): [main]:Bridge:findServiceID start out: 98914502
04-04 04:46:39.347 I/hpplay-java( 2927): [main]:Bridge:findServiceID end
04-04 04:46:39.347 I/hpplay-java( 2927): [main]:ServerTaskManager:onStop retry:true
04-04 04:46:39.347 I/hpplay-java( 2927): [main]:ServerTaskManager:cancelTimeOutCheck
04-04 04:46:39.348 W/hpplay-java( 2927): NanoHTTPDServerRunnable:Communication with the client broken
04-04 04:46:39.348 W/hpplay-java( 2927): java.net.SocketException: Socket closed
04-04 04:46:39.348 W/hpplay-java( 2927): at java.net.PlainSocketImpl.socketAccept(PlainSocketImpl.java:213)
04-04 04:46:39.348 W/hpplay-java( 2927): at java.net.AbstractPlainSocketImpl.accept(AbstractPlainSocketImpl.java:451)
04-04 04:46:39.348 W/hpplay-java( 2927): at java.net.ServerSocket.implAccept(ServerSocket.java:547)
04-04 04:46:39.348 W/hpplay-java( 2927): at java.net.ServerSocket.accept(ServerSocket.java:515)
04-04 04:46:39.348 W/hpplay-java( 2927): at com.hpplay.nanohttpd.protocols.http.ServerRunnable.run(SourceFile:118)
04-04 04:46:39.348 W/hpplay-java( 2927): at java.lang.Thread.run(Thread.java:920)
04-04 04:46:39.349 I/hpplay-java( 2927): NanoHTTPDNanoHTTPD:server is stoped
04-04 04:46:39.349 I/hpplay-java( 2927): [main]:IPManager:getActiveNets type: WIFI
04-04 04:46:39.349 I/hpplay-java( 2927): NanoHTTPDNanoHTTPD:clear obj
04-04 04:46:39.349 I/hpplay-java( 2927): [AsyncTask #98]:GlideCreator:clearCache clearDiskCache
04-04 04:46:39.355 D/resolv ( 685): doQuery: (1, 1)
04-04 04:46:39.355 D/resolv ( 685): res_nmkquery: (QUERY, IN, A)
04-04 04:46:39.355 D/resolv ( 685): res_nsend
