01-01 08:00:43.180 I/binder ( 0): 1273:1273 ioctl 40046210 7ffd84e054 returned -22
01-01 08:00:43.181 I/SystemConfig( 1152): Reading permissions from /vendor/etc/permissions/android.hardware.location.gps.xml
01-01 08:00:43.183 I/SystemConfig( 1152): Reading permissions from /vendor/etc/permissions/android.software.midi.xml
01-01 08:00:43.185 D/CompatConfig( 1152): Adding: com.android.server.compat.config.Change@c1615fe
01-01 08:00:43.185 I/SystemConfig( 1152): Reading permissions from /vendor/etc/permissions/android.hardware.vulkan.version-1_1.xml
01-01 08:00:43.186 D/CompatConfig( 1152): Adding: com.android.server.compat.config.Change@8ef15f
01-01 08:00:43.188 I/SystemConfig( 1152): Reading permissions from /vendor/etc/permissions/vendor-qti-hardware-sensorscalibrate.xml
01-01 08:00:43.189 D/CompatConfig( 1152): Adding: com.android.server.compat.config.Change@7ce3c75
01-01 08:00:43.190 I/SystemConfig( 1152): Reading permissions from /vendor/etc/permissions/android.hardware.opengles.aep.xml
01-01 08:00:43.190 D/CompatConfig( 1152): Adding: com.android.server.compat.config.Change@3db447b
01-01 08:00:43.191 D/CompatConfig( 1152): Adding: com.android.server.compat.config.Change@55bd298
01-01 08:00:43.191 I/SystemConfig( 1152): Reading permissions from /vendor/etc/permissions/android.hardware.fingerprint.xml
01-01 08:00:43.191 D/CompatConfig( 1152): Adding: com.android.server.compat.config.Change@764e6d6
01-01 08:00:43.193 D/CompatConfig( 1152): Adding: com.android.server.compat.config.Change@3cfad57
01-01 08:00:43.194 I/SystemConfig( 1152): Reading permissions from /vendor/etc/permissions/android.hardware.audio.low_latency.xml
01-01 08:00:43.196 I/SystemConfig( 1152): Reading permissions from /vendor/etc/permissions/qti_fingerprint_interface.xml
01-01 08:00:43.197 D/CompatConfig( 1152): Adding: com.android.server.compat.config.Change@fa09a62
01-01 08:00:43.198 I/SystemConfig( 1152): Reading permissions from /vendor/etc/permissions/android.hardware.touchscreen.multitouch.jazzhand.xml
01-01 08:00:43.199 I/SystemConfig( 1152): Reading permissions from /vendor/etc/permissions/android.hardware.bluetooth_le.xml
01-01 08:00:43.201 I/SystemConfig( 1152): Reading permissions from /vendor/etc/permissions/vendor.qti.hardware.factory.xml
01-01 08:00:43.201 D/CompatConfig( 1152): Adding: com.android.server.compat.config.Change@6f1faae
01-01 08:00:43.202 I/SystemConfig( 1152): Reading permissions from /vendor/etc/permissions/android.hardware.usb.accessory.xml
01-01 08:00:43.204 D/CompatConfig( 1152): Adding: com.android.server.compat.config.Change@c0493dc
01-01 08:00:43.205 I/SystemConfig( 1152): Reading permissions from /vendor/etc/permissions/android.software.device_id_attestation.xml
01-01 08:00:43.206 I/SystemConfig( 1152): Reading permissions from /vendor/etc/permissions/android.hardware.wifi.aware.xml
01-01 08:00:43.212 D/CompatConfig( 1152): Adding: com.android.server.compat.config.Change@542426b
01-01 08:00:43.213 D/CompatConfig( 1152): Adding: com.android.server.compat.config.Change@5b3b261
01-01 08:00:43.213 I/SystemConfig( 1152): Reading permissions from /vendor/etc/permissions/android.hardware.sensor.barometer.xml
01-01 08:00:43.214 D/CompatConfig( 1152): Adding: com.android.server.compat.config.Change@5e2b186
01-01 08:00:43.215 I/SystemConfig( 1152): Reading permissions from /vendor/etc/permissions/android.hardware.sensor.hifi_sensors.xml
01-01 08:00:43.216 I/SystemConfig( 1152): Reading permissions from /vendor/etc/permissions/android.hardware.sensor.compass.xml
01-01 08:00:43.217 D/CompatConfig( 1152): Adding: com.android.server.compat.config.Change@918139d
01-01 08:00:43.218 I/SystemConfig( 1152): Reading permissions from /vendor/etc/permissions/android.software.verified_boot.xml
01-01 08:00:43.218 D/CompatConfig( 1152): Adding: com.android.server.compat.config.Change@de293e3
01-01 08:00:43.219 D/CompatConfig( 1152): Adding: com.android.server.compat.config.Change@71a51e0
01-01 08:00:43.219 I/SystemConfig( 1152): Reading permissions from /vendor/etc/permissions/android.hardware.vulkan.compute-0.xml
01-01 08:00:43.220 D/CompatConfig( 1152): Adding: com.android.server.compat.config.Change@2a86b5e
01-01 08:00:43.221 D/CompatConfig( 1152): Adding: com.android.server.compat.config.Change@b208b3f
01-01 08:00:43.222 D/CompatConfig( 1152): Adding: com.android.server.compat.config.Change@902ac0c
01-01 08:00:43.223 I/SystemConfig( 1152): Reading permissions from /vendor/etc/permissions/android.hardware.wifi.rtt.xml
01-01 08:00:43.223 D/CompatConfig( 1152): Adding: com.android.server.compat.config.Change@90bdf6a
01-01 08:00:43.224 D/CompatConfig( 1152): Adding: com.android.server.compat.config.Change@e1c9c5b
01-01 08:00:43.225 D/CompatConfig( 1152): Adding: com.android.server.compat.config.Change@3347cf8
01-01 08:00:43.226 I/SystemConfig( 1152): Reading permissions from /vendor/etc/permissions/android.hardware.sensor.accelerometer.xml
01-01 08:00:43.228 I/SystemConfig( 1152): Reading permissions from /vendor/etc/permissions/android.hardware.audio.pro.xml
01-01 08:00:43.230 I/SystemConfig( 1152): Reading permissions from /vendor/etc/permissions/android.software.ipsec_tunnels.xml
01-01 08:00:43.232 I/SystemConfig( 1152): Reading permissions from /vendor/etc/permissions/android.hardware.se.omapi.ese.xml
01-01 08:00:43.233 I/SystemConfig( 1152): Reading permissions from /vendor/etc/permissions/android.hardware.sensor.relative_humidity.xml
01-01 08:00:43.241 I/SystemConfig( 1152): Reading permissions from /vendor/etc/permissions/android.hardware.sensor.gyroscope.xml
01-01 08:00:43.243 I/SystemConfig( 1152): Reading permissions from /vendor/etc/permissions/android.hardware.light.xml
01-01 08:00:43.245 I/SystemConfig( 1152): Reading permissions from /vendor/etc/permissions/android.hardware.wifi.direct.xml
01-01 08:00:43.247 I/SystemConfig( 1152): Reading permissions from /vendor/etc/permissions/handheld_core_hardware.xml
01-01 08:00:43.249 I/SystemConfig( 1152): Reading permissions from /vendor/etc/permissions/android.hardware.wifi.xml
01-01 08:00:43.251 I/SystemConfig( 1152): Reading permissions from /vendor/etc/permissions/android.software.vulkan.deqp.level.xml
01-01 08:00:43.257 I/SystemConfig( 1152): Reading permissions from /vendor/etc/permissions/android.hardware.usb.host.xml
01-01 08:00:43.259 I/SystemConfig( 1152): Reading permissions from /vendor/etc/permissions/android.hardware.se.omapi.uicc.xml
01-01 08:00:43.265 I/SystemConfig( 1152): Reading permissions from /vendor/etc/permissions/android.hardware.wifi.passpoint.xml
01-01 08:00:43.266 D/CompatConfig( 1152): Adding: com.android.server.compat.config.Change@ff9524b
01-01 08:00:43.268 D/CompatConfig( 1152): Adding: com.android.server.compat.config.Change@53d1428
01-01 08:00:43.270 D/CompatConfig( 1152): Adding: com.android.server.compat.config.Change@615f541
01-01 08:00:43.271 I/SystemConfig( 1152): Reading permissions from /product/etc/sysconfig/preinstalled-packages-platform-handheld-product.xml
01-01 08:00:43.271 D/CompatConfig( 1152): Adding: com.android.server.compat.config.Change@d88c827
01-01 08:00:43.272 D/CompatConfig( 1152): Adding: com.android.server.compat.config.Change@5634ad4
01-01 08:00:43.274 I/SystemConfig( 1152): Reading permissions from /product/etc/sysconfig/preinstalled-packages-platform-overlays.xml
01-01 08:00:43.274 D/CompatConfig( 1152): Adding: com.android.server.compat.config.Change@6c14f72
01-01 08:00:43.277 D/CompatConfig( 1152): Adding: com.android.server.compat.config.Change@aafbfc3
01-01 08:00:43.278 I/SystemConfig( 1152): Reading permissions from /product/etc/permissions/UimService.xml
01-01 08:00:43.279 D/CompatConfig( 1152): Adding: com.android.server.compat.config.Change@eb30b79
01-01 08:00:43.280 D/CompatConfig( 1152): Found a config file: /system/etc/compatconfig/framework-platform-compat-config.xml
01-01 08:00:43.281 I/SystemConfig( 1152): Reading permissions from /product/etc/permissions/vendor.qti.hardware.data.connection-V1.0-java.xml
01-01 08:00:43.283 D/CompatConfig( 1152): Adding: com.android.server.compat.config.Change@21d206c
01-01 08:00:43.284 I/SystemConfig( 1152): Reading permissions from /product/etc/permissions/com.android.settings.intelligence.xml
01-01 08:00:43.285 D/CompatConfig( 1152): Adding: com.android.server.compat.config.Change@3a75aca
01-01 08:00:43.286 I/SystemConfig( 1152): Reading permissions from /product/etc/permissions/vendor.qti.hardware.data.connection-V1.1-java.xml
01-01 08:00:43.288 D/CompatConfig( 1152): Adding: com.android.server.compat.config.Change@7f1d758
01-01 08:00:43.290 D/CompatConfig( 1152): Adding: com.android.server.compat.config.Change@7a5b0b1
01-01 08:00:43.294 D/CompatConfig( 1152): Adding: com.android.server.compat.config.Change@7485996
01-01 08:00:43.297 D/CompatConfig( 1152): Adding: com.android.server.compat.config.Change@51e0917
01-01 08:00:43.301 I/SystemConfig( 1152): Reading permissions from /product/etc/permissions/ims_ext_common.xml
01-01 08:00:43.304 I/SystemConfig( 1152): Reading permissions from /product/etc/permissions/telephony_product_privapp-permissions-qti.xml
01-01 08:00:43.305 I/SystemConfig( 1152): Reading permissions from /product/etc/permissions/com.qti.snapdragon.sdk.display.xml
01-01 08:00:43.310 I/SystemConfig( 1152): Reading permissions from /system_ext/etc/sysconfig/qti_whitelist_system_ext.xml
01-01 08:00:43.310 D/CompatConfig( 1152): Adding: com.android.server.compat.config.Change@cd83970
01-01 08:00:43.313 D/CompatConfig( 1152): Adding: com.android.server.compat.config.Change@630c4e9
01-01 08:00:43.313 I/SystemConfig( 1152): Reading permissions from /system_ext/etc/sysconfig/qti_telephony_system_packages_config.xml
01-01 08:00:43.315 D/CompatConfig( 1152): Adding: com.android.server.compat.config.Change@1c3040f
01-01 08:00:43.318 I/SystemConfig( 1152): Reading permissions from /system_ext/etc/permissions/com.android.systemui.xml
01-01 08:00:43.318 D/CompatConfig( 1152): Adding: com.android.server.compat.config.Change@cc7c6a5
01-01 08:00:43.320 D/CompatConfig( 1152): Adding: com.android.server.compat.config.Change@8340a7a
01-01 08:00:43.322 D/CompatConfig( 1152): Adding: com.android.server.compat.config.Change@db5d22b
01-01 08:00:43.322 I/SystemConfig( 1152): Reading permissions from /system_ext/etc/permissions/android.software.verified_boot.xml
01-01 08:00:43.324 D/CompatConfig( 1152): Adding: com.android.server.compat.config.Change@9132821
01-01 08:00:43.325 I/SystemConfig( 1152): Reading permissions from /system_ext/etc/permissions/com.thundercomm.microsettings.xml
01-01 08:00:43.325 D/CompatConfig( 1152): Adding: com.android.server.compat.config.Change@9bd6607
01-01 08:00:43.327 D/CompatConfig( 1152): Adding: com.android.server.compat.config.Change@b24c334
01-01 08:00:43.330 I/SystemConfig( 1152): Reading permissions from /system_ext/etc/permissions/com.qualcomm.qti.izattools.xml
01-01 08:00:43.332 D/CompatConfig( 1152): Adding: com.android.server.compat.config.Change@2456ed2
01-01 08:00:43.333 I/SystemConfig( 1152): Reading permissions from /system_ext/etc/permissions/com.android.settings.xml
01-01 08:00:43.335 I/SystemConfig( 1152): Reading permissions from /system_ext/etc/permissions/privapp-permissions-aptxals.xml
01-01 08:00:43.338 I/SystemConfig( 1152): Reading permissions from /system_ext/etc/permissions/embms.xml
01-01 08:00:43.340 I/SystemConfig( 1152): Reading permissions from /system_ext/etc/permissions/com.qualcomm.qti.imscmservice-V2.2-java.xml
01-01 08:00:43.342 I/SystemConfig( 1152): Reading permissions from /system_ext/etc/permissions/telephony_system-ext_privapp-permissions-qti.xml
01-01 08:00:43.342 I/binder ( 0): 1282:1282 ioctl 40046210 7fdfb38b74 returned -22
01-01 08:00:43.347 D/CompatConfig( 1152): Adding: com.android.server.compat.config.Change@2c944cc
01-01 08:00:43.348 D/CompatConfig( 1152): Adding: com.android.server.compat.config.Change@ce4062a
01-01 08:00:43.348 I/SystemConfig( 1152): Reading permissions from /system_ext/etc/permissions/com.nxp.nfc.nq.xml
01-01 08:00:43.350 I/binder ( 0): 1284:1284 ioctl 40046210 7fc31668d4 returned -22
01-01 08:00:43.349 D/CompatConfig( 1152): Adding: com.android.server.compat.config.Change@5739c1b
01-01 08:00:43.350 D/CompatConfig( 1152): Adding: com.android.server.compat.config.Change@3abe1b8
01-01 08:00:43.350 D/CompatConfig( 1152): Adding: com.android.server.compat.config.Change@b455b91
01-01 08:00:43.351 I/SystemConfig( 1152): Reading permissions from /system_ext/etc/permissions/embms-noship_product_privapp_permissions_qti.xml
01-01 08:00:43.351 D/CompatConfig( 1152): Adding: com.android.server.compat.config.Change@25def7
01-01 08:00:43.353 D/CompatConfig( 1152): Adding: com.android.server.compat.config.Change@4196164
01-01 08:00:43.353 D/CompatConfig( 1152): Adding: com.android.server.compat.config.Change@1d31fcd
01-01 08:00:43.355 D/CompatConfig( 1152): Adding: com.android.server.compat.config.Change@233082
01-01 08:00:43.356 I/SystemConfig( 1152): Reading permissions from /system_ext/etc/permissions/wfd-system-ext-privapp-permissions-qti.xml
01-01 08:00:43.357 D/CompatConfig( 1152): Adding: com.android.server.compat.config.Change@3bd2fd0
01-01 08:00:43.362 D/CompatConfig( 1152): Adding: com.android.server.compat.config.Change@6feebc9
01-01 08:00:43.362 I/SystemConfig( 1152): Reading permissions from /system_ext/etc/permissions/audiosphere.xml
01-01 08:00:43.365 I/SystemConfig( 1152): Reading permissions from /system_ext/etc/permissions/privapp-permissions-qti-system-ext.xml
01-01 08:00:43.365 D/CompatConfig( 1152): Adding: com.android.server.compat.config.Change@f8d78fc
01-01 08:00:43.367 D/CompatConfig( 1152): Adding: com.android.server.compat.config.Change@9017b85
01-01 08:00:43.370 D/CompatConfig( 1152): Adding: com.android.server.compat.config.Change@7224dda
01-01 08:00:43.370 D/CompatConfig( 1152): Adding: com.android.server.compat.config.Change@defc20b
01-01 08:00:43.371 D/CompatConfig( 1152): Adding: com.android.server.compat.config.Change@bb728e8
01-01 08:00:43.372 D/CompatConfig( 1152): Adding: com.android.server.compat.config.Change@6e34b01
01-01 08:00:43.373 D/CompatConfig( 1152): Adding: com.android.server.compat.config.Change@3676da6
01-01 08:00:43.373 I/SystemConfig( 1152): Reading permissions from /system_ext/etc/permissions/com.qualcomm.qti.imscmservice.xml
01-01 08:00:43.374 D/CompatConfig( 1152): Adding: com.android.server.compat.config.Change@49eb94
01-01 08:00:43.375 I/SystemConfig( 1152): Reading permissions from /system_ext/etc/permissions/qti_libpermissions.xml
01-01 08:00:43.379 I/SystemConfig( 1152): Reading permissions from /system_ext/etc/permissions/com.hht.lebocast.xml
01-01 08:00:43.381 I/SystemConfig( 1152): Reading permissions from /system_ext/etc/permissions/com.qualcomm.qti.imscmservice-V2.1-java.xml
01-01 08:00:43.384 I/SystemConfig( 1152): Reading permissions from /system_ext/etc/permissions/privapp-permissions-com.qualcomm.location.xml
01-01 08:00:43.389 I/SystemConfig( 1152): Reading permissions from /system_ext/etc/permissions/com.qti.media.secureprocessor.xml
01-01 08:00:43.393 I/SystemConfig( 1152): Reading permissions from /system_ext/etc/permissions/com.android.provision.xml
01-01 08:00:43.399 I/SystemConfig( 1152): Reading permissions from /system_ext/etc/permissions/vendor.qti.ims.rcsservice.xml
01-01 08:00:43.402 I/SystemConfig( 1152): Reading permissions from /system_ext/etc/permissions/com.qualcomm.qmapbridge.xml
01-01 08:00:43.407 I/SystemConfig( 1152): Reading permissions from /system_ext/etc/permissions/com.android.launcher3.xml
01-01 08:00:43.412 I/SystemConfig( 1152): Reading permissions from /system_ext/etc/permissions/com.android.storagemanager.xml
01-01 08:00:43.415 D/CompatConfig( 1152): Adding: com.android.server.compat.config.Change@27a9c18
01-01 08:00:43.417 D/CompatConfig( 1152): Adding: com.android.server.compat.config.Change@c53f671
01-01 08:00:43.417 I/SystemConfig( 1152): Reading permissions from /system_ext/etc/permissions/dpmapi.xml
01-01 08:00:43.418 D/CompatConfig( 1152): Adding: com.android.server.compat.config.Change@13c8c56
01-01 08:00:43.420 I/SystemConfig( 1152): Reading permissions from /system_ext/etc/permissions/qti_permissions.xml
01-01 08:00:43.421 D/CompatConfig( 1152): Adding: com.android.server.compat.config.Change@c8961c4
01-01 08:00:43.422 I/SystemConfig( 1152): Reading permissions from /system_ext/etc/permissions/com.android.emergency.xml
01-01 08:00:43.423 D/CompatConfig( 1152): Adding: com.android.server.compat.config.Change@30d17e2
01-01 08:00:43.424 D/CompatConfig( 1152): Adding: com.android.server.compat.config.Change@4a63773
01-01 08:00:43.425 I/SystemConfig( 1152): Reading permissions from /system_ext/etc/permissions/qti_supplicant_interface.xml
01-01 08:00:43.426 D/CompatConfig( 1152): Adding: com.android.server.compat.config.Change@62a02a9
01-01 08:00:43.427 D/CompatConfig( 1152): Adding: com.android.server.compat.config.Change@468d02e
01-01 08:00:43.428 D/CompatConfig( 1152): Adding: com.android.server.compat.config.Change@1a2d7cf
01-01 08:00:43.430 D/CompatConfig( 1152): Adding: com.android.server.compat.config.Change@931255c
01-01 08:00:43.431 D/CompatConfig( 1152): Adding: com.android.server.compat.config.Change@4772065
01-01 08:00:43.433 D/CompatConfig( 1152): Adding: com.android.server.compat.config.Change@5b5c13a
01-01 08:00:43.434 D/CompatConfig( 1152): Adding: com.android.server.compat.config.Change@c1f21eb
01-01 08:00:43.436 D/CompatConfig( 1152): Adding: com.android.server.compat.config.Change@c593b48
01-01 08:00:43.438 D/CompatConfig( 1152): Adding: com.android.server.compat.config.Change@3be5de1
01-01 08:00:43.440 D/CompatConfig( 1152): Adding: com.android.server.compat.config.Change@5aeb706
01-01 08:00:43.440 I/SystemConfig( 1152): Reading permissions from /system_ext/etc/permissions/com.qti.location.sdk.xml
01-01 08:00:43.441 D/CompatConfig( 1152): Adding: com.android.server.compat.config.Change@6ac3f4
01-01 08:00:43.442 I/SystemConfig( 1152): Reading permissions from /system_ext/etc/permissions/izat.xt.srv.xml
01-01 08:00:43.443 D/CompatConfig( 1152): Adding: com.android.server.compat.config.Change@1ef3d92
01-01 08:00:43.444 D/CompatConfig( 1152): Adding: com.android.server.compat.config.Change@88be363
01-01 08:00:43.446 D/CompatConfig( 1152): Adding: com.android.server.compat.config.Change@46a2b60
01-01 08:00:43.446 I/SystemConfig( 1152): Reading permissions from /system_ext/etc/permissions/com.qualcomm.qti.imscmservice-V2.0-java.xml
01-01 08:00:43.447 D/CompatConfig( 1152): Adding: com.android.server.compat.config.Change@43fa0de
01-01 08:00:43.450 D/CompatConfig( 1152): Adding: com.android.server.compat.config.Change@bcf52bf
01-01 08:00:43.452 D/CompatConfig( 1152): Adding: com.android.server.compat.config.Change@1369d8c
01-01 08:00:43.453 I/SystemConfig( 1152): Reading permissions from /system_ext/etc/permissions/com.qualcomm.location.xml
01-01 08:00:43.456 D/CompatConfig( 1152): Found a config file: /system/system_ext/etc/compatconfig/settings-platform-compat-config.xml
01-01 08:00:43.458 D/CompatConfig( 1152): Adding: com.android.server.compat.config.Change@bb05bdb
01-01 08:00:43.458 I/SystemConfig( 1152): Reading permissions from /system_ext/etc/permissions/com.qti.dpmframework.xml
01-01 08:00:43.461 D/CompatConfig( 1152): No directory /apex/com.android.vndk.v30/etc/compatconfig, skipping
01-01 08:00:43.461 D/CompatConfig( 1152): No directory /apex/com.android.wifi/etc/compatconfig, skipping
01-01 08:00:43.462 D/CompatConfig( 1152): No directory /apex/com.android.vndk.v31/etc/compatconfig, skipping
01-01 08:00:43.462 D/CompatConfig( 1152): No directory /apex/com.android.tzdata/etc/compatconfig, skipping
01-01 08:00:43.462 D/CompatConfig( 1152): No directory /apex/com.android.tethering/etc/compatconfig, skipping
01-01 08:00:43.462 D/CompatConfig( 1152): No directory /apex/com.android.sdkext/etc/compatconfig, skipping
01-01 08:00:43.462 D/CompatConfig( 1152): No directory /apex/com.android.scheduling/etc/compatconfig, skipping
01-01 08:00:43.463 D/CompatConfig( 1152): No directory /apex/com.android.runtime/etc/compatconfig, skipping
01-01 08:00:43.463 D/CompatConfig( 1152): No directory /apex/com.android.resolv/etc/compatconfig, skipping
01-01 08:00:43.463 D/CompatConfig( 1152): No directory /apex/com.android.permission/etc/compatconfig, skipping
01-01 08:00:43.463 D/CompatConfig( 1152): No directory /apex/com.android.os.statsd/etc/compatconfig, skipping
01-01 08:00:43.463 D/CompatConfig( 1152): No directory /apex/com.android.neuralnetworks/etc/compatconfig, skipping
01-01 08:00:43.473 D/CompatConfig( 1152): Found a config file: /apex/com.android.mediaprovider/etc/compatconfig/media-provider-platform-compat-config.xml
01-01 08:00:43.476 D/CompatConfig( 1152): Adding: com.android.server.compat.config.Change@818edb6
01-01 08:00:43.479 D/CompatConfig( 1152): Adding: com.android.server.compat.config.Change@bcedab7
01-01 08:00:43.480 I/SystemConfig( 1152): Reading permissions from /apex/com.android.ipsec/etc/permissions/android.net.ipsec.ike.xml
01-01 08:00:43.481 D/CompatConfig( 1152): Adding: com.android.server.compat.config.Change@113e18d
01-01 08:00:43.482 D/CompatConfig( 1152): Adding: com.android.server.compat.config.Change@43e2f42
01-01 08:00:43.483 D/CompatConfig( 1152): Adding: com.android.server.compat.config.Change@58f2c90
01-01 08:00:43.485 D/CompatConfig( 1152): Adding: com.android.server.compat.config.Change@f83fd8e
01-01 08:00:43.486 D/CompatConfig( 1152): Adding: com.android.server.compat.config.Change@76281bc
01-01 08:00:43.486 D/SystemConfig( 1152): readAllPermissions took to complete: 415ms
01-01 08:00:43.486 D/SystemServerInitThreadPool( 1152): Finished executing ReadingSystemConfig
01-01 08:00:43.486 D/SystemServerTimingAsync( 1152): InitThreadPoolExec:ReadingSystemConfig took to complete: 418ms
01-01 08:00:43.487 D/CompatConfig( 1152): No directory /apex/com.android.media.swcodec/etc/compatconfig, skipping
01-01 08:00:43.487 D/CompatConfig( 1152): No directory /apex/com.android.media/etc/compatconfig, skipping
01-01 08:00:43.487 D/CompatConfig( 1152): No directory /apex/com.android.ipsec/etc/compatconfig, skipping
01-01 08:00:43.488 D/CompatConfig( 1152): No directory /apex/com.android.i18n/etc/compatconfig, skipping
01-01 08:00:43.488 D/CompatConfig( 1152): No directory /apex/com.android.extservices/etc/compatconfig, skipping
01-01 08:00:43.488 D/CompatConfig( 1152): No directory /apex/com.android.conscrypt/etc/compatconfig, skipping
01-01 08:00:43.494 D/CompatConfig( 1152): Found a config file: /apex/com.android.art/etc/compatconfig/libcore-platform-compat-config.xml
01-01 08:00:43.497 D/CompatConfig( 1152): Adding: com.android.server.compat.config.Change@fbbf1cb
01-01 08:00:43.501 D/CompatConfig( 1152): Adding: com.android.server.compat.config.Change@4b3fda8
01-01 08:00:43.501 D/CompatConfig( 1152): Adding: com.android.server.compat.config.Change@fdc60c1
01-01 08:00:43.503 D/CompatConfig( 1152): Adding: com.android.server.compat.config.Change@c963066
01-01 08:00:43.504 D/CompatConfig( 1152): Adding: com.android.server.compat.config.Change@395dfa7
01-01 08:00:43.506 D/CompatConfig( 1152): No directory /apex/com.android.appsearch/etc/compatconfig, skipping
01-01 08:00:43.506 D/CompatConfig( 1152): No directory /apex/com.android.adbd/etc/compatconfig, skipping
01-01 08:00:43.508 E/msm-dai-fe soc( 0): qcom,msm-dai-fe: ASoC: no sink widget found for AUXPCM_DL_HL
01-01 08:00:43.517 E/msm-dai-fe soc( 0): qcom,msm-dai-fe: ASoC: Failed to add route AUXPCM_HOSTLESS Playback -> direct -> AUXPCM_DL_HL
01-01 08:00:43.529 D/SystemServerTiming( 1152): PlatformCompat took to complete: 464ms
01-01 08:00:43.529 I/SystemServerTiming( 1152): StartFileIntegrityService
01-01 08:00:43.529 I/SystemServiceManager( 1152): Starting com.android.server.security.FileIntegrityService
01-01 08:00:43.542 D/SystemServerTiming( 1152): StartFileIntegrityService took to complete: 13ms
01-01 08:00:43.542 I/SystemServerTiming( 1152): StartInstaller
01-01 08:00:43.543 I/SystemServiceManager( 1152): Starting com.android.server.pm.Installer
01-01 08:00:43.529 E/msm-dai-fe soc( 0): qcom,msm-dai-fe: ASoC: no source widget found for AUXPCM_UL_HL
01-01 08:00:43.537 E/msm-dai-fe soc( 0): qcom,msm-dai-fe: ASoC: Failed to add route AUXPCM_UL_HL -> direct -> AUXPCM_HOSTLESS Capture
01-01 08:00:43.555 D/SystemServerTiming( 1152): StartInstaller took to complete: 12ms
01-01 08:00:43.555 I/SystemServerTiming( 1152): DeviceIdentifiersPolicyService
01-01 08:00:43.556 I/SystemServiceManager( 1152): Starting com.android.server.os.DeviceIdentifiersPolicyService
01-01 08:00:43.557 D/SystemServerTiming( 1152): DeviceIdentifiersPolicyService took to complete: 2ms
01-01 08:00:43.557 I/SystemServerTiming( 1152): UriGrantsManagerService
01-01 08:00:43.557 I/SystemServiceManager( 1152): Starting com.android.server.uri.UriGrantsManagerService$Lifecycle
01-01 08:00:43.569 E/msm-auxpcm-dev soc( 0): qcom,msm-pri-auxpcm: ASoC: no source widget found for AUX_PCM_RX
01-01 08:00:43.559 D/SystemServerTiming( 1152): UriGrantsManagerService took to complete: 1ms
01-01 08:00:43.559 I/SystemServerTiming( 1152): StartPowerStatsService
01-01 08:00:43.559 I/SystemServiceManager( 1152): Starting com.android.server.powerstats.PowerStatsService
01-01 08:00:43.589 D/SystemServerTiming( 1152): StartPowerStatsService took to complete: 31ms
01-01 08:00:43.589 I/SystemServerTiming( 1152): StartIStatsService
01-01 08:00:43.593 D/SystemServerTiming( 1152): StartIStatsService took to complete: 4ms
01-01 08:00:43.593 I/SystemServerTiming( 1152): MemtrackProxyService
01-01 08:00:43.597 D/SystemServerTiming( 1152): MemtrackProxyService took to complete: 3ms
01-01 08:00:43.597 I/SystemServerTiming( 1152): StartActivityManager
01-01 08:00:43.597 I/SystemServiceManager( 1152): Starting com.android.server.wm.ActivityTaskManagerService$Lifecycle
01-01 08:00:43.601 W/storaged( 1291): health: invalid battery status
01-01 08:00:43.577 I/binder ( 0): 1291:1291 ioctl 40046210 7fdfe15284 returned -22
01-01 08:00:43.578 I/binder ( 0): 1152:1152 ioctl 40046210 7ffe7f3074 returned -22
01-01 08:00:43.578 E/msm-auxpcm-dev soc( 0): qcom,msm-pri-auxpcm: ASoC: Failed to add route AUX_PCM_RX -> direct -> AUX PCM Playback
01-01 08:00:43.590 E/msm-auxpcm-dev soc( 0): qcom,msm-pri-auxpcm: ASoC: no sink widget found for AUX_PCM_TX
01-01 08:00:43.599 E/msm-auxpcm-dev soc( 0): qcom,msm-pri-auxpcm: ASoC: Failed to add route AUX PCM Capture -> direct -> AUX_PCM_TX
01-01 08:00:43.606 I/binder ( 0): 1291:1291 ioctl 40046210 7fdfe151b4 returned -22
01-01 08:00:43.610 E/msm-auxpcm-dev soc( 0): qcom,msm-sec-auxpcm: ASoC: no source widget found for SEC_AUX_PCM_RX
01-01 08:00:43.625 I/wificond( 1306): wificond is starting up...
01-01 08:00:43.625 I/SystemServiceManager( 1152): Starting com.android.server.am.ActivityManagerService$Lifecycle
01-01 08:00:43.614 I/binder ( 0): 1317:1317 ioctl 40046210 7ff47e5784 returned -22
01-01 08:00:43.620 E/msm-auxpcm-dev soc( 0): qcom,msm-sec-auxpcm: ASoC: Failed to add route SEC_AUX_PCM_RX -> direct -> Sec AUX PCM Playback
01-01 08:00:43.624 I/binder ( 0): 1300:1327 ioctl 40046210 73d1d81104 returned -22
01-01 08:00:43.626 I/binder ( 0): 1306:1306 ioctl 40046210 7fd4abbd44 returned -22
01-01 08:00:43.632 E/msm-auxpcm-dev soc( 0): qcom,msm-sec-auxpcm: ASoC: no sink widget found for SEC_AUX_PCM_TX
01-01 08:00:43.639 I/ActivityManager( 1152): Memory class: 512
01-01 08:00:43.641 E/msm-auxpcm-dev soc( 0): qcom,msm-sec-auxpcm: ASoC: Failed to add route Sec AUX PCM Capture -> direct -> SEC_AUX_PCM_TX
01-01 08:00:43.644 I/binder ( 0): 1306:1306 ioctl 40046210 7fd4abbcc4 returned -22
01-01 08:00:43.654 E/msm-auxpcm-dev soc( 0): qcom,msm-tert-auxpcm: ASoC: no source widget found for TERT_AUX_PCM_RX
01-01 08:00:43.663 E/msm-auxpcm-dev soc( 0): qcom,msm-tert-auxpcm: ASoC: Failed to add route TERT_AUX_PCM_RX -> direct -> Tert AUX PCM Playback
01-01 08:00:43.676 E/msm-auxpcm-dev soc( 0): qcom,msm-tert-auxpcm: ASoC: no sink widget found for TERT_AUX_PCM_TX
01-01 08:00:43.685 E/msm-auxpcm-dev soc( 0): qcom,msm-tert-auxpcm: ASoC: Failed to add route Tert AUX PCM Capture -> direct -> TERT_AUX_PCM_TX
01-01 08:00:43.674 I/Binder ( 1152): Setting heavy hitter watcher config: false, 0, 0.0
01-01 08:00:43.698 E/msm-auxpcm-dev soc( 0): qcom,msm-quat-auxpcm: ASoC: no source widget found for QUAT_AUX_PCM_RX
01-01 08:00:43.708 E/msm-auxpcm-dev soc( 0): qcom,msm-quat-auxpcm: ASoC: Failed to add route QUAT_AUX_PCM_RX -> direct -> Quat AUX PCM Playback
01-01 08:00:43.703 I/HidlServiceManagement( 1306): Registered android.system.wifi.keystore@1.0::IKeystore/default
01-01 08:00:43.720 E/msm-auxpcm-dev soc( 0): qcom,msm-quat-auxpcm: ASoC: no sink widget found for QUAT_AUX_PCM_TX
01-01 08:00:43.725 I/ ( 0): tsnv nv_initialize successfully!
01-01 08:00:43.730 E/msm-auxpcm-dev soc( 0): qcom,msm-quat-auxpcm: ASoC: Failed to add route Quat AUX PCM Capture -> direct -> QUAT_AUX_PCM_TX
01-01 08:00:43.743 E/msm-auxpcm-dev soc( 0): qcom,msm-quin-auxpcm: ASoC: no source widget found for QUIN_AUX_PCM_RX
01-01 08:00:43.752 E/msm-auxpcm-dev soc( 0): qcom,msm-quin-auxpcm: ASoC: Failed to add route QUIN_AUX_PCM_RX -> direct -> Quin AUX PCM Playback
01-01 08:00:43.765 E/msm-auxpcm-dev soc( 0): qcom,msm-quin-auxpcm: ASoC: no sink widget found for QUIN_AUX_PCM_TX
01-01 08:00:43.774 E/msm-auxpcm-dev soc( 0): qcom,msm-quin-auxpcm: ASoC: Failed to add route Quin AUX PCM Capture -> direct -> QUIN_AUX_PCM_TX
01-01 08:00:43.787 E/msm-auxpcm-dev soc( 0): qcom,msm-sen-auxpcm: ASoC: no source widget found for SEN_AUX_PCM_RX
01-01 08:00:43.797 E/msm-auxpcm-dev soc( 0): qcom,msm-sen-auxpcm: ASoC: Failed to add route SEN_AUX_PCM_RX -> direct -> Sen AUX PCM Playback
01-01 08:00:43.811 D/BatteryStatsImpl( 1152): Reading daily items from /data/system/batterystats-daily.xml
01-01 08:00:43.809 E/msm-auxpcm-dev soc( 0): qcom,msm-sen-auxpcm: ASoC: no sink widget found for SEN_AUX_PCM_TX
01-01 08:00:43.818 E/msm-auxpcm-dev soc( 0): qcom,msm-sen-auxpcm: ASoC: Failed to add route Sen AUX PCM Capture -> direct -> SEN_AUX_PCM_TX
01-01 08:00:43.831 W/msm-dai-q6-hdmi soc( 0): qcom,msm-dai-q6-dp: DAI driver id is not set
01-01 08:00:43.845 I/KernelCpuUidFreqTimeReader( 1152): mPerClusterTimesAvailable=false
01-01 08:00:43.878 E/KernelCpuSpeedReader( 1152): Failed to read cpu-freq: /sys/devices/system/cpu/cpu4/cpufreq/stats/time_in_state: open failed: ENOENT (No such file or directory)
01-01 08:00:43.879 E/KernelCpuSpeedReader( 1152): Failed to read cpu-freq: /sys/devices/system/cpu/cpu0/cpufreq/stats/time_in_state: open failed: ENOENT (No such file or directory)
01-01 08:00:43.887 I/lan743x 0001( 0): 01:00.0 eth0: using MSIX interrupts, number of vectors = 6
01-01 08:00:43.883 I/imsrcsd ( 1351): Uce Service HAL is starting up...
01-01 08:00:43.923 I/mv2112_config_aneg( 0): autoneg 1
01-01 08:00:43.888 I/imsrcsd ( 1351): Uce Service HAL loading imsrcsbaseimpl
01-01 08:00:43.923 I/ ( 0): mv2112_restart_aneg
01-01 08:00:43.931 E/mv2112_read_status( 0): autoneg not complete;time=37080 ms
01-01 08:00:43.931 I/ ( 0): mv2112_setup_forced
01-01 08:00:43.959 W/swr-wcd rx_swr_ctrl( 0): DMA mask not set
01-01 08:00:44.013 I/lan743x 0001( 0): 01:00.0 eth0: successfully registered ptp clock
01-01 08:00:44.028 I/lan743x 0001( 0): 01:00.0 eth0: Link is Down
01-01 08:00:44.056 W/KernelMemoryBandwidthStats( 1152): No kernel memory bandwidth stats available
01-01 08:00:44.044 E/swr-wcd rx_swr_ctrl( 0): swrm_get_logical_dev_num: device 0xd01170224 is not ready
01-01 08:00:44.064 E/swr_get_logical_dev_num( 0): Error -22 to get logical addr for device d01170224
01-01 08:00:44.081 I/imsrcsd ( 1351): Starting Service for First Time imsbaseimpl
01-01 08:00:44.084 E/swr-wcd rx_swr_ctrl( 0): swrm_get_logical_dev_num: device 0xd01170224 is not ready
01-01 08:00:44.100 E/swr_get_logical_dev_num( 0): Error -22 to get logical addr for device d01170224
01-01 08:00:44.116 E/swr-wcd rx_swr_ctrl( 0): swrm_get_logical_dev_num: device 0xd01170224 is not ready
01-01 08:00:44.132 I/IPv6 ( 0): ADDRCONF(NETDEV_UP): eth0: link is not ready
01-01 08:00:44.132 E/swr_get_logical_dev_num( 0): Error -22 to get logical addr for device d01170224
01-01 08:00:44.145 I/imsrcsd ( 1351): Interface com.qualcomm.qti.uceservice@2.3::IUceService com.qualcomm.qti.uceservice is found in manifest
01-01 08:00:44.147 I/HidlServiceManagement( 1351): Registered com.qualcomm.qti.uceservice@2.3::IUceService/com.qualcomm.qti.uceservice (start delay of 418ms)
01-01 08:00:44.154 I/binder ( 0): 1287:1287 ioctl 40046210 ffa0ef78 returned -22
01-01 08:00:44.156 E/swr-wcd rx_swr_ctrl( 0): swrm_get_logical_dev_num: device 0xd01170224 is not ready
01-01 08:00:44.149 I/imsrcsd ( 1351): Interface com.qualcomm.qti.imscmservice@2.2::IImsCmService qti.ims.connectionmanagerservice is found in manifest
01-01 08:00:44.151 I/HidlServiceManagement( 1351): Registered com.qualcomm.qti.imscmservice@2.2::IImsCmService/qti.ims.connectionmanagerservice (start delay of 423ms)
01-01 08:00:44.165 I/imsrcsd ( 1351): Interface vendor.qti.ims.factory@1.1::IImsFactory default is not found in manifest
01-01 08:00:44.172 E/swr_get_logical_dev_num( 0): Error -22 to get logical addr for device d01170224
01-01 08:00:44.181 I/imsrcsd ( 1351): Interface vendor.qti.ims.factory@1.0::IImsFactory default is found in manifest
01-01 08:00:44.182 I/HidlServiceManagement( 1351): Registered vendor.qti.ims.factory@1.0::IImsFactory/default (start delay of 453ms)
01-01 08:00:44.184 I/imsrcsd ( 1351): Interface vendor.qti.ims.callinfo@1.0::IService default is found in manifest
01-01 08:00:44.195 I/HidlServiceManagement( 1351): Registered vendor.qti.ims.callinfo@1.0::IService/default (start delay of 466ms)
01-01 08:00:44.195 I/imsrcsd ( 1351): ImsRcsBaseImpl ImsCallInfo After Registering Service
01-01 08:00:44.189 E/swr-wcd rx_swr_ctrl( 0): swrm_get_logical_dev_num: device 0xd01170224 is not ready
01-01 08:00:44.204 E/swr_get_logical_dev_num( 0): Error -22 to get logical addr for device d01170224
01-01 08:00:44.216 I/binder ( 0): 1287:1287 ioctl 40046210 ffa0ef60 returned -22
01-01 08:00:44.220 E/wcd938x_codec wcd938x-codec( 0): wcd938x_bind: Slave bind failed, ret = -517
01-01 08:00:44.256 I/binder ( 0): 1252:1252 ioctl 40046210 7fe4b42544 returned -22
01-01 08:00:44.258 I/binder ( 0): 1252:1252 ioctl 40046210 7fe4b42564 returned -22
01-01 08:00:44.260 I/ ( 0): ip (1384) used greatest stack depth: 10008 bytes left
01-01 08:00:44.271 I/IntentFirewall( 1152): Read new rules (A:0 B:0 S:0)
01-01 08:00:44.342 D/AppOps ( 1152): AppOpsService published
01-01 08:00:44.349 W/SystemServiceManager( 1152): Service com.android.server.am.ActivityManagerService$Lifecycle took 52 ms in onStart
01-01 08:00:44.349 D/SystemServerTiming( 1152): StartActivityManager took to complete: 752ms
01-01 08:00:44.349 I/SystemServerTiming( 1152): StartDataLoaderManagerService
01-01 08:00:44.349 I/SystemServiceManager( 1152): Starting com.android.server.pm.DataLoaderManagerService
01-01 08:00:44.366 D/SystemServerTiming( 1152): StartDataLoaderManagerService took to complete: 18ms
01-01 08:00:44.367 I/SystemServerTiming( 1152): StartIncrementalService
01-01 08:00:44.380 D/SystemServerTiming( 1152): StartIncrementalService took to complete: 14ms
01-01 08:00:44.381 I/SystemServerTiming( 1152): StartPowerManager
01-01 08:00:44.381 I/SystemServiceManager( 1152): Starting com.android.server.power.PowerManagerService
01-01 08:00:44.481 D/SystemServerTiming( 1152): StartPowerManager took to complete: 100ms
01-01 08:00:44.481 I/SystemServerTiming( 1152): StartThermalManager
01-01 08:00:44.481 I/SystemServiceManager( 1152): Starting com.android.server.power.ThermalManagerService
01-01 08:00:44.471 W/swr-wcd wsa_swr_ctrl( 0): DMA mask not set
01-01 08:00:44.487 D/SystemServerTiming( 1152): StartThermalManager took to complete: 6ms
01-01 08:00:44.487 I/SystemServerTiming( 1152): StartHintManager
01-01 08:00:44.487 I/SystemServiceManager( 1152): Starting com.android.server.power.hint.HintManagerService
01-01 08:00:44.492 D/SystemServerTiming( 1152): StartHintManager took to complete: 4ms
01-01 08:00:44.492 I/SystemServerTiming( 1152): InitPowerManagement
01-01 08:00:44.494 D/SystemServerTiming( 1152): InitPowerManagement took to complete: 3ms
01-01 08:00:44.494 I/SystemServerTiming( 1152): StartRecoverySystemService
01-01 08:00:44.494 I/SystemServiceManager( 1152): Starting com.android.server.recoverysystem.RecoverySystemService$Lifecycle
01-01 08:00:44.498 D/SystemServerTiming( 1152): StartRecoverySystemService took to complete: 3ms
01-01 08:00:44.498 I/PackageWatchdog( 1152): Syncing state, reason: added new observer
01-01 08:00:44.498 I/PackageWatchdog( 1152): Not pruning observers, elapsed time: 0ms
01-01 08:00:44.498 I/PackageWatchdog( 1152): Cancelling state sync, nothing to sync
01-01 08:00:44.501 I/SystemServerTiming( 1152): StartLightsService
01-01 08:00:44.501 I/SystemServiceManager( 1152): Starting com.android.server.lights.LightsService
01-01 08:00:44.504 I/PackageWatchdog( 1152): Saving observer state to file
01-01 08:00:44.512 D/SystemServerTiming( 1152): StartLightsService took to complete: 10ms
01-01 08:00:44.512 I/SystemServerTiming( 1152): StartSidekickService
01-01 08:00:44.512 D/SystemServerTiming( 1152): StartSidekickService took to complete: 0ms
01-01 08:00:44.512 I/SystemServerTiming( 1152): StartDisplayManager
01-01 08:00:44.512 I/SystemServiceManager( 1152): Starting com.android.server.display.DisplayManagerService
01-01 08:00:44.540 D/SystemServerTiming( 1152): StartDisplayManager took to complete: 28ms
01-01 08:00:44.540 I/SystemServerTiming( 1152): WaitForDisplay
01-01 08:00:44.540 I/SystemServiceManager( 1152): Starting phase 100
01-01 08:00:44.540 I/SystemServerTiming( 1152): OnBootPhase_100
01-01 08:00:44.540 I/SystemServerTiming( 1152): OnBootPhase_100_com.android.server.security.FileIntegrityService
01-01 08:00:44.540 D/SystemServerTiming( 1152): OnBootPhase_100_com.android.server.security.FileIntegrityService took to complete: 0ms
01-01 08:00:44.540 I/SystemServerTiming( 1152): OnBootPhase_100_com.android.server.pm.Installer
01-01 08:00:44.540 D/SystemServerTiming( 1152): OnBootPhase_100_com.android.server.pm.Installer took to complete: 0ms
01-01 08:00:44.540 I/SystemServerTiming( 1152): OnBootPhase_100_com.android.server.os.DeviceIdentifiersPolicyService
01-01 08:00:44.540 D/SystemServerTiming( 1152): OnBootPhase_100_com.android.server.os.DeviceIdentifiersPolicyService took to complete: 0ms
01-01 08:00:44.540 I/SystemServerTiming( 1152): OnBootPhase_100_com.android.server.uri.UriGrantsManagerService$Lifecycle
01-01 08:00:44.540 D/SystemServerTiming( 1152): OnBootPhase_100_com.android.server.uri.UriGrantsManagerService$Lifecycle took to complete: 0ms
01-01 08:00:44.541 I/SystemServerTiming( 1152): OnBootPhase_100_com.android.server.powerstats.PowerStatsService
01-01 08:00:44.541 D/SystemServerTiming( 1152): OnBootPhase_100_com.android.server.powerstats.PowerStatsService took to complete: 0ms
01-01 08:00:44.541 I/SystemServerTiming( 1152): OnBootPhase_100_com.android.server.wm.ActivityTaskManagerService$Lifecycle
01-01 08:00:44.541 D/SystemServerTiming( 1152): OnBootPhase_100_com.android.server.wm.ActivityTaskManagerService$Lifecycle took to complete: 0ms
01-01 08:00:44.541 I/SystemServerTiming( 1152): OnBootPhase_100_com.android.server.am.ActivityManagerService$Lifecycle
01-01 08:00:44.541 D/SystemServerTiming( 1152): OnBootPhase_100_com.android.server.am.ActivityManagerService$Lifecycle took to complete: 0ms
01-01 08:00:44.541 I/SystemServerTiming( 1152): OnBootPhase_100_com.android.server.pm.DataLoaderManagerService
01-01 08:00:44.541 D/SystemServerTiming( 1152): OnBootPhase_100_com.android.server.pm.DataLoaderManagerService took to complete: 0ms
01-01 08:00:44.541 I/SystemServerTiming( 1152): OnBootPhase_100_com.android.server.power.PowerManagerService
01-01 08:00:44.541 D/SystemServerTiming( 1152): OnBootPhase_100_com.android.server.power.PowerManagerService took to complete: 0ms
01-01 08:00:44.541 I/SystemServerTiming( 1152): OnBootPhase_100_com.android.server.power.ThermalManagerService
01-01 08:00:44.542 D/SystemServerTiming( 1152): OnBootPhase_100_com.android.server.power.ThermalManagerService took to complete: 0ms
01-01 08:00:44.542 I/SystemServerTiming( 1152): OnBootPhase_100_com.android.server.power.hint.HintManagerService
01-01 08:00:44.542 D/SystemServerTiming( 1152): OnBootPhase_100_com.android.server.power.hint.HintManagerService took to complete: 0ms
01-01 08:00:44.542 I/SystemServerTiming( 1152): OnBootPhase_100_com.android.server.recoverysystem.RecoverySystemService$Lifecycle
01-01 08:00:44.542 D/SystemServerTiming( 1152): OnBootPhase_100_com.android.server.recoverysystem.RecoverySystemService$Lifecycle took to complete: 0ms
01-01 08:00:44.542 I/SystemServerTiming( 1152): OnBootPhase_100_com.android.server.lights.LightsService
01-01 08:00:44.542 D/SystemServerTiming( 1152): OnBootPhase_100_com.android.server.lights.LightsService took to complete: 0ms
01-01 08:00:44.542 I/SystemServerTiming( 1152): OnBootPhase_100_com.android.server.display.DisplayManagerService
01-01 08:00:44.556 I/DisplayDeviceRepository( 1152): Display device added: DisplayDeviceInfo{"内置屏幕": uniqueId="local:4630946370410392961", 2380 x 1020, modeId 1, defaultModeId 1, supportedModes [{id=1, width=2380, height=1020, fps=60.000004, alternativeRefreshRates=[30.000002, 45.0]}, {id=2, width=2380, height=1020, fps=45.0, alternativeRefreshRates=[30.000002, 60.000004]}, {id=3, width=2380, height=1020, fps=30.000002, alternativeRefreshRates=[45.0, 60.000004]}], colorMode 0, supportedColorModes [0], hdrCapabilities HdrCapabilities{mSupportedHdrTypes=[2, 3, 4], mMaxLuminance=500.0, mMaxAverageLuminance=500.0, mMinLuminance=0.0}, allmSupported false, gameContentTypeSupported false, density 240, 319.851 x 319.851 dpi, appVsyncOff 1000000, presDeadline 16666666, touch INTERNAL, rotation 0, type INTERNAL, address {port=129, model=0x40446d3026322d}, deviceProductInfo DeviceProductInfo{name=, manufacturerPnpId=QCM, productId=1, modelYear=null, manufactureDate=ManufactureDate{week=27, year=2006}, connectionToSinkType=0}, state UNKNOWN, frameRateOverride , brightnessMinimum 0.0, brightnessMaximum 1.0, brightnessDefault 1.0, FLAG_DEFAULT_DISPLAY, FLAG_ROTATES_WITH_CONTENT, FLAG_SECURE, FLAG_SUPPORTS_PROTECTED_BUFFERS}
01-01 08:00:44.566 E/swr-wcd wsa_swr_ctrl( 0): swrm_get_logical_dev_num: device 0x1020170211 is not ready
01-01 08:00:44.584 E/swr_get_logical_dev_num( 0): Error -22 to get logical addr for device 1020170211
01-01 08:00:44.602 W/wsa881x ( 0): probe of wsa881x.1020170211 failed with error -22
01-01 08:00:44.606 I/LogicalDisplayMapper( 1152): Applying layout: [{addr: {port=129, model=0x40446d3026322d}, dispId: 0(ON)}], Previous layout: null
01-01 08:00:44.620 I/cnss-daemon( 0): interop issues ap: read_iot_ap_file: No such file /data/vendor/wifi/iotap_ps.bin
01-01 08:00:44.620 I/cnss-daemon( 0): interop issues ap: read_iot_ap_ps_from_file, read file error
01-01 08:00:44.644 I/LogicalDisplayMapper( 1152): Adding new display: 0: DisplayInfo{"内置屏幕", displayId 0", displayGroupId -1, FLAG_SECURE, FLAG_SUPPORTS_PROTECTED_BUFFERS, FLAG_TRUSTED, real 2380 x 1020, largest app 2380 x 1020, smallest app 2380 x 1020, appVsyncOff 1000000, presDeadline 16666666, mode 1, defaultMode 1, modes [{id=1, width=2380, height=1020, fps=60.000004, alternativeRefreshRates=[30.000002, 45.0]}, {id=2, width=2380, height=1020, fps=45.0, alternativeRefreshRates=[30.000002, 60.000004]}, {id=3, width=2380, height=1020, fps=30.000002, alternativeRefreshRates=[45.0, 60.000004]}], hdrCapabilities HdrCapabilities{mSupportedHdrTypes=[2, 3, 4], mMaxLuminance=500.0, mMaxAverageLuminance=500.0, mMinLuminance=0.0}, userDisabledHdrTypes [], minimalPostProcessingSupported false, rotation 0, state UNKNOWN, type INTERNAL, uniqueId "local:4630946370410392961", app 2380 x 1020, density 240 (319.851 x 319.851) dpi, layerStack 0, colorMode 0, supportedColorModes [0], address {port=129, model=0x40446d3026322d}, deviceProductInfo DeviceProductInfo{name=, manufacturerPnpId=QCM, productId=1, modelYear=null, manufactureDate=ManufactureDate{week=27, year=2006}, connectionToSinkType=0}, removeMode 0, refreshRateOverride 0.0, brightnessMinimum 0.0, brightnessMaximum 1.0, brightnessDefault 1.0}
01-01 08:00:44.646 I/LogicalDisplayMapper( 1152): Setting new display group 0 for display 0, from previous group: null
01-01 08:00:44.625 E/swr-wcd wsa_swr_ctrl( 0): swrm_get_logical_dev_num: device 0x1020170212 is not ready
01-01 08:00:44.633 I/cnss-daemon( 0): NL group_id 10, cnss_nl.family_id 28
01-01 08:00:44.633 I/cnss-daemon( 0): wlfw_start: Starting
01-01 08:00:44.640 I/cnss-daemon( 0): wlfw_service_request: Start the pthread: 0x0K
01-01 08:00:44.640 E/swr_get_logical_dev_num( 0): Error -22 to get logical addr for device 1020170212
01-01 08:00:44.644 I/cnss-daemon( 0): no interop issues ap currently
01-01 08:00:44.651 I/cnss-daemon( 0): ro.baseband : [apq]
01-01 08:00:44.651 I/cnss-daemon( 0): Hardware supports external modem
01-01 08:00:44.658 W/wsa881x ( 0): probe of wsa881x.1020170212 failed with error -22
01-01 08:00:44.648 E/DisplayDeviceConfig( 1152): requesting nits when no mapping exists.
01-01 08:00:44.661 E/DisplayDeviceConfig( 1152): requesting nits when no mapping exists.
01-01 08:00:44.662 I/binder ( 0): 1410:1410 ioctl 40046210 7fc4162bc4 returned -22
01-01 08:00:44.679 E/swr-wcd wsa_swr_ctrl( 0): swrm_get_logical_dev_num: device 0x1021170213 is not ready
01-01 08:00:44.684 I/cnss-daemon( 0): pm_release_vote: pm_handle is NULL
01-01 08:00:44.684 I/cnss-daemon( 0): pm_release_vote: pm_handle is NULL
01-01 08:00:44.696 E/swr_get_logical_dev_num( 0): Error -22 to get logical addr for device 1021170213
01-01 08:00:44.666 W/SystemServiceManager( 1152): Service com.android.server.display.DisplayManagerService took 123 ms in onBootPhase
01-01 08:00:44.666 D/SystemServerTiming( 1152): OnBootPhase_100_com.android.server.display.DisplayManagerService took to complete: 123ms
01-01 08:00:44.666 D/SystemServerTiming( 1152): OnBootPhase_100 took to complete: 125ms
01-01 08:00:44.666 D/SystemServerTiming( 1152): WaitForDisplay took to complete: 126ms
01-01 08:00:44.666 I/SystemServerTiming( 1152): StartDomainVerificationService
01-01 08:00:44.678 D/SystemServerTiming( 1152): StartDomainVerificationService took to complete: 11ms
01-01 08:00:44.678 I/SystemServerTiming( 1152): StartPackageManagerService
01-01 08:00:44.678 I/Watchdog( 1152): Pausing HandlerChecker: main thread for reason: packagemanagermain. Pause count: 1
01-01 08:00:44.683 I/PackageManagerTiming( 1152): create package manager
01-01 08:00:44.685 I/DisplayDeviceRepository( 1152): Display device changed state: "内置屏幕", ON
01-01 08:00:44.690 I/PackageManagerTiming( 1152): readListOfPackagesToBeDisabled
01-01 08:00:44.690 D/PackageManagerTiming( 1152): readListOfPackagesToBeDisabled took to complete: 0ms
01-01 08:00:44.690 I/PackageManagerTiming( 1152): createSubComponents
01-01 08:00:44.722 D/cnss ( 0): Received QMI WLFW request memory indication
01-01 08:00:44.722 D/cnss ( 0): FW requests for memory, size: 0x5e0000, type: 1
01-01 08:00:44.722 D/cnss ( 0): FW requests for memory, size: 0xd8000, type: 4
01-01 08:00:44.722 D/cnss ( 0): Posting event: REQUEST_MEM(2), state: 0x9 flags: 0x0
01-01 08:00:44.722 D/cnss ( 0): PM stay awake, state: 0x9, count: 1
01-01 08:00:44.723 D/cnss ( 0): Processing driver event: REQUEST_MEM(2), state: 0x9
01-01 08:00:44.726 W/wsa881x ( 0): probe of wsa881x.1021170213 failed with error -22
01-01 08:00:44.736 E/swr-wcd wsa_swr_ctrl( 0): swrm_get_logical_dev_num: device 0x1021170214 is not ready
01-01 08:00:44.752 E/swr_get_logical_dev_num( 0): Error -22 to get logical addr for device 1021170214
01-01 08:00:44.774 D/PackageManagerTiming( 1152): createSubComponents took to complete: 83ms
01-01 08:00:44.774 I/PackageManagerTiming( 1152): addSharedUsers
01-01 08:00:44.775 D/PackageManagerTiming( 1152): addSharedUsers took to complete: 0ms
01-01 08:00:44.776 I/PackageManagerTiming( 1152): get system config
01-01 08:00:44.776 D/PackageManagerTiming( 1152): get system config took to complete: 0ms
01-01 08:00:44.781 W/wsa881x ( 0): probe of wsa881x.1021170214 failed with error -22
01-01 08:00:44.788 D/PackageManager( 1152): Directories scanned as system partitions: [/system:0, /vendor:524288, /odm:4194304, /oem:262144, /product:1048576, /system_ext:2097152, /apex/com.android.vndk.v30:8388608, /apex/com.android.wifi:8388608, /apex/com.android.vndk.v31:8388608, /apex/com.android.tzdata:8388608, /apex/com.android.tethering:8388608, /apex/com.android.sdkext:8388608, /apex/com.android.scheduling:8388608, /apex/com.android.runtime:8388608, /apex/com.android.resolv:8388608, /apex/com.android.permission:8388608, /apex/com.android.os.statsd:8388608, /apex/com.android.neuralnetworks:8388608, /apex/com.android.mediaprovider:8388608, /apex/com.android.media.swcodec:8388608, /apex/com.android.media:8388608, /apex/com.android.ipsec:8388608, /apex/com.android.i18n:8388608, /apex/com.android.extservices:8388608, /apex/com.android.conscrypt:8388608, /apex/com.android.art:8388608, /apex/com.android.appsearch:8388608, /apex/com.android.adbd:8388608]
01-01 08:00:44.806 D/SELinuxMMAC( 1152): Using policy file /system/etc/selinux/plat_mac_permissions.xml
01-01 08:00:44.810 E/bolero-codec soc( 0): qcom,msm-audio-apr:qcom,q6core-audio:bolero-cdc: ASoC: unknown pin WSA AIF VI
01-01 08:00:44.809 D/SELinuxMMAC( 1152): Using policy file /system_ext/etc/selinux/system_ext_mac_permissions.xml
01-01 08:00:44.811 D/SELinuxMMAC( 1152): Using policy file /product/etc/selinux/product_mac_permissions.xml
01-01 08:00:44.813 D/SELinuxMMAC( 1152): Using policy file /vendor/etc/selinux/vendor_mac_permissions.xml
01-01 08:00:44.815 D/SELinuxMMAC( 1152): Using policy file /odm/etc/selinux/odm_mac_permissions.xml
01-01 08:00:44.817 I/PackageManagerTiming( 1152): loadFallbacks
01-01 08:00:44.819 D/PackageManagerTiming( 1152): loadFallbacks took to complete: 3ms
