04-04 04:29:52.416 I/SystemServerTiming( 1152): OnBootPhase_520_com.android.server.smartspace.SmartspaceManagerService
04-04 04:29:52.416 D/SystemServerTiming( 1152): OnBootPhase_520_com.android.server.smartspace.SmartspaceManagerService took to complete: 0ms
04-04 04:29:52.416 I/SystemServerTiming( 1152): OnBootPhase_520_com.android.server.graphics.fonts.FontManagerService$Lifecycle
04-04 04:29:52.416 D/SystemServerTiming( 1152): OnBootPhase_520_com.android.server.graphics.fonts.FontManagerService$Lifecycle took to complete: 0ms
04-04 04:29:52.416 I/SystemServerTiming( 1152): OnBootPhase_520_com.android.server.textservices.TextServicesManagerService$Lifecycle
04-04 04:29:52.416 D/SystemServerTiming( 1152): OnBootPhase_520_com.android.server.textservices.TextServicesManagerService$Lifecycle took to complete: 0ms
04-04 04:29:52.416 I/SystemServerTiming( 1152): OnBootPhase_520_com.android.server.textclassifier.TextClassificationManagerService$Lifecycle
04-04 04:29:52.416 D/SystemServerTiming( 1152): OnBootPhase_520_com.android.server.textclassifier.TextClassificationManagerService$Lifecycle took to complete: 0ms
04-04 04:29:52.416 I/SystemServerTiming( 1152): OnBootPhase_520_com.android.server.NetworkScoreService$Lifecycle
04-04 04:29:52.416 D/SystemServerTiming( 1152): OnBootPhase_520_com.android.server.NetworkScoreService$Lifecycle took to complete: 0ms
04-04 04:29:52.416 I/SystemServerTiming( 1152): OnBootPhase_520_com.android.server.wifi.WifiService
04-04 04:29:52.416 D/SystemServerTiming( 1152): OnBootPhase_520_com.android.server.wifi.WifiService took to complete: 0ms
04-04 04:29:52.416 I/SystemServerTiming( 1152): OnBootPhase_520_com.android.server.wifi.scanner.WifiScanningService
04-04 04:29:52.416 D/SystemServerTiming( 1152): OnBootPhase_520_com.android.server.wifi.scanner.WifiScanningService took to complete: 0ms
04-04 04:29:52.416 I/SystemServerTiming( 1152): OnBootPhase_520_com.android.server.wifi.rtt.RttService
04-04 04:29:52.416 D/SystemServerTiming( 1152): OnBootPhase_520_com.android.server.wifi.rtt.RttService took to complete: 0ms
04-04 04:29:52.416 I/SystemServerTiming( 1152): OnBootPhase_520_com.android.server.wifi.aware.WifiAwareService
04-04 04:29:52.417 D/SystemServerTiming( 1152): OnBootPhase_520_com.android.server.wifi.aware.WifiAwareService took to complete: 0ms
04-04 04:29:52.417 I/SystemServerTiming( 1152): OnBootPhase_520_com.android.server.wifi.p2p.WifiP2pService
04-04 04:29:52.417 D/SystemServerTiming( 1152): OnBootPhase_520_com.android.server.wifi.p2p.WifiP2pService took to complete: 0ms
04-04 04:29:52.417 I/SystemServerTiming( 1152): OnBootPhase_520_com.android.server.ethernet.EthernetService
04-04 04:29:52.417 D/SystemServerTiming( 1152): OnBootPhase_520_com.android.server.ethernet.EthernetService took to complete: 0ms
04-04 04:29:52.417 I/SystemServerTiming( 1152): OnBootPhase_520_com.android.server.ConnectivityServiceInitializer
04-04 04:29:52.417 D/SystemServerTiming( 1152): OnBootPhase_520_com.android.server.ConnectivityServiceInitializer took to complete: 0ms
04-04 04:29:52.417 I/SystemServerTiming( 1152): OnBootPhase_520_com.android.server.notification.NotificationManagerService
04-04 04:29:52.417 D/SystemServerTiming( 1152): OnBootPhase_520_com.android.server.notification.NotificationManagerService took to complete: 0ms
04-04 04:29:52.417 I/SystemServerTiming( 1152): OnBootPhase_520_com.android.server.storage.DeviceStorageMonitorService
04-04 04:29:52.417 D/SystemServerTiming( 1152): OnBootPhase_520_com.android.server.storage.DeviceStorageMonitorService took to complete: 0ms
04-04 04:29:52.417 I/SystemServerTiming( 1152): OnBootPhase_520_com.android.server.location.LocationManagerService$Lifecycle
04-04 04:29:52.417 D/SystemServerTiming( 1152): OnBootPhase_520_com.android.server.location.LocationManagerService$Lifecycle took to complete: 0ms
04-04 04:29:52.417 I/SystemServerTiming( 1152): OnBootPhase_520_com.android.server.timedetector.TimeDetectorService$Lifecycle
04-04 04:29:52.417 D/SystemServerTiming( 1152): OnBootPhase_520_com.android.server.timedetector.TimeDetectorService$Lifecycle took to complete: 0ms
04-04 04:29:52.417 I/SystemServerTiming( 1152): OnBootPhase_520_com.android.server.timezonedetector.TimeZoneDetectorService$Lifecycle
04-04 04:29:52.417 D/SystemServerTiming( 1152): OnBootPhase_520_com.android.server.timezonedetector.TimeZoneDetectorService$Lifecycle took to complete: 0ms
04-04 04:29:52.417 I/SystemServerTiming( 1152): OnBootPhase_520_com.android.server.timezonedetector.location.LocationTimeZoneManagerService$Lifecycle
04-04 04:29:52.417 D/SystemServerTiming( 1152): OnBootPhase_520_com.android.server.timezonedetector.location.LocationTimeZoneManagerService$Lifecycle took to complete: 0ms
04-04 04:29:52.417 I/SystemServerTiming( 1152): OnBootPhase_520_com.android.server.search.SearchManagerService$Lifecycle
04-04 04:29:52.417 D/SystemServerTiming( 1152): OnBootPhase_520_com.android.server.search.SearchManagerService$Lifecycle took to complete: 0ms
04-04 04:29:52.417 I/SystemServerTiming( 1152): OnBootPhase_520_com.android.server.wallpaper.WallpaperManagerService$Lifecycle
04-04 04:29:52.417 D/SystemServerTiming( 1152): OnBootPhase_520_com.android.server.wallpaper.WallpaperManagerService$Lifecycle took to complete: 0ms
04-04 04:29:52.418 I/SystemServerTiming( 1152): OnBootPhase_520_com.android.server.audio.AudioService$Lifecycle
04-04 04:29:52.418 D/SystemServerTiming( 1152): OnBootPhase_520_com.android.server.audio.AudioService$Lifecycle took to complete: 0ms
04-04 04:29:52.418 I/SystemServerTiming( 1152): OnBootPhase_520_com.android.server.soundtrigger_middleware.SoundTriggerMiddlewareService$Lifecycle
04-04 04:29:52.418 D/SystemServerTiming( 1152): OnBootPhase_520_com.android.server.soundtrigger_middleware.SoundTriggerMiddlewareService$Lifecycle took to complete: 0ms
04-04 04:29:52.418 I/SystemServerTiming( 1152): OnBootPhase_520_com.android.server.DockObserver
04-04 04:29:52.418 D/SystemServerTiming( 1152): OnBootPhase_520_com.android.server.DockObserver took to complete: 0ms
04-04 04:29:52.418 I/SystemServerTiming( 1152): OnBootPhase_520_com.android.server.midi.MidiService$Lifecycle
04-04 04:29:52.418 D/SystemServerTiming( 1152): OnBootPhase_520_com.android.server.midi.MidiService$Lifecycle took to complete: 0ms
04-04 04:29:52.418 I/SystemServerTiming( 1152): OnBootPhase_520_com.android.server.adb.AdbService$Lifecycle
04-04 04:29:52.418 D/SystemServerTiming( 1152): OnBootPhase_520_com.android.server.adb.AdbService$Lifecycle took to complete: 0ms
04-04 04:29:52.418 I/SystemServerTiming( 1152): OnBootPhase_520_com.android.server.usb.UsbService$Lifecycle
04-04 04:29:52.418 D/SystemServerTiming( 1152): OnBootPhase_520_com.android.server.usb.UsbService$Lifecycle took to complete: 0ms
04-04 04:29:52.418 I/SystemServerTiming( 1152): OnBootPhase_520_com.android.server.twilight.TwilightService
04-04 04:29:52.418 D/SystemServerTiming( 1152): OnBootPhase_520_com.android.server.twilight.TwilightService took to complete: 0ms
04-04 04:29:52.418 I/SystemServerTiming( 1152): OnBootPhase_520_com.android.server.display.color.ColorDisplayService
04-04 04:29:52.418 D/SystemServerTiming( 1152): OnBootPhase_520_com.android.server.display.color.ColorDisplayService took to complete: 0ms
04-04 04:29:52.418 I/SystemServerTiming( 1152): OnBootPhase_520_com.android.server.job.JobSchedulerService
04-04 04:29:52.419 D/SystemServerTiming( 1152): OnBootPhase_520_com.android.server.job.JobSchedulerService took to complete: 0ms
04-04 04:29:52.419 I/SystemServerTiming( 1152): OnBootPhase_520_com.android.server.soundtrigger.SoundTriggerService
04-04 04:29:52.419 D/SoundTriggerService( 1152): onBootPhase: 520 : false
04-04 04:29:52.419 D/SystemServerTiming( 1152): OnBootPhase_520_com.android.server.soundtrigger.SoundTriggerService took to complete: 0ms
04-04 04:29:52.419 I/SystemServerTiming( 1152): OnBootPhase_520_com.android.server.trust.TrustManagerService
04-04 04:29:52.419 D/SystemServerTiming( 1152): OnBootPhase_520_com.android.server.trust.TrustManagerService took to complete: 0ms
04-04 04:29:52.419 I/SystemServerTiming( 1152): OnBootPhase_520_com.android.server.backup.BackupManagerService$Lifecycle
04-04 04:29:52.419 D/SystemServerTiming( 1152): OnBootPhase_520_com.android.server.backup.BackupManagerService$Lifecycle took to complete: 0ms
04-04 04:29:52.419 I/SystemServerTiming( 1152): OnBootPhase_520_com.android.server.appwidget.AppWidgetService
04-04 04:29:52.419 D/SystemServerTiming( 1152): OnBootPhase_520_com.android.server.appwidget.AppWidgetService took to complete: 0ms
04-04 04:29:52.419 I/SystemServerTiming( 1152): OnBootPhase_520_com.android.server.voiceinteraction.VoiceInteractionManagerService
04-04 04:29:52.419 D/SystemServerTiming( 1152): OnBootPhase_520_com.android.server.voiceinteraction.VoiceInteractionManagerService took to complete: 0ms
04-04 04:29:52.419 I/SystemServerTiming( 1152): OnBootPhase_520_com.android.server.apphibernation.AppHibernationService
04-04 04:29:52.419 D/SystemServerTiming( 1152): OnBootPhase_520_com.android.server.apphibernation.AppHibernationService took to complete: 0ms
04-04 04:29:52.419 I/SystemServerTiming( 1152): OnBootPhase_520_com.android.server.SensorNotificationService
04-04 04:29:52.419 D/SystemServerTiming( 1152): OnBootPhase_520_com.android.server.SensorNotificationService took to complete: 0ms
04-04 04:29:52.419 I/SystemServerTiming( 1152): OnBootPhase_520_com.android.server.emergency.EmergencyAffordanceService
04-04 04:29:52.419 D/SystemServerTiming( 1152): OnBootPhase_520_com.android.server.emergency.EmergencyAffordanceService took to complete: 0ms
04-04 04:29:52.419 I/SystemServerTiming( 1152): OnBootPhase_520_com.android.server.blob.BlobStoreManagerService
04-04 04:29:52.419 D/SystemServerTiming( 1152): OnBootPhase_520_com.android.server.blob.BlobStoreManagerService took to complete: 0ms
04-04 04:29:52.420 I/SystemServerTiming( 1152): OnBootPhase_520_com.android.server.dreams.DreamManagerService
04-04 04:29:52.420 D/SystemServerTiming( 1152): OnBootPhase_520_com.android.server.dreams.DreamManagerService took to complete: 0ms
04-04 04:29:52.420 I/SystemServerTiming( 1152): OnBootPhase_520_com.android.server.companion.CompanionDeviceManagerService
04-04 04:29:52.420 D/SystemServerTiming( 1152): OnBootPhase_520_com.android.server.companion.CompanionDeviceManagerService took to complete: 0ms
04-04 04:29:52.420 I/SystemServerTiming( 1152): OnBootPhase_520_com.android.server.restrictions.RestrictionsManagerService
04-04 04:29:52.420 D/SystemServerTiming( 1152): OnBootPhase_520_com.android.server.restrictions.RestrictionsManagerService took to complete: 0ms
04-04 04:29:52.420 I/SystemServerTiming( 1152): OnBootPhase_520_com.android.server.media.MediaSessionService
04-04 04:29:52.420 D/SystemServerTiming( 1152): OnBootPhase_520_com.android.server.media.MediaSessionService took to complete: 0ms
04-04 04:29:52.420 I/SystemServerTiming( 1152): OnBootPhase_520_com.android.server.media.MediaResourceMonitorService
04-04 04:29:52.420 D/SystemServerTiming( 1152): OnBootPhase_520_com.android.server.media.MediaResourceMonitorService took to complete: 0ms
04-04 04:29:52.420 I/SystemServerTiming( 1152): OnBootPhase_520_com.android.server.biometrics.sensors.fingerprint.FingerprintService
04-04 04:29:52.420 D/SystemServerTiming( 1152): OnBootPhase_520_com.android.server.biometrics.sensors.fingerprint.FingerprintService took to complete: 0ms
04-04 04:29:52.420 I/SystemServerTiming( 1152): OnBootPhase_520_com.android.server.biometrics.BiometricService
04-04 04:29:52.420 D/SystemServerTiming( 1152): OnBootPhase_520_com.android.server.biometrics.BiometricService took to complete: 0ms
04-04 04:29:52.420 I/SystemServerTiming( 1152): OnBootPhase_520_com.android.server.biometrics.AuthService
01-01 08:00:50.001 I/msm_vidc( 0): high: 00000001: h264d: Closed video instance: ffffffc2e6f00000
04-04 04:29:52.420 D/SystemServerTiming( 1152): OnBootPhase_520_com.android.server.biometrics.AuthService took to complete: 0ms
04-04 04:29:52.420 I/SystemServerTiming( 1152): OnBootPhase_520_com.android.server.pm.ShortcutService$Lifecycle
04-04 04:29:52.420 D/SystemServerTiming( 1152): OnBootPhase_520_com.android.server.pm.ShortcutService$Lifecycle took to complete: 0ms
04-04 04:29:52.420 I/SystemServerTiming( 1152): OnBootPhase_520_com.android.server.pm.LauncherAppsService
04-04 04:29:52.420 D/SystemServerTiming( 1152): OnBootPhase_520_com.android.server.pm.LauncherAppsService took to complete: 0ms
04-04 04:29:52.420 I/SystemServerTiming( 1152): OnBootPhase_520_com.android.server.pm.CrossProfileAppsService
04-04 04:29:52.421 D/SystemServerTiming( 1152): OnBootPhase_520_com.android.server.pm.CrossProfileAppsService took to complete: 0ms
04-04 04:29:52.421 I/SystemServerTiming( 1152): OnBootPhase_520_com.android.server.people.PeopleService
04-04 04:29:52.421 D/SystemServerTiming( 1152): OnBootPhase_520_com.android.server.people.PeopleService took to complete: 0ms
04-04 04:29:52.421 I/SystemServerTiming( 1152): OnBootPhase_520_com.android.server.media.metrics.MediaMetricsManagerService
04-04 04:29:52.421 D/SystemServerTiming( 1152): OnBootPhase_520_com.android.server.media.metrics.MediaMetricsManagerService took to complete: 0ms
04-04 04:29:52.421 I/SystemServerTiming( 1152): OnBootPhase_520_com.android.server.media.projection.MediaProjectionManagerService
04-04 04:29:52.421 D/SystemServerTiming( 1152): OnBootPhase_520_com.android.server.media.projection.MediaProjectionManagerService took to complete: 0ms
04-04 04:29:52.421 I/SystemServerTiming( 1152): OnBootPhase_520_com.android.server.slice.SliceManagerService$Lifecycle
04-04 04:29:52.421 D/SystemServerTiming( 1152): OnBootPhase_520_com.android.server.slice.SliceManagerService$Lifecycle took to complete: 0ms
04-04 04:29:52.421 I/SystemServerTiming( 1152): OnBootPhase_520_com.android.server.stats.StatsCompanion$Lifecycle
04-04 04:29:52.421 D/SystemServerTiming( 1152): OnBootPhase_520_com.android.server.stats.StatsCompanion$Lifecycle took to complete: 0ms
04-04 04:29:52.421 I/SystemServerTiming( 1152): OnBootPhase_520_com.android.server.scheduling.RebootReadinessManagerService$Lifecycle
04-04 04:29:52.421 D/SystemServerTiming( 1152): OnBootPhase_520_com.android.server.scheduling.RebootReadinessManagerService$Lifecycle took to complete: 0ms
04-04 04:29:52.421 I/SystemServerTiming( 1152): OnBootPhase_520_com.android.server.stats.pull.StatsPullAtomService
04-04 04:29:52.421 D/SystemServerTiming( 1152): OnBootPhase_520_com.android.server.stats.pull.StatsPullAtomService took to complete: 0ms
04-04 04:29:52.421 I/SystemServerTiming( 1152): OnBootPhase_520_com.android.server.incident.IncidentCompanionService
04-04 04:29:52.421 D/SystemServerTiming( 1152): OnBootPhase_520_com.android.server.incident.IncidentCompanionService took to complete: 0ms
04-04 04:29:52.421 I/SystemServerTiming( 1152): OnBootPhase_520_com.android.server.MmsServiceBroker
04-04 04:29:52.421 D/SystemServerTiming( 1152): OnBootPhase_520_com.android.server.MmsServiceBroker took to complete: 0ms
04-04 04:29:52.421 I/SystemServerTiming( 1152): OnBootPhase_520_com.android.server.autofill.AutofillManagerService
04-04 04:29:52.421 D/SystemServerTiming( 1152): OnBootPhase_520_com.android.server.autofill.AutofillManagerService took to complete: 0ms
04-04 04:29:52.421 I/SystemServerTiming( 1152): OnBootPhase_520_com.android.server.clipboard.ClipboardService
04-04 04:29:52.421 D/SystemServerTiming( 1152): OnBootPhase_520_com.android.server.clipboard.ClipboardService took to complete: 0ms
04-04 04:29:52.421 I/SystemServerTiming( 1152): OnBootPhase_520_com.android.server.appbinding.AppBindingService$Lifecycle
04-04 04:29:52.422 D/SystemServerTiming( 1152): OnBootPhase_520_com.android.server.appbinding.AppBindingService$Lifecycle took to complete: 0ms
04-04 04:29:52.422 I/SystemServerTiming( 1152): OnBootPhase_520_com.android.server.tracing.TracingServiceProxy
04-04 04:29:52.422 D/SystemServerTiming( 1152): OnBootPhase_520_com.android.server.tracing.TracingServiceProxy took to complete: 0ms
04-04 04:29:52.422 I/SystemServerTiming( 1152): OnBootPhase_520_com.android.server.policy.PermissionPolicyService
04-04 04:29:52.422 D/SystemServerTiming( 1152): OnBootPhase_520_com.android.server.policy.PermissionPolicyService took to complete: 0ms
04-04 04:29:52.422 I/SystemServerTiming( 1152): OnBootPhase_520_com.android.server.pm.StagingManager$Lifecycle
04-04 04:29:52.422 D/SystemServerTiming( 1152): OnBootPhase_520_com.android.server.pm.StagingManager$Lifecycle took to complete: 0ms
04-04 04:29:52.422 I/SystemServerTiming( 1152): OnBootPhase_520_com.android.server.app.GameManagerService$Lifecycle
04-04 04:29:52.422 D/SystemServerTiming( 1152): OnBootPhase_520_com.android.server.app.GameManagerService$Lifecycle took to complete: 0ms
04-04 04:29:52.422 D/SystemServerTiming( 1152): OnBootPhase_520 took to complete: 11ms
04-04 04:29:52.422 D/SystemServerTiming( 1152): StartBootPhaseDeviceSpecificServicesReady took to complete: 11ms
04-04 04:29:52.422 I/SystemServerTiming( 1152): AppSearchManagerService
04-04 04:29:52.429 I/SystemServiceManager( 1152): Starting com.android.server.appsearch.AppSearchManagerService
04-04 04:29:52.437 D/SystemServerTiming( 1152): AppSearchManagerService took to complete: 15ms
04-04 04:29:52.437 I/SystemServerTiming( 1152): StartMediaCommunicationService
04-04 04:29:52.437 I/SystemServiceManager( 1152): Starting com.android.server.media.MediaCommunicationService
04-04 04:29:52.439 D/SystemServerTiming( 1152): StartMediaCommunicationService took to complete: 2ms
04-04 04:29:52.439 I/SystemServerTiming( 1152): PhaseActivityManagerReady
04-04 04:29:52.439 I/SystemServerTiming( 1152): controllersReady
04-04 04:29:52.446 I/SystemServerTimingAsync( 1152): InitThreadPoolExec:Update app-ops uidState in case package com.android.providers.media.module changed
04-04 04:29:52.446 D/SystemServerInitThreadPool( 1152): Started executing Update app-ops uidState in case package com.android.providers.media.module changed
04-04 04:29:52.447 I/SystemServerTimingAsync( 1152): InitThreadPoolExec:Update app-ops uidState in case package com.qualcomm.qtil.aptxui changed
04-04 04:29:52.447 D/SystemServerInitThreadPool( 1152): Started executing Update app-ops uidState in case package com.qualcomm.qtil.aptxui changed
04-04 04:29:52.447 I/SystemServerTimingAsync( 1152): InitThreadPoolExec:Update app-ops uidState in case package com.hht.lebocast changed
04-04 04:29:52.447 I/SystemServerTimingAsync( 1152): InitThreadPoolExec:Update app-ops uidState in case package com.qualcomm.qti.workloadclassifier changed
04-04 04:29:52.447 I/SystemServerTimingAsync( 1152): InitThreadPoolExec:Update app-ops uidState in case package com.android.systemui changed
04-04 04:29:52.447 D/SystemServerInitThreadPool( 1152): Started executing Update app-ops uidState in case package com.android.systemui changed
04-04 04:29:52.447 D/SystemServerInitThreadPool( 1152): Started executing Update app-ops uidState in case package com.qualcomm.qti.workloadclassifier changed
04-04 04:29:52.447 D/SystemServerInitThreadPool( 1152): Finished executing Update app-ops uidState in case package com.qualcomm.qti.workloadclassifier changed
04-04 04:29:52.447 D/SystemServerTimingAsync( 1152): InitThreadPoolExec:Update app-ops uidState in case package com.qualcomm.qti.workloadclassifier changed took to complete: 1ms
04-04 04:29:52.447 I/SystemServerTimingAsync( 1152): InitThreadPoolExec:Update app-ops uidState in case package com.android.launcher3 changed
04-04 04:29:52.448 D/SystemServerInitThreadPool( 1152): Started executing Update app-ops uidState in case package com.android.launcher3 changed
04-04 04:29:52.448 D/SystemServerTiming( 1152): controllersReady took to complete: 9ms
04-04 04:29:52.448 I/SystemServerTimingAsync( 1152): InitThreadPoolExec:Update app-ops uidState in case package com.android.gallery3d changed
04-04 04:29:52.448 D/SystemServerInitThreadPool( 1152): Finished executing Update app-ops uidState in case package com.android.launcher3 changed
04-04 04:29:52.448 D/SystemServerInitThreadPool( 1152): Started executing Update app-ops uidState in case package com.android.gallery3d changed
04-04 04:29:52.448 I/SystemServerTimingAsync( 1152): InitThreadPoolExec:Update app-ops uidState in case package com.qualcomm.timeservice changed
04-04 04:29:52.448 I/SystemServerTimingAsync( 1152): InitThreadPoolExec:Update app-ops uidState in case package com.qualcomm.location changed
04-04 04:29:52.448 D/SystemServerInitThreadPool( 1152): Started executing Update app-ops uidState in case package com.hht.lebocast changed
04-04 04:29:52.448 D/SystemServerInitThreadPool( 1152): Started executing Update app-ops uidState in case package com.qualcomm.location changed
04-04 04:29:52.449 D/SystemServerInitThreadPool( 1152): Finished executing Update app-ops uidState in case package com.qualcomm.location changed
04-04 04:29:52.449 D/SystemServerTimingAsync( 1152): InitThreadPoolExec:Update app-ops uidState in case package com.qualcomm.location changed took to complete: 0ms
04-04 04:29:52.449 I/SystemServerTimingAsync( 1152): InitThreadPoolExec:Update app-ops uidState in case package com.sohu.inputmethod.sogou.car changed
04-04 04:29:52.449 D/SystemServerInitThreadPool( 1152): Started executing Update app-ops uidState in case package com.sohu.inputmethod.sogou.car changed
04-04 04:29:52.449 D/SystemServerInitThreadPool( 1152): Finished executing Update app-ops uidState in case package com.sohu.inputmethod.sogou.car changed
04-04 04:29:52.449 D/SystemServerTimingAsync( 1152): InitThreadPoolExec:Update app-ops uidState in case package com.sohu.inputmethod.sogou.car changed took to complete: 0ms
04-04 04:29:52.449 I/SystemServerTimingAsync( 1152): InitThreadPoolExec:Update app-ops uidState in case package com.baidu.input changed
04-04 04:29:52.449 D/SystemServerInitThreadPool( 1152): Started executing Update app-ops uidState in case package com.baidu.input changed
04-04 04:29:52.450 D/SystemServerInitThreadPool( 1152): Finished executing Update app-ops uidState in case package com.baidu.input changed
04-04 04:29:52.450 D/SystemServerTimingAsync( 1152): InitThreadPoolExec:Update app-ops uidState in case package com.baidu.input changed took to complete: 0ms
04-04 04:29:52.450 I/SystemServerTimingAsync( 1152): InitThreadPoolExec:Update app-ops uidState in case package com.microsoft.emmx changed
04-04 04:29:52.450 D/SystemServerInitThreadPool( 1152): Started executing Update app-ops uidState in case package com.microsoft.emmx changed
04-04 04:29:52.450 D/SystemServerInitThreadPool( 1152): Finished executing Update app-ops uidState in case package com.microsoft.emmx changed
04-04 04:29:52.450 D/SystemServerTimingAsync( 1152): InitThreadPoolExec:Update app-ops uidState in case package com.microsoft.emmx changed took to complete: 0ms
04-04 04:29:52.450 I/SystemServerTimingAsync( 1152): InitThreadPoolExec:Update app-ops uidState in case package com.android.providers.calendar changed
04-04 04:29:52.450 D/SystemServerInitThreadPool( 1152): Started executing Update app-ops uidState in case package com.android.providers.calendar changed
04-04 04:29:52.450 D/SystemServerInitThreadPool( 1152): Finished executing Update app-ops uidState in case package com.android.gallery3d changed
04-04 04:29:52.450 D/SystemServerTimingAsync( 1152): InitThreadPoolExec:Update app-ops uidState in case package com.android.gallery3d changed took to complete: 2ms
04-04 04:29:52.450 I/SystemServerTimingAsync( 1152): InitThreadPoolExec:Update app-ops uidState in case package com.android.soundpicker changed
04-04 04:29:52.450 D/SystemServerInitThreadPool( 1152): Started executing Update app-ops uidState in case package com.android.soundpicker changed
04-04 04:29:52.450 D/SystemServerInitThreadPool( 1152): Finished executing Update app-ops uidState in case package com.android.soundpicker changed
04-04 04:29:52.450 D/SystemServerTimingAsync( 1152): InitThreadPoolExec:Update app-ops uidState in case package com.android.soundpicker changed took to complete: 1ms
04-04 04:29:52.451 I/SystemServerTimingAsync( 1152): InitThreadPoolExec:Update app-ops uidState in case package com.android.providers.contacts changed
04-04 04:29:52.451 D/SystemServerInitThreadPool( 1152): Finished executing Update app-ops uidState in case package com.qualcomm.qtil.aptxui changed
04-04 04:29:52.451 D/SystemServerInitThreadPool( 1152): Started executing Update app-ops uidState in case package com.android.providers.contacts changed
04-04 04:29:52.451 D/SystemServerInitThreadPool( 1152): Finished executing Update app-ops uidState in case package com.hht.lebocast changed
04-04 04:29:52.451 D/SystemServerInitThreadPool( 1152): Finished executing Update app-ops uidState in case package com.android.systemui changed
04-04 04:29:52.451 D/SystemServerTimingAsync( 1152): InitThreadPoolExec:Update app-ops uidState in case package com.android.systemui changed took to complete: 4ms
04-04 04:29:52.451 I/SystemServerTimingAsync( 1152): InitThreadPoolExec:Update app-ops uidState in case package com.android.bluetooth changed
04-04 04:29:52.451 D/SystemServerTimingAsync( 1152): InitThreadPoolExec:Update app-ops uidState in case package com.qualcomm.qtil.aptxui changed took to complete: 4ms
04-04 04:29:52.451 D/SystemServerInitThreadPool( 1152): Finished executing Update app-ops uidState in case package com.android.providers.calendar changed
04-04 04:29:52.451 D/SystemServerTimingAsync( 1152): InitThreadPoolExec:Update app-ops uidState in case package com.android.providers.calendar changed took to complete: 1ms
04-04 04:29:52.451 I/SystemServerTimingAsync( 1152): InitThreadPoolExec:Update app-ops uidState in case package com.thundercomm.tcsetupwizard changed
04-04 04:29:52.451 D/SystemServerInitThreadPool( 1152): Started executing Update app-ops uidState in case package com.thundercomm.tcsetupwizard changed
04-04 04:29:52.451 D/SystemServerInitThreadPool( 1152): Finished executing Update app-ops uidState in case package com.thundercomm.tcsetupwizard changed
04-04 04:29:52.451 D/SystemServerTimingAsync( 1152): InitThreadPoolExec:Update app-ops uidState in case package com.thundercomm.tcsetupwizard changed took to complete: 1ms
04-04 04:29:52.451 I/SystemServerTimingAsync( 1152): InitThreadPoolExec:Update app-ops uidState in case package com.thundercomm.remotecontrolservice changed
04-04 04:29:52.451 D/SystemServerInitThreadPool( 1152): Started executing Update app-ops uidState in case package com.thundercomm.remotecontrolservice changed
04-04 04:29:52.452 D/SystemServerInitThreadPool( 1152): Finished executing Update app-ops uidState in case package com.thundercomm.remotecontrolservice changed
04-04 04:29:52.452 D/SystemServerTimingAsync( 1152): InitThreadPoolExec:Update app-ops uidState in case package com.thundercomm.remotecontrolservice changed took to complete: 0ms
04-04 04:29:52.452 I/SystemServerTimingAsync( 1152): InitThreadPoolExec:Update app-ops uidState in case package com.android.server.telecom changed
04-04 04:29:52.452 D/SystemServerInitThreadPool( 1152): Started executing Update app-ops uidState in case package com.android.server.telecom changed
04-04 04:29:52.452 D/SystemServerInitThreadPool( 1152): Finished executing Update app-ops uidState in case package com.android.server.telecom changed
04-04 04:29:52.452 D/SystemServerTimingAsync( 1152): InitThreadPoolExec:Update app-ops uidState in case package com.android.server.telecom changed took to complete: 0ms
04-04 04:29:52.452 D/SystemServerTimingAsync( 1152): InitThreadPoolExec:Update app-ops uidState in case package com.android.launcher3 changed took to complete: 0ms
04-04 04:29:52.452 D/SystemServerInitThreadPool( 1152): Started executing Update app-ops uidState in case package com.android.bluetooth changed
04-04 04:29:52.452 D/SystemServerInitThreadPool( 1152): Finished executing Update app-ops uidState in case package com.android.bluetooth changed
04-04 04:29:52.452 D/SystemServerTimingAsync( 1152): InitThreadPoolExec:Update app-ops uidState in case package com.android.bluetooth changed took to complete: 1ms
01-01 08:00:50.030 I/msm_vidc( 0): high: 00000001: ....d: Opening video instance: ffffffc2e6f00000, 1
04-04 04:29:52.453 I/SystemServerTimingAsync( 1152): InitThreadPoolExec:Update app-ops uidState in case package android changed
04-04 04:29:52.453 D/SystemServerInitThreadPool( 1152): Started executing Update app-ops uidState in case package android changed
04-04 04:29:52.453 D/SystemServerTimingAsync( 1152): InitThreadPoolExec:Update app-ops uidState in case package com.hht.lebocast changed took to complete: 4ms
04-04 04:29:52.453 D/SystemServerInitThreadPool( 1152): Started executing Update app-ops uidState in case package com.qualcomm.timeservice changed
04-04 04:29:52.453 D/SystemServerInitThreadPool( 1152): Finished executing Update app-ops uidState in case package com.android.providers.contacts changed
04-04 04:29:52.453 D/SystemServerInitThreadPool( 1152): Finished executing Update app-ops uidState in case package com.qualcomm.timeservice changed
04-04 04:29:52.453 D/SystemServerTimingAsync( 1152): InitThreadPoolExec:Update app-ops uidState in case package com.qualcomm.timeservice changed took to complete: 5ms
04-04 04:29:52.453 D/SystemServerInitThreadPool( 1152): Finished executing Update app-ops uidState in case package com.android.providers.media.module changed
04-04 04:29:52.453 I/SystemServerTiming( 1152): killProcesses
04-04 04:29:52.454 D/SystemServerTimingAsync( 1152): InitThreadPoolExec:Update app-ops uidState in case package com.android.providers.contacts changed took to complete: 2ms
04-04 04:29:52.454 D/SystemServerTiming( 1152): killProcesses took to complete: 0ms
04-04 04:29:52.454 I/ActivityManager( 1152): System now ready
04-04 04:29:52.454 I/SystemServerTiming( 1152): updateTopComponentForFactoryTest
04-04 04:29:52.455 D/SystemServerTiming( 1152): updateTopComponentForFactoryTest took to complete: 0ms
04-04 04:29:52.456 I/SystemServerTiming( 1152): registerActivityLaunchObserver
04-04 04:29:52.456 D/SystemServerTiming( 1152): registerActivityLaunchObserver took to complete: 1ms
04-04 04:29:52.457 I/SystemServerTiming( 1152): watchDeviceProvisioning
04-04 04:29:52.457 D/SystemServerInitThreadPool( 1152): Finished executing Update app-ops uidState in case package android changed
04-04 04:29:52.457 D/SystemServerTimingAsync( 1152): InitThreadPoolExec:Update app-ops uidState in case package android changed took to complete: 4ms
04-04 04:29:52.457 I/SystemServerTimingAsync( 1152): InitThreadPoolExec:Update app-ops uidState in case package com.android.settings changed
04-04 04:29:52.457 D/SystemServerTimingAsync( 1152): InitThreadPoolExec:Update app-ops uidState in case package com.android.providers.media.module changed took to complete: 8ms
04-04 04:29:52.457 D/SystemServerInitThreadPool( 1152): Started executing Update app-ops uidState in case package com.android.settings changed
04-04 04:29:52.458 D/SystemServerInitThreadPool( 1152): Finished executing Update app-ops uidState in case package com.android.settings changed
04-04 04:29:52.458 D/SystemServerTimingAsync( 1152): InitThreadPoolExec:Update app-ops uidState in case package com.android.settings changed took to complete: 0ms
01-01 08:00:50.034 E/ ( 0): INFO: trying to register non-static key.
01-01 08:00:50.039 E/ ( 0): the code is fine but needs lockdep annotation.
01-01 08:00:50.044 I/ ( 0): CPU: 2 PID: 1965 Comm: VideoDecMsgThre Tainted: G S W O 4.19.157+ #1
01-01 08:00:50.044 I/Hardware name( 0): Qualcomm Technologies, Inc. kona MTP-RmPM8150b. VX1(MCE) EVT1 (DT)
01-01 08:00:50.044 I/Call trace( 0):
01-01 08:00:50.044 I/ ( 0): dump_backtrace+0x0/0x258
01-01 08:00:50.044 I/ ( 0): show_stack+0x20/0x30
01-01 08:00:50.044 I/ ( 0): dump_stack+0xd8/0x12c
01-01 08:00:50.045 I/ ( 0): register_lock_class+0x4d0/0x5c8
01-01 08:00:50.045 I/ ( 0): __lock_acquire+0xbc/0x1e58
01-01 08:00:50.045 I/ ( 0): lock_acquire+0x1cc/0x218
01-01 08:00:50.045 I/ ( 0): _raw_spin_lock_irqsave+0x54/0x98
01-01 08:00:50.045 I/ ( 0): __ion_system_secure_heap_resize+0x768/0x8c0
01-01 08:00:50.045 I/ ( 0): ion_system_secure_heap_prefetch+0x28/0x38
01-01 08:00:50.045 I/ ( 0): ion_walk_heaps+0x88/0xb8
01-01 08:00:50.045 I/ ( 0): ion_ioctl+0x1b0/0x2a8
01-01 08:00:50.045 I/ ( 0): __arm64_compat_sys_ioctl+0xf4/0x240
01-01 08:00:50.045 I/ ( 0): el0_svc_common+0xa4/0x190
01-01 08:00:50.045 I/ ( 0): el0_svc_compat_handler+0x28/0x38
01-01 08:00:50.045 I/ ( 0): el0_svc_compat+0x8/0x34
01-01 08:00:50.048 E/ ( 0): INFO: trying to register non-static key.
01-01 08:00:50.051 E/ ( 0): INFO: trying to register non-static key.
04-04 04:29:52.473 D/SystemServerTiming( 1152): watchDeviceProvisioning took to complete: 16ms
04-04 04:29:52.473 I/SystemServerTiming( 1152): retrieveSettings
04-04 04:29:52.478 I/ActivityTaskManager( 1152): Config changes=10000000 {1.0 ?mcc?mnc [zh_CN] ldltr sw680dp w1586dp h612dp 240dpi lrg long land finger -keyb/v/h -nav/h winConfig={ mBounds=Rect(0, 0 - 2380, 1020) mAppBounds=Rect(0, 0 - 2380, 954) mMaxBounds=Rect(0, 0 - 2380, 1020) mWindowingMode=fullscreen mDisplayWindowingMode=fullscreen mActivityType=undefined mAlwaysOnTop=undefined mRotation=ROTATION_0} s.8 fontWeightAdjustment=0}
04-04 04:29:52.479 I/WindowManager( 1152): Override config changes=10000000 {1.0 ?mcc?mnc [zh_CN] ldltr sw680dp w1586dp h612dp 240dpi lrg long land finger -keyb/v/h -nav/h winConfig={ mBounds=Rect(0, 0 - 2380, 1020) mAppBounds=Rect(0, 0 - 2380, 954) mMaxBounds=Rect(0, 0 - 2380, 1020) mWindowingMode=fullscreen mDisplayWindowingMode=fullscreen mActivityType=undefined mAlwaysOnTop=undefined mRotation=ROTATION_0} s.8 fontWeightAdjustment=0} for displayId=0
01-01 08:00:50.053 E/ ( 0): the code is fine but needs lockdep annotation.
01-01 08:00:50.059 E/ ( 0): the code is fine but needs lockdep annotation.
01-01 08:00:50.064 I/ ( 0): CPU: 6 PID: 338 Comm: kworker/u16:15 Tainted: G S W O 4.19.157+ #1
01-01 08:00:50.070 I/Hardware name( 0): Qualcomm Technologies, Inc. kona MTP-RmPM8150b. VX1(MCE) EVT1 (DT)
01-01 08:00:50.070 I/Workqueue( 0): events_unbound ion_system_secure_heap_prefetch_work
01-01 08:00:50.070 I/Call trace( 0):
01-01 08:00:50.070 I/ ( 0): dump_backtrace+0x0/0x258
01-01 08:00:50.070 I/ ( 0): show_stack+0x20/0x30
01-01 08:00:50.070 I/ ( 0): dump_stack+0xd8/0x12c
01-01 08:00:50.070 I/ ( 0): register_lock_class+0x4d0/0x5c8
01-01 08:00:50.070 I/ ( 0): __lock_acquire+0xbc/0x1e58
01-01 08:00:50.070 I/ ( 0): lock_acquire+0x1cc/0x218
01-01 08:00:50.070 I/ ( 0): _raw_spin_lock_irqsave+0x54/0x98
01-01 08:00:50.070 I/ ( 0): ion_system_secure_heap_prefetch_work+0x48/0x2c0
01-01 08:00:50.070 I/ ( 0): process_one_work+0x38c/0x660
01-01 08:00:50.070 I/ ( 0): worker_thread+0x268/0x4b8
01-01 08:00:50.070 I/ ( 0): kthread+0x140/0x150
01-01 08:00:50.070 I/ ( 0): ret_from_fork+0x10/0x1c
01-01 08:00:50.070 I/ ( 0): CPU: 7 PID: 1968 Comm: HwBinder:1325_9 Tainted: G S W O 4.19.157+ #1
01-01 08:00:50.070 I/Hardware name( 0): Qualcomm Technologies, Inc. kona MTP-RmPM8150b. VX1(MCE) EVT1 (DT)
01-01 08:00:50.070 I/Call trace( 0):
01-01 08:00:50.070 I/ ( 0): dump_backtrace+0x0/0x258
01-01 08:00:50.070 I/ ( 0): show_stack+0x20/0x30
01-01 08:00:50.070 I/ ( 0): dump_stack+0xd8/0x12c
01-01 08:00:50.070 I/ ( 0): register_lock_class+0x4d0/0x5c8
01-01 08:00:50.070 I/ ( 0): __lock_acquire+0xbc/0x1e58
01-01 08:00:50.070 I/ ( 0): lock_acquire+0x1cc/0x218
01-01 08:00:50.070 I/ ( 0): _raw_spin_lock_irqsave+0x54/0x98
01-01 08:00:50.070 I/ ( 0): __ion_system_secure_heap_resize+0x768/0x8c0
01-01 08:00:50.070 I/ ( 0): ion_system_secure_heap_drain+0x28/0x38
01-01 08:00:50.070 I/ ( 0): ion_walk_heaps+0x88/0xb8
01-01 08:00:50.070 I/ ( 0): ion_ioctl+0x1b0/0x2a8
01-01 08:00:50.070 I/ ( 0): __arm64_compat_sys_ioctl+0xf4/0x240
01-01 08:00:50.070 I/ ( 0): el0_svc_common+0xa4/0x190
01-01 08:00:50.070 I/ ( 0): el0_svc_compat_handler+0x28/0x38
01-01 08:00:50.070 I/ ( 0): el0_svc_compat+0x8/0x34
04-04 04:29:52.493 D/SystemServerTiming( 1152): retrieveSettings took to complete: 20ms
04-04 04:29:52.493 I/SystemServerTiming( 1152): Ugm.onSystemReady
04-04 04:29:52.498 D/SystemServerTiming( 1152): Ugm.onSystemReady took to complete: 6ms
04-04 04:29:52.499 I/SystemServerTiming( 1152): updateForceBackgroundCheck
04-04 04:29:52.499 D/SystemServerTiming( 1152): updateForceBackgroundCheck took to complete: 0ms
04-04 04:29:52.499 I/SystemServer( 1152): Making services ready
04-04 04:29:52.499 I/SystemServerTiming( 1152): StartActivityManagerReadyPhase
04-04 04:29:52.499 I/SystemServiceManager( 1152): Starting phase 550
04-04 04:29:52.499 I/SystemServerTiming( 1152): OnBootPhase_550
04-04 04:29:52.499 I/SystemServerTiming( 1152): OnBootPhase_550_com.android.server.security.FileIntegrityService
04-04 04:29:52.499 D/SystemServerTiming( 1152): OnBootPhase_550_com.android.server.security.FileIntegrityService took to complete: 0ms
04-04 04:29:52.499 I/SystemServerTiming( 1152): OnBootPhase_550_com.android.server.pm.Installer
04-04 04:29:52.499 D/SystemServerTiming( 1152): OnBootPhase_550_com.android.server.pm.Installer took to complete: 0ms
04-04 04:29:52.499 I/SystemServerTiming( 1152): OnBootPhase_550_com.android.server.os.DeviceIdentifiersPolicyService
04-04 04:29:52.499 D/SystemServerTiming( 1152): OnBootPhase_550_com.android.server.os.DeviceIdentifiersPolicyService took to complete: 0ms
04-04 04:29:52.499 I/SystemServerTiming( 1152): OnBootPhase_550_com.android.server.uri.UriGrantsManagerService$Lifecycle
04-04 04:29:52.499 D/SystemServerTiming( 1152): OnBootPhase_550_com.android.server.uri.UriGrantsManagerService$Lifecycle took to complete: 0ms
04-04 04:29:52.499 I/SystemServerTiming( 1152): OnBootPhase_550_com.android.server.powerstats.PowerStatsService
04-04 04:29:52.499 D/SystemServerTiming( 1152): OnBootPhase_550_com.android.server.powerstats.PowerStatsService took to complete: 0ms
04-04 04:29:52.500 I/SystemServerTiming( 1152): OnBootPhase_550_com.android.server.wm.ActivityTaskManagerService$Lifecycle
01-01 08:00:50.073 E/ ( 0): INFO: trying to register non-static key.
01-01 08:00:50.073 I/msm_vidc( 0): high: 00000001: h264d: Closed video instance: ffffffc2e6f00000
01-01 08:00:50.078 E/ ( 0): the code is fine but needs lockdep annotation.
01-01 08:00:50.078 I/ ( 0): CPU: 6 PID: 338 Comm: kworker/u16:15 Tainted: G S W O 4.19.157+ #1
01-01 08:00:50.078 I/Hardware name( 0): Qualcomm Technologies, Inc. kona MTP-RmPM8150b. VX1(MCE) EVT1 (DT)
01-01 08:00:50.078 I/Workqueue( 0): events_unbound ion_system_secure_heap_prefetch_work
01-01 08:00:50.078 I/Call trace( 0):
01-01 08:00:50.078 I/ ( 0): dump_backtrace+0x0/0x258
01-01 08:00:50.078 I/ ( 0): show_stack+0x20/0x30
01-01 08:00:50.078 I/ ( 0): dump_stack+0xd8/0x12c
01-01 08:00:50.078 I/ ( 0): register_lock_class+0x4d0/0x5c8
01-01 08:00:50.078 I/ ( 0): __lock_acquire+0xbc/0x1e58
01-01 08:00:50.078 I/ ( 0): lock_acquire+0x1cc/0x218
01-01 08:00:50.078 I/ ( 0): _raw_spin_lock_irqsave+0x54/0x98
01-01 08:00:50.078 I/ ( 0): ion_system_secure_heap_prefetch_work+0x94/0x2c0
01-01 08:00:50.078 I/ ( 0): process_one_work+0x38c/0x660
01-01 08:00:50.078 I/ ( 0): worker_thread+0x268/0x4b8
01-01 08:00:50.078 I/ ( 0): kthread+0x140/0x150
01-01 08:00:50.078 I/ ( 0): ret_from_fork+0x10/0x1c
04-04 04:29:52.500 D/SystemServerTiming( 1152): OnBootPhase_550_com.android.server.wm.ActivityTaskManagerService$Lifecycle took to complete: 0ms
04-04 04:29:52.500 I/SystemServerTiming( 1152): OnBootPhase_550_com.android.server.am.ActivityManagerService$Lifecycle
04-04 04:29:52.501 D/SystemServerTiming( 1152): OnBootPhase_550_com.android.server.am.ActivityManagerService$Lifecycle took to complete: 0ms
04-04 04:29:52.501 I/SystemServerTiming( 1152): OnBootPhase_550_com.android.server.pm.DataLoaderManagerService
04-04 04:29:52.501 D/SystemServerTiming( 1152): OnBootPhase_550_com.android.server.pm.DataLoaderManagerService took to complete: 0ms
04-04 04:29:52.501 I/SystemServerTiming( 1152): OnBootPhase_550_com.android.server.power.PowerManagerService
04-04 04:29:52.501 D/SystemServerTiming( 1152): OnBootPhase_550_com.android.server.power.PowerManagerService took to complete: 0ms
04-04 04:29:52.501 I/SystemServerTiming( 1152): OnBootPhase_550_com.android.server.power.ThermalManagerService
04-04 04:29:52.504 I/ThermalHalWrapper( 1152): Thermal HAL 2.0 service connected.
04-04 04:29:52.505 E/ThermalHalWrapper( 1152): Couldn't get temperatures because of HAL error: ThermalHAL not initialized properly.
04-04 04:29:52.505 W/ThermalManagerService( 1152): Thermal HAL reported invalid data, abort connection
04-04 04:29:52.505 E/ThermalHalWrapper( 1152): Couldn't get temperature thresholds because of HAL error: ThermalHAL not initialized properly.
04-04 04:29:52.505 D/SystemServerTiming( 1152): OnBootPhase_550_com.android.server.power.ThermalManagerService took to complete: 4ms
01-01 08:00:50.080 E/ ( 0): INFO: trying to register non-static key.
04-04 04:29:52.505 I/SystemServerTiming( 1152): OnBootPhase_550_com.android.server.power.hint.HintManagerService
04-04 04:29:52.505 D/SystemServerTiming( 1152): OnBootPhase_550_com.android.server.power.hint.HintManagerService took to complete: 0ms
04-04 04:29:52.505 I/SystemServerTiming( 1152): OnBootPhase_550_com.android.server.recoverysystem.RecoverySystemService$Lifecycle
04-04 04:29:52.506 D/SystemServerTiming( 1152): OnBootPhase_550_com.android.server.recoverysystem.RecoverySystemService$Lifecycle took to complete: 0ms
04-04 04:29:52.506 I/SystemServerTiming( 1152): OnBootPhase_550_com.android.server.lights.LightsService
04-04 04:29:52.506 D/SystemServerTiming( 1152): OnBootPhase_550_com.android.server.lights.LightsService took to complete: 0ms
04-04 04:29:52.506 I/SystemServerTiming( 1152): OnBootPhase_550_com.android.server.display.DisplayManagerService
04-04 04:29:52.506 D/SystemServerTiming( 1152): OnBootPhase_550_com.android.server.display.DisplayManagerService took to complete: 0ms
04-04 04:29:52.506 I/SystemServerTiming( 1152): OnBootPhase_550_com.android.server.pm.verify.domain.DomainVerificationService
04-04 04:29:52.506 D/SystemServerTiming( 1152): OnBootPhase_550_com.android.server.pm.verify.domain.DomainVerificationService took to complete: 0ms
04-04 04:29:52.506 I/SystemServerTiming( 1152): OnBootPhase_550_com.android.server.pm.PackageInstallerService$Lifecycle
04-04 04:29:52.506 D/SystemServerTiming( 1152): OnBootPhase_550_com.android.server.pm.PackageInstallerService$Lifecycle took to complete: 0ms
04-04 04:29:52.506 I/SystemServerTiming( 1152): OnBootPhase_550_com.android.server.pm.UserManagerService$LifeCycle
04-04 04:29:52.507 D/SystemServerTiming( 1152): OnBootPhase_550_com.android.server.pm.UserManagerService$LifeCycle took to complete: 0ms
04-04 04:29:52.507 I/SystemServerTiming( 1152): OnBootPhase_550_com.android.server.om.OverlayManagerService
04-04 04:29:52.507 D/SystemServerTiming( 1152): OnBootPhase_550_com.android.server.om.OverlayManagerService took to complete: 0ms
04-04 04:29:52.507 I/SystemServerTiming( 1152): OnBootPhase_550_com.android.server.SensorPrivacyService
04-04 04:29:52.507 D/SystemServerTiming( 1152): OnBootPhase_550_com.android.server.SensorPrivacyService took to complete: 0ms
04-04 04:29:52.507 I/SystemServerTiming( 1152): OnBootPhase_550_com.android.server.thunderperf.ThunderBoostPerfService
04-04 04:29:52.507 D/SystemServerTiming( 1152): OnBootPhase_550_com.android.server.thunderperf.ThunderBoostPerfService took to complete: 0ms
04-04 04:29:52.507 I/SystemServerTiming( 1152): OnBootPhase_550_com.android.server.sensors.SensorService
04-04 04:29:52.507 D/SystemServerTiming( 1152): OnBootPhase_550_com.android.server.sensors.SensorService took to complete: 0ms
04-04 04:29:52.507 I/SystemServerTiming( 1152): OnBootPhase_550_com.android.server.SystemConfigService
04-04 04:29:52.507 D/SystemServerTiming( 1152): OnBootPhase_550_com.android.server.SystemConfigService took to complete: 0ms
04-04 04:29:52.507 I/SystemServerTiming( 1152): OnBootPhase_550_com.android.server.BatteryService
04-04 04:29:52.507 D/SystemServerTiming( 1152): OnBootPhase_550_com.android.server.BatteryService took to complete: 1ms
04-04 04:29:52.507 I/SystemServerTiming( 1152): OnBootPhase_550_com.android.server.usage.UsageStatsService
04-04 04:29:52.507 D/SystemServerTiming( 1152): OnBootPhase_550_com.android.server.usage.UsageStatsService took to complete: 0ms
04-04 04:29:52.508 I/SystemServerTiming( 1152): OnBootPhase_550_com.android.server.webkit.WebViewUpdateService
04-04 04:29:52.508 D/SystemServerTiming( 1152): OnBootPhase_550_com.android.server.webkit.WebViewUpdateService took to complete: 0ms
04-04 04:29:52.508 I/SystemServerTiming( 1152): OnBootPhase_550_com.android.server.CachedDeviceStateService
04-04 04:29:52.508 D/SystemServerTiming( 1152): OnBootPhase_550_com.android.server.CachedDeviceStateService took to complete: 0ms
04-04 04:29:52.508 I/SystemServerTiming( 1152): OnBootPhase_550_com.android.server.BinderCallsStatsService$LifeCycle
04-04 04:29:52.508 D/SystemServerTiming( 1152): OnBootPhase_550_com.android.server.BinderCallsStatsService$LifeCycle took to complete: 0ms
04-04 04:29:52.508 I/SystemServerTiming( 1152): OnBootPhase_550_com.android.server.LooperStatsService$Lifecycle
04-04 04:29:52.508 D/SystemServerTiming( 1152): OnBootPhase_550_com.android.server.LooperStatsService$Lifecycle took to complete: 0ms
04-04 04:29:52.508 I/SystemServerTiming( 1152): OnBootPhase_550_com.android.server.rollback.RollbackManagerService
04-04 04:29:52.508 D/SystemServerTiming( 1152): OnBootPhase_550_com.android.server.rollback.RollbackManagerService took to complete: 0ms
04-04 04:29:52.508 I/SystemServerTiming( 1152): OnBootPhase_550_com.android.server.os.NativeTombstoneManagerService
04-04 04:29:52.508 D/SystemServerTiming( 1152): OnBootPhase_550_com.android.server.os.NativeTombstoneManagerService took to complete: 0ms
04-04 04:29:52.508 I/SystemServerTiming( 1152): OnBootPhase_550_com.android.server.os.BugreportManagerService
04-04 04:29:52.508 D/SystemServerTiming( 1152): OnBootPhase_550_com.android.server.os.BugreportManagerService took to complete: 0ms
04-04 04:29:52.508 I/SystemServerTiming( 1152): OnBootPhase_550_com.android.server.gpu.GpuService
04-04 04:29:52.508 D/SystemServerTiming( 1152): OnBootPhase_550_com.android.server.gpu.GpuService took to complete: 0ms
04-04 04:29:52.508 I/SystemServerTiming( 1152): OnBootPhase_550_com.android.server.security.KeyChainSystemService
04-04 04:29:52.509 D/SystemServerTiming( 1152): OnBootPhase_550_com.android.server.security.KeyChainSystemService took to complete: 0ms
04-04 04:29:52.509 I/SystemServerTiming( 1152): OnBootPhase_550_com.android.server.telecom.TelecomLoaderService
04-04 04:29:52.515 W/ActivityManager( 1152): Too early to start/bind service in system_server: Phase=550 ComponentInfo{com.android.server.telecom/com.android.server.telecom.components.TelecomService}
01-01 08:00:50.089 E/ ( 0): the code is fine but needs lockdep annotation.
01-01 08:00:50.094 I/ ( 0): CPU: 6 PID: 338 Comm: kworker/u16:15 Tainted: G S W O 4.19.157+ #1
01-01 08:00:50.094 I/Hardware name( 0): Qualcomm Technologies, Inc. kona MTP-RmPM8150b. VX1(MCE) EVT1 (DT)
01-01 08:00:50.094 I/Workqueue( 0): events_unbound ion_system_secure_heap_prefetch_work
01-01 08:00:50.094 I/Call trace( 0):
01-01 08:00:50.094 I/ ( 0): dump_backtrace+0x0/0x258
01-01 08:00:50.094 I/ ( 0): show_stack+0x20/0x30
01-01 08:00:50.094 I/ ( 0): dump_stack+0xd8/0x12c
01-01 08:00:50.094 I/ ( 0): register_lock_class+0x4d0/0x5c8
01-01 08:00:50.094 I/ ( 0): __lock_acquire+0xbc/0x1e58
01-01 08:00:50.094 I/ ( 0): lock_acquire+0x1cc/0x218
01-01 08:00:50.094 I/ ( 0): _raw_spin_lock_irqsave+0x54/0x98
01-01 08:00:50.094 I/ ( 0): ion_system_secure_heap_prefetch_work+0x94/0x2c0
01-01 08:00:50.094 I/ ( 0): process_one_work+0x38c/0x660
01-01 08:00:50.094 I/ ( 0): worker_thread+0x268/0x4b8
01-01 08:00:50.094 I/ ( 0): kthread+0x140/0x150
01-01 08:00:50.094 I/ ( 0): ret_from_fork+0x10/0x1c
04-04 04:29:52.517 D/CompatibilityChangeReporter( 1152): Compat change id reported: 168419799; UID 1000; state: DISABLED
04-04 04:29:52.517 W/ActivityManager( 1152): Too early to start/bind service in system_server: Phase=550 ComponentInfo{com.android.server.telecom/com.android.server.telecom.components.TelecomService}
04-04 04:29:52.518 D/SystemServerTiming( 1152): OnBootPhase_550_com.android.server.telecom.TelecomLoaderService took to complete: 9ms
04-04 04:29:52.518 I/SystemServerTiming( 1152): OnBootPhase_550_com.android.server.accounts.AccountManagerService$Lifecycle
04-04 04:29:52.518 D/SystemServerTiming( 1152): OnBootPhase_550_com.android.server.accounts.AccountManagerService$Lifecycle took to complete: 0ms
04-04 04:29:52.518 I/SystemServerTiming( 1152): OnBootPhase_550_com.android.server.content.ContentService$Lifecycle
04-04 04:29:52.521 I/SyncManager( 1152): No initial accounts
01-01 08:00:50.097 E/ ( 0): INFO: trying to register non-static key.
01-01 08:00:50.102 E/ ( 0): the code is fine but needs lockdep annotation.
01-01 08:00:50.107 I/ ( 0): CPU: 7 PID: 338 Comm: kworker/u16:15 Tainted: G S W O 4.19.157+ #1
01-01 08:00:50.107 I/Hardware name( 0): Qualcomm Technologies, Inc. kona MTP-RmPM8150b. VX1(MCE) EVT1 (DT)
01-01 08:00:50.107 I/Workqueue( 0): events_unbound ion_system_secure_heap_prefetch_work
01-01 08:00:50.107 I/Call trace( 0):
01-01 08:00:50.107 I/ ( 0): dump_backtrace+0x0/0x258
01-01 08:00:50.107 I/ ( 0): show_stack+0x20/0x30
01-01 08:00:50.107 I/ ( 0): dump_stack+0xd8/0x12c
01-01 08:00:50.107 I/ ( 0): register_lock_class+0x4d0/0x5c8
01-01 08:00:50.107 I/ ( 0): __lock_acquire+0xbc/0x1e58
01-01 08:00:50.107 I/ ( 0): lock_acquire+0x1cc/0x218
01-01 08:00:50.107 I/ ( 0): _raw_spin_lock_irqsave+0x54/0x98
01-01 08:00:50.107 I/ ( 0): ion_system_secure_heap_prefetch_work+0x94/0x2c0
01-01 08:00:50.107 I/ ( 0): process_one_work+0x38c/0x660
01-01 08:00:50.107 I/ ( 0): worker_thread+0x268/0x4b8
01-01 08:00:50.107 I/ ( 0): kthread+0x140/0x150
01-01 08:00:50.107 I/ ( 0): ret_from_fork+0x10/0x1c
