04-12 11:54:15.484 I/DropBoxManagerService( 1152): add tag=system_server_wtf isTagEnabled=true flags=0x2
04-12 11:54:15.487 E/DisplayDeviceConfig( 1152): requesting nits when no mapping exists.
04-12 11:54:15.487 E/DisplayDeviceConfig( 1152): requesting nits when no mapping exists.
04-12 11:54:15.489 I/DropBoxManagerService( 1152): add tag=system_server_wtf isTagEnabled=true flags=0x2
04-12 11:54:15.504 E/DisplayDeviceConfig( 1152): requesting nits when no mapping exists.
04-12 11:54:15.505 E/DisplayDeviceConfig( 1152): requesting nits when no mapping exists.
04-12 11:54:15.521 E/DisplayDeviceConfig( 1152): requesting nits when no mapping exists.
04-12 11:54:15.522 E/DisplayDeviceConfig( 1152): requesting nits when no mapping exists.
04-12 11:54:15.538 E/DisplayDeviceConfig( 1152): requesting nits when no mapping exists.
04-12 11:54:15.539 E/DisplayDeviceConfig( 1152): requesting nits when no mapping exists.
04-12 11:54:15.554 E/DisplayDeviceConfig( 1152): requesting nits when no mapping exists.
04-12 11:54:15.555 E/DisplayDeviceConfig( 1152): requesting nits when no mapping exists.
04-12 11:54:15.571 E/DisplayDeviceConfig( 1152): requesting nits when no mapping exists.
04-12 11:54:15.571 E/DisplayDeviceConfig( 1152): requesting nits when no mapping exists.
04-12 11:54:15.587 E/DisplayDeviceConfig( 1152): requesting nits when no mapping exists.
04-12 11:54:15.588 E/DisplayDeviceConfig( 1152): requesting nits when no mapping exists.
04-12 11:54:15.605 E/DisplayDeviceConfig( 1152): requesting nits when no mapping exists.
04-12 11:54:15.606 E/DisplayDeviceConfig( 1152): requesting nits when no mapping exists.
04-12 11:54:15.622 E/DisplayDeviceConfig( 1152): requesting nits when no mapping exists.
04-12 11:54:15.622 E/DisplayDeviceConfig( 1152): requesting nits when no mapping exists.
04-12 11:54:15.637 E/DisplayDeviceConfig( 1152): requesting nits when no mapping exists.
04-12 11:54:15.638 E/DisplayDeviceConfig( 1152): requesting nits when no mapping exists.
04-12 11:54:15.655 E/DisplayDeviceConfig( 1152): requesting nits when no mapping exists.
04-12 11:54:15.655 E/DisplayDeviceConfig( 1152): requesting nits when no mapping exists.
04-12 11:54:15.671 E/DisplayDeviceConfig( 1152): requesting nits when no mapping exists.
04-12 11:54:15.671 E/DisplayDeviceConfig( 1152): requesting nits when no mapping exists.
04-12 11:54:15.688 E/DisplayDeviceConfig( 1152): requesting nits when no mapping exists.
04-12 11:54:15.688 E/DisplayDeviceConfig( 1152): requesting nits when no mapping exists.
04-12 11:54:15.704 E/DisplayDeviceConfig( 1152): requesting nits when no mapping exists.
04-12 11:54:15.705 E/DisplayDeviceConfig( 1152): requesting nits when no mapping exists.
04-12 11:54:15.721 E/DisplayDeviceConfig( 1152): requesting nits when no mapping exists.
04-12 11:54:15.722 E/DisplayDeviceConfig( 1152): requesting nits when no mapping exists.
04-12 11:54:15.738 E/DisplayDeviceConfig( 1152): requesting nits when no mapping exists.
04-12 11:54:15.738 E/DisplayDeviceConfig( 1152): requesting nits when no mapping exists.
04-12 11:54:15.755 E/DisplayDeviceConfig( 1152): requesting nits when no mapping exists.
04-12 11:54:15.755 E/DisplayDeviceConfig( 1152): requesting nits when no mapping exists.
04-12 11:54:15.771 E/DisplayDeviceConfig( 1152): requesting nits when no mapping exists.
04-12 11:54:15.772 E/DisplayDeviceConfig( 1152): requesting nits when no mapping exists.
04-12 11:54:15.788 E/DisplayDeviceConfig( 1152): requesting nits when no mapping exists.
04-12 11:54:15.788 E/DisplayDeviceConfig( 1152): requesting nits when no mapping exists.
04-12 11:54:15.805 E/DisplayDeviceConfig( 1152): requesting nits when no mapping exists.
04-12 11:54:15.805 E/DisplayDeviceConfig( 1152): requesting nits when no mapping exists.
04-12 11:54:15.823 E/DisplayDeviceConfig( 1152): requesting nits when no mapping exists.
04-12 11:54:15.823 E/DisplayDeviceConfig( 1152): requesting nits when no mapping exists.
04-12 11:54:15.838 E/DisplayDeviceConfig( 1152): requesting nits when no mapping exists.
04-12 11:54:15.839 E/DisplayDeviceConfig( 1152): requesting nits when no mapping exists.
04-12 11:54:15.855 E/DisplayDeviceConfig( 1152): requesting nits when no mapping exists.
04-12 11:54:15.855 E/DisplayDeviceConfig( 1152): requesting nits when no mapping exists.
04-12 11:54:15.872 E/DisplayDeviceConfig( 1152): requesting nits when no mapping exists.
04-12 11:54:15.872 E/DisplayDeviceConfig( 1152): requesting nits when no mapping exists.
04-12 11:54:15.888 E/DisplayDeviceConfig( 1152): requesting nits when no mapping exists.
04-12 11:54:15.889 E/DisplayDeviceConfig( 1152): requesting nits when no mapping exists.
04-12 11:54:15.905 E/DisplayDeviceConfig( 1152): requesting nits when no mapping exists.
04-12 11:54:15.905 E/DisplayDeviceConfig( 1152): requesting nits when no mapping exists.
04-12 11:54:15.922 E/DisplayDeviceConfig( 1152): requesting nits when no mapping exists.
04-12 11:54:15.922 E/DisplayDeviceConfig( 1152): requesting nits when no mapping exists.
04-12 11:54:15.938 E/DisplayDeviceConfig( 1152): requesting nits when no mapping exists.
04-12 11:54:15.939 E/DisplayDeviceConfig( 1152): requesting nits when no mapping exists.
04-12 11:54:15.955 E/DisplayDeviceConfig( 1152): requesting nits when no mapping exists.
04-12 11:54:15.956 E/DisplayDeviceConfig( 1152): requesting nits when no mapping exists.
04-12 11:54:15.972 E/DisplayDeviceConfig( 1152): requesting nits when no mapping exists.
04-12 11:54:15.972 E/DisplayDeviceConfig( 1152): requesting nits when no mapping exists.
04-12 11:54:15.988 E/DisplayDeviceConfig( 1152): requesting nits when no mapping exists.
04-12 11:54:15.989 E/DisplayDeviceConfig( 1152): requesting nits when no mapping exists.
04-12 11:54:16.005 E/DisplayDeviceConfig( 1152): requesting nits when no mapping exists.
04-12 11:54:16.006 E/DisplayDeviceConfig( 1152): requesting nits when no mapping exists.
04-12 11:54:16.022 E/DisplayDeviceConfig( 1152): requesting nits when no mapping exists.
04-12 11:54:16.023 E/DisplayDeviceConfig( 1152): requesting nits when no mapping exists.
04-12 11:54:16.039 E/DisplayDeviceConfig( 1152): requesting nits when no mapping exists.
04-12 11:54:16.040 E/DisplayDeviceConfig( 1152): requesting nits when no mapping exists.
04-12 11:54:16.056 E/DisplayDeviceConfig( 1152): requesting nits when no mapping exists.
04-12 11:54:16.056 E/DisplayDeviceConfig( 1152): requesting nits when no mapping exists.
04-12 11:54:16.072 E/DisplayDeviceConfig( 1152): requesting nits when no mapping exists.
04-12 11:54:16.072 E/DisplayDeviceConfig( 1152): requesting nits when no mapping exists.
04-12 11:54:16.089 E/DisplayDeviceConfig( 1152): requesting nits when no mapping exists.
04-12 11:54:16.090 E/DisplayDeviceConfig( 1152): requesting nits when no mapping exists.
04-12 11:54:16.106 E/DisplayDeviceConfig( 1152): requesting nits when no mapping exists.
04-12 11:54:16.106 E/DisplayDeviceConfig( 1152): requesting nits when no mapping exists.
04-12 11:54:16.122 E/DisplayDeviceConfig( 1152): requesting nits when no mapping exists.
04-12 11:54:16.123 E/DisplayDeviceConfig( 1152): requesting nits when no mapping exists.
04-12 11:54:16.139 E/DisplayDeviceConfig( 1152): requesting nits when no mapping exists.
04-12 11:54:16.139 E/DisplayDeviceConfig( 1152): requesting nits when no mapping exists.
04-12 11:54:16.156 E/DisplayDeviceConfig( 1152): requesting nits when no mapping exists.
04-12 11:54:16.156 E/DisplayDeviceConfig( 1152): requesting nits when no mapping exists.
04-12 11:54:16.173 E/DisplayDeviceConfig( 1152): requesting nits when no mapping exists.
04-12 11:54:16.173 E/DisplayDeviceConfig( 1152): requesting nits when no mapping exists.
04-12 11:54:16.189 E/DisplayDeviceConfig( 1152): requesting nits when no mapping exists.
04-12 11:54:16.189 E/DisplayDeviceConfig( 1152): requesting nits when no mapping exists.
04-12 11:54:16.206 E/DisplayDeviceConfig( 1152): requesting nits when no mapping exists.
04-12 11:54:16.207 E/DisplayDeviceConfig( 1152): requesting nits when no mapping exists.
04-12 11:54:16.222 E/DisplayDeviceConfig( 1152): requesting nits when no mapping exists.
04-12 11:54:16.223 E/DisplayDeviceConfig( 1152): requesting nits when no mapping exists.
04-12 11:54:16.239 E/DisplayDeviceConfig( 1152): requesting nits when no mapping exists.
04-12 11:54:16.239 E/DisplayDeviceConfig( 1152): requesting nits when no mapping exists.
04-12 11:54:16.257 E/DisplayDeviceConfig( 1152): requesting nits when no mapping exists.
04-12 11:54:16.258 E/DisplayDeviceConfig( 1152): requesting nits when no mapping exists.
04-12 11:54:16.280 E/DisplayDeviceConfig( 1152): requesting nits when no mapping exists.
04-12 11:54:16.281 E/DisplayDeviceConfig( 1152): requesting nits when no mapping exists.
04-12 11:54:16.289 E/DisplayDeviceConfig( 1152): requesting nits when no mapping exists.
04-12 11:54:16.290 E/DisplayDeviceConfig( 1152): requesting nits when no mapping exists.
04-12 11:54:16.307 E/DisplayDeviceConfig( 1152): requesting nits when no mapping exists.
04-12 11:54:16.308 E/DisplayDeviceConfig( 1152): requesting nits when no mapping exists.
04-12 11:54:16.323 E/DisplayDeviceConfig( 1152): requesting nits when no mapping exists.
04-12 11:54:16.323 E/DisplayDeviceConfig( 1152): requesting nits when no mapping exists.
04-12 11:54:16.344 E/DisplayDeviceConfig( 1152): requesting nits when no mapping exists.
04-12 11:54:16.345 E/DisplayDeviceConfig( 1152): requesting nits when no mapping exists.
04-12 11:54:16.357 E/DisplayDeviceConfig( 1152): requesting nits when no mapping exists.
04-12 11:54:16.357 E/DisplayDeviceConfig( 1152): requesting nits when no mapping exists.
04-12 11:54:16.373 E/DisplayDeviceConfig( 1152): requesting nits when no mapping exists.
04-12 11:54:16.374 E/DisplayDeviceConfig( 1152): requesting nits when no mapping exists.
04-12 11:54:16.390 E/DisplayDeviceConfig( 1152): requesting nits when no mapping exists.
04-12 11:54:16.390 E/DisplayDeviceConfig( 1152): requesting nits when no mapping exists.
04-12 11:54:19.368 D/CompatibilityChangeReporter( 1152): Compat change id reported: 168419799; UID 10033; state: DISABLED
01-01 08:02:57.677 W/audit ( 0): audit_lost=36 audit_rate_limit=5 audit_backlog_limit=64
01-01 08:02:57.709 E/audit ( 0): rate limit exceeded
01-01 08:02:59.066 I/binder ( 0): 3308:3841 ioctl 40046210 6cd82b6ab4 returned -22
01-01 08:02:59.646 W/audit ( 0): audit_lost=131 audit_rate_limit=5 audit_backlog_limit=64
01-01 08:02:59.653 E/audit ( 0): rate limit exceeded
04-12 11:54:22.475 I/PowerManagerService( 1152): Napping display group (groupId=0, uid=1000)...
04-12 11:54:22.476 I/PowerManagerService( 1152): Nap time (uid 1000)...
04-12 11:54:22.480 I/DreamManagerService( 1152): Entering dreamland.
04-12 11:54:22.488 I/PowerManagerService( 1152): Dreaming...
04-12 11:54:22.491 I/DreamController( 1152): Starting dream: name=ComponentInfo{com.thundercomm.screensaver/com.thundercomm.screensaver.service.SystemDream}, isTest=false, canDoze=false, userId=0
04-12 11:54:22.502 I/UsageStatsService( 1152): Time changed in by 717739 seconds
04-12 11:54:22.505 D/AutofillManagerService( 1152): Close system dialogs
04-12 11:54:22.507 I/ActivityTaskManager( 1152): START u0 {flg=0x10000000 pkg=com.thundercomm.screensaver cmp=com.thundercomm.screensaver/android.service.dreams.DreamActivity (has extras)} from uid 10045
04-12 11:54:22.511 W/ActivityTaskManager( 1152): Can't find TaskDisplayArea to determine support for multi window. Task id=31 attached=false
04-12 11:54:22.525 I/ActivityTaskManager( 1152): FOREGROUND_APPLICATION_CHANGED to android.service.dreams.DreamActivity
04-12 11:54:22.526 I/ActivityTaskManager( 1152): The Process com.thundercomm.screensaver Already Exists in BG. So sending its PID: 4577
04-12 11:54:22.526 W/ActivityTaskManager( 1152): Tried to set launchTime (0) < mLastActivityLaunchTime (109549)
04-12 11:54:22.541 W/WindowManager( 1152): Failed looking up window session=Session{d4df6f0 4577:u0a10045} callers=com.android.server.wm.WindowManagerService.windowForClientLocked:5628 com.android.server.wm.Session.insetsModified:629 android.view.IWindowSession$Stub.onTransact:1151
04-12 11:54:22.578 V/DisplayPowerController[0]( 1152): Brightness [1.0] reason changing to: 'manual', previous reason: 'manual [ dim ]'.
04-12 11:54:22.587 E/DisplayDeviceConfig( 1152): requesting nits when no mapping exists.
04-12 11:54:22.587 E/DisplayDeviceConfig( 1152): requesting nits when no mapping exists.
04-12 11:54:22.604 E/DisplayDeviceConfig( 1152): requesting nits when no mapping exists.
04-12 11:54:22.604 E/DisplayDeviceConfig( 1152): requesting nits when no mapping exists.
04-12 11:54:22.620 E/DisplayDeviceConfig( 1152): requesting nits when no mapping exists.
04-12 11:54:22.621 E/DisplayDeviceConfig( 1152): requesting nits when no mapping exists.
04-12 11:54:22.630 W/FreeFormWindowHelper( 1152): Current Display FreeFormTask is null
04-12 11:54:22.637 E/DisplayDeviceConfig( 1152): requesting nits when no mapping exists.
04-12 11:54:22.637 E/DisplayDeviceConfig( 1152): requesting nits when no mapping exists.
04-12 11:54:22.654 E/DisplayDeviceConfig( 1152): requesting nits when no mapping exists.
04-12 11:54:22.654 E/DisplayDeviceConfig( 1152): requesting nits when no mapping exists.
04-12 11:54:22.671 E/DisplayDeviceConfig( 1152): requesting nits when no mapping exists.
04-12 11:54:22.672 E/DisplayDeviceConfig( 1152): requesting nits when no mapping exists.
04-12 11:54:22.688 E/DisplayDeviceConfig( 1152): requesting nits when no mapping exists.
04-12 11:54:22.688 E/DisplayDeviceConfig( 1152): requesting nits when no mapping exists.
04-12 11:54:22.705 E/DisplayDeviceConfig( 1152): requesting nits when no mapping exists.
04-12 11:54:22.705 E/DisplayDeviceConfig( 1152): requesting nits when no mapping exists.
04-12 11:54:22.721 E/DisplayDeviceConfig( 1152): requesting nits when no mapping exists.
04-12 11:54:22.721 E/DisplayDeviceConfig( 1152): requesting nits when no mapping exists.
04-12 11:54:22.738 E/DisplayDeviceConfig( 1152): requesting nits when no mapping exists.
04-12 11:54:22.738 E/DisplayDeviceConfig( 1152): requesting nits when no mapping exists.
04-12 11:54:22.754 E/DisplayDeviceConfig( 1152): requesting nits when no mapping exists.
04-12 11:54:22.755 E/DisplayDeviceConfig( 1152): requesting nits when no mapping exists.
04-12 11:54:22.772 E/DisplayDeviceConfig( 1152): requesting nits when no mapping exists.
04-12 11:54:22.772 E/DisplayDeviceConfig( 1152): requesting nits when no mapping exists.
04-12 11:54:22.787 E/DisplayDeviceConfig( 1152): requesting nits when no mapping exists.
04-12 11:54:22.788 E/DisplayDeviceConfig( 1152): requesting nits when no mapping exists.
04-12 11:54:22.804 E/DisplayDeviceConfig( 1152): requesting nits when no mapping exists.
04-12 11:54:22.804 E/DisplayDeviceConfig( 1152): requesting nits when no mapping exists.
04-12 11:54:22.821 E/DisplayDeviceConfig( 1152): requesting nits when no mapping exists.
04-12 11:54:22.821 E/DisplayDeviceConfig( 1152): requesting nits when no mapping exists.
04-12 11:54:22.838 E/DisplayDeviceConfig( 1152): requesting nits when no mapping exists.
04-12 11:54:22.838 E/DisplayDeviceConfig( 1152): requesting nits when no mapping exists.
04-12 11:54:22.854 E/DisplayDeviceConfig( 1152): requesting nits when no mapping exists.
04-12 11:54:22.854 E/DisplayDeviceConfig( 1152): requesting nits when no mapping exists.
04-12 11:54:22.871 E/DisplayDeviceConfig( 1152): requesting nits when no mapping exists.
04-12 11:54:22.871 E/DisplayDeviceConfig( 1152): requesting nits when no mapping exists.
04-12 11:54:22.887 E/DisplayDeviceConfig( 1152): requesting nits when no mapping exists.
04-12 11:54:22.888 E/DisplayDeviceConfig( 1152): requesting nits when no mapping exists.
04-12 11:54:22.906 E/DisplayDeviceConfig( 1152): requesting nits when no mapping exists.
04-12 11:54:22.906 E/DisplayDeviceConfig( 1152): requesting nits when no mapping exists.
04-12 11:54:22.921 E/DisplayDeviceConfig( 1152): requesting nits when no mapping exists.
04-12 11:54:22.921 E/DisplayDeviceConfig( 1152): requesting nits when no mapping exists.
04-12 11:54:22.938 E/DisplayDeviceConfig( 1152): requesting nits when no mapping exists.
04-12 11:54:22.938 E/DisplayDeviceConfig( 1152): requesting nits when no mapping exists.
04-12 11:54:22.955 E/DisplayDeviceConfig( 1152): requesting nits when no mapping exists.
04-12 11:54:22.955 E/DisplayDeviceConfig( 1152): requesting nits when no mapping exists.
04-12 11:54:22.971 E/DisplayDeviceConfig( 1152): requesting nits when no mapping exists.
04-12 11:54:22.971 E/DisplayDeviceConfig( 1152): requesting nits when no mapping exists.
04-12 11:54:22.988 E/DisplayDeviceConfig( 1152): requesting nits when no mapping exists.
04-12 11:54:22.988 E/DisplayDeviceConfig( 1152): requesting nits when no mapping exists.
04-12 11:54:23.005 E/DisplayDeviceConfig( 1152): requesting nits when no mapping exists.
04-12 11:54:23.005 E/DisplayDeviceConfig( 1152): requesting nits when no mapping exists.
04-12 11:54:23.021 E/DisplayDeviceConfig( 1152): requesting nits when no mapping exists.
04-12 11:54:23.022 E/DisplayDeviceConfig( 1152): requesting nits when no mapping exists.
04-12 11:54:23.038 E/DisplayDeviceConfig( 1152): requesting nits when no mapping exists.
04-12 11:54:23.038 E/DisplayDeviceConfig( 1152): requesting nits when no mapping exists.
04-12 11:54:23.055 E/DisplayDeviceConfig( 1152): requesting nits when no mapping exists.
04-12 11:54:23.055 E/DisplayDeviceConfig( 1152): requesting nits when no mapping exists.
04-12 11:54:23.071 E/DisplayDeviceConfig( 1152): requesting nits when no mapping exists.
04-12 11:54:23.072 E/DisplayDeviceConfig( 1152): requesting nits when no mapping exists.
04-12 11:54:23.088 E/DisplayDeviceConfig( 1152): requesting nits when no mapping exists.
04-12 11:54:23.088 E/DisplayDeviceConfig( 1152): requesting nits when no mapping exists.
04-12 11:54:23.105 E/DisplayDeviceConfig( 1152): requesting nits when no mapping exists.
04-12 11:54:23.105 E/DisplayDeviceConfig( 1152): requesting nits when no mapping exists.
04-12 11:54:23.122 E/DisplayDeviceConfig( 1152): requesting nits when no mapping exists.
04-12 11:54:23.122 E/DisplayDeviceConfig( 1152): requesting nits when no mapping exists.
04-12 11:54:23.138 E/DisplayDeviceConfig( 1152): requesting nits when no mapping exists.
04-12 11:54:23.138 E/DisplayDeviceConfig( 1152): requesting nits when no mapping exists.
04-12 11:54:23.155 E/DisplayDeviceConfig( 1152): requesting nits when no mapping exists.
04-12 11:54:23.155 E/DisplayDeviceConfig( 1152): requesting nits when no mapping exists.
04-12 11:54:23.172 E/DisplayDeviceConfig( 1152): requesting nits when no mapping exists.
04-12 11:54:23.172 E/DisplayDeviceConfig( 1152): requesting nits when no mapping exists.
04-12 11:54:23.188 E/DisplayDeviceConfig( 1152): requesting nits when no mapping exists.
04-12 11:54:23.189 E/DisplayDeviceConfig( 1152): requesting nits when no mapping exists.
04-12 11:54:23.205 E/DisplayDeviceConfig( 1152): requesting nits when no mapping exists.
04-12 11:54:23.205 E/DisplayDeviceConfig( 1152): requesting nits when no mapping exists.
04-12 11:54:23.222 E/DisplayDeviceConfig( 1152): requesting nits when no mapping exists.
04-12 11:54:23.222 E/DisplayDeviceConfig( 1152): requesting nits when no mapping exists.
04-12 11:54:23.239 E/DisplayDeviceConfig( 1152): requesting nits when no mapping exists.
04-12 11:54:23.239 E/DisplayDeviceConfig( 1152): requesting nits when no mapping exists.
04-12 11:54:23.255 E/DisplayDeviceConfig( 1152): requesting nits when no mapping exists.
04-12 11:54:23.256 E/DisplayDeviceConfig( 1152): requesting nits when no mapping exists.
04-12 11:54:23.272 E/DisplayDeviceConfig( 1152): requesting nits when no mapping exists.
04-12 11:54:23.272 E/DisplayDeviceConfig( 1152): requesting nits when no mapping exists.
04-12 11:54:23.289 E/DisplayDeviceConfig( 1152): requesting nits when no mapping exists.
04-12 11:54:23.289 E/DisplayDeviceConfig( 1152): requesting nits when no mapping exists.
04-12 11:54:23.305 E/DisplayDeviceConfig( 1152): requesting nits when no mapping exists.
04-12 11:54:23.306 E/DisplayDeviceConfig( 1152): requesting nits when no mapping exists.
04-12 11:54:23.322 E/DisplayDeviceConfig( 1152): requesting nits when no mapping exists.
04-12 11:54:23.322 E/DisplayDeviceConfig( 1152): requesting nits when no mapping exists.
04-12 11:54:23.339 E/DisplayDeviceConfig( 1152): requesting nits when no mapping exists.
04-12 11:54:23.339 E/DisplayDeviceConfig( 1152): requesting nits when no mapping exists.
04-12 11:54:23.356 E/DisplayDeviceConfig( 1152): requesting nits when no mapping exists.
04-12 11:54:23.356 E/DisplayDeviceConfig( 1152): requesting nits when no mapping exists.
04-12 11:54:23.372 E/DisplayDeviceConfig( 1152): requesting nits when no mapping exists.
04-12 11:54:23.372 E/DisplayDeviceConfig( 1152): requesting nits when no mapping exists.
04-12 11:54:23.389 E/DisplayDeviceConfig( 1152): requesting nits when no mapping exists.
04-12 11:54:23.389 E/DisplayDeviceConfig( 1152): requesting nits when no mapping exists.
04-12 11:54:23.406 E/DisplayDeviceConfig( 1152): requesting nits when no mapping exists.
04-12 11:54:23.406 E/DisplayDeviceConfig( 1152): requesting nits when no mapping exists.
04-12 11:54:23.422 E/DisplayDeviceConfig( 1152): requesting nits when no mapping exists.
04-12 11:54:23.423 E/DisplayDeviceConfig( 1152): requesting nits when no mapping exists.
04-12 11:54:23.439 E/DisplayDeviceConfig( 1152): requesting nits when no mapping exists.
04-12 11:54:23.439 E/DisplayDeviceConfig( 1152): requesting nits when no mapping exists.
04-12 11:54:23.456 E/DisplayDeviceConfig( 1152): requesting nits when no mapping exists.
04-12 11:54:23.456 E/DisplayDeviceConfig( 1152): requesting nits when no mapping exists.
04-12 11:54:23.472 E/DisplayDeviceConfig( 1152): requesting nits when no mapping exists.
04-12 11:54:23.473 E/DisplayDeviceConfig( 1152): requesting nits when no mapping exists.
04-12 11:54:23.489 E/DisplayDeviceConfig( 1152): requesting nits when no mapping exists.
04-12 11:54:23.489 E/DisplayDeviceConfig( 1152): requesting nits when no mapping exists.
04-12 11:54:23.506 E/DisplayDeviceConfig( 1152): requesting nits when no mapping exists.
04-12 11:54:23.506 E/DisplayDeviceConfig( 1152): requesting nits when no mapping exists.
04-12 11:54:23.523 E/DisplayDeviceConfig( 1152): requesting nits when no mapping exists.
04-12 11:54:23.523 E/DisplayDeviceConfig( 1152): requesting nits when no mapping exists.
04-12 11:54:23.539 E/DisplayDeviceConfig( 1152): requesting nits when no mapping exists.
04-12 11:54:23.539 E/DisplayDeviceConfig( 1152): requesting nits when no mapping exists.
01-01 08:03:03.514 W/audit ( 0): audit_lost=149 audit_rate_limit=5 audit_backlog_limit=64
01-01 08:03:03.545 E/audit ( 0): rate limit exceeded
01-01 08:03:44.478 I/[dp_rx_][0x100c8bdf5][11:55:06.243696] wlan( 0): [2483:I:QDF] DHCP-R RX: SA:04:7f:0e:5c:d9:89 DA:ff:ff:ff:ff:ff:ff
01-01 08:05:17.872 I/perf ( 0): interrupt took too long (4015 > 3976), lowering kernel.perf_event_max_sample_rate to 49750
04-12 11:57:01.392 E/spcomlib( 584): [spcom_wait_for_event] event [1] [nvm_ready] EVENT_STATUS_TIMEOUT
01-01 08:05:39.618 E/spss_utils [spss_wait_for_event]( 0): wait for event [1] timeout [300] sec expired
04-12 11:57:01.392 E/spdaemon( 584): spcom_wait_for_nvm_ready() failed. ret [-110] [Connection timed out].
04-12 11:57:01.392 E/spdaemon( 584): Initial SP initialization failed. ret [-110].
04-12 11:57:01.392 D/spdaemon( 584): going to sleep for a day.
04-12 11:57:11.835 I/DropBoxManagerService( 1152): add tag=system_server_strictmode isTagEnabled=true flags=0x2
04-12 11:57:11.842 I/DropBoxManagerService( 1152): add tag=system_server_strictmode isTagEnabled=true flags=0x2
04-12 11:57:11.844 I/DropBoxManagerService( 1152): add tag=system_server_strictmode isTagEnabled=true flags=0x2
04-12 11:57:11.846 I/DropBoxManagerService( 1152): add tag=system_server_strictmode isTagEnabled=true flags=0x2
04-12 11:57:11.848 I/DropBoxManagerService( 1152): add tag=system_server_strictmode isTagEnabled=true flags=0x2
04-12 11:57:11.850 I/DropBoxManagerService( 1152): add tag=system_server_strictmode isTagEnabled=true flags=0x2
01-01 08:06:14.389 I/[dp_rx_][0x1ac57d9cf][11:57:36.154254] wlan( 0): [2483:I:QDF] DHCP-R RX: SA:0a:e1:cc:7e:48:eb DA:ff:ff:ff:ff:ff:ff
01-01 08:06:21.973 I/[dp_rx_][0x1b505c5dd][11:57:43.738414] wlan( 0): [2483:I:QDF] DHCP-R RX: SA:ba:88:10:3d:5b:e4 DA:ff:ff:ff:ff:ff:ff
01-01 08:06:46.140 I/[dp_rx_][0x1d0adf749][11:58:07.905474] wlan( 0): [2483:I:QDF] DHCP-R RX: SA:04:7f:0e:5e:df:61 DA:ff:ff:ff:ff:ff:ff
01-01 08:06:49.798 I/[schedu][0x1d4dd8dcc][11:58:11.563159] wlan( 0): [2281:I:WMA] [11:58:11.045000] [ROAM_TRIGGER]: VDEV[0] Reason: "DENSE ENVIRONMENT"
01-01 08:06:49.811 I/[schedu][0x1d4e1745c][11:58:11.576473] wlan( 0): [2281:I:WMA] [11:58:11.045000] [ROAM_SCAN]: VDEV[0] Scan_type: PARTIAL {2412 5280 5320 5825 }
01-01 08:06:49.826 I/[schedu][0x1d4e5be97][11:58:11.591115] wlan( 0): [2281:I:WMA] ============================================================================================================================
01-01 08:06:49.844 I/[schedu][0x1d4eafece][11:58:11.609038] wlan( 0): [2281:I:WMA] AP BSSID TSTAMP CH TY ETP RSSI/SCR CU%/SCR TOT_SCR BL_RSN BL_SRC BL_TSTAMP BL_TIMEOUT(ms)
01-01 08:06:49.862 I/[schedu][0x1d4f068a5][11:58:11.627515] wlan( 0): [2281:I:WMA] ============================================================================================================================
01-01 08:06:49.880 I/[schedu][0x1d4f5a0a5][11:58:11.645328] wlan( 0): [2281:I:WMA] 98:f1:81:80:45:71 [11:58:11.045000] 5825 P_AP 0 69/0 0/0 4086 0 0 [00:00:00.000000] 0
01-01 08:06:49.897 I/[schedu][0x1d4fab4d3][11:58:11.662663] wlan( 0): [2281:I:WMA] 98:f1:81:80:45:61 [11:58:11.250000] 5280 C_AP 189 68/0 50/0 4542 0 0 [00:00:00.000000] 0
01-01 08:06:49.915 I/[schedu][0x1d4fff1b2][11:58:11.680542] wlan( 0): [2281:I:WMA] 98:f1:81:81:83:11 [11:58:11.097000] 5825 C_AP 38 71/0 50/0 2332 0 0 [00:00:00.000000] 0
01-01 08:06:49.932 I/[schedu][0x1d50505d1][11:58:11.697876] wlan( 0): [2281:I:WMA] 98:f1:81:81:79:b1 [11:58:11.098000] 5825 C_AP 38 78/0 50/0 1407 0 0 [00:00:00.000000] 0
01-01 08:06:49.950 I/[schedu][0x1d50a19b3][11:58:11.715208] wlan( 0): [2281:I:WMA] 98:f1:81:81:83:20 [11:58:11.105000] 2412 C_AP 15 89/0 50/0 1005 0 0 [00:00:00.000000] 0
01-01 08:06:49.967 I/[schedu][0x1d50f2d89][11:58:11.732539] wlan( 0): [2281:I:WMA] 98:f1:81:81:6f:e1 [11:58:11.253000] 5280 C_AP 76 88/0 50/0 860 0 0 [00:00:00.000000] 0
01-01 08:06:49.984 I/[schedu][0x1d51440a2][11:58:11.749861] wlan( 0): [2281:I:WMA] 98:f1:81:81:6e:c1 [11:58:11.505000] 5320 C_AP 95 86/0 50/0 860 0 0 [00:00:00.000000] 0
01-01 08:06:50.002 I/[schedu][0x1d519539b][11:58:11.767180] wlan( 0): [2281:I:WMA] [11:58:11.537000] [ROAM_RESULT]: VDEV[0] FAILED Reason: NO CANDIDATE FOUND
01-01 08:07:03.562 W/audit ( 0): audit_lost=170 audit_rate_limit=5 audit_backlog_limit=64
01-01 08:07:03.587 E/audit ( 0): rate limit exceeded
01-01 08:07:06.418 W/audit ( 0): audit_lost=181 audit_rate_limit=5 audit_backlog_limit=64
01-01 08:07:06.425 E/audit ( 0): rate limit exceeded
01-01 08:07:26.005 I/[schedu][0x1fe4d47b7][11:58:47.770863] wlan( 0): [2281:I:PE] Assoc rsp RX: subtype 1 vdev 0 sys role 3 lim state 1 rssi 0 from 98:f1:81:80:45:61
01-01 08:07:26.026 W/[schedu][0x1fe535623][11:58:47.791535] wlan( 0): [2281:W:SME] sme_qos_process_ft_reassoc_req_ev: 3318: Flow List empty, nothing to update
01-01 08:07:26.041 E/[schedu][0x1fe57a25c][11:58:47.806204] wlan( 0): [2281:E:SME] sme_qos_process_reassoc_success_ev: 4605: session or RIC data is not present
01-01 08:07:26.054 E/[schedu][0x1fe5ba4ae][11:58:47.819888] wlan( 0): [2281:E:QDF] qdf_mem_malloc_debug: 1206: Cannot malloc 0 bytes @ csr_get_cfg_max_tx_power:14199
01-01 08:07:26.069 E/[schedu][0x1fe5ffbec][11:58:47.834710] wlan( 0): [2281:E:QDF] qdf_mem_malloc_debug: 1206: Cannot malloc 0 bytes @ csr_get_cfg_max_tx_power:14199
01-01 08:07:26.085 W/[schedu][0x1fe6476aa][11:58:47.849994] wlan( 0): [2281:W:HDD] hdd_get_rssi_snr_by_bssid: 17749: sme_get_rssi_snr_by_bssid failed
01-01 08:07:26.097 I/[schedu][0x1fe682d63][11:58:47.862671] wlan( 0): [2281:I:HDD] wlan0(vdevid-0): c6:f7:88:0c:63:65 connected to 98:f1:81:80:45:61
01-01 08:07:26.121 I/[schedu][0x1fe6f05a5][11:58:47.886034] wlan( 0): [2281:I:WMA] LFR3: Posting WMA_ROAM_OFFLOAD_SYNCH_CNF
01-01 08:07:26.133 E/[schedu][0x1fe72927c][11:58:47.898152] wlan( 0): [2281:E:QDF] qdf_mem_malloc_debug: 1206: Cannot malloc 0 bytes @ csr_get_cfg_max_tx_power:14199
01-01 08:07:26.160 I/[schedu][0x1fe7a9589][11:58:47.925499] wlan( 0): [2281:I:WMA] [11:58:47.051000] [ROAM_TRIGGER]: VDEV[0] Reason: "PER"
01-01 08:07:26.161 I/[soft_i][0x1fe7afd3a][11:58:47.926883] wlan( 0): [0:I:TXRX] HTT_T2H_MSG_TYPE_PEER_MAP msg for peer id 9 vdev id 0 n
01-01 08:07:26.172 I/[schedu][0x1fe7e098a][11:58:47.937286] wlan( 0): [2281:I:WMA] [11:58:47.051000] [ROAM_SCAN]: VDEV[0] Scan_type: PARTIAL {2412 5280 5320 5825 }
01-01 08:07:26.183 E/[soft_i][0x1fe8166d4][11:58:47.948771] wlan( 0): [0:E:DP] dp_peer_find_add_id: peer ffffffc348218000 ID 9 vid 0 mac 98:f1:81:80:45:61
01-01 08:07:26.197 I/[schedu][0x1fe8577dc][11:58:47.962650] wlan( 0): [2281:I:WMA] ============================================================================================================================
01-01 08:07:26.210 I/[soft_i][0x1fe894a5c][11:58:47.975698] wlan( 0): [0:I:DP] dp_peer_find_add_id: ref_cnt: 2
01-01 08:07:26.228 I/[schedu][0x1fe8e7d5b][11:58:47.993444] wlan( 0): [2281:I:WMA] AP BSSID TSTAMP CH TY ETP RSSI/SCR CU%/SCR TOT_SCR BL_RSN BL_SRC BL_TSTAMP BL_TIMEOUT(ms)
01-01 08:07:26.237 E/[soft_i][0x1fe9129fa][11:58:48.002573] wlan( 0): [0:E:DP] dp_peer_map_ast: peer ffffffc348218000 ID 85 vid 0 mac 98:f1:81:80:45:61
01-01 08:07:26.255 I/[schedu][0x1fe965b69][11:58:48.020298] wlan( 0): [2281:I:WMA] ============================================================================================================================
01-01 08:07:26.285 I/[schedu][0x1fe9f4c57][11:58:48.050817] wlan( 0): [2281:I:WMA] 98:f1:81:80:45:71 [11:58:47.051000] 5825 P_AP 0 70/0 0/0 2332 0 0 [00:00:00.000000] 0
01-01 08:07:26.303 I/[schedu][0x1fea46003][11:58:48.068146] wlan( 0): [2281:I:WMA] 98:f1:81:80:45:61 [11:58:47.306000] 5280 R_AP 189 66/0 50/0 4542 0 0 [00:00:00.000000] 0
04-12 11:58:48.089 I/DropBoxManagerService( 1152): add tag=system_server_wtf isTagEnabled=true flags=0x2
01-01 08:07:26.320 I/[schedu][0x1fea972b1][11:58:48.085461] wlan( 0): [2281:I:WMA] 98:f1:81:81:79:b1 [11:58:47.093000] 5825 C_AP 38 78/0 50/0 1407 0 0 [00:00:00.000000] 0
01-01 08:07:26.337 I/[schedu][0x1feae8552][11:58:48.102776] wlan( 0): [2281:I:WMA] 98:f1:81:81:79:c0 [11:58:47.117000] 2412 C_AP 21 86/0 50/0 1005 0 0 [00:00:00.000000] 0
01-01 08:07:26.355 I/[schedu][0x1feb39722][11:58:48.120081] wlan( 0): [2281:I:WMA] 98:f1:81:81:6e:c1 [11:58:47.558000] 5320 C_AP 86 87/0 50/0 860 0 0 [00:00:00.000000] 0
01-01 08:07:26.373 I/[schedu][0x1feb8d859][11:58:48.138017] wlan( 0): [2281:I:WMA] [11:58:47.908000] [ROAM_RESULT]: VDEV[0] SUCCESS
01-01 08:07:39.869 E/[kworke][0x20e2ace01][11:59:01.634201] wlan( 0): [340:E:WMA] Rx unprotected unicast mgmt frame
01-01 08:07:39.879 E/[schedu][0x20e2dc9e1][11:59:01.644386] wlan( 0): [2281:E:PE] lim_drop_unprotected_action_frame: 1614: Dropping unprotected Action category: 3 frame since RMF is enabled
01-01 08:07:51.874 I/[dp_rx_][0x21be7f161][11:59:13.639368] wlan( 0): [2483:I:QDF] DHCP-D RX: SA:2a:44:34:0f:6b:33 DA:ff:ff:ff:ff:ff:ff
01-01 08:07:51.976 I/[dp_rx_][0x21c05ebf9][11:59:13.741696] wlan( 0): [2483:I:QDF] DHCP-R RX: SA:2a:44:34:0f:6b:33 DA:ff:ff:ff:ff:ff:ff
01-01 08:08:46.482 E/[kworke][0x25a666eb2][12:00:08.247545] wlan( 0): [340:E:WMA] Rx unprotected unicast mgmt frame
01-01 08:08:46.493 E/[schedu][0x25a6981a4][12:00:08.258038] wlan( 0): [2281:E:PE] lim_drop_unprotected_action_frame: 1614: Dropping unprotected Action category: 3 frame since RMF is enabled
01-01 08:09:01.761 E/[kworke][0x26be25dad][12:00:23.525397] wlan( 0): [331:E:WMA] Rx unprotected unicast mgmt frame
01-01 08:09:01.771 E/[schedu][0x26be5a5e3][12:00:23.536599] wlan( 0): [2281:E:PE] lim_drop_unprotected_action_frame: 1614: Dropping unprotected Action category: 3 frame since RMF is enabled
01-01 08:09:01.823 E/[kworke][0x26bf4b38c][12:00:23.587983] wlan( 0): [8:E:WMA] Rx unprotected unicast mgmt frame
01-01 08:09:01.833 E/[schedu][0x26bf7acea][12:00:23.598133] wlan( 0): [2281:E:PE] lim_drop_unprotected_action_frame: 1614: Dropping unprotected Action category: 3 frame since RMF is enabled
01-01 08:09:16.355 I/[dp_rx_][0x27c9659b9][12:00:38.120759] wlan( 0): [2483:I:QDF] DHCP-D RX: SA:82:5d:a5:be:13:93 DA:ff:ff:ff:ff:ff:ff
01-01 08:09:16.370 I/[dp_rx_][0x27c9a825e][12:00:38.134953] wlan( 0): [2483:I:QDF] DHCP-R RX: SA:82:5d:a5:be:13:93 DA:ff:ff:ff:ff:ff:ff
01-01 08:09:52.121 E/[kworke][0x2a5846c83][12:01:13.885916] wlan( 0): [335:E:WMA] Rx unprotected unicast mgmt frame
01-01 08:09:52.131 E/[schedu][0x2a5876f29][12:01:13.896190] wlan( 0): [2281:E:PE] lim_drop_unprotected_action_frame: 1614: Dropping unprotected Action category: 3 frame since RMF is enabled
01-01 08:10:15.330 E/DTC_ETH,link_delay_work_func( 0): 3003, SQI=4, link=1
01-01 08:10:20.565 I/[dp_rx_][0x2c611aced][12:01:42.330082] wlan( 0): [2483:I:QDF] DHCP-R RX: SA:2a:44:34:0f:6b:33 DA:ff:ff:ff:ff:ff:ff
01-01 08:10:28.346 I/[dp_rx_][0x2cef97197][12:01:50.111691] wlan( 0): [2483:I:QDF] DHCP-R RX: SA:0a:e1:cc:7e:48:eb DA:ff:ff:ff:ff:ff:ff
04-12 12:02:00.298 I/DropBoxManagerService( 1152): add tag=system_app_strictmode isTagEnabled=true flags=0x2
01-01 08:10:42.500 E/[kworke][0x2df2bf03e][12:02:04.265059] wlan( 0): [340:E:WMA] Rx unprotected unicast mgmt frame
01-01 08:10:42.512 E/[schedu][0x2df2f7295][12:02:04.277037] wlan( 0): [2281:E:PE] lim_drop_unprotected_action_frame: 1614: Dropping unprotected Action category: 3 frame since RMF is enabled
01-01 08:10:50.884 I/[dp_rx_][0x2e8c46743][12:02:12.649793] wlan( 0): [2483:I:QDF] DHCP-D RX: SA:6e:bd:d7:78:a6:e7 DA:ff:ff:ff:ff:ff:ff
01-01 08:10:51.385 I/[dp_rx_][0x2e956f457][12:02:13.150021] wlan( 0): [2483:I:QDF] DHCP-R RX: SA:6e:bd:d7:78:a6:e7 DA:ff:ff:ff:ff:ff:ff
01-01 08:10:54.258 I/[dp_rx_][0x2eca0d586][12:02:16.023637] wlan( 0): [2483:I:QDF] DHCP-R RX: SA:04:7f:0e:5e:df:61 DA:ff:ff:ff:ff:ff:ff
01-01 08:10:57.258 I/perf ( 0): interrupt took too long (5031 > 5018), lowering kernel.perf_event_max_sample_rate to 39750
04-12 12:02:19.256 D/ActivityManager( 1152): freezing 3181 com.android.keychain
01-01 08:10:57.492 I/binder ( 0): 1152:1729 ioctl 400c620e 6ce9faa5d8 returned -22
04-12 12:02:19.264 E/ActivityManager( 1152): Unable to freeze binder for 3181 com.android.keychain
01-01 08:10:57.504 I/binder ( 0): 1152:1729 ioctl c00c620f 6ce9faa5b8 returned -22
04-12 12:02:19.268 D/ActivityManager( 1152): froze 3181 com.android.keychain
04-12 12:02:19.276 E/ActivityManager( 1152): Unable to freeze binder for 3181 com.android.keychain
04-12 12:02:19.277 I/ActivityManager( 1152): Killing 3181:com.android.keychain/1000 (adj 995): Unable to freeze binder interface
04-12 12:02:20.202 D/ActivityManager( 1152): freezing 3365 com.android.traceur
04-12 12:02:20.209 E/ActivityManager( 1152): Unable to freeze binder for 3365 com.android.traceur
01-01 08:10:58.438 I/binder ( 0): 1152:1729 ioctl 400c620e 6ce9faa5d8 returned -22
04-12 12:02:20.211 D/ActivityManager( 1152): froze 3365 com.android.traceur
01-01 08:10:58.447 I/binder ( 0): 1152:1729 ioctl c00c620f 6ce9faa5b8 returned -22
04-12 12:02:20.218 E/ActivityManager( 1152): Unable to freeze binder for 3365 com.android.traceur
04-12 12:02:20.219 I/ActivityManager( 1152): Killing 3365:com.android.traceur/u0a32 (adj 999): Unable to freeze binder interface
01-01 08:10:58.790 I/binder ( 0): 1152:1729 ioctl 400c620e 6ce9faa5d8 returned -22
04-12 12:02:20.555 D/ActivityManager( 1152): freezing 3430 com.qualcomm.qti.qmmi
04-12 12:02:20.562 E/ActivityManager( 1152): Unable to freeze binder for 3430 com.qualcomm.qti.qmmi
04-12 12:02:20.563 D/ActivityManager( 1152): froze 3430 com.qualcomm.qti.qmmi
01-01 08:10:58.799 I/binder ( 0): 1152:1729 ioctl c00c620f 6ce9faa5b8 returned -22
04-12 12:02:20.570 E/ActivityManager( 1152): Unable to freeze binder for 3430 com.qualcomm.qti.qmmi
04-12 12:02:20.571 I/ActivityManager( 1152): Killing 3430:com.qualcomm.qti.qmmi/1000 (adj 965): Unable to freeze binder interface
04-12 12:02:21.203 D/ActivityManager( 1152): freezing 3571 com.android.localtransport
01-01 08:10:59.439 I/binder ( 0): 1152:1729 ioctl 400c620e 6ce9faa5d8 returned -22
04-12 12:02:21.211 E/ActivityManager( 1152): Unable to freeze binder for 3571 com.android.localtransport
01-01 08:10:59.448 I/binder ( 0): 1152:1729 ioctl c00c620f 6ce9faa5b8 returned -22
04-12 12:02:21.213 D/ActivityManager( 1152): froze 3571 com.android.localtransport
04-12 12:02:21.220 E/ActivityManager( 1152): Unable to freeze binder for 3571 com.android.localtransport
04-12 12:02:21.222 I/ActivityManager( 1152): Killing 3571:com.android.localtransport/1000 (adj 995): Unable to freeze binder interface
04-12 12:02:21.524 D/ActivityManager( 1152): freezing 3604 com.android.dynsystem
04-12 12:02:21.531 E/ActivityManager( 1152): Unable to freeze binder for 3604 com.android.dynsystem
04-12 12:02:21.533 D/ActivityManager( 1152): froze 3604 com.android.dynsystem
01-01 08:10:59.759 I/binder ( 0): 1152:1729 ioctl 400c620e 6ce9faa5d8 returned -22
01-01 08:10:59.768 I/binder ( 0): 1152:1729 ioctl c00c620f 6ce9faa5b8 returned -22
04-12 12:02:21.540 E/ActivityManager( 1152): Unable to freeze binder for 3604 com.android.dynsystem
04-12 12:02:21.541 I/ActivityManager( 1152): Killing 3604:com.android.dynsystem/1000 (adj 995): Unable to freeze binder interface
01-01 08:10:59.784 I/[dp_rx_][0x2f2f3b23b][12:02:21.549350] wlan( 0): [2483:I:QDF] DHCP-R RX: SA:7a:20:bc:ba:36:df DA:ff:ff:ff:ff:ff:ff
04-12 12:02:21.837 D/ActivityManager( 1152): freezing 3663 com.android.dynsystem:dynsystem
01-01 08:11:00.072 I/binder ( 0): 1152:1729 ioctl 400c620e 6ce9faa5d8 returned -22
04-12 12:02:21.844 E/ActivityManager( 1152): Unable to freeze binder for 3663 com.android.dynsystem:dynsystem
04-12 12:02:21.846 D/ActivityManager( 1152): froze 3663 com.android.dynsystem:dynsystem
01-01 08:11:00.081 I/binder ( 0): 1152:1729 ioctl c00c620f 6ce9faa5b8 returned -22
04-12 12:02:21.853 E/ActivityManager( 1152): Unable to freeze binder for 3663 com.android.dynsystem:dynsystem
04-12 12:02:21.854 I/ActivityManager( 1152): Killing 3663:com.android.dynsystem:dynsystem/1000 (adj 985): Unable to freeze binder interface
04-12 12:02:23.437 D/ActivityManager( 1152): freezing 3789 com.android.music
04-12 12:02:23.446 E/ActivityManager( 1152): Unable to freeze binder for 3789 com.android.music
01-01 08:11:01.673 I/binder ( 0): 1152:1729 ioctl 400c620e 6ce9faa5d8 returned -22
04-12 12:02:23.449 D/ActivityManager( 1152): froze 3789 com.android.music
01-01 08:11:01.685 I/binder ( 0): 1152:1729 ioctl c00c620f 6ce9faa5b8 returned -22
04-12 12:02:23.457 E/ActivityManager( 1152): Unable to freeze binder for 3789 com.android.music
04-12 12:02:23.458 I/ActivityManager( 1152): Killing 3789:com.android.music/u0a88 (adj 975): Unable to freeze binder interface
04-12 12:02:23.777 D/ActivityManager( 1152): freezing 3819 com.android.onetimeinitializer
04-12 12:02:23.784 E/ActivityManager( 1152): Unable to freeze binder for 3819 com.android.onetimeinitializer
01-01 08:11:02.012 I/binder ( 0): 1152:1729 ioctl 400c620e 6ce9faa5d8 returned -22
01-01 08:11:02.021 I/binder ( 0): 1152:1729 ioctl c00c620f 6ce9faa5b8 returned -22
04-12 12:02:23.786 D/ActivityManager( 1152): froze 3819 com.android.onetimeinitializer
04-12 12:02:23.793 E/ActivityManager( 1152): Unable to freeze binder for 3819 com.android.onetimeinitializer
04-12 12:02:23.794 I/ActivityManager( 1152): Killing 3819:com.android.onetimeinitializer/u0a63 (adj 965): Unable to freeze binder interface
04-12 12:02:25.234 D/ActivityManager( 1152): freezing 2623 com.android.settings
01-01 08:11:03.469 I/binder ( 0): 1152:1729 ioctl 400c620e 6ce9faa5d8 returned -22
04-12 12:02:25.242 E/ActivityManager( 1152): Unable to freeze binder for 2623 com.android.settings
01-01 08:11:03.480 I/binder ( 0): 1152:1729 ioctl c00c620f 6ce9faa5b8 returned -22
04-12 12:02:25.244 D/ActivityManager( 1152): froze 2623 com.android.settings
04-12 12:02:25.251 E/ActivityManager( 1152): Unable to freeze binder for 2623 com.android.settings
04-12 12:02:25.253 I/ActivityManager( 1152): Killing 2623:com.android.settings/1000 (adj 955): Unable to freeze binder interface
04-12 12:02:25.388 W/ActivityManager( 1152): setHasOverlayUi called on unknown pid: 2623
04-12 12:02:31.636 D/ActivityManager( 1152): freezing 4060 com.qualcomm.qti.qms.service.connectionsecurity
01-01 08:11:09.872 I/binder ( 0): 1152:1729 ioctl 400c620e 6ce9faa5d8 returned -22
04-12 12:02:31.644 E/ActivityManager( 1152): Unable to freeze binder for 4060 com.qualcomm.qti.qms.service.connectionsecurity
04-12 12:02:31.647 D/ActivityManager( 1152): froze 4060 com.qualcomm.qti.qms.service.connectionsecurity
04-12 12:02:31.654 E/ActivityManager( 1152): Unable to freeze binder for 4060 com.qualcomm.qti.qms.service.connectionsecurity
01-01 08:11:09.882 I/binder ( 0): 1152:1729 ioctl c00c620f 6ce9faa5b8 returned -22
04-12 12:02:31.656 I/ActivityManager( 1152): Killing 4060:com.qualcomm.qti.qms.service.connectionsecurity/u0a55 (adj 945): Unable to freeze binder interface
04-12 12:02:31.662 D/ActivityManager( 1152): freezing 3153 com.qualcomm.qtil.aptxui
04-12 12:02:31.669 E/ActivityManager( 1152): Unable to freeze binder for 3153 com.qualcomm.qtil.aptxui
01-01 08:11:09.897 I/binder ( 0): 1152:1729 ioctl 400c620e 6ce9faa5d8 returned -22
04-12 12:02:31.670 D/ActivityManager( 1152): froze 3153 com.qualcomm.qtil.aptxui
04-12 12:02:31.677 E/ActivityManager( 1152): Unable to freeze binder for 3153 com.qualcomm.qtil.aptxui
04-12 12:02:31.678 I/ActivityManager( 1152): Killing 3153:com.qualcomm.qtil.aptxui/u0a92 (adj 945): Unable to freeze binder interface
01-01 08:11:09.906 I/binder ( 0): 1152:1729 ioctl c00c620f 6ce9faa5b8 returned -22
04-12 12:02:32.068 D/ActivityManager( 1152): freezing 4090 com.android.externalstorage
01-01 08:11:10.304 I/binder ( 0): 1152:1729 ioctl 400c620e 6ce9faa5d8 returned -22
04-12 12:02:32.076 E/ActivityManager( 1152): Unable to freeze binder for 4090 com.android.externalstorage
04-12 12:02:32.078 D/ActivityManager( 1152): froze 4090 com.android.externalstorage
01-01 08:11:10.313 I/binder ( 0): 1152:1729 ioctl c00c620f 6ce9faa5b8 returned -22
04-12 12:02:32.085 E/ActivityManager( 1152): Unable to freeze binder for 4090 com.android.externalstorage
04-12 12:02:32.086 I/ActivityManager( 1152): Killing 4090:com.android.externalstorage/u0a22 (adj 935): Unable to freeze binder interface
01-01 08:11:15.635 E/[kworke][0x30517858f][12:02:37.400276] wlan( 0): [5557:E:WMA] Rx unprotected unicast mgmt frame
01-01 08:11:15.646 E/[schedu][0x3051aa618][12:02:37.410950] wlan( 0): [2281:E:PE] lim_drop_unprotected_action_frame: 1614: Dropping unprotected Action category: 3 frame since RMF is enabled
01-01 08:11:15.907 E/[kworke][0x305674aad][12:02:37.672558] wlan( 0): [331:E:WMA] Rx unprotected unicast mgmt frame
01-01 08:11:15.917 E/[schedu][0x3056a4613][12:02:37.682737] wlan( 0): [2281:E:PE] lim_drop_unprotected_action_frame: 1614: Dropping unprotected Action category: 3 frame since RMF is enabled
04-12 12:02:44.577 W/DeviceIdleController( 1152): motion timeout went off and device isn't stationary
04-12 12:02:47.469 D/ActivityManager( 1152): freezing 4331 com.qualcomm.qti.qms.service.trustzoneaccess
01-01 08:11:25.705 I/binder ( 0): 1152:1729 ioctl 400c620e 6ce9faa5d8 returned -22
04-12 12:02:47.477 E/ActivityManager( 1152): Unable to freeze binder for 4331 com.qualcomm.qti.qms.service.trustzoneaccess
04-12 12:02:47.480 D/ActivityManager( 1152): froze 4331 com.qualcomm.qti.qms.service.trustzoneaccess
04-12 12:02:47.488 E/ActivityManager( 1152): Unable to freeze binder for 4331 com.qualcomm.qti.qms.service.trustzoneaccess
01-01 08:11:25.716 I/binder ( 0): 1152:1729 ioctl c00c620f 6ce9faa5b8 returned -22
04-12 12:02:47.489 I/ActivityManager( 1152): Killing 4331:com.qualcomm.qti.qms.service.trustzoneaccess/u0a54 (adj 925): Unable to freeze binder interface
04-12 12:02:47.648 D/ActivityManager( 1152): freezing 3493 android.process.media
04-12 12:02:47.655 E/ActivityManager( 1152): Unable to freeze binder for 3493 android.process.media
01-01 08:11:25.883 I/binder ( 0): 1152:1729 ioctl 400c620e 6ce9faa5d8 returned -22
04-12 12:02:47.657 D/ActivityManager( 1152): froze 3493 android.process.media
04-12 12:02:47.664 E/ActivityManager( 1152): Unable to freeze binder for 3493 android.process.media
01-01 08:11:25.892 I/binder ( 0): 1152:1729 ioctl c00c620f 6ce9faa5b8 returned -22
04-12 12:02:47.666 D/ActivityManager( 1152): freezing 3600 android.process.acore
01-01 08:11:25.901 I/binder ( 0): 1152:1729 ioctl 400c620e 6ce9faa5d8 returned -22
04-12 12:02:47.673 E/ActivityManager( 1152): Unable to freeze binder for 3600 android.process.acore
04-12 12:02:47.675 D/ActivityManager( 1152): froze 3600 android.process.acore
01-01 08:11:25.910 I/binder ( 0): 1152:1729 ioctl c00c620f 6ce9faa5b8 returned -22
04-12 12:02:47.682 E/ActivityManager( 1152): Unable to freeze binder for 3600 android.process.acore
04-12 12:02:47.683 I/ActivityManager( 1152): Killing 3493:android.process.media/u0a26 (adj 955): Unable to freeze binder interface
04-12 12:02:47.685 I/ActivityManager( 1152): Killing 3600:android.process.acore/u0a18 (adj 995): Unable to freeze binder interface
04-12 12:02:47.807 D/CountryDetector( 1152): No listener is left
04-12 12:02:47.872 I/BackgroundDexOptService( 1152): Pinning optimized code {}
04-12 12:03:22.112 D/ActivityManager( 1152): freezing 3866 com.android.permissioncontroller
01-01 08:12:00.347 I/binder ( 0): 1152:1729 ioctl 400c620e 6ce9faa5d8 returned -22
04-12 12:03:22.119 E/ActivityManager( 1152): Unable to freeze binder for 3866 com.android.permissioncontroller
01-01 08:12:00.357 I/binder ( 0): 1152:1729 ioctl c00c620f 6ce9faa5b8 returned -22
04-12 12:03:22.122 D/ActivityManager( 1152): froze 3866 com.android.permissioncontroller
04-12 12:03:22.128 E/ActivityManager( 1152): Unable to freeze binder for 3866 com.android.permissioncontroller
04-12 12:03:22.130 I/ActivityManager( 1152): Killing 3866:com.android.permissioncontroller/u0a96 (adj 945): Unable to freeze binder interface
01-01 08:12:12.594 I/[dp_rx_][0x34646a8c8][12:03:34.359040] wlan( 0): [2483:I:QDF] DHCP-R RX: SA:ba:88:10:3d:5b:e4 DA:ff:ff:ff:ff:ff:ff
04-12 12:04:02.092 D/ActivityManager( 1152): freezing 4920 com.qualcomm.timeservice
01-01 08:12:40.327 I/binder ( 0): 1152:1729 ioctl 400c620e 6ce9faa5d8 returned -22
04-12 12:04:02.099 E/ActivityManager( 1152): Unable to freeze binder for 4920 com.qualcomm.timeservice
04-12 12:04:02.101 D/ActivityManager( 1152): froze 4920 com.qualcomm.timeservice
04-12 12:04:02.108 E/ActivityManager( 1152): Unable to freeze binder for 4920 com.qualcomm.timeservice
01-01 08:12:40.337 I/binder ( 0): 1152:1729 ioctl c00c620f 6ce9faa5b8 returned -22
04-12 12:04:02.110 I/ActivityManager( 1152): Killing 4920:com.qualcomm.timeservice/u0a53 (adj 925): Unable to freeze binder interface
01-01 08:13:13.932 I/[dp_rx_][0x38c78e89d][12:04:35.697491] wlan( 0): [2483:I:QDF] DHCP-D RX: SA:32:45:6e:da:e6:b1 DA:ff:ff:ff:ff:ff:ff
01-01 08:13:13.945 I/[dp_rx_][0x38c7ca286][12:04:35.710210] wlan( 0): [2483:I:QDF] DHCP-R RX: SA:32:45:6e:da:e6:b1 DA:ff:ff:ff:ff:ff:ff
01-01 08:13:42.235 E/[kworke][0x3acdcd25b][12:05:04.000554] wlan( 0): [340:E:WMA] Rx unprotected unicast mgmt frame
01-01 08:13:42.246 E/[schedu][0x3acdfe0db][12:05:04.010986] wlan( 0): [2281:E:PE] lim_drop_unprotected_action_frame: 1614: Dropping unprotected Action category: 3 frame since RMF is enabled
01-01 08:14:06.418 W/audit ( 0): audit_lost=182 audit_rate_limit=5 audit_backlog_limit=64
01-01 08:14:06.425 E/audit ( 0): rate limit exceeded
01-01 08:14:58.178 I/[dp_rx_][0x403c5b85f][12:06:19.943461] wlan( 0): [2483:I:QDF] DHCP-R RX: SA:04:7f:0e:5e:df:61 DA:ff:ff:ff:ff:ff:ff
01-01 08:15:43.010 E/DTC_ETH,link_delay_work_func( 0): 3003, SQI=0, link=1
01-01 08:16:02.217 D/cnss ( 0): Host time = 962119610 us, device time = 912163430 us, offset = 49956180 us
01-01 08:16:02.226 D/cnss ( 0): Updated time sync regs [0x984] = 0x2fa4554, [0x988] = 0x0
01-01 08:16:42.236 E/[kworke][0x47adb5962][12:08:04.001074] wlan( 0): [5557:E:WMA] Rx unprotected unicast mgmt frame
01-01 08:16:42.246 E/[schedu][0x47ade6269][12:08:04.011434] wlan( 0): [2281:E:PE] lim_drop_unprotected_action_frame: 1614: Dropping unprotected Action category: 3 frame since RMF is enabled
01-01 08:16:49.798 I/[dp_rx_][0x48382e29c][12:08:11.563437] wlan( 0): [2483:I:QDF] DHCP-R RX: SA:04:7f:0e:5e:df:61 DA:ff:ff:ff:ff:ff:ff
01-01 08:17:06.419 W/audit ( 0): audit_lost=183 audit_rate_limit=5 audit_backlog_limit=64
01-01 08:17:06.426 E/audit ( 0): rate limit exceeded
01-01 08:19:21.377 I/perf ( 0): interrupt took too long (6306 > 6288), lowering kernel.perf_event_max_sample_rate to 31500
01-01 08:19:42.133 E/[kworke][0x548bb837c][12:11:03.897955] wlan( 0): [5575:E:WMA] Rx unprotected unicast mgmt frame
01-01 08:19:42.143 E/[schedu][0x548bea194][12:11:03.908597] wlan( 0): [2281:E:PE] lim_drop_unprotected_action_frame: 1614: Dropping unprotected Action category: 3 frame since RMF is enabled
04-12 12:12:09.831 I/UsageStatsService( 1152): User[0] Flushing usage stats to disk
04-12 12:12:19.437 D/ActivityManager( 1152): freezing 2671 com.thundercomm.gamemode.provider
01-01 08:20:57.672 I/binder ( 0): 1152:1729 ioctl 400c620e 6ce9faa5d8 returned -22
04-12 12:12:19.444 E/ActivityManager( 1152): Unable to freeze binder for 2671 com.thundercomm.gamemode.provider
04-12 12:12:19.446 D/ActivityManager( 1152): froze 2671 com.thundercomm.gamemode.provider
01-01 08:20:57.682 I/binder ( 0): 1152:1729 ioctl c00c620f 6ce9faa5b8 returned -22
