04-12 14:13:11.636 W/MessageQueue( 6189): Handler (android.net.ConnectivityManager$CallbackHandler) {5ab49a5} sending message to a Handler on a dead thread
04-12 14:13:11.636 W/MessageQueue( 6189): java.lang.IllegalStateException: Handler (android.net.ConnectivityManager$CallbackHandler) {5ab49a5} sending message to a Handler on a dead thread
04-12 14:13:11.636 W/MessageQueue( 6189): at android.os.MessageQueue.enqueueMessage(MessageQueue.java:560)
04-12 14:13:11.636 W/MessageQueue( 6189): at android.os.Handler.enqueueMessage(Handler.java:778)
04-12 14:13:11.636 W/MessageQueue( 6189): at android.os.Handler.sendMessageAtTime(Handler.java:727)
04-12 14:13:11.636 W/MessageQueue( 6189): at android.os.Handler.sendMessageDelayed(Handler.java:697)
04-12 14:13:11.636 W/MessageQueue( 6189): at android.os.Handler.sendMessage(Handler.java:635)
04-12 14:13:11.636 W/MessageQueue( 6189): at android.os.Handler$MessengerImpl.send(Handler.java:919)
04-12 14:13:11.636 W/MessageQueue( 6189): at android.os.IMessenger$Stub.onTransact(IMessenger.java:89)
04-12 14:13:11.636 W/MessageQueue( 6189): at android.os.Binder.execTransactInternal(Binder.java:1184)
04-12 14:13:11.636 W/MessageQueue( 6189): at android.os.Binder.execTransact(Binder.java:1143)
04-12 14:13:11.636 W/MessageQueue( 6189): Handler (android.net.ConnectivityManager$CallbackHandler) {8c56588} sending message to a Handler on a dead thread
04-12 14:13:11.636 W/MessageQueue( 6189): java.lang.IllegalStateException: Handler (android.net.ConnectivityManager$CallbackHandler) {8c56588} sending message to a Handler on a dead thread
04-12 14:13:11.636 W/MessageQueue( 6189): at android.os.MessageQueue.enqueueMessage(MessageQueue.java:560)
04-12 14:13:11.636 W/MessageQueue( 6189): at android.os.Handler.enqueueMessage(Handler.java:778)
04-12 14:13:11.636 W/MessageQueue( 6189): at android.os.Handler.sendMessageAtTime(Handler.java:727)
04-12 14:13:11.636 W/MessageQueue( 6189): at android.os.Handler.sendMessageDelayed(Handler.java:697)
04-12 14:13:11.636 W/MessageQueue( 6189): at android.os.Handler.sendMessage(Handler.java:635)
04-12 14:13:11.636 W/MessageQueue( 6189): at android.os.Handler$MessengerImpl.send(Handler.java:919)
04-12 14:13:11.636 W/MessageQueue( 6189): at android.os.IMessenger$Stub.onTransact(IMessenger.java:89)
04-12 14:13:11.636 W/MessageQueue( 6189): at android.os.Binder.execTransactInternal(Binder.java:1184)
04-12 14:13:11.636 W/MessageQueue( 6189): at android.os.Binder.execTransact(Binder.java:1143)
04-12 14:13:11.974 D/RemoteControlService( 2512): getEvent: clientSocket = Socket[address=/192.168.4.4,port=32907,localPort=12600]
04-12 14:13:11.976 D/RemoteControlService( 2512): run: called
04-12 14:13:11.976 D/RemoteControlService( 2512): getEvent: start waiting...
04-12 14:13:11.977 E/RemoteControlService( 2512): Enter ListenSocketRunnable
04-12 14:13:11.979 D/RemoteControlService( 2512): After desEncrypt json is [{"type":"ok","source":1,"token":"U5kXnogR1JOm4is","value":"click"}]
04-12 14:13:11.980 D/RemoteControlService( 2512): buildRemoteCommand:type=5
04-12 14:13:11.980 D/RemoteControlService( 2512): Request params: BaseRequestCommandBean{source=1, token='U5kXnogR1JOm4is', type='ok', value='click'}
04-12 14:13:11.981 D/RemoteControlService( 2512): handleMessage called
04-12 14:13:11.981 D/RemoteControlService( 2512): Is not connect command
04-12 14:13:11.981 D/RemoteControlService( 2512): haveControl ? clientcom.thundercomm.remotecontrolservice.RemoteControllerClient@68f18ca
04-12 14:13:11.981 D/RemoteControlService( 2512): Client have control
04-12 14:13:11.981 D/RemoteControlService( 2512): do Action called
04-12 14:13:11.982 I/RemoteControlService( 2512): injectKeyEvent: KeyEvent { action=ACTION_DOWN, keyCode=KEYCODE_DPAD_CENTER, scanCode=0, metaState=0, flags=0x0, repeatCount=0, eventTime=8503368, downTime=8503368, deviceId=-1, source=0x101, displayId=-1 }
04-12 14:13:11.990 I/RemoteControlService( 2512): injectKeyEvent: KeyEvent { action=ACTION_UP, keyCode=KEYCODE_DPAD_CENTER, scanCode=0, metaState=0, flags=0x0, repeatCount=0, eventTime=8503368, downTime=8503368, deviceId=-1, source=0x101, displayId=-1 }
04-12 14:13:11.997 I/WifiService( 1152): stopRestrictingAutoJoinToSubscriptionId uid=1000
04-12 14:13:11.999 D/RemoteControlService( 2512): Digest: A36FED396375B052C11665D3898ECA3AA006E4C598E7EF84A90EB62902D372D4
04-12 14:13:11.999 D/RemoteControlService( 2512): Send data length: 117
04-12 14:13:12.000 D/RemoteControlService( 2512): Send message finished. direction: 32, messageType: 5, json: {"source":0,"token":"U5kXnogR1JOm4is","type":"ok","value":1}
04-12 14:13:12.002 D/RemoteControlService( 2512): RemoteKeyCommand ResponseSpeedTest - use time: 28
04-12 14:13:12.012 I/thunderperf( 1152): Maybe need boostperf for current app!
04-12 14:13:12.013 D/FgBoostPerfService( 2126): [FgBoostPerfService.perfBoostAcq]start: stat=true pkgName=com.android.settings
04-12 14:13:12.013 I/FgBoostPerfService( 2126): [FgBoostPerfService.perfBoostAcq] not game-mode or game app!
04-12 14:13:12.014 I/ThunderPerfManager( 1152): PerfAcq error : state=true pkgName=com.android.settings
04-12 14:13:12.016 I/FgBoostPerfService( 2126): [GetGpuMode] isMode=0 isGame=false mGpuMode=0
04-12 14:13:12.018 I/FgBoostPerfService( 2126): [GetGpuDpiType] isMode=0 isGame=false mGpuDpiType=0
04-12 14:13:12.019 I/FgBoostPerfService( 2126): [GetGpuDpiType] isMode=0 isGame=false mGpuStandardValue=0
04-12 14:13:12.020 I/thunderperf( 1152): Current app pkgName=com.android.settings bm:com.thundercomm.perf.BoostPerfManager@45ffae0 gpuMode=-1 gpuType=-1 gpuStandardVal=-1
04-12 14:13:12.020 I/ThunderBoostPerfService( 1152): Resolution: Uid=1000 Pid=6189 gMode=-1 dType=-1 gpuStandardVal=-1
04-12 14:13:12.023 I/thunderperf( 1152): PlatormCompat.setOverrides: Uid1=1000 Pid1=6189 Uid2=1000 Pid2=6189
04-12 14:13:12.023 I/thunderperf( 1152): PlatormCompat.setOverrides: needCheck:false
04-12 14:13:12.024 I/thunderperf( 1152): CompatConfig.addOverrideUnsafe: bef-state=0
04-12 14:13:12.024 I/thunderperf( 1152): CompatConfig.addOverrideUnsafe: aft-state=0
04-12 14:13:12.026 I/thunderperf( 1152): CompatConfig.addOverrideUnsafe: bef-state=0
04-12 14:13:12.026 I/thunderperf( 1152): CompatConfig.addOverrideUnsafe: aft-state=0
04-12 14:13:12.028 I/thunderperf( 1152): CompatConfig.addOverrideUnsafe: bef-state=0
04-12 14:13:12.028 I/thunderperf( 1152): CompatConfig.addOverrideUnsafe: aft-state=0
04-12 14:13:12.029 I/thunderperf( 1152): CompatConfig.addOverrideUnsafe: bef-state=0
04-12 14:13:12.029 I/thunderperf( 1152): CompatConfig.addOverrideUnsafe: aft-state=0
04-12 14:13:12.031 I/thunderperf( 1152): CompatConfig.addOverrideUnsafe: bef-state=0
04-12 14:13:12.031 I/thunderperf( 1152): CompatConfig.addOverrideUnsafe: aft-state=0
04-12 14:13:12.032 I/thunderperf( 1152): CompatConfig.addOverrideUnsafe: bef-state=0
04-12 14:13:12.032 I/thunderperf( 1152): CompatConfig.addOverrideUnsafe: aft-state=0
04-12 14:13:12.034 I/thunderperf( 1152): CompatConfig.addOverrideUnsafe: bef-state=0
04-12 14:13:12.034 I/thunderperf( 1152): CompatConfig.addOverrideUnsafe: aft-state=0
04-12 14:13:12.036 I/thunderperf( 1152): CompatConfig.addOverrideUnsafe: bef-state=0
04-12 14:13:12.036 I/thunderperf( 1152): CompatConfig.addOverrideUnsafe: aft-state=0
04-12 14:13:12.038 I/thunderperf( 1152): CompatConfig.addOverrideUnsafe: bef-state=0
04-12 14:13:12.038 I/thunderperf( 1152): CompatConfig.addOverrideUnsafe: aft-state=0
04-12 14:13:12.039 I/thunderperf( 1152): CompatConfig.addOverrideUnsafe: bef-state=0
04-12 14:13:12.039 I/thunderperf( 1152): CompatConfig.addOverrideUnsafe: aft-state=0
04-12 14:13:12.040 I/thunderperf( 1152): CompatConfig.addOverrideUnsafe: bef-state=0
04-12 14:13:12.041 I/thunderperf( 1152): CompatConfig.addOverrideUnsafe: aft-state=0
04-12 14:13:12.042 I/thunderperf( 1152): CompatConfig.addOverrideUnsafe: bef-state=0
04-12 14:13:12.042 I/thunderperf( 1152): CompatConfig.addOverrideUnsafe: aft-state=0
04-12 14:13:12.044 I/thunderperf( 1152): CompatConfig.addOverrideUnsafe: bef-state=0
04-12 14:13:12.044 I/thunderperf( 1152): CompatConfig.addOverrideUnsafe: aft-state=0
04-12 14:13:12.045 I/thunderperf( 1152): CompatConfig.addOverrideUnsafe: bef-state=0
04-12 14:13:12.046 I/thunderperf( 1152): CompatConfig.addOverrideUnsafe: aft-state=0
04-12 14:13:12.056 I/ThunderBoostPerfService( 1152): Disable downscaling com.android.settings to 2380x1020
04-12 14:13:12.057 I/ActivityTaskManager( 1152): START u0 {act=android.intent.action.MAIN cmp=com.android.settings/.SubSettings (has extras)} from uid 1000
04-12 14:13:12.058 I/EventSequenceValidator( 1152): inc AccIntentStartedEvents to 2
04-12 14:13:12.067 D/CompatibilityInfo( 1152): mCompatibilityFlags - 4
04-12 14:13:12.067 D/CompatibilityInfo( 1152): applicationDensity - 240
04-12 14:13:12.067 D/CompatibilityInfo( 1152): applicationScale - 1.0
04-12 14:13:12.068 D/ActivityTrigger( 1152): ActivityTrigger activityPauseTrigger
04-12 14:13:12.071 I/EventSequenceValidator( 1152): dec AccIntentStartedEvents to 1
04-12 14:13:12.075 I/ActivityTaskManager( 1152): FOREGROUND_APPLICATION_CHANGED to com.android.settings.SubSettings
04-12 14:13:12.075 I/ActivityTaskManager( 1152): The Process com.android.settings Already Exists in BG. So sending its PID: 6189
04-12 14:13:12.075 W/ActivityTaskManager( 1152): Tried to set launchTime (0) < mLastActivityLaunchTime (8478336)
04-12 14:13:12.077 D/CompatibilityInfo( 1152): mCompatibilityFlags - 4
04-12 14:13:12.077 D/CompatibilityInfo( 1152): applicationDensity - 240
04-12 14:13:12.077 D/CompatibilityInfo( 1152): applicationScale - 1.0
04-12 14:13:12.104 D/SettingsActivity( 6189): Starting onCreate
04-12 14:13:12.108 D/QCCAuthMgr( 8486): SMQContentProvider query uri: content://com.qti.smq.Feedback.provider/smq_settings, selection: key=?, uri_matcher: 1
04-12 14:13:12.108 D/QCCAuthMgr( 8486): SMQContentProvider query tableName: smq_settings
04-12 14:13:12.110 D/SettingsActivity( 6189): Starting to set activity title
04-12 14:13:12.110 I/thunderperf( 1152): Maybe need boostperf for current app!
04-12 14:13:12.111 D/FgBoostPerfService( 2126): [FgBoostPerfService.perfBoostAcq]start: stat=true pkgName=com.android.settings
04-12 14:13:12.111 I/FgBoostPerfService( 2126): [FgBoostPerfService.perfBoostAcq] not game-mode or game app!
04-12 14:13:12.111 I/ThunderPerfManager( 1152): PerfAcq error : state=true pkgName=com.android.settings
04-12 14:13:12.111 I/FgBoostPerfService( 2126): [GetGpuMode] isMode=0 isGame=false mGpuMode=0
04-12 14:13:12.112 I/FgBoostPerfService( 2126): [GetGpuDpiType] isMode=0 isGame=false mGpuDpiType=0
04-12 14:13:12.112 I/FgBoostPerfService( 2126): [GetGpuDpiType] isMode=0 isGame=false mGpuStandardValue=0
04-12 14:13:12.112 I/thunderperf( 1152): Current app pkgName=com.android.settings bm:com.thundercomm.perf.BoostPerfManager@45ffae0 gpuMode=-1 gpuType=-1 gpuStandardVal=-1
04-12 14:13:12.112 I/ThunderBoostPerfService( 1152): Resolution: Uid=1000 Pid=6189 gMode=-1 dType=-1 gpuStandardVal=-1
04-12 14:13:12.113 I/thunderperf( 1152): PlatormCompat.setOverrides: Uid1=1000 Pid1=6189 Uid2=1000 Pid2=6189
04-12 14:13:12.113 I/thunderperf( 1152): PlatormCompat.setOverrides: needCheck:false
04-12 14:13:12.113 I/thunderperf( 1152): CompatConfig.addOverrideUnsafe: bef-state=0
04-12 14:13:12.113 I/thunderperf( 1152): CompatConfig.addOverrideUnsafe: aft-state=0
04-12 14:13:12.114 I/thunderperf( 1152): CompatConfig.addOverrideUnsafe: bef-state=0
04-12 14:13:12.114 I/thunderperf( 1152): CompatConfig.addOverrideUnsafe: aft-state=0
04-12 14:13:12.114 I/thunderperf( 1152): CompatConfig.addOverrideUnsafe: bef-state=0
04-12 14:13:12.114 I/thunderperf( 1152): CompatConfig.addOverrideUnsafe: aft-state=0
04-12 14:13:12.115 I/thunderperf( 1152): CompatConfig.addOverrideUnsafe: bef-state=0
04-12 14:13:12.115 I/thunderperf( 1152): CompatConfig.addOverrideUnsafe: aft-state=0
04-12 14:13:12.115 I/thunderperf( 1152): CompatConfig.addOverrideUnsafe: bef-state=0
04-12 14:13:12.115 I/thunderperf( 1152): CompatConfig.addOverrideUnsafe: aft-state=0
04-12 14:13:12.116 I/thunderperf( 1152): CompatConfig.addOverrideUnsafe: bef-state=0
04-12 14:13:12.116 I/thunderperf( 1152): CompatConfig.addOverrideUnsafe: aft-state=0
04-12 14:13:12.116 I/thunderperf( 1152): CompatConfig.addOverrideUnsafe: bef-state=0
04-12 14:13:12.116 I/thunderperf( 1152): CompatConfig.addOverrideUnsafe: aft-state=0
04-12 14:13:12.117 I/thunderperf( 1152): CompatConfig.addOverrideUnsafe: bef-state=0
04-12 14:13:12.117 I/thunderperf( 1152): CompatConfig.addOverrideUnsafe: aft-state=0
04-12 14:13:12.117 I/thunderperf( 1152): CompatConfig.addOverrideUnsafe: bef-state=0
04-12 14:13:12.117 I/thunderperf( 1152): CompatConfig.addOverrideUnsafe: aft-state=0
04-12 14:13:12.118 I/thunderperf( 1152): CompatConfig.addOverrideUnsafe: bef-state=0
04-12 14:13:12.118 I/thunderperf( 1152): CompatConfig.addOverrideUnsafe: aft-state=0
04-12 14:13:12.118 I/thunderperf( 1152): CompatConfig.addOverrideUnsafe: bef-state=0
04-12 14:13:12.118 I/thunderperf( 1152): CompatConfig.addOverrideUnsafe: aft-state=0
04-12 14:13:12.119 I/thunderperf( 1152): CompatConfig.addOverrideUnsafe: bef-state=0
04-12 14:13:12.119 I/thunderperf( 1152): CompatConfig.addOverrideUnsafe: aft-state=0
04-12 14:13:12.119 I/thunderperf( 1152): CompatConfig.addOverrideUnsafe: bef-state=0
04-12 14:13:12.119 I/thunderperf( 1152): CompatConfig.addOverrideUnsafe: aft-state=0
04-12 14:13:12.120 I/thunderperf( 1152): CompatConfig.addOverrideUnsafe: bef-state=0
04-12 14:13:12.120 I/thunderperf( 1152): CompatConfig.addOverrideUnsafe: aft-state=0
04-12 14:13:12.123 I/ThunderBoostPerfService( 1152): Disable downscaling com.android.settings to 2380x1020
04-12 14:13:12.123 I/ActivityTaskManager( 1152): START u0 {act=android.intent.action.MAIN cmp=com.android.settings/.homepage.SettingsHomepageActivity (has extras)} from uid 1000
04-12 14:13:12.128 D/ActivityTrigger( 1152): ActivityTrigger activityPauseTrigger
04-12 14:13:12.132 W/ActivityTaskManager( 1152): Duplicate finish request for r=ActivityRecord{8c8074d u0 com.android.settings/.SubSettings t32 f}}
04-12 14:13:12.133 I/EventSequenceValidator( 1152): dec AccIntentStartedEvents to 0
04-12 14:13:12.136 E/MCUUtil ( 2715): saveLastActivity activityName=com.android.settings.homepage.SettingsHomepageActivity packageName=com.android.settings
04-12 14:13:12.136 I/ActivityTaskManager( 1152): FOREGROUND_APPLICATION_CHANGED to com.android.settings.homepage.SettingsHomepageActivity
04-12 14:13:12.166 D/UsageGraph( 6189): No enabled state changed, skipping updateCategory call
04-12 14:13:12.184 E/MCUUtil ( 2715): saveLastActivity activityName=com.android.settings.homepage.SettingsHomepageActivity packageName=com.android.settings
04-12 14:13:12.193 W/Choreographer( 1152): Frame time is 0.008692 ms in the future! Check that graphics HAL is generating vsync timestamps using the correct timebase.
04-12 14:13:12.241 W/FreeFormWindowHelper( 1152): Current Display FreeFormTask is null
04-12 14:13:12.344 I/WifiService( 1152): allowConnectOnPartialScanResults=false uid=1000
04-12 14:13:12.346 I/EthernetNetworkFactory( 1152): networkForRequest, request: NetworkRequest [ REQUEST id=75, [ Capabilities: INTERNET&NOT_RESTRICTED&TRUSTED&NOT_VCN_MANAGED Uid: 1000 RequestorUid: 1000 RequestorPkg: com.android.settings] ], network: NetworkInterfaceState{ refCount: 10, iface: eth0, up: true, hwAddress: 00:80:0f:74:31:00, networkCapabilities: [ Transports: ETHERNET Capabilities: NOT_METERED&INTERNET&NOT_RESTRICTED&TRUSTED&NOT_VPN&NOT_ROAMING&NOT_CONGESTED&NOT_SUSPENDED&NOT_VCN_MANAGED LinkUpBandwidth>=100000Kbps LinkDnBandwidth>=100000Kbps], networkAgent: null, score: 70, ipClient: android.net.ip.IIpClient$Stub$Proxy@8b90859,linkProperties: {InterfaceName: eth0 LinkAddresses: [ fe80::a8e5:8fae:a1aa:aa87/64 ] DnsAddresses: [ ] Domains: null MTU: 0 TcpBufferSizes: 524288,1048576,3145728,524288,1048576,2097152 Routes: [ fe80::/64 -> :: eth0 mtu 0 ]}}
04-12 14:13:12.347 W/MessageQueue( 6189): Handler (android.os.Handler) {5f35c6e} sending message to a Handler on a dead thread
04-12 14:13:12.347 W/MessageQueue( 6189): java.lang.IllegalStateException: Handler (android.os.Handler) {5f35c6e} sending message to a Handler on a dead thread
04-12 14:13:12.347 W/MessageQueue( 6189): at android.os.MessageQueue.enqueueMessage(MessageQueue.java:560)
04-12 14:13:12.347 W/MessageQueue( 6189): at android.os.Handler.enqueueMessage(Handler.java:778)
04-12 14:13:12.347 W/MessageQueue( 6189): at android.os.Handler.sendMessageAtTime(Handler.java:727)
04-12 14:13:12.347 W/MessageQueue( 6189): at android.os.Handler.sendMessageDelayed(Handler.java:697)
04-12 14:13:12.347 W/MessageQueue( 6189): at android.os.Handler.post(Handler.java:427)
04-12 14:13:12.347 W/MessageQueue( 6189): at com.android.wifitrackerlib.BaseWifiTracker.onStop(BaseWifiTracker.java:383)
04-12 14:13:12.347 W/MessageQueue( 6189): at java.lang.reflect.Method.invoke(Native Method)
04-12 14:13:12.347 W/MessageQueue( 6189): at androidx.lifecycle.ClassesInfoCache$MethodReference.invokeCallback(ClassesInfoCache.java:216)
04-12 14:13:12.347 W/MessageQueue( 6189): at androidx.lifecycle.ClassesInfoCache$CallbackInfo.invokeMethodsForEvent(ClassesInfoCache.java:194)
04-12 14:13:12.347 W/MessageQueue( 6189): at androidx.lifecycle.ClassesInfoCache$CallbackInfo.invokeCallbacks(ClassesInfoCache.java:185)
04-12 14:13:12.347 W/MessageQueue( 6189): at androidx.lifecycle.ReflectiveGenericLifecycleObserver.onStateChanged(ReflectiveGenericLifecycleObserver.java:37)
04-12 14:13:12.347 W/MessageQueue( 6189): at androidx.lifecycle.LifecycleRegistry$ObserverWithState.dispatchEvent(LifecycleRegistry.java:354)
04-12 14:13:12.347 W/MessageQueue( 6189): at androidx.lifecycle.LifecycleRegistry.backwardPass(LifecycleRegistry.java:284)
04-12 14:13:12.347 W/MessageQueue( 6189): at androidx.lifecycle.LifecycleRegistry.sync(LifecycleRegistry.java:302)
04-12 14:13:12.347 W/MessageQueue( 6189): at androidx.lifecycle.LifecycleRegistry.moveToState(LifecycleRegistry.java:148)
04-12 14:13:12.347 W/MessageQueue( 6189): at androidx.lifecycle.LifecycleRegistry.handleLifecycleEvent(LifecycleRegistry.java:134)
04-12 14:13:12.347 W/MessageQueue( 6189): at com.android.settingslib.core.lifecycle.ObservablePreferenceFragment.onStop(ObservablePreferenceFragment.java:101)
04-12 14:13:12.347 W/MessageQueue( 6189): at com.android.settings.wifi.WifiSettings.onStop(WifiSettings.java:448)
04-12 14:13:12.347 W/MessageQueue( 6189): at androidx.fragment.app.Fragment.performStop(Fragment.java:3174)
04-12 14:13:12.347 W/MessageQueue( 6189): at androidx.fragment.app.FragmentStateManager.stop(FragmentStateManager.java:616)
04-12 14:13:12.347 W/MessageQueue( 6189): at androidx.fragment.app.FragmentStateManager.moveToExpectedState(FragmentStateManager.java:296)
04-12 14:13:12.347 W/MessageQueue( 6189): at androidx.fragment.app.FragmentManager.executeOpsTogether(FragmentManager.java:2209)
04-12 14:13:12.347 W/MessageQueue( 6189): at androidx.fragment.app.FragmentManager.removeRedundantOperationsAndExecute(FragmentManager.java:2120)
04-12 14:13:12.347 W/MessageQueue( 6189): at androidx.fragment.app.FragmentManager.execPendingActions(FragmentManager.java:2022)
04-12 14:13:12.347 W/MessageQueue( 6189): at androidx.fragment.app.FragmentManager.executePendingTransactions(FragmentManager.java:603)
04-12 14:13:12.347 W/MessageQueue( 6189): at com.android.settings.homepage.SettingsHomepageActivity.addFragment(SettingsHomepageActivity.java:454)
04-12 14:13:12.347 W/MessageQueue( 6189): at com.android.settings.homepage.SettingsHomepageActivity.lambda$changeSettingsDetailsFragment$3(SettingsHomepageActivity.java:444)
04-12 14:13:12.347 W/MessageQueue( 6189): at com.android.settings.homepage.SettingsHomepageActivity.$r8$lambda$GDM2RdS1ITQZQUFBqNf1SBHxq9k(Unknown Source:0)
04-12 14:13:12.347 W/MessageQueue( 6189): at com.android.settings.homepage.SettingsHomepageActivity$$ExternalSyntheticLambda3.run(Unknown Source:10)
04-12 14:13:12.347 W/MessageQueue( 6189): at android.os.Handler.handleCallback(Handler.java:938)
04-12 14:13:12.347 W/MessageQueue( 6189): at android.os.Handler.dispatchMessage(Handler.java:99)
04-12 14:13:12.347 W/MessageQueue( 6189): at android.os.Looper.loopOnce(Looper.java:201)
04-12 14:13:12.347 W/MessageQueue( 6189): at android.os.Looper.loop(Looper.java:288)
04-12 14:13:12.347 W/MessageQueue( 6189): at android.app.ActivityThread.main(ActivityThread.java:7880)
04-12 14:13:12.347 W/MessageQueue( 6189): at java.lang.reflect.Method.invoke(Native Method)
04-12 14:13:12.347 W/MessageQueue( 6189): at com.android.internal.os.RuntimeInit$MethodAndArgsCaller.run(RuntimeInit.java:548)
04-12 14:13:12.347 W/MessageQueue( 6189): at com.android.internal.os.ZygoteInit.main(ZygoteInit.java:1009)
04-12 14:13:12.348 I/EthernetNetworkFactory( 1152): networkForRequest, request: NetworkRequest [ REQUEST id=72, [ Capabilities: INTERNET&NOT_RESTRICTED&TRUSTED&NOT_VCN_MANAGED Uid: 1000 RequestorUid: 1000 RequestorPkg: com.android.settings] ], network: NetworkInterfaceState{ refCount: 9, iface: eth0, up: true, hwAddress: 00:80:0f:74:31:00, networkCapabilities: [ Transports: ETHERNET Capabilities: NOT_METERED&INTERNET&NOT_RESTRICTED&TRUSTED&NOT_VPN&NOT_ROAMING&NOT_CONGESTED&NOT_SUSPENDED&NOT_VCN_MANAGED LinkUpBandwidth>=100000Kbps LinkDnBandwidth>=100000Kbps], networkAgent: null, score: 70, ipClient: android.net.ip.IIpClient$Stub$Proxy@8b90859,linkProperties: {InterfaceName: eth0 LinkAddresses: [ fe80::a8e5:8fae:a1aa:aa87/64 ] DnsAddresses: [ ] Domains: null MTU: 0 TcpBufferSizes: 524288,1048576,3145728,524288,1048576,2097152 Routes: [ fe80::/64 -> :: eth0 mtu 0 ]}}
04-12 14:13:12.348 W/MessageQueue( 6189): Handler (android.os.Handler) {5f35c6e} sending message to a Handler on a dead thread
04-12 14:13:12.348 W/MessageQueue( 6189): java.lang.IllegalStateException: Handler (android.os.Handler) {5f35c6e} sending message to a Handler on a dead thread
04-12 14:13:12.348 W/MessageQueue( 6189): at android.os.MessageQueue.enqueueMessage(MessageQueue.java:560)
04-12 14:13:12.348 W/MessageQueue( 6189): at android.os.Handler.enqueueMessage(Handler.java:778)
04-12 14:13:12.348 W/MessageQueue( 6189): at android.os.Handler.sendMessageAtTime(Handler.java:727)
04-12 14:13:12.348 W/MessageQueue( 6189): at android.os.Handler.sendMessageDelayed(Handler.java:697)
04-12 14:13:12.348 W/MessageQueue( 6189): at android.os.Handler.post(Handler.java:427)
04-12 14:13:12.348 W/MessageQueue( 6189): at com.android.wifitrackerlib.BaseWifiTracker.onStop(BaseWifiTracker.java:389)
04-12 14:13:12.348 W/MessageQueue( 6189): at java.lang.reflect.Method.invoke(Native Method)
04-12 14:13:12.348 W/MessageQueue( 6189): at androidx.lifecycle.ClassesInfoCache$MethodReference.invokeCallback(ClassesInfoCache.java:216)
04-12 14:13:12.348 W/MessageQueue( 6189): at androidx.lifecycle.ClassesInfoCache$CallbackInfo.invokeMethodsForEvent(ClassesInfoCache.java:194)
04-12 14:13:12.348 W/MessageQueue( 6189): at androidx.lifecycle.ClassesInfoCache$CallbackInfo.invokeCallbacks(ClassesInfoCache.java:185)
04-12 14:13:12.348 W/MessageQueue( 6189): at androidx.lifecycle.ReflectiveGenericLifecycleObserver.onStateChanged(ReflectiveGenericLifecycleObserver.java:37)
04-12 14:13:12.348 W/MessageQueue( 6189): at androidx.lifecycle.LifecycleRegistry$ObserverWithState.dispatchEvent(LifecycleRegistry.java:354)
04-12 14:13:12.348 W/MessageQueue( 6189): at androidx.lifecycle.LifecycleRegistry.backwardPass(LifecycleRegistry.java:284)
04-12 14:13:12.348 W/MessageQueue( 6189): at androidx.lifecycle.LifecycleRegistry.sync(LifecycleRegistry.java:302)
04-12 14:13:12.348 W/MessageQueue( 6189): at androidx.lifecycle.LifecycleRegistry.moveToState(LifecycleRegistry.java:148)
04-12 14:13:12.348 W/MessageQueue( 6189): at androidx.lifecycle.LifecycleRegistry.handleLifecycleEvent(LifecycleRegistry.java:134)
04-12 14:13:12.348 W/MessageQueue( 6189): at com.android.settingslib.core.lifecycle.ObservablePreferenceFragment.onStop(ObservablePreferenceFragment.java:101)
04-12 14:13:12.348 W/MessageQueue( 6189): at com.android.settings.wifi.WifiSettings.onStop(WifiSettings.java:448)
04-12 14:13:12.348 W/MessageQueue( 6189): at androidx.fragment.app.Fragment.performStop(Fragment.java:3174)
04-12 14:13:12.348 W/MessageQueue( 6189): at androidx.fragment.app.FragmentStateManager.stop(FragmentStateManager.java:616)
04-12 14:13:12.348 W/MessageQueue( 6189): at androidx.fragment.app.FragmentStateManager.moveToExpectedState(FragmentStateManager.java:296)
04-12 14:13:12.348 W/MessageQueue( 6189): at androidx.fragment.app.FragmentManager.executeOpsTogether(FragmentManager.java:2209)
04-12 14:13:12.348 W/MessageQueue( 6189): at androidx.fragment.app.FragmentManager.removeRedundantOperationsAndExecute(FragmentManager.java:2120)
04-12 14:13:12.348 W/MessageQueue( 6189): at androidx.fragment.app.FragmentManager.execPendingActions(FragmentManager.java:2022)
04-12 14:13:12.348 W/MessageQueue( 6189): at androidx.fragment.app.FragmentManager.executePendingTransactions(FragmentManager.java:603)
04-12 14:13:12.348 W/MessageQueue( 6189): at com.android.settings.homepage.SettingsHomepageActivity.addFragment(SettingsHomepageActivity.java:454)
04-12 14:13:12.348 W/MessageQueue( 6189): at com.android.settings.homepage.SettingsHomepageActivity.lambda$changeSettingsDetailsFragment$3(SettingsHomepageActivity.java:444)
04-12 14:13:12.348 W/MessageQueue( 6189): at com.android.settings.homepage.SettingsHomepageActivity.$r8$lambda$GDM2RdS1ITQZQUFBqNf1SBHxq9k(Unknown Source:0)
04-12 14:13:12.348 W/MessageQueue( 6189): at com.android.settings.homepage.SettingsHomepageActivity$$ExternalSyntheticLambda3.run(Unknown Source:10)
04-12 14:13:12.348 W/MessageQueue( 6189): at android.os.Handler.handleCallback(Handler.java:938)
04-12 14:13:12.348 W/MessageQueue( 6189): at android.os.Handler.dispatchMessage(Handler.java:99)
04-12 14:13:12.348 W/MessageQueue( 6189): at android.os.Looper.loopOnce(Looper.java:201)
04-12 14:13:12.348 W/MessageQueue( 6189): at android.os.Looper.loop(Looper.java:288)
04-12 14:13:12.348 W/MessageQueue( 6189): at android.app.ActivityThread.main(ActivityThread.java:7880)
04-12 14:13:12.348 W/MessageQueue( 6189): at java.lang.reflect.Method.invoke(Native Method)
04-12 14:13:12.348 W/MessageQueue( 6189): at com.android.internal.os.RuntimeInit$MethodAndArgsCaller.run(RuntimeInit.java:548)
04-12 14:13:12.348 W/MessageQueue( 6189): at com.android.internal.os.ZygoteInit.main(ZygoteInit.java:1009)
04-12 14:13:12.389 D/ConnectivityService( 1152): NetReassign [no changes]
04-12 14:13:12.389 D/ConnectivityService( 1152): requestNetwork for uid/pid:1000/6189 activeRequest: null callbackRequest: 77 [NetworkRequest [ REQUEST id=78, [ Capabilities: INTERNET&NOT_RESTRICTED&TRUSTED&NOT_VCN_MANAGED Uid: 1000 RequestorUid: 1000 RequestorPkg: com.android.settings] ]] callback flags: 0 priority: 2147483647
04-12 14:13:12.389 D/ConnectivityService( 1152): NetReassign [78 : null → 100]
04-12 14:13:12.390 D/Ethernet( 1152): got request NetworkRequest [ REQUEST id=78, [ Capabilities: INTERNET&NOT_RESTRICTED&TRUSTED&NOT_VCN_MANAGED Uid: 1000 RequestorUid: 1000 RequestorPkg: com.android.settings] ]
04-12 14:13:12.390 D/EthernetNetworkFactory( 1152): acceptRequest, request: NetworkRequest [ REQUEST id=78, [ Capabilities: INTERNET&NOT_RESTRICTED&TRUSTED&NOT_VCN_MANAGED Uid: 1000 RequestorUid: 1000 RequestorPkg: com.android.settings] ]
04-12 14:13:12.390 I/EthernetNetworkFactory( 1152): networkForRequest, request: NetworkRequest [ REQUEST id=78, [ Capabilities: INTERNET&NOT_RESTRICTED&TRUSTED&NOT_VCN_MANAGED Uid: 1000 RequestorUid: 1000 RequestorPkg: com.android.settings] ], network: NetworkInterfaceState{ refCount: 8, iface: eth0, up: true, hwAddress: 00:80:0f:74:31:00, networkCapabilities: [ Transports: ETHERNET Capabilities: NOT_METERED&INTERNET&NOT_RESTRICTED&TRUSTED&NOT_VPN&NOT_ROAMING&NOT_CONGESTED&NOT_SUSPENDED&NOT_VCN_MANAGED LinkUpBandwidth>=100000Kbps LinkDnBandwidth>=100000Kbps], networkAgent: null, score: 70, ipClient: android.net.ip.IIpClient$Stub$Proxy@8b90859,linkProperties: {InterfaceName: eth0 LinkAddresses: [ fe80::a8e5:8fae:a1aa:aa87/64 ] DnsAddresses: [ ] Domains: null MTU: 0 TcpBufferSizes: 524288,1048576,3145728,524288,1048576,2097152 Routes: [ fe80::/64 -> :: eth0 mtu 0 ]}}
04-12 14:13:12.390 I/EthernetNetworkFactory( 1152): networkForRequest, request: NetworkRequest [ REQUEST id=78, [ Capabilities: INTERNET&NOT_RESTRICTED&TRUSTED&NOT_VCN_MANAGED Uid: 1000 RequestorUid: 1000 RequestorPkg: com.android.settings] ], network: NetworkInterfaceState{ refCount: 8, iface: eth0, up: true, hwAddress: 00:80:0f:74:31:00, networkCapabilities: [ Transports: ETHERNET Capabilities: NOT_METERED&INTERNET&NOT_RESTRICTED&TRUSTED&NOT_VPN&NOT_ROAMING&NOT_CONGESTED&NOT_SUSPENDED&NOT_VCN_MANAGED LinkUpBandwidth>=100000Kbps LinkDnBandwidth>=100000Kbps], networkAgent: null, score: 70, ipClient: android.net.ip.IIpClient$Stub$Proxy@8b90859,linkProperties: {InterfaceName: eth0 LinkAddresses: [ fe80::a8e5:8fae:a1aa:aa87/64 ] DnsAddresses: [ ] Domains: null MTU: 0 TcpBufferSizes: 524288,1048576,3145728,524288,1048576,2097152 Routes: [ fe80::/64 -> :: eth0 mtu 0 ]}}
04-12 14:13:12.390 D/WifiNetworkFactory( 1152): got request NetworkRequest [ REQUEST id=78, [ Capabilities: INTERNET&NOT_RESTRICTED&TRUSTED&NOT_VCN_MANAGED Uid: 1000 RequestorUid: 1000 RequestorPkg: com.android.settings] ]
04-12 14:13:12.391 D/UntrustedWifiNetworkFactory( 1152): got request NetworkRequest [ REQUEST id=78, [ Capabilities: INTERNET&NOT_RESTRICTED&TRUSTED&NOT_VCN_MANAGED Uid: 1000 RequestorUid: 1000 RequestorPkg: com.android.settings] ]
04-12 14:13:12.391 D/OemPaidWifiNetworkFactory( 1152): got request NetworkRequest [ REQUEST id=78, [ Capabilities: INTERNET&NOT_RESTRICTED&TRUSTED&NOT_VCN_MANAGED Uid: 1000 RequestorUid: 1000 RequestorPkg: com.android.settings] ]
04-12 14:13:12.394 I/WifiService( 1152): startScan uid=1000
04-12 14:13:12.401 D/LOWI-9.0.0.87.a( 1509): [LOWI-Scan] wait_event:Wait done with Cmd 33
04-12 14:13:12.401 D/LOWI-9.0.0.87.a( 1509): [LOWI-Scan] do_listen_events: Rcvd valid Netlink Cmd 0 Err 0
01-01 10:21:50.703 I/[schedu][0x260b9dc31d][14:13:12.468824] wlan( 0): [2281:I:OSIF] scan start scan id 40969
04-12 14:13:12.602 D/RemoteControlService( 2512): getEvent: clientSocket = Socket[address=/192.168.4.4,port=39773,localPort=12600]
04-12 14:13:12.602 D/RemoteControlService( 2512): run: called
04-12 14:13:12.602 D/RemoteControlService( 2512): getEvent: start waiting...
04-12 14:13:12.602 E/RemoteControlService( 2512): Enter ListenSocketRunnable
04-12 14:13:12.603 D/RemoteControlService( 2512): After desEncrypt json is [{"source":1,"token":"U5kXnogR1JOm4is"}]
04-12 14:13:12.603 D/RemoteControlService( 2512): buildRemoteCommand:type=7
04-12 14:13:12.603 D/RemoteControlService( 2512): Request params: BaseRequestCommandBean{source=1, token='U5kXnogR1JOm4is', type='null', value='null'}
04-12 14:13:12.603 D/RemoteControlService( 2512): handleMessage called
04-12 14:13:12.603 D/RemoteControlService( 2512): Client have control
04-12 14:13:12.603 D/RemoteControlService( 2512): Digest: 84364ED8D1D0BC73743807B6CB2FA9B7ED025F499F80E3B496E8CB02AF22262B
04-12 14:13:12.603 D/RemoteControlService( 2512): Send data length: 117
04-12 14:13:12.603 D/RemoteControlService( 2512): Send message finished. direction: 32, messageType: 7, json: {"source":0,"token":"U5kXnogR1JOm4is","type":"heart_beat","value":1}
04-12 14:13:12.604 D/RemoteControlService( 2512): HeartBeatCommand ResponseSpeedTest - use time: 2
04-12 14:13:12.609 D/RemoteControlService( 2512): getEvent: clientSocket = Socket[address=/192.168.4.4,port=33571,localPort=12600]
04-12 14:13:12.609 D/RemoteControlService( 2512): run: called
04-12 14:13:12.609 D/RemoteControlService( 2512): getEvent: start waiting...
04-12 14:13:12.609 E/RemoteControlService( 2512): Enter ListenSocketRunnable
04-12 14:13:12.610 D/RemoteControlService( 2512): After desEncrypt json is [{"source":1,"token":"U5kXnogR1JOm4is"}]
04-12 14:13:12.610 D/RemoteControlService( 2512): buildRemoteCommand:type=37
04-12 14:13:12.610 D/RemoteControlService( 2512): Request params: BaseRequestCommandBean{source=1, token='U5kXnogR1JOm4is', type='null', value='null'}
04-12 14:13:12.610 D/RemoteControlService( 2512): handleMessage called
04-12 14:13:12.610 D/RemoteControlService( 2512): Is not connect command
04-12 14:13:12.610 D/RemoteControlService( 2512): haveControl ? clientcom.thundercomm.remotecontrolservice.RemoteControllerClient@68f18ca
04-12 14:13:12.610 D/RemoteControlService( 2512): Client have control
04-12 14:13:12.610 I/RemoteControlService( 2512): RemoteScreenStatusQueryCommand doAction send message: {"source":0,"token":"U5kXnogR1JOm4is","type":"current_screen_status","value":"screen_on"}
04-12 14:13:12.610 D/RemoteControlService( 2512): Digest: E5F5BFDD7E11C5D52AC4277A47EAC1503E8AE37031D2D2E257A1586F6913FB52
04-12 14:13:12.610 D/RemoteControlService( 2512): Send data length: 133
04-12 14:13:12.610 D/RemoteControlService( 2512): Send message finished. direction: 32, messageType: 37, json: {"source":0,"token":"U5kXnogR1JOm4is","type":"current_screen_status","value":"screen_on"}
04-12 14:13:12.611 D/RemoteControlService( 2512): RemoteScreenStatusQueryCommand ResponseSpeedTest - use time: 2
04-12 14:13:12.611 D/RemoteControlService( 2512): getEvent: clientSocket = Socket[address=/192.168.4.4,port=44661,localPort=12600]
04-12 14:13:12.611 D/RemoteControlService( 2512): run: called
04-12 14:13:12.611 D/RemoteControlService( 2512): getEvent: start waiting...
04-12 14:13:12.611 E/RemoteControlService( 2512): Enter ListenSocketRunnable
04-12 14:13:12.612 D/RemoteControlService( 2512): After desEncrypt json is [{"source":1,"token":"U5kXnogR1JOm4is"}]
04-12 14:13:12.612 D/RemoteControlService( 2512): buildRemoteCommand:type=23
04-12 14:13:12.612 D/RemoteControlService( 2512): Request params: BaseRequestCommandBean{source=1, token='U5kXnogR1JOm4is', type='null', value='null'}
04-12 14:13:12.612 D/RemoteControlService( 2512): handleMessage called
04-12 14:13:12.612 D/RemoteControlService( 2512): Is not connect command
04-12 14:13:12.612 D/RemoteControlService( 2512): haveControl ? clientcom.thundercomm.remotecontrolservice.RemoteControllerClient@68f18ca
04-12 14:13:12.612 D/RemoteControlService( 2512): Client have control
04-12 14:13:12.613 I/RemoteControlService( 2512): RemoteVolumeQueryCommand doAction send message: {"source":0,"token":"U5kXnogR1JOm4is","type":"current_volume","value":[{"name":"music","value":29,"value_max":39},{"name":"alarm","value":6,"value_max":7},{"name":"ring","value":5,"value_max":7}]}
04-12 14:13:12.614 D/RemoteControlService( 2512): Digest: BA2A6E3328ED1A0C134F455BB76ABE1A0B8E030A5E91E464ACDACDA79D75B25A
04-12 14:13:12.614 D/RemoteControlService( 2512): Send data length: 245
04-12 14:13:12.614 D/RemoteControlService( 2512): Send message finished. direction: 32, messageType: 23, json: {"source":0,"token":"U5kXnogR1JOm4is","type":"current_volume","value":[{"name":"music","value":29,"value_max":39},{"name":"alarm","value":6,"value_max":7},{"name":"ring","value":5,"value_max":7}]}
04-12 14:13:12.614 D/RemoteControlService( 2512): RemoteVolumeQueryCommand ResponseSpeedTest - use time: 3
04-12 14:13:12.623 I/mpu_uart( 662): [MSG-P:RECV]:No message received in 1000 ms
04-12 14:13:13.179 W/swapper/7( 0): type=1400 audit(0.0:9728): avc: denied { kill } for capability=5 scontext=u:r:kernel:s0 tcontext=u:r:kernel:s0 tclass=capability permissive=0
04-12 14:13:13.623 I/mpu_uart( 662): [MSG-P:RECV]:No message received in 1000 ms
04-12 14:13:13.785 D/RemoteControlService( 2512): getEvent: clientSocket = Socket[address=/192.168.4.4,port=43959,localPort=12600]
04-12 14:13:13.785 D/RemoteControlService( 2512): run: called
04-12 14:13:13.785 D/RemoteControlService( 2512): getEvent: start waiting...
04-12 14:13:13.785 E/RemoteControlService( 2512): Enter ListenSocketRunnable
04-12 14:13:13.786 D/RemoteControlService( 2512): After desEncrypt json is [{"type":"up","source":1,"token":"U5kXnogR1JOm4is","value":"click"}]
04-12 14:13:13.786 D/RemoteControlService( 2512): buildRemoteCommand:type=5
04-12 14:13:13.786 D/RemoteControlService( 2512): Request params: BaseRequestCommandBean{source=1, token='U5kXnogR1JOm4is', type='up', value='click'}
04-12 14:13:13.786 D/RemoteControlService( 2512): handleMessage called
04-12 14:13:13.786 D/RemoteControlService( 2512): Is not connect command
04-12 14:13:13.786 D/RemoteControlService( 2512): haveControl ? clientcom.thundercomm.remotecontrolservice.RemoteControllerClient@68f18ca
04-12 14:13:13.786 D/RemoteControlService( 2512): Client have control
04-12 14:13:13.786 D/RemoteControlService( 2512): do Action called
04-12 14:13:13.786 I/RemoteControlService( 2512): injectKeyEvent: KeyEvent { action=ACTION_DOWN, keyCode=KEYCODE_DPAD_UP, scanCode=0, metaState=0, flags=0x0, repeatCount=0, eventTime=8505173, downTime=8505173, deviceId=-1, source=0x101, displayId=-1 }
04-12 14:13:13.788 I/RemoteControlService( 2512): injectKeyEvent: KeyEvent { action=ACTION_UP, keyCode=KEYCODE_DPAD_UP, scanCode=0, metaState=0, flags=0x0, repeatCount=0, eventTime=8505173, downTime=8505173, deviceId=-1, source=0x101, displayId=-1 }
04-12 14:13:13.790 D/RemoteControlService( 2512): Digest: B1CABBD8A364E2FCD51024C6DF83599CBB11F1618DAAE8C18F8ADFFE02B481FD
04-12 14:13:13.790 D/RemoteControlService( 2512): Send data length: 117
04-12 14:13:13.790 D/RemoteControlService( 2512): Send message finished. direction: 32, messageType: 5, json: {"source":0,"token":"U5kXnogR1JOm4is","type":"up","value":1}
04-12 14:13:13.790 D/RemoteControlService( 2512): RemoteKeyCommand ResponseSpeedTest - use time: 5
04-12 14:13:14.075 D/RemoteControlService( 2512): getEvent: clientSocket = Socket[address=/192.168.4.4,port=57961,localPort=12600]
04-12 14:13:14.075 D/RemoteControlService( 2512): run: called
04-12 14:13:14.075 D/RemoteControlService( 2512): getEvent: start waiting...
04-12 14:13:14.075 E/RemoteControlService( 2512): Enter ListenSocketRunnable
04-12 14:13:14.076 D/RemoteControlService( 2512): After desEncrypt json is [{"type":"up","source":1,"token":"U5kXnogR1JOm4is","value":"click"}]
04-12 14:13:14.076 D/RemoteControlService( 2512): buildRemoteCommand:type=5
04-12 14:13:14.076 D/RemoteControlService( 2512): Request params: BaseRequestCommandBean{source=1, token='U5kXnogR1JOm4is', type='up', value='click'}
04-12 14:13:14.076 D/RemoteControlService( 2512): handleMessage called
04-12 14:13:14.076 D/RemoteControlService( 2512): Is not connect command
04-12 14:13:14.076 D/RemoteControlService( 2512): haveControl ? clientcom.thundercomm.remotecontrolservice.RemoteControllerClient@68f18ca
04-12 14:13:14.076 D/RemoteControlService( 2512): Client have control
04-12 14:13:14.076 D/RemoteControlService( 2512): do Action called
04-12 14:13:14.076 I/RemoteControlService( 2512): injectKeyEvent: KeyEvent { action=ACTION_DOWN, keyCode=KEYCODE_DPAD_UP, scanCode=0, metaState=0, flags=0x0, repeatCount=0, eventTime=8505463, downTime=8505463, deviceId=-1, source=0x101, displayId=-1 }
04-12 14:13:14.078 I/RemoteControlService( 2512): injectKeyEvent: KeyEvent { action=ACTION_UP, keyCode=KEYCODE_DPAD_UP, scanCode=0, metaState=0, flags=0x0, repeatCount=0, eventTime=8505463, downTime=8505463, deviceId=-1, source=0x101, displayId=-1 }
04-12 14:13:14.079 D/RemoteControlService( 2512): Digest: B1CABBD8A364E2FCD51024C6DF83599CBB11F1618DAAE8C18F8ADFFE02B481FD
04-12 14:13:14.080 D/RemoteControlService( 2512): Send data length: 117
04-12 14:13:14.080 D/RemoteControlService( 2512): Send message finished. direction: 32, messageType: 5, json: {"source":0,"token":"U5kXnogR1JOm4is","type":"up","value":1}
04-12 14:13:14.080 D/RemoteControlService( 2512): RemoteKeyCommand ResponseSpeedTest - use time: 5
04-12 14:13:14.179 W/swapper/7( 0): type=1400 audit(0.0:9729): avc: denied { kill } for capability=5 scontext=u:r:kernel:s0 tcontext=u:r:kernel:s0 tclass=capability permissive=0
04-12 14:13:14.228 D/LOWI-9.0.0.87.a( 1509): [LOWI-Scan] wait_event:Wait done with Cmd 34
04-12 14:13:14.228 D/LOWI-9.0.0.87.a( 1509): [LOWI-Scan] do_listen_events: Rcvd valid Netlink Cmd 34 Err 0
04-12 14:13:14.232 D/LOWI-9.0.0.87.a( 1509): [LOWI-Scan] -- associated
04-12 14:13:14.232 D/LOWI-9.0.0.87.a( 1509): [LOWI-Scan]
04-12 14:13:14.233 D/LOWI-9.0.0.87.a( 1509): [LOWI-Scan] print_bss_handler: Report beacon TSF 8505309027 as it greater than probe TSF 8505174774
04-12 14:13:14.233 D/LOWI-9.0.0.87.a( 1509): [LOWI-Scan] decode_rsn_wpa_ie: LOWI_ENCRYPTION_TYPE_WPA_PSK
04-12 14:13:14.233 D/LOWI-9.0.0.87.a( 1509): [LOWI-Scan] is_qcom_ie, bss_age: 0
04-12 14:13:14.233 D/WifiNl80211Manager( 1152): Scan result ready event
04-12 14:13:14.233 D/LOWI-9.0.0.87.a( 1509): [LOWI-Scan] BSS 98:f1:81:80:45:61 LOWI_PHY_MODE_11AC_VHT80(10), Beacon Interval: 100, LOWI_ENCRYPTION_TYPE_WPA_PSK 11mcRanging: No, ANQP: No, LCI: No, Civic: No, capability(0x8011): ESS Privacy
04-12 14:13:14.233 D/WifiNative( 1152): Scan result ready event
04-12 14:13:14.233 D/LOWI-9.0.0.87.a( 1509): [LOWI-Scan] BSS 98:f1:81:80:45:61 FREQ: 5280, cFreq1[40:80:160] = [5270:5290:0] cFreq2 = 0 Country Code = CN
04-12 14:13:14.233 D/LOWI-9.0.0.87.a( 1509): [LOWI-Scan] BSS 98:f1:81:80:45:61 (wlan0) ASSO: YES AddInfo: 0x1, TSF 0, 02:21:45.309, RSSI: -126, CPL: 127, AGE: 0, SSID HH-NEW, TSFDelta: 0x200f8d25, TXRate: 0
04-12 14:13:14.233 D/LOWI-9.0.0.87.a( 1509): [LOWI-Scan]
04-12 14:13:14.233 D/LOWI-9.0.0.87.a( 1509): [LOWI-Scan] print_bss_handler: Report beacon TSF 8505239904 as it greater than probe TSF 8505239904
04-12 14:13:14.234 D/LOWI-9.0.0.87.a( 1509): [LOWI-Scan] decode_rsn_wpa_ie: LOWI_ENCRYPTION_TYPE_WPA_EAP
04-12 14:13:14.234 D/LOWI-9.0.0.87.a( 1509): [LOWI-Scan] is_qcom_ie, bss_age: 0
04-12 14:13:14.234 D/LOWI-9.0.0.87.a( 1509): [LOWI-Scan] BSS 98:f1:81:81:6f:e2 LOWI_PHY_MODE_11AC_VHT80(10), Beacon Interval: 100, LOWI_ENCRYPTION_TYPE_WPA_EAP 11mcRanging: No, ANQP: No, LCI: No, Civic: No, capability(0x8011): ESS Privacy
04-12 14:13:14.234 D/LOWI-9.0.0.87.a( 1509): [LOWI-Scan] BSS 98:f1:81:81:6f:e2 FREQ: 5280, cFreq1[40:80:160] = [5270:5290:0] cFreq2 = 0 Country Code = CN
04-12 14:13:14.234 D/LOWI-9.0.0.87.a( 1509): [LOWI-Scan] BSS 98:f1:81:81:6f:e2 (wlan0) ASSO: NO AddInfo: 0x1, TSF 0, 02:21:45.239, RSSI: -168, CPL: 127, AGE: 380, SSID HH, TSFDelta: 0x21f00eb1, TXRate: 0
04-12 14:13:14.234 D/LOWI-9.0.0.87.a( 1509): [LOWI-Scan]
04-12 14:13:14.234 D/LOWI-9.0.0.87.a( 1509): [LOWI-Scan] print_bss_handler: Report beacon TSF 8505239987 as it greater than probe TSF 8505239987
04-12 14:13:14.234 D/LOWI-9.0.0.87.a( 1509): [LOWI-Scan] is_qcom_ie, bss_age: 0
04-12 14:13:14.234 D/LOWI-9.0.0.87.a( 1509): [LOWI-Scan] BSS 98:f1:81:81:6f:e3 LOWI_PHY_MODE_11AC_VHT80(10), Beacon Interval: 100, LOWI_ENCRYPTION_TYPE_OPEN 11mcRanging: No, ANQP: No, LCI: No, Civic: No, capability(0x8001): ESS
04-12 14:13:14.234 D/LOWI-9.0.0.87.a( 1509): [LOWI-Scan] BSS 98:f1:81:81:6f:e3 FREQ: 5280, cFreq1[40:80:160] = [5270:5290:0] cFreq2 = 0 Country Code = CN
04-12 14:13:14.234 D/LOWI-9.0.0.87.a( 1509): [LOWI-Scan] BSS 98:f1:81:81:6f:e3 (wlan0) ASSO: NO AddInfo: 0x1, TSF 0, 02:21:45.239, RSSI: -170, CPL: 127, AGE: 380, SSID HH-mobile, TSFDelta: 0x21f2bd94, TXRate: 0
04-12 14:13:14.235 D/LOWI-9.0.0.87.a( 1509): [LOWI-Scan]
04-12 14:13:14.235 D/LOWI-9.0.0.87.a( 1509): [LOWI-Scan] print_bss_handler: Report beacon TSF 8505240085 as it greater than probe TSF 8505240085
04-12 14:13:14.235 D/LOWI-9.0.0.87.a( 1509): [LOWI-Scan] is_qcom_ie, bss_age: 0
04-12 14:13:14.235 D/LOWI-9.0.0.87.a( 1509): [LOWI-Scan] BSS 98:f1:81:81:6f:e4 LOWI_PHY_MODE_11AC_VHT80(10), Beacon Interval: 100, LOWI_ENCRYPTION_TYPE_OPEN 11mcRanging: No, ANQP: No, LCI: No, Civic: No, capability(0x8001): ESS
04-12 14:13:14.235 D/LOWI-9.0.0.87.a( 1509): [LOWI-Scan] BSS 98:f1:81:81:6f:e4 FREQ: 5280, cFreq1[40:80:160] = [5270:5290:0] cFreq2 = 0 Country Code = CN
04-12 14:13:14.235 D/LOWI-9.0.0.87.a( 1509): [LOWI-Scan] BSS 98:f1:81:81:6f:e4 (wlan0) ASSO: NO AddInfo: 0x1, TSF 0, 02:21:45.240, RSSI: -170, CPL: 127, AGE: 376, SSID HH-Guest, TSFDelta: 0x21f4e619, TXRate: 0
04-12 14:13:14.236 D/LOWI-9.0.0.87.a( 1509): [LOWI-Scan]
04-12 14:13:14.236 D/LOWI-9.0.0.87.a( 1509): [LOWI-Scan] print_bss_handler: Report beacon TSF 8478834158 as it greater than probe TSF 8478834158
04-12 14:13:14.236 D/LOWI-9.0.0.87.a( 1509): [LOWI-Scan] is_qcom_ie, bss_age: 0
04-12 14:13:14.236 D/LOWI-9.0.0.87.a( 1509): [LOWI-Scan] adjust_age:AP AGE upper limit reached. Dont store
04-12 14:13:14.236 D/LOWI-9.0.0.87.a( 1509): [LOWI-Scan] BSS 98:f1:81:81:83:22 LOWI_PHY_MODE_11AC_VHT20_2G(11), Beacon Interval: 100, LOWI_ENCRYPTION_TYPE_OPEN 11mcRanging: No, ANQP: No, LCI: No, Civic: No, capability(0x8421): ESS ShortPreamble ShortSlotTime
04-12 14:13:14.236 D/LOWI-9.0.0.87.a( 1509): [LOWI-Scan] BSS 98:f1:81:81:83:22 FREQ: 2412, cFreq1[40:80:160] = [0:0:0] cFreq2 = 0 Country Code = CN
04-12 14:13:14.236 D/LOWI-9.0.0.87.a( 1509): [LOWI-Scan] BSS 98:f1:81:81:83:22 (wlan0) ASSO: NO AddInfo: 0x1, TSF 0, 02:21:18.834, RSSI: -182, CPL: 127, AGE: 26784, SSID HH-Guest, TSFDelta: 0xfdfdd752, TXRate: 0
04-12 14:13:14.236 D/LOWI-9.0.0.87.a( 1509): [LOWI-Scan]
04-12 14:13:14.236 D/LOWI-9.0.0.87.a( 1509): [LOWI-Scan] print_bss_handler: Report Probe TSF 8504877698 as it greater than Beacon TSF 8504863543
04-12 14:13:14.236 D/LOWI-9.0.0.87.a( 1509): [LOWI-Scan] decode_rsn_wpa_ie: LOWI_ENCRYPTION_TYPE_WPA_PSK
04-12 14:13:14.236 D/LOWI-9.0.0.87.a( 1509): [LOWI-Scan] is_qcom_ie, bss_age: 0
04-12 14:13:14.237 D/LOWI-9.0.0.87.a( 1509): [LOWI-Scan] BSS 98:f1:81:80:45:70 LOWI_PHY_MODE_11AC_VHT20(8), Beacon Interval: 100, LOWI_ENCRYPTION_TYPE_WPA_PSK 11mcRanging: No, ANQP: No, LCI: No, Civic: No, capability(0x8011): ESS Privacy
04-12 14:13:14.237 D/LOWI-9.0.0.87.a( 1509): [LOWI-Scan] BSS 98:f1:81:80:45:70 FREQ: 5825, cFreq1[40:80:160] = [0:0:0] cFreq2 = 0 Country Code = CN
04-12 14:13:14.237 D/LOWI-9.0.0.87.a( 1509): [LOWI-Scan] BSS 98:f1:81:80:45:70 (wlan0) ASSO: NO AddInfo: 0x0, TSF 0, 02:21:44.877, RSSI: -134, CPL: 127, AGE: 740, SSID Hello, TSFDelta: 0x17c06748, TXRate: 0
04-12 14:13:14.237 D/LOWI-9.0.0.87.a( 1509): [LOWI-Scan]
04-12 14:13:14.245 D/LOWI-9.0.0.87.a( 1509): [LOWI-Scan] print_bss_handler: Report Probe TSF 8504879993 as it greater than Beacon TSF 8504864573
04-12 14:13:14.245 D/LOWI-9.0.0.87.a( 1509): [LOWI-Scan] decode_rsn_wpa_ie: LOWI_ENCRYPTION_TYPE_WPA_EAP
04-12 14:13:14.245 D/LOWI-9.0.0.87.a( 1509): [LOWI-Scan] is_qcom_ie, bss_age: 0
04-12 14:13:14.245 D/LOWI-9.0.0.87.a( 1509): [LOWI-Scan] BSS 98:f1:81:80:45:72 LOWI_PHY_MODE_11AC_VHT20(8), Beacon Interval: 100, LOWI_ENCRYPTION_TYPE_WPA_EAP 11mcRanging: No, ANQP: No, LCI: No, Civic: No, capability(0x8011): ESS Privacy
04-12 14:13:14.245 D/LOWI-9.0.0.87.a( 1509): [LOWI-Scan] BSS 98:f1:81:80:45:72 FREQ: 5825, cFreq1[40:80:160] = [0:0:0] cFreq2 = 0 Country Code = CN
04-12 14:13:14.245 D/LOWI-9.0.0.87.a( 1509): [LOWI-Scan] BSS 98:f1:81:80:45:72 (wlan0) ASSO: NO AddInfo: 0x0, TSF 0, 02:21:44.879, RSSI: -136, CPL: 127, AGE: 740, SSID HH, TSFDelta: 0x17d1c322, TXRate: 0
04-12 14:13:14.247 D/LOWI-9.0.0.87.a( 1509): [LOWI-Scan]
04-12 14:13:14.247 D/LOWI-9.0.0.87.a( 1509): [LOWI-Scan] print_bss_handler: Report Probe TSF 8504881173 as it greater than Beacon TSF 8504865338
04-12 14:13:14.247 D/LOWI-9.0.0.87.a( 1509): [LOWI-Scan] is_qcom_ie, bss_age: 0
04-12 14:13:14.247 D/LOWI-9.0.0.87.a( 1509): [LOWI-Scan] BSS 98:f1:81:80:45:73 LOWI_PHY_MODE_11AC_VHT20(8), Beacon Interval: 100, LOWI_ENCRYPTION_TYPE_OPEN 11mcRanging: No, ANQP: No, LCI: No, Civic: No, capability(0x8001): ESS
04-12 14:13:14.247 D/LOWI-9.0.0.87.a( 1509): [LOWI-Scan] BSS 98:f1:81:80:45:73 FREQ: 5825, cFreq1[40:80:160] = [0:0:0] cFreq2 = 0 Country Code = CN
04-12 14:13:14.247 D/LOWI-9.0.0.87.a( 1509): [LOWI-Scan] BSS 98:f1:81:80:45:73 (wlan0) ASSO: NO AddInfo: 0x0, TSF 0, 02:21:44.881, RSSI: -136, CPL: 127, AGE: 736, SSID HH-mobile, TSFDelta: 0x17da4cb2, TXRate: 0
04-12 14:13:14.247 D/LOWI-9.0.0.87.a( 1509): [LOWI-Scan]
04-12 14:13:14.248 D/LOWI-9.0.0.87.a( 1509): [LOWI-Scan] print_bss_handler: Report Probe TSF 8504922089 as it greater than Beacon TSF 8504865426
04-12 14:13:14.248 D/LOWI-9.0.0.87.a( 1509): [LOWI-Scan] is_qcom_ie, bss_age: 0
04-12 14:13:14.248 D/LOWI-9.0.0.87.a( 1509): [LOWI-Scan] BSS 98:f1:81:80:45:74 LOWI_PHY_MODE_11AC_VHT20(8), Beacon Interval: 100, LOWI_ENCRYPTION_TYPE_OPEN 11mcRanging: No, ANQP: No, LCI: No, Civic: No, capability(0x8001): ESS
04-12 14:13:14.248 D/LOWI-9.0.0.87.a( 1509): [LOWI-Scan] BSS 98:f1:81:80:45:74 FREQ: 5825, cFreq1[40:80:160] = [0:0:0] cFreq2 = 0 Country Code = CN
04-12 14:13:14.248 D/LOWI-9.0.0.87.a( 1509): [LOWI-Scan] BSS 98:f1:81:80:45:74 (wlan0) ASSO: NO AddInfo: 0x0, TSF 0, 02:21:44.922, RSSI: -134, CPL: 127, AGE: 696, SSID HH-Guest, TSFDelta: 0x17e1ea48, TXRate: 0
04-12 14:13:14.250 D/LOWI-9.0.0.87.a( 1509): [LOWI-Scan]
04-12 14:13:14.250 D/LOWI-9.0.0.87.a( 1509): [LOWI-Scan] print_bss_handler: Report Probe TSF 8504878988 as it greater than Beacon TSF 8504864482
04-12 14:13:14.250 D/LOWI-9.0.0.87.a( 1509): [LOWI-Scan] decode_rsn_wpa_ie: LOWI_ENCRYPTION_TYPE_WPA_PSK
04-12 14:13:14.250 D/LOWI-9.0.0.87.a( 1509): [LOWI-Scan] is_qcom_ie, bss_age: 0
04-12 14:13:14.250 D/LOWI-9.0.0.87.a( 1509): [LOWI-Scan] BSS 98:f1:81:80:45:71 LOWI_PHY_MODE_11AC_VHT20(8), Beacon Interval: 100, LOWI_ENCRYPTION_TYPE_WPA_PSK 11mcRanging: No, ANQP: No, LCI: No, Civic: No, capability(0x8011): ESS Privacy
04-12 14:13:14.250 D/LOWI-9.0.0.87.a( 1509): [LOWI-Scan] BSS 98:f1:81:80:45:71 FREQ: 5825, cFreq1[40:80:160] = [0:0:0] cFreq2 = 0 Country Code = CN
04-12 14:13:14.250 D/LOWI-9.0.0.87.a( 1509): [LOWI-Scan] BSS 98:f1:81:80:45:71 (wlan0) ASSO: NO AddInfo: 0x0, TSF 0, 02:21:44.878, RSSI: -134, CPL: 127, AGE: 740, SSID HH-NEW, TSFDelta: 0x17c90ea8, TXRate: 0
04-12 14:13:14.251 D/LOWI-9.0.0.87.a( 1509): [LOWI-Scan]
04-12 14:13:14.251 D/LOWI-9.0.0.87.a( 1509): [LOWI-Scan] print_bss_handler: Report beacon TSF 8505567686 as it greater than probe TSF 8505567686
04-12 14:13:14.251 D/LOWI-9.0.0.87.a( 1509): [LOWI-Scan] decode_rsn_wpa_ie: LOWI_ENCRYPTION_TYPE_WPA_PSK
