04-04 04:30:05.310 D/CompatibilityChangeReporter( 1152): Compat change id reported: 177438394; UID 10028; state: DISABLED
04-04 04:30:05.315 D/CompatibilityChangeReporter( 1152): Compat change id reported: 135772972; UID 10028; state: DISABLED
04-04 04:30:05.315 D/CompatibilityChangeReporter( 1152): Compat change id reported: 135754954; UID 10028; state: ENABLED
04-04 04:30:05.317 D/CompatibilityChangeReporter( 1152): Compat change id reported: 143937733; UID 10028; state: ENABLED
04-04 04:30:05.369 W/ActivityManager( 1152): Slow operation: 60ms so far, now at startProcess: returned from zygote!
04-04 04:30:05.370 W/ActivityManager( 1152): Slow operation: 61ms so far, now at startProcess: done updating battery stats
04-04 04:30:05.370 W/ActivityManager( 1152): Slow operation: 61ms so far, now at startProcess: building log message
04-04 04:30:05.370 I/ActivityManager( 1152): Start proc 3889:com.android.providers.calendar/u0a28 for broadcast {com.android.providers.calendar/com.android.providers.calendar.CalendarReceiver}
04-04 04:30:05.370 W/ActivityManager( 1152): Slow operation: 61ms so far, now at startProcess: starting to update pids map
04-04 04:30:05.370 W/ActivityManager( 1152): Slow operation: 61ms so far, now at startProcess: done updating pids map
04-04 04:30:05.401 I/GameModeConfig( 1152): isGameModeOn = false
01-01 08:01:03.005 I/binder ( 0): 3889:3889 ioctl 40046210 7ffe7f3634 returned -22
04-04 04:30:05.444 D/CompatibilityChangeReporter( 1152): Compat change id reported: 168419799; UID 10028; state: DISABLED
04-04 04:30:05.676 D/CompatibilityChangeReporter( 1152): Compat change id reported: 171306433; UID 10028; state: ENABLED
04-04 04:30:05.699 D/CompatibilityChangeReporter( 1152): Compat change id reported: 143231523; UID 10028; state: DISABLED
04-04 04:30:05.720 D/CompatibilityChangeReporter( 1152): Compat change id reported: 168419799; UID 10097; state: DISABLED
04-04 04:30:05.731 D/CompatibilityChangeReporter( 1152): Compat change id reported: 168419799; UID 1000; state: DISABLED
04-04 04:30:05.870 I/ActivityManager( 1152): com.android.shell is exempt from freezer
04-04 04:30:05.871 D/CompatibilityChangeReporter( 1152): Compat change id reported: 135634846; UID 2000; state: DISABLED
04-04 04:30:05.871 D/CompatibilityChangeReporter( 1152): Compat change id reported: 177438394; UID 2000; state: DISABLED
04-04 04:30:05.871 D/CompatibilityChangeReporter( 1152): Compat change id reported: 135772972; UID 2000; state: DISABLED
04-04 04:30:05.871 D/CompatibilityChangeReporter( 1152): Compat change id reported: 135754954; UID 2000; state: ENABLED
04-04 04:30:05.932 W/ActivityManager( 1152): Slow operation: 63ms so far, now at startProcess: returned from zygote!
04-04 04:30:05.933 W/ActivityManager( 1152): Slow operation: 63ms so far, now at startProcess: done updating battery stats
04-04 04:30:05.933 W/ActivityManager( 1152): Slow operation: 63ms so far, now at startProcess: building log message
04-04 04:30:05.933 I/ActivityManager( 1152): Start proc 3912:com.android.shell/2000 for broadcast {com.android.shell/com.android.shell.HeapDumpReceiver}
04-04 04:30:05.933 W/ActivityManager( 1152): Slow operation: 63ms so far, now at startProcess: starting to update pids map
04-04 04:30:05.933 W/ActivityManager( 1152): Slow operation: 63ms so far, now at startProcess: done updating pids map
01-01 08:01:03.593 I/binder ( 0): 3912:3912 ioctl 40046210 7ffe7f3634 returned -22
04-04 04:30:06.030 D/CompatibilityChangeReporter( 1152): Compat change id reported: 168419799; UID 2000; state: DISABLED
04-04 04:30:06.063 W/ActivityManager( 1152): Receiver with filter android.content.IntentFilter@ecfc975 already registered for pid 3308, callerPackage is com.baidu.input
04-04 04:30:06.211 W/BroadcastQueue( 1152): Permission Denial: receiving Intent { act=android.intent.action.BOOT_COMPLETED flg=0x89000010 (has extras) } to com.baidu.input/.directboot.DirectBootReceiver requires android.permission.RECEIVE_BOOT_COMPLETED due to sender null (uid 1000)
04-04 04:30:06.213 W/BroadcastQueue( 1152): Permission Denial: receiving Intent { act=android.intent.action.BOOT_COMPLETED flg=0x89000010 (has extras) } to com.baidu.input/.switchguide.InputMethodChangedReceiver requires android.permission.RECEIVE_BOOT_COMPLETED due to sender null (uid 1000)
04-04 04:30:06.221 D/CompatibilityChangeReporter( 1152): Compat change id reported: 168419799; UID 10089; state: DISABLED
04-04 04:30:06.263 W/ContextImpl( 2995): Calling a method in the system process without a qualified user: android.app.ContextImpl.startService:1816 android.content.ContextWrapper.startService:774 com.hryt.hiphishowfsecontrol.mce_app.broadcasts.FseReceiver.onReceive:49 android.app.ActivityThread.handleReceiver:4309 android.app.ActivityThread.access$1600:248
04-04 04:30:06.271 D/CompatibilityChangeReporter( 1152): Compat change id reported: 135634846; UID 10081; state: DISABLED
04-04 04:30:06.271 D/CompatibilityChangeReporter( 1152): Compat change id reported: 177438394; UID 10081; state: DISABLED
04-04 04:30:06.271 D/CompatibilityChangeReporter( 1152): Compat change id reported: 135772972; UID 10081; state: DISABLED
04-04 04:30:06.272 D/CompatibilityChangeReporter( 1152): Compat change id reported: 135754954; UID 10081; state: ENABLED
04-04 04:30:06.272 D/CompatibilityChangeReporter( 1152): Compat change id reported: 143937733; UID 10081; state: ENABLED
04-04 04:30:06.298 D/CompatibilityChangeReporter( 1152): Compat change id reported: 149924527; UID 10089; state: ENABLED
04-04 04:30:06.299 D/CompatibilityChangeReporter( 1152): Compat change id reported: 132649864; UID 10089; state: DISABLED
04-04 04:30:06.328 W/ActivityManager( 1152): Slow operation: 57ms so far, now at startProcess: returned from zygote!
04-04 04:30:06.328 W/ActivityManager( 1152): Slow operation: 57ms so far, now at startProcess: done updating battery stats
04-04 04:30:06.328 W/ActivityManager( 1152): Slow operation: 57ms so far, now at startProcess: building log message
04-04 04:30:06.328 I/ActivityManager( 1152): Start proc 3932:com.qti.ltebc/u0a81 for broadcast {com.qti.ltebc/com.qualcomm.ltebc.LTEBroadcastBootReceiver}
04-04 04:30:06.328 W/ActivityManager( 1152): Slow operation: 57ms so far, now at startProcess: starting to update pids map
04-04 04:30:06.328 W/ActivityManager( 1152): Slow operation: 58ms so far, now at startProcess: done updating pids map
01-01 08:01:03.962 I/binder ( 0): 3932:3932 ioctl 40046210 7ffe7f3634 returned -22
04-04 04:30:06.397 D/CompatibilityChangeReporter( 1152): Compat change id reported: 168419799; UID 10081; state: DISABLED
04-04 04:30:06.987 E/ActivityThread( 2966): Failed to find provider info for com.tcl.xian.StartandroidService.MyContentProvider
04-04 04:30:07.851 I/GameModeConfig( 1152): isGameModeOn = false
04-04 04:30:08.946 I/GameModeConfig( 1152): isGameModeOn = false
04-04 04:30:08.970 W/ActivityManager( 1152): Unable to start service Intent { act=android.intent.action.START_LEBO_SERVICE pkg=com.hpplay.happyplay.aw } U=0: not found
01-01 08:01:06.891 I/[soft_i][0x4c708500][04:30:09.312489] wlan( 0): [0:I:DP] dp_addba_requestprocess_wifi3 restore BA win 64 based on addba req
04-04 04:30:09.634 I/GameModeConfig( 1152): isGameModeOn = false
04-04 04:30:09.637 I/GameModeConfig( 1152): isGameModeOn = false
04-04 04:30:10.769 I/GameModeConfig( 1152): isGameModeOn = false
04-04 04:30:10.769 I/GameModeConfig( 1152): isGameModeOn = false
04-04 04:30:10.850 D/CompanionDeviceManagerService( 1152): onPackageModified(packageName = com.android.traceur)
04-04 04:30:10.879 I/Telecom ( 1152): DefaultDialerCache: Refreshing default dialer for user 0: now null: DDC.oR@ABY
04-04 04:30:10.883 D/CompatibilityChangeReporter( 1152): Compat change id reported: 168419799; UID 10096; state: DISABLED
04-04 04:30:10.908 W/VoiceInteractionManager( 1152): no available voice recognition services found for user 0
04-04 04:30:11.518 I/GameModeConfig( 1152): isGameModeOn = false
04-04 04:30:11.664 I/GameModeConfig( 1152): isGameModeOn = false
04-04 04:30:11.664 I/GameModeConfig( 1152): isGameModeOn = false
04-04 04:30:11.665 I/GameModeConfig( 1152): isGameModeOn = false
04-04 04:30:11.852 D/CompatibilityChangeReporter( 1152): Compat change id reported: 168419799; UID 10056; state: DISABLED
04-04 04:30:11.855 D/CompatibilityChangeReporter( 1152): Compat change id reported: 171306433; UID 10081; state: ENABLED
04-04 04:30:11.871 D/CompatibilityChangeReporter( 1152): Compat change id reported: 168419799; UID 10079; state: DISABLED
04-04 04:30:11.880 D/CompatibilityChangeReporter( 1152): Compat change id reported: 168419799; UID 10075; state: DISABLED
04-04 04:30:11.916 D/CompatibilityChangeReporter( 1152): Compat change id reported: 168419799; UID 10087; state: DISABLED
04-04 04:30:11.934 D/CompatibilityChangeReporter( 1152): Compat change id reported: 135634846; UID 10055; state: DISABLED
04-04 04:30:11.935 D/CompatibilityChangeReporter( 1152): Compat change id reported: 143937733; UID 10055; state: DISABLED
04-04 04:30:11.970 I/ActivityManager( 1152): Start proc 4060:com.qualcomm.qti.qms.service.connectionsecurity/u0a55 for broadcast {com.qualcomm.qti.qms.service.connectionsecurity/com.qualcomm.qti.qms.service.connectionsecurity.ConnSecBroadcastReceiver}
01-01 08:01:09.614 I/binder ( 0): 4060:4060 ioctl 40046210 ffd31698 returned -22
04-04 04:30:12.054 D/CompatibilityChangeReporter( 1152): Compat change id reported: 168419799; UID 10055; state: DISABLED
04-04 04:30:12.172 I/ActivityManager( 1152): Process com.qti.ltebc (pid 3932) has died: cch+5 CEM
04-04 04:30:12.264 D/CompatibilityChangeReporter( 1152): Compat change id reported: 168419799; UID 10085; state: DISABLED
01-01 08:01:09.852 I/binder ( 0): 3067:3067 ioctl 40046210 7ffe7f2ce4 returned -22
04-04 04:30:12.298 D/CompatibilityChangeReporter( 1152): Compat change id reported: 168419799; UID 10092; state: DISABLED
04-04 04:30:12.391 I/ActivityManager( 1152): Finished processing BOOT_COMPLETED for u0
04-04 04:30:12.393 D/CompatibilityChangeReporter( 1152): Compat change id reported: 135634846; UID 10022; state: DISABLED
04-04 04:30:12.393 D/CompatibilityChangeReporter( 1152): Compat change id reported: 177438394; UID 10022; state: DISABLED
04-04 04:30:12.393 D/CompatibilityChangeReporter( 1152): Compat change id reported: 135772972; UID 10022; state: DISABLED
04-04 04:30:12.393 D/CompatibilityChangeReporter( 1152): Compat change id reported: 135754954; UID 10022; state: ENABLED
04-04 04:30:12.394 D/CompatibilityChangeReporter( 1152): Compat change id reported: 143937733; UID 10022; state: ENABLED
04-04 04:30:12.416 W/ContextImpl( 2126): Calling a method in the system process without a qualified user: android.app.ContextImpl.startService:1816 android.content.ContextWrapper.startService:774 com.thundercomm.gamemode.ingame.services.GameModeActionUtils.startGameModeService:118 com.thundercomm.gamemode.ingame.services.GameModeActionUtils.startGameModeEntry:29 com.thundercomm.gamemode.ingame.services.ActivityMonitoringService$1.onActivityLaunch:140
04-04 04:30:12.420 I/GameModeConfig( 1152): Current uri is uri = content://com.thundercomm.gamemode.api/gamemode_settings/gamemode_isgaming
04-04 04:30:12.423 I/GameModeConfig( 1152): isGameModeOn = false
04-04 04:30:12.423 I/GameModeConfig( 1152): isGameModeOn = false
04-04 04:30:12.423 I/GameModeConfig( 1152): isDisableVoice = true
04-04 04:30:12.424 I/GameModeConfig( 1152): isGameModeOn = false
04-04 04:30:12.424 I/GameModeConfig( 1152): isGameModeOn = false
01-01 08:01:10.001 I/binder ( 0): 2126:2126 ioctl 40046210 7ffe7f2174 returned -22
04-04 04:30:12.444 W/ActivityManager( 1152): Slow operation: 52ms so far, now at startProcess: returned from zygote!
04-04 04:30:12.444 W/ActivityManager( 1152): Slow operation: 52ms so far, now at startProcess: done updating battery stats
04-04 04:30:12.444 W/ActivityManager( 1152): Slow operation: 53ms so far, now at startProcess: building log message
04-04 04:30:12.444 I/ActivityManager( 1152): Start proc 4090:com.android.externalstorage/u0a22 for broadcast {com.android.externalstorage/com.android.externalstorage.MountReceiver}
04-04 04:30:12.444 W/ActivityManager( 1152): Slow operation: 53ms so far, now at startProcess: starting to update pids map
04-04 04:30:12.445 W/ActivityManager( 1152): Slow operation: 53ms so far, now at startProcess: done updating pids map
04-04 04:30:12.459 I/GameModeConfig( 1152): isGameModeOn = false
01-01 08:01:10.073 I/binder ( 0): 4090:4090 ioctl 40046210 7ffe7f3634 returned -22
04-04 04:30:12.501 D/CompatibilityChangeReporter( 1152): Compat change id reported: 168419799; UID 10022; state: DISABLED
04-04 04:30:12.732 D/CompatibilityChangeReporter( 1152): Compat change id reported: 168419799; UID 10028; state: DISABLED
04-04 04:30:12.746 D/CompatibilityChangeReporter( 1152): Compat change id reported: 135634846; UID 10081; state: DISABLED
04-04 04:30:12.746 D/CompatibilityChangeReporter( 1152): Compat change id reported: 177438394; UID 10081; state: DISABLED
04-04 04:30:12.746 D/CompatibilityChangeReporter( 1152): Compat change id reported: 135772972; UID 10081; state: DISABLED
04-04 04:30:12.746 D/CompatibilityChangeReporter( 1152): Compat change id reported: 135754954; UID 10081; state: ENABLED
04-04 04:30:12.747 D/CompatibilityChangeReporter( 1152): Compat change id reported: 143937733; UID 10081; state: ENABLED
04-04 04:30:12.797 W/ActivityManager( 1152): Slow operation: 51ms so far, now at startProcess: returned from zygote!
04-04 04:30:12.798 W/ActivityManager( 1152): Slow operation: 52ms so far, now at startProcess: done updating battery stats
04-04 04:30:12.798 W/ActivityManager( 1152): Slow operation: 52ms so far, now at startProcess: building log message
04-04 04:30:12.798 I/ActivityManager( 1152): Start proc 4112:com.qti.ltebc/u0a81 for broadcast {com.qti.ltebc/com.qualcomm.ltebc.LTEBroadcastReceiver}
04-04 04:30:12.799 W/ActivityManager( 1152): Slow operation: 53ms so far, now at startProcess: starting to update pids map
04-04 04:30:12.800 W/ActivityManager( 1152): Slow operation: 54ms so far, now at startProcess: done updating pids map
01-01 08:01:10.432 I/binder ( 0): 4112:4112 ioctl 40046210 7ffe7f3634 returned -22
04-04 04:30:12.864 D/CompatibilityChangeReporter( 1152): Compat change id reported: 168419799; UID 10081; state: DISABLED
04-04 04:30:16.698 I/ActivityManager( 1152): Waited long enough for: ServiceRecord{9a2d937 u0 com.qti.diagservices/.QTIDiagServices}
04-04 04:30:17.345 I/ActivityManager( 1152): Process com.qti.ltebc (pid 4112) has died: fg RCVR
04-04 04:30:17.362 D/CompatibilityChangeReporter( 1152): Compat change id reported: 135634846; UID 10081; state: DISABLED
04-04 04:30:17.363 D/CompatibilityChangeReporter( 1152): Compat change id reported: 177438394; UID 10081; state: DISABLED
04-04 04:30:17.363 D/CompatibilityChangeReporter( 1152): Compat change id reported: 135772972; UID 10081; state: DISABLED
04-04 04:30:17.363 D/CompatibilityChangeReporter( 1152): Compat change id reported: 135754954; UID 10081; state: ENABLED
04-04 04:30:17.364 D/CompatibilityChangeReporter( 1152): Compat change id reported: 143937733; UID 10081; state: ENABLED
01-01 08:01:14.953 I/binder ( 0): 2356:4176 ioctl 40046210 6d9183bef4 returned -22
04-04 04:30:17.423 W/ActivityManager( 1152): Slow operation: 61ms so far, now at startProcess: returned from zygote!
04-04 04:30:17.423 W/ActivityManager( 1152): Slow operation: 62ms so far, now at startProcess: done updating battery stats
04-04 04:30:17.424 W/ActivityManager( 1152): Slow operation: 62ms so far, now at startProcess: building log message
04-04 04:30:17.424 I/ActivityManager( 1152): Start proc 4180:com.qti.ltebc/u0a81 for broadcast {com.qti.ltebc/com.qualcomm.ltebc.LTEBroadcastReceiver}
04-04 04:30:17.424 W/ActivityManager( 1152): Slow operation: 62ms so far, now at startProcess: starting to update pids map
04-04 04:30:17.424 W/ActivityManager( 1152): Slow operation: 62ms so far, now at startProcess: done updating pids map
01-01 08:01:15.088 I/binder ( 0): 4180:4180 ioctl 40046210 7ffe7f3634 returned -22
01-01 08:01:15.248 I/init ( 0): processing action (sys.tlog.tlogdsho.active=1) from (/system/etc/init/tlogd.rc:155)
01-01 08:01:15.250 I/init ( 0): starting service 'tlogdsho'...
01-01 08:01:15.547 I/init ( 0): Service 'tlogdsho' (pid 4202) exited with status 0 oneshot service took 0.268000 seconds in background
01-01 08:01:15.547 I/init ( 0): Sending signal 9 to service 'tlogdsho' (pid 4202) process group...
01-01 08:01:15.548 I/libprocessgroup( 0): Successfully killed process cgroup uid 0 pid 4202 in 0ms
01-01 08:01:15.705 I/init ( 0): Untracked pid 4205 exited with status 0
04-04 04:30:22.455 I/GameModeConfig( 1152): isGameModeOn = false
04-04 04:30:22.857 I/ActivityManager( 1152): Process com.qti.ltebc (pid 4180) has died: fg RCVR
04-04 04:30:22.875 D/CompatibilityChangeReporter( 1152): Compat change id reported: 135634846; UID 10081; state: DISABLED
04-04 04:30:22.876 D/CompatibilityChangeReporter( 1152): Compat change id reported: 177438394; UID 10081; state: DISABLED
04-04 04:30:22.877 D/CompatibilityChangeReporter( 1152): Compat change id reported: 135772972; UID 10081; state: DISABLED
04-04 04:30:22.877 D/CompatibilityChangeReporter( 1152): Compat change id reported: 135754954; UID 10081; state: ENABLED
04-04 04:30:22.881 D/CompatibilityChangeReporter( 1152): Compat change id reported: 143937733; UID 10081; state: ENABLED
04-04 04:30:22.941 W/ActivityManager( 1152): Slow operation: 68ms so far, now at startProcess: returned from zygote!
04-04 04:30:22.941 W/ActivityManager( 1152): Slow operation: 68ms so far, now at startProcess: done updating battery stats
04-04 04:30:22.941 W/ActivityManager( 1152): Slow operation: 68ms so far, now at startProcess: building log message
04-04 04:30:22.941 I/ActivityManager( 1152): Start proc 4270:com.qti.ltebc/u0a81 for broadcast {com.qti.ltebc/com.qualcomm.ltebc.LTEBroadcastAlarmReceiver}
04-04 04:30:22.941 W/ActivityManager( 1152): Slow operation: 69ms so far, now at startProcess: starting to update pids map
04-04 04:30:22.942 W/ActivityManager( 1152): Slow operation: 69ms so far, now at startProcess: done updating pids map
01-01 08:01:20.585 I/binder ( 0): 4270:4270 ioctl 40046210 7ffe7f3634 returned -22
01-01 08:01:21.840 I/perf ( 0): interrupt took too long (2534 > 2500), lowering kernel.perf_event_max_sample_rate to 78750
01-01 08:01:23.465 I/ ( 0): VideoDecMsgThre (2358) used greatest stack depth: 7496 bytes left
01-01 08:01:23.472 I/msm_vidc( 0): high: 00000001: h264d: Closed video instance: ffffffc2d1c8c000
01-01 08:01:23.629 I/binder ( 0): undelivered transaction 67346, process died.
01-01 08:01:23.630 I/init ( 0): Service 'bootanim' (pid 1138) exited with status 0 oneshot service took 42.063000 seconds in background
01-01 08:01:23.630 I/init ( 0): Sending signal 9 to service 'bootanim' (pid 1138) process group...
01-01 08:01:23.631 I/libprocessgroup( 0): Successfully killed process cgroup uid 1003 pid 1138 in 0ms
01-01 08:01:25.004 I/msm_vidc( 0): err : ffffffff: .....: DBLP Set: status 0
04-04 04:30:27.746 D/CompatibilityChangeReporter( 1152): Compat change id reported: 135634846; UID 10054; state: DISABLED
04-04 04:30:27.746 D/CompatibilityChangeReporter( 1152): Compat change id reported: 177438394; UID 10054; state: DISABLED
04-04 04:30:27.746 D/CompatibilityChangeReporter( 1152): Compat change id reported: 135772972; UID 10054; state: DISABLED
04-04 04:30:27.747 D/CompatibilityChangeReporter( 1152): Compat change id reported: 135754954; UID 10054; state: DISABLED
04-04 04:30:27.748 D/CompatibilityChangeReporter( 1152): Compat change id reported: 143937733; UID 10054; state: DISABLED
04-04 04:30:27.806 W/ActivityManager( 1152): Slow operation: 61ms so far, now at startProcess: returned from zygote!
04-04 04:30:27.806 W/ActivityManager( 1152): Slow operation: 62ms so far, now at startProcess: done updating battery stats
04-04 04:30:27.807 W/ActivityManager( 1152): Slow operation: 62ms so far, now at startProcess: building log message
04-04 04:30:27.807 I/ActivityManager( 1152): Start proc 4331:com.qualcomm.qti.qms.service.trustzoneaccess/u0a54 for service {com.qualcomm.qti.qms.service.trustzoneaccess/com.qualcomm.qti.qms.service.trustzoneaccess.TZAccessService}
04-04 04:30:27.807 W/ActivityManager( 1152): Slow operation: 62ms so far, now at startProcess: starting to update pids map
04-04 04:30:27.807 W/ActivityManager( 1152): Slow operation: 62ms so far, now at startProcess: done updating pids map
01-01 08:01:25.445 I/binder ( 0): 4331:4331 ioctl 40046210 7ffe7f3634 returned -22
04-04 04:30:27.876 D/CompatibilityChangeReporter( 1152): Compat change id reported: 168419799; UID 10054; state: DISABLED
04-04 04:30:28.258 I/ActivityManager( 1152): Process com.qti.ltebc (pid 4270) has died: cch+5 CEM
01-01 08:01:33.825 I/nf_conntrack( 0): default automatic helper assignment has been turned off for security reasons and CT-based firewall rule not found. Use the iptables CT target to attach helpers instead.
01-01 08:01:46.199 I/[dp_rx_][0x796c94e0][04:30:48.620651] wlan( 0): [2483:I:QDF] DHCP-D RX: SA:04:7f:0e:5e:97:fd DA:ff:ff:ff:ff:ff:ff
01-01 08:01:46.200 I/[dp_rx_][0x796d07ac][04:30:48.622181] wlan( 0): [2483:I:QDF] DHCP-R RX: SA:04:7f:0e:5e:97:fd DA:ff:ff:ff:ff:ff:ff
01-01 08:01:48.280 I/ ( 0): boot log copy done
04-04 04:30:51.282 V/DisplayPowerController[0]( 1152): Brightness [0.05] reason changing to: 'manual [ dim ]', previous reason: 'manual'.
04-04 04:30:51.285 E/DisplayDeviceConfig( 1152): requesting nits when no mapping exists.
04-04 04:30:51.287 E/DisplayDeviceConfig( 1152): requesting nits when no mapping exists.
04-04 04:30:51.293 I/DropBoxManagerService( 1152): add tag=system_server_wtf isTagEnabled=true flags=0x2
04-04 04:30:51.310 I/DropBoxManagerService( 1152): add tag=system_server_wtf isTagEnabled=true flags=0x2
04-04 04:30:58.274 I/PowerManagerService( 1152): Napping display group (groupId=0, uid=1000)...
04-04 04:30:58.275 I/PowerManagerService( 1152): Nap time (uid 1000)...
04-04 04:30:58.284 I/DreamManagerService( 1152): Entering dreamland.
04-04 04:30:58.289 I/PowerManagerService( 1152): Dreaming...
04-04 04:30:58.299 I/DreamController( 1152): Starting dream: name=ComponentInfo{com.thundercomm.screensaver/com.thundercomm.screensaver.service.SystemDream}, isTest=false, canDoze=false, userId=0
04-04 04:30:58.305 D/CompatibilityChangeReporter( 1152): Compat change id reported: 135634846; UID 10045; state: DISABLED
04-04 04:30:58.305 D/CompatibilityChangeReporter( 1152): Compat change id reported: 177438394; UID 10045; state: DISABLED
04-04 04:30:58.306 D/CompatibilityChangeReporter( 1152): Compat change id reported: 135772972; UID 10045; state: DISABLED
04-04 04:30:58.306 D/CompatibilityChangeReporter( 1152): Compat change id reported: 135754954; UID 10045; state: ENABLED
04-04 04:30:58.307 D/CompatibilityChangeReporter( 1152): Compat change id reported: 143937733; UID 10045; state: ENABLED
04-04 04:30:58.308 D/AutofillManagerService( 1152): Close system dialogs
04-04 04:30:58.356 W/ActivityManager( 1152): Slow operation: 52ms so far, now at startProcess: returned from zygote!
04-04 04:30:58.356 W/ActivityManager( 1152): Slow operation: 52ms so far, now at startProcess: done updating battery stats
04-04 04:30:58.356 W/ActivityManager( 1152): Slow operation: 53ms so far, now at startProcess: building log message
04-04 04:30:58.356 I/ActivityManager( 1152): Start proc 4577:com.thundercomm.screensaver/u0a45 for service {com.thundercomm.screensaver/com.thundercomm.screensaver.service.SystemDream}
04-04 04:30:58.357 W/ActivityManager( 1152): Slow operation: 53ms so far, now at startProcess: starting to update pids map
04-04 04:30:58.357 W/ActivityManager( 1152): Slow operation: 53ms so far, now at startProcess: done updating pids map
01-01 08:01:56.001 I/binder ( 0): 4577:4577 ioctl 40046210 7ffe7f3634 returned -22
04-04 04:30:58.440 D/CompatibilityChangeReporter( 1152): Compat change id reported: 168419799; UID 10045; state: DISABLED
04-04 04:30:58.646 D/MicroServiceManager( 4577): add linkToDeath
04-04 04:30:58.646 D/MicroServiceManager( 4577): bindMicroService: called already get service
04-04 04:30:58.648 I/MicroServiceManager( 4577): addCommonCallbackListener add listener
04-04 04:30:58.648 I/MicroServiceManager( 4577): addConnectChangedListener add listener
04-04 04:30:58.652 I/ActivityTaskManager( 1152): START u0 {flg=0x10000000 pkg=com.thundercomm.screensaver cmp=com.thundercomm.screensaver/android.service.dreams.DreamActivity (has extras)} from uid 10045
04-04 04:30:58.660 D/CompatibilityChangeReporter( 1152): Compat change id reported: 184838306; UID 10045; state: DISABLED
04-04 04:30:58.662 D/CompatibilityChangeReporter( 1152): Compat change id reported: 185004937; UID 10045; state: DISABLED
04-04 04:30:58.664 D/CompatibilityChangeReporter( 1152): Compat change id reported: 181136395; UID 10045; state: DISABLED
04-04 04:30:58.665 D/CompatibilityChangeReporter( 1152): Compat change id reported: 174042936; UID 10045; state: DISABLED
04-04 04:30:58.668 D/CompatibilityChangeReporter( 1152): Compat change id reported: 174042980; UID 10045; state: DISABLED
04-04 04:30:58.669 W/ActivityTaskManager( 1152): Can't find TaskDisplayArea to determine support for multi window. Task id=30 attached=false
01-01 08:01:56.260 D/BUG ( 0): MAX_LOCKDEP_CHAINS too low!
01-01 08:01:56.264 D/ ( 0): turning off the locking correctness validator.
01-01 08:01:56.270 D/ ( 0): Please attach the output of /proc/lock_stat to the bug report
01-01 08:01:56.277 I/ ( 0): CPU: 6 PID: 997 Comm: perf@2.2-servic Tainted: G S W O 4.19.157+ #1
01-01 08:01:56.285 I/Hardware name( 0): Qualcomm Technologies, Inc. kona MTP-RmPM8150b. VX1(MCE) EVT1 (DT)
01-01 08:01:56.294 I/Call trace( 0):
01-01 08:01:56.296 I/ ( 0): dump_backtrace+0x0/0x258
01-01 08:01:56.300 I/ ( 0): show_stack+0x20/0x30
01-01 08:01:56.304 I/ ( 0): dump_stack+0xd8/0x12c
01-01 08:01:56.307 I/ ( 0): __lock_acquire+0x1df8/0x1e58
01-01 08:01:56.311 I/ ( 0): lock_acquire+0x1cc/0x218
01-01 08:01:56.315 I/ ( 0): _raw_spin_lock_irqsave+0x54/0x98
01-01 08:01:56.320 I/ ( 0): schedule_timeout+0x154/0x6f8
01-01 08:01:56.324 I/ ( 0): wait_for_common+0x108/0x1d0
01-01 08:01:56.328 I/ ( 0): wait_for_completion_timeout+0x28/0x38
01-01 08:01:56.333 I/ ( 0): ufshcd_uic_pwr_ctrl+0x400/0x560
01-01 08:01:56.337 I/ ( 0): ufshcd_uic_hibern8_enter+0xc4/0x3e0
01-01 08:01:56.342 I/ ( 0): ufshcd_devfreq_scale+0x140/0x530
01-01 08:01:56.346 I/ ( 0): ufshcd_clkscale_enable_store+0x158/0x1f0
01-01 08:01:56.351 I/ ( 0): dev_attr_store+0x40/0x58
01-01 08:01:56.355 I/ ( 0): sysfs_kf_write+0x80/0xb8
01-01 08:01:56.359 I/ ( 0): kernfs_fop_write+0x174/0x220
01-01 08:01:56.363 I/ ( 0): __vfs_write+0x54/0x160
01-01 08:01:56.367 I/ ( 0): vfs_write+0xe4/0x1a0
01-01 08:01:56.370 I/ ( 0): ksys_write+0x78/0xd8
01-01 08:01:56.374 I/ ( 0): __arm64_sys_write+0x20/0x30
01-01 08:01:56.378 I/ ( 0): el0_svc_common+0xa4/0x190
01-01 08:01:56.381 I/ ( 0): el0_svc_handler+0x6c/0x88
01-01 08:01:56.385 I/ ( 0): el0_svc+0x8/0xc
04-04 04:30:58.812 I/MicroServiceManager( 4577): requestResult(requestOperationInfo) parameters isnull.
04-04 04:30:58.817 I/ActivityTaskManager( 1152): FOREGROUND_APPLICATION_CHANGED to android.service.dreams.DreamActivity
04-04 04:30:58.818 I/ActivityTaskManager( 1152): The Process com.thundercomm.screensaver Already Exists in BG. So sending its PID: 4577
04-04 04:30:58.846 W/WindowManager( 1152): Failed looking up window session=Session{d4df6f0 4577:u0a10045} callers=com.android.server.wm.WindowManagerService.windowForClientLocked:5628 com.android.server.wm.Session.insetsModified:629 android.view.IWindowSession$Stub.onTransact:1151
04-04 04:30:58.886 I/DropBoxManagerService( 1152): add tag=system_app_wtf isTagEnabled=true flags=0x2
04-04 04:30:58.922 W/FreeFormWindowHelper( 1152): Current Display FreeFormTask is null
01-01 08:01:56.498 I/binder ( 0): 4577:4602 ioctl 40046210 6d8acd71f4 returned -22
04-04 04:30:58.946 V/DisplayPowerController[0]( 1152): Brightness [1.0] reason changing to: 'manual', previous reason: 'manual [ dim ]'.
04-04 04:30:58.955 E/DisplayDeviceConfig( 1152): requesting nits when no mapping exists.
04-04 04:30:58.956 E/DisplayDeviceConfig( 1152): requesting nits when no mapping exists.
04-04 04:30:58.957 I/DropBoxManagerService( 1152): add tag=system_server_wtf isTagEnabled=true flags=0x2
04-04 04:30:58.960 I/DropBoxManagerService( 1152): add tag=system_server_wtf isTagEnabled=true flags=0x2
04-04 04:30:58.973 E/DisplayDeviceConfig( 1152): requesting nits when no mapping exists.
04-04 04:30:58.973 E/DisplayDeviceConfig( 1152): requesting nits when no mapping exists.
04-04 04:30:58.989 E/DisplayDeviceConfig( 1152): requesting nits when no mapping exists.
04-04 04:30:58.990 E/DisplayDeviceConfig( 1152): requesting nits when no mapping exists.
04-04 04:30:59.006 E/DisplayDeviceConfig( 1152): requesting nits when no mapping exists.
04-04 04:30:59.006 E/DisplayDeviceConfig( 1152): requesting nits when no mapping exists.
04-04 04:30:59.022 E/DisplayDeviceConfig( 1152): requesting nits when no mapping exists.
04-04 04:30:59.022 E/DisplayDeviceConfig( 1152): requesting nits when no mapping exists.
04-04 04:30:59.039 E/DisplayDeviceConfig( 1152): requesting nits when no mapping exists.
04-04 04:30:59.039 E/DisplayDeviceConfig( 1152): requesting nits when no mapping exists.
04-04 04:30:59.056 E/DisplayDeviceConfig( 1152): requesting nits when no mapping exists.
04-04 04:30:59.056 E/DisplayDeviceConfig( 1152): requesting nits when no mapping exists.
04-04 04:30:59.072 E/DisplayDeviceConfig( 1152): requesting nits when no mapping exists.
04-04 04:30:59.072 E/DisplayDeviceConfig( 1152): requesting nits when no mapping exists.
04-04 04:30:59.089 E/DisplayDeviceConfig( 1152): requesting nits when no mapping exists.
04-04 04:30:59.089 E/DisplayDeviceConfig( 1152): requesting nits when no mapping exists.
04-04 04:30:59.106 E/DisplayDeviceConfig( 1152): requesting nits when no mapping exists.
04-04 04:30:59.106 E/DisplayDeviceConfig( 1152): requesting nits when no mapping exists.
04-04 04:30:59.123 E/DisplayDeviceConfig( 1152): requesting nits when no mapping exists.
04-04 04:30:59.123 E/DisplayDeviceConfig( 1152): requesting nits when no mapping exists.
04-04 04:30:59.139 E/DisplayDeviceConfig( 1152): requesting nits when no mapping exists.
04-04 04:30:59.140 E/DisplayDeviceConfig( 1152): requesting nits when no mapping exists.
04-04 04:30:59.156 E/DisplayDeviceConfig( 1152): requesting nits when no mapping exists.
04-04 04:30:59.156 E/DisplayDeviceConfig( 1152): requesting nits when no mapping exists.
04-04 04:30:59.172 E/DisplayDeviceConfig( 1152): requesting nits when no mapping exists.
04-04 04:30:59.173 E/DisplayDeviceConfig( 1152): requesting nits when no mapping exists.
04-04 04:30:59.189 E/DisplayDeviceConfig( 1152): requesting nits when no mapping exists.
04-04 04:30:59.189 E/DisplayDeviceConfig( 1152): requesting nits when no mapping exists.
04-04 04:30:59.206 E/DisplayDeviceConfig( 1152): requesting nits when no mapping exists.
04-04 04:30:59.206 E/DisplayDeviceConfig( 1152): requesting nits when no mapping exists.
04-04 04:30:59.223 E/DisplayDeviceConfig( 1152): requesting nits when no mapping exists.
04-04 04:30:59.223 E/DisplayDeviceConfig( 1152): requesting nits when no mapping exists.
04-04 04:30:59.241 E/DisplayDeviceConfig( 1152): requesting nits when no mapping exists.
04-04 04:30:59.242 E/DisplayDeviceConfig( 1152): requesting nits when no mapping exists.
04-04 04:30:59.256 E/DisplayDeviceConfig( 1152): requesting nits when no mapping exists.
04-04 04:30:59.257 E/DisplayDeviceConfig( 1152): requesting nits when no mapping exists.
04-04 04:30:59.262 I/DropBoxManagerService( 1152): add tag=system_server_strictmode isTagEnabled=true flags=0x2
04-04 04:30:59.263 I/DropBoxManagerService( 1152): add tag=system_server_strictmode isTagEnabled=true flags=0x2
04-04 04:30:59.273 E/DisplayDeviceConfig( 1152): requesting nits when no mapping exists.
04-04 04:30:59.273 E/DisplayDeviceConfig( 1152): requesting nits when no mapping exists.
04-04 04:30:59.289 E/DisplayDeviceConfig( 1152): requesting nits when no mapping exists.
04-04 04:30:59.290 E/DisplayDeviceConfig( 1152): requesting nits when no mapping exists.
04-04 04:30:59.306 E/DisplayDeviceConfig( 1152): requesting nits when no mapping exists.
04-04 04:30:59.306 E/DisplayDeviceConfig( 1152): requesting nits when no mapping exists.
04-04 04:30:59.323 E/DisplayDeviceConfig( 1152): requesting nits when no mapping exists.
04-04 04:30:59.323 E/DisplayDeviceConfig( 1152): requesting nits when no mapping exists.
04-04 04:30:59.340 E/DisplayDeviceConfig( 1152): requesting nits when no mapping exists.
04-04 04:30:59.340 E/DisplayDeviceConfig( 1152): requesting nits when no mapping exists.
04-04 04:30:59.356 E/DisplayDeviceConfig( 1152): requesting nits when no mapping exists.
04-04 04:30:59.357 E/DisplayDeviceConfig( 1152): requesting nits when no mapping exists.
04-04 04:30:59.373 E/DisplayDeviceConfig( 1152): requesting nits when no mapping exists.
04-04 04:30:59.373 E/DisplayDeviceConfig( 1152): requesting nits when no mapping exists.
04-04 04:30:59.390 E/DisplayDeviceConfig( 1152): requesting nits when no mapping exists.
04-04 04:30:59.390 E/DisplayDeviceConfig( 1152): requesting nits when no mapping exists.
04-04 04:30:59.407 E/DisplayDeviceConfig( 1152): requesting nits when no mapping exists.
04-04 04:30:59.407 E/DisplayDeviceConfig( 1152): requesting nits when no mapping exists.
04-04 04:30:59.423 E/DisplayDeviceConfig( 1152): requesting nits when no mapping exists.
04-04 04:30:59.423 E/DisplayDeviceConfig( 1152): requesting nits when no mapping exists.
04-04 04:30:59.440 E/DisplayDeviceConfig( 1152): requesting nits when no mapping exists.
04-04 04:30:59.440 E/DisplayDeviceConfig( 1152): requesting nits when no mapping exists.
04-04 04:30:59.457 E/DisplayDeviceConfig( 1152): requesting nits when no mapping exists.
04-04 04:30:59.457 E/DisplayDeviceConfig( 1152): requesting nits when no mapping exists.
04-04 04:30:59.473 E/DisplayDeviceConfig( 1152): requesting nits when no mapping exists.
04-04 04:30:59.474 E/DisplayDeviceConfig( 1152): requesting nits when no mapping exists.
04-04 04:30:59.490 E/DisplayDeviceConfig( 1152): requesting nits when no mapping exists.
04-04 04:30:59.490 E/DisplayDeviceConfig( 1152): requesting nits when no mapping exists.
04-04 04:30:59.507 E/DisplayDeviceConfig( 1152): requesting nits when no mapping exists.
04-04 04:30:59.507 E/DisplayDeviceConfig( 1152): requesting nits when no mapping exists.
04-04 04:30:59.523 E/DisplayDeviceConfig( 1152): requesting nits when no mapping exists.
04-04 04:30:59.524 E/DisplayDeviceConfig( 1152): requesting nits when no mapping exists.
04-04 04:30:59.540 E/DisplayDeviceConfig( 1152): requesting nits when no mapping exists.
04-04 04:30:59.540 E/DisplayDeviceConfig( 1152): requesting nits when no mapping exists.
04-04 04:30:59.557 E/DisplayDeviceConfig( 1152): requesting nits when no mapping exists.
04-04 04:30:59.557 E/DisplayDeviceConfig( 1152): requesting nits when no mapping exists.
04-04 04:30:59.574 E/DisplayDeviceConfig( 1152): requesting nits when no mapping exists.
04-04 04:30:59.574 E/DisplayDeviceConfig( 1152): requesting nits when no mapping exists.
04-04 04:30:59.590 E/DisplayDeviceConfig( 1152): requesting nits when no mapping exists.
04-04 04:30:59.590 E/DisplayDeviceConfig( 1152): requesting nits when no mapping exists.
04-04 04:30:59.607 E/DisplayDeviceConfig( 1152): requesting nits when no mapping exists.
04-04 04:30:59.607 E/DisplayDeviceConfig( 1152): requesting nits when no mapping exists.
04-04 04:30:59.624 E/DisplayDeviceConfig( 1152): requesting nits when no mapping exists.
04-04 04:30:59.624 E/DisplayDeviceConfig( 1152): requesting nits when no mapping exists.
04-04 04:30:59.640 E/DisplayDeviceConfig( 1152): requesting nits when no mapping exists.
04-04 04:30:59.641 E/DisplayDeviceConfig( 1152): requesting nits when no mapping exists.
04-04 04:30:59.657 E/DisplayDeviceConfig( 1152): requesting nits when no mapping exists.
04-04 04:30:59.657 E/DisplayDeviceConfig( 1152): requesting nits when no mapping exists.
04-04 04:30:59.674 E/DisplayDeviceConfig( 1152): requesting nits when no mapping exists.
04-04 04:30:59.674 E/DisplayDeviceConfig( 1152): requesting nits when no mapping exists.
04-04 04:30:59.691 E/DisplayDeviceConfig( 1152): requesting nits when no mapping exists.
04-04 04:30:59.691 E/DisplayDeviceConfig( 1152): requesting nits when no mapping exists.
04-04 04:30:59.707 E/DisplayDeviceConfig( 1152): requesting nits when no mapping exists.
04-04 04:30:59.707 E/DisplayDeviceConfig( 1152): requesting nits when no mapping exists.
04-04 04:30:59.724 E/DisplayDeviceConfig( 1152): requesting nits when no mapping exists.
04-04 04:30:59.724 E/DisplayDeviceConfig( 1152): requesting nits when no mapping exists.
04-04 04:30:59.741 E/DisplayDeviceConfig( 1152): requesting nits when no mapping exists.
04-04 04:30:59.741 E/DisplayDeviceConfig( 1152): requesting nits when no mapping exists.
04-04 04:30:59.757 E/DisplayDeviceConfig( 1152): requesting nits when no mapping exists.
04-04 04:30:59.758 E/DisplayDeviceConfig( 1152): requesting nits when no mapping exists.
04-04 04:30:59.774 E/DisplayDeviceConfig( 1152): requesting nits when no mapping exists.
04-04 04:30:59.774 E/DisplayDeviceConfig( 1152): requesting nits when no mapping exists.
04-04 04:30:59.791 E/DisplayDeviceConfig( 1152): requesting nits when no mapping exists.
04-04 04:30:59.791 E/DisplayDeviceConfig( 1152): requesting nits when no mapping exists.
04-04 04:30:59.807 E/DisplayDeviceConfig( 1152): requesting nits when no mapping exists.
04-04 04:30:59.808 E/DisplayDeviceConfig( 1152): requesting nits when no mapping exists.
04-04 04:30:59.824 E/DisplayDeviceConfig( 1152): requesting nits when no mapping exists.
04-04 04:30:59.824 E/DisplayDeviceConfig( 1152): requesting nits when no mapping exists.
04-04 04:30:59.841 E/DisplayDeviceConfig( 1152): requesting nits when no mapping exists.
04-04 04:30:59.841 E/DisplayDeviceConfig( 1152): requesting nits when no mapping exists.
04-04 04:30:59.858 E/DisplayDeviceConfig( 1152): requesting nits when no mapping exists.
04-04 04:30:59.858 E/DisplayDeviceConfig( 1152): requesting nits when no mapping exists.
04-04 04:30:59.874 E/DisplayDeviceConfig( 1152): requesting nits when no mapping exists.
04-04 04:30:59.875 E/DisplayDeviceConfig( 1152): requesting nits when no mapping exists.
04-04 04:30:59.891 E/DisplayDeviceConfig( 1152): requesting nits when no mapping exists.
04-04 04:30:59.891 E/DisplayDeviceConfig( 1152): requesting nits when no mapping exists.
04-04 04:30:59.908 E/DisplayDeviceConfig( 1152): requesting nits when no mapping exists.
04-04 04:30:59.908 E/DisplayDeviceConfig( 1152): requesting nits when no mapping exists.
04-04 04:31:03.016 W/FreeFormWindowHelper( 1152): Current Display FreeFormTask is null
04-04 04:31:03.017 I/DreamManagerService( 1152): Gently waking up from dream.
04-04 04:31:03.019 W/FreeFormWindowHelper( 1152): Current Display FreeFormTask is null
04-04 04:31:03.019 W/FreeFormWindowHelper( 1152): Current Display FreeFormTask is null
04-04 04:31:03.019 I/DreamManagerService( 1152): Performing gentle wake from dream.
04-04 04:31:03.025 W/FreeFormWindowHelper( 1152): Current Display FreeFormTask is null
04-04 04:31:03.027 W/FreeFormWindowHelper( 1152): Current Display FreeFormTask is null
04-04 04:31:03.034 W/FreeFormWindowHelper( 1152): Current Display FreeFormTask is null
04-04 04:31:03.035 W/FreeFormWindowHelper( 1152): Current Display FreeFormTask is null
04-04 04:31:03.036 W/FreeFormWindowHelper( 1152): Current Display FreeFormTask is null
04-04 04:31:03.039 I/ActivityTaskManager( 1152): FOREGROUND_APPLICATION_CHANGED to com.android.launcher3.uioverrides.QuickstepLauncher
04-04 04:31:03.059 D/AutofillManagerService( 1152): Close system dialogs
04-04 04:31:03.089 W/ActivityTaskManager( 1152): getTaskSnapshot: taskId=291 not found
04-04 04:31:03.090 I/PowerManagerService( 1152): Powering on display group fromDreaming (groupId=0, uid=1000, reason=WAKE_REASON_UNKNOWN, details=android.server.power:DREAM_FINISHED)...
04-04 04:31:03.090 I/PowerManagerService( 1152): Waking up from Dreaming (uid=1000, reason=WAKE_REASON_UNKNOWN, details=android.server.power:DREAM_FINISHED)...
04-04 04:31:03.094 W/FreeFormWindowHelper( 1152): Current Display FreeFormTask is null
04-04 04:31:03.094 W/FreeFormWindowHelper( 1152): Current Display FreeFormTask is null
04-04 04:31:03.095 W/FreeFormWindowHelper( 1152): Current Display FreeFormTask is null
04-04 04:31:03.096 W/FreeFormWindowHelper( 1152): Current Display FreeFormTask is null
04-04 04:31:03.104 W/ActivityTaskManager( 1152): getTaskSnapshot: taskId=360 not found
04-04 04:31:03.106 W/ActivityTaskManager( 1152): getTaskSnapshot: taskId=360 not found
04-04 04:31:03.106 W/ActivityTaskManager( 1152): getTaskSnapshot: taskId=360 not found
04-04 04:31:03.106 W/FreeFormWindowHelper( 1152): Current Display FreeFormTask is null
04-04 04:31:03.106 W/FreeFormWindowHelper( 1152): Current Display FreeFormTask is null
04-04 04:31:03.106 W/ActivityTaskManager( 1152): getTaskSnapshot: taskId=360 not found
04-04 04:31:03.107 W/ActivityTaskManager( 1152): getTaskSnapshot: taskId=360 not found
04-04 04:31:03.151 W/FreeFormWindowHelper( 1152): Current Display FreeFormTask is null
04-04 04:31:03.154 W/FreeFormWindowHelper( 1152): Current Display FreeFormTask is null
04-04 04:31:03.157 W/FreeFormWindowHelper( 1152): Current Display FreeFormTask is null
04-04 04:31:03.158 W/FreeFormWindowHelper( 1152): Current Display FreeFormTask is null
04-04 04:31:03.161 W/FreeFormWindowHelper( 1152): Current Display FreeFormTask is null
04-04 04:31:03.170 I/DreamManagerService( 1152): Leaving dreamland.
04-04 04:31:03.171 I/DreamManagerService( 1152): Performing gentle wake from dream.
04-04 04:31:03.171 I/DreamController( 1152): Stopping dream: name=ComponentInfo{com.thundercomm.screensaver/com.thundercomm.screensaver.service.SystemDream}, isTest=false, canDoze=false, userId=0, reason='finished self'(from 'finished self')
04-04 04:31:03.185 W/FreeFormWindowHelper( 1152): exitRecentTasks type=0
04-04 04:31:03.191 W/FreeFormWindowHelper( 1152): Current Display FreeFormTask is null
04-04 04:31:03.191 W/FreeFormWindowHelper( 1152): Current Display FreeFormTask is null
04-04 04:31:03.198 W/ActivityTaskManager( 1152): Can't find TaskDisplayArea to determine support for multi window. Task id=30 attached=false
04-04 04:31:03.233 W/ActivityTaskManager( 1152): getTaskSnapshot: taskId=420 not found
04-04 04:31:03.235 W/ActivityTaskManager( 1152): getTaskSnapshot: taskId=420 not found
04-04 04:31:03.236 W/ActivityTaskManager( 1152): getTaskSnapshot: taskId=420 not found
04-04 04:31:03.236 W/ActivityTaskManager( 1152): getTaskSnapshot: taskId=420 not found
04-04 04:31:03.236 W/ActivityTaskManager( 1152): getTaskSnapshot: taskId=420 not found
04-04 04:31:03.250 W/FreeFormWindowHelper( 1152): Current Display FreeFormTask is null
04-04 04:31:03.250 W/FreeFormWindowHelper( 1152): Current Display FreeFormTask is null
04-04 04:31:03.923 W/FreeFormWindowHelper( 1152): Current Display FreeFormTask is null
04-04 04:31:03.923 W/FreeFormWindowHelper( 1152): Current Display FreeFormTask is null
04-04 04:31:04.040 W/FreeFormWindowHelper( 1152): Current Display FreeFormTask is null
01-01 08:02:06.215 W/audit ( 0): audit_lost=34 audit_rate_limit=5 audit_backlog_limit=64
01-01 08:02:06.224 E/audit ( 0): rate limit exceeded
01-01 08:02:32.540 I/perf ( 0): interrupt took too long (3181 > 3167), lowering kernel.perf_event_max_sample_rate to 62750
04-12 11:54:00.003 E/LazyAlarmStore( 1152): Removed TIME_TICK alarm
04-12 11:54:00.006 I/DropBoxManagerService( 1152): add tag=system_server_wtf isTagEnabled=true flags=0x2
04-12 11:54:00.013 D/CompatibilityChangeReporter( 1152): Compat change id reported: 171306433; UID 1000; state: ENABLED
04-12 11:54:00.079 D/DevicePolicyManager( 1152): updateSystemUpdateFreezePeriodsRecord
04-12 11:54:00.080 I/JobScheduler( 1152): RTC now valid; recalculating persisted job windows
04-12 11:54:00.081 D/CompatibilityChangeReporter( 1152): Compat change id reported: 135634846; UID 10053; state: DISABLED
04-12 11:54:00.082 D/CompatibilityChangeReporter( 1152): Compat change id reported: 177438394; UID 10053; state: DISABLED
04-12 11:54:00.082 D/CompatibilityChangeReporter( 1152): Compat change id reported: 135772972; UID 10053; state: DISABLED
04-12 11:54:00.082 D/CompatibilityChangeReporter( 1152): Compat change id reported: 135754954; UID 10053; state: ENABLED
04-12 11:54:00.082 D/CompatibilityChangeReporter( 1152): Compat change id reported: 143937733; UID 10053; state: ENABLED
04-12 11:54:00.083 W/SyncManager( 1152): Clock is valid now.
04-12 11:54:00.083 D/ConditionProviders.SCP( 1152): onReceive android.intent.action.TIME_SET
04-12 11:54:00.083 D/ConditionProviders.SCP( 1152): evaluateSubscriptionLocked cal=ScheduleCalendar[mDays={1, 2, 3, 4, 5, 6, 7}, mSchedule=ScheduleInfo{days=[1, 2, 3, 4, 5, 6, 7], startHour=22, startMinute=0, endHour=7, endMinute=0, exitAtAlarm=true, nextAlarm=Thu Jan 01 08:00:00 GMT+08:00 1970 (0)}], now=Wed Apr 12 11:54:00 GMT+08:00 2023 (1681271640083), nextUserAlarmTime=Thu Jan 01 08:00:00 GMT+08:00 1970 (0)
04-12 11:54:00.083 D/ConditionProviders.SCP( 1152): notifyCondition condition://android/schedule?days=1.2.3.4.5.6.7&start=22.0&end=7.0&exitAtAlarm=true STATE_FALSE reason=!meetsSchedule
04-12 11:54:00.084 W/ContextImpl( 2607): Calling a method in the system process without a qualified user: android.app.ContextImpl.startService:1816 android.content.ContextWrapper.startService:774 com.qualcomm.qti.qdma.util.PeriodicCI.run:477 com.qualcomm.qti.qdma.util.PeriodicCI.checkStart:413 com.qualcomm.qti.qdma.util.PeriodicCI.access$500:39
04-12 11:54:00.084 D/ConditionProviders.SCP( 1152): Scheduling evaluate for Wed Apr 12 22:00:00 GMT+08:00 2023 (1681308000000), in +10h5m59s917ms, now=Wed Apr 12 11:54:00 GMT+08:00 2023 (1681271640083)
04-12 11:54:00.104 I/GameModeConfig( 1152): isGameModeOn = false
04-12 11:54:00.120 I/ActivityManager( 1152): Start proc 4920:com.qualcomm.timeservice/u0a53 for broadcast {com.qualcomm.timeservice/com.qualcomm.timeservice.TimeServiceBroadcastReceiver}
04-12 11:54:00.122 D/CompatibilityChangeReporter( 1152): Compat change id reported: 143231523; UID 1000; state: DISABLED
04-12 11:54:00.144 I/UsageStatsService( 1152): User[0] Time changed in by 717739 seconds
04-12 11:54:00.144 I/UsageStatsService( 1152): User[0] Flushing usage stats to disk
01-01 08:02:38.391 I/binder ( 0): 4920:4920 ioctl 40046210 7ffe7f3634 returned -22
04-12 11:54:00.169 D/CompatibilityChangeReporter( 1152): Compat change id reported: 168419799; UID 10053; state: DISABLED
04-12 11:54:00.171 W/ContextImpl( 2607): Calling a method in the system process without a qualified user: android.app.ContextImpl.sendBroadcast:1188 android.content.ContextWrapper.sendBroadcast:484 com.qualcomm.qti.qdma.app.ActiveCareService$ProcessSessionRequest.run:536 java.lang.Thread.run:920
04-12 11:54:00.183 I/UsageStatsDatabase( 1152): Time changed by +8d7h22m19s343ms. files deleted: 0 files moved: 4
04-12 11:54:00.198 I/UsageStatsService( 1152): User[0] Rollover scheduled @ 2023-04-13 11:52:17(1681357937027)
04-12 11:54:00.275 E/DiscreteRegistry( 1152): Deleting file 1680553802611tl
04-12 11:54:01.719 W/ContextImpl( 2607): Calling a method in the system process without a qualified user: android.app.ContextImpl.stopService:1828 android.content.ContextWrapper.stopService:784 com.qualcomm.qti.qdma.app.ApplicationManager$1.run:2494 java.util.TimerThread.mainLoop:562 java.util.TimerThread.run:512
04-12 11:54:02.023 W/ContextImpl( 2230): Calling a method in the system process without a qualified user: android.app.ContextImpl.sendBroadcast:1173 android.content.ContextWrapper.sendBroadcast:479 com.thundercomm.microsettings.action.SetTimeAction.timeUpdated:212 com.thundercomm.microsettings.action.SetTimeAction.update24HourFormat:190 com.thundercomm.microsettings.action.SetTimeAction.doActualAction:154
04-12 11:54:02.046 D/DevicePolicyManager( 1152): updateSystemUpdateFreezePeriodsRecord
04-12 11:54:02.046 D/ConditionProviders.SCP( 1152): onReceive android.intent.action.TIME_SET
04-12 11:54:02.047 D/ConditionProviders.SCP( 1152): evaluateSubscriptionLocked cal=ScheduleCalendar[mDays={1, 2, 3, 4, 5, 6, 7}, mSchedule=ScheduleInfo{days=[1, 2, 3, 4, 5, 6, 7], startHour=22, startMinute=0, endHour=7, endMinute=0, exitAtAlarm=true, nextAlarm=Thu Jan 01 08:00:00 GMT+08:00 1970 (0)}], now=Wed Apr 12 11:54:02 GMT+08:00 2023 (1681271642046), nextUserAlarmTime=Thu Jan 01 08:00:00 GMT+08:00 1970 (0)
04-12 11:54:02.048 D/ConditionProviders.SCP( 1152): notifyCondition condition://android/schedule?days=1.2.3.4.5.6.7&start=22.0&end=7.0&exitAtAlarm=true STATE_FALSE reason=!meetsSchedule
04-12 11:54:02.048 D/ConditionProviders.SCP( 1152): Scheduling evaluate for Wed Apr 12 22:00:00 GMT+08:00 2023 (1681308000000), in +10h5m57s954ms, now=Wed Apr 12 11:54:02 GMT+08:00 2023 (1681271642046)
04-12 11:54:15.443 V/DisplayPowerController[0]( 1152): Brightness [0.05] reason changing to: 'manual [ dim ]', previous reason: 'manual'.
04-12 11:54:15.446 W/PowerManagerService( 1152): Screen on took 53013 ms
04-12 11:54:15.456 E/DisplayDeviceConfig( 1152): requesting nits when no mapping exists.
04-12 11:54:15.461 I/DropBoxManagerService( 1152): add tag=system_server_wtf isTagEnabled=true flags=0x2
04-12 11:54:15.468 E/DisplayDeviceConfig( 1152): requesting nits when no mapping exists.
04-12 11:54:15.473 I/DropBoxManagerService( 1152): add tag=system_server_wtf isTagEnabled=true flags=0x2
04-12 11:54:15.476 E/DisplayDeviceConfig( 1152): requesting nits when no mapping exists.
04-12 11:54:15.477 E/DisplayDeviceConfig( 1152): requesting nits when no mapping exists.
04-12 11:54:15.479 I/DropBoxManagerService( 1152): add tag=system_server_wtf isTagEnabled=true flags=0x2
