01-01 08:00:44.819 I/PackageManagerTiming( 1152): read user settings
01-01 08:00:44.913 W/QSEECOM ( 0): qseecom_load_app: App (featenabler) does'nt exist, loading apps for first time
01-01 08:00:44.914 E/kona-asoc-snd soc( 0): qcom,msm-audio-apr:qcom,q6core-audio:sound: ASoC: no source widget found for MIC BIAS1
01-01 08:00:44.929 E/kona-asoc-snd soc( 0): qcom,msm-audio-apr:qcom,q6core-audio:sound: ASoC: Failed to add route MIC BIAS1 -> direct -> AMIC1
01-01 08:00:44.931 D/cnss ( 0): Sending respond memory message, state: 0x9
01-01 08:00:44.936 W/ProcessCpuTracker( 1152): Failed to stat(/proc/1399): android.system.ErrnoException: stat failed: ENOENT (No such file or directory)
01-01 08:00:44.936 W/ProcessCpuTracker( 1152): Skipping unknown process pid 1399
01-01 08:00:44.943 E/kona-asoc-snd soc( 0): qcom,msm-audio-apr:qcom,q6core-audio:sound: ASoC: no sink widget found for MIC BIAS1
01-01 08:00:44.954 E/kona-asoc-snd soc( 0): qcom,msm-audio-apr:qcom,q6core-audio:sound: ASoC: Failed to add route Analog Mic1 -> direct -> MIC BIAS1
01-01 08:00:44.956 D/cnss ( 0): Memory for FW, va: 0xffffff8025292000, pa: 0x00000000a1000000, size: 0x5e0000, type: 1
01-01 08:00:44.958 W/subsys-pil-tz soc( 0): qcom,kgsl-hyp: Falling back to syfs fallback for: a650_zap.mdt
01-01 08:00:44.964 I/binder ( 0): 1505:1505 ioctl 40046210 7fe747dac4 returned -22
01-01 08:00:44.966 I/binder ( 0): 1505:1505 ioctl 40046210 7fe747d8f4 returned -22
01-01 08:00:44.969 E/kona-asoc-snd soc( 0): qcom,msm-audio-apr:qcom,q6core-audio:sound: ASoC: no source widget found for MIC BIAS2
01-01 08:00:44.973 I/ueventd ( 0): firmware: loading 'a650_zap.mdt' for '/devices/platform/soc/soc:qcom,kgsl-hyp/firmware/a650_zap.mdt'
01-01 08:00:44.976 D/cnss ( 0): Memory for FW, va: 0xffffff801d302000, pa: 0x00000000a1600000, size: 0xd8000, type: 4
01-01 08:00:44.980 E/kona-asoc-snd soc( 0): qcom,msm-audio-apr:qcom,q6core-audio:sound: ASoC: Failed to add route MIC BIAS2 -> direct -> AMIC2
01-01 08:00:44.983 I/ueventd ( 0): loading /devices/platform/soc/soc:qcom,kgsl-hyp/firmware/a650_zap.mdt took 9ms
01-01 08:00:44.988 D/cnss ( 0): PM relax, state: 0x9, count: 0
01-01 08:00:44.989 D/cnss ( 0): Received QMI WLFW FW memory ready indication
01-01 08:00:44.936 W/ProcessCpuTracker( 1152): Failed to stat(/proc/1407): android.system.ErrnoException: stat failed: ENOENT (No such file or directory)
01-01 08:00:44.982 W/android.permission.PermissionManager( 1152): Missing ActivityManager; assuming 1000 holds android.permission.SET_PREFERRED_APPLICATIONS
01-01 08:00:44.982 W/ProcessCpuTracker( 1152): Skipping unknown process pid 1407
01-01 08:00:44.983 W/ProcessCpuTracker( 1152): Failed to stat(/proc/1409): android.system.ErrnoException: stat failed: ENOENT (No such file or directory)
01-01 08:00:44.989 D/cnss ( 0): Posting event: FW_MEM_READY(3), state: 0x9 flags: 0x0
01-01 08:00:44.983 W/ProcessCpuTracker( 1152): Skipping unknown process pid 1409
01-01 08:00:44.985 W/ProcessCpuTracker( 1152): Failed to stat(/proc/1434): android.system.ErrnoException: stat failed: ENOENT (No such file or directory)
01-01 08:00:44.985 W/ProcessCpuTracker( 1152): Skipping unknown process pid 1434
01-01 08:00:44.987 W/android.permission.PermissionManager( 1152): Missing ActivityManager; assuming 1000 holds android.permission.SET_PREFERRED_APPLICATIONS
01-01 08:00:44.989 W/android.permission.PermissionManager( 1152): Missing ActivityManager; assuming 1000 holds android.permission.SET_PREFERRED_APPLICATIONS
01-01 08:00:44.990 W/android.permission.PermissionManager( 1152): Missing ActivityManager; assuming 1000 holds android.permission.SET_PREFERRED_APPLICATIONS
01-01 08:00:44.990 W/android.permission.PermissionManager( 1152): Missing ActivityManager; assuming 1000 holds android.permission.SET_PREFERRED_APPLICATIONS
01-01 08:00:44.990 W/android.permission.PermissionManager( 1152): Missing ActivityManager; assuming 1000 holds android.permission.SET_PREFERRED_APPLICATIONS
01-01 08:00:44.991 W/android.permission.PermissionManager( 1152): Missing ActivityManager; assuming 1000 holds android.permission.SET_PREFERRED_APPLICATIONS
01-01 08:00:44.991 W/android.permission.PermissionManager( 1152): Missing ActivityManager; assuming 1000 holds android.permission.SET_PREFERRED_APPLICATIONS
01-01 08:00:44.992 W/android.permission.PermissionManager( 1152): Missing ActivityManager; assuming 1000 holds android.permission.SET_PREFERRED_APPLICATIONS
01-01 08:00:44.989 D/cnss ( 0): PM stay awake, state: 0x9, count: 1
01-01 08:00:44.989 D/cnss ( 0): PM relax, state: 0x9, count: 0
01-01 08:00:44.989 D/cnss ( 0): PM stay awake, state: 0x9, count: 1
01-01 08:00:44.989 D/cnss ( 0): Processing driver event: FW_MEM_READY(3), state: 0x9
01-01 08:00:44.989 D/cnss ( 0): Sending target capability message, state: 0xb
01-01 08:00:44.994 D/cnss ( 0): Voltage for CPR: 948mV
01-01 08:00:44.994 D/cnss ( 0): Got voltage 800mV from i: 0, j: 0
01-01 08:00:44.994 D/cnss ( 0): Got voltage 1012mV from i: 4, j: 1
01-01 08:00:44.994 D/cnss ( 0): Update TCS CMD data address 0x000000000b2e5844 with voltage 950mV
01-01 08:00:44.994 D/cnss ( 0): Device frequency is 24000000 HZ
01-01 08:00:44.994 D/cnss ( 0): Target capability: chip_id: 0x0, chip_family: 0xb, board_id: 0xff, soc_id: 0xffffffff, fw_version: 0x101a0521, fw_build_timestamp: 2021-12-20 07:54, fw_build_id: QC_IMAGE_VERSION_STRING=WLAN.HST.1.0.1.r1-01313-QCAHSTSWPL_SILICONZ-1, otp_version: 0x0
01-01 08:00:44.994 D/cnss ( 0): Sending BDF download message, state: 0xb, type: 4
01-01 08:00:44.994 D/cnss ( 0): FW name added with prefix: qca6390/regdb.bin
01-01 08:00:44.994 E/kona-asoc-snd soc( 0): qcom,msm-audio-apr:qcom,q6core-audio:sound: ASoC: no sink widget found for MIC BIAS2
01-01 08:00:44.995 W/cnss2 b0000000.qcom,cnss-qca6390( 0): Falling back to syfs fallback for: qca6390/regdb.bin
01-01 08:00:45.004 W/QSEECOM ( 0): qseecom_load_app: App with id 5 (featenabler) now loaded
01-01 08:00:45.005 E/kona-asoc-snd soc( 0): qcom,msm-audio-apr:qcom,q6core-audio:sound: ASoC: Failed to add route Analog Mic2 -> direct -> MIC BIAS2
01-01 08:00:45.007 I/subsys-pil-tz soc( 0): qcom,kgsl-hyp: a650_zap: loading from 0x00000000fcf00000 to 0x00000000fcf01000
01-01 08:00:45.018 E/kona-asoc-snd soc( 0): qcom,msm-audio-apr:qcom,q6core-audio:sound: ASoC: no source widget found for MIC BIAS3
01-01 08:00:45.023 W/subsys-pil-tz soc( 0): qcom,kgsl-hyp: Falling back to syfs fallback for: a650_zap.b02
01-01 08:00:45.034 E/kona-asoc-snd soc( 0): qcom,msm-audio-apr:qcom,q6core-audio:sound: ASoC: Failed to add route MIC BIAS3 -> direct -> AMIC3
01-01 08:00:45.046 I/ueventd ( 0): firmware: loading 'a650_zap.b02' for '/devices/platform/soc/soc:qcom,kgsl-hyp/firmware/a650_zap.b02'
01-01 08:00:45.025 W/android.permission.PermissionManager( 1152): Missing ActivityManager; assuming 1000 holds android.permission.SET_PREFERRED_APPLICATIONS
01-01 08:00:45.026 W/android.permission.PermissionManager( 1152): Missing ActivityManager; assuming 1000 holds android.permission.SET_PREFERRED_APPLICATIONS
01-01 08:00:45.027 W/android.permission.PermissionManager( 1152): Missing ActivityManager; assuming 1000 holds android.permission.SET_PREFERRED_APPLICATIONS
01-01 08:00:45.027 W/android.permission.PermissionManager( 1152): Missing ActivityManager; assuming 1000 holds android.permission.SET_PREFERRED_APPLICATIONS
01-01 08:00:45.030 W/android.permission.PermissionManager( 1152): Missing ActivityManager; assuming 1000 holds android.permission.SET_PREFERRED_APPLICATIONS
01-01 08:00:45.030 W/android.permission.PermissionManager( 1152): Missing ActivityManager; assuming 1000 holds android.permission.SET_PREFERRED_APPLICATIONS
01-01 08:00:45.030 W/android.permission.PermissionManager( 1152): Missing ActivityManager; assuming 1000 holds android.permission.SET_PREFERRED_APPLICATIONS
01-01 08:00:45.031 W/android.permission.PermissionManager( 1152): Missing ActivityManager; assuming 1000 holds android.permission.SET_PREFERRED_APPLICATIONS
01-01 08:00:45.031 W/android.permission.PermissionManager( 1152): Missing ActivityManager; assuming 1000 holds android.permission.SET_PREFERRED_APPLICATIONS
01-01 08:00:45.031 W/android.permission.PermissionManager( 1152): Missing ActivityManager; assuming 1000 holds android.permission.SET_PREFERRED_APPLICATIONS
01-01 08:00:45.032 W/android.permission.PermissionManager( 1152): Missing ActivityManager; assuming 1000 holds android.permission.SET_PREFERRED_APPLICATIONS
01-01 08:00:45.032 W/android.permission.PermissionManager( 1152): Missing ActivityManager; assuming 1000 holds android.permission.SET_PREFERRED_APPLICATIONS
01-01 08:00:45.033 W/android.permission.PermissionManager( 1152): Missing ActivityManager; assuming 1000 holds android.permission.SET_PREFERRED_APPLICATIONS
01-01 08:00:45.050 I/ueventd ( 0): loading /devices/platform/soc/soc:qcom,kgsl-hyp/firmware/a650_zap.b02 took 3ms
01-01 08:00:45.033 W/android.permission.PermissionManager( 1152): Missing ActivityManager; assuming 1000 holds android.permission.SET_PREFERRED_APPLICATIONS
01-01 08:00:45.033 W/android.permission.PermissionManager( 1152): Missing ActivityManager; assuming 1000 holds android.permission.SET_PREFERRED_APPLICATIONS
01-01 08:00:45.034 W/android.permission.PermissionManager( 1152): Missing ActivityManager; assuming 1000 holds android.permission.SET_PREFERRED_APPLICATIONS
01-01 08:00:45.034 W/android.permission.PermissionManager( 1152): Missing ActivityManager; assuming 1000 holds android.permission.SET_PREFERRED_APPLICATIONS
01-01 08:00:45.038 W/android.permission.PermissionManager( 1152): Missing ActivityManager; assuming 1000 holds android.permission.SET_PREFERRED_APPLICATIONS
01-01 08:00:45.039 W/android.permission.PermissionManager( 1152): Missing ActivityManager; assuming 1000 holds android.permission.SET_PREFERRED_APPLICATIONS
01-01 08:00:45.041 W/android.permission.PermissionManager( 1152): Missing ActivityManager; assuming 1000 holds android.permission.SET_PREFERRED_APPLICATIONS
01-01 08:00:45.042 W/android.permission.PermissionManager( 1152): Missing ActivityManager; assuming 1000 holds android.permission.SET_PREFERRED_APPLICATIONS
01-01 08:00:45.042 W/android.permission.PermissionManager( 1152): Missing ActivityManager; assuming 1000 holds android.permission.SET_PREFERRED_APPLICATIONS
01-01 08:00:45.042 W/android.permission.PermissionManager( 1152): Missing ActivityManager; assuming 1000 holds android.permission.SET_PREFERRED_APPLICATIONS
01-01 08:00:45.052 I/subsys-pil-tz soc( 0): qcom,kgsl-hyp: a650_zap: Brought out of reset
01-01 08:00:45.054 E/kona-asoc-snd soc( 0): qcom,msm-audio-apr:qcom,q6core-audio:sound: ASoC: no sink widget found for MIC BIAS3
01-01 08:00:45.058 E/mv2112_update_link( 0): link 0x4
01-01 08:00:45.068 I/IPv6 ( 0): ADDRCONF(NETDEV_UP): vlan0: link is not ready
01-01 08:00:45.070 W/ ( 0): ------------[ cut here ]------------
01-01 08:00:45.070 W/ ( 0): Unbalanced enable for IRQ 402
01-01 08:00:45.070 W/ ( 0): WARNING: CPU: 2 PID: 30 at kernel/irq/manage.c:621 enable_irq+0x98/0xf0
01-01 08:00:45.070 I/ ( 0): Modules linked in: wlan(O+) tsnv(O) machine_dlkm(O) wcd938x_slave_dlkm(O) wcd938x_dlkm(O) wcd9xxx_dlkm(O) mbhc_dlkm(O) tx_macro_dlkm(O) rx_macro_dlkm(O) va_macro_dlkm(O) wsa_macro_dlkm(O) swr_ctrl_dlkm(O) bolero_cdc_dlkm(O) wsa881x_dlkm(O) wcd_core_dlkm(O) stub_dlkm(O) hdmi_dlkm(O) swr_dlkm(O) pinctrl_lpi_dlkm(O) pinctrl_wcd_dlkm(O) usf_dlkm(O) native_dlkm(O) platform_dlkm(O) q6_dlkm(O) adsp_loader_dlkm(O) apr_dlkm(O) snd_event_dlkm(O) q6_notifier_dlkm(O) q6_pdr_dlkm(O) msm_11ad_proxy
01-01 08:00:45.070 I/ ( 0): CPU: 2 PID: 30 Comm: kworker/2:0 Tainted: G S O 4.19.157+ #1
01-01 08:00:45.070 I/Hardware name( 0): Qualcomm Technologies, Inc. kona MTP-RmPM8150b. VX1(MCE) EVT1 (DT)
01-01 08:00:45.070 I/Workqueue( 0): pm pm_runtime_work
01-01 08:00:45.070 I/pstate ( 0): 60c00085 (nZCv daIf +PAN +UAO)
01-01 08:00:45.070 I/pc ( 0): enable_irq+0x98/0xf0
01-01 08:00:45.070 I/lr ( 0): enable_irq+0x98/0xf0
01-01 08:00:45.070 I/sp ( 0): ffffff80082c3af0
01-01 08:00:45.070 I/ ( 0): x29: ffffff80082c3b00 x28: 0000000000000002
01-01 08:00:45.070 I/ ( 0): x27: 0000000000000000 x26: ffffffc30ffc3bfd
01-01 08:00:45.070 I/ ( 0): x25: 0000000000000000 x24: ffffffa55cb72cd0
01-01 08:00:45.070 I/ ( 0): x23: ffffffc30ffc1f59 x22: ffffffc30ffc39c8
01-01 08:00:45.070 I/ ( 0): x21: ffffffc310b68090 x20: 0000000000000192
01-01 08:00:45.070 I/ ( 0): x19: ffffffc2fa6de680 x18: 0000000000000030
01-01 08:00:45.070 I/ ( 0): x17: ffffffa55fd3e000 x16: 00000000fffca6c8
01-01 08:00:45.070 I/ ( 0): x15: 00000000000ca6c8 x14: 0000000000000086
01-01 08:00:45.070 I/ ( 0): x13: 0000000000000000 x12: 00000000000000e0
01-01 08:00:45.070 I/ ( 0): x11: 0000000000000000 x10: 0000000000000000
01-01 08:00:45.070 I/ ( 0): x9 : d1b81b62a44cf700 x8 : d1b81b62a44cf700
01-01 08:00:45.070 I/ ( 0): x7 : ffffffa55c3826c0 x6 : 0000000000000000
01-01 08:00:45.070 I/ ( 0): x5 : 0000000000000080 x4 : 0000000000000001
01-01 08:00:45.070 I/ ( 0): x3 : 0000000000000000 x2 : 0000000000000005
01-01 08:00:45.070 I/ ( 0): x1 : 0000000000000005 x0 : 000000000000001d
01-01 08:00:45.070 I/Call trace( 0):
01-01 08:00:45.070 I/ ( 0): enable_irq+0x98/0xf0
01-01 08:00:45.070 I/ ( 0): swrm_runtime_suspend+0x480/0x608 [swr_ctrl_dlkm]
01-01 08:00:45.070 I/ ( 0): pm_generic_runtime_suspend+0x34/0x48
01-01 08:00:45.070 I/ ( 0): __rpm_callback+0x128/0x230
01-01 08:00:45.070 I/ ( 0): rpm_suspend+0x468/0x820
01-01 08:00:45.070 I/ ( 0): rpm_idle+0x5bc/0x600
01-01 08:00:45.070 I/ ( 0): pm_runtime_work+0x7c/0xa8
01-01 08:00:45.070 I/ ( 0): process_one_work+0x38c/0x660
01-01 08:00:45.070 I/ ( 0): worker_thread+0x268/0x4b8
01-01 08:00:45.070 I/ ( 0): kthread+0x140/0x150
01-01 08:00:45.070 I/ ( 0): ret_from_fork+0x10/0x1c
01-01 08:00:45.070 I/ ( 0): irq event stamp: 2732
01-01 08:00:45.070 I/ ( 0): hardirqs last enabled at (2731): [] _raw_spin_unlock_irqrestore+0x44/0x88
01-01 08:00:45.070 I/ ( 0): hardirqs last disabled at (2732): [] _raw_spin_lock_irqsave+0x28/0x98
01-01 08:00:45.071 I/ ( 0): softirqs last enabled at (2602): [] __do_softirq+0x50c/0x554
01-01 08:00:45.071 I/ ( 0): softirqs last disabled at (2587): [] irq_exit+0xfc/0x120
01-01 08:00:45.071 W/ ( 0): ---[ end trace 299538327909288d ]---
01-01 08:00:45.071 E/kona-asoc-snd soc( 0): qcom,msm-audio-apr:qcom,q6core-audio:sound: ASoC: Failed to add route Analog Mic3 -> direct -> MIC BIAS3
01-01 08:00:45.078 I/binder ( 0): 1530:1530 ioctl 40046210 7fcf23dd94 returned -22
01-01 08:00:45.084 E/kona-asoc-snd soc( 0): qcom,msm-audio-apr:qcom,q6core-audio:sound: ASoC: no source widget found for MIC BIAS3
01-01 08:00:45.043 W/android.permission.PermissionManager( 1152): Missing ActivityManager; assuming 1000 holds android.permission.SET_PREFERRED_APPLICATIONS
01-01 08:00:45.043 W/android.permission.PermissionManager( 1152): Missing ActivityManager; assuming 1000 holds android.permission.SET_PREFERRED_APPLICATIONS
01-01 08:00:45.044 W/android.permission.PermissionManager( 1152): Missing ActivityManager; assuming 1000 holds android.permission.SET_PREFERRED_APPLICATIONS
01-01 08:00:45.044 W/android.permission.PermissionManager( 1152): Missing ActivityManager; assuming 1000 holds android.permission.SET_PREFERRED_APPLICATIONS
01-01 08:00:45.044 W/android.permission.PermissionManager( 1152): Missing ActivityManager; assuming 1000 holds android.permission.SET_PREFERRED_APPLICATIONS
01-01 08:00:45.045 W/android.permission.PermissionManager( 1152): Missing ActivityManager; assuming 1000 holds android.permission.SET_PREFERRED_APPLICATIONS
01-01 08:00:45.045 W/android.permission.PermissionManager( 1152): Missing ActivityManager; assuming 1000 holds android.permission.SET_PREFERRED_APPLICATIONS
01-01 08:00:45.045 W/android.permission.PermissionManager( 1152): Missing ActivityManager; assuming 1000 holds android.permission.SET_PREFERRED_APPLICATIONS
01-01 08:00:45.046 W/android.permission.PermissionManager( 1152): Missing ActivityManager; assuming 1000 holds android.permission.SET_PREFERRED_APPLICATIONS
01-01 08:00:45.046 W/android.permission.PermissionManager( 1152): Missing ActivityManager; assuming 1000 holds android.permission.SET_PREFERRED_APPLICATIONS
01-01 08:00:45.046 W/android.permission.PermissionManager( 1152): Missing ActivityManager; assuming 1000 holds android.permission.SET_PREFERRED_APPLICATIONS
01-01 08:00:45.047 W/android.permission.PermissionManager( 1152): Missing ActivityManager; assuming 1000 holds android.permission.SET_PREFERRED_APPLICATIONS
01-01 08:00:45.047 W/android.permission.PermissionManager( 1152): Missing ActivityManager; assuming 1000 holds android.permission.SET_PREFERRED_APPLICATIONS
01-01 08:00:45.047 W/android.permission.PermissionManager( 1152): Missing ActivityManager; assuming 1000 holds android.permission.SET_PREFERRED_APPLICATIONS
01-01 08:00:45.048 W/android.permission.PermissionManager( 1152): Missing ActivityManager; assuming 1000 holds android.permission.SET_PREFERRED_APPLICATIONS
01-01 08:00:45.048 W/android.permission.PermissionManager( 1152): Missing ActivityManager; assuming 1000 holds android.permission.SET_PREFERRED_APPLICATIONS
01-01 08:00:45.049 W/android.permission.PermissionManager( 1152): Missing ActivityManager; assuming 1000 holds android.permission.SET_PREFERRED_APPLICATIONS
01-01 08:00:45.049 W/android.permission.PermissionManager( 1152): Missing ActivityManager; assuming 1000 holds android.permission.SET_PREFERRED_APPLICATIONS
01-01 08:00:45.054 W/android.permission.PermissionManager( 1152): Missing ActivityManager; assuming 1000 holds android.permission.SET_PREFERRED_APPLICATIONS
01-01 08:00:45.054 W/android.permission.PermissionManager( 1152): Missing ActivityManager; assuming 1000 holds android.permission.SET_PREFERRED_APPLICATIONS
01-01 08:00:45.093 I/ ( 0): ip (1537) used greatest stack depth: 9736 bytes left
01-01 08:00:45.095 E/kona-asoc-snd soc( 0): qcom,msm-audio-apr:qcom,q6core-audio:sound: ASoC: Failed to add route MIC BIAS3 -> direct -> AMIC4
01-01 08:00:45.055 W/android.permission.PermissionManager( 1152): Missing ActivityManager; assuming 1000 holds android.permission.SET_PREFERRED_APPLICATIONS
01-01 08:00:45.055 W/android.permission.PermissionManager( 1152): Missing ActivityManager; assuming 1000 holds android.permission.SET_PREFERRED_APPLICATIONS
01-01 08:00:45.057 W/android.permission.PermissionManager( 1152): Missing ActivityManager; assuming 1000 holds android.permission.SET_PREFERRED_APPLICATIONS
01-01 08:00:45.057 W/android.permission.PermissionManager( 1152): Missing ActivityManager; assuming 1000 holds android.permission.SET_PREFERRED_APPLICATIONS
01-01 08:00:45.099 I/binder ( 0): 1138:1148 ioctl 40046210 752a5fb144 returned -22
01-01 08:00:45.057 W/android.permission.PermissionManager( 1152): Missing ActivityManager; assuming 1000 holds android.permission.SET_PREFERRED_APPLICATIONS
01-01 08:00:45.058 W/android.permission.PermissionManager( 1152): Missing ActivityManager; assuming 1000 holds android.permission.SET_PREFERRED_APPLICATIONS
01-01 08:00:45.058 W/android.permission.PermissionManager( 1152): Missing ActivityManager; assuming 1000 holds android.permission.SET_PREFERRED_APPLICATIONS
01-01 08:00:45.058 W/android.permission.PermissionManager( 1152): Missing ActivityManager; assuming 1000 holds android.permission.SET_PREFERRED_APPLICATIONS
01-01 08:00:45.104 I/lan743x 0001( 0): 01:00.0 eth0: Link is Up - 100Mbps/Full - flow control off
01-01 08:00:45.106 I/IPv6 ( 0): ADDRCONF(NETDEV_CHANGE): eth0: link becomes ready
01-01 08:00:45.107 E/kona-asoc-snd soc( 0): qcom,msm-audio-apr:qcom,q6core-audio:sound: ASoC: no sink widget found for MIC BIAS3
01-01 08:00:45.064 W/android.permission.PermissionManager( 1152): Missing ActivityManager; assuming 1000 holds android.permission.SET_PREFERRED_APPLICATIONS
01-01 08:00:45.065 W/android.permission.PermissionManager( 1152): Missing ActivityManager; assuming 1000 holds android.permission.SET_PREFERRED_APPLICATIONS
01-01 08:00:45.066 W/android.permission.PermissionManager( 1152): Missing ActivityManager; assuming 1000 holds android.permission.SET_PREFERRED_APPLICATIONS
01-01 08:00:45.066 W/android.permission.PermissionManager( 1152): Missing ActivityManager; assuming 1000 holds android.permission.SET_PREFERRED_APPLICATIONS
01-01 08:00:45.066 W/android.permission.PermissionManager( 1152): Missing ActivityManager; assuming 1000 holds android.permission.SET_PREFERRED_APPLICATIONS
01-01 08:00:45.067 W/android.permission.PermissionManager( 1152): Missing ActivityManager; assuming 1000 holds android.permission.SET_PREFERRED_APPLICATIONS
01-01 08:00:45.067 W/android.permission.PermissionManager( 1152): Missing ActivityManager; assuming 1000 holds android.permission.SET_PREFERRED_APPLICATIONS
01-01 08:00:45.068 W/android.permission.PermissionManager( 1152): Missing ActivityManager; assuming 1000 holds android.permission.SET_PREFERRED_APPLICATIONS
01-01 08:00:45.068 W/android.permission.PermissionManager( 1152): Missing ActivityManager; assuming 1000 holds android.permission.SET_PREFERRED_APPLICATIONS
01-01 08:00:45.068 W/android.permission.PermissionManager( 1152): Missing ActivityManager; assuming 1000 holds android.permission.SET_PREFERRED_APPLICATIONS
01-01 08:00:45.069 W/android.permission.PermissionManager( 1152): Missing ActivityManager; assuming 1000 holds android.permission.SET_PREFERRED_APPLICATIONS
01-01 08:00:45.070 W/android.permission.PermissionManager( 1152): Missing ActivityManager; assuming 1000 holds android.permission.SET_PREFERRED_APPLICATIONS
01-01 08:00:45.070 W/android.permission.PermissionManager( 1152): Missing ActivityManager; assuming 1000 holds android.permission.SET_PREFERRED_APPLICATIONS
01-01 08:00:45.070 W/android.permission.PermissionManager( 1152): Missing ActivityManager; assuming 1000 holds android.permission.SET_PREFERRED_APPLICATIONS
01-01 08:00:45.071 W/android.permission.PermissionManager( 1152): Missing ActivityManager; assuming 1000 holds android.permission.SET_PREFERRED_APPLICATIONS
01-01 08:00:45.071 W/android.permission.PermissionManager( 1152): Missing ActivityManager; assuming 1000 holds android.permission.SET_PREFERRED_APPLICATIONS
01-01 08:00:45.072 W/android.permission.PermissionManager( 1152): Missing ActivityManager; assuming 1000 holds android.permission.SET_PREFERRED_APPLICATIONS
01-01 08:00:45.073 W/android.permission.PermissionManager( 1152): Missing ActivityManager; assuming 1000 holds android.permission.SET_PREFERRED_APPLICATIONS
01-01 08:00:45.073 W/android.permission.PermissionManager( 1152): Missing ActivityManager; assuming 1000 holds android.permission.SET_PREFERRED_APPLICATIONS
01-01 08:00:45.074 W/android.permission.PermissionManager( 1152): Missing ActivityManager; assuming 1000 holds android.permission.SET_PREFERRED_APPLICATIONS
01-01 08:00:45.075 W/android.permission.PermissionManager( 1152): Missing ActivityManager; assuming 1000 holds android.permission.SET_PREFERRED_APPLICATIONS
01-01 08:00:45.076 W/android.permission.PermissionManager( 1152): Missing ActivityManager; assuming 1000 holds android.permission.SET_PREFERRED_APPLICATIONS
01-01 08:00:45.079 W/android.permission.PermissionManager( 1152): Missing ActivityManager; assuming 1000 holds android.permission.SET_PREFERRED_APPLICATIONS
01-01 08:00:45.079 W/android.permission.PermissionManager( 1152): Missing ActivityManager; assuming 1000 holds android.permission.SET_PREFERRED_APPLICATIONS
01-01 08:00:45.080 W/android.permission.PermissionManager( 1152): Missing ActivityManager; assuming 1000 holds android.permission.SET_PREFERRED_APPLICATIONS
01-01 08:00:45.083 W/android.permission.PermissionManager( 1152): Missing ActivityManager; assuming 1000 holds android.permission.SET_PREFERRED_APPLICATIONS
01-01 08:00:45.086 W/android.permission.PermissionManager( 1152): Missing ActivityManager; assuming 1000 holds android.permission.SET_PREFERRED_APPLICATIONS
01-01 08:00:45.087 W/android.permission.PermissionManager( 1152): Missing ActivityManager; assuming 1000 holds android.permission.SET_PREFERRED_APPLICATIONS
01-01 08:00:45.087 W/android.permission.PermissionManager( 1152): Missing ActivityManager; assuming 1000 holds android.permission.SET_PREFERRED_APPLICATIONS
01-01 08:00:45.088 W/android.permission.PermissionManager( 1152): Missing ActivityManager; assuming 1000 holds android.permission.SET_PREFERRED_APPLICATIONS
01-01 08:00:45.088 W/android.permission.PermissionManager( 1152): Missing ActivityManager; assuming 1000 holds android.permission.SET_PREFERRED_APPLICATIONS
01-01 08:00:45.089 W/android.permission.PermissionManager( 1152): Missing ActivityManager; assuming 1000 holds android.permission.SET_PREFERRED_APPLICATIONS
01-01 08:00:45.089 W/android.permission.PermissionManager( 1152): Missing ActivityManager; assuming 1000 holds android.permission.SET_PREFERRED_APPLICATIONS
01-01 08:00:45.090 W/android.permission.PermissionManager( 1152): Missing ActivityManager; assuming 1000 holds android.permission.SET_PREFERRED_APPLICATIONS
01-01 08:00:45.130 W/android.permission.PermissionManager( 1152): Missing ActivityManager; assuming 1000 holds android.permission.SET_PREFERRED_APPLICATIONS
01-01 08:00:45.131 W/android.permission.PermissionManager( 1152): Missing ActivityManager; assuming 1000 holds android.permission.SET_PREFERRED_APPLICATIONS
01-01 08:00:45.132 W/android.permission.PermissionManager( 1152): Missing ActivityManager; assuming 1000 holds android.permission.SET_PREFERRED_APPLICATIONS
01-01 08:00:45.132 W/android.permission.PermissionManager( 1152): Missing ActivityManager; assuming 1000 holds android.permission.SET_PREFERRED_APPLICATIONS
01-01 08:00:45.118 E/kona-asoc-snd soc( 0): qcom,msm-audio-apr:qcom,q6core-audio:sound: ASoC: Failed to add route Analog Mic4 -> direct -> MIC BIAS3
01-01 08:00:45.133 W/android.permission.PermissionManager( 1152): Missing ActivityManager; assuming 1000 holds android.permission.SET_PREFERRED_APPLICATIONS
01-01 08:00:45.118 I/IPv6 ( 0): ADDRCONF(NETDEV_CHANGE): vlan0: link becomes ready
01-01 08:00:45.131 E/kona-asoc-snd soc( 0): qcom,msm-audio-apr:qcom,q6core-audio:sound: ASoC: no source widget found for MIC BIAS4
01-01 08:00:45.142 E/kona-asoc-snd soc( 0): qcom,msm-audio-apr:qcom,q6core-audio:sound: ASoC: Failed to add route MIC BIAS4 -> direct -> AMIC5
01-01 08:00:45.154 I/ueventd ( 0): firmware: loading 'qca6390/regdb.bin' for '/devices/platform/soc/b0000000.qcom,cnss-qca6390/firmware/qca6390!regdb.bin'
01-01 08:00:45.154 E/kona-asoc-snd soc( 0): qcom,msm-audio-apr:qcom,q6core-audio:sound: ASoC: no sink widget found for MIC BIAS4
01-01 08:00:45.155 E/ueventd ( 0): firmware: could not find firmware for qca6390/regdb.bin
01-01 08:00:45.165 E/kona-asoc-snd soc( 0): qcom,msm-audio-apr:qcom,q6core-audio:sound: ASoC: Failed to add route Analog Mic5 -> direct -> MIC BIAS4
01-01 08:00:45.168 I/binder ( 0): 1517:1517 ioctl 40046210 7fd47ec164 returned -22
01-01 08:00:45.177 I/binder ( 0): 1517:1517 ioctl 40046210 7fd47ebd64 returned -22
01-01 08:00:45.189 E/kona-asoc-snd soc( 0): qcom,msm-audio-apr:qcom,q6core-audio:sound: ASoC: no source widget found for MIC BIAS3
01-01 08:00:45.133 W/android.permission.PermissionManager( 1152): Missing ActivityManager; assuming 1000 holds android.permission.SET_PREFERRED_APPLICATIONS
01-01 08:00:45.133 W/android.permission.PermissionManager( 1152): Missing ActivityManager; assuming 1000 holds android.permission.SET_PREFERRED_APPLICATIONS
01-01 08:00:45.134 W/android.permission.PermissionManager( 1152): Missing ActivityManager; assuming 1000 holds android.permission.SET_PREFERRED_APPLICATIONS
01-01 08:00:45.134 W/android.permission.PermissionManager( 1152): Missing ActivityManager; assuming 1000 holds android.permission.SET_PREFERRED_APPLICATIONS
01-01 08:00:45.134 W/android.permission.PermissionManager( 1152): Missing ActivityManager; assuming 1000 holds android.permission.SET_PREFERRED_APPLICATIONS
01-01 08:00:45.137 W/android.permission.PermissionManager( 1152): Missing ActivityManager; assuming 1000 holds android.permission.SET_PREFERRED_APPLICATIONS
01-01 08:00:45.139 W/android.permission.PermissionManager( 1152): Missing ActivityManager; assuming 1000 holds android.permission.SET_PREFERRED_APPLICATIONS
01-01 08:00:45.139 W/android.permission.PermissionManager( 1152): Missing ActivityManager; assuming 1000 holds android.permission.SET_PREFERRED_APPLICATIONS
01-01 08:00:45.140 W/android.permission.PermissionManager( 1152): Missing ActivityManager; assuming 1000 holds android.permission.SET_PREFERRED_APPLICATIONS
01-01 08:00:45.140 W/android.permission.PermissionManager( 1152): Missing ActivityManager; assuming 1000 holds android.permission.SET_PREFERRED_APPLICATIONS
01-01 08:00:45.150 W/android.permission.PermissionManager( 1152): Missing ActivityManager; assuming 1000 holds android.permission.SET_PREFERRED_APPLICATIONS
01-01 08:00:45.151 W/android.permission.PermissionManager( 1152): Missing ActivityManager; assuming 1000 holds android.permission.SET_PREFERRED_APPLICATIONS
01-01 08:00:45.168 W/android.permission.PermissionManager( 1152): Missing ActivityManager; assuming 1000 holds android.permission.SET_PREFERRED_APPLICATIONS
01-01 08:00:45.169 W/android.permission.PermissionManager( 1152): Missing ActivityManager; assuming 1000 holds android.permission.SET_PREFERRED_APPLICATIONS
01-01 08:00:45.169 W/android.permission.PermissionManager( 1152): Missing ActivityManager; assuming 1000 holds android.permission.SET_PREFERRED_APPLICATIONS
01-01 08:00:45.170 W/android.permission.PermissionManager( 1152): Missing ActivityManager; assuming 1000 holds android.permission.SET_PREFERRED_APPLICATIONS
01-01 08:00:45.174 W/android.permission.PermissionManager( 1152): Missing ActivityManager; assuming 1000 holds android.permission.SET_PREFERRED_APPLICATIONS
01-01 08:00:45.175 W/android.permission.PermissionManager( 1152): Missing ActivityManager; assuming 1000 holds android.permission.SET_PREFERRED_APPLICATIONS
01-01 08:00:45.177 W/android.permission.PermissionManager( 1152): Missing ActivityManager; assuming 1000 holds android.permission.SET_PREFERRED_APPLICATIONS
01-01 08:00:45.177 W/android.permission.PermissionManager( 1152): Missing ActivityManager; assuming 1000 holds android.permission.SET_PREFERRED_APPLICATIONS
01-01 08:00:45.177 W/android.permission.PermissionManager( 1152): Missing ActivityManager; assuming 1000 holds android.permission.SET_PREFERRED_APPLICATIONS
01-01 08:00:45.178 W/android.permission.PermissionManager( 1152): Missing ActivityManager; assuming 1000 holds android.permission.SET_PREFERRED_APPLICATIONS
01-01 08:00:45.178 W/android.permission.PermissionManager( 1152): Missing ActivityManager; assuming 1000 holds android.permission.SET_PREFERRED_APPLICATIONS
01-01 08:00:45.178 W/android.permission.PermissionManager( 1152): Missing ActivityManager; assuming 1000 holds android.permission.SET_PREFERRED_APPLICATIONS
01-01 08:00:45.179 W/android.permission.PermissionManager( 1152): Missing ActivityManager; assuming 1000 holds android.permission.SET_PREFERRED_APPLICATIONS
01-01 08:00:45.179 W/android.permission.PermissionManager( 1152): Missing ActivityManager; assuming 1000 holds android.permission.SET_PREFERRED_APPLICATIONS
01-01 08:00:45.179 W/android.permission.PermissionManager( 1152): Missing ActivityManager; assuming 1000 holds android.permission.SET_PREFERRED_APPLICATIONS
01-01 08:00:45.180 W/android.permission.PermissionManager( 1152): Missing ActivityManager; assuming 1000 holds android.permission.SET_PREFERRED_APPLICATIONS
01-01 08:00:45.180 W/android.permission.PermissionManager( 1152): Missing ActivityManager; assuming 1000 holds android.permission.SET_PREFERRED_APPLICATIONS
01-01 08:00:45.181 W/android.permission.PermissionManager( 1152): Missing ActivityManager; assuming 1000 holds android.permission.SET_PREFERRED_APPLICATIONS
01-01 08:00:45.181 W/android.permission.PermissionManager( 1152): Missing ActivityManager; assuming 1000 holds android.permission.SET_PREFERRED_APPLICATIONS
01-01 08:00:45.181 W/android.permission.PermissionManager( 1152): Missing ActivityManager; assuming 1000 holds android.permission.SET_PREFERRED_APPLICATIONS
01-01 08:00:45.185 W/android.permission.PermissionManager( 1152): Missing ActivityManager; assuming 1000 holds android.permission.SET_PREFERRED_APPLICATIONS
01-01 08:00:45.190 W/android.permission.PermissionManager( 1152): Missing ActivityManager; assuming 1000 holds android.permission.SET_PREFERRED_APPLICATIONS
01-01 08:00:45.190 W/android.permission.PermissionManager( 1152): Missing ActivityManager; assuming 1000 holds android.permission.SET_PREFERRED_APPLICATIONS
01-01 08:00:45.190 W/android.permission.PermissionManager( 1152): Missing ActivityManager; assuming 1000 holds android.permission.SET_PREFERRED_APPLICATIONS
01-01 08:00:45.191 W/android.permission.PermissionManager( 1152): Missing ActivityManager; assuming 1000 holds android.permission.SET_PREFERRED_APPLICATIONS
01-01 08:00:45.191 W/android.permission.PermissionManager( 1152): Missing ActivityManager; assuming 1000 holds android.permission.SET_PREFERRED_APPLICATIONS
01-01 08:00:45.192 W/android.permission.PermissionManager( 1152): Missing ActivityManager; assuming 1000 holds android.permission.SET_PREFERRED_APPLICATIONS
01-01 08:00:45.192 W/android.permission.PermissionManager( 1152): Missing ActivityManager; assuming 1000 holds android.permission.SET_PREFERRED_APPLICATIONS
01-01 08:00:45.192 W/android.permission.PermissionManager( 1152): Missing ActivityManager; assuming 1000 holds android.permission.SET_PREFERRED_APPLICATIONS
01-01 08:00:45.193 W/android.permission.PermissionManager( 1152): Missing ActivityManager; assuming 1000 holds android.permission.SET_PREFERRED_APPLICATIONS
01-01 08:00:45.193 W/android.permission.PermissionManager( 1152): Missing ActivityManager; assuming 1000 holds android.permission.SET_PREFERRED_APPLICATIONS
01-01 08:00:45.200 E/kona-asoc-snd soc( 0): qcom,msm-audio-apr:qcom,q6core-audio:sound: ASoC: Failed to add route MIC BIAS3 -> direct -> TX DMIC0
01-01 08:00:45.213 E/kona-asoc-snd soc( 0): qcom,msm-audio-apr:qcom,q6core-audio:sound: ASoC: no sink widget found for MIC BIAS3
01-01 08:00:45.227 I/TLOC ( 1576): [main ]"TLOC DAEMON main thread"
01-01 08:00:45.227 D/TLOC ( 1576): [TLOCDaemon ]"---------- TLOC Daemon Starts ----------"
01-01 08:00:45.220 E/ueventd ( 0): firmware: attempted /etc/firmware/qca6390/regdb.bin, open failed: No such file or directory
01-01 08:00:45.223 E/kona-asoc-snd soc( 0): qcom,msm-audio-apr:qcom,q6core-audio:sound: ASoC: Failed to add route Digital Mic0 -> direct -> MIC BIAS3
01-01 08:00:45.236 D/qbt ( 0): qbt_open: entry minor_no=0 fd_available=1
01-01 08:00:45.249 E/ueventd ( 0): firmware: attempted /odm/firmware/qca6390/regdb.bin, open failed: No such file or directory
01-01 08:00:45.251 E/kona-asoc-snd soc( 0): qcom,msm-audio-apr:qcom,q6core-audio:sound: ASoC: no source widget found for MIC BIAS3
01-01 08:00:45.253 D/qbt ( 0): qbt_open: exit : 0 fd_available=0
01-01 08:00:45.254 D/qbt ( 0): qbt_open: entry minor_no=1 fd_available=0
01-01 08:00:45.254 D/qbt ( 0): qbt_open: exit : 0 fd_available=0
01-01 08:00:45.254 D/qbt ( 0): qbt_ioctl: cmd received 102
01-01 08:00:45.254 D/qbt ( 0): qbt_ioctl: qbt_ioctl: QBT_ENABLE_IPC
01-01 08:00:45.255 D/qbt ( 0): qbt_ioctl: cmd received 107
01-01 08:00:45.255 D/qbt ( 0): qbt_ioctl: Acquiring wakelock
01-01 08:00:45.268 D/TLOC ( 1576): [TLOCChannel]"The channel was initialized successfully for TLOCD"
01-01 08:00:45.261 E/ueventd ( 0): firmware: attempted /vendor/firmware/qca6390/regdb.bin, open failed: No such file or directory
01-01 08:00:45.271 E/kona-asoc-snd soc( 0): qcom,msm-audio-apr:qcom,q6core-audio:sound: ASoC: Failed to add route MIC BIAS3 -> direct -> TX DMIC1
01-01 08:00:45.273 D/TLOC ( 1576): [TLOCChannel]"The channel was initialized successfully for TLOCL"
01-01 08:00:45.278 D/TLOC ( 1576): [TLOCChannel]"The channel was initialized successfully for MODEM"
01-01 08:00:45.278 D/TLOC ( 1576): [TLOCChannel]"TLOCChannel was initialized successfully"
01-01 08:00:45.278 D/TLOC ( 1576): [TLOCChannel] "TLOCChannel is already initialized"
01-01 08:00:45.287 E/ueventd ( 0): firmware: attempted /firmware/image/qca6390/regdb.bin, open failed: No such file or directory
01-01 08:00:45.276 W/PackageSettings( 1152): Missing permission state for package: android.frameworkres.overlay
01-01 08:00:45.285 W/PackageSettings( 1152): Missing permission state for package: com.android.cts.priv.ctsshim
01-01 08:00:45.285 W/PackageSettings( 1152): Missing permission state for package: com.thundercomm.gamemode.provider
01-01 08:00:45.285 W/PackageSettings( 1152): Missing permission state for package: com.android.internal.systemui.navbar.gestural_wide_back
01-01 08:00:45.285 W/PackageSettings( 1152): Missing permission state for package: com.qualcomm.qti.gpudrivers.kona.api30
01-01 08:00:45.285 W/PackageSettings( 1152): Missing permission state for package: com.android.htmlviewer
01-01 08:00:45.285 W/PackageSettings( 1152): Missing permission state for package: com.android.internal.systemui.onehanded.gestural
01-01 08:00:45.285 W/PackageSettings( 1152): Missing permission state for package: com.qualcomm.qti.optinoverlay
01-01 08:00:45.285 W/PackageSettings( 1152): Missing permission state for package: android.qvaoverlay.common
01-01 08:00:45.285 W/PackageSettings( 1152): Missing permission state for package: android.overlay.common
01-01 08:00:45.285 W/PackageSettings( 1152): Missing permission state for package: com.android.connectivity.resources
01-01 08:00:45.285 W/PackageSettings( 1152): Missing permission state for package: com.android.modulemetadata
01-01 08:00:45.285 W/PackageSettings( 1152): Missing permission state for package: android.overlay.target
01-01 08:00:45.285 W/PackageSettings( 1152): Missing permission state for package: com.android.internal.systemui.navbar.gestural_extra_wide_back
01-01 08:00:45.285 W/PackageSettings( 1152): Missing permission state for package: com.android.wifi.resources.overlay.common
01-01 08:00:45.285 W/PackageSettings( 1152): Missing permission state for package: com.android.dreams.basic
01-01 08:00:45.286 W/PackageSettings( 1152): Missing permission state for package: com.android.settings.overlay.common
01-01 08:00:45.286 W/PackageSettings( 1152): Missing permission state for package: android.ext.shared
01-01 08:00:45.286 W/PackageSettings( 1152): Missing permission state for package: com.android.wifi.resources.overlay.target
01-01 08:00:45.286 W/PackageSettings( 1152): Missing permission state for package: com.android.wifi.resources
01-01 08:00:45.286 W/PackageSettings( 1152): Missing permission state for package: com.android.systemui.overlay.common
01-01 08:00:45.286 W/PackageSettings( 1152): Missing permission state for package: com.android.cameraextensions
01-01 08:00:45.286 W/PackageSettings( 1152): Missing permission state for package: com.android.theme.font.notoserifsource
01-01 08:00:45.286 W/PackageSettings( 1152): Missing permission state for package: com.android.internal.display.cutout.emulation.waterfall
01-01 08:00:45.286 W/PackageSettings( 1152): Missing permission state for package: com.android.providers.settings.overlay
01-01 08:00:45.286 W/PackageSettings( 1152): Missing permission state for package: com.android.bookmarkprovider
01-01 08:00:45.286 W/PackageSettings( 1152): Missing permission state for package: com.android.cts.ctsshim
01-01 08:00:45.286 W/PackageSettings( 1152): Missing permission state for package: com.qualcomm.qti.xrcb
01-01 08:00:45.286 W/PackageSettings( 1152): Missing permission state for package: com.android.internal.systemui.navbar.gestural
01-01 08:00:45.286 W/PackageSettings( 1152): Missing permission state for package: com.android.internal.systemui.navbar.gestural_narrow_back
01-01 08:00:45.286 W/PackageSettings( 1152): Missing permission state for package: com.android.cellbroadcastreceiver.overlay.common
01-01 08:00:45.287 W/PackageSettings( 1152): Missing permission state for shared user: android.uid.log
01-01 08:00:45.287 W/PackageSettings( 1152): Missing permission state for shared user: android.uid.uwb
01-01 08:00:45.298 E/kona-asoc-snd soc( 0): qcom,msm-audio-apr:qcom,q6core-audio:sound: ASoC: no sink widget found for MIC BIAS3
01-01 08:00:45.309 E/cnss ( 0): Failed to load BDF: qca6390/regdb.bin
01-01 08:00:45.318 E/kona-asoc-snd soc( 0): qcom,msm-audio-apr:qcom,q6core-audio:sound: ASoC: Failed to add route Digital Mic1 -> direct -> MIC BIAS3
01-01 08:00:45.321 D/cnss ( 0): Sending BDF download message, state: 0xb, type: 1
01-01 08:00:45.334 E/kona-asoc-snd soc( 0): qcom,msm-audio-apr:qcom,q6core-audio:sound: ASoC: no source widget found for MIC BIAS1
01-01 08:00:45.334 D/cnss ( 0): FW name added with prefix: qca6390/bdwlan.elf
01-01 08:00:45.345 E/kona-asoc-snd soc( 0): qcom,msm-audio-apr:qcom,q6core-audio:sound: ASoC: Failed to add route MIC BIAS1 -> direct -> TX DMIC2
01-01 08:00:45.345 W/cnss2 b0000000.qcom,cnss-qca6390( 0): Falling back to syfs fallback for: qca6390/bdwlan.elf
01-01 08:00:45.364 D/PackageManagerTiming( 1152): read user settings took to complete: 544ms
01-01 08:00:45.361 E/kona-asoc-snd soc( 0): qcom,msm-audio-apr:qcom,q6core-audio:sound: ASoC: no sink widget found for MIC BIAS1
01-01 08:00:45.370 I/ ( 0): read descriptors
01-01 08:00:45.370 D/cnss ( 0): Downloading BDF: qca6390/bdwlan.elf, size: 57908
01-01 08:00:45.372 I/ ( 0): read strings
01-01 08:00:45.372 E/kona-asoc-snd soc( 0): qcom,msm-audio-apr:qcom,q6core-audio:sound: ASoC: Failed to add route Digital Mic2 -> direct -> MIC BIAS1
01-01 08:00:45.386 D/PackageManager( 1152): Keeping known cache 96b0539daddc4a909eb2cc4776b1ae14645a09bf
01-01 08:00:45.394 W/android.permission.PermissionManager( 1152): Missing ActivityManager; assuming 1000 holds android.permission.WATCH_APPOPS
01-01 08:00:45.395 W/android.permission.PermissionManager( 1152): Missing ActivityManager; assuming 1000 holds android.permission.WATCH_APPOPS
01-01 08:00:45.385 E/kona-asoc-snd soc( 0): qcom,msm-audio-apr:qcom,q6core-audio:sound: ASoC: no source widget found for MIC BIAS1
01-01 08:00:45.388 I/init ( 0): Command 'start vendor.imsdatadaemon' action=vendor.ims.QMI_DAEMON_STATUS=1 (/vendor/etc/init/imsdatadaemon.rc:15) took 60ms and succeeded
01-01 08:00:45.396 E/kona-asoc-snd soc( 0): qcom,msm-audio-apr:qcom,q6core-audio:sound: ASoC: Failed to add route MIC BIAS1 -> direct -> TX DMIC3
01-01 08:00:45.398 I/capability( 0): warning: `msm_irqbalance' uses 32-bit capabilities (legacy support in use)
01-01 08:00:45.403 W/QSEECOM ( 0): qseecom_load_app: App (fingerpr) does'nt exist, loading apps for first time
01-01 08:00:45.415 E/kona-asoc-snd soc( 0): qcom,msm-audio-apr:qcom,q6core-audio:sound: ASoC: no sink widget found for MIC BIAS1
01-01 08:00:45.420 D/CompatibilityChangeReporter( 1152): Compat change id reported: 143539591; UID -1; state: ENABLED
01-01 08:00:45.424 D/cnss ( 0): FW name added with prefix: qca6390/m3.bin
01-01 08:00:45.425 E/kona-asoc-snd soc( 0): qcom,msm-audio-apr:qcom,q6core-audio:sound: ASoC: Failed to add route Digital Mic3 -> direct -> MIC BIAS1
01-01 08:00:45.425 W/cnss_pci 0000( 0): 01:00.0: Falling back to syfs fallback for: qca6390/m3.bin
01-01 08:00:45.433 I/init ( 0): starting service 'mdnsd'...
01-01 08:00:45.434 I/init ( 0): Created socket '/dev/socket/mdnsd', mode 660, user 1020, group 3003
01-01 08:00:45.438 E/kona-asoc-snd soc( 0): qcom,msm-audio-apr:qcom,q6core-audio:sound: ASoC: no source widget found for MIC BIAS4
01-01 08:00:45.452 E/kona-asoc-snd soc( 0): qcom,msm-audio-apr:qcom,q6core-audio:sound: ASoC: Failed to add route MIC BIAS4 -> direct -> TX DMIC4
01-01 08:00:45.465 E/kona-asoc-snd soc( 0): qcom,msm-audio-apr:qcom,q6core-audio:sound: ASoC: no sink widget found for MIC BIAS4
01-01 08:00:45.475 E/kona-asoc-snd soc( 0): qcom,msm-audio-apr:qcom,q6core-audio:sound: ASoC: Failed to add route Digital Mic4 -> direct -> MIC BIAS4
01-01 08:00:45.491 E/kona-asoc-snd soc( 0): qcom,msm-audio-apr:qcom,q6core-audio:sound: ASoC: no source widget found for MIC BIAS4
01-01 08:00:45.494 I/init ( 0): Control message: Processed ctl.start for 'mdnsd' from pid: 1585 (/apex/com.android.adbd/bin/adbd --root_seclabel=u:r:su:s0)
01-01 08:00:45.504 D/CompatibilityChangeReporter( 1152): Compat change id reported: 143539591; UID -1; state: DISABLED
01-01 08:00:45.504 D/CompatibilityChangeReporter( 1152): Compat change id reported: 168782947; UID -1; state: ENABLED
01-01 08:00:45.502 E/kona-asoc-snd soc( 0): qcom,msm-audio-apr:qcom,q6core-audio:sound: ASoC: Failed to add route MIC BIAS4 -> direct -> TX DMIC5
01-01 08:00:45.513 W/PackageManager( 1152): Failed to parse /system/framework/arm64: Missing base APK in /system/framework/arm64
01-01 08:00:45.513 W/PackageManager( 1152): Failed to parse /system/framework/oat: Missing base APK in /system/framework/oat
01-01 08:00:45.514 W/PackageManager( 1152): Failed to parse /system/framework/arm: Missing base APK in /system/framework/arm
01-01 08:00:45.507 I/init ( 0): processing action (llk.enable=true) from (/system/etc/init/llkd.rc:34)
01-01 08:00:45.514 E/kona-asoc-snd soc( 0): qcom,msm-audio-apr:qcom,q6core-audio:sound: ASoC: no sink widget found for MIC BIAS4
01-01 08:00:45.519 I/init ( 0): starting service 'llkd-1'...
01-01 08:00:45.525 E/kona-asoc-snd soc( 0): qcom,msm-audio-apr:qcom,q6core-audio:sound: ASoC: Failed to add route Digital Mic5 -> direct -> MIC BIAS4
01-01 08:00:45.531 I/init ( 0): Opened file '/dev/kmsg', flags 1
01-01 08:00:45.538 I/init ( 0): Opened file '/proc/sysrq-trigger', flags 1
01-01 08:00:45.543 E/kona-asoc-snd soc( 0): qcom,msm-audio-apr:qcom,q6core-audio:sound: ASoC: no sink widget found for IN1_HPHL
01-01 08:00:45.554 E/kona-asoc-snd soc( 0): qcom,msm-audio-apr:qcom,q6core-audio:sound: ASoC: Failed to add route HPHL_OUT -> direct -> IN1_HPHL
01-01 08:00:45.561 I/init ( 0): Service 'qcom-c_main-sh' (pid 1242) exited with status 0 oneshot service took 2.592000 seconds in background
01-01 08:00:45.566 I/init ( 0): Sending signal 9 to service 'qcom-c_main-sh' (pid 1242) process group...
01-01 08:00:45.567 E/kona-asoc-snd soc( 0): qcom,msm-audio-apr:qcom,q6core-audio:sound: ASoC: no sink widget found for IN2_HPHR
01-01 08:00:45.577 E/kona-asoc-snd soc( 0): qcom,msm-audio-apr:qcom,q6core-audio:sound: ASoC: Failed to add route HPHR_OUT -> direct -> IN2_HPHR
01-01 08:00:45.590 E/kona-asoc-snd soc( 0): qcom,msm-audio-apr:qcom,q6core-audio:sound: ASoC: no sink widget found for IN3_AUX
01-01 08:00:45.601 E/kona-asoc-snd soc( 0): qcom,msm-audio-apr:qcom,q6core-audio:sound: ASoC: Failed to add route AUX_OUT -> direct -> IN3_AUX
01-01 08:00:45.614 E/kona-asoc-snd soc( 0): qcom,msm-audio-apr:qcom,q6core-audio:sound: ASoC: no source widget found for ADC1_OUTPUT
01-01 08:00:45.614 W/PackageParsing( 1152): No actions in intent-filter at /system/priv-app/BuiltInPrintService/BuiltInPrintService.apk Binary XML file line #53
01-01 08:00:45.625 E/kona-asoc-snd soc( 0): qcom,msm-audio-apr:qcom,q6core-audio:sound: ASoC: Failed to add route ADC1_OUTPUT -> direct -> TX SWR_ADC0
01-01 08:00:45.626 I/android_work( 0): did not send uevent (0 0 0000000000000000)
01-01 08:00:45.635 D/cnss ( 0): Sending M3 information message, state: 0xb
01-01 08:00:45.635 D/cnss ( 0): M3 memory, va: 0xffffff8020001000, pa: 0x00000000a1800000, size: 0x411bc
01-01 08:00:45.638 E/kona-asoc-snd soc( 0): qcom,msm-audio-apr:qcom,q6core-audio:sound: ASoC: no source widget found for ADC2_OUTPUT
01-01 08:00:45.645 W/QSEECOM ( 0): qseecom_load_app: App with id 6 (fingerpr) now loaded
01-01 08:00:45.645 D/cnss ( 0): Received QMI WLFW FW initialization done indication
01-01 08:00:45.645 D/cnss ( 0): Posting event: FW_READY(4), state: 0xb flags: 0x0
01-01 08:00:45.645 D/cnss ( 0): Processing driver event: FW_READY(4), state: 0xb
01-01 08:00:45.645 D/cnss ( 0): PCIE Gen speed not setup
01-01 08:00:45.645 D/cnss ( 0): Sending antenna switch sync request, state: 0xf
01-01 08:00:45.650 E/kona-asoc-snd soc( 0): qcom,msm-audio-apr:qcom,q6core-audio:sound: ASoC: Failed to add route ADC2_OUTPUT -> direct -> TX SWR_ADC1
01-01 08:00:45.651 E/cnss ( 0): Antenna switch request failed, result: 1, err: 94
01-01 08:00:45.663 E/kona-asoc-snd soc( 0): qcom,msm-audio-apr:qcom,q6core-audio:sound: ASoC: no source widget found for ADC3_OUTPUT
01-01 08:00:45.680 E/kona-asoc-snd soc( 0): qcom,msm-audio-apr:qcom,q6core-audio:sound: ASoC: Failed to add route ADC3_OUTPUT -> direct -> TX SWR_ADC2
01-01 08:00:45.684 D/cnss ( 0): Sending mode message, mode: CALIBRATION(7), state: 0xf
01-01 08:00:45.694 E/kona-asoc-snd soc( 0): qcom,msm-audio-apr:qcom,q6core-audio:sound: ASoC: no source widget found for ADC4_OUTPUT
01-01 08:00:45.705 E/kona-asoc-snd soc( 0): qcom,msm-audio-apr:qcom,q6core-audio:sound: ASoC: Failed to add route ADC4_OUTPUT -> direct -> TX SWR_ADC3
01-01 08:00:45.718 E/kona-asoc-snd soc( 0): qcom,msm-audio-apr:qcom,q6core-audio:sound: ASoC: no source widget found for DMIC1_OUTPUT
01-01 08:00:45.729 E/kona-asoc-snd soc( 0): qcom,msm-audio-apr:qcom,q6core-audio:sound: ASoC: Failed to add route DMIC1_OUTPUT -> direct -> TX SWR_DMIC0
01-01 08:00:45.743 E/kona-asoc-snd soc( 0): qcom,msm-audio-apr:qcom,q6core-audio:sound: ASoC: no source widget found for DMIC2_OUTPUT
01-01 08:00:45.754 E/kona-asoc-snd soc( 0): qcom,msm-audio-apr:qcom,q6core-audio:sound: ASoC: Failed to add route DMIC2_OUTPUT -> direct -> TX SWR_DMIC1
01-01 08:00:45.776 W/PackageParsing( 1152): Ignoring duplicate uses-permissions/uses-permissions-sdk-m: android.permission.ACCESS_WIFI_STATE in package: com.microsoft.emmx at: Binary XML file line #105
01-01 08:00:45.768 E/kona-asoc-snd soc( 0): qcom,msm-audio-apr:qcom,q6core-audio:sound: ASoC: no source widget found for DMIC3_OUTPUT
01-01 08:00:45.779 E/kona-asoc-snd soc( 0): qcom,msm-audio-apr:qcom,q6core-audio:sound: ASoC: Failed to add route DMIC3_OUTPUT -> direct -> TX SWR_DMIC2
01-01 08:00:45.793 E/kona-asoc-snd soc( 0): qcom,msm-audio-apr:qcom,q6core-audio:sound: ASoC: no source widget found for DMIC4_OUTPUT
