04-04 04:29:52.533 D/SystemServerTiming( 1152): OnBootPhase_550_com.android.server.content.ContentService$Lifecycle took to complete: 15ms
04-04 04:29:52.533 I/SystemServerTiming( 1152): OnBootPhase_550_com.android.server.DropBoxManagerService
04-04 04:29:52.533 D/SystemServerTiming( 1152): OnBootPhase_550_com.android.server.DropBoxManagerService took to complete: 0ms
04-04 04:29:52.533 I/SystemServerTiming( 1152): OnBootPhase_550_com.android.role.RoleService
04-04 04:29:52.533 D/SystemServerTiming( 1152): OnBootPhase_550_com.android.role.RoleService took to complete: 0ms
04-04 04:29:52.533 I/SystemServerTiming( 1152): OnBootPhase_550_com.android.server.vibrator.VibratorManagerService$Lifecycle
04-04 04:29:52.533 D/SystemServerTiming( 1152): OnBootPhase_550_com.android.server.vibrator.VibratorManagerService$Lifecycle took to complete: 0ms
04-04 04:29:52.533 I/SystemServerTiming( 1152): OnBootPhase_550_com.android.server.alarm.AlarmManagerService
04-04 04:29:52.533 D/SystemServerTiming( 1152): OnBootPhase_550_com.android.server.alarm.AlarmManagerService took to complete: 0ms
04-04 04:29:52.533 I/SystemServerTiming( 1152): OnBootPhase_550_com.android.server.devicestate.DeviceStateManagerService
04-04 04:29:52.533 D/SystemServerTiming( 1152): OnBootPhase_550_com.android.server.devicestate.DeviceStateManagerService took to complete: 0ms
04-04 04:29:52.533 I/SystemServerTiming( 1152): OnBootPhase_550_com.android.server.camera.CameraServiceProxy
04-04 04:29:52.533 D/SystemServerTiming( 1152): OnBootPhase_550_com.android.server.camera.CameraServiceProxy took to complete: 0ms
04-04 04:29:52.533 I/SystemServerTiming( 1152): OnBootPhase_550_com.android.server.BluetoothService
04-04 04:29:52.534 D/BluetoothManagerService( 1152): Bluetooth boot completed
04-04 04:29:52.534 D/BluetoothManagerService( 1152): Auto-enabling Bluetooth.
04-04 04:29:52.535 D/BluetoothManagerService( 1152): MESSAGE_ENABLE(0): mBluetooth = null
04-04 04:29:52.535 D/BluetoothManagerService( 1152): MESSAGE_ENABLE: handleEnable
04-04 04:29:52.535 D/BluetoothManagerService( 1152): binding Bluetooth service
04-04 04:29:52.540 D/CompatibilityChangeReporter( 1152): Compat change id reported: 135634846; UID 1002; state: DISABLED
04-04 04:29:52.540 D/CompatibilityChangeReporter( 1152): Compat change id reported: 177438394; UID 1002; state: DISABLED
04-04 04:29:52.540 D/CompatibilityChangeReporter( 1152): Compat change id reported: 135772972; UID 1002; state: DISABLED
04-04 04:29:52.541 D/CompatibilityChangeReporter( 1152): Compat change id reported: 135754954; UID 1002; state: ENABLED
04-04 04:29:52.541 D/BluetoothManagerService( 1152): Binding BT service. Current user: 0
01-01 08:00:50.111 E/ ( 0): INFO: trying to register non-static key.
01-01 08:00:50.116 E/ ( 0): the code is fine but needs lockdep annotation.
01-01 08:00:50.122 I/ ( 0): CPU: 7 PID: 338 Comm: kworker/u16:15 Tainted: G S W O 4.19.157+ #1
01-01 08:00:50.122 I/Hardware name( 0): Qualcomm Technologies, Inc. kona MTP-RmPM8150b. VX1(MCE) EVT1 (DT)
01-01 08:00:50.122 I/Workqueue( 0): events_unbound ion_system_secure_heap_prefetch_work
01-01 08:00:50.122 I/Call trace( 0):
01-01 08:00:50.122 I/ ( 0): dump_backtrace+0x0/0x258
01-01 08:00:50.122 I/ ( 0): show_stack+0x20/0x30
01-01 08:00:50.122 I/ ( 0): dump_stack+0xd8/0x12c
01-01 08:00:50.122 I/ ( 0): register_lock_class+0x4d0/0x5c8
01-01 08:00:50.122 I/ ( 0): __lock_acquire+0xbc/0x1e58
01-01 08:00:50.122 I/ ( 0): lock_acquire+0x1cc/0x218
01-01 08:00:50.122 I/ ( 0): _raw_spin_lock_irqsave+0x54/0x98
01-01 08:00:50.122 I/ ( 0): ion_system_secure_heap_prefetch_work+0x94/0x2c0
01-01 08:00:50.122 I/ ( 0): process_one_work+0x38c/0x660
01-01 08:00:50.122 I/ ( 0): worker_thread+0x268/0x4b8
01-01 08:00:50.122 I/ ( 0): kthread+0x140/0x150
01-01 08:00:50.122 I/ ( 0): ret_from_fork+0x10/0x1c
04-04 04:29:52.543 D/SystemServerTiming( 1152): OnBootPhase_550_com.android.server.BluetoothService took to complete: 10ms
04-04 04:29:52.544 I/SystemServerTiming( 1152): OnBootPhase_550_com.android.server.connectivity.IpConnectivityMetrics
04-04 04:29:52.544 D/SystemServerTiming( 1152): OnBootPhase_550_com.android.server.connectivity.IpConnectivityMetrics took to complete: 0ms
04-04 04:29:52.544 I/SystemServerTiming( 1152): OnBootPhase_550_com.android.server.net.watchlist.NetworkWatchlistService$Lifecycle
04-04 04:29:52.548 D/SystemServerTiming( 1152): OnBootPhase_550_com.android.server.net.watchlist.NetworkWatchlistService$Lifecycle took to complete: 4ms
04-04 04:29:52.548 I/SystemServerTiming( 1152): OnBootPhase_550_com.android.server.PinnerService
04-04 04:29:52.548 D/SystemServerTiming( 1152): OnBootPhase_550_com.android.server.PinnerService took to complete: 0ms
04-04 04:29:52.548 I/SystemServerTiming( 1152): OnBootPhase_550_com.google.android.startop.iorap.IorapForwardingService
04-04 04:29:52.548 D/SystemServerTiming( 1152): OnBootPhase_550_com.google.android.startop.iorap.IorapForwardingService took to complete: 0ms
04-04 04:29:52.548 I/SystemServerTiming( 1152): OnBootPhase_550_com.android.server.ActivityTriggerService
04-04 04:29:52.548 D/SystemServerTiming( 1152): OnBootPhase_550_com.android.server.ActivityTriggerService took to complete: 0ms
04-04 04:29:52.549 I/SystemServerTiming( 1152): OnBootPhase_550_com.android.server.integrity.AppIntegrityManagerService
04-04 04:29:52.549 D/SystemServerTiming( 1152): OnBootPhase_550_com.android.server.integrity.AppIntegrityManagerService took to complete: 0ms
04-04 04:29:52.549 I/SystemServerTiming( 1152): OnBootPhase_550_com.android.server.inputmethod.InputMethodManagerService$Lifecycle
01-01 08:00:50.124 E/ ( 0): INFO: trying to register non-static key.
01-01 08:00:50.130 E/ ( 0): the code is fine but needs lockdep annotation.
01-01 08:00:50.135 I/ ( 0): CPU: 7 PID: 338 Comm: kworker/u16:15 Tainted: G S W O 4.19.157+ #1
01-01 08:00:50.135 I/Hardware name( 0): Qualcomm Technologies, Inc. kona MTP-RmPM8150b. VX1(MCE) EVT1 (DT)
01-01 08:00:50.135 I/Workqueue( 0): events_unbound ion_system_secure_heap_prefetch_work
01-01 08:00:50.135 I/Call trace( 0):
01-01 08:00:50.135 I/ ( 0): dump_backtrace+0x0/0x258
01-01 08:00:50.135 I/ ( 0): show_stack+0x20/0x30
01-01 08:00:50.135 I/ ( 0): dump_stack+0xd8/0x12c
01-01 08:00:50.135 I/ ( 0): register_lock_class+0x4d0/0x5c8
01-01 08:00:50.135 I/ ( 0): __lock_acquire+0xbc/0x1e58
01-01 08:00:50.135 I/ ( 0): lock_acquire+0x1cc/0x218
01-01 08:00:50.135 I/ ( 0): _raw_spin_lock_irqsave+0x54/0x98
01-01 08:00:50.135 I/ ( 0): ion_system_secure_heap_prefetch_work+0x94/0x2c0
01-01 08:00:50.135 I/ ( 0): process_one_work+0x38c/0x660
01-01 08:00:50.135 I/ ( 0): worker_thread+0x268/0x4b8
01-01 08:00:50.135 I/ ( 0): kthread+0x140/0x150
01-01 08:00:50.135 I/ ( 0): ret_from_fork+0x10/0x1c
04-04 04:29:52.560 W/InputMethodManagerService( 1152): Default IME is uninstalled. Choose new default IME.
01-01 08:00:50.138 E/ ( 0): INFO: trying to register non-static key.
01-01 08:00:50.143 E/ ( 0): the code is fine but needs lockdep annotation.
01-01 08:00:50.148 I/ ( 0): CPU: 7 PID: 338 Comm: kworker/u16:15 Tainted: G S W O 4.19.157+ #1
01-01 08:00:50.148 I/Hardware name( 0): Qualcomm Technologies, Inc. kona MTP-RmPM8150b. VX1(MCE) EVT1 (DT)
01-01 08:00:50.148 I/Workqueue( 0): events_unbound ion_system_secure_heap_prefetch_work
01-01 08:00:50.148 I/Call trace( 0):
01-01 08:00:50.148 I/ ( 0): dump_backtrace+0x0/0x258
01-01 08:00:50.148 I/ ( 0): show_stack+0x20/0x30
01-01 08:00:50.148 I/ ( 0): dump_stack+0xd8/0x12c
01-01 08:00:50.148 I/ ( 0): register_lock_class+0x4d0/0x5c8
01-01 08:00:50.148 I/ ( 0): __lock_acquire+0xbc/0x1e58
01-01 08:00:50.148 I/ ( 0): lock_acquire+0x1cc/0x218
01-01 08:00:50.148 I/ ( 0): _raw_spin_lock_irqsave+0x54/0x98
01-01 08:00:50.148 I/ ( 0): ion_system_secure_heap_prefetch_work+0x94/0x2c0
01-01 08:00:50.148 I/ ( 0): process_one_work+0x38c/0x660
01-01 08:00:50.148 I/ ( 0): worker_thread+0x268/0x4b8
01-01 08:00:50.148 I/ ( 0): kthread+0x140/0x150
01-01 08:00:50.148 I/ ( 0): ret_from_fork+0x10/0x1c
01-01 08:00:50.151 E/ ( 0): INFO: trying to register non-static key.
01-01 08:00:50.152 D/cnss ( 0): MHI status cb is called with reason MISSION_MODE(6)
01-01 08:00:50.156 E/ ( 0): the code is fine but needs lockdep annotation.
01-01 08:00:50.156 I/ ( 0): CPU: 7 PID: 338 Comm: kworker/u16:15 Tainted: G S W O 4.19.157+ #1
01-01 08:00:50.156 I/Hardware name( 0): Qualcomm Technologies, Inc. kona MTP-RmPM8150b. VX1(MCE) EVT1 (DT)
01-01 08:00:50.156 I/Workqueue( 0): events_unbound ion_system_secure_heap_prefetch_work
01-01 08:00:50.156 I/Call trace( 0):
01-01 08:00:50.156 I/ ( 0): dump_backtrace+0x0/0x258
01-01 08:00:50.156 I/ ( 0): show_stack+0x20/0x30
01-01 08:00:50.156 I/ ( 0): dump_stack+0xd8/0x12c
01-01 08:00:50.156 I/ ( 0): register_lock_class+0x4d0/0x5c8
01-01 08:00:50.156 I/ ( 0): __lock_acquire+0xbc/0x1e58
01-01 08:00:50.156 I/ ( 0): lock_acquire+0x1cc/0x218
01-01 08:00:50.156 I/ ( 0): _raw_spin_lock_irqsave+0x54/0x98
01-01 08:00:50.156 I/ ( 0): ion_system_secure_heap_prefetch_work+0x94/0x2c0
01-01 08:00:50.156 I/ ( 0): process_one_work+0x38c/0x660
01-01 08:00:50.156 I/ ( 0): worker_thread+0x268/0x4b8
01-01 08:00:50.156 I/ ( 0): kthread+0x140/0x150
01-01 08:00:50.156 I/ ( 0): ret_from_fork+0x10/0x1c
01-01 08:00:50.164 E/ ( 0): INFO: trying to register non-static key.
01-01 08:00:50.164 D/cnss ( 0): Completed event: REGISTER_DRIVER(7), state: 0x10, ret: 0/0
01-01 08:00:50.169 E/ ( 0): the code is fine but needs lockdep annotation.
01-01 08:00:50.169 I/ ( 0): CPU: 7 PID: 338 Comm: kworker/u16:15 Tainted: G S W O 4.19.157+ #1
01-01 08:00:50.169 I/Hardware name( 0): Qualcomm Technologies, Inc. kona MTP-RmPM8150b. VX1(MCE) EVT1 (DT)
01-01 08:00:50.169 I/Workqueue( 0): events_unbound ion_system_secure_heap_prefetch_work
01-01 08:00:50.169 I/Call trace( 0):
01-01 08:00:50.169 I/ ( 0): dump_backtrace+0x0/0x258
01-01 08:00:50.169 I/ ( 0): show_stack+0x20/0x30
01-01 08:00:50.169 I/ ( 0): dump_stack+0xd8/0x12c
01-01 08:00:50.169 I/ ( 0): register_lock_class+0x4d0/0x5c8
01-01 08:00:50.169 I/ ( 0): __lock_acquire+0xbc/0x1e58
01-01 08:00:50.169 I/ ( 0): lock_acquire+0x1cc/0x218
01-01 08:00:50.169 I/ ( 0): _raw_spin_lock_irqsave+0x54/0x98
01-01 08:00:50.169 I/ ( 0): ion_system_secure_heap_prefetch_work+0x94/0x2c0
01-01 08:00:50.169 I/ ( 0): process_one_work+0x38c/0x660
01-01 08:00:50.169 I/ ( 0): worker_thread+0x268/0x4b8
01-01 08:00:50.169 I/ ( 0): kthread+0x140/0x150
01-01 08:00:50.169 I/ ( 0): ret_from_fork+0x10/0x1c
01-01 08:00:50.171 E/ ( 0): INFO: trying to register non-static key.
01-01 08:00:50.172 I/msm_vidc( 0): high: 00000001: ....d: Opening video instance: ffffffc2e7a70000, 1
04-04 04:29:52.599 D/SystemServerTiming( 1152): OnBootPhase_550_com.android.server.inputmethod.InputMethodManagerService$Lifecycle took to complete: 50ms
04-04 04:29:52.599 I/SystemServerTiming( 1152): OnBootPhase_550_com.android.server.accessibility.AccessibilityManagerService$Lifecycle
04-04 04:29:52.599 D/SystemServerTiming( 1152): OnBootPhase_550_com.android.server.accessibility.AccessibilityManagerService$Lifecycle took to complete: 0ms
04-04 04:29:52.599 I/SystemServerTiming( 1152): OnBootPhase_550_com.android.server.StorageManagerService$Lifecycle
04-04 04:29:52.599 D/SystemServerTiming( 1152): OnBootPhase_550_com.android.server.StorageManagerService$Lifecycle took to complete: 0ms
04-04 04:29:52.599 I/SystemServerTiming( 1152): OnBootPhase_550_com.android.server.usage.StorageStatsService$Lifecycle
04-04 04:29:52.599 D/SystemServerTiming( 1152): OnBootPhase_550_com.android.server.usage.StorageStatsService$Lifecycle took to complete: 0ms
04-04 04:29:52.599 I/SystemServerTiming( 1152): OnBootPhase_550_com.android.server.UiModeManagerService
04-04 04:29:52.599 D/SystemServerTiming( 1152): OnBootPhase_550_com.android.server.UiModeManagerService took to complete: 0ms
04-04 04:29:52.599 I/SystemServerTiming( 1152): OnBootPhase_550_com.android.server.locksettings.LockSettingsService$Lifecycle
04-04 04:29:52.600 I/RebootEscrowManager( 1152): No reboot escrow data found for users, skipping loading escrow data
04-04 04:29:52.602 D/SystemServerTiming( 1152): OnBootPhase_550_com.android.server.locksettings.LockSettingsService$Lifecycle took to complete: 2ms
04-04 04:29:52.602 I/SystemServerTiming( 1152): OnBootPhase_550_com.android.server.PersistentDataBlockService
04-04 04:29:52.602 D/SystemServerTiming( 1152): OnBootPhase_550_com.android.server.PersistentDataBlockService took to complete: 0ms
04-04 04:29:52.602 I/SystemServerTiming( 1152): OnBootPhase_550_com.android.server.testharness.TestHarnessModeService
04-04 04:29:52.602 D/SystemServerTiming( 1152): OnBootPhase_550_com.android.server.testharness.TestHarnessModeService took to complete: 0ms
04-04 04:29:52.603 I/SystemServerTiming( 1152): OnBootPhase_550_com.android.server.oemlock.OemLockService
04-04 04:29:52.603 D/SystemServerTiming( 1152): OnBootPhase_550_com.android.server.oemlock.OemLockService took to complete: 0ms
04-04 04:29:52.603 I/SystemServerTiming( 1152): OnBootPhase_550_com.android.server.DeviceIdleController
04-04 04:29:52.603 D/SystemServerTiming( 1152): OnBootPhase_550_com.android.server.DeviceIdleController took to complete: 0ms
04-04 04:29:52.603 I/SystemServerTiming( 1152): OnBootPhase_550_com.android.server.devicepolicy.DevicePolicyManagerService$Lifecycle
04-04 04:29:52.603 D/SystemServerTiming( 1152): OnBootPhase_550_com.android.server.devicepolicy.DevicePolicyManagerService$Lifecycle took to complete: 0ms
04-04 04:29:52.603 I/SystemServerTiming( 1152): OnBootPhase_550_com.android.server.texttospeech.TextToSpeechManagerService
04-04 04:29:52.603 D/SystemServerTiming( 1152): OnBootPhase_550_com.android.server.texttospeech.TextToSpeechManagerService took to complete: 0ms
04-04 04:29:52.603 I/SystemServerTiming( 1152): OnBootPhase_550_com.android.server.speech.SpeechRecognitionManagerService
04-04 04:29:52.603 D/SystemServerTiming( 1152): OnBootPhase_550_com.android.server.speech.SpeechRecognitionManagerService took to complete: 0ms
04-04 04:29:52.603 I/SystemServerTiming( 1152): OnBootPhase_550_com.android.server.searchui.SearchUiManagerService
04-04 04:29:52.603 D/SystemServerTiming( 1152): OnBootPhase_550_com.android.server.searchui.SearchUiManagerService took to complete: 0ms
04-04 04:29:52.603 I/SystemServerTiming( 1152): OnBootPhase_550_com.android.server.smartspace.SmartspaceManagerService
04-04 04:29:52.603 D/SystemServerTiming( 1152): OnBootPhase_550_com.android.server.smartspace.SmartspaceManagerService took to complete: 0ms
04-04 04:29:52.603 I/SystemServerTiming( 1152): OnBootPhase_550_com.android.server.graphics.fonts.FontManagerService$Lifecycle
04-04 04:29:52.603 D/SystemServerTiming( 1152): OnBootPhase_550_com.android.server.graphics.fonts.FontManagerService$Lifecycle took to complete: 0ms
04-04 04:29:52.603 I/SystemServerTiming( 1152): OnBootPhase_550_com.android.server.textservices.TextServicesManagerService$Lifecycle
04-04 04:29:52.603 D/SystemServerTiming( 1152): OnBootPhase_550_com.android.server.textservices.TextServicesManagerService$Lifecycle took to complete: 0ms
04-04 04:29:52.603 I/SystemServerTiming( 1152): OnBootPhase_550_com.android.server.textclassifier.TextClassificationManagerService$Lifecycle
04-04 04:29:52.603 D/SystemServerTiming( 1152): OnBootPhase_550_com.android.server.textclassifier.TextClassificationManagerService$Lifecycle took to complete: 0ms
04-04 04:29:52.603 I/SystemServerTiming( 1152): OnBootPhase_550_com.android.server.NetworkScoreService$Lifecycle
04-04 04:29:52.604 D/SystemServerTiming( 1152): OnBootPhase_550_com.android.server.NetworkScoreService$Lifecycle took to complete: 0ms
04-04 04:29:52.604 I/SystemServerTiming( 1152): OnBootPhase_550_com.android.server.wifi.WifiService
04-04 04:29:52.604 D/SystemServerTiming( 1152): OnBootPhase_550_com.android.server.wifi.WifiService took to complete: 0ms
04-04 04:29:52.604 I/SystemServerTiming( 1152): OnBootPhase_550_com.android.server.wifi.scanner.WifiScanningService
04-04 04:29:52.604 D/SystemServerTiming( 1152): OnBootPhase_550_com.android.server.wifi.scanner.WifiScanningService took to complete: 0ms
04-04 04:29:52.604 I/SystemServerTiming( 1152): OnBootPhase_550_com.android.server.wifi.rtt.RttService
04-04 04:29:52.604 D/SystemServerTiming( 1152): OnBootPhase_550_com.android.server.wifi.rtt.RttService took to complete: 0ms
04-04 04:29:52.604 I/SystemServerTiming( 1152): OnBootPhase_550_com.android.server.wifi.aware.WifiAwareService
04-04 04:29:52.604 D/SystemServerTiming( 1152): OnBootPhase_550_com.android.server.wifi.aware.WifiAwareService took to complete: 0ms
04-04 04:29:52.604 I/SystemServerTiming( 1152): OnBootPhase_550_com.android.server.wifi.p2p.WifiP2pService
04-04 04:29:52.604 D/SystemServerTiming( 1152): OnBootPhase_550_com.android.server.wifi.p2p.WifiP2pService took to complete: 0ms
04-04 04:29:52.604 I/SystemServerTiming( 1152): OnBootPhase_550_com.android.server.ethernet.EthernetService
04-04 04:29:52.604 D/SystemServerTiming( 1152): OnBootPhase_550_com.android.server.ethernet.EthernetService took to complete: 0ms
04-04 04:29:52.604 I/SystemServerTiming( 1152): OnBootPhase_550_com.android.server.ConnectivityServiceInitializer
04-04 04:29:52.604 D/SystemServerTiming( 1152): OnBootPhase_550_com.android.server.ConnectivityServiceInitializer took to complete: 0ms
04-04 04:29:52.604 I/SystemServerTiming( 1152): OnBootPhase_550_com.android.server.notification.NotificationManagerService
04-04 04:29:52.604 D/SystemServerTiming( 1152): OnBootPhase_550_com.android.server.notification.NotificationManagerService took to complete: 0ms
04-04 04:29:52.604 I/SystemServerTiming( 1152): OnBootPhase_550_com.android.server.storage.DeviceStorageMonitorService
04-04 04:29:52.604 D/SystemServerTiming( 1152): OnBootPhase_550_com.android.server.storage.DeviceStorageMonitorService took to complete: 0ms
04-04 04:29:52.604 I/SystemServerTiming( 1152): OnBootPhase_550_com.android.server.location.LocationManagerService$Lifecycle
04-04 04:29:52.604 D/SystemServerTiming( 1152): OnBootPhase_550_com.android.server.location.LocationManagerService$Lifecycle took to complete: 0ms
04-04 04:29:52.604 I/SystemServerTiming( 1152): OnBootPhase_550_com.android.server.timedetector.TimeDetectorService$Lifecycle
04-04 04:29:52.604 D/SystemServerTiming( 1152): OnBootPhase_550_com.android.server.timedetector.TimeDetectorService$Lifecycle took to complete: 0ms
04-04 04:29:52.604 I/SystemServerTiming( 1152): OnBootPhase_550_com.android.server.timezonedetector.TimeZoneDetectorService$Lifecycle
04-04 04:29:52.605 D/SystemServerTiming( 1152): OnBootPhase_550_com.android.server.timezonedetector.TimeZoneDetectorService$Lifecycle took to complete: 0ms
04-04 04:29:52.605 I/SystemServerTiming( 1152): OnBootPhase_550_com.android.server.timezonedetector.location.LocationTimeZoneManagerService$Lifecycle
04-04 04:29:52.605 D/SystemServerTiming( 1152): OnBootPhase_550_com.android.server.timezonedetector.location.LocationTimeZoneManagerService$Lifecycle took to complete: 0ms
04-04 04:29:52.605 I/SystemServerTiming( 1152): OnBootPhase_550_com.android.server.search.SearchManagerService$Lifecycle
04-04 04:29:52.605 D/SystemServerTiming( 1152): OnBootPhase_550_com.android.server.search.SearchManagerService$Lifecycle took to complete: 0ms
04-04 04:29:52.605 I/SystemServerTiming( 1152): OnBootPhase_550_com.android.server.wallpaper.WallpaperManagerService$Lifecycle
01-01 08:00:50.175 D/cnss ( 0): PM relax, state: 0x10, count: 0
01-01 08:00:50.179 E/ ( 0): the code is fine but needs lockdep annotation.
01-01 08:00:50.179 I/ ( 0): CPU: 7 PID: 338 Comm: kworker/u16:15 Tainted: G S W O 4.19.157+ #1
01-01 08:00:50.179 I/Hardware name( 0): Qualcomm Technologies, Inc. kona MTP-RmPM8150b. VX1(MCE) EVT1 (DT)
01-01 08:00:50.179 I/Workqueue( 0): events_unbound ion_system_secure_heap_prefetch_work
01-01 08:00:50.179 I/Call trace( 0):
01-01 08:00:50.179 I/ ( 0): dump_backtrace+0x0/0x258
01-01 08:00:50.179 I/ ( 0): show_stack+0x20/0x30
01-01 08:00:50.179 I/ ( 0): dump_stack+0xd8/0x12c
01-01 08:00:50.179 I/ ( 0): register_lock_class+0x4d0/0x5c8
01-01 08:00:50.179 I/ ( 0): __lock_acquire+0xbc/0x1e58
01-01 08:00:50.179 I/ ( 0): lock_acquire+0x1cc/0x218
01-01 08:00:50.179 I/ ( 0): _raw_spin_lock_irqsave+0x54/0x98
01-01 08:00:50.179 I/ ( 0): ion_system_secure_heap_prefetch_work+0x94/0x2c0
01-01 08:00:50.180 I/ ( 0): process_one_work+0x38c/0x660
01-01 08:00:50.180 I/ ( 0): worker_thread+0x268/0x4b8
01-01 08:00:50.180 I/ ( 0): kthread+0x140/0x150
01-01 08:00:50.180 I/ ( 0): ret_from_fork+0x10/0x1c
01-01 08:00:50.183 E/ ( 0): INFO: trying to register non-static key.
04-04 04:29:52.607 I/WallpaperManagerService( 1152): No static wallpaper imagery; defaults will be shown
04-04 04:29:52.607 V/WallpaperManagerService( 1152): bindWallpaperComponentLocked: componentName=ComponentInfo{com.android.systemui/com.android.systemui.ImageWallpaper}
01-01 08:00:50.191 E/ ( 0): the code is fine but needs lockdep annotation.
01-01 08:00:50.192 E/ ( 0): [drm:dp_display_init_aux_switch][msm-dp-err][82 ]failed to register notifier (-22)
01-01 08:00:50.197 I/ ( 0): CPU: 7 PID: 338 Comm: kworker/u16:15 Tainted: G S W O 4.19.157+ #1
01-01 08:00:50.197 I/Hardware name( 0): Qualcomm Technologies, Inc. kona MTP-RmPM8150b. VX1(MCE) EVT1 (DT)
01-01 08:00:50.197 I/Workqueue( 0): events_unbound ion_system_secure_heap_prefetch_work
01-01 08:00:50.197 I/Call trace( 0):
01-01 08:00:50.197 I/ ( 0): dump_backtrace+0x0/0x258
01-01 08:00:50.197 I/ ( 0): show_stack+0x20/0x30
01-01 08:00:50.197 I/ ( 0): dump_stack+0xd8/0x12c
01-01 08:00:50.197 I/ ( 0): register_lock_class+0x4d0/0x5c8
01-01 08:00:50.197 I/ ( 0): __lock_acquire+0xbc/0x1e58
01-01 08:00:50.197 I/ ( 0): lock_acquire+0x1cc/0x218
01-01 08:00:50.197 I/ ( 0): _raw_spin_lock_irqsave+0x54/0x98
01-01 08:00:50.197 I/ ( 0): ion_system_secure_heap_prefetch_work+0x94/0x2c0
01-01 08:00:50.197 I/ ( 0): process_one_work+0x38c/0x660
01-01 08:00:50.197 I/ ( 0): worker_thread+0x268/0x4b8
01-01 08:00:50.197 I/ ( 0): kthread+0x140/0x150
01-01 08:00:50.197 I/ ( 0): ret_from_fork+0x10/0x1c
01-01 08:00:50.199 E/ ( 0): INFO: trying to register non-static key.
01-01 08:00:50.204 I/msm_vidc( 0): high: 00000001: h265d: Closed video instance: ffffffc2e7a70000
01-01 08:00:50.209 E/register_client_adhoc( 0): find path.src 1 dest 589
04-04 04:29:52.636 D/CompatibilityChangeReporter( 1152): Compat change id reported: 135634846; UID 10084; state: DISABLED
04-04 04:29:52.636 D/CompatibilityChangeReporter( 1152): Compat change id reported: 177438394; UID 10084; state: DISABLED
04-04 04:29:52.636 D/CompatibilityChangeReporter( 1152): Compat change id reported: 135772972; UID 10084; state: DISABLED
04-04 04:29:52.636 D/CompatibilityChangeReporter( 1152): Compat change id reported: 135754954; UID 10084; state: ENABLED
01-01 08:00:50.209 E/register_client_adhoc( 0): Failed to find path.src 1 dest 589
01-01 08:00:50.211 E/ ( 0): the code is fine but needs lockdep annotation.
01-01 08:00:50.211 I/ ( 0): CPU: 7 PID: 338 Comm: kworker/u16:15 Tainted: G S W O 4.19.157+ #1
01-01 08:00:50.211 I/Hardware name( 0): Qualcomm Technologies, Inc. kona MTP-RmPM8150b. VX1(MCE) EVT1 (DT)
04-04 04:29:52.641 W/WallpaperManagerService( 1152): Invalid wallpaper data
04-04 04:29:52.641 E/WallpaperManagerService( 1152): Unable to apply new wallpaper
04-04 04:29:52.641 D/SystemServerTiming( 1152): OnBootPhase_550_com.android.server.wallpaper.WallpaperManagerService$Lifecycle took to complete: 36ms
04-04 04:29:52.641 I/SystemServerTiming( 1152): OnBootPhase_550_com.android.server.audio.AudioService$Lifecycle
04-04 04:29:52.641 D/SystemServerTiming( 1152): OnBootPhase_550_com.android.server.audio.AudioService$Lifecycle took to complete: 0ms
04-04 04:29:52.641 I/SystemServerTiming( 1152): OnBootPhase_550_com.android.server.soundtrigger_middleware.SoundTriggerMiddlewareService$Lifecycle
04-04 04:29:52.641 D/SystemServerTiming( 1152): OnBootPhase_550_com.android.server.soundtrigger_middleware.SoundTriggerMiddlewareService$Lifecycle took to complete: 0ms
04-04 04:29:52.641 I/SystemServerTiming( 1152): OnBootPhase_550_com.android.server.DockObserver
04-04 04:29:52.641 D/SystemServerTiming( 1152): OnBootPhase_550_com.android.server.DockObserver took to complete: 0ms
04-04 04:29:52.642 I/SystemServerTiming( 1152): OnBootPhase_550_com.android.server.midi.MidiService$Lifecycle
04-04 04:29:52.642 D/SystemServerTiming( 1152): OnBootPhase_550_com.android.server.midi.MidiService$Lifecycle took to complete: 0ms
04-04 04:29:52.642 I/SystemServerTiming( 1152): OnBootPhase_550_com.android.server.adb.AdbService$Lifecycle
04-04 04:29:52.642 D/SystemServerTiming( 1152): OnBootPhase_550_com.android.server.adb.AdbService$Lifecycle took to complete: 0ms
04-04 04:29:52.642 I/SystemServerTiming( 1152): OnBootPhase_550_com.android.server.usb.UsbService$Lifecycle
04-04 04:29:52.642 D/SystemServerTiming( 1152): OnBootPhase_550_com.android.server.usb.UsbService$Lifecycle took to complete: 0ms
04-04 04:29:52.642 I/SystemServerTiming( 1152): OnBootPhase_550_com.android.server.twilight.TwilightService
04-04 04:29:52.642 I/SystemServerTimingAsync( 1152): InitThreadPoolExec:UsbService$Lifecycle#onBootPhase
04-04 04:29:52.642 D/SystemServerInitThreadPool( 1152): Started executing UsbService$Lifecycle#onBootPhase
01-01 08:00:50.211 I/Workqueue( 0): events_unbound ion_system_secure_heap_prefetch_work
01-01 08:00:50.222 I/msm_vidc( 0): high: 00000001: ....d: Opening video instance: ffffffc2def8c000, 1
01-01 08:00:50.223 I/Call trace( 0):
01-01 08:00:50.223 I/ ( 0): dump_backtrace+0x0/0x258
01-01 08:00:50.229 I/ ( 0): show_stack+0x20/0x30
01-01 08:00:50.229 I/ ( 0): dump_stack+0xd8/0x12c
01-01 08:00:50.229 I/ ( 0): register_lock_class+0x4d0/0x5c8
01-01 08:00:50.229 I/ ( 0): __lock_acquire+0xbc/0x1e58
01-01 08:00:50.229 I/ ( 0): lock_acquire+0x1cc/0x218
01-01 08:00:50.229 I/ ( 0): _raw_spin_lock_irqsave+0x54/0x98
01-01 08:00:50.229 I/ ( 0): ion_system_secure_heap_prefetch_work+0x94/0x2c0
01-01 08:00:50.229 I/ ( 0): process_one_work+0x38c/0x660
01-01 08:00:50.229 I/ ( 0): worker_thread+0x268/0x4b8
01-01 08:00:50.229 I/ ( 0): kthread+0x140/0x150
01-01 08:00:50.229 I/ ( 0): ret_from_fork+0x10/0x1c
04-04 04:29:52.643 D/SystemServerTiming( 1152): OnBootPhase_550_com.android.server.twilight.TwilightService took to complete: 0ms
04-04 04:29:52.644 D/SystemServerInitThreadPool( 1152): Finished executing UsbService$Lifecycle#onBootPhase
04-04 04:29:52.644 D/SystemServerTimingAsync( 1152): InitThreadPoolExec:UsbService$Lifecycle#onBootPhase took to complete: 2ms
04-04 04:29:52.644 I/SystemServerTiming( 1152): OnBootPhase_550_com.android.server.display.color.ColorDisplayService
04-04 04:29:52.644 D/SystemServerTiming( 1152): OnBootPhase_550_com.android.server.display.color.ColorDisplayService took to complete: 0ms
04-04 04:29:52.644 I/SystemServerTiming( 1152): OnBootPhase_550_com.android.server.job.JobSchedulerService
04-04 04:29:52.644 D/SystemServerTiming( 1152): OnBootPhase_550_com.android.server.job.JobSchedulerService took to complete: 0ms
04-04 04:29:52.644 I/SystemServerTiming( 1152): OnBootPhase_550_com.android.server.soundtrigger.SoundTriggerService
04-04 04:29:52.644 D/SoundTriggerService( 1152): onBootPhase: 550 : false
04-04 04:29:52.644 D/SystemServerTiming( 1152): OnBootPhase_550_com.android.server.soundtrigger.SoundTriggerService took to complete: 0ms
04-04 04:29:52.644 I/SystemServerTiming( 1152): OnBootPhase_550_com.android.server.trust.TrustManagerService
04-04 04:29:52.644 D/SystemServerTiming( 1152): OnBootPhase_550_com.android.server.trust.TrustManagerService took to complete: 0ms
04-04 04:29:52.644 I/SystemServerTiming( 1152): OnBootPhase_550_com.android.server.backup.BackupManagerService$Lifecycle
04-04 04:29:52.644 D/SystemServerTiming( 1152): OnBootPhase_550_com.android.server.backup.BackupManagerService$Lifecycle took to complete: 0ms
04-04 04:29:52.644 I/SystemServerTiming( 1152): OnBootPhase_550_com.android.server.appwidget.AppWidgetService
04-04 04:29:52.644 D/SystemServerTiming( 1152): OnBootPhase_550_com.android.server.appwidget.AppWidgetService took to complete: 0ms
04-04 04:29:52.644 I/SystemServerTiming( 1152): OnBootPhase_550_com.android.server.voiceinteraction.VoiceInteractionManagerService
04-04 04:29:52.645 D/SystemServerTiming( 1152): OnBootPhase_550_com.android.server.voiceinteraction.VoiceInteractionManagerService took to complete: 0ms
04-04 04:29:52.645 I/SystemServerTiming( 1152): OnBootPhase_550_com.android.server.apphibernation.AppHibernationService
04-04 04:29:52.645 D/SystemServerTiming( 1152): OnBootPhase_550_com.android.server.apphibernation.AppHibernationService took to complete: 0ms
04-04 04:29:52.645 I/SystemServerTiming( 1152): OnBootPhase_550_com.android.server.SensorNotificationService
04-04 04:29:52.645 D/SystemServerTiming( 1152): OnBootPhase_550_com.android.server.SensorNotificationService took to complete: 0ms
04-04 04:29:52.645 I/SystemServerTiming( 1152): OnBootPhase_550_com.android.server.emergency.EmergencyAffordanceService
04-04 04:29:52.645 D/SystemServerTiming( 1152): OnBootPhase_550_com.android.server.emergency.EmergencyAffordanceService took to complete: 0ms
04-04 04:29:52.645 I/SystemServerTiming( 1152): OnBootPhase_550_com.android.server.blob.BlobStoreManagerService
04-04 04:29:52.645 D/SystemServerTiming( 1152): OnBootPhase_550_com.android.server.blob.BlobStoreManagerService took to complete: 0ms
04-04 04:29:52.645 I/SystemServerTiming( 1152): OnBootPhase_550_com.android.server.dreams.DreamManagerService
04-04 04:29:52.645 D/SystemServerTiming( 1152): OnBootPhase_550_com.android.server.dreams.DreamManagerService took to complete: 0ms
04-04 04:29:52.645 I/SystemServerTiming( 1152): OnBootPhase_550_com.android.server.companion.CompanionDeviceManagerService
04-04 04:29:52.645 D/SystemServerTiming( 1152): OnBootPhase_550_com.android.server.companion.CompanionDeviceManagerService took to complete: 0ms
04-04 04:29:52.646 I/SystemServerTiming( 1152): OnBootPhase_550_com.android.server.restrictions.RestrictionsManagerService
04-04 04:29:52.646 D/SystemServerTiming( 1152): OnBootPhase_550_com.android.server.restrictions.RestrictionsManagerService took to complete: 0ms
04-04 04:29:52.646 I/SystemServerTiming( 1152): OnBootPhase_550_com.android.server.media.MediaSessionService
04-04 04:29:52.646 D/SystemServerTiming( 1152): OnBootPhase_550_com.android.server.media.MediaSessionService took to complete: 0ms
04-04 04:29:52.646 I/SystemServerTiming( 1152): OnBootPhase_550_com.android.server.media.MediaResourceMonitorService
04-04 04:29:52.646 D/SystemServerTiming( 1152): OnBootPhase_550_com.android.server.media.MediaResourceMonitorService took to complete: 0ms
04-04 04:29:52.646 I/SystemServerTiming( 1152): OnBootPhase_550_com.android.server.biometrics.sensors.fingerprint.FingerprintService
04-04 04:29:52.646 D/SystemServerTiming( 1152): OnBootPhase_550_com.android.server.biometrics.sensors.fingerprint.FingerprintService took to complete: 0ms
04-04 04:29:52.646 I/SystemServerTiming( 1152): OnBootPhase_550_com.android.server.biometrics.BiometricService
04-04 04:29:52.646 D/SystemServerTiming( 1152): OnBootPhase_550_com.android.server.biometrics.BiometricService took to complete: 0ms
04-04 04:29:52.646 I/SystemServerTiming( 1152): OnBootPhase_550_com.android.server.biometrics.AuthService
04-04 04:29:52.646 D/SystemServerTiming( 1152): OnBootPhase_550_com.android.server.biometrics.AuthService took to complete: 0ms
04-04 04:29:52.646 I/SystemServerTiming( 1152): OnBootPhase_550_com.android.server.pm.ShortcutService$Lifecycle
04-04 04:29:52.646 D/SystemServerTiming( 1152): OnBootPhase_550_com.android.server.pm.ShortcutService$Lifecycle took to complete: 0ms
04-04 04:29:52.646 I/SystemServerTiming( 1152): OnBootPhase_550_com.android.server.pm.LauncherAppsService
04-04 04:29:52.646 D/SystemServerTiming( 1152): OnBootPhase_550_com.android.server.pm.LauncherAppsService took to complete: 0ms
04-04 04:29:52.646 I/SystemServerTiming( 1152): OnBootPhase_550_com.android.server.pm.CrossProfileAppsService
04-04 04:29:52.646 D/SystemServerTiming( 1152): OnBootPhase_550_com.android.server.pm.CrossProfileAppsService took to complete: 0ms
04-04 04:29:52.646 I/SystemServerTiming( 1152): OnBootPhase_550_com.android.server.people.PeopleService
04-04 04:29:52.646 D/SystemServerTiming( 1152): OnBootPhase_550_com.android.server.people.PeopleService took to complete: 0ms
04-04 04:29:52.646 I/SystemServerTiming( 1152): OnBootPhase_550_com.android.server.media.metrics.MediaMetricsManagerService
04-04 04:29:52.647 D/SystemServerTiming( 1152): OnBootPhase_550_com.android.server.media.metrics.MediaMetricsManagerService took to complete: 0ms
04-04 04:29:52.647 I/SystemServerTiming( 1152): OnBootPhase_550_com.android.server.media.projection.MediaProjectionManagerService
04-04 04:29:52.647 D/SystemServerTiming( 1152): OnBootPhase_550_com.android.server.media.projection.MediaProjectionManagerService took to complete: 0ms
04-04 04:29:52.647 I/SystemServerTiming( 1152): OnBootPhase_550_com.android.server.slice.SliceManagerService$Lifecycle
04-04 04:29:52.647 D/SystemServerTiming( 1152): OnBootPhase_550_com.android.server.slice.SliceManagerService$Lifecycle took to complete: 0ms
04-04 04:29:52.647 I/SystemServerTiming( 1152): OnBootPhase_550_com.android.server.stats.StatsCompanion$Lifecycle
04-04 04:29:52.647 D/SystemServerTiming( 1152): OnBootPhase_550_com.android.server.stats.StatsCompanion$Lifecycle took to complete: 0ms
04-04 04:29:52.647 I/SystemServerTiming( 1152): OnBootPhase_550_com.android.server.scheduling.RebootReadinessManagerService$Lifecycle
04-04 04:29:52.647 D/SystemServerTiming( 1152): OnBootPhase_550_com.android.server.scheduling.RebootReadinessManagerService$Lifecycle took to complete: 0ms
04-04 04:29:52.647 I/SystemServerTiming( 1152): OnBootPhase_550_com.android.server.stats.pull.StatsPullAtomService
04-04 04:29:52.647 D/SystemServerTiming( 1152): OnBootPhase_550_com.android.server.stats.pull.StatsPullAtomService took to complete: 0ms
04-04 04:29:52.647 I/SystemServerTiming( 1152): OnBootPhase_550_com.android.server.incident.IncidentCompanionService
04-04 04:29:52.647 D/SystemServerTiming( 1152): OnBootPhase_550_com.android.server.incident.IncidentCompanionService took to complete: 0ms
04-04 04:29:52.647 I/SystemServerTiming( 1152): OnBootPhase_550_com.android.server.MmsServiceBroker
04-04 04:29:52.647 D/SystemServerTiming( 1152): OnBootPhase_550_com.android.server.MmsServiceBroker took to complete: 0ms
04-04 04:29:52.647 I/SystemServerTiming( 1152): OnBootPhase_550_com.android.server.autofill.AutofillManagerService
04-04 04:29:52.647 D/SystemServerTiming( 1152): OnBootPhase_550_com.android.server.autofill.AutofillManagerService took to complete: 0ms
04-04 04:29:52.647 I/SystemServerTiming( 1152): OnBootPhase_550_com.android.server.clipboard.ClipboardService
04-04 04:29:52.647 D/SystemServerTiming( 1152): OnBootPhase_550_com.android.server.clipboard.ClipboardService took to complete: 0ms
04-04 04:29:52.647 I/SystemServerTiming( 1152): OnBootPhase_550_com.android.server.appbinding.AppBindingService$Lifecycle
01-01 08:00:50.232 E/ ( 0): INFO: trying to register non-static key.
04-04 04:29:52.648 I/AppBindingService( 1152): Updating constants with: null
04-04 04:29:52.648 D/SystemServerTiming( 1152): OnBootPhase_550_com.android.server.appbinding.AppBindingService$Lifecycle took to complete: 1ms
04-04 04:29:52.648 I/SystemServerTiming( 1152): OnBootPhase_550_com.android.server.tracing.TracingServiceProxy
04-04 04:29:52.648 D/SystemServerTiming( 1152): OnBootPhase_550_com.android.server.tracing.TracingServiceProxy took to complete: 0ms
04-04 04:29:52.648 I/SystemServerTiming( 1152): OnBootPhase_550_com.android.server.policy.PermissionPolicyService
04-04 04:29:52.648 I/UsbPortManager( 1152): ClientCallback V1_2:
04-04 04:29:52.649 I/UsbPortManager( 1152): USB port added: port=UsbPort{id=, supportedModes=nonesupportedContaminantProtectionModes=0supportsEnableContaminantPresenceProtection=falsesupportsEnableContaminantPresenceDetection=false, status=UsbPortStatus{connected=false, currentMode=none, currentPowerRole=no-power, currentDataRole=no-data, supportedRoleCombinations=[no-power:no-data], contaminantDetectionStatus=0, contaminantProtectionStatus=0}, canChangeMode=false, canChangePowerRole=false, canChangeDataRole=false, connectedAtMillis=0, lastConnectDurationMillis=0
04-04 04:29:52.667 I/PackageManager( 1152): Permission ownership changed. Updating all permissions.
01-01 08:00:50.235 E/ ( 0): INFO: trying to register non-static key.
01-01 08:00:50.237 E/ ( 0): the code is fine but needs lockdep annotation.
01-01 08:00:50.237 I/ ( 0): CPU: 7 PID: 338 Comm: kworker/u16:15 Tainted: G S W O 4.19.157+ #1
01-01 08:00:50.242 E/ ( 0): the code is fine but needs lockdep annotation.
01-01 08:00:50.248 I/Hardware name( 0): Qualcomm Technologies, Inc. kona MTP-RmPM8150b. VX1(MCE) EVT1 (DT)
01-01 08:00:50.248 I/Workqueue( 0): events_unbound ion_system_secure_heap_prefetch_work
01-01 08:00:50.248 E/swr-wcd rx_swr_ctrl( 0): swrm_get_logical_dev_num: device 0xd01170224 is not ready
01-01 08:00:50.248 E/swr_get_logical_dev_num( 0): Error -22 to get logical addr for device d01170224
01-01 08:00:50.257 E/swr-wcd rx_swr_ctrl( 0): swrm_get_logical_dev_num: device 0xd01170224 is not ready
04-04 04:29:52.681 D/SystemServerTiming( 1152): OnBootPhase_550_com.android.server.policy.PermissionPolicyService took to complete: 33ms
04-04 04:29:52.681 I/SystemServerTiming( 1152): OnBootPhase_550_com.android.server.pm.StagingManager$Lifecycle
04-04 04:29:52.681 D/SystemServerTiming( 1152): OnBootPhase_550_com.android.server.pm.StagingManager$Lifecycle took to complete: 0ms
04-04 04:29:52.681 I/SystemServerTiming( 1152): OnBootPhase_550_com.android.server.app.GameManagerService$Lifecycle
04-04 04:29:52.681 D/SystemServerTiming( 1152): OnBootPhase_550_com.android.server.app.GameManagerService$Lifecycle took to complete: 0ms
04-04 04:29:52.681 I/SystemServerTiming( 1152): OnBootPhase_550_com.android.server.appsearch.AppSearchManagerService
04-04 04:29:52.681 D/SystemServerTiming( 1152): OnBootPhase_550_com.android.server.appsearch.AppSearchManagerService took to complete: 0ms
04-04 04:29:52.681 I/SystemServerTiming( 1152): OnBootPhase_550_com.android.server.media.MediaCommunicationService
04-04 04:29:52.681 D/SystemServerTiming( 1152): OnBootPhase_550_com.android.server.media.MediaCommunicationService took to complete: 0ms
04-04 04:29:52.681 D/SystemServerTiming( 1152): OnBootPhase_550 took to complete: 182ms
04-04 04:29:52.681 D/SystemServerTiming( 1152): StartActivityManagerReadyPhase took to complete: 182ms
04-04 04:29:52.681 I/SystemServerTiming( 1152): StartObservingNativeCrashes
04-04 04:29:52.682 D/SystemServerTiming( 1152): StartObservingNativeCrashes took to complete: 1ms
04-04 04:29:52.682 I/SystemServerTiming( 1152): RegisterAppOpsPolicy
04-04 04:29:52.683 W/ActivityManager( 1152): Slow operation: 143ms so far, now at startProcess: returned from zygote!
01-01 08:00:50.261 I/msm-dwc3 a600000.ssusb( 0): DWC3 exited from low power mode
04-04 04:29:52.683 D/SystemServerTiming( 1152): RegisterAppOpsPolicy took to complete: 1ms
04-04 04:29:52.683 I/SystemServerTiming( 1152): MakeNetworkManagementServiceReady
04-04 04:29:52.684 W/ActivityManager( 1152): Slow operation: 144ms so far, now at startProcess: done updating battery stats
04-04 04:29:52.684 W/ActivityManager( 1152): Slow operation: 144ms so far, now at startProcess: building log message
04-04 04:29:52.684 I/ActivityManager( 1152): Start proc 1997:com.android.bluetooth/1002 for service {com.android.bluetooth/com.android.bluetooth.btservice.AdapterService}
04-04 04:29:52.684 W/ActivityManager( 1152): Slow operation: 144ms so far, now at startProcess: starting to update pids map
04-04 04:29:52.684 I/SystemServerTimingAsync( 1152): InitThreadPoolExec:WebViewFactoryPreparation
04-04 04:29:52.684 D/SystemServerInitThreadPool( 1152): Started executing WebViewFactoryPreparation
04-04 04:29:52.684 I/SystemServer( 1152): WebViewFactoryPreparation
04-04 04:29:52.684 I/SystemServerTimingAsync( 1152): WebViewFactoryPreparation
04-04 04:29:52.685 W/ActivityManager( 1152): Slow operation: 145ms so far, now at startProcess: done updating pids map
04-04 04:29:52.685 D/CompatibilityChangeReporter( 1152): Compat change id reported: 143937733; UID 10084; state: ENABLED
04-04 04:29:52.687 D/CompatibilityChangeReporter( 1152): Compat change id reported: 135634846; UID 1000; state: DISABLED
04-04 04:29:52.688 D/CompatibilityChangeReporter( 1152): Compat change id reported: 177438394; UID 1000; state: DISABLED
04-04 04:29:52.688 D/CompatibilityChangeReporter( 1152): Compat change id reported: 135772972; UID 1000; state: DISABLED
04-04 04:29:52.688 D/SystemServerTiming( 1152): MakeNetworkManagementServiceReady took to complete: 4ms
04-04 04:29:52.688 I/SystemServerTiming( 1152): MakeIpSecServiceReady
04-04 04:29:52.689 D/IpSecService( 1152): IpSecService is ready
04-04 04:29:52.689 D/SystemServerTiming( 1152): MakeIpSecServiceReady took to complete: 1ms
04-04 04:29:52.689 I/SystemServerTiming( 1152): MakeNetworkStatsServiceReady
04-04 04:29:52.690 D/CompatibilityChangeReporter( 1152): Compat change id reported: 178038272; UID 1000; state: DISABLED
04-04 04:29:52.697 W/NetworkPolicy( 1152): setRestrictBackgroundUL: already false
04-04 04:29:52.699 D/SystemServerTimingAsync( 1152): WebViewFactoryPreparation took to complete: 14ms
04-04 04:29:52.699 D/SystemServerInitThreadPool( 1152): Finished executing WebViewFactoryPreparation
04-04 04:29:52.699 D/SystemServerTimingAsync( 1152): InitThreadPoolExec:WebViewFactoryPreparation took to complete: 15ms
01-01 08:00:50.262 I/Call trace( 0):
01-01 08:00:50.262 I/ ( 0): dump_backtrace+0x0/0x258
01-01 08:00:50.262 I/ ( 0): show_stack+0x20/0x30
01-01 08:00:50.262 I/ ( 0): dump_stack+0xd8/0x12c
01-01 08:00:50.262 I/ ( 0): register_lock_class+0x4d0/0x5c8
01-01 08:00:50.262 I/ ( 0): __lock_acquire+0xbc/0x1e58
01-01 08:00:50.262 I/ ( 0): lock_acquire+0x1cc/0x218
01-01 08:00:50.262 I/ ( 0): _raw_spin_lock_irqsave+0x54/0x98
01-01 08:00:50.262 I/ ( 0): ion_system_secure_heap_prefetch_work+0x94/0x2c0
01-01 08:00:50.262 I/ ( 0): process_one_work+0x38c/0x660
01-01 08:00:50.262 I/ ( 0): worker_thread+0x268/0x4b8
01-01 08:00:50.262 I/ ( 0): kthread+0x140/0x150
01-01 08:00:50.262 I/ ( 0): ret_from_fork+0x10/0x1c
01-01 08:00:50.262 I/ ( 0): CPU: 2 PID: 1985 Comm: VideoDecMsgThre Tainted: G S W O 4.19.157+ #1
01-01 08:00:50.262 I/Hardware name( 0): Qualcomm Technologies, Inc. kona MTP-RmPM8150b. VX1(MCE) EVT1 (DT)
01-01 08:00:50.262 I/Call trace( 0):
01-01 08:00:50.262 I/ ( 0): dump_backtrace+0x0/0x258
01-01 08:00:50.262 I/ ( 0): show_stack+0x20/0x30
01-01 08:00:50.262 I/ ( 0): dump_stack+0xd8/0x12c
01-01 08:00:50.262 I/ ( 0): register_lock_class+0x4d0/0x5c8
01-01 08:00:50.262 I/ ( 0): __lock_acquire+0xbc/0x1e58
01-01 08:00:50.262 I/ ( 0): lock_acquire+0x1cc/0x218
01-01 08:00:50.262 I/ ( 0): _raw_spin_lock_irqsave+0x54/0x98
01-01 08:00:50.262 I/ ( 0): __ion_system_secure_heap_resize+0x768/0x8c0
01-01 08:00:50.262 I/ ( 0): ion_system_secure_heap_prefetch+0x28/0x38
01-01 08:00:50.262 I/ ( 0): ion_walk_heaps+0x88/0xb8
01-01 08:00:50.262 I/ ( 0): ion_ioctl+0x1b0/0x2a8
01-01 08:00:50.262 I/ ( 0): __arm64_compat_sys_ioctl+0xf4/0x240
01-01 08:00:50.266 E/ ( 0): INFO: trying to register non-static key.
01-01 08:00:50.266 E/ ( 0): the code is fine but needs lockdep annotation.
01-01 08:00:50.274 E/swr_get_logical_dev_num( 0): Error -22 to get logical addr for device d01170224
01-01 08:00:50.277 I/msm-dwc3 a800000.ssusb( 0): DWC3 exited from low power mode
01-01 08:00:50.278 I/ ( 0): el0_svc_common+0xa4/0x190
01-01 08:00:50.278 I/ ( 0): el0_svc_compat_handler+0x28/0x38
01-01 08:00:50.278 I/ ( 0): el0_svc_compat+0x8/0x34
01-01 08:00:50.278 I/ ( 0): CPU: 7 PID: 338 Comm: kworker/u16:15 Tainted: G S W O 4.19.157+ #1
01-01 08:00:50.278 I/Hardware name( 0): Qualcomm Technologies, Inc. kona MTP-RmPM8150b. VX1(MCE) EVT1 (DT)
01-01 08:00:50.278 I/Workqueue( 0): events_unbound ion_system_secure_heap_prefetch_work
01-01 08:00:50.278 I/Call trace( 0):
01-01 08:00:50.278 I/ ( 0): dump_backtrace+0x0/0x258
01-01 08:00:50.278 I/ ( 0): show_stack+0x20/0x30
01-01 08:00:50.278 I/ ( 0): dump_stack+0xd8/0x12c
01-01 08:00:50.278 I/ ( 0): register_lock_class+0x4d0/0x5c8
01-01 08:00:50.278 I/ ( 0): __lock_acquire+0xbc/0x1e58
01-01 08:00:50.278 I/ ( 0): lock_acquire+0x1cc/0x218
01-01 08:00:50.278 I/ ( 0): _raw_spin_lock_irqsave+0x54/0x98
01-01 08:00:50.278 I/ ( 0): ion_system_secure_heap_prefetch_work+0x94/0x2c0
01-01 08:00:50.278 I/ ( 0): process_one_work+0x38c/0x660
01-01 08:00:50.278 I/ ( 0): worker_thread+0x268/0x4b8
01-01 08:00:50.278 I/ ( 0): kthread+0x140/0x150
01-01 08:00:50.278 I/ ( 0): ret_from_fork+0x10/0x1c
01-01 08:00:50.283 E/ ( 0): INFO: trying to register non-static key.
01-01 08:00:50.286 E/swr-wcd rx_swr_ctrl( 0): swrm_get_logical_dev_num: device 0xd01170224 is not ready
01-01 08:00:50.289 E/ ( 0): the code is fine but needs lockdep annotation.
01-01 08:00:50.289 I/ ( 0): CPU: 7 PID: 338 Comm: kworker/u16:15 Tainted: G S W O 4.19.157+ #1
01-01 08:00:50.289 I/Hardware name( 0): Qualcomm Technologies, Inc. kona MTP-RmPM8150b. VX1(MCE) EVT1 (DT)
01-01 08:00:50.289 I/Workqueue( 0): events_unbound ion_system_secure_heap_prefetch_work
01-01 08:00:50.290 I/Call trace( 0):
01-01 08:00:50.290 I/ ( 0): dump_backtrace+0x0/0x258
01-01 08:00:50.290 I/ ( 0): show_stack+0x20/0x30
01-01 08:00:50.290 I/ ( 0): dump_stack+0xd8/0x12c
01-01 08:00:50.290 I/ ( 0): register_lock_class+0x4d0/0x5c8
01-01 08:00:50.290 I/ ( 0): __lock_acquire+0xbc/0x1e58
01-01 08:00:50.290 I/ ( 0): lock_acquire+0x1cc/0x218
01-01 08:00:50.290 I/ ( 0): _raw_spin_lock_irqsave+0x54/0x98
01-01 08:00:50.290 I/ ( 0): ion_system_secure_heap_prefetch_work+0x94/0x2c0
01-01 08:00:50.290 I/ ( 0): process_one_work+0x38c/0x660
01-01 08:00:50.290 I/ ( 0): worker_thread+0x268/0x4b8
01-01 08:00:50.290 I/ ( 0): kthread+0x140/0x150
01-01 08:00:50.290 I/ ( 0): ret_from_fork+0x10/0x1c
01-01 08:00:50.294 E/ ( 0): INFO: trying to register non-static key.
01-01 08:00:50.299 E/swr_get_logical_dev_num( 0): Error -22 to get logical addr for device d01170224
01-01 08:00:50.300 E/ ( 0): INFO: trying to register non-static key.
01-01 08:00:50.300 E/ ( 0): the code is fine but needs lockdep annotation.
01-01 08:00:50.300 I/ ( 0): CPU: 5 PID: 1933 Comm: HwBinder:1325_4 Tainted: G S W O 4.19.157+ #1
01-01 08:00:50.300 I/Hardware name( 0): Qualcomm Technologies, Inc. kona MTP-RmPM8150b. VX1(MCE) EVT1 (DT)
01-01 08:00:50.300 I/Call trace( 0):
01-01 08:00:50.300 I/ ( 0): dump_backtrace+0x0/0x258
01-01 08:00:50.300 I/ ( 0): show_stack+0x20/0x30
01-01 08:00:50.300 I/ ( 0): dump_stack+0xd8/0x12c
01-01 08:00:50.300 I/ ( 0): register_lock_class+0x4d0/0x5c8
01-01 08:00:50.300 I/ ( 0): __lock_acquire+0xbc/0x1e58
01-01 08:00:50.300 I/ ( 0): lock_acquire+0x1cc/0x218
01-01 08:00:50.300 I/ ( 0): _raw_spin_lock_irqsave+0x54/0x98
01-01 08:00:50.300 I/ ( 0): __ion_system_secure_heap_resize+0x768/0x8c0
01-01 08:00:50.300 I/ ( 0): ion_system_secure_heap_drain+0x28/0x38
01-01 08:00:50.300 I/ ( 0): ion_walk_heaps+0x88/0xb8
01-01 08:00:50.300 I/ ( 0): ion_ioctl+0x1b0/0x2a8
01-01 08:00:50.300 I/ ( 0): __arm64_compat_sys_ioctl+0xf4/0x240
01-01 08:00:50.300 I/ ( 0): el0_svc_common+0xa4/0x190
01-01 08:00:50.300 I/ ( 0): el0_svc_compat_handler+0x28/0x38
01-01 08:00:50.300 I/ ( 0): el0_svc_compat+0x8/0x34
01-01 08:00:50.303 I/msm_vidc( 0): high: 00000001: h265d: Closed video instance: ffffffc2def8c000
01-01 08:00:50.304 E/ ( 0): the code is fine but needs lockdep annotation.
01-01 08:00:50.304 I/ ( 0): CPU: 7 PID: 338 Comm: kworker/u16:15 Tainted: G S W O 4.19.157+ #1
01-01 08:00:50.304 I/Hardware name( 0): Qualcomm Technologies, Inc. kona MTP-RmPM8150b. VX1(MCE) EVT1 (DT)
01-01 08:00:50.304 I/Workqueue( 0): events_unbound ion_system_secure_heap_prefetch_work
01-01 08:00:50.304 I/Call trace( 0):
01-01 08:00:50.304 I/ ( 0): dump_backtrace+0x0/0x258
01-01 08:00:50.304 I/ ( 0): show_stack+0x20/0x30
01-01 08:00:50.304 I/ ( 0): dump_stack+0xd8/0x12c
01-01 08:00:50.304 I/ ( 0): register_lock_class+0x4d0/0x5c8
01-01 08:00:50.304 I/ ( 0): __lock_acquire+0xbc/0x1e58
01-01 08:00:50.304 I/ ( 0): lock_acquire+0x1cc/0x218
01-01 08:00:50.304 I/ ( 0): _raw_spin_lock_irqsave+0x54/0x98
01-01 08:00:50.304 I/ ( 0): ion_system_secure_heap_prefetch_work+0x94/0x2c0
01-01 08:00:50.304 I/ ( 0): process_one_work+0x38c/0x660
01-01 08:00:50.304 I/ ( 0): worker_thread+0x268/0x4b8
01-01 08:00:50.304 I/ ( 0): kthread+0x140/0x150
01-01 08:00:50.304 I/ ( 0): ret_from_fork+0x10/0x1c
01-01 08:00:50.307 E/ ( 0): INFO: trying to register non-static key.
01-01 08:00:50.313 E/swr-wcd rx_swr_ctrl( 0): swrm_get_logical_dev_num: device 0xd01170224 is not ready
01-01 08:00:50.318 E/ ( 0): the code is fine but needs lockdep annotation.
01-01 08:00:50.318 I/ ( 0): CPU: 7 PID: 338 Comm: kworker/u16:15 Tainted: G S W O 4.19.157+ #1
01-01 08:00:50.318 I/Hardware name( 0): Qualcomm Technologies, Inc. kona MTP-RmPM8150b. VX1(MCE) EVT1 (DT)
01-01 08:00:50.318 I/Workqueue( 0): events_unbound ion_system_secure_heap_prefetch_work
01-01 08:00:50.318 I/Call trace( 0):
01-01 08:00:50.318 I/ ( 0): dump_backtrace+0x0/0x258
01-01 08:00:50.318 I/ ( 0): show_stack+0x20/0x30
01-01 08:00:50.318 I/ ( 0): dump_stack+0xd8/0x12c
01-01 08:00:50.318 I/ ( 0): register_lock_class+0x4d0/0x5c8
01-01 08:00:50.318 I/ ( 0): __lock_acquire+0xbc/0x1e58
01-01 08:00:50.318 I/ ( 0): lock_acquire+0x1cc/0x218
01-01 08:00:50.318 I/ ( 0): _raw_spin_lock_irqsave+0x54/0x98
01-01 08:00:50.318 I/ ( 0): ion_system_secure_heap_prefetch_work+0x94/0x2c0
01-01 08:00:50.318 I/ ( 0): process_one_work+0x38c/0x660
01-01 08:00:50.318 I/ ( 0): worker_thread+0x268/0x4b8
01-01 08:00:50.318 I/ ( 0): kthread+0x140/0x150
01-01 08:00:50.318 I/ ( 0): ret_from_fork+0x10/0x1c
01-01 08:00:50.326 E/ ( 0): INFO: trying to register non-static key.
01-01 08:00:50.332 E/swr_get_logical_dev_num( 0): Error -22 to get logical addr for device d01170224
