01-01 08:00:25.285 W/dsi_phy ae96400.qcom,mdss_dsi_phy1( 0): ae96400.qcom,mdss_dsi_phy1 supply gdsc not found, using dummy regulator
01-01 08:00:25.296 I/dsi_phy ae96400.qcom,mdss_dsi_phy1( 0): Linked as a consumer to regulator.0
01-01 08:00:25.304 I/dsi_phy ae96400.qcom,mdss_dsi_phy1( 0): Linked as a consumer to regulator.13
01-01 08:00:25.312 I/[drm:dsi_phy_driver_probe] [msm-dsi-info]( 0): DSI_1: Probe successful
01-01 08:00:25.321 I/drm_dsi_ctrl ae94000.qcom,mdss_dsi_ctrl0( 0): Linked as a consumer to regulator.58
01-01 08:00:25.330 I/drm_dsi_ctrl ae94000.qcom,mdss_dsi_ctrl0( 0): Linked as a consumer to regulator.18
01-01 08:00:25.338 E/AXI ( 0): get_pdata(): Error: Client name not found
01-01 08:00:25.344 E/AXI ( 0): msm_bus_cl_get_pdata(): client has to provide missing entry for successful registration
01-01 08:00:25.354 I/[drm:dsi_ctrl_dev_probe] [msm-dsi-info]( 0): dsi-ctrl-0: Probe successful
01-01 08:00:25.362 I/drm_dsi_ctrl ae96000.qcom,mdss_dsi_ctrl1( 0): Linked as a consumer to regulator.58
01-01 08:00:25.371 I/drm_dsi_ctrl ae96000.qcom,mdss_dsi_ctrl1( 0): Linked as a consumer to regulator.18
01-01 08:00:25.379 E/AXI ( 0): get_pdata(): Error: Client name not found
01-01 08:00:25.385 E/AXI ( 0): msm_bus_cl_get_pdata(): client has to provide missing entry for successful registration
01-01 08:00:25.395 I/[drm:dsi_ctrl_dev_probe] [msm-dsi-info]( 0): dsi-ctrl-1: Probe successful
01-01 08:00:25.405 W/msm-dsi-display soc( 0): qcom,dsi-display-primary: Falling back to syfs fallback for: dsi_prop
01-01 08:00:25.412 W/[drm] [msm-dsi-warn]( 0): default panel not found
01-01 08:00:25.423 I/ ( 0): GACT probability NOT on
01-01 08:00:25.427 I/ ( 0): Mirror/redirect action on
01-01 08:00:25.431 I/netem ( 0): version 1.3
01-01 08:00:25.434 I/ ( 0): u32 classifier
01-01 08:00:25.437 I/ ( 0): Actions configured
01-01 08:00:25.443 I/xt_time ( 0): kernel timezone is -0000
01-01 08:00:25.448 I/gre ( 0): GRE over IPv4 demultiplexor driver
01-01 08:00:25.453 I/ ( 0): IPv4 over IPsec tunneling driver
01-01 08:00:25.459 I/ ( 0): Initializing XFRM netlink socket
01-01 08:00:25.463 I/ ( 0): IPsec XFRM device driver
01-01 08:00:25.469 I/NET ( 0): Registered protocol family 10
01-01 08:00:25.477 I/ ( 0): Segment Routing with IPv6
01-01 08:00:25.481 I/mip6 ( 0): Mobile IPv6
01-01 08:00:25.486 I/sit ( 0): IPv6, IPv4 and MPLS over IPv4 tunneling driver
01-01 08:00:25.494 I/NET ( 0): Registered protocol family 17
01-01 08:00:25.499 I/NET ( 0): Registered protocol family 15
01-01 08:00:25.504 I/can ( 0): controller area network core (rev 20170425 abi 9)
01-01 08:00:25.510 I/NET ( 0): Registered protocol family 29
01-01 08:00:25.515 I/can ( 0): raw protocol (rev 20170425)
01-01 08:00:25.519 I/can ( 0): broadcast manager protocol (rev 20170425 t)
01-01 08:00:25.525 I/can ( 0): netlink gateway (rev 20170425) max_hops=1
01-01 08:00:25.531 I/l2tp_core( 0): L2TP core driver, V2.0
01-01 08:00:25.536 I/l2tp_ppp( 0): PPPoL2TP kernel driver, V2.0
01-01 08:00:25.541 I/l2tp_ip ( 0): L2TP IP encapsulation support (L2TPv3)
01-01 08:00:25.547 I/l2tp_netlink( 0): L2TP netlink interface
01-01 08:00:25.551 I/l2tp_eth( 0): L2TP ethernet pseudowire support (L2TPv3)
01-01 08:00:25.558 I/l2tp_debugfs( 0): L2TP debugfs support
01-01 08:00:25.562 I/l2tp_ip6( 0): L2TP IP encapsulation support for IPv6 (L2TPv3)
01-01 08:00:25.569 I/8021q ( 0): 802.1Q VLAN Support v1.8
01-01 08:00:25.574 I/sctp ( 0): Hash tables configured (bind 32/46)
01-01 08:00:25.580 I/ ( 0): Key type dns_resolver registered
01-01 08:00:25.586 E/register_client_adhoc( 0): find path.src 1 dest 589
01-01 08:00:25.586 E/register_client_adhoc( 0): Failed to find path.src 1 dest 589
01-01 08:00:25.594 E/ ( 0): minidump-id not found for npu
01-01 08:00:25.605 I/subsys-pil-tz 9800000.qcom,npu( 0): for npu segments only will be dumped.
01-01 08:00:25.613 I/subsys-pil-tz 9800000.qcom,npu( 0): for md_npu segments only will be dumped.
01-01 08:00:25.625 I/platform 3d6a000.qcom,gmu( 0): Linked as a consumer to regulator.69
01-01 08:00:25.632 I/platform 3d6a000.qcom,gmu( 0): Linked as a consumer to regulator.70
01-01 08:00:25.641 I/platform 3d6a000.qcom,gmu( 0): gmu_user: Linked as a consumer to 3da0000.kgsl-smmu
01-01 08:00:25.650 I/iommu ( 0): Adding device 3d6a000.qcom,gmu:gmu_user to group 31
01-01 08:00:25.658 W/NPU_WARN( 0): npu_bridge_mbox_work: 1216 NPU fw is not loaded
01-01 08:00:25.665 I/platform 3d6a000.qcom,gmu( 0): gmu_kernel: Linked as a consumer to 3da0000.kgsl-smmu
01-01 08:00:25.674 I/iommu ( 0): Adding device 3d6a000.qcom,gmu:gmu_kernel to group 32
01-01 08:00:25.683 E/register_client_adhoc( 0): find path.src 26 dest 512
01-01 08:00:25.683 E/register_client_adhoc( 0): Client handle 50 grp3d
01-01 08:00:25.689 E/register_client_adhoc( 0): find path.src 26 dest 10036
01-01 08:00:25.696 E/register_client_adhoc( 0): Client handle 52 cnoc
01-01 08:00:25.702 E/query_client_usecase_all( 0): query_start
01-01 08:00:25.707 E/query_client_usecase_all( 0): query_start
01-01 08:00:25.713 I/kgsl-3d 3d00000.qcom,kgsl-3d0( 0): Linked as a consumer to regulator.69
01-01 08:00:25.725 I/kgsl-3d 3d00000.qcom,kgsl-3d0( 0): Linked as a consumer to regulator.70
01-01 08:00:25.735 I/platform 3da0000.qcom,kgsl-iommu( 0): gfx3d_user: Linked as a consumer to 3da0000.kgsl-smmu
01-01 08:00:25.744 I/iommu ( 0): Adding device 3da0000.qcom,kgsl-iommu:gfx3d_user to group 33
01-01 08:00:25.753 I/platform 3da0000.qcom,kgsl-iommu( 0): gfx3d_secure: Linked as a consumer to 3da0000.kgsl-smmu
01-01 08:00:25.762 I/iommu ( 0): Adding device 3da0000.qcom,kgsl-iommu:gfx3d_secure to group 34
01-01 08:00:25.832 E/register_client_adhoc( 0): find path.src 1 dest 589
01-01 08:00:25.832 E/register_client_adhoc( 0): Failed to find path.src 1 dest 589
01-01 08:00:25.839 I/core_ctl( 0): Creating CPU group 0
01-01 08:00:25.850 I/core_ctl( 0): Init CPU0 state
01-01 08:00:25.853 I/core_ctl( 0): Init CPU1 state
01-01 08:00:25.857 I/core_ctl( 0): Init CPU2 state
01-01 08:00:25.861 I/core_ctl( 0): Init CPU3 state
01-01 08:00:25.862 I/msm-dwc3 a600000.ssusb( 0): DWC3 in low power mode
01-01 08:00:25.866 I/core_ctl( 0): Creating CPU group 4
01-01 08:00:25.875 I/core_ctl( 0): Init CPU4 state
01-01 08:00:25.879 I/core_ctl( 0): Init CPU5 state
01-01 08:00:25.883 I/core_ctl( 0): Init CPU6 state
01-01 08:00:25.887 I/core_ctl( 0): Creating CPU group 7
01-01 08:00:25.891 I/core_ctl( 0): Init CPU7 state
01-01 08:00:25.897 I/ ( 0): registered taskstats version 1
01-01 08:00:25.901 I/ ( 0): Loading compiled-in X.509 certificates
01-01 08:00:25.909 I/ ( 0): Key type ._fscrypt registered
01-01 08:00:25.914 I/ ( 0): Key type .fscrypt registered
01-01 08:00:25.918 I/ ( 0): Key type fscrypt-provisioning registered
01-01 08:00:25.923 I/pstore ( 0): Using compression: deflate
01-01 08:00:25.942 E/ ( 0): Please check if `measure` clk is registered.
01-01 08:00:26.036 I/spss_utils [spss_parse_dt]( 0): iar_buf_addr [0x8bef0000].
01-01 08:00:26.042 I/spss_utils [spss_probe]( 0): Initialization completed ok, firmware_name [spss2p].
01-01 08:00:26.060 I/fastrpc soc( 0): qcom,msm-adsprpc-mem: for adsp_rh segments only will be dumped.
01-01 08:00:26.068 I/adsprpc ( 0): init_secure_vmid_list: secure VMID = 22
01-01 08:00:26.074 I/adsprpc ( 0): init_secure_vmid_list: secure VMID = 37
01-01 08:00:26.080 I/adsprpc ( 0): fastrpc_probe: service location enabled for avs/audio (audio_pdr_adsprpc)
01-01 08:00:26.089 I/adsprpc ( 0): fastrpc_probe: service location enabled for tms/servreg (sensors_pdr_adsprpc)
01-01 08:00:26.099 I/fastrpc soc( 0): qcom,msm_fastrpc:qcom,msm_fastrpc_compute_cb1: Linked as a consumer to 15000000.apps-smmu
01-01 08:00:26.111 I/iommu ( 0): Adding device soc:qcom,msm_fastrpc:qcom,msm_fastrpc_compute_cb1 to group 35
01-01 08:00:26.121 I/fastrpc soc( 0): qcom,msm_fastrpc:qcom,msm_fastrpc_compute_cb2: Linked as a consumer to 15000000.apps-smmu
01-01 08:00:26.132 I/iommu ( 0): Adding device soc:qcom,msm_fastrpc:qcom,msm_fastrpc_compute_cb2 to group 36
01-01 08:00:26.142 W/ ( 0): Error: swapper/0: fastrpc_cb_probe: failed to create debugfs global file
01-01 08:00:26.150 I/fastrpc soc( 0): qcom,msm_fastrpc:qcom,msm_fastrpc_compute_cb3: Linked as a consumer to 15000000.apps-smmu
01-01 08:00:26.162 I/iommu ( 0): Adding device soc:qcom,msm_fastrpc:qcom,msm_fastrpc_compute_cb3 to group 37
01-01 08:00:26.171 W/ ( 0): Error: swapper/0: fastrpc_cb_probe: failed to create debugfs global file
01-01 08:00:26.180 I/fastrpc soc( 0): qcom,msm_fastrpc:qcom,msm_fastrpc_compute_cb4: Linked as a consumer to 15000000.apps-smmu
01-01 08:00:26.191 I/iommu ( 0): Adding device soc:qcom,msm_fastrpc:qcom,msm_fastrpc_compute_cb4 to group 38
01-01 08:00:26.200 W/ ( 0): Error: swapper/0: fastrpc_cb_probe: failed to create debugfs global file
01-01 08:00:26.209 I/fastrpc soc( 0): qcom,msm_fastrpc:qcom,msm_fastrpc_compute_cb5: Linked as a consumer to 15000000.apps-smmu
01-01 08:00:26.220 I/iommu ( 0): Adding device soc:qcom,msm_fastrpc:qcom,msm_fastrpc_compute_cb5 to group 39
01-01 08:00:26.230 W/ ( 0): Error: swapper/0: fastrpc_cb_probe: failed to create debugfs global file
01-01 08:00:26.238 I/fastrpc soc( 0): qcom,msm_fastrpc:qcom,msm_fastrpc_compute_cb6: Linked as a consumer to 15000000.apps-smmu
01-01 08:00:26.250 I/iommu ( 0): Adding device soc:qcom,msm_fastrpc:qcom,msm_fastrpc_compute_cb6 to group 40
01-01 08:00:26.259 W/ ( 0): Error: swapper/0: fastrpc_cb_probe: failed to create debugfs global file
01-01 08:00:26.268 I/fastrpc soc( 0): qcom,msm_fastrpc:qcom,msm_fastrpc_compute_cb7: Linked as a consumer to 15000000.apps-smmu
01-01 08:00:26.279 I/iommu ( 0): Adding device soc:qcom,msm_fastrpc:qcom,msm_fastrpc_compute_cb7 to group 41
01-01 08:00:26.289 W/ ( 0): Error: swapper/0: fastrpc_cb_probe: failed to create debugfs global file
01-01 08:00:26.297 I/fastrpc soc( 0): qcom,msm_fastrpc:qcom,msm_fastrpc_compute_cb8: Linked as a consumer to 15000000.apps-smmu
01-01 08:00:26.309 I/iommu ( 0): Adding device soc:qcom,msm_fastrpc:qcom,msm_fastrpc_compute_cb8 to group 42
01-01 08:00:26.318 W/ ( 0): Error: swapper/0: fastrpc_cb_probe: failed to create debugfs global file
01-01 08:00:26.326 I/fastrpc soc( 0): qcom,msm_fastrpc:qcom,msm_fastrpc_compute_cb9: Linked as a consumer to 15000000.apps-smmu
01-01 08:00:26.338 I/iommu ( 0): Adding device soc:qcom,msm_fastrpc:qcom,msm_fastrpc_compute_cb9 to group 43
01-01 08:00:26.348 W/ ( 0): Error: swapper/0: fastrpc_cb_probe: failed to create debugfs global file
01-01 08:00:26.356 I/fastrpc soc( 0): qcom,msm_fastrpc:qcom,msm_fastrpc_compute_cb10: Linked as a consumer to 15000000.apps-smmu
01-01 08:00:26.368 I/iommu ( 0): Adding device soc:qcom,msm_fastrpc:qcom,msm_fastrpc_compute_cb10 to group 44
01-01 08:00:26.377 W/ ( 0): Error: swapper/0: fastrpc_cb_probe: failed to create debugfs global file
01-01 08:00:26.386 I/fastrpc soc( 0): qcom,msm_fastrpc:qcom,msm_fastrpc_compute_cb11: Linked as a consumer to 15000000.apps-smmu
01-01 08:00:26.397 I/iommu ( 0): Adding device soc:qcom,msm_fastrpc:qcom,msm_fastrpc_compute_cb11 to group 45
01-01 08:00:26.407 W/ ( 0): Error: swapper/0: fastrpc_cb_probe: failed to create debugfs global file
01-01 08:00:26.415 I/fastrpc soc( 0): qcom,msm_fastrpc:qcom,msm_fastrpc_compute_cb12: Linked as a consumer to 15000000.apps-smmu
01-01 08:00:26.427 I/iommu ( 0): Adding device soc:qcom,msm_fastrpc:qcom,msm_fastrpc_compute_cb12 to group 46
01-01 08:00:26.436 W/ ( 0): Error: swapper/0: fastrpc_cb_probe: failed to create debugfs global file
01-01 08:00:26.445 I/fastrpc soc( 0): qcom,msm_fastrpc:qcom,msm_fastrpc_compute_cb13: Linked as a consumer to 15000000.apps-smmu
01-01 08:00:26.456 I/iommu ( 0): Adding device soc:qcom,msm_fastrpc:qcom,msm_fastrpc_compute_cb13 to group 47
01-01 08:00:26.466 W/ ( 0): Error: swapper/0: fastrpc_cb_probe: failed to create debugfs global file
01-01 08:00:26.475 I/fastrpc soc( 0): qcom,msm_fastrpc:qcom,msm_fastrpc_compute_cb14: Linked as a consumer to 15000000.apps-smmu
01-01 08:00:26.486 I/iommu ( 0): Adding device soc:qcom,msm_fastrpc:qcom,msm_fastrpc_compute_cb14 to group 48
01-01 08:00:26.496 W/ ( 0): Error: swapper/0: fastrpc_cb_probe: failed to create debugfs global file
01-01 08:00:26.504 I/fastrpc soc( 0): qcom,msm_fastrpc:qcom,msm_fastrpc_compute_cb15: Linked as a consumer to 15000000.apps-smmu
01-01 08:00:26.516 I/iommu ( 0): Adding device soc:qcom,msm_fastrpc:qcom,msm_fastrpc_compute_cb15 to group 49
01-01 08:00:26.525 W/ ( 0): Error: swapper/0: fastrpc_cb_probe: failed to create debugfs global file
01-01 08:00:26.535 I/adsprpc ( 0): fastrpc_device_init: SSR notifier registered for adsp
01-01 08:00:26.542 I/adsprpc ( 0): fastrpc_device_init: SSR notifier registered for modem
01-01 08:00:26.549 I/adsprpc ( 0): fastrpc_device_init: SSR notifier registered for slpi
01-01 08:00:26.556 I/adsprpc ( 0): fastrpc_device_init: SSR notifier registered for cdsp
01-01 08:00:26.564 E/register_client_adhoc( 0): find path.src 1 dest 589
01-01 08:00:26.564 E/register_client_adhoc( 0): Failed to find path.src 1 dest 589
01-01 08:00:26.571 E/register_client_adhoc( 0): find path.src 1 dest 589
01-01 08:00:26.577 E/register_client_adhoc( 0): Failed to find path.src 1 dest 589
01-01 08:00:26.584 I/ngd_msm_ctrl 3ac0000.slim( 0): Linked as a consumer to 15000000.apps-smmu
01-01 08:00:26.599 I/iommu ( 0): Adding device 3ac0000.slim to group 50
01-01 08:00:26.609 E/register_client_adhoc( 0): find path.src 1 dest 589
01-01 08:00:26.609 E/register_client_adhoc( 0): Failed to find path.src 1 dest 589
01-01 08:00:26.617 I/input ( 0): gpio-keys as /devices/platform/soc/soc:gpio_keys/input/input3
01-01 08:00:26.632 E/register_client_adhoc( 0): find path.src 1 dest 589
01-01 08:00:26.633 E/register_client_adhoc( 0): Failed to find path.src 1 dest 589
01-01 08:00:26.641 E/ ( 0): [NVT-ts] nvt_driver_init 1962: start
01-01 08:00:26.653 E/ ( 0): [NVT-ts] nvt_driver_init 1970: finished
01-01 08:00:26.659 E/register_client_adhoc( 0): find path.src 1 dest 589
01-01 08:00:26.659 E/register_client_adhoc( 0): Failed to find path.src 1 dest 589
01-01 08:00:26.672 E/register_client_adhoc( 0): find path.src 1 dest 589
01-01 08:00:26.679 E/register_client_adhoc( 0): Failed to find path.src 1 dest 589
01-01 08:00:26.686 E/register_client_adhoc( 0): find path.src 1 dest 589
01-01 08:00:26.686 I/ ( 0): rmnet_ipa3 started initialization
01-01 08:00:26.692 E/register_client_adhoc( 0): Failed to find path.src 1 dest 589
01-01 08:00:26.704 I/ ( 0): RNDIS_IPA module is loaded.
01-01 08:00:26.716 E/ ( 0): [drm:dp_display_init_aux_switch][msm-dp-err][1 ]failed to register notifier (-22)
01-01 08:00:26.716 E/register_client_adhoc( 0): find path.src 1 dest 589
01-01 08:00:26.716 E/register_client_adhoc( 0): Failed to find path.src 1 dest 589
01-01 08:00:26.726 I/ ( 0): msm notifier probed successfully
01-01 08:00:26.743 I/cfg80211( 0): Loading compiled-in X.509 certificates for regulatory database
01-01 08:00:26.752 E/ ( 0): [drm:dp_display_init_aux_switch][msm-dp-err][422 ]failed to register notifier (-22)
01-01 08:00:26.753 I/ ( 0): cryptomgr_probe (445) used greatest stack depth: 13400 bytes left
01-01 08:00:26.754 I/cfg80211( 0): Loaded X.509 cert 'sforshee: 00b28ddf47aef9cea7'
01-01 08:00:26.756 E/msm_bus_late_init( 0): Remove handoff bw requests
01-01 08:00:26.758 I/regulator_proxy_consumer_remove_all( 0): removing regulator proxy consumer requests
01-01 08:00:26.759 I/ ( 0): ALSA device list:
01-01 08:00:26.759 I/ ( 0): No soundcards found.
01-01 08:00:26.762 E/register_client_adhoc( 0): find path.src 1 dest 589
01-01 08:00:26.762 E/register_client_adhoc( 0): Failed to find path.src 1 dest 589
01-01 08:00:26.803 E/DTC_ETH,link_delay_work_func( 0): 3003, SQI=0, link=0
01-01 08:00:26.835 I/ ( 0): Freeing unused kernel memory: 9216K
01-01 08:00:26.840 I/ ( 0): Run /init as init process
01-01 08:00:26.849 I/init ( 0): init first stage started!
01-01 08:00:26.854 I/init ( 0): Unable to open /lib/modules, skipping module loading.
01-01 08:00:26.862 I/init ( 0): [libfs_mgr]dt_fstab: Skip disabled entry for partition vendor
01-01 08:00:26.869 I/init ( 0): [libfs_mgr]ReadFstabFromDt(): failed to read fstab from dt
01-01 08:00:26.877 I/init ( 0): [libfs_mgr]dt_fstab: Skip disabled entry for partition vendor
01-01 08:00:26.885 W/init ( 0): [libfs_mgr]Warning: unknown flag: resize
01-01 08:00:26.892 I/init ( 0): Using Android DT directory /proc/device-tree/firmware/android/
01-01 08:00:27.105 I/init ( 0): [libfs_mgr]superblock s_max_mnt_count:65535,/dev/block/platform/soc/1d84000.ufshc/by-name/metadata
01-01 08:00:27.116 I/init ( 0): [libfs_mgr]Filesystem on /dev/block/platform/soc/1d84000.ufshc/by-name/metadata was not cleanly shutdown; state flags: 0x1, incompat feature flags: 0x46
01-01 08:00:27.131 I/init ( 0): [libfs_mgr]check_fs(): mount(/dev/block/platform/soc/1d84000.ufshc/by-name/metadata,/metadata,ext4)=-1: No such file or directory
01-01 08:00:27.162 I/e2fsck ( 0): e2fsck 1.45.4 (23-Sep-2019)
01-01 08:00:27.177 I/e2fsck ( 0): /dev/block/platform/soc/1d84000.ufshc/by-name/metadata: recovering journal
01-01 08:00:27.211 I/e2fsck ( 0): Pass 1: Checking inodes, blocks, and sizes
01-01 08:00:27.218 I/e2fsck ( 0): Pass 2: Checking directory structure
01-01 08:00:27.225 I/e2fsck ( 0): Pass 3: Checking directory connectivity
01-01 08:00:27.231 I/e2fsck ( 0): Pass 4: Checking reference counts
01-01 08:00:27.236 I/e2fsck ( 0): Pass 5: Checking group summary information
01-01 08:00:27.240 I/ ( 0): e2fsck (447) used greatest stack depth: 11552 bytes left
01-01 08:00:27.242 I/e2fsck ( 0): Free blocks count wrong (2900, counted=2896).
01-01 08:00:27.255 I/e2fsck ( 0): Fix? yes
01-01 08:00:27.258 I/e2fsck ( 0):
01-01 08:00:27.269 I/EXT4-fs (sda11)( 0): mounted filesystem with ordered data mode. Opts: discard
01-01 08:00:27.324 I/device-mapper( 0): verity: sha256 using implementation "sha256-ce"
01-01 08:00:27.357 W/EXT4-fs (dm-10)( 0): mounting with "discard" option, but the device does not support discard
01-01 08:00:27.366 I/EXT4-fs (dm-10)( 0): mounted filesystem without journal. Opts: barrier=1,discard
01-01 08:00:27.406 I/device-mapper( 0): verity: sha256 using implementation "sha256-ce"
01-01 08:00:27.431 W/EXT4-fs (dm-11)( 0): mounting with "discard" option, but the device does not support discard
01-01 08:00:27.441 I/EXT4-fs (dm-11)( 0): mounted filesystem without journal. Opts: barrier=1,discard
01-01 08:00:27.452 I/device-mapper( 0): verity: sha256 using implementation "sha256-ce"
01-01 08:00:27.479 W/EXT4-fs (dm-12)( 0): mounting with "discard" option, but the device does not support discard
01-01 08:00:27.488 I/EXT4-fs (dm-12)( 0): mounted filesystem without journal. Opts: barrier=1,discard
01-01 08:00:27.500 I/device-mapper( 0): verity: sha1 using implementation "sha1-ce"
01-01 08:00:27.523 W/EXT4-fs (dm-13)( 0): mounting with "discard" option, but the device does not support discard
01-01 08:00:27.533 I/EXT4-fs (dm-13)( 0): mounted filesystem without journal. Opts: barrier=1,discard
01-01 08:00:27.545 I/device-mapper( 0): verity: sha1 using implementation "sha1-ce"
01-01 08:00:27.566 W/EXT4-fs (dm-14)( 0): mounting with "discard" option, but the device does not support discard
01-01 08:00:27.575 I/EXT4-fs (dm-14)( 0): mounted filesystem without journal. Opts: barrier=1,discard
01-01 08:00:27.587 W/EXT4-fs (sda2)( 0): Ignoring removed nomblk_io_submit option
01-01 08:00:27.604 I/EXT4-fs (sda2)( 0): recovery complete
01-01 08:00:27.610 I/EXT4-fs (sda2)( 0): mounted filesystem with ordered data mode. Opts: errors=remount-ro,nomblk_io_submit
01-01 08:00:27.669 I/ ( 0): init (477) used greatest stack depth: 10752 bytes left
01-01 08:00:27.674 I/EXT4-fs (sda2)( 0): mounted filesystem with ordered data mode. Opts: barrier=1
01-01 08:00:27.737 W/init ( 0): 9 output lines suppressed due to ratelimiting
01-01 08:00:27.744 W/init ( 0): 48 output lines suppressed due to ratelimiting
01-01 08:00:28.143 I/init ( 0): [libfs_mgr]dt_fstab: Skip disabled entry for partition vendor
01-01 08:00:28.151 I/init ( 0): [libfs_mgr]GetFstabPath()fstab_path:/odm/etc/fstab.default
01-01 08:00:28.161 I/init ( 0): [libfs_mgr]GetFstabPath()fstab_path:/vendor/etc/fstab.default
01-01 08:00:28.173 I/init ( 0): [libfs_mgr]GetFstabPath()fstab_path:/system/etc/fstab.default
01-01 08:00:28.180 I/init ( 0): [libfs_mgr]GetFstabPath()fstab_path:/first_stage_ramdisk/system/etc/fstab.default
01-01 08:00:28.190 I/init ( 0): [libfs_mgr]GetFstabPath()fstab_path:/fstab.default
01-01 08:00:28.196 I/init ( 0): [libfs_mgr]GetFstabPath()fstab_path:/first_stage_ramdisk/fstab.default
01-01 08:00:28.205 I/init ( 0): [libfs_mgr]GetFstabPath()fstab_path:/odm/etc/fstab.qcom
01-01 08:00:28.212 I/init ( 0): [libfs_mgr]GetFstabPath()fstab_path:/vendor/etc/fstab.qcom
01-01 08:00:28.223 I/init ( 0): [libfs_mgr]GetFstabPath()fstab_path.c_str():/vendor/etc/fstab.qcom
01-01 08:00:29.727 I/ ( 0): secilc (481) used greatest stack depth: 10584 bytes left
01-01 08:00:30.090 I/SELinux ( 0): policy capability network_peer_controls=1
01-01 08:00:30.096 I/SELinux ( 0): policy capability open_perms=1
01-01 08:00:30.101 I/SELinux ( 0): policy capability extended_socket_class=1
01-01 08:00:30.108 I/SELinux ( 0): policy capability always_check_network=0
01-01 08:00:30.114 I/SELinux ( 0): policy capability cgroup_seclabel=0
01-01 08:00:30.119 I/SELinux ( 0): policy capability nnp_nosuid_transition=1
01-01 08:00:30.456 W/init ( 0): 8 output lines suppressed due to ratelimiting
01-01 08:00:30.488 I/init ( 0): init second stage started!
01-01 08:00:30.570 I/init ( 0): Using Android DT directory /proc/device-tree/firmware/android/
01-01 08:00:30.588 W/init ( 0): Overriding previous property 'persist.sys.usb.config':'adb' with new value 'none'
01-01 08:00:30.602 E/init ( 0): Do not have permissions to set 'persist.backup.ntpServer' to '0.pool.ntp.org' in property file '/vendor/build.prop': SELinux permission check failed
01-01 08:00:30.618 W/init ( 0): Overriding previous property 'dalvik.vm.heapsize':'36m' with new value '512m'
01-01 08:00:30.627 E/init ( 0): Do not have permissions to set 'persist.vendor.bt.a2dp_offload_cap' to 'sbc-aptx-aptxtws-aptxhd-aac-ldac' in property file '/vendor/build.prop': SELinux permission check failed
01-01 08:00:30.646 E/init ( 0): Do not have permissions to set 'vendor.mm.enable.qcom_parser' to '16777215' in property file '/vendor/build.prop': SELinux permission check failed
01-01 08:00:30.661 E/init ( 0): Do not have permissions to set 'persist.demo.hdmirotationlock' to 'false' in property file '/vendor/build.prop': SELinux permission check failed
01-01 08:00:30.680 W/init ( 0): Couldn't load property file '/vendor_dlkm/etc/build.prop': open() failed: No such file or directory: No such file or directory
01-01 08:00:30.695 W/init ( 0): Couldn't load property file '/odm_dlkm/etc/build.prop': open() failed: No such file or directory: No such file or directory
01-01 08:00:31.273 I/ueventd ( 0): ueventd started!
01-01 08:00:31.280 I/selinux ( 0): SELinux: Loaded file_contexts
01-01 08:00:31.285 I/selinux ( 0):
01-01 08:00:31.288 I/ueventd ( 0): Parsing file /system/etc/ueventd.rc...
01-01 08:00:31.295 I/ueventd ( 0): Added '/vendor/etc/ueventd.rc' to import list
01-01 08:00:31.301 I/ueventd ( 0): Added '/odm/etc/ueventd.rc' to import list
01-01 08:00:31.307 I/ueventd ( 0): Parsing file /vendor/etc/ueventd.rc...
01-01 08:00:31.313 I/ueventd ( 0): Unable to read config file '/vendor/etc/ueventd.rc': open() failed: No such file or directory
01-01 08:00:31.324 I/ueventd ( 0): Parsing file /odm/etc/ueventd.rc...
01-01 08:00:31.329 I/ueventd ( 0): Unable to read config file '/odm/etc/ueventd.rc': open() failed: No such file or directory
01-01 08:00:31.597 W/is_dc_online( 0): 3 callbacks suppressed
01-01 08:00:31.597 E/HL6111R ( 0): is_dc_online: DC psy unavailable
01-01 08:00:31.602 I/ ( 0): boringssl_self_ (487) used greatest stack depth: 10568 bytes left
01-01 08:00:31.607 E/HL6111R ( 0): is_dc_online: DC psy unavailable
01-01 08:00:31.620 E/HL6111R ( 0): is_dc_online: DC psy unavailable
01-01 08:00:31.625 E/HL6111R ( 0): is_dc_online: DC psy unavailable
01-01 08:00:31.630 E/HL6111R ( 0): is_dc_online: DC psy unavailable
01-01 08:00:31.636 E/HL6111R ( 0): is_dc_online: DC psy unavailable
01-01 08:00:31.641 E/HL6111R ( 0): is_dc_online: DC psy unavailable
01-01 08:00:31.646 E/HL6111R ( 0): is_dc_online: DC psy unavailable
01-01 08:00:31.651 E/HL6111R ( 0): is_dc_online: DC psy unavailable
01-01 08:00:31.657 E/HL6111R ( 0): is_dc_online: DC psy unavailable
01-01 08:00:31.908 E/DTC_ETH,link_delay_work_func( 0): 3003, SQI=0, link=0
01-01 08:00:31.915 W/msm_11ad soc( 0): qcom,wil6210: GPIO not found, dc GPIO not used
01-01 08:00:31.924 W/msm_11ad soc( 0): qcom,wil6210: GPIO not found, enable GPIO not used
01-01 08:00:31.932 W/msm_11ad soc( 0): qcom,wil6210: GPIO not found, sleep clock not used
01-01 08:00:31.941 W/msm_11ad soc( 0): qcom,wil6210: soc:qcom,wil6210 supply vdd not found, using dummy regulator
01-01 08:00:31.951 I/msm_11ad soc( 0): qcom,wil6210: Linked as a consumer to regulator.0
01-01 08:00:31.958 I/msm_11ad soc( 0): qcom,wil6210: Linked as a consumer to regulator.8
01-01 08:00:31.966 I/msm_11ad soc( 0): qcom,wil6210: Linked as a consumer to regulator.26
01-01 08:00:31.974 E/msm_pcie_enumerate( 0): PCIe: RC1: has already been enumerated.
01-01 08:00:31.981 E/msm_11ad soc( 0): qcom,wil6210: Wigig device not found
01-01 08:00:31.987 I/msm_11ad soc( 0): qcom,wil6210: Dropping the link to regulator.26
01-01 08:00:31.994 I/msm_11ad soc( 0): qcom,wil6210: Dropping the link to regulator.0
01-01 08:00:32.001 I/msm_11ad soc( 0): qcom,wil6210: Dropping the link to regulator.8
01-01 08:00:32.148 W/q6_pdr_dlkm( 0): loading out-of-tree module taints kernel.
01-01 08:00:32.204 W/apr_dlkm( 0): no symbol version for snd_event_notify
01-01 08:00:32.221 E/ ( 0): [drm:dp_display_init_aux_switch][msm-dp-err][77 ]failed to register notifier (-22)
01-01 08:00:32.231 E/register_client_adhoc( 0): find path.src 1 dest 589
01-01 08:00:32.231 E/register_client_adhoc( 0): Failed to find path.src 1 dest 589
01-01 08:00:32.239 E/ ( 0): [drm:dp_display_init_aux_switch][msm-dp-err][77 ]failed to register notifier (-22)
01-01 08:00:32.255 E/register_client_adhoc( 0): find path.src 1 dest 589
01-01 08:00:32.255 E/register_client_adhoc( 0): Failed to find path.src 1 dest 589
01-01 08:00:32.273 W/ ( 0): **********************************************************
01-01 08:00:32.280 W/ ( 0): ** NOTICE NOTICE NOTICE NOTICE NOTICE NOTICE NOTICE **
01-01 08:00:32.287 W/ ( 0): ** **
01-01 08:00:32.293 W/ ( 0): ** trace_printk() being used. Allocating extra memory. **
01-01 08:00:32.300 W/ ( 0): ** **
01-01 08:00:32.307 W/ ( 0): ** This means that this is a DEBUG kernel and it is **
01-01 08:00:32.314 W/ ( 0): ** unsafe for production use. **
01-01 08:00:32.320 W/ ( 0): ** **
01-01 08:00:32.327 W/ ( 0): ** If you see this message and you are not debugging **
01-01 08:00:32.334 W/ ( 0): ** the kernel, report this immediately to your vendor! **
01-01 08:00:32.341 W/ ( 0): ** **
01-01 08:00:32.348 W/ ( 0): ** NOTICE NOTICE NOTICE NOTICE NOTICE NOTICE NOTICE **
01-01 08:00:32.354 W/ ( 0): **********************************************************
01-01 08:00:32.395 E/ ( 0): [drm:dp_display_init_aux_switch][msm-dp-err][77 ]failed to register notifier (-22)
01-01 08:00:32.404 E/register_client_adhoc( 0): find path.src 1 dest 589
01-01 08:00:32.405 E/register_client_adhoc( 0): Failed to find path.src 1 dest 589
01-01 08:00:32.473 E/ ( 0): [drm:dp_display_init_aux_switch][msm-dp-err][62 ]failed to register notifier (-22)
01-01 08:00:32.488 E/register_client_adhoc( 0): find path.src 1 dest 589
01-01 08:00:32.489 E/register_client_adhoc( 0): Failed to find path.src 1 dest 589
01-01 08:00:32.497 E/ ( 0): [drm:dp_display_init_aux_switch][msm-dp-err][62 ]failed to register notifier (-22)
01-01 08:00:32.512 E/register_client_adhoc( 0): find path.src 1 dest 589
01-01 08:00:32.513 E/register_client_adhoc( 0): Failed to find path.src 1 dest 589
01-01 08:00:32.520 E/ ( 0): [drm:dp_display_init_aux_switch][msm-dp-err][62 ]failed to register notifier (-22)
01-01 08:00:32.536 E/register_client_adhoc( 0): find path.src 1 dest 589
01-01 08:00:32.536 E/register_client_adhoc( 0): Failed to find path.src 1 dest 589
01-01 08:00:32.544 E/ ( 0): [drm:dp_display_init_aux_switch][msm-dp-err][62 ]failed to register notifier (-22)
01-01 08:00:32.560 E/register_client_adhoc( 0): find path.src 1 dest 589
01-01 08:00:32.560 E/register_client_adhoc( 0): Failed to find path.src 1 dest 589
01-01 08:00:32.568 E/ ( 0): [drm:dp_display_init_aux_switch][msm-dp-err][62 ]failed to register notifier (-22)
01-01 08:00:32.584 E/register_client_adhoc( 0): find path.src 1 dest 589
01-01 08:00:32.584 E/register_client_adhoc( 0): Failed to find path.src 1 dest 589
01-01 08:00:32.593 E/ ( 0): [drm:dp_display_init_aux_switch][msm-dp-err][62 ]failed to register notifier (-22)
01-01 08:00:32.638 E/register_client_adhoc( 0): find path.src 1 dest 589
01-01 08:00:32.638 E/register_client_adhoc( 0): Failed to find path.src 1 dest 589
01-01 08:00:32.648 E/ ( 0): [drm:dp_display_init_aux_switch][msm-dp-err][77 ]failed to register notifier (-22)
01-01 08:00:32.657 E/kona-pinctrl f000000.pinctrl( 0): invalid function func2 in map table
01-01 08:00:32.664 E/register_client_adhoc( 0): find path.src 1 dest 589
01-01 08:00:32.664 E/register_client_adhoc( 0): Failed to find path.src 1 dest 589
01-01 08:00:32.670 E/kona-pinctrl f000000.pinctrl( 0): invalid function func2 in map table
01-01 08:00:32.690 E/kona-pinctrl f000000.pinctrl( 0): invalid function func2 in map table
01-01 08:00:32.698 E/kona-pinctrl f000000.pinctrl( 0): invalid function func2 in map table
01-01 08:00:32.707 E/ ( 0): [drm:dp_display_init_aux_switch][msm-dp-err][77 ]failed to register notifier (-22)
01-01 08:00:32.717 E/register_client_adhoc( 0): find path.src 1 dest 589
01-01 08:00:32.717 E/register_client_adhoc( 0): Failed to find path.src 1 dest 589
01-01 08:00:32.772 E/ ( 0): [drm:dp_display_init_aux_switch][msm-dp-err][76 ]failed to register notifier (-22)
01-01 08:00:32.788 E/register_client_adhoc( 0): find path.src 1 dest 589
01-01 08:00:32.789 E/register_client_adhoc( 0): Failed to find path.src 1 dest 589
01-01 08:00:32.798 E/ ( 0): [drm:dp_display_init_aux_switch][msm-dp-err][76 ]failed to register notifier (-22)
01-01 08:00:32.814 E/register_client_adhoc( 0): find path.src 1 dest 589
01-01 08:00:32.814 E/register_client_adhoc( 0): Failed to find path.src 1 dest 589
01-01 08:00:32.833 I/ ( 0): modprobe (493) used greatest stack depth: 10528 bytes left
01-01 08:00:33.028 I/ ( 0): init.qti.media. (506) used greatest stack depth: 10400 bytes left
01-01 08:00:33.036 I/ ( 0): init.qti.qcv.sh (507) used greatest stack depth: 10352 bytes left
01-01 08:00:33.045 E/ ( 0): Trying to create more than 6 SchedTune boosting groups
01-01 08:00:33.052 E/ ( 0): Trying to create more than 6 SchedTune boosting groups
01-01 08:00:33.102 I/ ( 0): Registered swp emulation handler
01-01 08:00:33.169 I/logd.auditd( 0): start
01-01 08:00:33.189 I/binder ( 0): 515:515 ioctl 40046210 7ff4be0cf4 returned -22
01-01 08:00:33.218 I/binder ( 0): 516:516 ioctl 40046210 7feb3d6cc4 returned -22
01-01 08:00:33.260 I/binder ( 0): 514:514 ioctl 40046210 7ff59d9e94 returned -22
01-01 08:00:33.454 I/init ( 0): wait for '/dev/block/platform/soc/1d84000.ufshc' took 0ms
01-01 08:00:33.808 I/ ( 0): tsnv tsnv_init register TSNV Driver v0.01
01-01 08:00:33.816 I/init ( 0): wait for '/dev/qseecom' took 0ms
01-01 08:00:33.885 E/FAT-fs (sde51)( 0): bogus number of reserved sectors
01-01 08:00:33.891 I/FAT-fs (sde51)( 0): Can't find a valid FAT filesystem
01-01 08:00:33.923 I/fsck_msdos( 0): ** /dev/block/bootdevice/by-name/spunvm
01-01 08:00:33.948 I/fsck_msdos( 0): Can't open `/dev/block/bootdevice/by-name/spunvm' --------- beginning of system
01-01 08:00:33.970 I/vold ( 561): Vold 3.0 (the awakening) firing up
01-01 08:00:33.971 D/vold ( 561): Detected support for: ext4 f2fs vfat
01-01 08:00:33.976 D/vold ( 561): Found unmanaged dm device named system_ext_b
01-01 08:00:33.976 D/vold ( 561): Found unmanaged dm device named odm_b-cow
01-01 08:00:33.976 D/vold ( 561): Found unmanaged dm device named system_ext_b-cow
01-01 08:00:33.976 D/vold ( 561): Found unmanaged dm device named vendor_b-cow
01-01 08:00:33.976 D/vold ( 561): Found unmanaged dm device named odm_b
01-01 08:00:33.977 D/vold ( 561): Found unmanaged dm device named system_b
01-01 08:00:33.977 D/vold ( 561): Found unmanaged dm device named vendor_b
01-01 08:00:33.977 D/vold ( 561): Found unmanaged dm device named vendor-verity
01-01 08:00:33.977 D/vold ( 561): Found unmanaged dm device named system_ext-verity
01-01 08:00:33.977 D/vold ( 561): Found unmanaged dm device named product_b-cow
01-01 08:00:33.977 D/vold ( 561): Found unmanaged dm device named odm-verity
01-01 08:00:33.977 D/vold ( 561): Found unmanaged dm device named product-verity
01-01 08:00:33.977 D/vold ( 561): Found unmanaged dm device named system-verity
01-01 08:00:33.977 D/vold ( 561): Found unmanaged dm device named product_b
01-01 08:00:33.977 D/vold ( 561): Found unmanaged dm device named system_b-cow
01-01 08:00:33.979 I/vold ( 561): [libfs_mgr]dt_fstab: Skip disabled entry for partition vendor
01-01 08:00:33.980 I/vold ( 561): [libfs_mgr]GetFstabPath()fstab_path:/odm/etc/fstab.default
01-01 08:00:33.980 I/vold ( 561): [libfs_mgr]GetFstabPath()fstab_path:/vendor/etc/fstab.default
01-01 08:00:33.980 I/vold ( 561): [libfs_mgr]GetFstabPath()fstab_path:/system/etc/fstab.default
01-01 08:00:33.980 I/vold ( 561): [libfs_mgr]GetFstabPath()fstab_path:/first_stage_ramdisk/system/etc/fstab.default
01-01 08:00:33.980 I/vold ( 561): [libfs_mgr]GetFstabPath()fstab_path:/fstab.default
01-01 08:00:33.980 I/vold ( 561): [libfs_mgr]GetFstabPath()fstab_path:/first_stage_ramdisk/fstab.default
01-01 08:00:33.981 I/vold ( 561): [libfs_mgr]GetFstabPath()fstab_path:/odm/etc/fstab.qcom
01-01 08:00:33.981 I/vold ( 561): [libfs_mgr]GetFstabPath()fstab_path:/vendor/etc/fstab.qcom
01-01 08:00:33.981 I/vold ( 561): [libfs_mgr]GetFstabPath()fstab_path.c_str():/vendor/etc/fstab.qcom
01-01 08:00:33.974 I/fsck_msdos( 0): fsck_msdos terminated by exit(8)
01-01 08:00:33.987 I/binder ( 0): 561:561 ioctl 40046210 7fd3425bd4 returned -22
01-01 08:00:33.987 I/binder ( 0): 561:561 ioctl 40046210 7fd3425b74 returned -22
01-01 08:00:33.990 D/vold ( 561): VoldNativeService::start() completed OK
01-01 08:00:34.024 I/QISL ( 559): QSEE Interrupt Service Listener Thread is started
01-01 08:00:34.025 I/QISL ( 559): QSEE Interrupt Service Listener was activated successfully
01-01 08:00:34.013 E/FAT-fs (sde51)( 0): bogus number of reserved sectors
01-01 08:00:34.019 I/FAT-fs (sde51)( 0): Can't find a valid FAT filesystem
01-01 08:00:34.027 D/SPL ( 559): Call QSEECom_register_listener()
01-01 08:00:34.029 D/SPL ( 559): Registered listener sucessfully!
01-01 08:00:34.029 D/SPL ( 559): pipe read-fd [32] write-fd [33]
01-01 08:00:34.030 D/SPL ( 559): Create thread
01-01 08:00:34.030 D/SPL ( 559): Thread created sucessfully.
01-01 08:00:34.030 D/SPL ( 559): spl_dispatch() started
01-01 08:00:34.030 D/SPL ( 559): ==== Wait For Request ======
01-01 08:00:34.040 I/EXT4-fs (sde32)( 0): mounted filesystem with ordered data mode. Opts: barrier=1
01-01 08:00:34.089 I/e2fsck ( 0): e2fsck 1.45.4 (23-Sep-2019)
01-01 08:00:34.103 I/e2fsck ( 0): /system/bin/e2fsck: Permission denied while trying to open /dev/block/bootdevice/by-name/persist
01-01 08:00:34.123 I/e2fsck ( 0): You must have r/w access to the filesystem or be root
01-01 08:00:34.123 I/e2fsck ( 0): e2fsck terminated by exit(8)
01-01 08:00:34.219 I/binder ( 0): 582:582 ioctl 40046210 7fe15e0774 returned -22
01-01 08:00:34.225 D/ProcessState( 0): Binder ioctl to enable oneway spam detection failed: Invalid argument
01-01 08:00:34.226 D/vdc ( 0): Waited 0ms for vold
01-01 08:00:34.275 W/subsys-pil-tz soc( 0): qcom,ipa_fws: Falling back to syfs fallback for: ipa_fws.mdt
01-01 08:00:34.286 I/init ( 0): wait for '/mnt/vendor/spunvm' took 0ms
01-01 08:00:34.355 D/spdaemon( 584): Firmware Name [spss2p].
01-01 08:00:34.356 D/spdaemon( 584): Prod FW.
01-01 08:00:34.356 D/spdaemon( 584): firmware_type [p].
01-01 08:00:34.356 D/spdaemon( 584): machine_name [SXR2130]
01-01 08:00:34.357 E/iardb ( 584): [iar_db_get_iar_state] failed to open file /mnt/vendor/spunvm/iar_db/iar_state.bin [13] [Permission denied]
01-01 08:00:34.357 D/iarlib ( 584): [iar_get_state] Can't get iar_state, return DISABLED
01-01 08:00:34.357 I/spdaemon( 584): IAR is not activated
01-01 08:00:34.357 D/spdaemon( 584): ------ going to start SP From kernel ------
01-01 08:00:34.357 I/spcomlib( 584): [spcom_restart_sp_subsystem] restart_sp starts
01-01 08:00:34.358 D/spcomlib( 584): [spcom_restart_sp_subsystem] restart_sp - Send PIL request [1]
01-01 08:00:34.358 I/ ( 0): SW_INIT_DONE - 2nd phase loading [spss] completed ok
01-01 08:00:34.359 I/binder ( 0): 585:585 ioctl 40046210 7fcc436494 returned -22
01-01 08:00:34.365 I/ ( 0): PBL_DONE - 1st phase loading [spss] completed ok
01-01 08:00:34.374 I/binder ( 0): 585:585 ioctl 40046210 7fcc4363d4 returned -22
01-01 08:00:34.406 D/spcomlib( 584): [spcom_restart_sp_subsystem] restart_sp - Restart SP command ok.
01-01 08:00:34.407 D/spcomlib( 584): [spcom_signal_event] event [0] [pil_called] EVENT_STATUS_SIGNALED
01-01 08:00:34.407 I/spcomlib( 584): [spcom_reset_all_app_loaded_prop] start reset all spcomlib apploaded props.
01-01 08:00:34.417 E/ ( 0): [drm:dp_display_init_aux_switch][msm-dp-err][82 ]failed to register notifier (-22)
01-01 08:00:34.429 E/register_client_adhoc( 0): find path.src 1 dest 589
01-01 08:00:34.429 E/register_client_adhoc( 0): Failed to find path.src 1 dest 589
01-01 08:00:34.434 I/subsys-pil-tz soc( 0): qcom,ipa_fws: ipa_fws: loading from 0x0000000086810000 to 0x0000000086819000
01-01 08:00:34.458 W/subsys-pil-tz soc( 0): qcom,ipa_fws: Falling back to syfs fallback for: ipa_fws.b02
01-01 08:00:34.459 W/subsys-pil-tz soc( 0): qcom,ipa_fws: Falling back to syfs fallback for: ipa_fws.b03
01-01 08:00:34.469 W/subsys-pil-tz soc( 0): qcom,ipa_fws: Falling back to syfs fallback for: ipa_fws.b04
01-01 08:00:34.503 I/subsys-pil-tz soc( 0): qcom,ipa_fws: ipa_fws: Brought out of reset
01-01 08:00:34.512 I/ ( 0): IPA FW loaded successfully
01-01 08:00:34.527 E/gsi soc ( 0): qcom,msm_gsi: gsi_register_device:1203 GSI irq is wake enabled 34
01-01 08:00:34.532 I/wait_for_keymaster( 0): Waiting for Keymaster device
01-01 08:00:34.542 I/binder ( 0): 603:603 ioctl 40046210 7fd8fda324 returned -22
01-01 08:00:34.548 D/ProcessState( 0): Binder ioctl to enable oneway spam detection failed: Invalid argument
01-01 08:00:34.553 I/binder ( 0): 586:586 ioctl 40046210 7ffc5997f4 returned -22
01-01 08:00:34.564 I/binder ( 0): 586:608 ioctl 40046210 710b1e9154 returned -22
01-01 08:00:34.577 I/ ( 0): rmnet_ipa3 started initialization
01-01 08:00:34.582 I/ ( 0): IPA driver initialization was successful.
01-01 08:00:34.587 I/ ( 0): IPA SSR support = True
01-01 08:00:34.587 W/subsys-pil-tz soc( 0): qcom,ipa_uc: Falling back to syfs fallback for: ipa_uc.mdt
01-01 08:00:34.591 I/ ( 0): IPA SG support = True
01-01 08:00:34.603 I/ ( 0): IPA Napi Enable = True
01-01 08:00:34.606 I/ ( 0): using default for wan-rx-desc-size = 256
01-01 08:00:34.608 I/subsys-pil-tz soc( 0): qcom,ipa_uc: ipa_uc: loading from 0x0000000086800000 to 0x0000000086810000
01-01 08:00:34.623 E/ipa-wan ipa3_wwan_probe( 0): 2530 rmnet_ipa completed initialization
01-01 08:00:34.624 W/subsys-pil-tz soc( 0): qcom,ipa_uc: Falling back to syfs fallback for: ipa_uc.b02
01-01 08:00:34.649 I/subsys-pil-tz soc( 0): qcom,ipa_uc: ipa_uc: Brought out of reset
01-01 08:00:34.649 E/ipa3_uc_wdi_event_log_info_handler( 0): 351 WDI protocol missing 0x21
01-01 08:00:34.663 E/ipa3_uc_ntn_event_log_info_handler( 0): 34 NTN stats ofst=0x500e0
01-01 08:00:35.555 W/ServiceManager( 0): Waited one second for android.system.keystore2.IKeystoreService/default (is service started? are binder threads started and available?)
01-01 08:00:35.572 I/wait_for_keymaster( 0): Keymaster device ready
01-01 08:00:35.582 I/init ( 0): Service 'wait_for_keymaster' (pid 603) exited with status 0 waiting took 1.084000 seconds
01-01 08:00:35.584 I/binder ( 0): undelivered transaction 224, process died.
01-01 08:00:35.592 I/init ( 0): Sending signal 9 to service 'wait_for_keymaster' (pid 603) process group...
01-01 08:00:35.607 I/libprocessgroup( 0): Successfully killed process cgroup uid 0 pid 603 in 0ms
01-01 08:00:35.619 I/init ( 0): Calling: /system/bin/vdc checkpoint needsCheckpoint
01-01 08:00:35.649 I/binder ( 0): 624:624 ioctl 40046210 7fee90bc64 returned -22
01-01 08:00:35.655 D/ProcessState( 0): Binder ioctl to enable oneway spam detection failed: Invalid argument
01-01 08:00:35.656 D/vdc ( 0): Waited 0ms for vold
01-01 08:00:35.665 I/init ( 0): [libfs_mgr]Running /system/bin/resize.f2fs on /dev/block/bootdevice/by-name/userdata
01-01 08:00:35.710 I/init ( 0): [libfs_mgr]Invalid f2fs superblock on '/dev/block/bootdevice/by-name/userdata'
01-01 08:00:35.719 E/init ( 0): [libfs_mgr]mount_with_alternatives(): skipping mount due to invalid magic, mountpoint=/data blk_dev=/dev/block/sda15 rec[7].fs_type=f2fs
01-01 08:00:35.734 I/init ( 0): Calling: /system/bin/vdc cryptfs mountFstab /dev/block/bootdevice/by-name/userdata /data
01-01 08:00:35.774 D/vold ( 561): fscrypt_mount_metadata_encrypted: /data encrypt: 0 format: 0 with null
01-01 08:00:35.774 D/vold ( 561): metadata_key_dir/key: /metadata/vold/metadata_encryption/key
01-01 08:00:35.767 I/binder ( 0): 626:626 ioctl 40046210 7ffc7ecc64 returned -22
01-01 08:00:35.773 D/ProcessState( 0): Binder ioctl to enable oneway spam detection failed: Invalid argument
01-01 08:00:35.774 D/vdc ( 0): Waited 0ms for vold
01-01 08:00:35.776 D/vold ( 561): Key exists, using: /metadata/vold/metadata_encryption/key
01-01 08:00:35.798 D/vold ( 561): Mounting metadata-encrypted filesystem:/data
01-01 08:00:35.804 I/vold ( 561): [libfs_mgr]Running /system/bin/fsck.f2fs -a -c 10000 --debug-cache /dev/block/dm-15
01-01 08:00:35.827 I/fsck.f2fs( 0): Info: Fix the reported corruption.
01-01 08:00:35.832 I/fsck.f2fs( 0): Info: No support kernel version!
01-01 08:00:35.838 I/fsck.f2fs( 0): Info: Segments per section = 1
01-01 08:00:35.844 I/fsck.f2fs( 0): Info: Sections per zone = 1
01-01 08:00:35.849 I/fsck.f2fs( 0): Info: sector size = 4096
01-01 08:00:35.853 I/fsck.f2fs( 0): Info: total sectors = 28958163 (113117 MB)
01-01 08:00:35.860 I/fsck.f2fs( 0): Info: MKFS version
01-01 08:00:35.864 I/fsck.f2fs( 0): "4.19.157+ #1 SMP PREEMPT Tue Apr 4 05:34:15 CST 2023"
01-01 08:00:35.871 I/fsck.f2fs( 0): Info: FSCK version
01-01 08:00:35.876 I/fsck.f2fs( 0): from "4.19.157+"
01-01 08:00:36.314 I/F2FS-fs (dm-15)( 0): Mounted with checkpoint version = 4bca917b
01-01 08:00:36.322 I/vold ( 561): [libfs_mgr]__mount(source=/dev/block/dm-15,target=/data,type=f2fs)=0: Success
01-01 08:00:36.323 D/vold ( 561): Mounted /data
01-01 08:00:36.324 D/vold ( 561): Disk at 252:15 changed
01-01 08:00:36.340 I/init ( 0): Userdata mounted using /vendor/etc/fstab.qcom result : 7
01-01 08:00:36.348 I/init ( 0): Keyring created with id 936354762 in process 1
01-01 08:00:36.391 I/binder ( 0): 634:634 ioctl 40046210 7fd0842cd4 returned -22
01-01 08:00:36.398 D/ProcessState( 0): Binder ioctl to enable oneway spam detection failed: Invalid argument
01-01 08:00:36.399 D/vdc ( 0): Waited 0ms for vold
01-01 08:00:36.399 I/Checkpoint( 561): cp_prepareCheckpoint called
01-01 08:00:36.422 D/spcomlib( 633): [spcom_register_service] spcom_register_service() name [sp_keymaster_ssr] pid [500326386864]
01-01 08:00:36.422 D/spcomlib( 633): [spcom_open] ch [sp_keymaster_ssr] doesn't exist, create it.
01-01 08:00:36.422 D/spcomlib( 633): [spcom_create_channel] Create Channel [sp_keymaster_ssr].
01-01 08:00:36.433 I/binder ( 0): 636:636 ioctl 40046210 7ffc399824 returned -22
01-01 08:00:36.440 D/ProcessState( 0): Binder ioctl to enable oneway spam detection failed: Invalid argument
01-01 08:00:36.441 I/vold ( 561): fscrypt_initialize_systemwide_keys
01-01 08:00:36.441 D/vdc ( 0): Waited 0ms for vold
01-01 08:00:36.443 D/vold ( 561): Key exists, using: /data/unencrypted/key
01-01 08:00:36.444 D/spcomlib( 633): [add_ssr_cb] ssr cb added!
01-01 08:00:36.444 D/spcomlib( 633): [start_ssr_thread] ch [spcom] ready!
01-01 08:00:36.444 D/spcomlib( 633): [start_ssr_thread] main pthread self_id [0x7dc6ccb0].
01-01 08:00:36.444 D/spcomlib( 633): [start_ssr_thread] pthread_create() ret [0] thread-id [0x7cb6ecb0].
01-01 08:00:36.444 D/spcomlib( 633): [start_ssr_thread] Wait for SSR thread to run.
01-01 08:00:36.444 D/spcomlib( 633): [notify_ssr_thread] SSR pthread self_id [0x7cb6ecb0].
01-01 08:00:36.444 D/spcomlib( 633): [start_ssr_thread] pthread_cond_wait() ret [0].
01-01 08:00:36.444 D/spcomlib( 633): [start_ssr_thread] done.
01-01 08:00:36.444 D/spcomlib( 633): [add_ch] add ch [sp_keymaster_ssr].
01-01 08:00:36.444 D/spcomlib( 633): [spcom_register_service] spcom_register_service() name [sp_keymaster_ssr] pid [500326386864] done
01-01 08:00:36.461 D/vold ( 561): Installed fscrypt key with ref 6062cbcf2aabf533a4f644c935554af1 to /data
01-01 08:00:36.461 D/vold ( 561): Added fscrypt-provisioning key for 6062cbcf2aabf533a4f644c935554af1 to session keyring
01-01 08:00:36.466 I/vold ( 561): Wrote system DE key reference to:/data/unencrypted/ref
01-01 08:00:36.466 D/vold ( 561): Generating wrapped storage key
01-01 08:00:36.469 E/vold ( 561): keystore2 Keystore generateKey returned service specific error: -67
01-01 08:00:36.469 W/vold ( 561): Failed to generate rollback-resistant key. This is expected if keymaster doesn't support rollback resistance. Falling back to non-rollback-resistant key.
01-01 08:00:36.481 D/vold ( 561): Installed fscrypt key with ref 9f8e9659da384ab42ee0bf661826d494 to /data
01-01 08:00:36.481 D/vold ( 561): Added fscrypt-provisioning key for 9f8e9659da384ab42ee0bf661826d494 to session keyring
01-01 08:00:36.482 I/vold ( 561): Wrote per boot key reference to:/data/unencrypted/per_boot_ref
01-01 08:00:36.490 I/fscrypt ( 0): AES-256-CTS-CBC using implementation "cts(cbc-aes-ce)"
01-01 08:00:36.551 I/binder ( 0): 645:645 ioctl 40046210 7fc9ec90d4 returned -22
01-01 08:00:36.558 D/ProcessState( 0): Binder ioctl to enable oneway spam detection failed: Invalid argument
01-01 08:00:36.559 D/vdc ( 0): Waited 0ms for vold
01-01 08:00:36.559 I/incfs ( 561): Initial API level of the device: 30
01-01 08:00:36.559 I/incfs ( 561): ro.incremental.enable: 1
01-01 08:00:36.559 I/incfs ( 561): isFsAvailable: true
01-01 08:00:36.559 I/incfs ( 561): isFsAvailable: true
01-01 08:00:36.560 I/incfs ( 561): IncFs_Features: v1
01-01 08:00:36.580 E/vold ( 561): keystore2 Keystore earlyBootEnded returned service specific error: -68
01-01 08:00:36.626 I/apexd ( 0): This device does not support updatable APEX. Exiting
01-01 08:00:36.633 I/apexd ( 0): Marking APEXd as activated
01-01 08:00:36.793 I/binder ( 0): 651:651 ioctl 40046210 7fc88ac114 returned -22
01-01 08:00:36.800 D/ProcessState( 0): Binder ioctl to enable oneway spam detection failed: Invalid argument
01-01 08:00:36.801 D/vdc ( 0): Waited 0ms for vold
01-01 08:00:36.801 D/vold ( 561): fscrypt_init_user0
01-01 08:00:36.801 D/vold ( 561): Preparing: /data/misc/vold/user_keys
01-01 08:00:36.802 D/vold ( 561): Preparing: /data/misc/vold/user_keys/ce
01-01 08:00:36.803 D/vold ( 561): Preparing: /data/misc/vold/user_keys/de
01-01 08:00:36.822 D/vold ( 561): Installed fscrypt key with ref 4f73158c1d400d7c4bb345e35ca7e2f4 to /data
01-01 08:00:36.822 D/vold ( 561): Added fscrypt-provisioning key for 4f73158c1d400d7c4bb345e35ca7e2f4 to session keyring
01-01 08:00:36.823 D/vold ( 561): Installed de key for user 0
01-01 08:00:36.823 D/vold ( 561): fscrypt_prepare_user_storage for volume null, user 0, serial 0, flags 1
01-01 08:00:36.823 D/vold ( 561): Preparing: /data/system/users/0
01-01 08:00:36.824 D/vold ( 561): Preparing: /data/misc/profiles/cur/0
01-01 08:00:36.825 D/vold ( 561): Preparing: /data/system_de/0
01-01 08:00:36.825 D/vold ( 561): Preparing: /data/misc_de/0
01-01 08:00:36.826 D/vold ( 561): Preparing: /data/vendor_de/0
01-01 08:00:36.826 D/vold ( 561): Preparing: /data/user_de/0
01-01 08:00:36.827 I/vold ( 561): Verified that /data/system_de/0 has the encryption policy 4f73158c1d400d7c4bb345e35ca7e2f4 v2 modes 1/4 flags 0xa
01-01 08:00:36.827 I/vold ( 561): Verified that /data/misc_de/0 has the encryption policy 4f73158c1d400d7c4bb345e35ca7e2f4 v2 modes 1/4 flags 0xa
01-01 08:00:36.827 I/vold ( 561): Verified that /data/vendor_de/0 has the encryption policy 4f73158c1d400d7c4bb345e35ca7e2f4 v2 modes 1/4 flags 0xa
01-01 08:00:36.827 I/vold ( 561): Verified that /data/user_de/0 has the encryption policy 4f73158c1d400d7c4bb345e35ca7e2f4 v2 modes 1/4 flags 0xa
01-01 08:00:36.827 D/vold ( 561): /system/bin/vold_prepare_subdirs
01-01 08:00:36.827 D/vold ( 561): prepare
01-01 08:00:36.827 D/vold ( 561):
01-01 08:00:36.827 D/vold ( 561): 0
01-01 08:00:36.827 D/vold ( 561): 1
01-01 08:00:36.894 D/vold ( 561): Detected support for FS_IOC_ADD_ENCRYPTION_KEY
01-01 08:00:37.027 E/DTC_ETH,link_delay_work_func( 0): 3003, SQI=0, link=0
01-01 08:00:37.050 I/apexd ( 0): This device does not support updatable APEX. Exiting
01-01 08:00:37.057 I/apexd ( 0): Marking APEXd as ready
01-01 08:00:37.149 D/cnss ( 0): File system is ready, fs_ready is 1, count is 1
01-01 08:00:37.149 D/cnss ( 0): Posting event: COLD_BOOT_CAL_START(5), state: 0x0 flags: 0x0
01-01 08:00:37.149 D/cnss ( 0): PM stay awake, state: 0x0, count: 1
01-01 08:00:37.149 D/cnss ( 0): PM relax, state: 0x0, count: 0
01-01 08:00:37.149 D/cnss ( 0): PM stay awake, state: 0x0, count: 1
01-01 08:00:37.149 D/cnss ( 0): Processing driver event: COLD_BOOT_CAL_START(5), state: 0x0
01-01 08:00:37.150 D/cnss ( 0): Regulator vdd-wlan-io is being enabled
01-01 08:00:37.150 D/cnss ( 0): Regulator wlan-ant-switch is being enabled
