04-04 04:29:53.101 D/SystemServerTiming( 1152): OnBootPhase_600_com.android.server.timedetector.TimeDetectorService$Lifecycle took to complete: 0ms
04-04 04:29:53.101 I/SystemServerTiming( 1152): OnBootPhase_600_com.android.server.timezonedetector.TimeZoneDetectorService$Lifecycle
04-04 04:29:53.101 D/SystemServerTiming( 1152): OnBootPhase_600_com.android.server.timezonedetector.TimeZoneDetectorService$Lifecycle took to complete: 0ms
04-04 04:29:53.101 I/SystemServerTiming( 1152): OnBootPhase_600_com.android.server.timezonedetector.location.LocationTimeZoneManagerService$Lifecycle
04-04 04:29:53.101 D/SystemServerTiming( 1152): OnBootPhase_600_com.android.server.timezonedetector.location.LocationTimeZoneManagerService$Lifecycle took to complete: 0ms
04-04 04:29:53.102 I/SystemServerTiming( 1152): OnBootPhase_600_com.android.server.search.SearchManagerService$Lifecycle
04-04 04:29:53.102 D/SystemServerTiming( 1152): OnBootPhase_600_com.android.server.search.SearchManagerService$Lifecycle took to complete: 0ms
04-04 04:29:53.102 I/SystemServerTiming( 1152): OnBootPhase_600_com.android.server.wallpaper.WallpaperManagerService$Lifecycle
04-04 04:29:53.102 I/WallpaperManagerService( 1152): switch-user-0
04-04 04:29:53.102 V/WallpaperManagerService( 1152): bindWallpaperComponentLocked: componentName=ComponentInfo{com.android.systemui/com.android.systemui.ImageWallpaper}
04-04 04:29:53.105 D/WallpaperManagerService( 1152): switch-user-0 took to complete: 3ms
04-04 04:29:53.105 D/SystemServerTiming( 1152): OnBootPhase_600_com.android.server.wallpaper.WallpaperManagerService$Lifecycle took to complete: 3ms
04-04 04:29:53.105 I/SystemServerTiming( 1152): OnBootPhase_600_com.android.server.audio.AudioService$Lifecycle
04-04 04:29:53.105 D/SystemServerTiming( 1152): OnBootPhase_600_com.android.server.audio.AudioService$Lifecycle took to complete: 0ms
04-04 04:29:53.105 I/SystemServerTiming( 1152): OnBootPhase_600_com.android.server.soundtrigger_middleware.SoundTriggerMiddlewareService$Lifecycle
04-04 04:29:53.105 D/SystemServerTiming( 1152): OnBootPhase_600_com.android.server.soundtrigger_middleware.SoundTriggerMiddlewareService$Lifecycle took to complete: 0ms
04-04 04:29:53.105 I/SystemServerTiming( 1152): OnBootPhase_600_com.android.server.DockObserver
04-04 04:29:53.105 D/SystemServerTiming( 1152): OnBootPhase_600_com.android.server.DockObserver took to complete: 0ms
04-04 04:29:53.105 I/SystemServerTiming( 1152): OnBootPhase_600_com.android.server.midi.MidiService$Lifecycle
04-04 04:29:53.105 D/SystemServerTiming( 1152): OnBootPhase_600_com.android.server.midi.MidiService$Lifecycle took to complete: 0ms
04-04 04:29:53.105 I/SystemServerTiming( 1152): OnBootPhase_600_com.android.server.adb.AdbService$Lifecycle
04-04 04:29:53.105 D/SystemServerTiming( 1152): OnBootPhase_600_com.android.server.adb.AdbService$Lifecycle took to complete: 0ms
04-04 04:29:53.105 I/SystemServerTiming( 1152): OnBootPhase_600_com.android.server.usb.UsbService$Lifecycle
04-04 04:29:53.105 D/SystemServerTiming( 1152): OnBootPhase_600_com.android.server.usb.UsbService$Lifecycle took to complete: 0ms
04-04 04:29:53.105 I/SystemServerTiming( 1152): OnBootPhase_600_com.android.server.twilight.TwilightService
04-04 04:29:53.105 D/SystemServerTiming( 1152): OnBootPhase_600_com.android.server.twilight.TwilightService took to complete: 0ms
04-04 04:29:53.105 I/SystemServerTiming( 1152): OnBootPhase_600_com.android.server.display.color.ColorDisplayService
04-04 04:29:53.105 D/SystemServerTiming( 1152): OnBootPhase_600_com.android.server.display.color.ColorDisplayService took to complete: 0ms
04-04 04:29:53.105 I/SystemServerTiming( 1152): OnBootPhase_600_com.android.server.job.JobSchedulerService
01-01 08:00:50.664 I/init ( 0): Service 'exec 23 (/vendor/bin/modprobe -a -d /vendor/lib/modules/ qca_cld3_qca6390 qca_cld3_qca6490)' (pid 1205) exited with status 0 oneshot service took 8.230000 seconds in background
01-01 08:00:50.664 E/ ( 0): the code is fine but needs lockdep annotation.
01-01 08:00:50.686 I/init ( 0): Sending signal 9 to service 'exec 23 (/vendor/bin/modprobe -a -d /vendor/lib/modules/ qca_cld3_qca6390 qca_cld3_qca6490)' (pid 1205) process group...
01-01 08:00:50.691 I/ ( 0): CPU: 7 PID: 338 Comm: kworker/u16:15 Tainted: G S W O 4.19.157+ #1
01-01 08:00:50.691 I/Hardware name( 0): Qualcomm Technologies, Inc. kona MTP-RmPM8150b. VX1(MCE) EVT1 (DT)
01-01 08:00:50.692 I/Workqueue( 0): events_unbound ion_system_secure_heap_prefetch_work
01-01 08:00:50.692 I/Call trace( 0):
01-01 08:00:50.692 I/ ( 0): dump_backtrace+0x0/0x258
01-01 08:00:50.692 I/ ( 0): show_stack+0x20/0x30
01-01 08:00:50.692 I/ ( 0): dump_stack+0xd8/0x12c
01-01 08:00:50.692 I/ ( 0): register_lock_class+0x4d0/0x5c8
01-01 08:00:50.692 I/ ( 0): __lock_acquire+0xbc/0x1e58
01-01 08:00:50.692 I/ ( 0): lock_acquire+0x1cc/0x218
01-01 08:00:50.692 I/ ( 0): _raw_spin_lock_irqsave+0x54/0x98
01-01 08:00:50.692 I/ ( 0): ion_system_secure_heap_prefetch_work+0x94/0x2c0
01-01 08:00:50.692 I/ ( 0): process_one_work+0x38c/0x660
01-01 08:00:50.692 I/ ( 0): worker_thread+0x268/0x4b8
01-01 08:00:50.692 I/ ( 0): kthread+0x140/0x150
01-01 08:00:50.692 I/ ( 0): ret_from_fork+0x10/0x1c
01-01 08:00:50.693 I/cnss-daemon( 0): DMS thread joined succesfully
01-01 08:00:50.696 E/ ( 0): INFO: trying to register non-static key.
01-01 08:00:50.696 E/ ( 0): the code is fine but needs lockdep annotation.
01-01 08:00:50.696 I/ ( 0): CPU: 7 PID: 338 Comm: kworker/u16:15 Tainted: G S W O 4.19.157+ #1
01-01 08:00:50.696 I/Hardware name( 0): Qualcomm Technologies, Inc. kona MTP-RmPM8150b. VX1(MCE) EVT1 (DT)
01-01 08:00:50.696 I/Workqueue( 0): events_unbound ion_system_secure_heap_prefetch_work
01-01 08:00:50.696 I/Call trace( 0):
01-01 08:00:50.696 I/ ( 0): dump_backtrace+0x0/0x258
01-01 08:00:50.696 I/ ( 0): show_stack+0x20/0x30
01-01 08:00:50.696 I/ ( 0): dump_stack+0xd8/0x12c
01-01 08:00:50.696 I/ ( 0): register_lock_class+0x4d0/0x5c8
01-01 08:00:50.696 I/ ( 0): __lock_acquire+0xbc/0x1e58
01-01 08:00:50.696 I/ ( 0): lock_acquire+0x1cc/0x218
01-01 08:00:50.696 I/ ( 0): _raw_spin_lock_irqsave+0x54/0x98
01-01 08:00:50.696 I/ ( 0): ion_system_secure_heap_prefetch_work+0x94/0x2c0
01-01 08:00:50.696 I/ ( 0): process_one_work+0x38c/0x660
01-01 08:00:50.696 I/ ( 0): worker_thread+0x268/0x4b8
01-01 08:00:50.696 I/ ( 0): kthread+0x140/0x150
01-01 08:00:50.696 I/ ( 0): ret_from_fork+0x10/0x1c
01-01 08:00:50.697 E/ ( 0): INFO: trying to register non-static key.
01-01 08:00:50.697 E/ ( 0): the code is fine but needs lockdep annotation.
01-01 08:00:50.697 I/ ( 0): CPU: 7 PID: 338 Comm: kworker/u16:15 Tainted: G S W O 4.19.157+ #1
01-01 08:00:50.697 I/Hardware name( 0): Qualcomm Technologies, Inc. kona MTP-RmPM8150b. VX1(MCE) EVT1 (DT)
01-01 08:00:50.697 I/Workqueue( 0): events_unbound ion_system_secure_heap_prefetch_work
01-01 08:00:50.698 I/Call trace( 0):
01-01 08:00:50.698 I/ ( 0): dump_backtrace+0x0/0x258
01-01 08:00:50.698 I/ ( 0): show_stack+0x20/0x30
01-01 08:00:50.698 I/ ( 0): dump_stack+0xd8/0x12c
01-01 08:00:50.698 I/ ( 0): register_lock_class+0x4d0/0x5c8
01-01 08:00:50.698 I/ ( 0): __lock_acquire+0xbc/0x1e58
01-01 08:00:50.698 I/ ( 0): lock_acquire+0x1cc/0x218
01-01 08:00:50.698 I/ ( 0): _raw_spin_lock_irqsave+0x54/0x98
01-01 08:00:50.698 I/ ( 0): ion_system_secure_heap_prefetch_work+0x94/0x2c0
01-01 08:00:50.698 I/ ( 0): process_one_work+0x38c/0x660
01-01 08:00:50.698 I/ ( 0): worker_thread+0x268/0x4b8
01-01 08:00:50.698 I/ ( 0): kthread+0x140/0x150
01-01 08:00:50.698 I/ ( 0): ret_from_fork+0x10/0x1c
01-01 08:00:50.699 E/ ( 0): INFO: trying to register non-static key.
04-04 04:29:53.109 D/SystemServerTiming( 1152): OnBootPhase_600_com.android.server.job.JobSchedulerService took to complete: 4ms
04-04 04:29:53.109 I/SystemServerTiming( 1152): OnBootPhase_600_com.android.server.soundtrigger.SoundTriggerService
04-04 04:29:53.109 D/SoundTriggerService( 1152): onBootPhase: 600 : false
04-04 04:29:53.109 D/SystemServerTiming( 1152): OnBootPhase_600_com.android.server.soundtrigger.SoundTriggerService took to complete: 0ms
04-04 04:29:53.109 I/SystemServerTiming( 1152): OnBootPhase_600_com.android.server.trust.TrustManagerService
04-04 04:29:53.111 D/BiometricService( 1152): Sensor ID(0), oemStrength: 15, updatedStrength: 15, modality 2, state: 0, cookie: 0, props: ID: 0, Strength: 2, Type: 1, sensorId 0, hasEnrollments: false cannot participate in Keystore operations
04-04 04:29:53.115 D/SystemServerTiming( 1152): OnBootPhase_600_com.android.server.trust.TrustManagerService took to complete: 5ms
04-04 04:29:53.115 I/SystemServerTiming( 1152): OnBootPhase_600_com.android.server.backup.BackupManagerService$Lifecycle
04-04 04:29:53.115 D/SystemServerTiming( 1152): OnBootPhase_600_com.android.server.backup.BackupManagerService$Lifecycle took to complete: 0ms
04-04 04:29:53.115 I/SystemServerTiming( 1152): OnBootPhase_600_com.android.server.appwidget.AppWidgetService
04-04 04:29:53.115 D/SystemServerTiming( 1152): OnBootPhase_600_com.android.server.appwidget.AppWidgetService took to complete: 0ms
04-04 04:29:53.115 I/SystemServerTiming( 1152): OnBootPhase_600_com.android.server.voiceinteraction.VoiceInteractionManagerService
04-04 04:29:53.116 D/SystemServerTiming( 1152): OnBootPhase_600_com.android.server.voiceinteraction.VoiceInteractionManagerService took to complete: 0ms
04-04 04:29:53.116 I/SystemServerTiming( 1152): OnBootPhase_600_com.android.server.apphibernation.AppHibernationService
04-04 04:29:53.116 D/SystemServerTiming( 1152): OnBootPhase_600_com.android.server.apphibernation.AppHibernationService took to complete: 0ms
04-04 04:29:53.116 I/SystemServerTiming( 1152): OnBootPhase_600_com.android.server.SensorNotificationService
04-04 04:29:53.119 D/SystemServerTiming( 1152): OnBootPhase_600_com.android.server.SensorNotificationService took to complete: 3ms
04-04 04:29:53.119 I/SystemServerTiming( 1152): OnBootPhase_600_com.android.server.emergency.EmergencyAffordanceService
04-04 04:29:53.121 D/SystemServerTiming( 1152): OnBootPhase_600_com.android.server.emergency.EmergencyAffordanceService took to complete: 2ms
04-04 04:29:53.121 I/SystemServerTiming( 1152): OnBootPhase_600_com.android.server.blob.BlobStoreManagerService
01-01 08:00:50.710 I/cnss-daemon( 0): wlfw_stop: Stop done: 0
04-04 04:29:53.131 W/ActivityManager( 1152): Slow operation: 444ms so far, now at startProcess: returned from zygote!
01-01 08:00:50.710 I/cnss-daemon( 0): wlfw_start: Starting
01-01 08:00:50.711 E/ ( 0): the code is fine but needs lockdep annotation.
04-04 04:29:53.131 W/ActivityManager( 1152): Slow operation: 444ms so far, now at startProcess: done updating battery stats
01-01 08:00:50.711 I/ ( 0): CPU: 7 PID: 338 Comm: kworker/u16:15 Tainted: G S W O 4.19.157+ #1
01-01 08:00:50.711 I/Hardware name( 0): Qualcomm Technologies, Inc. kona MTP-RmPM8150b. VX1(MCE) EVT1 (DT)
01-01 08:00:50.711 I/Workqueue( 0): events_unbound ion_system_secure_heap_prefetch_work
01-01 08:00:50.711 I/Call trace( 0):
01-01 08:00:50.711 I/ ( 0): dump_backtrace+0x0/0x258
04-04 04:29:53.131 W/ActivityManager( 1152): Slow operation: 444ms so far, now at startProcess: building log message
01-01 08:00:50.711 I/ ( 0): show_stack+0x20/0x30
01-01 08:00:50.711 I/ ( 0): dump_stack+0xd8/0x12c
01-01 08:00:50.711 I/ ( 0): register_lock_class+0x4d0/0x5c8
04-04 04:29:53.131 I/ActivityManager( 1152): Start proc 2058:WebViewLoader-armeabi-v7a/1037 [android.webkit.WebViewLibraryLoader$RelroFileCreator] for null
01-01 08:00:50.711 I/ ( 0): __lock_acquire+0xbc/0x1e58
01-01 08:00:50.711 I/ ( 0): lock_acquire+0x1cc/0x218
04-04 04:29:53.131 W/ActivityManager( 1152): Slow operation: 445ms so far, now at startProcess: starting to update pids map
01-01 08:00:50.711 I/ ( 0): _raw_spin_lock_irqsave+0x54/0x98
01-01 08:00:50.711 I/ ( 0): ion_system_secure_heap_prefetch_work+0x94/0x2c0
01-01 08:00:50.711 I/ ( 0): process_one_work+0x38c/0x660
04-04 04:29:53.132 W/ActivityManager( 1152): Slow operation: 445ms so far, now at startProcess: done updating pids map
01-01 08:00:50.711 I/ ( 0): worker_thread+0x268/0x4b8
01-01 08:00:50.711 I/ ( 0): kthread+0x140/0x150
04-04 04:29:53.132 W/ActivityManager( 1152): Slow operation: 441ms so far, now at startProcess: asking zygote to start proc
01-01 08:00:50.711 I/ ( 0): ret_from_fork+0x10/0x1c
04-04 04:29:53.134 D/CompatibilityChangeReporter( 1152): Compat change id reported: 168936375; UID 1000; state: ENABLED
04-04 04:29:53.135 D/CompatibilityChangeReporter( 1152): Compat change id reported: 168936375; UID 1000; state: DISABLED
01-01 08:00:50.715 E/ ( 0): INFO: trying to register non-static key.
01-01 08:00:50.719 I/libprocessgroup( 0): Successfully killed process cgroup uid 0 pid 1205 in 0ms
01-01 08:00:50.721 I/cnss-daemon( 0): wlfw_service_request: Start the pthread: 0x0K
01-01 08:00:50.725 E/ ( 0): the code is fine but needs lockdep annotation.
01-01 08:00:50.725 I/ ( 0): CPU: 7 PID: 338 Comm: kworker/u16:15 Tainted: G S W O 4.19.157+ #1
01-01 08:00:50.725 I/Hardware name( 0): Qualcomm Technologies, Inc. kona MTP-RmPM8150b. VX1(MCE) EVT1 (DT)
01-01 08:00:50.725 I/Workqueue( 0): events_unbound ion_system_secure_heap_prefetch_work
01-01 08:00:50.725 I/Call trace( 0):
01-01 08:00:50.725 I/ ( 0): dump_backtrace+0x0/0x258
01-01 08:00:50.725 I/ ( 0): show_stack+0x20/0x30
01-01 08:00:50.725 I/ ( 0): dump_stack+0xd8/0x12c
01-01 08:00:50.725 I/ ( 0): register_lock_class+0x4d0/0x5c8
01-01 08:00:50.725 I/ ( 0): __lock_acquire+0xbc/0x1e58
01-01 08:00:50.725 I/ ( 0): lock_acquire+0x1cc/0x218
01-01 08:00:50.725 I/ ( 0): _raw_spin_lock_irqsave+0x54/0x98
01-01 08:00:50.725 I/ ( 0): ion_system_secure_heap_prefetch_work+0x94/0x2c0
01-01 08:00:50.725 I/ ( 0): process_one_work+0x38c/0x660
01-01 08:00:50.725 I/ ( 0): worker_thread+0x268/0x4b8
01-01 08:00:50.725 I/ ( 0): kthread+0x140/0x150
01-01 08:00:50.725 I/ ( 0): ret_from_fork+0x10/0x1c
01-01 08:00:50.727 E/ ( 0): INFO: trying to register non-static key.
01-01 08:00:50.729 I/msm_vidc( 0): high: 00000001: ....d: Opening video instance: ffffffc358580000, 1
04-04 04:29:53.157 D/SystemServerTiming( 1152): OnBootPhase_600_com.android.server.blob.BlobStoreManagerService took to complete: 36ms
04-04 04:29:53.157 I/SystemServerTiming( 1152): OnBootPhase_600_com.android.server.dreams.DreamManagerService
04-04 04:29:53.162 D/SystemServerTiming( 1152): OnBootPhase_600_com.android.server.dreams.DreamManagerService took to complete: 6ms
04-04 04:29:53.162 I/SystemServerTiming( 1152): OnBootPhase_600_com.android.server.companion.CompanionDeviceManagerService
04-04 04:29:53.162 D/SystemServerTiming( 1152): OnBootPhase_600_com.android.server.companion.CompanionDeviceManagerService took to complete: 0ms
04-04 04:29:53.163 I/SystemServerTiming( 1152): OnBootPhase_600_com.android.server.restrictions.RestrictionsManagerService
04-04 04:29:53.163 D/SystemServerTiming( 1152): OnBootPhase_600_com.android.server.restrictions.RestrictionsManagerService took to complete: 0ms
04-04 04:29:53.163 I/SystemServerTiming( 1152): OnBootPhase_600_com.android.server.media.MediaSessionService
04-04 04:29:53.163 D/SystemServerTiming( 1152): OnBootPhase_600_com.android.server.media.MediaSessionService took to complete: 0ms
04-04 04:29:53.163 I/SystemServerTiming( 1152): OnBootPhase_600_com.android.server.media.MediaResourceMonitorService
04-04 04:29:53.163 D/SystemServerTiming( 1152): OnBootPhase_600_com.android.server.media.MediaResourceMonitorService took to complete: 0ms
04-04 04:29:53.163 I/SystemServerTiming( 1152): OnBootPhase_600_com.android.server.biometrics.sensors.fingerprint.FingerprintService
04-04 04:29:53.163 D/SystemServerTiming( 1152): OnBootPhase_600_com.android.server.biometrics.sensors.fingerprint.FingerprintService took to complete: 0ms
04-04 04:29:53.163 I/SystemServerTiming( 1152): OnBootPhase_600_com.android.server.biometrics.BiometricService
04-04 04:29:53.163 D/SystemServerTiming( 1152): OnBootPhase_600_com.android.server.biometrics.BiometricService took to complete: 0ms
04-04 04:29:53.163 I/SystemServerTiming( 1152): OnBootPhase_600_com.android.server.biometrics.AuthService
04-04 04:29:53.163 D/SystemServerTiming( 1152): OnBootPhase_600_com.android.server.biometrics.AuthService took to complete: 0ms
04-04 04:29:53.163 I/SystemServerTiming( 1152): OnBootPhase_600_com.android.server.pm.ShortcutService$Lifecycle
04-04 04:29:53.163 D/SystemServerTiming( 1152): OnBootPhase_600_com.android.server.pm.ShortcutService$Lifecycle took to complete: 0ms
04-04 04:29:53.163 I/SystemServerTiming( 1152): OnBootPhase_600_com.android.server.pm.LauncherAppsService
04-04 04:29:53.163 D/SystemServerTiming( 1152): OnBootPhase_600_com.android.server.pm.LauncherAppsService took to complete: 0ms
04-04 04:29:53.163 I/SystemServerTiming( 1152): OnBootPhase_600_com.android.server.pm.CrossProfileAppsService
04-04 04:29:53.163 D/SystemServerTiming( 1152): OnBootPhase_600_com.android.server.pm.CrossProfileAppsService took to complete: 0ms
04-04 04:29:53.163 I/SystemServerTiming( 1152): OnBootPhase_600_com.android.server.people.PeopleService
04-04 04:29:53.163 D/SystemServerTiming( 1152): OnBootPhase_600_com.android.server.people.PeopleService took to complete: 0ms
04-04 04:29:53.163 I/SystemServerTiming( 1152): OnBootPhase_600_com.android.server.media.metrics.MediaMetricsManagerService
04-04 04:29:53.163 D/SystemServerTiming( 1152): OnBootPhase_600_com.android.server.media.metrics.MediaMetricsManagerService took to complete: 0ms
04-04 04:29:53.164 I/SystemServerTiming( 1152): OnBootPhase_600_com.android.server.media.projection.MediaProjectionManagerService
04-04 04:29:53.164 D/SystemServerTiming( 1152): OnBootPhase_600_com.android.server.media.projection.MediaProjectionManagerService took to complete: 0ms
04-04 04:29:53.164 I/SystemServerTiming( 1152): OnBootPhase_600_com.android.server.slice.SliceManagerService$Lifecycle
04-04 04:29:53.164 D/SystemServerTiming( 1152): OnBootPhase_600_com.android.server.slice.SliceManagerService$Lifecycle took to complete: 0ms
04-04 04:29:53.164 I/SystemServerTiming( 1152): OnBootPhase_600_com.android.server.stats.StatsCompanion$Lifecycle
01-01 08:00:50.750 I/cnss-daemon( 0): ro.baseband : [apq]
01-01 08:00:50.750 I/cnss-daemon( 0): Hardware supports external modem
01-01 08:00:50.751 I/cnss-daemon( 0): pm_release_vote: pm_handle is NULL
01-01 08:00:50.751 I/cnss-daemon( 0): pm_release_vote: pm_handle is NULL
01-01 08:00:50.751 I/cnss-daemon( 0): wlfw_build_cal_table: not read /data/vendor/wifi/wlfw_cal_00.bin
01-01 08:00:50.752 E/ ( 0): the code is fine but needs lockdep annotation.
01-01 08:00:50.752 I/ ( 0): CPU: 7 PID: 338 Comm: kworker/u16:15 Tainted: G S W O 4.19.157+ #1
01-01 08:00:50.752 I/Hardware name( 0): Qualcomm Technologies, Inc. kona MTP-RmPM8150b. VX1(MCE) EVT1 (DT)
01-01 08:00:50.752 I/Workqueue( 0): events_unbound ion_system_secure_heap_prefetch_work
01-01 08:00:50.754 I/cnss-daemon( 0): wlfw_build_cal_table: not read /data/vendor/wifi/wlfw_cal_02.bin
01-01 08:00:50.755 I/msm_vidc( 0): high: 00000001: vp9d: Closed video instance: ffffffc358580000
01-01 08:00:50.760 D/cnss ( 0): Received QMI WLFW request memory indication
01-01 08:00:50.762 I/Call trace( 0):
01-01 08:00:50.762 I/ ( 0): dump_backtrace+0x0/0x258
01-01 08:00:50.762 I/ ( 0): show_stack+0x20/0x30
01-01 08:00:50.762 I/ ( 0): dump_stack+0xd8/0x12c
01-01 08:00:50.762 I/ ( 0): register_lock_class+0x4d0/0x5c8
01-01 08:00:50.762 I/ ( 0): __lock_acquire+0xbc/0x1e58
01-01 08:00:50.762 I/ ( 0): lock_acquire+0x1cc/0x218
01-01 08:00:50.762 I/ ( 0): _raw_spin_lock_irqsave+0x54/0x98
01-01 08:00:50.762 I/ ( 0): ion_system_secure_heap_prefetch_work+0x94/0x2c0
01-01 08:00:50.762 I/ ( 0): process_one_work+0x38c/0x660
01-01 08:00:50.762 I/ ( 0): worker_thread+0x268/0x4b8
01-01 08:00:50.762 I/ ( 0): kthread+0x140/0x150
01-01 08:00:50.762 I/ ( 0): ret_from_fork+0x10/0x1c
01-01 08:00:50.766 E/ ( 0): INFO: trying to register non-static key.
01-01 08:00:50.770 D/cnss ( 0): FW requests for memory, size: 0x5e0000, type: 1
01-01 08:00:50.773 E/ ( 0): the code is fine but needs lockdep annotation.
01-01 08:00:50.773 I/ ( 0): CPU: 7 PID: 338 Comm: kworker/u16:15 Tainted: G S W O 4.19.157+ #1
01-01 08:00:50.773 I/Hardware name( 0): Qualcomm Technologies, Inc. kona MTP-RmPM8150b. VX1(MCE) EVT1 (DT)
01-01 08:00:50.773 I/Workqueue( 0): events_unbound ion_system_secure_heap_prefetch_work
01-01 08:00:50.773 I/Call trace( 0):
01-01 08:00:50.773 I/ ( 0): dump_backtrace+0x0/0x258
01-01 08:00:50.773 I/ ( 0): show_stack+0x20/0x30
01-01 08:00:50.773 I/ ( 0): dump_stack+0xd8/0x12c
01-01 08:00:50.773 I/ ( 0): register_lock_class+0x4d0/0x5c8
01-01 08:00:50.773 I/ ( 0): __lock_acquire+0xbc/0x1e58
01-01 08:00:50.773 I/ ( 0): lock_acquire+0x1cc/0x218
01-01 08:00:50.773 I/ ( 0): _raw_spin_lock_irqsave+0x54/0x98
01-01 08:00:50.773 I/ ( 0): ion_system_secure_heap_prefetch_work+0x94/0x2c0
01-01 08:00:50.773 I/ ( 0): process_one_work+0x38c/0x660
01-01 08:00:50.773 I/ ( 0): worker_thread+0x268/0x4b8
01-01 08:00:50.773 I/ ( 0): kthread+0x140/0x150
01-01 08:00:50.773 I/ ( 0): ret_from_fork+0x10/0x1c
01-01 08:00:50.776 E/ ( 0): INFO: trying to register non-static key.
01-01 08:00:50.781 D/cnss ( 0): FW requests for memory, size: 0xd8000, type: 4
01-01 08:00:50.784 E/ ( 0): the code is fine but needs lockdep annotation.
01-01 08:00:50.784 I/ ( 0): CPU: 7 PID: 338 Comm: kworker/u16:15 Tainted: G S W O 4.19.157+ #1
01-01 08:00:50.784 I/Hardware name( 0): Qualcomm Technologies, Inc. kona MTP-RmPM8150b. VX1(MCE) EVT1 (DT)
01-01 08:00:50.784 I/Workqueue( 0): events_unbound ion_system_secure_heap_prefetch_work
01-01 08:00:50.784 I/Call trace( 0):
01-01 08:00:50.784 I/ ( 0): dump_backtrace+0x0/0x258
01-01 08:00:50.784 I/ ( 0): show_stack+0x20/0x30
01-01 08:00:50.784 I/ ( 0): dump_stack+0xd8/0x12c
01-01 08:00:50.784 I/ ( 0): register_lock_class+0x4d0/0x5c8
01-01 08:00:50.784 I/ ( 0): __lock_acquire+0xbc/0x1e58
01-01 08:00:50.784 I/ ( 0): lock_acquire+0x1cc/0x218
01-01 08:00:50.784 I/ ( 0): _raw_spin_lock_irqsave+0x54/0x98
01-01 08:00:50.784 I/ ( 0): ion_system_secure_heap_prefetch_work+0x94/0x2c0
01-01 08:00:50.784 I/ ( 0): process_one_work+0x38c/0x660
01-01 08:00:50.784 I/ ( 0): worker_thread+0x268/0x4b8
01-01 08:00:50.784 I/ ( 0): kthread+0x140/0x150
01-01 08:00:50.784 I/ ( 0): ret_from_fork+0x10/0x1c
01-01 08:00:50.787 E/ ( 0): INFO: trying to register non-static key.
01-01 08:00:50.794 D/cnss ( 0): Posting event: REQUEST_MEM(2), state: 0x11 flags: 0x0
01-01 08:00:50.795 E/ ( 0): the code is fine but needs lockdep annotation.
01-01 08:00:50.795 I/ ( 0): CPU: 7 PID: 338 Comm: kworker/u16:15 Tainted: G S W O 4.19.157+ #1
01-01 08:00:50.795 I/Hardware name( 0): Qualcomm Technologies, Inc. kona MTP-RmPM8150b. VX1(MCE) EVT1 (DT)
01-01 08:00:50.795 I/Workqueue( 0): events_unbound ion_system_secure_heap_prefetch_work
01-01 08:00:50.795 I/Call trace( 0):
01-01 08:00:50.795 I/ ( 0): dump_backtrace+0x0/0x258
01-01 08:00:50.795 I/ ( 0): show_stack+0x20/0x30
01-01 08:00:50.795 I/ ( 0): dump_stack+0xd8/0x12c
01-01 08:00:50.795 I/ ( 0): register_lock_class+0x4d0/0x5c8
01-01 08:00:50.795 I/ ( 0): __lock_acquire+0xbc/0x1e58
01-01 08:00:50.795 I/ ( 0): lock_acquire+0x1cc/0x218
01-01 08:00:50.795 I/ ( 0): _raw_spin_lock_irqsave+0x54/0x98
01-01 08:00:50.795 I/ ( 0): ion_system_secure_heap_prefetch_work+0x94/0x2c0
01-01 08:00:50.795 I/ ( 0): process_one_work+0x38c/0x660
01-01 08:00:50.795 I/ ( 0): worker_thread+0x268/0x4b8
01-01 08:00:50.795 I/ ( 0): kthread+0x140/0x150
01-01 08:00:50.795 I/ ( 0): ret_from_fork+0x10/0x1c
01-01 08:00:50.797 I/binder ( 0): 2058:2058 ioctl 40046210 ffd31698 returned -22
01-01 08:00:50.798 E/ ( 0): INFO: trying to register non-static key.
01-01 08:00:50.798 E/ ( 0): the code is fine but needs lockdep annotation.
01-01 08:00:50.798 I/ ( 0): CPU: 7 PID: 338 Comm: kworker/u16:15 Tainted: G S W O 4.19.157+ #1
01-01 08:00:50.798 I/Hardware name( 0): Qualcomm Technologies, Inc. kona MTP-RmPM8150b. VX1(MCE) EVT1 (DT)
01-01 08:00:50.798 I/Workqueue( 0): events_unbound ion_system_secure_heap_prefetch_work
01-01 08:00:50.798 I/Call trace( 0):
01-01 08:00:50.798 I/ ( 0): dump_backtrace+0x0/0x258
01-01 08:00:50.798 I/ ( 0): show_stack+0x20/0x30
01-01 08:00:50.798 I/ ( 0): dump_stack+0xd8/0x12c
01-01 08:00:50.798 I/ ( 0): register_lock_class+0x4d0/0x5c8
01-01 08:00:50.798 I/ ( 0): __lock_acquire+0xbc/0x1e58
01-01 08:00:50.798 I/ ( 0): lock_acquire+0x1cc/0x218
01-01 08:00:50.798 I/ ( 0): _raw_spin_lock_irqsave+0x54/0x98
01-01 08:00:50.798 I/ ( 0): ion_system_secure_heap_prefetch_work+0x94/0x2c0
01-01 08:00:50.798 I/ ( 0): process_one_work+0x38c/0x660
01-01 08:00:50.798 I/ ( 0): worker_thread+0x268/0x4b8
01-01 08:00:50.798 I/ ( 0): kthread+0x140/0x150
01-01 08:00:50.798 I/ ( 0): ret_from_fork+0x10/0x1c
01-01 08:00:50.801 E/ ( 0): INFO: trying to register non-static key.
01-01 08:00:50.801 E/ ( 0): the code is fine but needs lockdep annotation.
01-01 08:00:50.801 I/ ( 0): CPU: 7 PID: 338 Comm: kworker/u16:15 Tainted: G S W O 4.19.157+ #1
01-01 08:00:50.801 I/Hardware name( 0): Qualcomm Technologies, Inc. kona MTP-RmPM8150b. VX1(MCE) EVT1 (DT)
01-01 08:00:50.801 I/Workqueue( 0): events_unbound ion_system_secure_heap_prefetch_work
01-01 08:00:50.801 I/Call trace( 0):
01-01 08:00:50.801 I/ ( 0): dump_backtrace+0x0/0x258
01-01 08:00:50.801 I/ ( 0): show_stack+0x20/0x30
01-01 08:00:50.801 I/ ( 0): dump_stack+0xd8/0x12c
01-01 08:00:50.801 I/ ( 0): register_lock_class+0x4d0/0x5c8
01-01 08:00:50.801 I/ ( 0): __lock_acquire+0xbc/0x1e58
01-01 08:00:50.801 I/ ( 0): lock_acquire+0x1cc/0x218
01-01 08:00:50.801 I/ ( 0): _raw_spin_lock_irqsave+0x54/0x98
01-01 08:00:50.801 I/ ( 0): ion_system_secure_heap_prefetch_work+0x94/0x2c0
01-01 08:00:50.801 I/ ( 0): process_one_work+0x38c/0x660
01-01 08:00:50.801 I/ ( 0): worker_thread+0x268/0x4b8
01-01 08:00:50.801 I/ ( 0): kthread+0x140/0x150
01-01 08:00:50.801 I/ ( 0): ret_from_fork+0x10/0x1c
01-01 08:00:50.803 D/cnss ( 0): PM stay awake, state: 0x11, count: 1
01-01 08:00:50.805 I/msm_vidc( 0): high: 00000001: ....d: Opening video instance: ffffffc359af4000, 1
01-01 08:00:50.805 E/ ( 0): INFO: trying to register non-static key.
01-01 08:00:50.805 E/ ( 0): the code is fine but needs lockdep annotation.
01-01 08:00:50.805 I/ ( 0): CPU: 7 PID: 338 Comm: kworker/u16:15 Tainted: G S W O 4.19.157+ #1
01-01 08:00:50.805 I/Hardware name( 0): Qualcomm Technologies, Inc. kona MTP-RmPM8150b. VX1(MCE) EVT1 (DT)
01-01 08:00:50.805 I/Workqueue( 0): events_unbound ion_system_secure_heap_prefetch_work
01-01 08:00:50.805 I/Call trace( 0):
01-01 08:00:50.805 I/ ( 0): dump_backtrace+0x0/0x258
01-01 08:00:50.805 I/ ( 0): show_stack+0x20/0x30
01-01 08:00:50.805 I/ ( 0): dump_stack+0xd8/0x12c
01-01 08:00:50.805 I/ ( 0): register_lock_class+0x4d0/0x5c8
01-01 08:00:50.805 I/ ( 0): __lock_acquire+0xbc/0x1e58
01-01 08:00:50.805 I/ ( 0): lock_acquire+0x1cc/0x218
01-01 08:00:50.805 I/ ( 0): _raw_spin_lock_irqsave+0x54/0x98
01-01 08:00:50.805 I/ ( 0): ion_system_secure_heap_prefetch_work+0x94/0x2c0
01-01 08:00:50.805 I/ ( 0): process_one_work+0x38c/0x660
01-01 08:00:50.805 I/ ( 0): worker_thread+0x268/0x4b8
01-01 08:00:50.805 I/ ( 0): kthread+0x140/0x150
01-01 08:00:50.805 I/ ( 0): ret_from_fork+0x10/0x1c
04-04 04:29:53.220 W/SystemServiceManager( 1152): Service com.android.server.stats.StatsCompanion$Lifecycle took 56 ms in onBootPhase
04-04 04:29:53.220 D/SystemServerTiming( 1152): OnBootPhase_600_com.android.server.stats.StatsCompanion$Lifecycle took to complete: 57ms
04-04 04:29:53.221 I/SystemServerTiming( 1152): OnBootPhase_600_com.android.server.scheduling.RebootReadinessManagerService$Lifecycle
04-04 04:29:53.221 D/SystemServerTiming( 1152): OnBootPhase_600_com.android.server.scheduling.RebootReadinessManagerService$Lifecycle took to complete: 0ms
04-04 04:29:53.221 I/SystemServerTiming( 1152): OnBootPhase_600_com.android.server.stats.pull.StatsPullAtomService
04-04 04:29:53.221 D/SystemServerTiming( 1152): OnBootPhase_600_com.android.server.stats.pull.StatsPullAtomService took to complete: 0ms
04-04 04:29:53.221 I/SystemServerTiming( 1152): OnBootPhase_600_com.android.server.incident.IncidentCompanionService
04-04 04:29:53.221 D/SystemServerTiming( 1152): OnBootPhase_600_com.android.server.incident.IncidentCompanionService took to complete: 0ms
04-04 04:29:53.221 I/SystemServerTiming( 1152): OnBootPhase_600_com.android.server.MmsServiceBroker
04-04 04:29:53.222 D/StatsPullAtomService( 1152): Registering NetworkStats pullers with statsd
04-04 04:29:53.223 D/SystemServerTiming( 1152): OnBootPhase_600_com.android.server.MmsServiceBroker took to complete: 0ms
04-04 04:29:53.223 I/SystemServerTiming( 1152): OnBootPhase_600_com.android.server.autofill.AutofillManagerService
01-01 08:00:50.812 E/ ( 0): INFO: trying to register non-static key.
01-01 08:00:50.814 D/cnss ( 0): PM relax, state: 0x11, count: 0
01-01 08:00:50.814 D/cnss ( 0): PM stay awake, state: 0x11, count: 1
01-01 08:00:50.814 D/cnss ( 0): Processing driver event: REQUEST_MEM(2), state: 0x11
01-01 08:00:50.814 D/cnss ( 0): Sending respond memory message, state: 0x11
01-01 08:00:50.814 D/cnss ( 0): Memory for FW, va: 0xffffff8025292000, pa: 0x00000000a1000000, size: 0x5e0000, type: 1
01-01 08:00:50.814 D/cnss ( 0): Memory for FW, va: 0xffffff801d302000, pa: 0x00000000a1600000, size: 0xd8000, type: 4
01-01 08:00:50.819 E/ ( 0): the code is fine but needs lockdep annotation.
01-01 08:00:50.819 I/ ( 0): CPU: 7 PID: 338 Comm: kworker/u16:15 Tainted: G S W O 4.19.157+ #1
01-01 08:00:50.819 I/Hardware name( 0): Qualcomm Technologies, Inc. kona MTP-RmPM8150b. VX1(MCE) EVT1 (DT)
01-01 08:00:50.819 I/Workqueue( 0): events_unbound ion_system_secure_heap_prefetch_work
01-01 08:00:50.819 I/Call trace( 0):
01-01 08:00:50.819 I/ ( 0): dump_backtrace+0x0/0x258
01-01 08:00:50.819 I/ ( 0): show_stack+0x20/0x30
01-01 08:00:50.819 I/ ( 0): dump_stack+0xd8/0x12c
01-01 08:00:50.819 I/ ( 0): register_lock_class+0x4d0/0x5c8
01-01 08:00:50.819 I/ ( 0): __lock_acquire+0xbc/0x1e58
01-01 08:00:50.819 I/ ( 0): lock_acquire+0x1cc/0x218
01-01 08:00:50.819 I/ ( 0): _raw_spin_lock_irqsave+0x54/0x98
01-01 08:00:50.819 I/ ( 0): ion_system_secure_heap_prefetch_work+0x94/0x2c0
01-01 08:00:50.819 I/ ( 0): process_one_work+0x38c/0x660
01-01 08:00:50.819 I/ ( 0): worker_thread+0x268/0x4b8
01-01 08:00:50.819 I/ ( 0): kthread+0x140/0x150
01-01 08:00:50.819 I/ ( 0): ret_from_fork+0x10/0x1c
01-01 08:00:50.823 E/ ( 0): INFO: trying to register non-static key.
01-01 08:00:50.824 I/msm_vidc( 0): high: 00000001: vp9d: Closed video instance: ffffffc359af4000
04-04 04:29:53.226 D/SystemServerTiming( 1152): OnBootPhase_600_com.android.server.autofill.AutofillManagerService took to complete: 3ms
04-04 04:29:53.226 I/SystemServerTiming( 1152): OnBootPhase_600_com.android.server.clipboard.ClipboardService
04-04 04:29:53.226 D/SystemServerTiming( 1152): OnBootPhase_600_com.android.server.clipboard.ClipboardService took to complete: 0ms
04-04 04:29:53.226 I/SystemServerTiming( 1152): OnBootPhase_600_com.android.server.appbinding.AppBindingService$Lifecycle
04-04 04:29:53.226 D/SystemServerTiming( 1152): OnBootPhase_600_com.android.server.appbinding.AppBindingService$Lifecycle took to complete: 0ms
04-04 04:29:53.226 I/SystemServerTiming( 1152): OnBootPhase_600_com.android.server.tracing.TracingServiceProxy
04-04 04:29:53.226 D/SystemServerTiming( 1152): OnBootPhase_600_com.android.server.tracing.TracingServiceProxy took to complete: 0ms
04-04 04:29:53.226 I/SystemServerTiming( 1152): OnBootPhase_600_com.android.server.policy.PermissionPolicyService
04-04 04:29:53.227 D/SystemServerTiming( 1152): OnBootPhase_600_com.android.server.policy.PermissionPolicyService took to complete: 0ms
04-04 04:29:53.227 I/SystemServerTiming( 1152): OnBootPhase_600_com.android.server.pm.StagingManager$Lifecycle
04-04 04:29:53.227 D/SystemServerTiming( 1152): OnBootPhase_600_com.android.server.pm.StagingManager$Lifecycle took to complete: 0ms
04-04 04:29:53.227 I/SystemServerTiming( 1152): OnBootPhase_600_com.android.server.app.GameManagerService$Lifecycle
04-04 04:29:53.227 D/SystemServerTiming( 1152): OnBootPhase_600_com.android.server.app.GameManagerService$Lifecycle took to complete: 0ms
04-04 04:29:53.227 I/SystemServerTiming( 1152): OnBootPhase_600_com.android.server.appsearch.AppSearchManagerService
04-04 04:29:53.227 D/SystemServerTiming( 1152): OnBootPhase_600_com.android.server.appsearch.AppSearchManagerService took to complete: 0ms
04-04 04:29:53.227 I/SystemServerTiming( 1152): OnBootPhase_600_com.android.server.media.MediaCommunicationService
04-04 04:29:53.227 D/SystemServerTiming( 1152): OnBootPhase_600_com.android.server.media.MediaCommunicationService took to complete: 0ms
04-04 04:29:53.227 D/SystemServerTiming( 1152): OnBootPhase_600 took to complete: 234ms
04-04 04:29:53.227 D/SystemServerTiming( 1152): PhaseThirdPartyAppsCanStart took to complete: 234ms
04-04 04:29:53.227 I/SystemServerTiming( 1152): StartNetworkStack
04-04 04:29:53.227 D/ConnectivityModuleConnector( 1152): Starting networking module android.net.INetworkStackConnector
04-04 04:29:53.228 D/ConnectivityModuleConnector( 1152): Starting networking module in network_stack process
04-04 04:29:53.232 D/CompatibilityChangeReporter( 1152): Compat change id reported: 135634846; UID 1073; state: DISABLED
04-04 04:29:53.232 D/CompatibilityChangeReporter( 1152): Compat change id reported: 177438394; UID 1073; state: DISABLED
04-04 04:29:53.232 D/CompatibilityChangeReporter( 1152): Compat change id reported: 135772972; UID 1073; state: DISABLED
04-04 04:29:53.232 D/CompatibilityChangeReporter( 1152): Compat change id reported: 135754954; UID 1073; state: ENABLED
04-04 04:29:53.232 D/ConnectivityModuleConnector( 1152): Networking module service start requested
04-04 04:29:53.233 D/SystemServerTiming( 1152): StartNetworkStack took to complete: 6ms
04-04 04:29:53.233 I/SystemServerTiming( 1152): StartTethering
04-04 04:29:53.233 D/ConnectivityModuleConnector( 1152): Starting networking module android.net.ITetheringConnector
04-04 04:29:53.233 D/ConnectivityModuleConnector( 1152): Starting networking module in network_stack process
04-04 04:29:53.235 D/ConnectivityModuleConnector( 1152): Networking module service start requested
04-04 04:29:53.235 D/SystemServerTiming( 1152): StartTethering took to complete: 2ms
04-04 04:29:53.235 I/SystemServerTiming( 1152): MakeCountryDetectionServiceReady
04-04 04:29:53.235 D/SystemServerTiming( 1152): MakeCountryDetectionServiceReady took to complete: 0ms
04-04 04:29:53.236 I/SystemServerTiming( 1152): MakeNetworkTimeUpdateReady
04-04 04:29:53.238 D/SystemServerTiming( 1152): MakeNetworkTimeUpdateReady took to complete: 3ms
04-04 04:29:53.238 I/SystemServerTiming( 1152): MakeInputManagerServiceReady
04-04 04:29:53.239 I/ActivityTaskManager( 1152): Config changes=4000 {1.0 ?mcc?mnc [zh_CN] ldltr sw680dp w1586dp h612dp 240dpi lrg long hdr land finger -keyb/v/h -nav/h winConfig={ mBounds=Rect(0, 0 - 2380, 1020) mAppBounds=Rect(0, 0 - 2380, 954) mMaxBounds=Rect(0, 0 - 2380, 1020) mWindowingMode=fullscreen mDisplayWindowingMode=fullscreen mActivityType=undefined mAlwaysOnTop=undefined mRotation=ROTATION_0} s.10 fontWeightAdjustment=0}
04-04 04:29:53.244 I/WindowManager( 1152): Override config changes=4000 {1.0 ?mcc?mnc [zh_CN] ldltr sw680dp w1586dp h612dp 240dpi lrg long hdr land finger -keyb/v/h -nav/h winConfig={ mBounds=Rect(0, 0 - 2380, 1020) mAppBounds=Rect(0, 0 - 2380, 954) mMaxBounds=Rect(0, 0 - 2380, 1020) mWindowingMode=fullscreen mDisplayWindowingMode=fullscreen mActivityType=undefined mAlwaysOnTop=undefined mRotation=ROTATION_0} s.10 fontWeightAdjustment=0} for displayId=0
04-04 04:29:53.248 D/SystemServerTiming( 1152): MakeInputManagerServiceReady took to complete: 9ms
04-04 04:29:53.248 I/SystemServerTiming( 1152): MakeTelephonyRegistryReady
04-04 04:29:53.248 D/SystemServerTiming( 1152): MakeTelephonyRegistryReady took to complete: 0ms
04-04 04:29:53.248 I/SystemServerTiming( 1152): MakeMediaRouterServiceReady
04-04 04:29:53.248 D/SystemServerTiming( 1152): MakeMediaRouterServiceReady took to complete: 1ms
04-04 04:29:53.249 I/SystemServerTiming( 1152): MakeMmsServiceReady
04-04 04:29:53.249 I/MmsServiceBroker( 1152): Delay connecting to MmsService until an API is called
04-04 04:29:53.249 D/SystemServerTiming( 1152): MakeMmsServiceReady took to complete: 0ms
04-04 04:29:53.249 I/SystemServerTiming( 1152): IncidentDaemonReady
04-04 04:29:53.251 D/SystemServerTiming( 1152): IncidentDaemonReady took to complete: 2ms
04-04 04:29:53.251 I/SystemServerTiming( 1152): MakeIncrementalServiceReady
04-04 04:29:53.251 D/SystemServerTiming( 1152): MakeIncrementalServiceReady took to complete: 0ms
04-04 04:29:53.251 I/SystemServerTiming( 1152): getCurrentUser
04-04 04:29:53.251 I/ActivityManager( 1152): Current user:0
04-04 04:29:53.251 D/SystemServerTiming( 1152): getCurrentUser took to complete: 0ms
04-04 04:29:53.251 I/SystemServerTiming( 1152): ActivityManagerStartApps
04-04 04:29:53.252 I/SystemServerTiming( 1152): ssm.StartUser-0
04-04 04:29:53.253 I/SystemServiceManager( 1152): Calling onStartUser 0
04-04 04:29:53.253 I/SystemServerTiming( 1152): ssm.onStartUser-0_com.android.server.security.FileIntegrityService
04-04 04:29:53.253 D/SystemServerTiming( 1152): ssm.onStartUser-0_com.android.server.security.FileIntegrityService took to complete: 0ms
04-04 04:29:53.253 I/SystemServerTiming( 1152): ssm.onStartUser-0_com.android.server.pm.Installer
04-04 04:29:53.253 D/SystemServerTiming( 1152): ssm.onStartUser-0_com.android.server.pm.Installer took to complete: 0ms
04-04 04:29:53.253 I/SystemServerTiming( 1152): ssm.onStartUser-0_com.android.server.os.DeviceIdentifiersPolicyService
04-04 04:29:53.253 D/SystemServerTiming( 1152): ssm.onStartUser-0_com.android.server.os.DeviceIdentifiersPolicyService took to complete: 0ms
04-04 04:29:53.253 I/SystemServerTiming( 1152): ssm.onStartUser-0_com.android.server.uri.UriGrantsManagerService$Lifecycle
04-04 04:29:53.253 D/SystemServerTiming( 1152): ssm.onStartUser-0_com.android.server.uri.UriGrantsManagerService$Lifecycle took to complete: 0ms
04-04 04:29:53.253 I/SystemServerTiming( 1152): ssm.onStartUser-0_com.android.server.powerstats.PowerStatsService
04-04 04:29:53.253 D/SystemServerTiming( 1152): ssm.onStartUser-0_com.android.server.powerstats.PowerStatsService took to complete: 0ms
04-04 04:29:53.253 I/SystemServerTiming( 1152): ssm.onStartUser-0_com.android.server.wm.ActivityTaskManagerService$Lifecycle
04-04 04:29:53.253 D/SystemServerTiming( 1152): ssm.onStartUser-0_com.android.server.wm.ActivityTaskManagerService$Lifecycle took to complete: 0ms
04-04 04:29:53.253 I/SystemServerTiming( 1152): ssm.onStartUser-0_com.android.server.am.ActivityManagerService$Lifecycle
04-04 04:29:53.253 D/SystemServerTiming( 1152): ssm.onStartUser-0_com.android.server.am.ActivityManagerService$Lifecycle took to complete: 0ms
04-04 04:29:53.253 I/SystemServerTiming( 1152): ssm.onStartUser-0_com.android.server.pm.DataLoaderManagerService
04-04 04:29:53.253 D/SystemServerTiming( 1152): ssm.onStartUser-0_com.android.server.pm.DataLoaderManagerService took to complete: 0ms
04-04 04:29:53.253 I/SystemServerTiming( 1152): ssm.onStartUser-0_com.android.server.power.PowerManagerService
04-04 04:29:53.253 D/SystemServerTiming( 1152): ssm.onStartUser-0_com.android.server.power.PowerManagerService took to complete: 0ms
04-04 04:29:53.253 I/SystemServerTiming( 1152): ssm.onStartUser-0_com.android.server.power.ThermalManagerService
04-04 04:29:53.253 D/SystemServerTiming( 1152): ssm.onStartUser-0_com.android.server.power.ThermalManagerService took to complete: 0ms
04-04 04:29:53.254 I/SystemServerTiming( 1152): ssm.onStartUser-0_com.android.server.power.hint.HintManagerService
04-04 04:29:53.254 D/SystemServerTiming( 1152): ssm.onStartUser-0_com.android.server.power.hint.HintManagerService took to complete: 0ms
04-04 04:29:53.254 I/SystemServerTiming( 1152): ssm.onStartUser-0_com.android.server.recoverysystem.RecoverySystemService$Lifecycle
04-04 04:29:53.254 D/SystemServerTiming( 1152): ssm.onStartUser-0_com.android.server.recoverysystem.RecoverySystemService$Lifecycle took to complete: 0ms
04-04 04:29:53.254 I/SystemServerTiming( 1152): ssm.onStartUser-0_com.android.server.lights.LightsService
04-04 04:29:53.254 D/SystemServerTiming( 1152): ssm.onStartUser-0_com.android.server.lights.LightsService took to complete: 0ms
04-04 04:29:53.254 I/SystemServerTiming( 1152): ssm.onStartUser-0_com.android.server.display.DisplayManagerService
04-04 04:29:53.254 D/SystemServerTiming( 1152): ssm.onStartUser-0_com.android.server.display.DisplayManagerService took to complete: 0ms
04-04 04:29:53.254 I/SystemServerTiming( 1152): ssm.onStartUser-0_com.android.server.pm.verify.domain.DomainVerificationService
04-04 04:29:53.254 D/SystemServerTiming( 1152): ssm.onStartUser-0_com.android.server.pm.verify.domain.DomainVerificationService took to complete: 0ms
04-04 04:29:53.254 I/SystemServerTiming( 1152): ssm.onStartUser-0_com.android.server.pm.PackageInstallerService$Lifecycle
04-04 04:29:53.254 D/SystemServerTiming( 1152): ssm.onStartUser-0_com.android.server.pm.PackageInstallerService$Lifecycle took to complete: 0ms
04-04 04:29:53.254 I/SystemServerTiming( 1152): ssm.onStartUser-0_com.android.server.pm.UserManagerService$LifeCycle
04-04 04:29:53.254 D/SystemServerTiming( 1152): ssm.onStartUser-0_com.android.server.pm.UserManagerService$LifeCycle took to complete: 0ms
04-04 04:29:53.254 I/SystemServerTiming( 1152): ssm.onStartUser-0_com.android.server.om.OverlayManagerService
04-04 04:29:53.254 D/SystemServerTiming( 1152): ssm.onStartUser-0_com.android.server.om.OverlayManagerService took to complete: 0ms
04-04 04:29:53.254 I/SystemServerTiming( 1152): ssm.onStartUser-0_com.android.server.SensorPrivacyService
04-04 04:29:53.255 D/SystemServerTiming( 1152): ssm.onStartUser-0_com.android.server.SensorPrivacyService took to complete: 0ms
04-04 04:29:53.255 I/SystemServerTiming( 1152): ssm.onStartUser-0_com.android.server.thunderperf.ThunderBoostPerfService
04-04 04:29:53.255 D/SystemServerTiming( 1152): ssm.onStartUser-0_com.android.server.thunderperf.ThunderBoostPerfService took to complete: 0ms
04-04 04:29:53.255 I/SystemServerTiming( 1152): ssm.onStartUser-0_com.android.server.sensors.SensorService
04-04 04:29:53.255 D/SystemServerTiming( 1152): ssm.onStartUser-0_com.android.server.sensors.SensorService took to complete: 0ms
04-04 04:29:53.255 I/SystemServerTiming( 1152): ssm.onStartUser-0_com.android.server.SystemConfigService
04-04 04:29:53.255 D/SystemServerTiming( 1152): ssm.onStartUser-0_com.android.server.SystemConfigService took to complete: 0ms
04-04 04:29:53.255 I/SystemServerTiming( 1152): ssm.onStartUser-0_com.android.server.BatteryService
04-04 04:29:53.255 D/SystemServerTiming( 1152): ssm.onStartUser-0_com.android.server.BatteryService took to complete: 0ms
04-04 04:29:53.255 I/SystemServerTiming( 1152): ssm.onStartUser-0_com.android.server.usage.UsageStatsService
04-04 04:29:53.255 D/SystemServerTiming( 1152): ssm.onStartUser-0_com.android.server.usage.UsageStatsService took to complete: 0ms
04-04 04:29:53.255 I/SystemServerTiming( 1152): ssm.onStartUser-0_com.android.server.webkit.WebViewUpdateService
04-04 04:29:53.255 D/SystemServerTiming( 1152): ssm.onStartUser-0_com.android.server.webkit.WebViewUpdateService took to complete: 0ms
04-04 04:29:53.255 I/SystemServerTiming( 1152): ssm.onStartUser-0_com.android.server.CachedDeviceStateService
04-04 04:29:53.255 D/SystemServerTiming( 1152): ssm.onStartUser-0_com.android.server.CachedDeviceStateService took to complete: 0ms
01-01 08:00:50.836 D/cnss ( 0): PM relax, state: 0x11, count: 0
04-04 04:29:53.255 I/SystemServerTiming( 1152): ssm.onStartUser-0_com.android.server.BinderCallsStatsService$LifeCycle
04-04 04:29:53.255 D/SystemServerTiming( 1152): ssm.onStartUser-0_com.android.server.BinderCallsStatsService$LifeCycle took to complete: 0ms
04-04 04:29:53.256 I/SystemServerTiming( 1152): ssm.onStartUser-0_com.android.server.LooperStatsService$Lifecycle
04-04 04:29:53.256 D/SystemServerTiming( 1152): ssm.onStartUser-0_com.android.server.LooperStatsService$Lifecycle took to complete: 0ms
04-04 04:29:53.256 I/SystemServerTiming( 1152): ssm.onStartUser-0_com.android.server.rollback.RollbackManagerService
04-04 04:29:53.256 D/SystemServerTiming( 1152): ssm.onStartUser-0_com.android.server.rollback.RollbackManagerService took to complete: 0ms
04-04 04:29:53.256 I/SystemServerTiming( 1152): ssm.onStartUser-0_com.android.server.os.NativeTombstoneManagerService
04-04 04:29:53.256 D/SystemServerTiming( 1152): ssm.onStartUser-0_com.android.server.os.NativeTombstoneManagerService took to complete: 0ms
04-04 04:29:53.256 I/SystemServerTiming( 1152): ssm.onStartUser-0_com.android.server.os.BugreportManagerService
04-04 04:29:53.256 D/SystemServerTiming( 1152): ssm.onStartUser-0_com.android.server.os.BugreportManagerService took to complete: 0ms
04-04 04:29:53.256 I/SystemServerTiming( 1152): ssm.onStartUser-0_com.android.server.gpu.GpuService
04-04 04:29:53.256 D/SystemServerTiming( 1152): ssm.onStartUser-0_com.android.server.gpu.GpuService took to complete: 0ms
04-04 04:29:53.256 I/SystemServerTiming( 1152): ssm.onStartUser-0_com.android.server.security.KeyChainSystemService
04-04 04:29:53.256 D/SystemServerTiming( 1152): ssm.onStartUser-0_com.android.server.security.KeyChainSystemService took to complete: 0ms
04-04 04:29:53.256 I/SystemServerTiming( 1152): ssm.onStartUser-0_com.android.server.telecom.TelecomLoaderService
04-04 04:29:53.256 D/SystemServerTiming( 1152): ssm.onStartUser-0_com.android.server.telecom.TelecomLoaderService took to complete: 0ms
04-04 04:29:53.256 I/SystemServerTiming( 1152): ssm.onStartUser-0_com.android.server.accounts.AccountManagerService$Lifecycle
04-04 04:29:53.256 D/SystemServerTiming( 1152): ssm.onStartUser-0_com.android.server.accounts.AccountManagerService$Lifecycle took to complete: 0ms
04-04 04:29:53.256 I/SystemServerTiming( 1152): ssm.onStartUser-0_com.android.server.content.ContentService$Lifecycle
04-04 04:29:53.257 D/SystemServerTiming( 1152): ssm.onStartUser-0_com.android.server.content.ContentService$Lifecycle took to complete: 0ms
04-04 04:29:53.257 I/SystemServerTiming( 1152): ssm.onStartUser-0_com.android.server.DropBoxManagerService
04-04 04:29:53.257 D/SystemServerTiming( 1152): ssm.onStartUser-0_com.android.server.DropBoxManagerService took to complete: 0ms
04-04 04:29:53.257 I/SystemServerTiming( 1152): ssm.onStartUser-0_com.android.role.RoleService
04-04 04:29:53.262 W/ActivityManager( 1152): Slow operation: 571ms so far, now at startProcess: returned from zygote!
04-04 04:29:53.263 W/ActivityManager( 1152): Slow operation: 572ms so far, now at startProcess: done updating battery stats
04-04 04:29:53.263 W/ActivityManager( 1152): Slow operation: 572ms so far, now at startProcess: building log message
04-04 04:29:53.263 I/ActivityManager( 1152): Start proc 2090:WebViewLoader-arm64-v8a/1037 [android.webkit.WebViewLibraryLoader$RelroFileCreator] for null
04-04 04:29:53.263 W/ActivityManager( 1152): Slow operation: 572ms so far, now at startProcess: starting to update pids map
04-04 04:29:53.268 W/ActivityManager( 1152): Slow operation: 577ms so far, now at startProcess: done updating pids map
04-04 04:29:53.272 D/SystemServerTiming( 1152): ssm.onStartUser-0_com.android.role.RoleService took to complete: 15ms
04-04 04:29:53.272 I/SystemServerTiming( 1152): ssm.onStartUser-0_com.android.server.vibrator.VibratorManagerService$Lifecycle
04-04 04:29:53.272 D/SystemServerTiming( 1152): ssm.onStartUser-0_com.android.server.vibrator.VibratorManagerService$Lifecycle took to complete: 0ms
04-04 04:29:53.272 I/SystemServerTiming( 1152): ssm.onStartUser-0_com.android.server.alarm.AlarmManagerService
04-04 04:29:53.272 D/SystemServerTiming( 1152): ssm.onStartUser-0_com.android.server.alarm.AlarmManagerService took to complete: 1ms
04-04 04:29:53.273 I/SystemServerTiming( 1152): ssm.onStartUser-0_com.android.server.devicestate.DeviceStateManagerService
04-04 04:29:53.273 D/SystemServerTiming( 1152): ssm.onStartUser-0_com.android.server.devicestate.DeviceStateManagerService took to complete: 0ms
04-04 04:29:53.273 I/SystemServerTiming( 1152): ssm.onStartUser-0_com.android.server.camera.CameraServiceProxy
04-04 04:29:53.278 D/SystemServerTiming( 1152): ssm.onStartUser-0_com.android.server.camera.CameraServiceProxy took to complete: 5ms
04-04 04:29:53.278 I/SystemServerTiming( 1152): ssm.onStartUser-0_com.android.server.BluetoothService
04-04 04:29:53.278 D/SystemServerTiming( 1152): ssm.onStartUser-0_com.android.server.BluetoothService took to complete: 0ms
04-04 04:29:53.278 I/SystemServerTiming( 1152): ssm.onStartUser-0_com.android.server.connectivity.IpConnectivityMetrics
04-04 04:29:53.278 D/SystemServerTiming( 1152): ssm.onStartUser-0_com.android.server.connectivity.IpConnectivityMetrics took to complete: 0ms
04-04 04:29:53.278 I/SystemServerTiming( 1152): ssm.onStartUser-0_com.android.server.net.watchlist.NetworkWatchlistService$Lifecycle
04-04 04:29:53.278 D/SystemServerTiming( 1152): ssm.onStartUser-0_com.android.server.net.watchlist.NetworkWatchlistService$Lifecycle took to complete: 0ms
04-04 04:29:53.278 I/SystemServerTiming( 1152): ssm.onStartUser-0_com.android.server.PinnerService
04-04 04:29:53.278 D/SystemServerTiming( 1152): ssm.onStartUser-0_com.android.server.PinnerService took to complete: 0ms
04-04 04:29:53.278 I/SystemServerTiming( 1152): ssm.onStartUser-0_com.google.android.startop.iorap.IorapForwardingService
04-04 04:29:53.279 D/SystemServerTiming( 1152): ssm.onStartUser-0_com.google.android.startop.iorap.IorapForwardingService took to complete: 0ms
04-04 04:29:53.279 I/SystemServerTiming( 1152): ssm.onStartUser-0_com.android.server.ActivityTriggerService
04-04 04:29:53.280 D/SystemServerTiming( 1152): ssm.onStartUser-0_com.android.server.ActivityTriggerService took to complete: 0ms
04-04 04:29:53.280 I/SystemServerTiming( 1152): ssm.onStartUser-0_com.android.server.integrity.AppIntegrityManagerService
