04-12 12:12:19.453 E/ActivityManager( 1152): Unable to freeze binder for 2671 com.thundercomm.gamemode.provider
04-12 12:12:19.455 D/ActivityManager( 1152): freezing 3889 com.android.providers.calendar
01-01 08:20:57.691 I/binder ( 0): 1152:1729 ioctl 400c620e 6ce9faa5d8 returned -22
04-12 12:12:19.462 E/ActivityManager( 1152): Unable to freeze binder for 3889 com.android.providers.calendar
04-12 12:12:19.464 D/ActivityManager( 1152): froze 3889 com.android.providers.calendar
01-01 08:20:57.699 I/binder ( 0): 1152:1729 ioctl c00c620f 6ce9faa5b8 returned -22
04-12 12:12:19.470 E/ActivityManager( 1152): Unable to freeze binder for 3889 com.android.providers.calendar
04-12 12:12:19.472 D/ActivityManager( 1152): freezing 2775 com.qualcomm.qti.qccauthmgr
04-12 12:12:19.479 E/ActivityManager( 1152): Unable to freeze binder for 2775 com.qualcomm.qti.qccauthmgr
01-01 08:20:57.707 I/binder ( 0): 1152:1729 ioctl 400c620e 6ce9faa5d8 returned -22
04-12 12:12:19.480 D/ActivityManager( 1152): froze 2775 com.qualcomm.qti.qccauthmgr
01-01 08:20:57.715 I/binder ( 0): 1152:1729 ioctl c00c620f 6ce9faa5b8 returned -22
04-12 12:12:19.487 E/ActivityManager( 1152): Unable to freeze binder for 2775 com.qualcomm.qti.qccauthmgr
04-12 12:12:19.488 I/ActivityManager( 1152): Killing 2671:com.thundercomm.gamemode.provider/u0a68 (adj 905): Unable to freeze binder interface
04-12 12:12:19.490 I/ActivityManager( 1152): Killing 3889:com.android.providers.calendar/u0a28 (adj 915): Unable to freeze binder interface
04-12 12:12:19.492 I/ActivityManager( 1152): Killing 2775:com.qualcomm.qti.qccauthmgr/u0a86 (adj 925): Unable to freeze binder interface
01-01 08:21:47.701 I/[dp_rx_][0x5d86f33d7][12:13:09.466600] wlan( 0): [2483:I:QDF] EAPOL-3 RX: SA:98:f1:81:80:45:61 DA:c6:f7:88:0c:63:65
01-01 08:21:47.743 I/[soft_i][0x5d87b5974][12:13:09.508061] wlan( 0): [0:I:QDF] EAPOL-4 TX: SA:c6:f7:88:0c:63:65 DA:98:f1:81:80:45:61 msdu_id:18 status: succ
01-01 08:22:37.730 E/DTC_ETH,link_delay_work_func( 0): 3003, SQI=0, link=1
01-01 08:22:42.138 E/[kworke][0x616bb89b7][12:14:03.903585] wlan( 0): [335:E:WMA] Rx unprotected unicast mgmt frame
01-01 08:22:42.149 E/[schedu][0x616bea510][12:14:03.914188] wlan( 0): [2281:E:PE] lim_drop_unprotected_action_frame: 1614: Dropping unprotected Action category: 3 frame since RMF is enabled
01-01 08:23:44.177 E/[kworke][0x65dbae133][12:15:05.942084] wlan( 0): [292:E:WMA] Rx unprotected unicast mgmt frame
01-01 08:23:44.187 E/[schedu][0x65dbdf9a6][12:15:05.952651] wlan( 0): [2281:E:PE] lim_drop_unprotected_action_frame: 1614: Dropping unprotected Action category: 3 frame since RMF is enabled
01-01 08:25:42.140 E/[kworke][0x6e4ba6e3a][12:17:03.905351] wlan( 0): [5575:E:WMA] Rx unprotected unicast mgmt frame
01-01 08:25:42.150 E/[schedu][0x6e4bd763a][12:17:03.915697] wlan( 0): [2281:E:PE] lim_drop_unprotected_action_frame: 1614: Dropping unprotected Action category: 3 frame since RMF is enabled
01-01 08:27:33.505 I/[soft_i][0x7642cf867][12:18:55.270607] wlan( 0): [0:I:QDF] ARP-RQ TX: SA:c6:f7:88:0c:63:65 DA:5c:a7:21:1b:7b:d8 msdu_id:9 status: nack
01-01 08:27:49.787 I/[dp_rx_][0x776ceee09][12:19:11.552070] wlan( 0): [2483:I:QDF] DHCP-R RX: SA:04:7f:0e:5e:df:61 DA:ff:ff:ff:ff:ff:ff
01-01 08:28:42.146 E/[kworke][0x7b2ba7164][12:20:03.910939] wlan( 0): [335:E:WMA] Rx unprotected unicast mgmt frame
01-01 08:28:42.157 E/[schedu][0x7b2bda9ff][12:20:03.921934] wlan( 0): [2281:E:PE] lim_drop_unprotected_action_frame: 1614: Dropping unprotected Action category: 3 frame since RMF is enabled
01-01 08:29:26.353 I/[dp_rx_][0x7e551c2c6][12:20:48.118106] wlan( 0): [2483:I:QDF] DHCP-R RX: SA:04:7f:0e:5e:df:61 DA:ff:ff:ff:ff:ff:ff
01-01 08:30:06.418 W/audit ( 0): audit_lost=184 audit_rate_limit=5 audit_backlog_limit=64
01-01 08:30:06.426 E/audit ( 0): rate limit exceeded
04-12 12:21:28.719 W/BatteryExternalStatsWorker( 1152): error reading modem stats:ERROR_PHONE_NOT_AVAILABLE
04-12 12:21:28.806 E/KernelCpuSpeedReader( 1152): Failed to read cpu-freq: /sys/devices/system/cpu/cpu4/cpufreq/stats/time_in_state: open failed: ENOENT (No such file or directory)
04-12 12:21:28.807 E/KernelCpuSpeedReader( 1152): Failed to read cpu-freq: /sys/devices/system/cpu/cpu0/cpufreq/stats/time_in_state: open failed: ENOENT (No such file or directory)
04-12 12:21:28.896 D/KernelCpuUidUserSysTimeReader( 1152): Removing uids 1037-1037
04-12 12:21:28.897 D/KernelCpuUidUserSysTimeReader( 1152): Removing uids 1037-1037
01-01 08:31:03.329 D/cnss ( 0): Host time = 1863231930 us, device time = 1812851690 us, offset = 50380240 us
01-01 08:31:03.338 D/cnss ( 0): Updated time sync regs [0x984] = 0x300bdd0, [0x988] = 0x0
01-01 08:31:06.419 W/audit ( 0): audit_lost=235 audit_rate_limit=5 audit_backlog_limit=64
01-01 08:31:06.426 E/audit ( 0): rate limit exceeded
01-01 08:31:15.245 I/init ( 0): processing action (sys.tlog.tlogdsho.active=1) from (/system/etc/init/tlogd.rc:155)
01-01 08:31:15.258 I/init ( 0): starting service 'tlogdsho'...
01-01 08:31:15.470 I/init ( 0): Untracked pid 5614 exited with status 0
01-01 08:31:15.658 I/init ( 0): Service 'tlogdsho' (pid 5611) exited with status 0 oneshot service took 0.370000 seconds in background
01-01 08:31:15.670 I/init ( 0): Sending signal 9 to service 'tlogdsho' (pid 5611) process group...
01-01 08:31:15.679 I/libprocessgroup( 0): Successfully killed process cgroup uid 0 pid 5611 in 0ms
01-01 08:31:42.150 E/[kworke][0x880ba2829][12:23:03.915510] wlan( 0): [5561:E:WMA] Rx unprotected unicast mgmt frame
01-01 08:31:42.162 E/[schedu][0x880bdab67][12:23:03.927501] wlan( 0): [2281:E:PE] lim_drop_unprotected_action_frame: 1614: Dropping unprotected Action category: 3 frame since RMF is enabled
04-12 12:25:29.823 D/CompatibilityChangeReporter( 1152): Compat change id reported: 135634846; UID 10026; state: DISABLED
04-12 12:25:29.824 D/CompatibilityChangeReporter( 1152): Compat change id reported: 177438394; UID 10026; state: DISABLED
04-12 12:25:29.824 D/CompatibilityChangeReporter( 1152): Compat change id reported: 135772972; UID 10026; state: DISABLED
04-12 12:25:29.825 D/CompatibilityChangeReporter( 1152): Compat change id reported: 135754954; UID 10026; state: ENABLED
04-12 12:25:29.826 D/CompatibilityChangeReporter( 1152): Compat change id reported: 143937733; UID 10026; state: ENABLED
04-12 12:25:29.891 W/ActivityManager( 1152): Slow operation: 68ms so far, now at startProcess: returned from zygote!
04-12 12:25:29.891 W/ActivityManager( 1152): Slow operation: 68ms so far, now at startProcess: done updating battery stats
04-12 12:25:29.891 W/ActivityManager( 1152): Slow operation: 68ms so far, now at startProcess: building log message
04-12 12:25:29.891 I/ActivityManager( 1152): Start proc 5650:android.process.media/u0a26 for service {com.android.providers.downloads/com.android.providers.downloads.DownloadIdleService}
04-12 12:25:29.891 W/ActivityManager( 1152): Slow operation: 69ms so far, now at startProcess: starting to update pids map
04-12 12:25:29.891 W/ActivityManager( 1152): Slow operation: 69ms so far, now at startProcess: done updating pids map
01-01 08:34:08.196 I/binder ( 0): 5650:5650 ioctl 40046210 7ffe7f3634 returned -22
04-12 12:25:30.023 I/GameModeConfig( 1152): isGameModeOn = false
04-12 12:25:30.023 I/GameModeConfig( 1152): isGameModeOn = false
04-12 12:25:30.051 D/DownloadManager( 5650): Removed 0 stale downloads
04-12 12:25:30.059 D/DownloadManager( 5650): Found 0 files in database
04-12 12:25:30.059 D/DownloadManager( 5650): Found 0 files on disk
04-12 12:25:30.094 I/BackgroundDexOptService( 1152): Performing idle optimizations
04-12 12:25:30.096 I/WatchlistLoggingHandler( 1152): No need to aggregate record yet.
04-12 12:25:30.096 I/WatchlistLoggingHandler( 1152): Milliseconds spent on tryAggregateRecords(): 0
04-12 12:25:30.100 E/DynamicCodeLogger( 1152): Could not infer CE/DE storage for path /apex/com.android.tethering/javalib/service-connectivity.jar
04-12 12:25:30.100 E/DynamicCodeLogger( 1152): Could not infer CE/DE storage for path /apex/com.android.appsearch/javalib/service-appsearch.jar
04-12 12:25:30.100 E/DynamicCodeLogger( 1152): Could not infer CE/DE storage for path /system/framework/services.jar
04-12 12:25:30.100 E/DynamicCodeLogger( 1152): Could not infer CE/DE storage for path /system/framework/com.android.location.provider.jar
04-12 12:25:30.101 E/DynamicCodeLogger( 1152): Could not infer CE/DE storage for path /apex/com.android.permission/javalib/service-permission.jar
04-12 12:25:30.101 E/DynamicCodeLogger( 1152): Could not infer CE/DE storage for path /system/framework/ethernet-service.jar
04-12 12:25:30.101 E/DynamicCodeLogger( 1152): Could not infer CE/DE storage for path /system_ext/framework/ActivityExt.jar
04-12 12:25:30.101 E/DynamicCodeLogger( 1152): Could not infer CE/DE storage for path /product/framework/ims-ext-common.jar
04-12 12:25:30.101 E/DynamicCodeLogger( 1152): Could not infer CE/DE storage for path /apex/com.android.scheduling/javalib/service-scheduling.jar
04-12 12:25:30.101 E/DynamicCodeLogger( 1152): Could not infer CE/DE storage for path /apex/com.android.media/javalib/service-media-s.jar
04-12 12:25:30.101 E/DynamicCodeLogger( 1152): Could not infer CE/DE storage for path /apex/com.android.wifi/javalib/service-wifi.jar
04-12 12:25:30.101 E/DynamicCodeLogger( 1152): Could not infer CE/DE storage for path /apex/com.android.os.statsd/javalib/service-statsd.jar
01-01 08:34:08.379 I/logd ( 0): logdr: UID=1000 GID=1000 PID=1152 n tail=0 logMask=4 pid=0 start=0ns deadline=0ns
04-12 12:25:30.153 E/DynamicCodeLogger( 1152): Got InstallerException when hashing file /data/user/0/com.baidu.input/files/.tmp/1-3.5.2.22.6.zip: android.os.ServiceSpecificException: (code 0)
04-12 12:25:30.154 D/DynamicCodeLogger( 1152): Got no hash for /data/user/0/com.baidu.input/files/.tmp/1-3.5.2.22.6.zip
04-12 12:25:30.597 D/BlobStore( 1152): Completed idle maintenance; deleted []
04-12 12:25:30.731 W/iorapd ( 1230): Missing corresponding prefetch_file db row for com.android.provision/com.android.provision.DefaultActivity@31
01-01 08:34:09.679 W/audit ( 0): audit_lost=236 audit_rate_limit=5 audit_backlog_limit=64
01-01 08:34:09.702 E/audit ( 0): rate limit exceeded
01-01 08:34:10.863 W/audit ( 0): audit_lost=310 audit_rate_limit=5 audit_backlog_limit=64
01-01 08:34:10.871 E/audit ( 0): rate limit exceeded
04-12 12:25:33.031 E/iorapd ( 1230): Iorap compilation failed
04-12 12:25:33.031 E/iorapd ( 1230): Compilation failed for package_id:1 activity_name: com.android.provision.DefaultActivity
01-01 08:34:11.261 I/init ( 0): Untracked pid 5702 exited with status 2
01-01 08:34:12.131 W/audit ( 0): audit_lost=331 audit_rate_limit=5 audit_backlog_limit=64
01-01 08:34:12.159 E/audit ( 0): rate limit exceeded
01-01 08:34:13.158 W/audit ( 0): audit_lost=414 audit_rate_limit=5 audit_backlog_limit=64
01-01 08:34:13.172 E/audit ( 0): rate limit exceeded
01-01 08:34:14.481 I/init ( 0): Untracked pid 5746 exited with status 0
01-01 08:34:15.269 W/audit ( 0): audit_lost=429 audit_rate_limit=5 audit_backlog_limit=64
01-01 08:34:15.276 E/audit ( 0): rate limit exceeded
01-01 08:34:16.280 W/audit ( 0): audit_lost=518 audit_rate_limit=5 audit_backlog_limit=64
01-01 08:34:16.288 E/audit ( 0): rate limit exceeded
01-01 08:34:16.377 I/init ( 0): Untracked pid 5788 exited with status 0
01-01 08:34:17.563 W/audit ( 0): audit_lost=584 audit_rate_limit=5 audit_backlog_limit=64
01-01 08:34:17.570 E/audit ( 0): rate limit exceeded
01-01 08:34:18.291 I/init ( 0): Untracked pid 5813 exited with status 2
04-12 12:25:40.066 E/iorapd ( 1230): Iorap compilation failed
04-12 12:25:40.066 E/iorapd ( 1230): Compilation failed for package_id:4 activity_name: com.android.settings.Settings
01-01 08:34:18.800 W/audit ( 0): audit_lost=626 audit_rate_limit=5 audit_backlog_limit=64
01-01 08:34:18.808 E/audit ( 0): rate limit exceeded
01-01 08:34:19.922 W/audit ( 0): audit_lost=721 audit_rate_limit=5 audit_backlog_limit=64
01-01 08:34:19.929 E/audit ( 0): rate limit exceeded
01-01 08:34:20.695 I/init ( 0): Untracked pid 5825 exited with status 0
04-12 12:25:47.487 I/BackgroundDexOptService( 1152): Pinning optimized code {com.thundercomm.gamemode, com.hht.lebocast, com.android.launcher3, com.thundercomm.remotecontrolservice, com.baidu.input, com.android.settings, com.android.providers.media.module, com.android.systemui, com.android.permissioncontroller}
04-12 12:25:47.490 I/BackgroundDexOptService( 1152): Idle optimizations completed.
01-01 08:34:42.150 E/[kworke][0x94eb85fa0][12:26:03.914969] wlan( 0): [5575:E:WMA] Rx unprotected unicast mgmt frame
01-01 08:34:42.160 E/[schedu][0x94ebb6019][12:26:03.925216] wlan( 0): [2281:E:PE] lim_drop_unprotected_action_frame: 1614: Dropping unprotected Action category: 3 frame since RMF is enabled
01-01 08:34:59.365 I/[dp_rx_][0x9626c1444][12:26:21.130819] wlan( 0): [2483:I:QDF] DHCP-R RX: SA:04:7f:0e:5e:df:61 DA:ff:ff:ff:ff:ff:ff
01-01 08:36:55.918 I/[dp_rx_][0x9e7ce375f][12:28:17.682967] wlan( 0): [2483:I:QDF] EAPOL-3 RX: SA:98:f1:81:80:45:61 DA:c6:f7:88:0c:63:65
01-01 08:36:55.951 I/[soft_i][0x9e7d8079b][12:28:17.716464] wlan( 0): [0:I:QDF] EAPOL-4 TX: SA:c6:f7:88:0c:63:65 DA:98:f1:81:80:45:61 msdu_id:22 status: succ
01-01 08:36:58.416 I/perf ( 0): interrupt took too long (7900 > 7882), lowering kernel.perf_event_max_sample_rate to 25250
01-01 08:37:42.155 E/[kworke][0xa1cb870e7][12:29:03.920747] wlan( 0): [5557:E:WMA] Rx unprotected unicast mgmt frame
01-01 08:37:42.166 E/[schedu][0xa1cbb7a33][12:29:03.931112] wlan( 0): [2281:E:PE] lim_drop_unprotected_action_frame: 1614: Dropping unprotected Action category: 3 frame since RMF is enabled
01-01 08:38:21.205 I/[dp_rx_][0xa4968aac6][12:29:42.970053] wlan( 0): [2483:I:QDF] DHCP-R RX: SA:c2:b9:05:61:b2:5e DA:ff:ff:ff:ff:ff:ff
01-01 08:40:42.165 E/[kworke][0xaeab9afb1][12:32:03.930544] wlan( 0): [340:E:WMA] Rx unprotected unicast mgmt frame
01-01 08:40:42.176 E/[schedu][0xaeabcbe0a][12:32:03.940975] wlan( 0): [2281:E:PE] lim_drop_unprotected_action_frame: 1614: Dropping unprotected Action category: 3 frame since RMF is enabled
04-12 12:32:09.942 I/UsageStatsService( 1152): User[0] Flushing usage stats to disk
01-01 08:42:41.105 I/[dp_rx_][0xb72d75bcc][12:34:02.870439] wlan( 0): [2483:I:QDF] DHCP-R RX: SA:82:5d:a5:be:13:93 DA:ff:ff:ff:ff:ff:ff
01-01 08:43:42.165 E/[kworke][0xbb8b7f26f][12:35:03.930154] wlan( 0): [340:E:WMA] Rx unprotected unicast mgmt frame
01-01 08:43:42.176 E/[schedu][0xbb8bb1dd5][12:35:03.940973] wlan( 0): [2281:E:PE] lim_drop_unprotected_action_frame: 1614: Dropping unprotected Action category: 3 frame since RMF is enabled
01-01 08:43:42.370 E/DTC_ETH,link_delay_work_func( 0): 3003, SQI=11, link=1
04-12 12:35:30.176 D/ActivityManager( 1152): freezing 5650 android.process.media
04-12 12:35:30.183 E/ActivityManager( 1152): Unable to freeze binder for 5650 android.process.media
01-01 08:44:08.411 I/binder ( 0): 1152:1729 ioctl 400c620e 6ce9faa5d8 returned -22
01-01 08:44:08.423 I/binder ( 0): 1152:1729 ioctl c00c620f 6ce9faa5b8 returned -22
04-12 12:35:30.187 D/ActivityManager( 1152): froze 5650 android.process.media
04-12 12:35:30.207 E/ActivityManager( 1152): Unable to freeze binder for 5650 android.process.media
04-12 12:35:30.209 I/ActivityManager( 1152): Killing 5650:android.process.media/u0a26 (adj 905): Unable to freeze binder interface
01-01 08:45:19.650 E/DTC_ETH,link_delay_work_func( 0): 3003, SQI=7, link=1
01-01 08:45:44.305 I/[dp_rx_][0xc447f489e][12:37:06.070610] wlan( 0): [2483:I:QDF] DHCP-R RX: SA:04:7f:0e:5e:df:61 DA:ff:ff:ff:ff:ff:ff
01-01 08:46:04.449 D/cnss ( 0): Host time = 2764352020 us, device time = 2713559550 us, offset = 50792470 us
01-01 08:46:04.458 D/cnss ( 0): Updated time sync regs [0x984] = 0x3070816, [0x988] = 0x0
01-01 08:46:05.730 E/DTC_ETH,link_delay_work_func( 0): 3003, SQI=10, link=1
01-01 08:46:42.270 E/[kworke][0xc86d5407b][12:38:04.035728] wlan( 0): [340:E:WMA] Rx unprotected unicast mgmt frame
01-01 08:46:42.282 E/[schedu][0xc86d8a2ed][12:38:04.047279] wlan( 0): [2281:E:PE] lim_drop_unprotected_action_frame: 1614: Dropping unprotected Action category: 3 frame since RMF is enabled
01-01 08:46:46.690 E/DTC_ETH,link_delay_work_func( 0): 3003, SQI=2, link=1
01-01 08:47:06.419 W/audit ( 0): audit_lost=741 audit_rate_limit=5 audit_backlog_limit=64
01-01 08:47:06.426 E/audit ( 0): rate limit exceeded
01-01 08:49:42.273 E/[kworke][0xd54d444ca][12:41:04.037917] wlan( 0): [5921:E:WMA] Rx unprotected unicast mgmt frame
01-01 08:49:42.283 E/[schedu][0xd54d73788][12:41:04.047980] wlan( 0): [2281:E:PE] lim_drop_unprotected_action_frame: 1614: Dropping unprotected Action category: 3 frame since RMF is enabled
01-01 08:52:42.543 E/[kworke][0xe2321e0c3][12:44:04.308371] wlan( 0): [5921:E:WMA] Rx unprotected unicast mgmt frame
01-01 08:52:42.554 E/[schedu][0xe2325073a][12:44:04.319122] wlan( 0): [2281:E:PE] lim_drop_unprotected_action_frame: 1614: Dropping unprotected Action category: 3 frame since RMF is enabled
01-01 08:53:12.441 E/[kworke][0xe4558eb8a][12:44:34.205899] wlan( 0): [5921:E:WMA] Rx unprotected unicast mgmt frame
01-01 08:53:12.453 E/[schedu][0xe455c913b][12:44:34.218349] wlan( 0): [2281:E:PE] lim_drop_unprotected_action_frame: 1614: Dropping unprotected Action category: 3 frame since RMF is enabled
01-01 08:53:26.050 E/DTC_ETH,link_delay_work_func( 0): 3003, SQI=12, link=1
01-01 08:53:34.948 I/[dp_rx_][0xe5f1aff04][12:44:56.713682] wlan( 0): [2483:I:QDF] DHCP-R RX: SA:82:d9:68:e2:9c:24 DA:ff:ff:ff:ff:ff:ff
01-01 08:54:02.663 E/[kworke][0xe7ed2a1cd][12:45:24.428705] wlan( 0): [5557:E:WMA] Rx unprotected unicast mgmt frame
01-01 08:54:02.674 E/[schedu][0xe7ed5b817][12:45:24.439242] wlan( 0): [2281:E:PE] lim_drop_unprotected_action_frame: 1614: Dropping unprotected Action category: 3 frame since RMF is enabled
04-12 12:45:30.418 D/ActivityManager( 1152): freezing 3536 com.qti.diagservices
04-12 12:45:30.426 E/ActivityManager( 1152): Unable to freeze binder for 3536 com.qti.diagservices
01-01 08:54:08.653 I/binder ( 0): 1152:1729 ioctl 400c620e 6ce9faa5d8 returned -22
04-12 12:45:30.430 D/ActivityManager( 1152): froze 3536 com.qti.diagservices
04-12 12:45:30.438 E/ActivityManager( 1152): Unable to freeze binder for 3536 com.qti.diagservices
01-01 08:54:08.665 I/binder ( 0): 1152:1729 ioctl c00c620f 6ce9faa5b8 returned -22
04-12 12:45:30.439 I/ActivityManager( 1152): Killing 3536:com.qti.diagservices/1000 (adj 935): Unable to freeze binder interface
04-12 12:45:30.552 W/ActivityManager( 1152): Scheduling restart of crashed service com.qti.diagservices/.QTIDiagServices in 1000ms for start-requested
04-12 12:45:31.556 D/CompatibilityChangeReporter( 1152): Compat change id reported: 135634846; UID 1000; state: DISABLED
04-12 12:45:31.557 D/CompatibilityChangeReporter( 1152): Compat change id reported: 177438394; UID 1000; state: DISABLED
04-12 12:45:31.557 D/CompatibilityChangeReporter( 1152): Compat change id reported: 135772972; UID 1000; state: DISABLED
04-12 12:45:31.557 D/CompatibilityChangeReporter( 1152): Compat change id reported: 135754954; UID 1000; state: ENABLED
04-12 12:45:31.638 W/ActivityManager( 1152): Slow operation: 83ms so far, now at startProcess: returned from zygote!
04-12 12:45:31.638 W/ActivityManager( 1152): Slow operation: 83ms so far, now at startProcess: done updating battery stats
04-12 12:45:31.638 W/ActivityManager( 1152): Slow operation: 83ms so far, now at startProcess: building log message
04-12 12:45:31.638 I/ActivityManager( 1152): Start proc 5949:com.qti.diagservices/1000 for service {com.qti.diagservices/com.qti.diagservices.QTIDiagServices}
04-12 12:45:31.638 W/ActivityManager( 1152): Slow operation: 83ms so far, now at startProcess: starting to update pids map
04-12 12:45:31.638 W/ActivityManager( 1152): Slow operation: 84ms so far, now at startProcess: done updating pids map
01-01 08:54:09.957 I/binder ( 0): 5949:5949 ioctl 40046210 7ffe7f3634 returned -22
01-01 08:54:33.316 E/[kworke][0xea1e6ef74][12:45:55.081474] wlan( 0): [5561:E:WMA] Rx unprotected unicast mgmt frame
01-01 08:54:33.327 E/[schedu][0xea1ea0420][12:45:55.091989] wlan( 0): [2281:E:PE] lim_drop_unprotected_action_frame: 1614: Dropping unprotected Action category: 3 frame since RMF is enabled
01-01 08:54:51.146 I/[dp_rx_][0xeb64ea6bf][12:46:12.911759] wlan( 0): [2483:I:QDF] DHCP-R RX: SA:3c:cd:5d:ef:31:50 DA:ff:ff:ff:ff:ff:ff
01-01 08:54:52.669 E/[kworke][0xeb80cce26][12:46:14.434630] wlan( 0): [5921:E:WMA] Rx unprotected unicast mgmt frame
01-01 08:54:52.681 E/[schedu][0xeb8101393][12:46:14.445796] wlan( 0): [2281:E:PE] lim_drop_unprotected_action_frame: 1614: Dropping unprotected Action category: 3 frame since RMF is enabled
01-01 08:55:06.418 W/audit ( 0): audit_lost=742 audit_rate_limit=5 audit_backlog_limit=64
01-01 08:55:06.425 E/audit ( 0): rate limit exceeded
01-01 08:56:06.418 W/audit ( 0): audit_lost=743 audit_rate_limit=5 audit_backlog_limit=64
01-01 08:56:06.425 E/audit ( 0): rate limit exceeded
01-01 08:57:42.050 E/DTC_ETH,link_delay_work_func( 0): 3003, SQI=9, link=1
01-01 08:57:52.816 E/[kworke][0xf86364d75][12:49:14.581820] wlan( 0): [5575:E:WMA] Rx unprotected unicast mgmt frame
01-01 08:57:52.827 E/[schedu][0xf8639586e][12:49:14.592206] wlan( 0): [2281:E:PE] lim_drop_unprotected_action_frame: 1614: Dropping unprotected Action category: 3 frame since RMF is enabled
01-01 08:58:28.963 E/[kworke][0xfaf943e43][12:49:50.728818] wlan( 0): [5575:E:WMA] Rx unprotected unicast mgmt frame
01-01 08:58:28.974 E/[schedu][0xfaf976196][12:49:50.739529] wlan( 0): [2281:E:PE] lim_drop_unprotected_action_frame: 1614: Dropping unprotected Action category: 3 frame since RMF is enabled
04-12 12:51:28.719 W/BatteryExternalStatsWorker( 1152): error reading modem stats:ERROR_PHONE_NOT_AVAILABLE
04-12 12:51:28.823 E/KernelCpuSpeedReader( 1152): Failed to read cpu-freq: /sys/devices/system/cpu/cpu4/cpufreq/stats/time_in_state: open failed: ENOENT (No such file or directory)
04-12 12:51:28.823 E/KernelCpuSpeedReader( 1152): Failed to read cpu-freq: /sys/devices/system/cpu/cpu0/cpufreq/stats/time_in_state: open failed: ENOENT (No such file or directory)
01-01 09:00:07.067 W/audit ( 0): audit_lost=744 audit_rate_limit=5 audit_backlog_limit=64
01-01 09:00:07.089 E/audit ( 0): rate limit exceeded
01-01 09:00:13.965 I/[schedu][0x1027be4b04][12:51:35.729948] wlan( 0): [2281:I:WMA] [12:51:35.215000] [ROAM_TRIGGER]: VDEV[0] Reason: "DENSE ENVIRONMENT"
01-01 09:00:13.978 I/[schedu][0x1027c23d34][12:51:35.743415] wlan( 0): [2281:I:WMA] [12:51:35.215000] [ROAM_SCAN]: VDEV[0] Scan_type: PARTIAL {2412 5280 5320 5825 }
01-01 09:00:13.992 I/[schedu][0x1027c66b1c][12:51:35.757681] wlan( 0): [2281:I:WMA] ============================================================================================================================
01-01 09:00:14.010 I/[schedu][0x1027cbb930][12:51:35.775788] wlan( 0): [2281:I:WMA] AP BSSID TSTAMP CH TY ETP RSSI/SCR CU%/SCR TOT_SCR BL_RSN BL_SRC BL_TSTAMP BL_TIMEOUT(ms)
01-01 09:00:14.029 I/[schedu][0x1027d15005][12:51:35.794865] wlan( 0): [2281:I:WMA] ============================================================================================================================
01-01 09:00:14.047 I/[schedu][0x1027d6905d][12:51:35.812790] wlan( 0): [2281:I:WMA] 98:f1:81:80:45:61 [12:51:35.216000] 5280 P_AP 0 67/0 0/0 4542 0 0 [00:00:00.000000] 0
01-01 09:00:14.065 I/[schedu][0x1027dbac93][12:51:35.830232] wlan( 0): [2281:I:WMA] 98:f1:81:81:79:b1 [12:51:35.304000] 5825 C_AP 38 0/0 50/0 4386 0 0 [00:00:00.000000] 0
01-01 09:00:14.082 I/[schedu][0x1027e0c7f3][12:51:35.847664] wlan( 0): [2281:I:WMA] 98:f1:81:81:6e:c1 [12:51:35.692000] 5320 C_AP 105 85/0 50/0 860 0 0 [00:00:00.000000] 0
01-01 09:00:14.101 I/[schedu][0x1027e62c9d][12:51:35.866074] wlan( 0): [2281:I:WMA] [12:51:35.697000] [ROAM_RESULT]: VDEV[0] FAILED Reason: NO CANDIDATE FOUND
04-12 12:52:10.071 I/UsageStatsService( 1152): User[0] Flushing usage stats to disk
01-01 09:00:52.674 E/[kworke][0x10540b0ca3][12:52:14.439729] wlan( 0): [5557:E:WMA] Rx unprotected unicast mgmt frame
01-01 09:00:52.685 E/[schedu][0x10540e31c3][12:52:14.450465] wlan( 0): [2281:E:PE] lim_drop_unprotected_action_frame: 1614: Dropping unprotected Action category: 3 frame since RMF is enabled
01-01 09:01:05.574 D/cnss ( 0): Host time = 3665477260 us, device time = 3614274330 us, offset = 51202930 us
01-01 09:01:05.585 D/cnss ( 0): Updated time sync regs [0x984] = 0x30d4b72, [0x988] = 0x0
01-01 09:01:15.262 I/init ( 0): processing action (sys.tlog.tlogdsho.active=1) from (/system/etc/init/tlogd.rc:155)
01-01 09:01:15.274 I/init ( 0): starting service 'tlogdsho'...
01-01 09:01:15.475 I/init ( 0): Untracked pid 5999 exited with status 0
01-01 09:01:15.683 I/init ( 0): Service 'tlogdsho' (pid 5996) exited with status 0 oneshot service took 0.380000 seconds in background
01-01 09:01:15.695 I/init ( 0): Sending signal 9 to service 'tlogdsho' (pid 5996) process group...
01-01 09:01:15.705 I/libprocessgroup( 0): Successfully killed process cgroup uid 0 pid 5996 in 1ms
01-01 09:02:24.385 E/[kworke][0x10bcff7d6d][12:53:46.150672] wlan( 0): [5557:E:WMA] Rx unprotected unicast mgmt frame
01-01 09:02:24.396 E/[schedu][0x10bd02945c][12:53:46.161218] wlan( 0): [2281:E:PE] lim_drop_unprotected_action_frame: 1614: Dropping unprotected Action category: 3 frame since RMF is enabled
01-01 09:03:52.684 E/[kworke][0x11220c57e2][12:55:14.449693] wlan( 0): [5557:E:WMA] Rx unprotected unicast mgmt frame
01-01 09:03:52.695 E/[schedu][0x11220f6db0][12:55:14.460224] wlan( 0): [2281:E:PE] lim_drop_unprotected_action_frame: 1614: Dropping unprotected Action category: 3 frame since RMF is enabled
01-01 09:03:52.695 E/[kworke][0x11220f82d4][12:55:14.460505] wlan( 0): [5557:E:WMA] Rx unprotected unicast mgmt frame
01-01 09:03:52.721 E/[schedu][0x1122172ede][12:55:14.486691] wlan( 0): [2281:E:PE] lim_drop_unprotected_action_frame: 1614: Dropping unprotected Action category: 3 frame since RMF is enabled
01-01 09:03:52.722 E/[kworke][0x11221740fc][12:55:14.486932] wlan( 0): [5557:E:WMA] Rx unprotected unicast mgmt frame
01-01 09:03:52.748 E/[schedu][0x11221ee539][12:55:14.513015] wlan( 0): [2281:E:PE] lim_drop_unprotected_action_frame: 1614: Dropping unprotected Action category: 3 frame since RMF is enabled
01-01 09:06:40.209 E/[kworke][0x11e1c3f2aa][12:58:01.974743] wlan( 0): [5561:E:WMA] Rx unprotected unicast mgmt frame
01-01 09:06:40.220 E/[schedu][0x11e1c72910][12:58:01.985709] wlan( 0): [2281:E:PE] lim_drop_unprotected_action_frame: 1614: Dropping unprotected Action category: 3 frame since RMF is enabled
01-01 09:06:40.332 E/[kworke][0x11e1e7c004][12:58:02.096947] wlan( 0): [340:E:WMA] Rx unprotected unicast mgmt frame
01-01 09:06:40.342 E/[schedu][0x11e1eaf442][12:58:02.107884] wlan( 0): [2281:E:PE] lim_drop_unprotected_action_frame: 1614: Dropping unprotected Action category: 3 frame since RMF is enabled
01-01 09:06:52.687 E/[kworke][0x11f00b9bd3][12:58:14.452732] wlan( 0): [340:E:WMA] Rx unprotected unicast mgmt frame
01-01 09:06:52.698 E/[schedu][0x11f00ebf81][12:58:14.463448] wlan( 0): [2281:E:PE] lim_drop_unprotected_action_frame: 1614: Dropping unprotected Action category: 3 frame since RMF is enabled
01-01 09:07:20.611 E/DTC_ETH,link_delay_work_func( 0): 3003, SQI=6, link=1
01-01 09:08:06.690 E/DTC_ETH,link_delay_work_func( 0): 3003, SQI=0, link=1
01-01 09:09:52.689 E/[kworke][0x12be0a7ea5][13:01:14.454476] wlan( 0): [5575:E:WMA] Rx unprotected unicast mgmt frame
01-01 09:09:52.703 E/[schedu][0x12be0eb629][13:01:14.468870] wlan( 0): [2281:E:PE] lim_drop_unprotected_action_frame: 1614: Dropping unprotected Action category: 3 frame since RMF is enabled
01-01 09:10:37.340 E/[kworke][0x12f123f549][13:01:59.105870] wlan( 0): [6043:E:WMA] Rx unprotected unicast mgmt frame
01-01 09:10:37.351 E/[schedu][0x12f1272981][13:01:59.116807] wlan( 0): [2281:E:PE] lim_drop_unprotected_action_frame: 1614: Dropping unprotected Action category: 3 frame since RMF is enabled
01-01 09:11:26.391 I/[dp_rx_][0x1329462926][13:02:48.156164] wlan( 0): [2483:I:QDF] DHCP-R RX: SA:84:1b:77:23:0f:1e DA:ff:ff:ff:ff:ff:ff
01-01 09:12:19.030 I/[dp_rx_][0x136583e06b][13:03:40.795621] wlan( 0): [2483:I:QDF] DHCP-R RX: SA:04:7f:0e:5c:d9:89 DA:ff:ff:ff:ff:ff:ff
01-01 09:12:22.771 E/[kworke][0x1369cbe884][13:03:44.536741] wlan( 0): [5575:E:WMA] Rx unprotected unicast mgmt frame
01-01 09:12:22.782 E/[schedu][0x1369cf05a1][13:03:44.547369] wlan( 0): [2281:E:PE] lim_drop_unprotected_action_frame: 1614: Dropping unprotected Action category: 3 frame since RMF is enabled
01-01 09:12:52.697 E/[kworke][0x138c0b0e4d][13:04:14.461939] wlan( 0): [5561:E:WMA] Rx unprotected unicast mgmt frame
01-01 09:12:52.707 E/[schedu][0x138c0e2934][13:04:14.472535] wlan( 0): [2281:E:PE] lim_drop_unprotected_action_frame: 1614: Dropping unprotected Action category: 3 frame since RMF is enabled
01-01 09:13:06.418 W/audit ( 0): audit_lost=795 audit_rate_limit=5 audit_backlog_limit=64
01-01 09:13:06.426 E/audit ( 0): rate limit exceeded
04-12 13:04:28.892 W/ActivityThread( 2512): ClassLoader.loadClass: The class loader returned by Thread.getContextClassLoader() may fail for processes that host multiple applications. You should explicitly specify a context class loader. For example: Thread.setContextClassLoader(getClass().getClassLoader());
04-12 13:04:44.274 I/MicroServiceManager( 1152): requestResult(setVolume) parameters is{"functionInfo":{"IDCM_VolumeValue_Media":"11"}}.
04-12 13:04:54.368 I/DreamManagerService( 1152): Gently waking up from dream.
04-12 13:04:54.371 I/DreamManagerService( 1152): Performing gentle wake from dream.
04-12 13:04:54.377 I/ActivityTaskManager( 1152): FOREGROUND_APPLICATION_CHANGED to com.android.launcher3.uioverrides.QuickstepLauncher
04-12 13:04:54.439 D/CompatibilityChangeReporter( 1152): Compat change id reported: 135634846; UID 10068; state: DISABLED
04-12 13:04:54.439 D/CompatibilityChangeReporter( 1152): Compat change id reported: 177438394; UID 10068; state: DISABLED
04-12 13:04:54.440 D/CompatibilityChangeReporter( 1152): Compat change id reported: 135772972; UID 10068; state: DISABLED
04-12 13:04:54.440 D/CompatibilityChangeReporter( 1152): Compat change id reported: 135754954; UID 10068; state: ENABLED
04-12 13:04:54.440 D/CompatibilityChangeReporter( 1152): Compat change id reported: 143937733; UID 10068; state: ENABLED
04-12 13:04:54.463 I/PowerManagerService( 1152): Powering on display group fromDreaming (groupId=0, uid=1000, reason=WAKE_REASON_UNKNOWN, details=android.server.power:DREAM_FINISHED)...
04-12 13:04:54.464 I/PowerManagerService( 1152): Waking up from Dreaming (uid=1000, reason=WAKE_REASON_UNKNOWN, details=android.server.power:DREAM_FINISHED)...
04-12 13:04:54.470 I/ActivityManager( 1152): Start proc 6100:com.thundercomm.gamemode.provider/u0a68 for content provider {com.thundercomm.gamemode.provider/com.thundercomm.gamemode.provider.SettingsProvider}
04-12 13:04:54.488 W/FreeFormWindowHelper( 1152): Current Display FreeFormTask is null
01-01 09:13:32.742 I/binder ( 0): 6100:6100 ioctl 40046210 7ffe7f3634 returned -22
04-12 13:04:54.525 D/CompatibilityChangeReporter( 1152): Compat change id reported: 168419799; UID 10068; state: DISABLED
01-01 09:13:32.772 E/[kworke][0x13b9e80162][13:04:54.537709] wlan( 0): [5561:E:WMA] Rx unprotected unicast mgmt frame
01-01 09:13:32.782 E/[schedu][0x13b9eaf9db][13:04:54.547850] wlan( 0): [2281:E:PE] lim_drop_unprotected_action_frame: 1614: Dropping unprotected Action category: 3 frame since RMF is enabled
04-12 13:04:54.704 I/DreamManagerService( 1152): Leaving dreamland.
04-12 13:04:54.707 I/DreamManagerService( 1152): Performing gentle wake from dream.
04-12 13:04:54.708 I/DreamController( 1152): Stopping dream: name=ComponentInfo{com.thundercomm.screensaver/com.thundercomm.screensaver.service.SystemDream}, isTest=false, canDoze=false, userId=0, reason='finished self'(from 'finished self')
04-12 13:04:54.719 W/ActivityTaskManager( 1152): Can't find TaskDisplayArea to determine support for multi window. Task id=31 attached=false
04-12 13:05:05.423 I/DropBoxManagerService( 1152): add tag=system_app_strictmode isTagEnabled=true flags=0x2
04-12 13:05:05.424 I/thunderperf( 1152): PlatormCompat.setOverrides: Uid1=10083 Pid1=2715 Uid2=10083 Pid2=2715
04-12 13:05:05.425 I/thunderperf( 1152): PlatormCompat.setOverrides: needCheck:false
04-12 13:05:05.425 I/thunderperf( 1152): CompatConfig.addOverrideUnsafe: bef-state=0
04-12 13:05:05.426 I/thunderperf( 1152): CompatConfig.addOverrideUnsafe: aft-state=0
04-12 13:05:05.427 I/thunderperf( 1152): CompatConfig.addOverrideUnsafe: bef-state=0
04-12 13:05:05.427 I/thunderperf( 1152): CompatConfig.addOverrideUnsafe: aft-state=0
04-12 13:05:05.429 I/thunderperf( 1152): CompatConfig.addOverrideUnsafe: bef-state=0
04-12 13:05:05.429 I/thunderperf( 1152): CompatConfig.addOverrideUnsafe: aft-state=0
04-12 13:05:05.431 I/thunderperf( 1152): CompatConfig.addOverrideUnsafe: bef-state=0
04-12 13:05:05.431 I/thunderperf( 1152): CompatConfig.addOverrideUnsafe: aft-state=0
04-12 13:05:05.432 I/thunderperf( 1152): CompatConfig.addOverrideUnsafe: bef-state=0
04-12 13:05:05.432 I/thunderperf( 1152): CompatConfig.addOverrideUnsafe: aft-state=0
04-12 13:05:05.433 I/thunderperf( 1152): CompatConfig.addOverrideUnsafe: bef-state=0
04-12 13:05:05.434 I/thunderperf( 1152): CompatConfig.addOverrideUnsafe: aft-state=0
04-12 13:05:05.435 I/thunderperf( 1152): CompatConfig.addOverrideUnsafe: bef-state=0
04-12 13:05:05.435 I/thunderperf( 1152): CompatConfig.addOverrideUnsafe: aft-state=0
04-12 13:05:05.436 I/thunderperf( 1152): CompatConfig.addOverrideUnsafe: bef-state=0
04-12 13:05:05.436 I/thunderperf( 1152): CompatConfig.addOverrideUnsafe: aft-state=0
04-12 13:05:05.437 I/thunderperf( 1152): CompatConfig.addOverrideUnsafe: bef-state=0
04-12 13:05:05.437 I/thunderperf( 1152): CompatConfig.addOverrideUnsafe: aft-state=0
04-12 13:05:05.439 I/thunderperf( 1152): CompatConfig.addOverrideUnsafe: bef-state=0
04-12 13:05:05.439 I/thunderperf( 1152): CompatConfig.addOverrideUnsafe: aft-state=0
04-12 13:05:05.440 I/thunderperf( 1152): CompatConfig.addOverrideUnsafe: bef-state=0
04-12 13:05:05.440 I/thunderperf( 1152): CompatConfig.addOverrideUnsafe: aft-state=0
04-12 13:05:05.442 I/thunderperf( 1152): CompatConfig.addOverrideUnsafe: bef-state=0
04-12 13:05:05.442 I/thunderperf( 1152): CompatConfig.addOverrideUnsafe: aft-state=0
04-12 13:05:05.443 I/thunderperf( 1152): CompatConfig.addOverrideUnsafe: bef-state=0
04-12 13:05:05.443 I/thunderperf( 1152): CompatConfig.addOverrideUnsafe: aft-state=0
04-12 13:05:05.444 I/thunderperf( 1152): CompatConfig.addOverrideUnsafe: bef-state=0
04-12 13:05:05.444 I/thunderperf( 1152): CompatConfig.addOverrideUnsafe: aft-state=0
04-12 13:05:05.456 I/ActivityTaskManager( 1152): START u0 {act=android.intent.action.MAIN cat=[android.intent.category.LAUNCHER] flg=0x10200000 cmp=com.android.settings/.Settings bnds=[2128,710][2314,910]} from uid 10083
04-12 13:05:05.467 W/ActivityTaskManager( 1152): Can't find TaskDisplayArea to determine support for multi window. Task id=32 attached=false
04-12 13:05:05.469 D/CompatibilityChangeReporter( 1152): Compat change id reported: 174042980; UID 1000; state: DISABLED
04-12 13:05:05.472 D/CompatibilityChangeReporter( 1152): Compat change id reported: 168419799; UID 1000; state: DISABLED
04-12 13:05:05.473 D/PhoneStartingWindowTypeAlgorithm( 2002): preferredStartingWindowType newTask:true taskSwitch:true processRunning:false allowTaskSnapshot:true activityCreated:false useEmptySplashScreen:false legacySplashScreen:false topIsHome:false
04-12 13:05:05.473 D/StartingSurfaceDrawer( 2002): addSplashScreen com.android.settings theme=7f140479 task=32 suggestType=1
04-12 13:05:05.476 W/FreeFormWindowHelper( 1152): Current Display FreeFormTask is null
04-12 13:05:05.477 D/StartingSurfaceDrawer( 2002): window attributes color: 0 icon null duration 0 brandImage null
04-12 13:05:05.478 W/StartingSurfaceDrawer( 2002): Window background is transparent, fill background with black color
04-12 13:05:05.479 D/StartingSurfaceDrawer( 2002): quantize: this is pure transparent image
04-12 13:05:05.479 I/ActivityTaskManager( 1152): FOREGROUND_APPLICATION_CHANGED to com.android.settings.homepage.SettingsHomepageActivity
04-12 13:05:05.483 D/StartingSurfaceDrawer( 2002): FgMainColor=ff000000 BgMainColor=0 IsBgComplex=false FromCache=false ThemeColor=ff141721
04-12 13:05:05.483 D/StartingSurfaceDrawer( 2002): isRgbSimilarInHsv a: ff141721 b 0 contrast ratio: 1.1742641
04-12 13:05:05.483 D/StartingSurfaceDrawer( 2002): makeSplashScreenContentView: choose fg icon
04-12 13:05:05.485 D/StartingSurfaceDrawer( 2002): fillViewWithIcon surfaceWindowView android.window.SplashScreenView{833c7b V.E...... ......ID 0,0-0,0}
04-12 13:05:05.491 D/CompatibilityChangeReporter( 1152): Compat change id reported: 135634846; UID 1000; state: DISABLED
04-12 13:05:05.491 D/CompatibilityChangeReporter( 1152): Compat change id reported: 177438394; UID 1000; state: DISABLED
04-12 13:05:05.491 D/CompatibilityChangeReporter( 1152): Compat change id reported: 135772972; UID 1000; state: DISABLED
04-12 13:05:05.491 D/CompatibilityChangeReporter( 1152): Compat change id reported: 135754954; UID 1000; state: ENABLED
04-12 13:05:05.521 W/ContextImpl( 1152): Calling a method in the system process without a qualified user: android.app.ContextImpl.sendBroadcast:1173 com.qualcomm.qti.Performance$SendGameLaunchBroadcast.run:217 java.lang.Thread.run:920
04-12 13:05:05.521 I/ActivityManager( 1152): Start proc 6189:com.android.settings/1000 for pre-top-activity {com.android.settings/com.android.settings.Settings}
04-12 13:05:05.582 W/FreeFormWindowHelper( 1152): Current Display FreeFormTask is null
01-01 09:13:43.820 I/perfetto( 0): enabled ftrace
01-01 09:13:43.847 I/binder ( 0): 6189:6189 ioctl 40046210 7ffe7f3634 returned -22
04-12 13:05:05.627 D/CompatibilityChangeReporter( 1152): Compat change id reported: 181136395; UID 1000; state: DISABLED
04-12 13:05:05.627 D/CompatibilityChangeReporter( 1152): Compat change id reported: 174042936; UID 1000; state: DISABLED
04-12 13:05:05.867 D/CompatibilityChangeReporter( 1152): Compat change id reported: 135634846; UID 10086; state: DISABLED
04-12 13:05:05.867 D/CompatibilityChangeReporter( 1152): Compat change id reported: 177438394; UID 10086; state: DISABLED
04-12 13:05:05.867 D/CompatibilityChangeReporter( 1152): Compat change id reported: 135772972; UID 10086; state: DISABLED
04-12 13:05:05.867 D/CompatibilityChangeReporter( 1152): Compat change id reported: 135754954; UID 10086; state: ENABLED
04-12 13:05:05.867 D/CompatibilityChangeReporter( 1152): Compat change id reported: 143937733; UID 10086; state: ENABLED
04-12 13:05:05.880 E/UserRestrictionsUtils( 1152): Unknown restriction queried by uid 1000 (com.thundercomm.debugtools et al): null
04-12 13:05:05.881 E/UserRestrictionsUtils( 1152): Unknown restriction queried by uid 1000 (com.thundercomm.debugtools et al): null
04-12 13:05:05.881 E/UserRestrictionsUtils( 1152): Unknown restriction queried by uid 1000 (com.thundercomm.debugtools et al): null
04-12 13:05:05.881 E/UserRestrictionsUtils( 1152): Unknown restriction queried by uid 1000 (com.thundercomm.debugtools et al): null
04-12 13:05:05.882 E/UserRestrictionsUtils( 1152): Unknown restriction queried by uid 1000 (com.thundercomm.debugtools et al): null
04-12 13:05:05.882 E/UserRestrictionsUtils( 1152): Unknown restriction queried by uid 1000 (com.thundercomm.debugtools et al): null
04-12 13:05:05.882 E/UserRestrictionsUtils( 1152): Unknown restriction queried by uid 1000 (com.thundercomm.debugtools et al): null
04-12 13:05:05.883 E/UserRestrictionsUtils( 1152): Unknown restriction queried by uid 1000 (com.thundercomm.debugtools et al): null
04-12 13:05:05.883 E/UserRestrictionsUtils( 1152): Unknown restriction queried by uid 1000 (com.thundercomm.debugtools et al): null
04-12 13:05:05.883 E/UserRestrictionsUtils( 1152): Unknown restriction queried by uid 1000 (com.thundercomm.debugtools et al): null
04-12 13:05:05.883 E/UserRestrictionsUtils( 1152): Unknown restriction queried by uid 1000 (com.thundercomm.debugtools et al): null
04-12 13:05:05.884 E/UserRestrictionsUtils( 1152): Unknown restriction queried by uid 1000 (com.thundercomm.debugtools et al): null
04-12 13:05:05.884 E/UserRestrictionsUtils( 1152): Unknown restriction queried by uid 1000 (com.thundercomm.debugtools et al): null
04-12 13:05:05.884 E/UserRestrictionsUtils( 1152): Unknown restriction queried by uid 1000 (com.thundercomm.debugtools et al): null
04-12 13:05:05.884 E/UserRestrictionsUtils( 1152): Unknown restriction queried by uid 1000 (com.thundercomm.debugtools et al): null
04-12 13:05:05.885 E/UserRestrictionsUtils( 1152): Unknown restriction queried by uid 1000 (com.thundercomm.debugtools et al): null
04-12 13:05:05.885 E/UserRestrictionsUtils( 1152): Unknown restriction queried by uid 1000 (com.thundercomm.debugtools et al): null
04-12 13:05:05.885 E/UserRestrictionsUtils( 1152): Unknown restriction queried by uid 1000 (com.thundercomm.debugtools et al): null
04-12 13:05:05.894 I/ActivityManager( 1152): Start proc 6215:com.qualcomm.qti.qccauthmgr/u0a86 for content provider {com.qualcomm.qti.qccauthmgr/com.qualcomm.qti.qccauthmgr.providers.SMQContentProvider}
01-01 09:13:44.166 I/binder ( 0): 6215:6215 ioctl 40046210 7ffe7f3634 returned -22
04-12 13:05:05.944 W/BatteryExternalStatsWorker( 1152): error reading modem stats:ERROR_PHONE_NOT_AVAILABLE
04-12 13:05:05.981 E/KernelCpuSpeedReader( 1152): Failed to read cpu-freq: /sys/devices/system/cpu/cpu4/cpufreq/stats/time_in_state: open failed: ENOENT (No such file or directory)
04-12 13:05:05.981 E/KernelCpuSpeedReader( 1152): Failed to read cpu-freq: /sys/devices/system/cpu/cpu0/cpufreq/stats/time_in_state: open failed: ENOENT (No such file or directory)
01-01 09:13:44.224 W/audit ( 0): audit_lost=796 audit_rate_limit=5 audit_backlog_limit=64
01-01 09:13:44.247 E/audit ( 0): rate limit exceeded
01-01 09:13:44.257 I/binder ( 0): 6189:6208 ioctl 40046210 6d8ad171f4 returned -22
04-12 13:05:06.103 W/BatteryExternalStatsWorker( 1152): error reading modem stats:ERROR_PHONE_NOT_AVAILABLE
04-12 13:05:06.107 E/KernelCpuSpeedReader( 1152): Failed to read cpu-freq: /sys/devices/system/cpu/cpu4/cpufreq/stats/time_in_state: open failed: ENOENT (No such file or directory)
04-12 13:05:06.107 E/KernelCpuSpeedReader( 1152): Failed to read cpu-freq: /sys/devices/system/cpu/cpu0/cpufreq/stats/time_in_state: open failed: ENOENT (No such file or directory)
04-12 13:05:06.113 D/StartingSurfaceDrawer( 2002): Task start finish, remove starting surface for task 32
04-12 13:05:06.113 V/StartingSurfaceDrawer( 2002): Removing splash screen window for task: 32
04-12 13:05:06.135 E/UserRestrictionsUtils( 1152): Unknown restriction queried by uid 1000 (com.thundercomm.debugtools et al): null
01-01 09:13:44.507 I/[schedu][0x13c755f9f0][13:05:06.272650] wlan( 0): [2281:I:OSIF] scan start scan id 40962
04-12 13:05:07.402 I/ActivityTaskManager( 1152): moveTaskToBack: Task{eaf030d #32 type=standard A=1000:com.android.settings.root U=0 visible=true mode=fullscreen translucent=false sz=1}
04-12 13:05:07.406 I/ActivityTaskManager( 1152): FOREGROUND_APPLICATION_CHANGED to com.android.launcher3.uioverrides.QuickstepLauncher
04-12 13:05:07.411 D/AutofillManagerService( 1152): onBackKeyPressed()
04-12 13:05:07.411 D/AutofillManagerServiceImpl( 1152): Reset component for user 0:
04-12 13:05:07.411 D/AutofillUI( 1152): destroySaveUiUiThread(): already destroyed
04-12 13:05:07.511 W/FreeFormWindowHelper( 1152): Current Display FreeFormTask is null
01-01 09:13:46.386 I/[schedu][0x13c97c5053][13:05:08.151139] wlan( 0): [2281:I:OSIF] vdev 0, scan id 40962 type COMPLETED(1) reason COMPLETED(1) scan found 37 bss
01-01 09:13:48.434 E/[kworke][0x13cbd449f4][13:05:10.199054] wlan( 0): [5547:E:WMA] Rx unprotected unicast mgmt frame
01-01 09:13:48.447 E/[schedu][0x13cbd81c48][13:05:10.212096] wlan( 0): [2281:E:PE] lim_drop_unprotected_action_frame: 1614: Dropping unprotected Action category: 3 frame since RMF is enabled
01-01 09:13:48.749 I/perfetto( 0): disabled ftrace
04-12 13:05:10.563 I/iorapd ( 1230): Perfetto TraceBuffer saved to file: /data/misc/iorapd/com.android.settings/31/com.android.settings.Settings/raw_traces/1681275910558897068.perfetto_trace.pb
01-01 09:14:23.317 E/[kworke][0x13f3c0208a][13:05:45.082767] wlan( 0): [5642:E:WMA] Rx unprotected unicast mgmt frame
01-01 09:14:23.328 E/[schedu][0x13f3c326e7][13:05:45.093092] wlan( 0): [2281:E:PE] lim_drop_unprotected_action_frame: 1614: Dropping unprotected Action category: 3 frame since RMF is enabled
01-01 09:15:32.125 I/[schedu][0x14427ea17f][13:06:53.890461] wlan( 0): [2281:I:WMA] [13:06:53.215000] [ROAM_TRIGGER]: VDEV[0] Reason: "DENSE ENVIRONMENT"
01-01 09:15:32.139 I/[schedu][0x144282b325][13:06:53.904350] wlan( 0): [2281:I:WMA] [13:06:53.215000] [ROAM_SCAN]: VDEV[0] Scan_type: PARTIAL {2412 2437 5200 5280 5320 5825 }
01-01 09:15:32.154 I/[schedu][0x1442872906][13:06:53.919573] wlan( 0): [2281:I:WMA] ============================================================================================================================
01-01 09:15:32.172 I/[schedu][0x14428c75d1][13:06:53.937664] wlan( 0): [2281:I:WMA] AP BSSID TSTAMP CH TY ETP RSSI/SCR CU%/SCR TOT_SCR BL_RSN BL_SRC BL_TSTAMP BL_TIMEOUT(ms)
01-01 09:15:32.190 I/[schedu][0x144291c18c][13:06:53.955740] wlan( 0): [2281:I:WMA] ============================================================================================================================
01-01 09:15:32.209 I/[schedu][0x144297559d][13:06:53.974780] wlan( 0): [2281:I:WMA] 98:f1:81:80:45:61 [13:06:53.215000] 5280 P_AP 0 63/0 0/0 4642 0 0 [00:00:00.000000] 0
01-01 09:15:32.227 I/[schedu][0x14429c9028][13:06:53.992626] wlan( 0): [2281:I:WMA] 98:f1:81:80:45:71 [13:06:53.476000] 5825 C_AP 38 69/0 50/0 4086 0 0 [00:00:00.000000] 0
01-01 09:15:32.245 I/[schedu][0x1442a1ae17][13:06:54.010092] wlan( 0): [2281:I:WMA] 98:f1:81:81:83:11 [13:06:53.475000] 5825 C_AP 38 71/0 50/0 2332 0 0 [00:00:00.000000] 0
01-01 09:15:32.263 I/[schedu][0x1442a706df][13:06:54.028348] wlan( 0): [2281:I:WMA] 98:f1:81:81:79:b1 [13:06:53.491000] 5825 C_AP 38 75/0 50/0 1407 0 0 [00:00:00.000000] 0
01-01 09:15:32.280 I/[schedu][0x1442ac29f7][13:06:54.045877] wlan( 0): [2281:I:WMA] 98:f1:81:81:79:c0 [13:06:53.253000] 2412 C_AP 23 85/0 50/0 1005 0 0 [00:00:00.000000] 0
01-01 09:15:32.298 I/[schedu][0x1442b1445c][13:06:54.063295] wlan( 0): [2281:I:WMA] 98:f1:81:81:83:20 [13:06:53.263000] 2412 C_AP 13 90/0 50/0 1005 0 0 [00:00:00.000000] 0
01-01 09:15:32.315 I/[schedu][0x1442b65ec8][13:06:54.080714] wlan( 0): [2281:I:WMA] 98:f1:81:81:6f:e1 [13:06:53.604000] 5280 C_AP 134 82/0 50/0 860 0 0 [00:00:00.000000] 0
01-01 09:15:32.333 I/[schedu][0x1442bb785a][13:06:54.098122] wlan( 0): [2281:I:WMA] 98:f1:81:81:6e:c1 [13:06:53.839000] 5320 C_AP 86 87/0 50/0 860 0 0 [00:00:00.000000] 0
01-01 09:15:32.350 I/[schedu][0x1442c09334][13:06:54.115547] wlan( 0): [2281:I:WMA] [13:06:53.856000] [ROAM_RESULT]: VDEV[0] FAILED Reason: NO CANDIDATE FOUND
01-01 09:15:52.744 E/[kworke][0x145a173a1b][13:07:14.509027] wlan( 0): [5642:E:WMA] Rx unprotected unicast mgmt frame
01-01 09:15:52.754 E/[schedu][0x145a1a41ab][13:07:14.519368] wlan( 0): [2281:E:PE] lim_drop_unprotected_action_frame: 1614: Dropping unprotected Action category: 3 frame since RMF is enabled
01-01 09:16:06.694 D/cnss ( 0): Host time = 4566597420 us, device time = 4514977580 us, offset = 51619840 us
01-01 09:16:06.704 D/cnss ( 0): Updated time sync regs [0x984] = 0x313a800, [0x988] = 0x0
01-01 09:16:09.537 I/[dp_rx_][0x146d4f2c42][13:07:31.302445] wlan( 0): [2483:I:QDF] DHCP-R RX: SA:cc:15:31:9c:18:87 DA:ff:ff:ff:ff:ff:ff
01-01 09:16:34.013 I/[dp_rx_][0x148951badf][13:07:55.777947] wlan( 0): [2483:I:QDF] DHCP-R RX: SA:cc:15:31:9c:18:87 DA:ff:ff:ff:ff:ff:ff
04-12 13:08:04.942 V/DisplayPowerController[0]( 1152): Brightness [0.05] reason changing to: 'manual [ dim ]', previous reason: 'manual'.
04-12 13:08:04.944 W/PowerManagerService( 1152): Screen on took 190480 ms
04-12 13:08:04.946 E/DisplayDeviceConfig( 1152): requesting nits when no mapping exists.
04-12 13:08:04.947 E/DisplayDeviceConfig( 1152): requesting nits when no mapping exists.
04-12 13:08:04.951 I/DropBoxManagerService( 1152): add tag=system_server_wtf isTagEnabled=true flags=0x2
04-12 13:08:04.956 I/DropBoxManagerService( 1152): add tag=system_server_wtf isTagEnabled=true flags=0x2
04-12 13:08:04.962 E/DisplayDeviceConfig( 1152): requesting nits when no mapping exists.
04-12 13:08:04.962 E/DisplayDeviceConfig( 1152): requesting nits when no mapping exists.
04-12 13:08:04.964 I/DropBoxManagerService( 1152): add tag=system_server_wtf isTagEnabled=true flags=0x2
04-12 13:08:04.968 I/DropBoxManagerService( 1152): add tag=system_server_wtf isTagEnabled=true flags=0x2
04-12 13:08:04.979 E/DisplayDeviceConfig( 1152): requesting nits when no mapping exists.
04-12 13:08:04.979 E/DisplayDeviceConfig( 1152): requesting nits when no mapping exists.
04-12 13:08:04.981 I/DropBoxManagerService( 1152): add tag=system_server_wtf isTagEnabled=true flags=0x2
04-12 13:08:04.985 E/DisplayDeviceConfig( 1152): requesting nits when no mapping exists.
04-12 13:08:04.985 E/DisplayDeviceConfig( 1152): requesting nits when no mapping exists.
04-12 13:08:05.002 E/DisplayDeviceConfig( 1152): requesting nits when no mapping exists.
04-12 13:08:05.003 E/DisplayDeviceConfig( 1152): requesting nits when no mapping exists.
04-12 13:08:05.019 E/DisplayDeviceConfig( 1152): requesting nits when no mapping exists.
04-12 13:08:05.019 E/DisplayDeviceConfig( 1152): requesting nits when no mapping exists.
04-12 13:08:05.035 E/DisplayDeviceConfig( 1152): requesting nits when no mapping exists.
04-12 13:08:05.036 E/DisplayDeviceConfig( 1152): requesting nits when no mapping exists.
04-12 13:08:05.052 E/DisplayDeviceConfig( 1152): requesting nits when no mapping exists.
04-12 13:08:05.052 E/DisplayDeviceConfig( 1152): requesting nits when no mapping exists.
