01-01 08:00:45.812 I/PackageParsing( 1152): Parse times for '/system/priv-app/com.microsoft.emmx_134305015': parse=193ms, update_cache=2 ms
01-01 08:00:45.804 E/kona-asoc-snd soc( 0): qcom,msm-audio-apr:qcom,q6core-audio:sound: ASoC: Failed to add route DMIC4_OUTPUT -> direct -> TX SWR_DMIC3
01-01 08:00:45.818 E/kona-asoc-snd soc( 0): qcom,msm-audio-apr:qcom,q6core-audio:sound: ASoC: no source widget found for DMIC5_OUTPUT
01-01 08:00:45.829 E/kona-asoc-snd soc( 0): qcom,msm-audio-apr:qcom,q6core-audio:sound: ASoC: Failed to add route DMIC5_OUTPUT -> direct -> TX SWR_DMIC4
01-01 08:00:45.854 D/CompatibilityChangeReporter( 1152): Compat change id reported: 150232615; UID -1; state: DISABLED
01-01 08:00:45.843 E/kona-asoc-snd soc( 0): qcom,msm-audio-apr:qcom,q6core-audio:sound: ASoC: no source widget found for DMIC6_OUTPUT
01-01 08:00:45.854 E/kona-asoc-snd soc( 0): qcom,msm-audio-apr:qcom,q6core-audio:sound: ASoC: Failed to add route DMIC6_OUTPUT -> direct -> TX SWR_DMIC5
01-01 08:00:45.861 D/cnss ( 0): Received QMI WLFW pin connect result indication
01-01 08:00:45.861 D/cnss ( 0): Removing vote for Regulator vdd-wlan-rfa2
01-01 08:00:45.861 D/cnss ( 0): Removing vote for Regulator vdd-wlan-rfa1
01-01 08:00:45.861 D/cnss ( 0): Removing vote for Regulator vdd-wlan-dig
01-01 08:00:45.861 D/cnss ( 0): Removing vote for Regulator vdd-wlan-aon
01-01 08:00:45.861 D/cnss ( 0): Removing vote for Regulator vdd-wlan-io
01-01 08:00:45.861 D/cnss ( 0): PM relax, state: 0xf, count: 0
01-01 08:00:45.861 D/cnss ( 0): PM stay awake, state: 0xf, count: 1
01-01 08:00:45.861 D/cnss ( 0): PM relax, state: 0xf, count: 0
01-01 08:00:45.866 W/PackageParsing( 1152): No actions in intent-filter at /system/priv-app/baidu_ime-mainLine-release/baidu_ime-mainLine-release.apk Binary XML file line #1529
01-01 08:00:45.868 E/kona-asoc-snd soc( 0): qcom,msm-audio-apr:qcom,q6core-audio:sound: ASoC: no source widget found for DMIC7_OUTPUT
01-01 08:00:45.877 D/cnss ( 0): Pin connect Result: pwr_pin: 0x1 phy_io_pin: 0x0 rf_io_pin: 0x0
01-01 08:00:45.879 E/kona-asoc-snd soc( 0): qcom,msm-audio-apr:qcom,q6core-audio:sound: ASoC: Failed to add route DMIC7_OUTPUT -> direct -> TX SWR_DMIC6
01-01 08:00:45.885 W/QSEECOM ( 0): __qseecom_unload_app: App (6) is unloaded
01-01 08:00:45.893 E/kona-asoc-snd soc( 0): qcom,msm-audio-apr:qcom,q6core-audio:sound: ASoC: no source widget found for DMIC8_OUTPUT
01-01 08:00:45.901 I/PackageParsing( 1152): Parse times for '/system/priv-app/baidu_ime-mainLine-release': parse=134ms, update_cache=20 ms
01-01 08:00:45.902 D/CompatibilityChangeReporter( 1152): Compat change id reported: 168782947; UID -1; state: DISABLED
01-01 08:00:45.895 D/qbt ( 0): qbt_release: entry minor_no=0 fd_available=0
01-01 08:00:45.904 E/kona-asoc-snd soc( 0): qcom,msm-audio-apr:qcom,q6core-audio:sound: ASoC: Failed to add route DMIC8_OUTPUT -> direct -> TX SWR_DMIC7
01-01 08:00:45.905 E/kona-asoc-snd soc( 0): qcom,msm-audio-apr:qcom,q6core-audio:sound: ASoC: no sink widget found for SpkrLeft IN
01-01 08:00:45.917 D/qbt ( 0): qbt_release: Releasing wakelock
01-01 08:00:45.917 D/qbt ( 0): qbt_release: exit : fd_available=1
01-01 08:00:45.917 D/qbt ( 0): qbt_release: entry minor_no=1 fd_available=1
01-01 08:00:45.917 D/qbt ( 0): qbt_release: exit : fd_available=1
01-01 08:00:45.928 E/kona-asoc-snd soc( 0): qcom,msm-audio-apr:qcom,q6core-audio:sound: ASoC: Failed to add route WSA_SPK1 OUT -> direct -> SpkrLeft IN
01-01 08:00:45.942 E/kona-asoc-snd soc( 0): qcom,msm-audio-apr:qcom,q6core-audio:sound: ASoC: no sink widget found for SpkrRight IN
01-01 08:00:45.953 E/kona-asoc-snd soc( 0): qcom,msm-audio-apr:qcom,q6core-audio:sound: ASoC: Failed to add route WSA_SPK2 OUT -> direct -> SpkrRight IN
01-01 08:00:45.967 E/kona-asoc-snd soc( 0): qcom,msm-audio-apr:qcom,q6core-audio:sound: ASoC: no sink widget found for VA MIC BIAS3
01-01 08:00:45.978 E/kona-asoc-snd soc( 0): qcom,msm-audio-apr:qcom,q6core-audio:sound: ASoC: Failed to add route Digital Mic0 -> direct -> VA MIC BIAS3
01-01 08:00:45.991 E/kona-asoc-snd soc( 0): qcom,msm-audio-apr:qcom,q6core-audio:sound: ASoC: no sink widget found for VA MIC BIAS3
01-01 08:00:46.003 E/kona-asoc-snd soc( 0): qcom,msm-audio-apr:qcom,q6core-audio:sound: ASoC: Failed to add route Digital Mic1 -> direct -> VA MIC BIAS3
01-01 08:00:46.017 E/kona-asoc-snd soc( 0): qcom,msm-audio-apr:qcom,q6core-audio:sound: ASoC: no sink widget found for VA MIC BIAS4
01-01 08:00:46.024 W/PackageParsing( 1152): No actions in intent-filter at /system/app/Bluetooth/Bluetooth.apk Binary XML file line #186
01-01 08:00:46.024 W/PackageParsing( 1152): No actions in intent-filter at /system/app/Bluetooth/Bluetooth.apk Binary XML file line #210
01-01 08:00:46.024 W/PackageParsing( 1152): No actions in intent-filter at /system/app/Bluetooth/Bluetooth.apk Binary XML file line #284
01-01 08:00:46.028 E/kona-asoc-snd soc( 0): qcom,msm-audio-apr:qcom,q6core-audio:sound: ASoC: Failed to add route Digital Mic4 -> direct -> VA MIC BIAS4
01-01 08:00:46.041 E/kona-asoc-snd soc( 0): qcom,msm-audio-apr:qcom,q6core-audio:sound: ASoC: no sink widget found for VA MIC BIAS4
01-01 08:00:46.053 E/kona-asoc-snd soc( 0): qcom,msm-audio-apr:qcom,q6core-audio:sound: ASoC: Failed to add route Digital Mic5 -> direct -> VA MIC BIAS4
01-01 08:00:46.083 W/PackageManager( 1152): Failed to parse /vendor/app/CneApp: Missing base APK in /vendor/app/CneApp/lib/arm64
01-01 08:00:46.066 E/kona-asoc-snd soc( 0): qcom,msm-audio-apr:qcom,q6core-audio:sound: ASoC: no source widget found for VA MIC BIAS3
01-01 08:00:46.077 E/kona-asoc-snd soc( 0): qcom,msm-audio-apr:qcom,q6core-audio:sound: ASoC: Failed to add route VA MIC BIAS3 -> direct -> VA DMIC0
01-01 08:00:46.090 E/kona-asoc-snd soc( 0): qcom,msm-audio-apr:qcom,q6core-audio:sound: ASoC: no source widget found for VA MIC BIAS3
01-01 08:00:46.102 E/kona-asoc-snd soc( 0): qcom,msm-audio-apr:qcom,q6core-audio:sound: ASoC: Failed to add route VA MIC BIAS3 -> direct -> VA DMIC1
01-01 08:00:46.115 E/kona-asoc-snd soc( 0): qcom,msm-audio-apr:qcom,q6core-audio:sound: ASoC: no source widget found for VA MIC BIAS4
01-01 08:00:46.126 E/kona-asoc-snd soc( 0): qcom,msm-audio-apr:qcom,q6core-audio:sound: ASoC: Failed to add route VA MIC BIAS4 -> direct -> VA DMIC4
01-01 08:00:46.139 E/kona-asoc-snd soc( 0): qcom,msm-audio-apr:qcom,q6core-audio:sound: ASoC: no source widget found for VA MIC BIAS4
01-01 08:00:46.151 E/kona-asoc-snd soc( 0): qcom,msm-audio-apr:qcom,q6core-audio:sound: ASoC: Failed to add route VA MIC BIAS4 -> direct -> VA DMIC5
01-01 08:00:46.165 E/kona-asoc-snd soc( 0): qcom,msm-audio-apr:qcom,q6core-audio:sound: ASoC: no source widget found for ADC1_OUTPUT
01-01 08:00:46.176 E/kona-asoc-snd soc( 0): qcom,msm-audio-apr:qcom,q6core-audio:sound: ASoC: Failed to add route ADC1_OUTPUT -> direct -> VA SWR_ADC0
01-01 08:00:46.189 E/kona-asoc-snd soc( 0): qcom,msm-audio-apr:qcom,q6core-audio:sound: ASoC: no source widget found for ADC2_OUTPUT
01-01 08:00:46.201 E/kona-asoc-snd soc( 0): qcom,msm-audio-apr:qcom,q6core-audio:sound: ASoC: Failed to add route ADC2_OUTPUT -> direct -> VA SWR_ADC1
01-01 08:00:46.214 E/kona-asoc-snd soc( 0): qcom,msm-audio-apr:qcom,q6core-audio:sound: ASoC: no source widget found for ADC3_OUTPUT
01-01 08:00:46.225 E/kona-asoc-snd soc( 0): qcom,msm-audio-apr:qcom,q6core-audio:sound: ASoC: Failed to add route ADC3_OUTPUT -> direct -> VA SWR_ADC2
01-01 08:00:46.238 E/kona-asoc-snd soc( 0): qcom,msm-audio-apr:qcom,q6core-audio:sound: ASoC: no source widget found for ADC4_OUTPUT
01-01 08:00:46.250 E/kona-asoc-snd soc( 0): qcom,msm-audio-apr:qcom,q6core-audio:sound: ASoC: Failed to add route ADC4_OUTPUT -> direct -> VA SWR_ADC3
01-01 08:00:46.263 E/kona-asoc-snd soc( 0): qcom,msm-audio-apr:qcom,q6core-audio:sound: ASoC: no source widget found for DMIC1_OUTPUT
01-01 08:00:46.274 E/kona-asoc-snd soc( 0): qcom,msm-audio-apr:qcom,q6core-audio:sound: ASoC: Failed to add route DMIC1_OUTPUT -> direct -> VA SWR_MIC0
01-01 08:00:46.288 E/kona-asoc-snd soc( 0): qcom,msm-audio-apr:qcom,q6core-audio:sound: ASoC: no source widget found for DMIC2_OUTPUT
01-01 08:00:46.299 E/kona-asoc-snd soc( 0): qcom,msm-audio-apr:qcom,q6core-audio:sound: ASoC: Failed to add route DMIC2_OUTPUT -> direct -> VA SWR_MIC1
01-01 08:00:46.313 E/kona-asoc-snd soc( 0): qcom,msm-audio-apr:qcom,q6core-audio:sound: ASoC: no source widget found for DMIC3_OUTPUT
01-01 08:00:46.324 E/kona-asoc-snd soc( 0): qcom,msm-audio-apr:qcom,q6core-audio:sound: ASoC: Failed to add route DMIC3_OUTPUT -> direct -> VA SWR_MIC2
01-01 08:00:46.337 E/kona-asoc-snd soc( 0): qcom,msm-audio-apr:qcom,q6core-audio:sound: ASoC: no source widget found for DMIC4_OUTPUT
01-01 08:00:46.349 E/kona-asoc-snd soc( 0): qcom,msm-audio-apr:qcom,q6core-audio:sound: ASoC: Failed to add route DMIC4_OUTPUT -> direct -> VA SWR_MIC3
01-01 08:00:46.362 E/kona-asoc-snd soc( 0): qcom,msm-audio-apr:qcom,q6core-audio:sound: ASoC: no source widget found for DMIC5_OUTPUT
01-01 08:00:46.373 E/kona-asoc-snd soc( 0): qcom,msm-audio-apr:qcom,q6core-audio:sound: ASoC: Failed to add route DMIC5_OUTPUT -> direct -> VA SWR_MIC4
01-01 08:00:46.383 E/MAIN_MGR( 0): hvdcp_opti Version: 3:0:0
01-01 08:00:46.387 E/kona-asoc-snd soc( 0): qcom,msm-audio-apr:qcom,q6core-audio:sound: ASoC: no source widget found for DMIC6_OUTPUT
01-01 08:00:46.390 W/PackageParsing( 1152): Ignoring duplicate uses-permissions/uses-permissions-sdk-m: android.permission.CONFIGURE_WIFI_DISPLAY in package: com.android.systemui at: Binary XML file line #160
01-01 08:00:46.389 I/ ( 0): ip (1660) used greatest stack depth: 9024 bytes left
01-01 08:00:46.402 E/kona-asoc-snd soc( 0): qcom,msm-audio-apr:qcom,q6core-audio:sound: ASoC: Failed to add route DMIC6_OUTPUT -> direct -> VA SWR_MIC5
01-01 08:00:46.402 E/MAIN_MGR( 0): set keepcaps failed!
01-01 08:00:46.403 E/CHG_POLICY_PATH( 0): Failed to get IIO path for MAIN_PSY
01-01 08:00:46.412 I/PackageParsing( 1152): Parse times for '/system_ext/priv-app/SystemUI': parse=195ms, update_cache=2 ms
01-01 08:00:46.416 E/kona-asoc-snd soc( 0): qcom,msm-audio-apr:qcom,q6core-audio:sound: ASoC: no source widget found for DMIC7_OUTPUT
01-01 08:00:46.426 E/kona-asoc-snd soc( 0): qcom,msm-audio-apr:qcom,q6core-audio:sound: ASoC: Failed to add route DMIC7_OUTPUT -> direct -> VA SWR_MIC6
01-01 08:00:46.450 E/kona-asoc-snd soc( 0): qcom,msm-audio-apr:qcom,q6core-audio:sound: ASoC: no source widget found for DMIC8_OUTPUT
01-01 08:00:46.461 E/kona-asoc-snd soc( 0): qcom,msm-audio-apr:qcom,q6core-audio:sound: ASoC: Failed to add route DMIC8_OUTPUT -> direct -> VA SWR_MIC7
01-01 08:00:46.474 W/kona-asoc-snd soc( 0): qcom,msm-audio-apr:qcom,q6core-audio:sound: ASoC: no DMI vendor name!
01-01 08:00:46.709 I/kona-asoc-snd soc( 0): qcom,msm-audio-apr:qcom,q6core-audio:sound: msm_asoc_machine_probe: Sound card kona-mtp-snd-card registered
01-01 08:00:46.724 E/ ( 0): [drm:dp_display_init_aux_switch][msm-dp-err][1056]failed to register notifier (-22)
01-01 08:00:46.735 E/register_client_adhoc( 0): find path.src 1 dest 589
01-01 08:00:46.736 E/register_client_adhoc( 0): Failed to find path.src 1 dest 589
01-01 08:00:46.744 E/swr-wcd wsa_swr_ctrl( 0): swrm_runtime_suspend: clk stop mode not supported or SSR entry
01-01 08:00:46.774 I/PackageParsing( 1152): Parse times for '/system_ext/priv-app/Settings': parse=524ms, update_cache=3 ms
01-01 08:00:46.775 I/PackageManager( 1152): /system_ext/priv-app/Settings changed; collecting certs
01-01 08:00:46.801 W/PackageParsing( 1152): No actions in intent-filter at /system_ext/app/SnapdragonMusic/SnapdragonMusic.apk Binary XML file line #83
01-01 08:00:46.801 W/PackageParsing( 1152): No actions in intent-filter at /system_ext/app/SnapdragonMusic/SnapdragonMusic.apk Binary XML file line #206
01-01 08:00:46.839 W/PackageParsing( 1152): Ignoring duplicate uses-permissions/uses-permissions-sdk-m: android.permission.INTERACT_ACROSS_USERS in package: com.thundercomm.microsettings at: Binary XML file line #13
01-01 08:00:46.839 W/PackageParsing( 1152): Ignoring duplicate uses-permissions/uses-permissions-sdk-m: android.permission.SET_TIME_ZONE in package: com.thundercomm.microsettings at: Binary XML file line #31
01-01 08:00:46.839 W/PackageParsing( 1152): Ignoring duplicate uses-permissions/uses-permissions-sdk-m: android.permission.WRITE_EXTERNAL_STORAGE in package: com.thundercomm.microsettings at: Binary XML file line #37
01-01 08:00:46.921 W/PackageManager( 1152): Skipping provider name com.android.permissioncontroller (in package com.android.permissioncontroller): name already used by com.android.settings
01-01 08:00:46.922 W/PackageManager( 1152): Skipping provider name com.android.permissioncontroller.role (in package com.android.permissioncontroller): name already used by com.android.settings
01-01 08:00:46.965 I/PackageManager( 1152): Finished scanning system apps. Time: 1586 ms, packageCount: 142 , timePerPackage: 11 , cached: 0
01-01 08:00:46.966 I/PackageManager( 1152): Finished scanning non-system apps. Time: 0 ms, packageCount: 0 , timePerPackage: 0 , cached: 0
01-01 08:00:46.967 E/PackageManager( 1152): updateAllSharedLibrariesLPw failed: Package com.qualcomm.embms requires unavailable shared library com.qualcomm.qcrilhook; failing!
01-01 08:00:46.967 E/PackageManager( 1152): updateAllSharedLibrariesLPw failed: Package com.android.systemui requires unavailable shared library com.qti.extphone.extphonelib; failing!
01-01 08:00:46.967 E/PackageManager( 1152): updateAllSharedLibrariesLPw failed: Package com.android.settings requires unavailable shared library com.qti.extphone.extphonelib; failing!
01-01 08:00:46.967 E/PackageManager( 1152): updateAllSharedLibrariesLPw failed: Package com.qualcomm.qti.devicestatisticsservice requires unavailable shared library qti-telephony-hidl-wrapper-prd; failing!
01-01 08:00:46.968 E/PackageManager( 1152): updateAllSharedLibrariesLPw failed: Package com.qti.snapdragon.qdcm_ff requires unavailable shared library vendor.display.color.V1_0.IDisplayColor; failing!
01-01 08:00:46.968 E/PackageManager( 1152): updateAllSharedLibrariesLPw failed: Package com.qti.pasrservice requires unavailable shared library vendor.qti.power.pasrmanager.V1_0.IPasrManager; failing!
01-01 08:00:46.968 E/PackageManager( 1152): updateAllSharedLibrariesLPw failed: Package com.qualcomm.wfd.service requires unavailable shared library .WfdService; failing!
01-01 08:00:46.968 E/PackageManager( 1152): updateAllSharedLibrariesLPw failed: Package com.qualcomm.uimremoteserver requires unavailable shared library qti-telephony-hidl-wrapper-prd; failing!
01-01 08:00:46.968 E/PackageManager( 1152): updateAllSharedLibrariesLPw failed: Package com.qualcomm.uimremoteclient requires unavailable shared library qti-telephony-hidl-wrapper-prd; failing!
01-01 08:00:46.973 I/PackageManager( 1152): Time to scan packages: 1.594 seconds
01-01 08:00:46.974 I/PackageManager( 1152): Permission ownership changed. Updating all permissions.
01-01 08:00:46.986 V/PackageManager( 1152): reconcileAppsData for null u0 0x1 migrateAppData=true
01-01 08:00:46.990 E/swr-wcd rx_swr_ctrl( 0): swrm_get_logical_dev_num: device 0xd01170224 is not ready
01-01 08:00:46.999 E/swr_get_logical_dev_num( 0): Error -22 to get logical addr for device d01170224
01-01 08:00:47.011 E/swr-wcd rx_swr_ctrl( 0): swrm_get_logical_dev_num: device 0xd01170224 is not ready
01-01 08:00:47.020 E/swr_get_logical_dev_num( 0): Error -22 to get logical addr for device d01170224
01-01 08:00:47.030 E/swr-wcd rx_swr_ctrl( 0): swrm_get_logical_dev_num: device 0xd01170224 is not ready
01-01 08:00:47.034 E/diag ( 0): In diag_ioctl_set_buffering_mode, invalid peripheral = -22
01-01 08:00:47.039 E/swr_get_logical_dev_num( 0): Error -22 to get logical addr for device d01170224
01-01 08:00:47.057 E/swr-wcd rx_swr_ctrl( 0): swrm_get_logical_dev_num: device 0xd01170224 is not ready
01-01 08:00:47.066 E/swr_get_logical_dev_num( 0): Error -22 to get logical addr for device d01170224
01-01 08:00:47.076 E/swr-wcd rx_swr_ctrl( 0): swrm_get_logical_dev_num: device 0xd01170224 is not ready
01-01 08:00:47.085 E/swr_get_logical_dev_num( 0): Error -22 to get logical addr for device d01170224
01-01 08:00:47.093 E/wcd938x_codec wcd938x-codec( 0): wcd938x_bind: Slave bind failed, ret = -517
01-01 08:00:47.129 V/PackageManager( 1152): reconcileAppsData finished 27 packages
01-01 08:00:47.129 I/PackageManagerTiming( 1152): write settings
01-01 08:00:47.129 I/SystemServerTimingAsync( 1152): InitThreadPoolExec:prepareAppData
01-01 08:00:47.130 D/SystemServerInitThreadPool( 1152): Started executing prepareAppData
01-01 08:00:47.193 D/PackageManagerTiming( 1152): write settings took to complete: 63ms
01-01 08:00:47.193 W/PackageManager( 1152): Intent filter verifier not found
01-01 08:00:47.193 W/PackageManager( 1152): Domain verification agent not found
01-01 08:00:47.196 D/PackageManager( 1152): Ephemeral resolver NOT found; no matching intent filters
01-01 08:00:47.196 D/PackageManager( 1152): Instant App installer not found with android.intent.action.INSTALL_INSTANT_APP_PACKAGE
01-01 08:00:47.196 D/PackageManager( 1152): Clear ephemeral installer activity
01-01 08:00:47.204 I/PackageManagerTiming( 1152): GC
01-01 08:00:47.204 D/PackageManagerTiming( 1152): GC took to complete: 0ms
01-01 08:00:47.204 I/PackageManager( 1152): Fix for b/169414761 is applied
01-01 08:00:47.205 D/PackageManagerTiming( 1152): create package manager took to complete: 2521ms
01-01 08:00:47.223 V/UserManagerService( 1152): Checking that all system packages are whitelisted.
01-01 08:00:47.226 W/UserManagerService( 1152): checkWhitelistedSystemPackages(mode=ENFORCE|IMPLICIT_WHITELIST|IMPLICIT_WHITELIST_SYSTEM) has 68 warnings:
01-01 08:00:47.226 W/UserManagerService( 1152): com.android.internal.display.cutout.emulation.corner is allowlisted but not present.
01-01 08:00:47.226 W/UserManagerService( 1152): com.android.internal.display.cutout.emulation.double is allowlisted but not present.
01-01 08:00:47.226 W/UserManagerService( 1152): com.android.theme.color.amethyst is allowlisted but not present.
01-01 08:00:47.227 W/UserManagerService( 1152): com.android.theme.icon.pebble is allowlisted but not present.
01-01 08:00:47.227 W/UserManagerService( 1152): com.android.theme.color.sand is allowlisted but not present.
01-01 08:00:47.227 W/UserManagerService( 1152): com.android.theme.icon.vessel is allowlisted but not present.
01-01 08:00:47.227 W/UserManagerService( 1152): com.android.theme.color.cinnamon is allowlisted but not present.
01-01 08:00:47.227 W/UserManagerService( 1152): com.android.theme.icon_pack.victor.settings is allowlisted but not present.
01-01 08:00:47.227 W/UserManagerService( 1152): com.android.theme.icon_pack.rounded.systemui is allowlisted but not present.
01-01 08:00:47.227 W/UserManagerService( 1152): com.android.theme.icon.taperedrect is allowlisted but not present.
01-01 08:00:47.227 W/UserManagerService( 1152): com.android.theme.icon_pack.rounded.android is allowlisted but not present.
01-01 08:00:47.227 W/UserManagerService( 1152): com.qualcomm.qti.euiccresource is allowlisted but not present.
01-01 08:00:47.227 W/UserManagerService( 1152): com.qualcomm.qti.telephonyservice is allowlisted but not present.
01-01 08:00:47.227 W/UserManagerService( 1152): com.android.theme.icon_pack.victor.systemui is allowlisted but not present.
01-01 08:00:47.227 W/UserManagerService( 1152): com.android.theme.icon_pack.circular.themepicker is allowlisted but not present.
01-01 08:00:47.227 W/UserManagerService( 1152): com.android.theme.color.tangerine is allowlisted but not present.
01-01 08:00:47.227 W/UserManagerService( 1152): com.android.theme.color.aquamarine is allowlisted but not present.
01-01 08:00:47.227 W/UserManagerService( 1152): com.android.internal.display.cutout.emulation.hole is allowlisted but not present.
01-01 08:00:47.227 W/UserManagerService( 1152): com.android.internal.display.cutout.emulation.tall is allowlisted but not present.
01-01 08:00:47.227 W/UserManagerService( 1152): com.android.theme.color.black is allowlisted but not present.
01-01 08:00:47.227 W/UserManagerService( 1152): com.android.theme.color.green is allowlisted but not present.
01-01 08:00:47.227 W/UserManagerService( 1152): com.android.theme.color.ocean is allowlisted but not present.
01-01 08:00:47.227 W/UserManagerService( 1152): com.android.theme.color.space is allowlisted but not present.
01-01 08:00:47.227 W/UserManagerService( 1152): com.android.internal.systemui.navbar.threebutton is allowlisted but not present.
01-01 08:00:47.227 W/UserManagerService( 1152): com.qti.qualcomm.datastatusnotification is allowlisted but not present.
01-01 08:00:47.227 W/UserManagerService( 1152): com.qualcomm.qti.callfeaturessetting is allowlisted but not present.
01-01 08:00:47.227 W/UserManagerService( 1152): com.android.theme.icon_pack.rounded.launcher is allowlisted but not present.
01-01 08:00:47.228 W/UserManagerService( 1152): com.qti.qualcomm.deviceinfo is allowlisted but not present.
01-01 08:00:47.228 W/UserManagerService( 1152): com.android.theme.icon_pack.kai.settings is allowlisted but not present.
01-01 08:00:47.228 W/UserManagerService( 1152): com.android.internal.systemui.navbar.twobutton is allowlisted but not present.
01-01 08:00:47.228 W/UserManagerService( 1152): org.codeaurora.ims is allowlisted but not present.
01-01 08:00:47.228 W/UserManagerService( 1152): com.android.theme.icon_pack.sam.settings is allowlisted but not present.
01-01 08:00:47.228 W/UserManagerService( 1152): com.android.theme.icon_pack.kai.themepicker is allowlisted but not present.
01-01 08:00:47.228 W/UserManagerService( 1152): com.qualcomm.qcrilmsgtunnel is allowlisted but not present.
01-01 08:00:47.228 W/UserManagerService( 1152): com.android.theme.icon_pack.victor.launcher is allowlisted but not present.
01-01 08:00:47.228 W/UserManagerService( 1152): com.android.theme.icon_pack.filled.settings is allowlisted but not present.
01-01 08:00:47.228 W/UserManagerService( 1152): com.android.theme.icon_pack.kai.systemui is allowlisted but not present.
01-01 08:00:47.228 W/UserManagerService( 1152): com.android.theme.icon_pack.circular.settings is allowlisted but not present.
01-01 08:00:47.228 W/UserManagerService( 1152): com.qti.xdivert is allowlisted but not present.
01-01 08:00:47.228 W/UserManagerService( 1152): com.android.theme.icon_pack.sam.systemui is allowlisted but not present.
01-01 08:00:47.228 W/UserManagerService( 1152): com.android.theme.icon.teardrop is allowlisted but not present.
01-01 08:00:47.229 W/UserManagerService( 1152): com.android.theme.icon_pack.rounded.themepicker is allowlisted but not present.
01-01 08:00:47.229 W/UserManagerService( 1152): com.android.theme.icon_pack.filled.systemui is allowlisted but not present.
01-01 08:00:47.229 W/UserManagerService( 1152): com.qualcomm.qti.imsiprivacy.tests is allowlisted but not present.
01-01 08:00:47.229 W/UserManagerService( 1152): com.android.theme.icon_pack.sam.android is allowlisted but not present.
01-01 08:00:47.229 W/UserManagerService( 1152): com.android.theme.icon_pack.filled.android is allowlisted but not present.
01-01 08:00:47.229 W/UserManagerService( 1152): com.android.theme.icon_pack.circular.systemui is allowlisted but not present.
01-01 08:00:47.229 W/UserManagerService( 1152): com.android.theme.icon_pack.kai.android is allowlisted but not present.
01-01 08:00:47.229 W/UserManagerService( 1152): com.android.theme.icon_pack.kai.launcher is allowlisted but not present.
01-01 08:00:47.229 W/UserManagerService( 1152): com.qualcomm.qti.sam.service is allowlisted but not present.
01-01 08:00:47.229 W/UserManagerService( 1152): com.android.theme.icon_pack.sam.launcher is allowlisted but not present.
01-01 08:00:47.229 W/UserManagerService( 1152): com.android.theme.icon.squircle is allowlisted but not present.
01-01 08:00:47.229 W/UserManagerService( 1152): com.android.theme.icon_pack.victor.android is allowlisted but not present.
01-01 08:00:47.229 W/UserManagerService( 1152): com.android.theme.color.palette is allowlisted but not present.
01-01 08:00:47.229 W/UserManagerService( 1152): com.android.theme.icon_pack.filled.launcher is allowlisted but not present.
01-01 08:00:47.229 W/UserManagerService( 1152): com.android.theme.color.carbon is allowlisted but not present.
01-01 08:00:47.229 W/UserManagerService( 1152): com.android.theme.icon_pack.circular.launcher is allowlisted but not present.
01-01 08:00:47.229 W/UserManagerService( 1152): com.android.theme.icon_pack.filled.themepicker is allowlisted but not present.
01-01 08:00:47.230 W/UserManagerService( 1152): com.android.theme.icon_pack.victor.themepicker is allowlisted but not present.
01-01 08:00:47.230 W/UserManagerService( 1152): com.android.theme.color.orchid is allowlisted but not present.
01-01 08:00:47.230 W/UserManagerService( 1152): com.android.theme.color.purple is allowlisted but not present.
01-01 08:00:47.230 W/UserManagerService( 1152): com.qualcomm.qti.confdialer is allowlisted but not present.
01-01 08:00:47.230 W/UserManagerService( 1152): com.android.theme.icon_pack.sam.themepicker is allowlisted but not present.
01-01 08:00:47.230 W/UserManagerService( 1152): com.qualcomm.atfwd is allowlisted but not present.
01-01 08:00:47.230 W/UserManagerService( 1152): com.android.theme.icon.roundedrect is allowlisted but not present.
01-01 08:00:47.230 W/UserManagerService( 1152): com.android.theme.icon_pack.rounded.settings is allowlisted but not present.
01-01 08:00:47.230 W/UserManagerService( 1152): org.codeaurora.qti.nrNetworkSettingApp is allowlisted but not present.
01-01 08:00:47.230 W/UserManagerService( 1152): com.android.theme.icon_pack.circular.android is allowlisted but not present.
01-01 08:00:47.231 I/Watchdog( 1152): Resuming HandlerChecker: main thread for reason: packagemanagermain. Pause count: 0
01-01 08:00:47.231 I/SystemServerDexLoadReporter( 1152): Configuring system server dex reporter
01-01 08:00:47.237 D/SystemServerTiming( 1152): StartPackageManagerService took to complete: 2558ms
01-01 08:00:47.237 I/SystemServerTiming( 1152): StartOtaDexOptService
01-01 08:00:47.237 I/Watchdog( 1152): Pausing HandlerChecker: main thread for reason: moveab. Pause count: 1
01-01 08:00:47.239 D/OTADexopt( 1152): No upgrade, skipping A/B artifacts check.
01-01 08:00:47.239 I/Watchdog( 1152): Resuming HandlerChecker: main thread for reason: moveab. Pause count: 0
01-01 08:00:47.239 D/SystemServerTiming( 1152): StartOtaDexOptService took to complete: 1ms
01-01 08:00:47.239 I/SystemServerTiming( 1152): StartUserManagerService
01-01 08:00:47.239 I/SystemServiceManager( 1152): Starting com.android.server.pm.UserManagerService$LifeCycle
01-01 08:00:47.240 D/SystemServerTiming( 1152): StartUserManagerService took to complete: 1ms
01-01 08:00:47.240 I/SystemServerTiming( 1152): InitAttributerCache
01-01 08:00:47.240 D/SystemServerTiming( 1152): InitAttributerCache took to complete: 0ms
01-01 08:00:47.240 I/SystemServerTiming( 1152): SetSystemProcess
01-01 08:00:47.246 V/HistoricalRegistry( 1152): Interaction before persistence initialized
01-01 08:00:47.256 I/ActivityManager( 1152): Connection with lmkd established
01-01 08:00:47.259 D/SystemServerTiming( 1152): SetSystemProcess took to complete: 20ms
01-01 08:00:47.259 I/SystemServerTiming( 1152): InitWatchdog
01-01 08:00:47.260 D/SystemServerTiming( 1152): InitWatchdog took to complete: 0ms
01-01 08:00:47.263 I/SystemServerTiming( 1152): StartOverlayManagerService
01-01 08:00:47.272 I/storaged( 1291): storaged: Start
01-01 08:00:47.340 D/SystemServerTiming( 1152): StartOverlayManagerService took to complete: 77ms
01-01 08:00:47.340 I/SystemServerTiming( 1152): StartSensorPrivacyService
01-01 08:00:47.343 D/SystemServerTiming( 1152): StartSensorPrivacyService took to complete: 3ms
01-01 08:00:47.343 I/SystemServerTiming( 1152): StartThunderBoostPerfService
01-01 08:00:47.344 W/ActivityTaskManager( 1152): Skip updateConfiguration because mWindowManager isn't set
01-01 08:00:47.344 D/SystemServerTiming( 1152): StartThunderBoostPerfService took to complete: 1ms
01-01 08:00:47.344 I/SystemServerTiming( 1152): StartSensorService
01-01 08:00:47.344 I/SystemServiceManager( 1152): Starting com.android.server.sensors.SensorService
01-01 08:00:47.344 D/SystemServerTiming( 1152): StartSensorService took to complete: 0ms
01-01 08:00:47.344 D/SystemServerTiming( 1152): startBootstrapServices took to complete: 4338ms
01-01 08:00:47.345 I/SystemServerTiming( 1152): startCoreServices
01-01 08:00:47.345 I/SystemServerTiming( 1152): StartSystemConfigService
01-01 08:00:47.345 I/SystemServiceManager( 1152): Starting com.android.server.SystemConfigService
01-01 08:00:47.345 I/SystemServerTimingAsync( 1152): InitThreadPoolExec:StartNativeSensorService
01-01 08:00:47.345 D/SystemServerInitThreadPool( 1152): Started executing StartNativeSensorService
01-01 08:00:47.345 I/SystemServerTimingAsync( 1152): StartNativeSensorService
01-01 08:00:47.346 D/SystemServerTiming( 1152): StartSystemConfigService took to complete: 1ms
01-01 08:00:47.346 I/SystemServerTiming( 1152): StartBatteryService
01-01 08:00:47.346 I/SystemServiceManager( 1152): Starting com.android.server.BatteryService
01-01 08:00:47.352 W/healthd ( 0): battery none chg=
01-01 08:00:47.357 I/HealthServiceWrapper( 1152): health: HealthServiceWrapper listening to instance default
01-01 08:00:47.357 I/BatteryService( 1152): health: Waited 0ms and received the update.
01-01 08:00:47.359 D/SystemServerTiming( 1152): StartBatteryService took to complete: 13ms
01-01 08:00:47.359 I/SystemServerTiming( 1152): StartUsageService
01-01 08:00:47.359 I/SystemServiceManager( 1152): Starting com.android.server.usage.UsageStatsService
01-01 08:00:47.367 D/SystemServerTiming( 1152): StartUsageService took to complete: 7ms
01-01 08:00:47.367 I/SystemServerTiming( 1152): StartWebViewUpdateService
01-01 08:00:47.367 I/SystemServiceManager( 1152): Starting com.android.server.webkit.WebViewUpdateService
01-01 08:00:47.368 D/SystemServerTimingAsync( 1152): StartNativeSensorService took to complete: 24ms
01-01 08:00:47.368 D/SystemServerInitThreadPool( 1152): Finished executing StartNativeSensorService
01-01 08:00:47.369 D/SystemServerTimingAsync( 1152): InitThreadPoolExec:StartNativeSensorService took to complete: 24ms
01-01 08:00:47.369 D/SystemServerTiming( 1152): StartWebViewUpdateService took to complete: 2ms
01-01 08:00:47.369 I/SystemServerTiming( 1152): StartCachedDeviceStateService
01-01 08:00:47.369 I/SystemServiceManager( 1152): Starting com.android.server.CachedDeviceStateService
01-01 08:00:47.369 D/SystemServerTiming( 1152): StartCachedDeviceStateService took to complete: 0ms
01-01 08:00:47.369 I/SystemServerTiming( 1152): StartBinderCallsStatsService
01-01 08:00:47.369 I/SystemServiceManager( 1152): Starting com.android.server.BinderCallsStatsService$LifeCycle
01-01 08:00:47.370 D/SystemServerTiming( 1152): StartBinderCallsStatsService took to complete: 1ms
01-01 08:00:47.370 I/SystemServerTiming( 1152): StartLooperStatsService
01-01 08:00:47.370 I/SystemServiceManager( 1152): Starting com.android.server.LooperStatsService$Lifecycle
01-01 08:00:47.371 D/SystemServerTiming( 1152): StartLooperStatsService took to complete: 1ms
01-01 08:00:47.371 I/SystemServerTiming( 1152): StartRollbackManagerService
01-01 08:00:47.371 I/SystemServiceManager( 1152): Starting com.android.server.rollback.RollbackManagerService
01-01 08:00:47.378 I/PackageWatchdog( 1152): Syncing state, reason: added new observer
01-01 08:00:47.378 I/PackageWatchdog( 1152): Not pruning observers, elapsed time: 0ms
01-01 08:00:47.378 I/PackageWatchdog( 1152): Cancelling state sync, nothing to sync
01-01 08:00:47.378 I/PackageWatchdog( 1152): Saving observer state to file
01-01 08:00:47.382 D/SystemServerTiming( 1152): StartRollbackManagerService took to complete: 10ms
01-01 08:00:47.382 I/SystemServerTiming( 1152): StartNativeTombstoneManagerService
01-01 08:00:47.382 I/SystemServiceManager( 1152): Starting com.android.server.os.NativeTombstoneManagerService
01-01 08:00:47.384 D/SystemServerTiming( 1152): StartNativeTombstoneManagerService took to complete: 1ms
01-01 08:00:47.384 I/SystemServerTiming( 1152): StartBugreportManagerService
01-01 08:00:47.384 I/SystemServiceManager( 1152): Starting com.android.server.os.BugreportManagerService
01-01 08:00:47.385 D/SystemServerTiming( 1152): StartBugreportManagerService took to complete: 2ms
01-01 08:00:47.385 I/SystemServerTiming( 1152): GpuService
01-01 08:00:47.385 I/SystemServiceManager( 1152): Starting com.android.server.gpu.GpuService
01-01 08:00:47.386 D/SystemServerTiming( 1152): GpuService took to complete: 0ms
01-01 08:00:47.386 D/SystemServerTiming( 1152): startCoreServices took to complete: 41ms
01-01 08:00:47.386 I/SystemServerTiming( 1152): startOtherServices
01-01 08:00:47.386 I/SystemServerTiming( 1152): StartKeyAttestationApplicationIdProviderService
01-01 08:00:47.387 D/SystemServerTiming( 1152): StartKeyAttestationApplicationIdProviderService took to complete: 0ms
01-01 08:00:47.387 I/SystemServerTiming( 1152): StartKeyChainSystemService
01-01 08:00:47.387 I/SystemServiceManager( 1152): Starting com.android.server.security.KeyChainSystemService
01-01 08:00:47.387 D/SystemServerTiming( 1152): StartKeyChainSystemService took to complete: 0ms
01-01 08:00:47.387 I/SystemServerTiming( 1152): StartSchedulingPolicyService
01-01 08:00:47.388 D/SystemServerTiming( 1152): StartSchedulingPolicyService took to complete: 1ms
01-01 08:00:47.388 I/SystemServerTiming( 1152): StartTelecomLoaderService
01-01 08:00:47.388 I/SystemServiceManager( 1152): Starting com.android.server.telecom.TelecomLoaderService
01-01 08:00:47.389 D/SystemServerTiming( 1152): StartTelecomLoaderService took to complete: 0ms
01-01 08:00:47.389 I/SystemServerTiming( 1152): StartTelephonyRegistry
01-01 08:00:47.390 D/SystemServerTiming( 1152): StartTelephonyRegistry took to complete: 1ms
01-01 08:00:47.390 I/SystemServerTiming( 1152): StartEntropyMixer
01-01 08:00:47.390 I/SystemServerTimingAsync( 1152): InitThreadPoolExec:SecondaryZygotePreload
01-01 08:00:47.390 D/SystemServerInitThreadPool( 1152): Started executing SecondaryZygotePreload
01-01 08:00:47.390 I/SystemServer( 1152): SecondaryZygotePreload
01-01 08:00:47.390 I/SystemServerTimingAsync( 1152): SecondaryZygotePreload
01-01 08:00:47.391 I/EntropyMixer( 1152): Writing entropy...
01-01 08:00:47.391 I/SystemServerTimingAsync( 1152): InitThreadPoolExec:SchedulingPolicyService.
01-01 08:00:47.391 D/SystemServerInitThreadPool( 1152): Started executing SchedulingPolicyService.
01-01 08:00:47.397 D/SystemServerTiming( 1152): StartEntropyMixer took to complete: 7ms
01-01 08:00:47.397 I/SystemServerTiming( 1152): StartAccountManagerService
01-01 08:00:47.397 I/SystemServiceManager( 1152): Starting com.android.server.accounts.AccountManagerService$Lifecycle
01-01 08:00:47.410 D/SystemServerTiming( 1152): StartAccountManagerService took to complete: 12ms
01-01 08:00:47.410 I/SystemServerTiming( 1152): StartContentService
01-01 08:00:47.410 I/SystemServiceManager( 1152): Starting com.android.server.content.ContentService$Lifecycle
01-01 08:00:47.411 D/SystemServerTiming( 1152): StartContentService took to complete: 1ms
01-01 08:00:47.411 I/SystemServerTiming( 1152): InstallSystemProviders
01-01 08:00:47.443 D/ZygoteInitTiming_lazy( 689): BeginPreload took to complete: 46ms
01-01 08:00:47.507 D/SystemServerInitThreadPool( 1152): Finished executing SchedulingPolicyService.
01-01 08:00:47.507 D/SystemServerTimingAsync( 1152): InitThreadPoolExec:SchedulingPolicyService. took to complete: 115ms
01-01 08:00:47.520 D/ActivityManager( 1152): Freezer enabled
01-01 08:00:47.520 D/ActivityManager( 1152): freezer override set to false
01-01 08:00:47.528 D/SystemServerTiming( 1152): InstallSystemProviders took to complete: 117ms
01-01 08:00:47.528 I/SystemServerTiming( 1152): StartDropBoxManager
01-01 08:00:47.528 I/SystemServiceManager( 1152): Starting com.android.server.DropBoxManagerService
01-01 08:00:47.530 D/SystemServerTiming( 1152): StartDropBoxManager took to complete: 2ms
01-01 08:00:47.530 I/SystemServerTiming( 1152): StartRoleManagerService
01-01 08:00:47.531 I/SystemServiceManager( 1152): Starting com.android.role.RoleService
01-01 08:00:47.539 D/SystemServerTiming( 1152): StartRoleManagerService took to complete: 10ms
01-01 08:00:47.539 I/SystemServerTiming( 1152): StartVibratorManagerService
01-01 08:00:47.539 I/SystemServiceManager( 1152): Starting com.android.server.vibrator.VibratorManagerService$Lifecycle
01-01 08:00:47.553 D/SystemServerTiming( 1152): StartVibratorManagerService took to complete: 13ms
01-01 08:00:47.553 I/SystemServerTiming( 1152): StartDynamicSystemService
01-01 08:00:47.557 D/SystemServerTiming( 1152): StartDynamicSystemService took to complete: 5ms
01-01 08:00:47.558 I/SystemServerTiming( 1152): StartConsumerIrService
01-01 08:00:47.561 D/SystemServerTiming( 1152): StartConsumerIrService took to complete: 4ms
01-01 08:00:47.561 I/SystemServerTiming( 1152): StartAlarmManagerService
01-01 08:00:47.561 I/SystemServiceManager( 1152): Starting com.android.server.alarm.AlarmManagerService
01-01 08:00:47.578 I/AlarmManager( 1152): Current time only 47578, advancing to build time 1680553790000
04-04 04:29:50.004 D/SystemServerTiming( 1152): StartAlarmManagerService took to complete: 21ms
04-04 04:29:50.004 I/SystemServerTiming( 1152): StartInputManagerService
04-04 04:29:50.005 I/InputManager( 1152): Initializing input manager, mUseDevInputEventForAudioJack=true
04-04 04:29:50.029 D/SystemServerTiming( 1152): StartInputManagerService took to complete: 25ms
04-04 04:29:50.029 I/SystemServerTiming( 1152): DeviceStateManagerService
04-04 04:29:50.030 I/SystemServiceManager( 1152): Starting com.android.server.devicestate.DeviceStateManagerService
01-01 08:00:47.611 E/ ( 0): msm_qti_pp_get_rms_value_control, back not active to query rms be_idx:3
04-04 04:29:50.044 D/SystemServerTiming( 1152): DeviceStateManagerService took to complete: 14ms
04-04 04:29:50.044 I/SystemServerTiming( 1152): StartCameraServiceProxy
04-04 04:29:50.044 I/SystemServiceManager( 1152): Starting com.android.server.camera.CameraServiceProxy
04-04 04:29:50.055 D/SystemServerTiming( 1152): StartCameraServiceProxy took to complete: 11ms
04-04 04:29:50.055 I/SystemServerTiming( 1152): StartWindowManagerService
04-04 04:29:50.055 I/SystemServiceManager( 1152): Starting phase 200
04-04 04:29:50.055 I/SystemServerTiming( 1152): OnBootPhase_200
04-04 04:29:50.055 I/SystemServerTiming( 1152): OnBootPhase_200_com.android.server.security.FileIntegrityService
04-04 04:29:50.055 D/SystemServerTiming( 1152): OnBootPhase_200_com.android.server.security.FileIntegrityService took to complete: 0ms
04-04 04:29:50.055 I/SystemServerTiming( 1152): OnBootPhase_200_com.android.server.pm.Installer
04-04 04:29:50.055 D/SystemServerTiming( 1152): OnBootPhase_200_com.android.server.pm.Installer took to complete: 0ms
04-04 04:29:50.055 I/SystemServerTiming( 1152): OnBootPhase_200_com.android.server.os.DeviceIdentifiersPolicyService
04-04 04:29:50.055 D/SystemServerTiming( 1152): OnBootPhase_200_com.android.server.os.DeviceIdentifiersPolicyService took to complete: 0ms
04-04 04:29:50.055 I/SystemServerTiming( 1152): OnBootPhase_200_com.android.server.uri.UriGrantsManagerService$Lifecycle
04-04 04:29:50.055 D/SystemServerTiming( 1152): OnBootPhase_200_com.android.server.uri.UriGrantsManagerService$Lifecycle took to complete: 0ms
04-04 04:29:50.055 I/SystemServerTiming( 1152): OnBootPhase_200_com.android.server.powerstats.PowerStatsService
04-04 04:29:50.055 D/SystemServerTiming( 1152): OnBootPhase_200_com.android.server.powerstats.PowerStatsService took to complete: 0ms
04-04 04:29:50.055 I/SystemServerTiming( 1152): OnBootPhase_200_com.android.server.wm.ActivityTaskManagerService$Lifecycle
04-04 04:29:50.056 D/SystemServerTiming( 1152): OnBootPhase_200_com.android.server.wm.ActivityTaskManagerService$Lifecycle took to complete: 0ms
04-04 04:29:50.056 I/SystemServerTiming( 1152): OnBootPhase_200_com.android.server.am.ActivityManagerService$Lifecycle
04-04 04:29:50.056 D/SystemServerTiming( 1152): OnBootPhase_200_com.android.server.am.ActivityManagerService$Lifecycle took to complete: 0ms
04-04 04:29:50.056 I/SystemServerTiming( 1152): OnBootPhase_200_com.android.server.pm.DataLoaderManagerService
04-04 04:29:50.056 D/SystemServerTiming( 1152): OnBootPhase_200_com.android.server.pm.DataLoaderManagerService took to complete: 0ms
04-04 04:29:50.056 I/SystemServerTiming( 1152): OnBootPhase_200_com.android.server.power.PowerManagerService
04-04 04:29:50.056 D/SystemServerTiming( 1152): OnBootPhase_200_com.android.server.power.PowerManagerService took to complete: 0ms
04-04 04:29:50.056 I/SystemServerTiming( 1152): OnBootPhase_200_com.android.server.power.ThermalManagerService
04-04 04:29:50.056 D/SystemServerTiming( 1152): OnBootPhase_200_com.android.server.power.ThermalManagerService took to complete: 0ms
04-04 04:29:50.056 I/SystemServerTiming( 1152): OnBootPhase_200_com.android.server.power.hint.HintManagerService
04-04 04:29:50.056 D/SystemServerTiming( 1152): OnBootPhase_200_com.android.server.power.hint.HintManagerService took to complete: 0ms
04-04 04:29:50.056 I/SystemServerTiming( 1152): OnBootPhase_200_com.android.server.recoverysystem.RecoverySystemService$Lifecycle
04-04 04:29:50.056 D/SystemServerTiming( 1152): OnBootPhase_200_com.android.server.recoverysystem.RecoverySystemService$Lifecycle took to complete: 0ms
04-04 04:29:50.056 I/SystemServerTiming( 1152): OnBootPhase_200_com.android.server.lights.LightsService
04-04 04:29:50.056 D/SystemServerTiming( 1152): OnBootPhase_200_com.android.server.lights.LightsService took to complete: 0ms
04-04 04:29:50.056 I/SystemServerTiming( 1152): OnBootPhase_200_com.android.server.display.DisplayManagerService
04-04 04:29:50.056 D/SystemServerTiming( 1152): OnBootPhase_200_com.android.server.display.DisplayManagerService took to complete: 0ms
04-04 04:29:50.056 I/SystemServerTiming( 1152): OnBootPhase_200_com.android.server.pm.verify.domain.DomainVerificationService
04-04 04:29:50.056 D/SystemServerTiming( 1152): OnBootPhase_200_com.android.server.pm.verify.domain.DomainVerificationService took to complete: 0ms
04-04 04:29:50.057 I/SystemServerTiming( 1152): OnBootPhase_200_com.android.server.pm.PackageInstallerService$Lifecycle
04-04 04:29:50.057 D/SystemServerTiming( 1152): OnBootPhase_200_com.android.server.pm.PackageInstallerService$Lifecycle took to complete: 0ms
04-04 04:29:50.057 I/SystemServerTiming( 1152): OnBootPhase_200_com.android.server.pm.UserManagerService$LifeCycle
04-04 04:29:50.057 D/SystemServerTiming( 1152): OnBootPhase_200_com.android.server.pm.UserManagerService$LifeCycle took to complete: 0ms
04-04 04:29:50.057 I/SystemServerTiming( 1152): OnBootPhase_200_com.android.server.om.OverlayManagerService
04-04 04:29:50.057 D/SystemServerTiming( 1152): OnBootPhase_200_com.android.server.om.OverlayManagerService took to complete: 0ms
04-04 04:29:50.057 I/SystemServerTiming( 1152): OnBootPhase_200_com.android.server.SensorPrivacyService
04-04 04:29:50.057 D/SystemServerTiming( 1152): OnBootPhase_200_com.android.server.SensorPrivacyService took to complete: 0ms
04-04 04:29:50.057 I/SystemServerTiming( 1152): OnBootPhase_200_com.android.server.thunderperf.ThunderBoostPerfService
04-04 04:29:50.057 D/SystemServerTiming( 1152): OnBootPhase_200_com.android.server.thunderperf.ThunderBoostPerfService took to complete: 0ms
04-04 04:29:50.057 I/SystemServerTiming( 1152): OnBootPhase_200_com.android.server.sensors.SensorService
04-04 04:29:50.057 D/SystemServerTiming( 1152): OnBootPhase_200_com.android.server.sensors.SensorService took to complete: 0ms
04-04 04:29:50.057 I/SystemServerTiming( 1152): OnBootPhase_200_com.android.server.SystemConfigService
04-04 04:29:50.057 D/SystemServerTiming( 1152): OnBootPhase_200_com.android.server.SystemConfigService took to complete: 0ms
04-04 04:29:50.057 I/SystemServerTiming( 1152): OnBootPhase_200_com.android.server.BatteryService
04-04 04:29:50.057 D/SystemServerTiming( 1152): OnBootPhase_200_com.android.server.BatteryService took to complete: 0ms
04-04 04:29:50.057 I/SystemServerTiming( 1152): OnBootPhase_200_com.android.server.usage.UsageStatsService
04-04 04:29:50.057 D/SystemServerTiming( 1152): OnBootPhase_200_com.android.server.usage.UsageStatsService took to complete: 0ms
04-04 04:29:50.057 I/SystemServerTiming( 1152): OnBootPhase_200_com.android.server.webkit.WebViewUpdateService
04-04 04:29:50.058 D/SystemServerTiming( 1152): OnBootPhase_200_com.android.server.webkit.WebViewUpdateService took to complete: 0ms
04-04 04:29:50.058 I/SystemServerTiming( 1152): OnBootPhase_200_com.android.server.CachedDeviceStateService
04-04 04:29:50.058 D/SystemServerTiming( 1152): OnBootPhase_200_com.android.server.CachedDeviceStateService took to complete: 0ms
04-04 04:29:50.058 I/SystemServerTiming( 1152): OnBootPhase_200_com.android.server.BinderCallsStatsService$LifeCycle
04-04 04:29:50.058 D/SystemServerTiming( 1152): OnBootPhase_200_com.android.server.BinderCallsStatsService$LifeCycle took to complete: 0ms
04-04 04:29:50.058 I/SystemServerTiming( 1152): OnBootPhase_200_com.android.server.LooperStatsService$Lifecycle
04-04 04:29:50.058 D/SystemServerTiming( 1152): OnBootPhase_200_com.android.server.LooperStatsService$Lifecycle took to complete: 0ms
04-04 04:29:50.058 I/SystemServerTiming( 1152): OnBootPhase_200_com.android.server.rollback.RollbackManagerService
04-04 04:29:50.058 D/SystemServerTiming( 1152): OnBootPhase_200_com.android.server.rollback.RollbackManagerService took to complete: 0ms
04-04 04:29:50.058 I/SystemServerTiming( 1152): OnBootPhase_200_com.android.server.os.NativeTombstoneManagerService
04-04 04:29:50.058 D/SystemServerTiming( 1152): OnBootPhase_200_com.android.server.os.NativeTombstoneManagerService took to complete: 0ms
04-04 04:29:50.058 I/SystemServerTiming( 1152): OnBootPhase_200_com.android.server.os.BugreportManagerService
04-04 04:29:50.058 D/SystemServerTiming( 1152): OnBootPhase_200_com.android.server.os.BugreportManagerService took to complete: 0ms
04-04 04:29:50.058 I/SystemServerTiming( 1152): OnBootPhase_200_com.android.server.gpu.GpuService
04-04 04:29:50.058 D/SystemServerTiming( 1152): OnBootPhase_200_com.android.server.gpu.GpuService took to complete: 0ms
04-04 04:29:50.058 I/SystemServerTiming( 1152): OnBootPhase_200_com.android.server.security.KeyChainSystemService
04-04 04:29:50.058 D/SystemServerTiming( 1152): OnBootPhase_200_com.android.server.security.KeyChainSystemService took to complete: 0ms
04-04 04:29:50.058 I/SystemServerTiming( 1152): OnBootPhase_200_com.android.server.telecom.TelecomLoaderService
04-04 04:29:50.058 D/SystemServerTiming( 1152): OnBootPhase_200_com.android.server.telecom.TelecomLoaderService took to complete: 0ms
04-04 04:29:50.058 I/SystemServerTiming( 1152): OnBootPhase_200_com.android.server.accounts.AccountManagerService$Lifecycle
04-04 04:29:50.058 D/SystemServerTiming( 1152): OnBootPhase_200_com.android.server.accounts.AccountManagerService$Lifecycle took to complete: 0ms
04-04 04:29:50.058 I/SystemServerTiming( 1152): OnBootPhase_200_com.android.server.content.ContentService$Lifecycle
04-04 04:29:50.059 D/SystemServerTiming( 1152): OnBootPhase_200_com.android.server.content.ContentService$Lifecycle took to complete: 0ms
04-04 04:29:50.059 I/SystemServerTiming( 1152): OnBootPhase_200_com.android.server.DropBoxManagerService
04-04 04:29:50.059 D/SystemServerTiming( 1152): OnBootPhase_200_com.android.server.DropBoxManagerService took to complete: 0ms
04-04 04:29:50.059 I/SystemServerTiming( 1152): OnBootPhase_200_com.android.role.RoleService
04-04 04:29:50.059 D/SystemServerTiming( 1152): OnBootPhase_200_com.android.role.RoleService took to complete: 0ms
04-04 04:29:50.059 I/SystemServerTiming( 1152): OnBootPhase_200_com.android.server.vibrator.VibratorManagerService$Lifecycle
04-04 04:29:50.059 D/SystemServerTiming( 1152): OnBootPhase_200_com.android.server.vibrator.VibratorManagerService$Lifecycle took to complete: 0ms
04-04 04:29:50.059 I/SystemServerTiming( 1152): OnBootPhase_200_com.android.server.alarm.AlarmManagerService
04-04 04:29:50.059 D/SystemServerTiming( 1152): OnBootPhase_200_com.android.server.alarm.AlarmManagerService took to complete: 0ms
04-04 04:29:50.059 I/SystemServerTiming( 1152): OnBootPhase_200_com.android.server.devicestate.DeviceStateManagerService
04-04 04:29:50.059 D/SystemServerTiming( 1152): OnBootPhase_200_com.android.server.devicestate.DeviceStateManagerService took to complete: 0ms
04-04 04:29:50.059 I/SystemServerTiming( 1152): OnBootPhase_200_com.android.server.camera.CameraServiceProxy
04-04 04:29:50.059 D/SystemServerTiming( 1152): OnBootPhase_200_com.android.server.camera.CameraServiceProxy took to complete: 0ms
04-04 04:29:50.059 D/SystemServerTiming( 1152): OnBootPhase_200 took to complete: 4ms
04-04 04:29:50.060 I/WindowManager( 1152): No existing display settings, starting empty
04-04 04:29:50.060 I/WindowManager( 1152): No existing display settings, starting empty
01-01 08:00:47.639 I/core_get_license_status( 0): cmdrsp_license_result.result = 0x15 for module 0x131ff
01-01 08:00:47.640 E/msm_ext_disp_update_audio_ops( 0): Display not found (EXT_DISPLAY_TYPE_DP) ctld (0) stream (0)
01-01 08:00:47.654 E/msm_ext_disp_update_audio_ops( 0): Display not found (EXT_DISPLAY_TYPE_HDMI) ctld (0) stream (0)
01-01 08:00:47.665 E/msm_ext_disp_update_audio_ops( 0): Display not found (EXT_DISPLAY_TYPE_DP) ctld (0) stream (0)
01-01 08:00:47.675 E/msm_ext_disp_update_audio_ops( 0): Display not found (EXT_DISPLAY_TYPE_DP) ctld (0) stream (0)
04-04 04:29:50.104 D/SystemServerTiming( 1152): StartWindowManagerService took to complete: 49ms
04-04 04:29:50.104 I/SystemServerTiming( 1152): SetWindowManagerService
01-01 08:00:47.685 E/msm_ext_disp_update_audio_ops( 0): Display not found (EXT_DISPLAY_TYPE_DP) ctld (0) stream (0)
