01-01 08:00:52.603 I/[kworke][0x3c16a9d3][04:29:55.024764] wlan( 0): [338:I:WMA] wma_rx_service_ready_event: Board id: 0, Board version: 8 0 0 0 6
01-01 08:00:52.605 I/[kworke][0x3c1726ae][04:29:55.026429] wlan( 0): [338:I:WMA] wma_is_dbs_mandatory: 5417: MAC0 does not support both bands 2 DBS is mandatory
01-01 08:00:52.605 E/[kworke][0x3c172cef][04:29:55.026512] wlan( 0): [338:E:QDF] copy_fw_abi_version_tlv: 6979: copy_fw_abi_version_tlv: INIT_CMD version: 1, 0, 0x5f414351, 0x4c4d, 0x0, 0x0
01-01 08:00:52.656 I/binder ( 0): 2002:2519 ioctl 40046210 6d184af124 returned -22
04-04 04:29:54.826 W/Looper ( 1152): Slow dispatch took 612ms main h=android.app.ActivityThread$H c=android.app.LoadedApk$ReceiverDispatcher$Args$$ExternalSyntheticLambda0@266d671 m=0
04-04 04:29:54.828 D/ConditionProviders.SCP( 1152): onSubscribe condition://android/schedule?days=1.2.3.4.5.6.7&start=22.0&end=7.0&exitAtAlarm=true
04-04 04:29:54.828 D/ConditionProviders.SCP( 1152): setRegistered true
04-04 04:29:54.834 D/ConditionProviders.SCP( 1152): evaluateSubscriptionLocked cal=ScheduleCalendar[mDays={1, 2, 3, 4, 5, 6, 7}, mSchedule=ScheduleInfo{days=[1, 2, 3, 4, 5, 6, 7], startHour=22, startMinute=0, endHour=7, endMinute=0, exitAtAlarm=true, nextAlarm=Thu Jan 01 08:00:00 GMT+08:00 1970 (0)}], now=Tue Apr 04 04:29:54 GMT+08:00 2023 (1680553794828), nextUserAlarmTime=Thu Jan 01 08:00:00 GMT+08:00 1970 (0)
04-04 04:29:54.834 D/ConditionProviders.SCP( 1152): notifyCondition condition://android/schedule?days=1.2.3.4.5.6.7&start=22.0&end=7.0&exitAtAlarm=true STATE_TRUE reason=meetsSchedule
04-04 04:29:54.836 D/ConditionProviders.SCP( 1152): Scheduling evaluate for Tue Apr 04 07:00:00 GMT+08:00 2023 (1680562800000), in +2h30m5s172ms, now=Tue Apr 04 04:29:54 GMT+08:00 2023 (1680553794828)
04-04 04:29:54.865 D/CompatibilityChangeReporter( 1152): Compat change id reported: 168419799; UID 1073; state: DISABLED
01-01 08:00:52.683 I/binder ( 0): 2512:2512 ioctl 40046210 7ffe7f3634 returned -22
04-04 04:29:54.900 D/CompatibilityChangeReporter( 1152): Compat change id reported: 168419799; UID 1073; state: DISABLED
04-04 04:29:54.905 D/CompatibilityChangeReporter( 1152): Compat change id reported: 168419799; UID 1000; state: DISABLED
04-04 04:29:54.910 W/ActivityManager( 1152): Slow operation: 1517ms so far, now at startProcess: returned from zygote!
01-01 08:00:52.745 I/binder ( 0): 2524:2524 ioctl 40046210 7ffe7f3634 returned -22
01-01 08:00:52.768 I/ ( 0): [MAX975X:max96755x_drm_notifier_callback] *INFO* receives EARLY_BLANK:UNBLANK
01-01 08:00:52.768 I/cyttsp7_i2c_adapter 0-0024( 0): FB event:2,blank:0
01-01 08:00:52.768 I/cyttsp7_i2c_adapter 0-0024( 0): suspend: event = 2, blank = 0, not care
01-01 08:00:52.768 I/[drm:dsi_display_set_mode] [msm-dsi-info]( 0): mdp_transfer_time_us=0 us
01-01 08:00:52.768 I/[drm:dsi_display_set_mode] [msm-dsi-info]( 0): hactive= 2380,vactive= 1020,fps=60
01-01 08:00:52.771 I/[drm:dsi_ctrl_isr_configure] [msm-dsi-info]( 0): dsi-ctrl-0: IRQ 403 registered
04-04 04:29:54.960 W/ActivityThread( 1152): Failed to find provider info for com.android.calendar (user not unlocked)
04-04 04:29:54.961 W/ActivityManager( 1152): Slow operation: 1567ms so far, now at startProcess: done updating battery stats
04-04 04:29:54.961 W/ActivityManager( 1152): Slow operation: 1567ms so far, now at startProcess: building log message
04-04 04:29:54.961 I/ActivityManager( 1152): Start proc 2473:com.android.se/1068 for added application com.android.se
04-04 04:29:54.961 W/ActivityManager( 1152): Slow operation: 1568ms so far, now at startProcess: starting to update pids map
04-04 04:29:54.962 W/ActivityManager( 1152): Slow operation: 1568ms so far, now at startProcess: done updating pids map
04-04 04:29:54.962 W/ActivityManager( 1152): Slow operation: 1568ms so far, now at startProcess: asking zygote to start proc
04-04 04:29:54.967 D/CompatibilityChangeReporter( 1152): Compat change id reported: 168419799; UID 10090; state: DISABLED
04-04 04:29:54.983 W/ActivityThread( 1152): Failed to find provider info for com.android.calendar (user not unlocked)
04-04 04:29:54.990 D/SystemUIBootTiming( 2002): StartServicescom.android.systemui.keyguard.KeyguardViewMediator took to complete: 267ms
04-04 04:29:54.996 W/BluetoothManagerService( 1152): bindBluetoothProfileService:Trying to bind to profile: 1, while Bluetooth is disabled
04-04 04:29:55.003 D/CompatibilityChangeReporter( 1152): Compat change id reported: 135634846; UID 10083; state: DISABLED
04-04 04:29:55.003 D/CompatibilityChangeReporter( 1152): Compat change id reported: 177438394; UID 10083; state: DISABLED
04-04 04:29:55.003 D/CompatibilityChangeReporter( 1152): Compat change id reported: 135772972; UID 10083; state: DISABLED
04-04 04:29:55.004 D/CompatibilityChangeReporter( 1152): Compat change id reported: 135754954; UID 10083; state: ENABLED
04-04 04:29:55.020 D/SystemUIBootTiming( 2002): StartServicescom.android.systemui.recents.Recents took to complete: 30ms
01-01 08:00:52.823 I/binder ( 0): 2554:2554 ioctl 40046210 7ffe7f3634 returned -22
04-04 04:29:55.031 W/ActivityManager( 1152): Slow operation: 1637ms so far, now at startProcess: returned from zygote!
04-04 04:29:55.031 I/Telecom ( 1152): BluetoothRouteManager: getBluetoothAudioConnectedDevice: no service available.
04-04 04:29:55.032 W/ActivityManager( 1152): Slow operation: 1639ms so far, now at startProcess: done updating battery stats
04-04 04:29:55.032 W/ActivityManager( 1152): Slow operation: 1639ms so far, now at startProcess: building log message
04-04 04:29:55.033 I/ActivityManager( 1152): Start proc 2512:com.thundercomm.remotecontrolservice/1000 for added application com.thundercomm.remotecontrolservice
04-04 04:29:55.033 W/ActivityManager( 1152): Slow operation: 1639ms so far, now at startProcess: starting to update pids map
04-04 04:29:55.033 W/ActivityManager( 1152): Slow operation: 1639ms so far, now at startProcess: done updating pids map
04-04 04:29:55.033 W/ActivityManager( 1152): Slow operation: 1638ms so far, now at startProcess: asking zygote to start proc
04-04 04:29:55.035 I/Telecom ( 1152): SystemStateHelper: Registering broadcast receiver: android.content.IntentFilter@2c99f4f: TS.init@AAA
04-04 04:29:55.035 I/Telecom ( 1152): SystemStateHelper: Registering broadcast receiver: android.content.IntentFilter@47d16dc: TS.init@AAA
01-01 08:00:52.827 E/[kworke][0x3c5835fd][04:29:55.248500] wlan( 0): [282:E:QDF] ready_extract_init_status_tlv: 8884: ready_extract_init_status_tlv:0
01-01 08:00:52.854 I/ ( 0): [MAX975X:max96755x_drm_notifier_callback] *INFO* receives BLANK:UNBLANK
01-01 08:00:52.855 I/cyttsp7_i2c_adapter 0-0024( 0): FB event:1,blank:0
01-01 08:00:52.855 I/cyttsp7_i2c_adapter 0-0024( 0): drm_notifier_callback: UNBLANK! Resume by drm notifier.
01-01 08:00:52.862 E/[kworke][0x3c629b44][04:29:55.283983] wlan( 0): [282:E:QDF] cds_get_context: 1486: Module ID 65 context is Null
01-01 08:00:52.874 F/[kworke][0x3c65f79a][04:29:55.295455] wlan( 0): [282:F:DP] cdp_ipa_set_uc_tx_partition_base invalid instance
01-01 08:00:52.886 I/[kworke][0x3c698c78][04:29:55.307679] wlan( 0): [282:I:WMA] wma_he_update_tgt_services: 996: 11ax is enabled
01-01 08:00:52.896 I/[kworke][0x3c6c75c7][04:29:55.317618] wlan( 0): [282:I:HIF] Initializing Runtime PM wakelock &mgmt_txrx_pdev_ctx->wakelock_tx_runtime_cmp
01-01 08:00:52.898 I/[kworke][0x3c6d1a9e][04:29:55.319815] wlan( 0): [282:I:dfs] WLAN_DEBUG_DFS_ALWAYS : wlan_dfs_pdev_obj_create_notification: 421: dfs_offload 1
01-01 08:00:52.898 I/[kworke][0x3c6d1d08][04:29:55.319847] wlan( 0): [282:I:SPECTRAL] null_get_capability: 1715: SPECTRAL : get_capability not registered
01-01 08:00:52.898 I/[kworke][0x3c6d1d86][04:29:55.319853] wlan( 0): [282:I:SPECTRAL] target_if_pdev_spectral_init: 2249: HAL_CAP_PHYDIAG : Capable
01-01 08:00:52.898 I/[kworke][0x3c6d1e03][04:29:55.319860] wlan( 0): [282:I:SPECTRAL] null_get_capability: 1715: SPECTRAL : get_capability not registered
01-01 08:00:52.898 I/[kworke][0x3c6d1e79][04:29:55.319866] wlan( 0): [282:I:SPECTRAL] target_if_pdev_spectral_init: 2253: HAL_CAP_RADAR : Capable
01-01 08:00:52.898 I/[kworke][0x3c6d1eee][04:29:55.319872] wlan( 0): [282:I:SPECTRAL] null_get_capability: 1715: SPECTRAL : get_capability not registered
01-01 08:00:52.898 I/[kworke][0x3c6d1f67][04:29:55.319879] wlan( 0): [282:I:SPECTRAL] target_if_pdev_spectral_init: 2258: HAL_CAP_SPECTRAL_SCAN : Capable
01-01 08:00:52.898 I/[kworke][0x3c6d201a][04:29:55.319888] wlan( 0): [282:I:SPECTRAL] null_get_tsf64: 1703: SPECTRAL : get_tsf64 not registered
01-01 08:00:52.898 I/[kworke][0x3c6d219d][04:29:55.319908] wlan( 0): [282:I:GREEN_AP] wlan_green_ap_pdev_obj_create_notification: 106: Green AP creation successful, green ap ctx: ffffffc2d96410e8, pdev: ffffffc2d94ec6e8
01-01 08:00:52.898 I/[kworke][0x3c6d28db][04:29:55.320005] wlan( 0): [282:I:IPA] wlan_ipa_wdi_init: 540: ipa_over_gsi: 1, is_smmu_enabled: 1
01-01 08:00:52.905 I/[kworke][0x3c6f3007][04:29:55.326927] wlan( 0): [282:I:REGULATORY] reg_set_band: 483: set band bitmap: 3
01-01 08:00:52.905 I/[kworke][0x3c6f3e01][04:29:55.327113] wlan( 0): [282:I:HIF] Initializing Runtime PM wakelock &ctx->dfs
01-01 08:00:52.905 I/[kworke][0x3c6f3ef9][04:29:55.327126] wlan( 0): [282:I:HIF] Initializing Runtime PM wakelock &ctx->connect
01-01 08:00:52.905 I/[kworke][0x3c6f3fce][04:29:55.327137] wlan( 0): [282:I:HIF] Initializing Runtime PM wakelock &ctx->user
01-01 08:00:52.905 I/[kworke][0x3c6f40bf][04:29:55.327150] wlan( 0): [282:I:HIF] Initializing Runtime PM wakelock &scan_priv->runtime_pm_lock
01-01 08:00:52.905 I/[kworke][0x3c6f4287][04:29:55.327174] wlan( 0): [282:I:GREEN_AP] target_if_green_ap_register_egap_event_handler: 131: Set the Enhance Green AP event handler
01-01 08:00:52.905 E/[kworke][0x3c6f434e][04:29:55.327184] wlan( 0): [282:E:QDF] dp_peer_map_attach_wifi3: 10048: dp_peer_map_attach_wifi3 max_peers 55, max_ast_index: 144
01-01 08:00:52.922 I/[kworke][0x3c740b2f][04:29:55.343503] wlan( 0): [282:I:DP]
01-01 08:00:52.922 I/ ( 0): <=== cfg max peer id 55 ====>
01-01 08:00:52.922 I/[kworke][0x3c740d59][04:29:55.343531] wlan( 0): [282:I:DP]
01-01 08:00:52.922 I/ ( 0): <=== cfg max ast idx 144 ====>
01-01 08:00:52.922 I/[kworke][0x3c740e84][04:29:55.343547] wlan( 0): [282:I:DP] ast hash_elems: 512, max_ast_idx: 144
01-01 08:00:52.923 I/[kworke][0x3c746cb0][04:29:55.344803] wlan( 0): [340:I:WMA] wma_wait_for_ready_event: 6926: FW ready event received
01-01 08:00:52.930 E/[kworke][0x3c769077][04:29:55.352106] wlan( 0): [340:E:WMI] send_action_oui_cmd_tlv: 220: Invalid action id
01-01 08:00:52.979 I/binder ( 0): 2524:2524 ioctl 40046210 7ffe7f21a4 returned -22
04-04 04:29:55.079 W/ActivityManager( 1152): Slow operation: 1684ms so far, now at startProcess: returned from zygote!
04-04 04:29:55.080 W/ActivityManager( 1152): Slow operation: 1685ms so far, now at startProcess: done updating battery stats
04-04 04:29:55.080 W/ActivityManager( 1152): Slow operation: 1685ms so far, now at startProcess: building log message
04-04 04:29:55.080 I/ActivityManager( 1152): Start proc 2524:com.thundercomm.tcservice/1000 for added application com.thundercomm.tcservice
04-04 04:29:55.080 W/ActivityManager( 1152): Slow operation: 1685ms so far, now at startProcess: starting to update pids map
04-04 04:29:55.080 I/Telecom ( 1152): Logging.Events: Non-call EVENT: AUDIO_ROUTE, Entering state QuiescentEarpieceRoute
04-04 04:29:55.080 I/Telecom ( 1152): BluetoothRouteManager: getBluetoothAudioConnectedDevice: no service available.
04-04 04:29:55.081 W/ActivityManager( 1152): Slow operation: 1686ms so far, now at startProcess: done updating pids map
04-04 04:29:55.081 W/ActivityManager( 1152): Slow operation: 1685ms so far, now at startProcess: asking zygote to start proc
04-04 04:29:55.081 D/CompatibilityChangeReporter( 1152): Compat change id reported: 143937733; UID 10070; state: ENABLED
04-04 04:29:55.147 D/CompatibilityChangeReporter( 1152): Compat change id reported: 168419799; UID 1068; state: DISABLED
01-01 08:00:52.997 E/[kworke][0x3c8a16af][04:29:55.418749] wlan( 0): [340:E:action_oui] ucfg_action_oui_send: 160: Failed to send: 7
01-01 08:00:53.022 E/[kworke][0x3c918d36][04:29:55.444223] wlan( 0): [340:E:WMI] send_action_oui_cmd_tlv: 220: Invalid action id
01-01 08:00:53.035 E/[kworke][0x3c952d47][04:29:55.456597] wlan( 0): [340:E:action_oui] ucfg_action_oui_send: 160: Failed to send: 9
01-01 08:00:53.048 E/[kworke][0x3c98f83a][04:29:55.469544] wlan( 0): [340:E:HDD] hdd_action_oui_send: 13281: Failed to send one or all action_ouis
01-01 08:00:53.063 I/binder ( 0): 2607:2607 ioctl 40046210 7ffe7f3634 returned -22
01-01 08:00:53.069 I/binder ( 0): 2473:2473 ioctl 40046210 7ffe7f25e4 returned -22
01-01 08:00:53.111 D/cnss ( 0): dma-coherent is enabled
04-04 04:29:55.154 W/ActivityManager( 1152): Slow operation: 1758ms so far, now at startProcess: returned from zygote!
04-04 04:29:55.154 W/ActivityManager( 1152): Slow operation: 1758ms so far, now at startProcess: done updating battery stats
04-04 04:29:55.154 W/ActivityManager( 1152): Slow operation: 1758ms so far, now at startProcess: building log message
04-04 04:29:55.154 I/ActivityManager( 1152): Start proc 2554:com.qualcomm.qti.devicestatisticsservice/u0a70 for added application com.qualcomm.qti.devicestatisticsservice
04-04 04:29:55.154 W/ActivityManager( 1152): Slow operation: 1758ms so far, now at startProcess: starting to update pids map
04-04 04:29:55.155 W/ActivityManager( 1152): Slow operation: 1759ms so far, now at startProcess: done updating pids map
04-04 04:29:55.155 W/ActivityManager( 1152): Slow operation: 1759ms so far, now at startProcess: asking zygote to start proc
04-04 04:29:55.173 D/CompatibilityChangeReporter( 1152): Compat change id reported: 168419799; UID 1000; state: DISABLED
04-04 04:29:55.180 I/Telecom ( 1152): CallAudioModeStateMachine: Message received: null.: TS.init->CAMSM.pM_1@AAA
04-04 04:29:55.190 D/CompatibilityChangeReporter( 1152): Compat change id reported: 168419799; UID 1000; state: DISABLED
04-04 04:29:55.254 I/Telecom ( 1152): MissedCallNotifierImpl: reloadFromDatabase: Boot not yet complete -- call log db may not be available. Deferring loading until boot complete for user 0: TS.init@AAA
04-04 04:29:55.264 I/Telecom ( 1152): MissedCallNotifierImpl: reloadFromDatabase: Boot not yet complete -- call log db may not be available. Deferring loading until boot complete for user 0: TS.init@AAA
04-04 04:29:55.268 I/Telecom ( 1152): Class: TelecomSystem.INSTANCE being set
04-04 04:29:55.279 D/CompatibilityChangeReporter( 1152): Compat change id reported: 168419799; UID 10070; state: DISABLED
04-04 04:29:55.282 W/Looper ( 1152): Slow dispatch took 419ms main h=android.app.ActivityThread$H c=android.app.LoadedApk$ServiceDispatcher$RunConnection@ad4db2e m=0
04-04 04:29:55.282 D/BluetoothManagerService( 1152): Bluetooth Adapter name changed to 高合娱乐副屏 by android
04-04 04:29:55.285 D/BluetoothManagerService( 1152): Stored Bluetooth name: 高合娱乐副屏
04-04 04:29:55.285 D/AutofillManagerService( 1152): Restriction did not change for user 0
04-04 04:29:55.286 D/BluetoothManagerService( 1152): BluetoothServiceConnection: com.android.bluetooth.btservice.AdapterService
04-04 04:29:55.291 D/BluetoothManagerService( 1152): MESSAGE_BLUETOOTH_SERVICE_CONNECTED: 1
04-04 04:29:55.301 D/BluetoothManagerService( 1152): MESSAGE_INFORM_ADAPTER_SERVICE_UP
04-04 04:29:55.301 D/BluetoothManagerService( 1152): Broadcasting onBluetoothServiceUp() to 3 receivers.
04-04 04:29:55.310 D/BluetoothManagerService( 1152): MESSAGE_BLUETOOTH_STATE_CHANGE: OFF > BLE_TURNING_ON
04-04 04:29:55.314 D/BluetoothManagerService( 1152): Sending BLE State Change: OFF > BLE_TURNING_ON
04-04 04:29:55.347 D/CompatibilityChangeReporter( 1152): Compat change id reported: 168419799; UID 1002; state: DISABLED
04-04 04:29:55.366 I/Telecom ( 1152): WiredHeadsetManager: ACTION_HEADSET_PLUG event, plugged in: false, : WHC.oADA@AAE
04-04 04:29:55.370 D/MicroServiceManager( 1152): add linkToDeath
04-04 04:29:55.371 D/MicroServiceManager( 1152): bindMicroService: called already get service
04-04 04:29:55.373 I/ConnectivityModuleConnector( 1152): Networking module service connected
04-04 04:29:55.384 I/GameModeConfig( 1152): isGameModeOn = false
04-04 04:29:55.385 W/ActivityManager( 1152): Slow operation: 1989ms so far, now at startProcess: returned from zygote!
04-04 04:29:55.385 W/ActivityManager( 1152): Slow operation: 1989ms so far, now at startProcess: done updating battery stats
04-04 04:29:55.385 W/ActivityManager( 1152): Slow operation: 1989ms so far, now at startProcess: building log message
04-04 04:29:55.385 I/ActivityManager( 1152): Start proc 2607:com.qualcomm.qti.qdma/1000 for added application com.qualcomm.qti.qdma
04-04 04:29:55.385 W/ActivityManager( 1152): Slow operation: 1989ms so far, now at startProcess: starting to update pids map
04-04 04:29:55.386 W/ActivityManager( 1152): Slow operation: 1990ms so far, now at startProcess: done updating pids map
04-04 04:29:55.386 W/ActivityManager( 1152): Slow operation: 1718ms so far, now at startProcess: asking zygote to start proc
04-04 04:29:55.397 D/SystemUIBootTiming( 2002): StartServicescom.android.systemui.volume.VolumeUI took to complete: 377ms
04-04 04:29:55.400 W/NotificationHistory( 1152): Attempted to add notif for locked/gone/disabled user 0
04-04 04:29:55.406 D/CompanionDeviceManagerService( 1152): Received BT state transition broadcast: OFF -> BLE_TURNING_ON
01-01 08:00:53.111 D/cnss ( 0): IOMMU map: iova b0000000, len 4096
01-01 08:00:53.111 D/cnss ( 0): IOMMU map: iova_addr b0000040
01-01 08:00:53.111 D/cnss ( 0): dma-coherent is enabled
01-01 08:00:53.111 D/cnss ( 0): IOMMU map: iova b0001000, len 4096
01-01 08:00:53.111 D/cnss ( 0): IOMMU map: iova_addr b0001018
01-01 08:00:53.113 I/input ( 0): Remote Mouse Controller as /devices/virtual/input/input4
01-01 08:00:53.127 I/input ( 0): Remote Keyboard Controller as /devices/virtual/input/input5
01-01 08:00:53.127 E/bt_ioctl( 0): BT_CMD_PWR_CTRL pwr_cntrl:0
01-01 08:00:53.128 E/[kworke][0x3cb0670e][04:29:55.549529] wlan( 0): [340:E:TXRX] dp_rxdma_ring_config: 5022: DBS enabled max_mac_rings 2
01-01 08:00:53.133 E/bt_ioctl( 0): BT state already:0 no change done
01-01 08:00:53.135 I/binder ( 0): 2623:2623 ioctl 40046210 7ffe7f3634 returned -22
01-01 08:00:53.143 E/[kworke][0x3cb4fd0b][04:29:55.565184] wlan( 0): [340:E:TXRX] dp_rxdma_ring_config: 5033: pdev_id 0 max_mac_rings 2
01-01 08:00:53.143 E/[kworke][0x3cb50007][04:29:55.565223] wlan( 0): [340:E:TXRX] dp_rxdma_ring_config: 5050: mac_id 0
01-01 08:00:53.144 E/[kworke][0x3cb5490b][04:29:55.566196] wlan( 0): [340:E:TXRX] dp_rxdma_ring_config: 5050: mac_id 1
01-01 08:00:53.153 E/bt_ioctl( 0): BT_CMD_PWR_CTRL pwr_cntrl:1
01-01 08:00:53.166 I/[kworke][0x3cbb9932][04:29:55.587745] wlan( 0): [340:I:POLICY_MGR] policy_mgr_update_5g_scc_prefer: 398: overwrite pm_second_connection_pcl_dbs_2x2_table, index 2 mode 3 system prefer 0 new pcl 6
01-01 08:00:53.181 I/bt_power vendor( 0): bt_qca6390: Linked as a consumer to regulator.9
01-01 08:00:53.183 I/[kworke][0x3cc094b3][04:29:55.604752] wlan( 0): [340:I:POLICY_MGR] policy_mgr_update_5g_scc_prefer: 404: overwrite pm_second_connection_pcl_dbs_2x2_table, index 3 mode 3 system prefer 0 new pcl 6
04-04 04:29:55.446 D/CompatibilityChangeReporter( 1152): Compat change id reported: 182478738; UID 1073; state: DISABLED
01-01 08:00:53.191 E/bt_vreg_enable( 0): vreg_en successful for : qca,bt-vdd-aon
04-04 04:29:55.455 W/ActivityManager( 1152): Slow operation: 1788ms so far, now at startProcess: returned from zygote!
04-04 04:29:55.456 W/ActivityManager( 1152): Slow operation: 1788ms so far, now at startProcess: done updating battery stats
04-04 04:29:55.456 W/ActivityManager( 1152): Slow operation: 1788ms so far, now at startProcess: building log message
04-04 04:29:55.456 I/ActivityManager( 1152): Start proc 2623:com.android.settings/1000 for top-activity {com.android.settings/com.android.settings.FallbackHome}
04-04 04:29:55.456 W/ActivityManager( 1152): Slow operation: 1788ms so far, now at startProcess: starting to update pids map
04-04 04:29:55.457 W/ActivityManager( 1152): Slow operation: 1789ms so far, now at startProcess: done updating pids map
04-04 04:29:55.457 W/ActivityManager( 1152): Slow operation: 1663ms so far, now at startProcess: asking zygote to start proc
04-04 04:29:55.457 D/CompatibilityChangeReporter( 1152): Compat change id reported: 143937733; UID 10098; state: ENABLED
04-04 04:29:55.460 I/DropBoxManagerService( 1152): add tag=system_app_strictmode isTagEnabled=true flags=0x2
01-01 08:00:53.192 I/binder ( 0): 2658:2658 ioctl 40046210 7ffe7f3634 returned -22
01-01 08:00:53.193 E/[kworke][0x3cc383fb][04:29:55.614768] wlan( 0): [340:E:REGULATORY] reg_freq_width_to_chan_op_class: 512: no op class for frequency 5745
01-01 08:00:53.195 I/[kworke][0x3cc435a2][04:29:55.617137] wlan( 0): [340:I:HIF] hif_pm_runtime_start: Enabling RUNTIME PM, Delay: 500 ms
01-01 08:00:53.207 I/bt_power vendor( 0): bt_qca6390: Linked as a consumer to regulator.51
04-04 04:29:55.484 I/DropBoxManagerService( 1152): add tag=system_app_strictmode isTagEnabled=true flags=0x2
01-01 08:00:53.211 E/bt_vreg_enable( 0): vreg_en successful for : qca,bt-vdd-dig
01-01 08:00:53.216 I/binder ( 0): 2671:2671 ioctl 40046210 7ffe7f3634 returned -22
01-01 08:00:53.223 I/bt_power vendor( 0): bt_qca6390: Linked as a consumer to regulator.8
01-01 08:00:53.223 E/bt_vreg_enable( 0): vreg_en successful for : qca,bt-vdd-rfa1
01-01 08:00:53.239 I/bt_power vendor( 0): bt_qca6390: Linked as a consumer to regulator.36
01-01 08:00:53.239 E/bt_vreg_enable( 0): vreg_en successful for : qca,bt-vdd-rfa2
01-01 08:00:53.244 E/cnss_utils( 0): WLAN MAC address is not set, type 0
01-01 08:00:53.247 I/bt_power vendor( 0): bt_qca6390: Linked as a consumer to regulator.27
01-01 08:00:53.252 W/cnss_pci 0000( 0): 01:00.0: Falling back to syfs fallback for: wlan/qca_cld/qca6390/wlan_mac.bin
01-01 08:00:53.253 E/bt_vreg_enable( 0): vreg_en successful for : qca,bt-vdd-asd
04-04 04:29:55.489 I/DropBoxManagerService( 1152): add tag=system_app_strictmode isTagEnabled=true flags=0x2
04-04 04:29:55.490 I/DropBoxManagerService( 1152): add tag=system_app_strictmode isTagEnabled=true flags=0x2
04-04 04:29:55.519 D/CompatibilityChangeReporter( 1152): Compat change id reported: 168419799; UID 1000; state: DISABLED
04-04 04:29:55.524 W/ContextImpl( 2524): Calling a method in the system process without a qualified user: android.app.ContextImpl.startService:1816 android.content.ContextWrapper.startService:774 com.thundercomm.tcservice.TCService.init:46 com.thundercomm.tcservice.TCService.onCreate:33 android.app.ActivityThread.handleCreateService:4488
04-04 04:29:55.532 I/ConnectivityModuleConnector( 1152): Networking module service connected
04-04 04:29:55.536 W/Looper ( 1152): Drained
04-04 04:29:55.540 W/ActivityManager( 1152): Slow operation: 1746ms so far, now at startProcess: returned from zygote!
04-04 04:29:55.540 W/ActivityManager( 1152): Slow operation: 1747ms so far, now at startProcess: done updating battery stats
04-04 04:29:55.541 W/ActivityManager( 1152): Slow operation: 1747ms so far, now at startProcess: building log message
04-04 04:29:55.541 I/ActivityManager( 1152): Start proc 2658:android.ext.services/u0a98 for service {android.ext.services/android.ext.services.autofill.InlineSuggestionRenderServiceImpl}
04-04 04:29:55.541 W/ActivityManager( 1152): Slow operation: 1747ms so far, now at startProcess: starting to update pids map
04-04 04:29:55.541 W/ActivityManager( 1152): Slow operation: 1747ms so far, now at startProcess: done updating pids map
04-04 04:29:55.541 W/ActivityManager( 1152): Slow operation: 1578ms so far, now at startProcess: asking zygote to start proc
04-04 04:29:55.541 D/CompatibilityChangeReporter( 1152): Compat change id reported: 143937733; UID 10068; state: ENABLED
01-01 08:00:53.309 I/[kworke][0x3ce55aa4][04:29:55.730269] wlan( 0): [340:I:HDD] hdd_initialize_mac_address: 12589: using default MAC address
04-04 04:29:55.572 W/ActivityManager( 1152): Slow operation: 1609ms so far, now at startProcess: returned from zygote!
04-04 04:29:55.573 W/ActivityManager( 1152): Slow operation: 1610ms so far, now at startProcess: done updating battery stats
04-04 04:29:55.573 W/ActivityManager( 1152): Slow operation: 1610ms so far, now at startProcess: building log message
04-04 04:29:55.573 I/ActivityManager( 1152): Start proc 2671:com.thundercomm.gamemode.provider/u0a68 for content provider {com.thundercomm.gamemode.provider/com.thundercomm.gamemode.provider.SettingsProvider}
04-04 04:29:55.573 W/ActivityManager( 1152): Slow operation: 1610ms so far, now at startProcess: starting to update pids map
04-04 04:29:55.580 W/ActivityManager( 1152): Slow operation: 1617ms so far, now at startProcess: done updating pids map
04-04 04:29:55.580 W/ActivityManager( 1152): Slow operation: 578ms so far, now at startProcess: asking zygote to start proc
04-04 04:29:55.580 D/CompatibilityChangeReporter( 1152): Compat change id reported: 143937733; UID 10083; state: ENABLED
01-01 08:00:53.328 I/bt_configure_gpios( 0): BTON:Turn Bt Off bt-reset-gpio(1121) value(0)
01-01 08:00:53.328 I/bt_configure_gpios( 0): BTON:Turn Bt Off
01-01 08:00:53.328 I/bt_configure_gpios( 0): bt-sw-ctrl-gpio(1224) value(1)
01-01 08:00:53.328 I/bt_enable_bt_reset_gpios_safely( 0): bt_enable_bt_reset_gpios_safely: BTON:Turn Bt On
01-01 08:00:53.328 I/bt_enable_bt_reset_gpios_safely( 0): bt_enable_bt_reset_gpios_safely: wl-reset-gpio(1120) value(1)
01-01 08:00:53.328 I/bt_enable_bt_reset_gpios_safely( 0): bt_enable_bt_reset_gpios_safely: BTON: Asserting BT_EN
04-04 04:29:55.619 D/CompatibilityChangeReporter( 1152): Compat change id reported: 168419799; UID 1000; state: DISABLED
04-04 04:29:55.676 D/CompatibilityChangeReporter( 1152): Compat change id reported: 168419799; UID 10068; state: DISABLED
04-04 04:29:55.687 D/CompatibilityChangeReporter( 1152): Compat change id reported: 168419799; UID 10098; state: DISABLED
04-04 04:29:55.708 W/ActivityManager( 1152): Slow operation: 706ms so far, now at startProcess: returned from zygote!
04-04 04:29:55.708 W/ActivityManager( 1152): Slow operation: 706ms so far, now at startProcess: done updating battery stats
04-04 04:29:55.708 W/ActivityManager( 1152): Slow operation: 706ms so far, now at startProcess: building log message
04-04 04:29:55.708 I/ActivityManager( 1152): Start proc 2715:com.android.launcher3/u0a83 for service {com.android.launcher3/com.android.quickstep.TouchInteractionService}
04-04 04:29:55.708 W/ActivityManager( 1152): Slow operation: 706ms so far, now at startProcess: starting to update pids map
04-04 04:29:55.708 W/ActivityManager( 1152): Slow operation: 706ms so far, now at startProcess: done updating pids map
04-04 04:29:55.749 D/CompatibilityChangeReporter( 1152): Compat change id reported: 171306433; UID 1073; state: ENABLED
04-04 04:29:55.756 I/StatusBarManagerService( 1152): registerStatusBar bar=com.android.internal.statusbar.IStatusBar$Stub$Proxy@35e2d06
04-04 04:29:55.762 I/DropBoxManagerService( 1152): add tag=system_server_wtf isTagEnabled=true flags=0x2
01-01 08:00:53.363 I/binder ( 0): 2715:2715 ioctl 40046210 7ffe7f3634 returned -22
01-01 08:00:53.384 I/bt_configure_gpios( 0): BTON:Turn Bt On bt-reset-gpio(1121) value(1)
04-04 04:29:55.823 I/ExplicitHealthCheckController( 1152): Explicit health check service is connected ComponentInfo{android.ext.services/android.ext.services.watchdog.ExplicitHealthCheckServiceImpl}
04-04 04:29:55.824 I/ExplicitHealthCheckController( 1152): Service initialized, syncing requests
04-04 04:29:55.824 I/PackageWatchdog( 1152): Syncing health check requests for packages: {}
04-04 04:29:55.824 D/ExplicitHealthCheckController( 1152): Getting health check supported packages
01-01 08:00:53.384 I/bt_configure_gpios( 0): BTON:Turn Bt On
01-01 08:00:53.385 I/bt_configure_gpios( 0): bt-sw-ctrl-gpio(1224) value(1)
01-01 08:00:53.385 I/bt_configure_gpios( 0): bt_gpio= 1121 on: 1 is successful
01-01 08:00:53.413 E/[kworke][0x3d041509][04:29:55.835154] wlan( 0): [340:E:QDF] qdf_mutex_create: already initialized lock
01-01 08:00:53.425 E/[kworke][0x3d0779c0][04:29:55.846737] wlan( 0): [340:E:HDD] hdd_open_adapter: 6512: Interface p2p0 wow debug_fs init failed
04-04 04:29:55.839 I/DropBoxManagerService( 1152): add tag=system_app_strictmode isTagEnabled=true flags=0x2
04-04 04:29:55.851 D/CompatibilityChangeReporter( 1152): Compat change id reported: 168419799; UID 10083; state: DISABLED
04-04 04:29:55.851 I/DropBoxManagerService( 1152): add tag=system_app_strictmode isTagEnabled=true flags=0x2
04-04 04:29:55.856 I/DropBoxManagerService( 1152): add tag=system_app_strictmode isTagEnabled=true flags=0x2
04-04 04:29:55.858 I/DropBoxManagerService( 1152): add tag=system_app_strictmode isTagEnabled=true flags=0x2
04-04 04:29:55.882 I/ExplicitHealthCheckController( 1152): Explicit health check supported packages [PackageConfig{com.android.networkstack, 86400000}]
04-04 04:29:55.882 D/PackageWatchdog( 1152): Received supported packages [PackageConfig{com.android.networkstack, 86400000}]
04-04 04:29:55.882 D/ExplicitHealthCheckController( 1152): Getting health check requested packages
04-04 04:29:55.884 V/NotificationAssistants( 1152): 0 notification assistant service connected: ComponentInfo{android.ext.services/android.ext.services.notification.Assistant}
04-04 04:29:55.894 I/ExplicitHealthCheckController( 1152): Explicit health check requested packages []
04-04 04:29:55.894 I/ExplicitHealthCheckController( 1152): No more health check requests, unbinding...
04-04 04:29:55.895 I/ExplicitHealthCheckController( 1152): Explicit health check service is unbound
01-01 08:00:53.471 E/[kworke][0x3d150f8e][04:29:55.893107] wlan( 0): [340:E:QDF] qdf_mutex_create: already initialized lock
01-01 08:00:53.473 E/bt_ioctl( 0): unified Current SOC Version : 400a0200
01-01 08:00:53.484 E/[kworke][0x3d18b634][04:29:55.905569] wlan( 0): [340:E:HDD] hdd_open_adapter: 6512: Interface wifi-aware0 wow debug_fs init failed
01-01 08:00:53.512 D/cnss ( 0): Host time = 53415450 us, device time = 3813100 us, offset = 49602350 us
01-01 08:00:53.512 D/cnss ( 0): Updated time sync regs [0x984] = 0x2f4df2e, [0x988] = 0x0
01-01 08:00:53.513 D/cnss ( 0): Removing vote for Regulator vdd-wlan-rfa2
01-01 08:00:53.513 D/cnss ( 0): Removing vote for Regulator vdd-wlan-rfa1
01-01 08:00:53.513 D/cnss ( 0): Removing vote for Regulator vdd-wlan-dig
01-01 08:00:53.513 D/cnss ( 0): Removing vote for Regulator vdd-wlan-aon
01-01 08:00:53.513 D/cnss ( 0): Removing vote for Regulator vdd-wlan-io
01-01 08:00:53.513 D/cnss ( 0): PM relax, state: 0x107, count: 0
01-01 08:00:53.520 I/binder ( 0): 2607:2607 ioctl 40046210 7ffe7f1614 returned -22
04-04 04:29:55.952 I/android.hardware.wifi@1.0-service( 958): Wifi HAL started
01-01 08:00:53.536 I/ ( 0): Wifi Turning On from UI
01-01 08:00:53.546 I/[wifi@1][0x3d2acfbe][04:29:55.967350] wlan( 0): [958:I:DP] dp_vdev_attach_wifi3: wlan_cfg_ap_bridge_enabled 0
01-01 08:00:53.546 I/[wifi@1][0x3d2ad4e8][04:29:55.967419] wlan( 0): [958:I:DP] 00000000: cb ba 70 26 4e e8 ab 3b e7 3e d5 8c 32 7d 5a 8b
01-01 08:00:53.546 I/[wifi@1][0x3d2ad57a][04:29:55.967426] wlan( 0): [958:I:DP] 00000010: 7a 9f bf 9a
01-01 08:00:53.546 I/[wifi@1][0x3d2ad62d][04:29:55.967436] wlan( 0): [958:I:DP] 00000000: fa ff 2a a7 0e fd 2a 45 30 6f 98 a9 35 a5 9c 0e
01-01 08:00:53.546 I/[wifi@1][0x3d2ad6ae][04:29:55.967442] wlan( 0): [958:I:DP] 00000010: ad 64 6f 4c 3c 41 88 89 ce d3 55 eb 5c c1 f1 9d
01-01 08:00:53.546 I/[wifi@1][0x3d2ad72d][04:29:55.967449] wlan( 0): [958:I:DP] 00000020: d4 ce a7 2e 78 34 4c b9 6c 96 b6 01
01-01 08:00:53.565 I/IPv6 ( 0): ADDRCONF(NETDEV_UP): wlan0: link is not ready
01-01 08:00:53.583 I/[lowi-s][0x3d35b857][04:29:56.004584] wlan( 0): [1534:I:wifipos] wifi_pos_get_ch_info: 461: num channels: 26
04-04 04:29:56.006 I/android.hardware.wifi@1.0-service( 958): Adding interface handle for wlan0
04-04 04:29:56.006 I/android.hardware.wifi@1.0-service( 958): Adding interface handle for wifi-aware0
04-04 04:29:56.006 I/android.hardware.wifi@1.0-service( 958): Adding interface handle for p2p0
04-04 04:29:56.006 W/android.hardware.wifi@1.0-service( 958): No active wlan interfaces in use! Using default
04-04 04:29:56.007 W/android.hardware.wifi@1.0-service( 958): No active wlan interfaces in use! Using default
04-04 04:29:56.022 I/android.hardware.wifi@1.0-service( 958): Configured chip in mode 3
04-04 04:29:56.022 W/android.hardware.wifi@1.0-service( 958): No active wlan interfaces in use! Using default
04-04 04:29:56.045 I/DropBoxManagerService( 1152): add tag=system_app_strictmode isTagEnabled=true flags=0x2
04-04 04:29:56.050 I/DropBoxManagerService( 1152): add tag=system_app_strictmode isTagEnabled=true flags=0x2
04-04 04:29:56.052 I/DropBoxManagerService( 1152): add tag=system_app_strictmode isTagEnabled=true flags=0x2
01-01 08:00:53.618 E/[wifi@1][0x3d3f7235][04:29:56.037783] wlan( 0): [2757:E:wifipos] wifi_pos_process_app_reg_req: 608: Received App Req Req pid(-822082626), len(16)
04-04 04:29:56.056 I/DropBoxManagerService( 1152): add tag=system_app_strictmode isTagEnabled=true flags=0x2
01-01 08:00:53.636 I/[wifi@1][0x3d45604e][04:29:56.058024] wlan( 0): [2757:I:wifipos] wifi_pos_get_ch_info: 461: num channels: 26
01-01 08:00:53.642 I/[wifi@1][0x3d472045][04:29:56.063997] wlan( 0): [2757:I:wifipos] wifi_pos_get_ch_info: 461: num channels: 26
01-01 08:00:53.652 I/binder ( 0): 2623:2746 ioctl 40046210 6d8ad171f4 returned -22
04-04 04:29:56.080 I/wificond( 1306): createClientInterface: wiphy_index 0 iface_name wlan0
04-04 04:29:56.081 I/wificond( 1306): create scanner for interface with index: 17
04-04 04:29:56.081 I/wificond( 1306): subscribe scan result for interface with index: 17
04-04 04:29:56.081 I/wificond( 1306): add channel type 0 support at wiphy index: 0
04-04 04:29:56.081 I/wificond( 1306): add channel type 1 support at wiphy index: 0
04-04 04:29:56.131 I/ActivityManagerTiming( 1152): FinishBooting
04-04 04:29:56.135 W/KeyguardServiceDelegate( 1152): onScreenTurningOn(): no keyguard service!
04-04 04:29:56.138 D/CompatibilityChangeReporter( 1152): Compat change id reported: 135634846; UID 10086; state: DISABLED
04-04 04:29:56.138 D/CompatibilityChangeReporter( 1152): Compat change id reported: 177438394; UID 10086; state: DISABLED
04-04 04:29:56.138 D/CompatibilityChangeReporter( 1152): Compat change id reported: 135772972; UID 10086; state: DISABLED
04-04 04:29:56.138 D/CompatibilityChangeReporter( 1152): Compat change id reported: 135754954; UID 10086; state: ENABLED
04-04 04:29:56.140 D/CompatibilityChangeReporter( 1152): Compat change id reported: 143937733; UID 10086; state: ENABLED
04-04 04:29:56.173 I/ActivityManager( 1152): Start proc 2775:com.qualcomm.qti.qccauthmgr/u0a86 for content provider {com.qualcomm.qti.qccauthmgr/com.qualcomm.qti.qccauthmgr.providers.SMQContentProvider}
04-04 04:29:56.196 D/CompatibilityChangeReporter( 1152): Compat change id reported: 168419799; UID 10084; state: DISABLED
04-04 04:29:56.209 I/DropBoxManagerService( 1152): add tag=system_app_strictmode isTagEnabled=true flags=0x2
04-04 04:29:56.215 I/DropBoxManagerService( 1152): add tag=system_app_strictmode isTagEnabled=true flags=0x2
04-04 04:29:56.220 I/DropBoxManagerService( 1152): add tag=system_server_strictmode isTagEnabled=true flags=0x2
04-04 04:29:56.227 I/DropBoxManagerService( 1152): add tag=system_server_strictmode isTagEnabled=true flags=0x2
04-04 04:29:56.228 I/DropBoxManagerService( 1152): add tag=system_app_strictmode isTagEnabled=true flags=0x2
01-01 08:00:53.843 I/binder ( 0): 2775:2775 ioctl 40046210 7ffe7f3634 returned -22
04-04 04:29:56.273 D/CompatibilityChangeReporter( 1152): Compat change id reported: 168419799; UID 10086; state: DISABLED
04-04 04:29:56.299 D/SystemUIBootTiming( 2002): StartServicescom.android.systemui.statusbar.phone.StatusBar took to complete: 901ms
04-04 04:29:56.302 W/ActivityThread( 2002): Failed to find provider info for com.android.contacts (user not unlocked)
04-04 04:29:56.306 D/SystemUIBootTiming( 2002): StartServicescom.android.systemui.usb.StorageNotification took to complete: 8ms
04-04 04:29:56.319 D/SystemUIBootTiming( 2002): StartServicescom.android.systemui.power.PowerUI took to complete: 12ms
04-04 04:29:56.323 D/SystemUIBootTiming( 2002): StartServicescom.android.systemui.media.RingtonePlayer took to complete: 4ms
04-04 04:29:56.324 D/SystemUIBootTiming( 2002): StartServicescom.android.systemui.keyboard.KeyboardUI took to complete: 1ms
04-04 04:29:56.324 D/SystemUIBootTiming( 2002): StartServicescom.android.systemui.shortcut.ShortcutKeyDispatcher took to complete: 1ms
04-04 04:29:56.324 D/SystemUIBootTiming( 2002): StartServicescom.android.systemui.VendorServices took to complete: 0ms
04-04 04:29:56.325 D/SystemUIBootTiming( 2002): StartServicescom.android.systemui.util.leak.GarbageMonitor$Service took to complete: 0ms
04-04 04:29:56.325 D/SystemUIBootTiming( 2002): StartServicescom.android.systemui.LatencyTester took to complete: 0ms
04-04 04:29:56.327 D/SystemUIBootTiming( 2002): StartServicescom.android.systemui.globalactions.GlobalActionsComponent took to complete: 2ms
04-04 04:29:56.328 D/SystemUIBootTiming( 2002): StartServicescom.android.systemui.ScreenDecorations took to complete: 1ms
04-04 04:29:56.330 D/SystemUIBootTiming( 2002): StartServicescom.android.systemui.biometrics.AuthController took to complete: 2ms
04-04 04:29:56.330 D/SystemUIBootTiming( 2002): StartServicescom.android.systemui.SliceBroadcastRelayHandler took to complete: 0ms
04-04 04:29:56.331 D/SystemUIBootTiming( 2002): StartServicescom.android.systemui.statusbar.notification.InstantAppNotifier took to complete: 1ms
04-04 04:29:56.333 D/SystemUIBootTiming( 2002): StartServicescom.android.systemui.theme.ThemeOverlayController took to complete: 2ms
04-04 04:29:56.333 D/SystemUIBootTiming( 2002): StartServicescom.android.systemui.accessibility.WindowMagnification took to complete: 0ms
04-04 04:29:56.338 D/SystemUIBootTiming( 2002): StartServicescom.android.systemui.accessibility.SystemActions took to complete: 5ms
04-04 04:29:56.338 D/SystemUIBootTiming( 2002): StartServicescom.android.systemui.toast.ToastUI took to complete: 0ms
04-04 04:29:56.339 D/SystemUIBootTiming( 2002): StartServicescom.android.systemui.wmshell.WMShell took to complete: 1ms
04-04 04:29:56.351 D/CompatibilityChangeReporter( 1152): Compat change id reported: 171306433; UID 1000; state: ENABLED
04-04 04:29:56.398 D/SystemUIBootTiming( 2002): StartServicescom.android.systemui.ShowWindowUtil took to complete: 59ms
04-04 04:29:56.405 D/SystemUIBootTiming( 2002): StartServices took to complete: 1691ms
01-01 08:00:54.075 I/[schedu][0x3dc5eba3][04:29:56.496788] wlan( 0): [2281:I:HIF] Deinitializing Runtime PM wakelock &vdev->vdev_set_key_runtime_wakelock
01-01 08:00:54.078 I/[schedu][0x3dc6b8b9][04:29:56.499523] wlan( 0): [2281:I:HIF] Initializing Runtime PM wakelock &vdev->vdev_set_key_runtime_wakelock
04-04 04:29:56.532 W/ActivityThread( 2002): Failed to find provider info for com.android.contacts (user not unlocked)
04-04 04:29:56.556 W/ActivityThread( 2002): Failed to find provider info for com.android.contacts (user not unlocked)
01-01 08:00:54.144 I/[wifi@1][0x3dda23bf][04:29:56.565803] wlan( 0): [958:I:DP] dp_vdev_attach_wifi3: wlan_cfg_ap_bridge_enabled 0
04-04 04:29:56.594 W/ActivityThread( 2002): Failed to find provider info for com.android.contacts (user not unlocked)
01-01 08:00:54.169 E/[wifi@1][0x3de177f5][04:29:56.590819] wlan( 0): [2757:E:wifipos] wifi_pos_process_app_reg_req: 608: Received App Req Req pid(-822082626), len(16)
01-01 08:00:54.192 I/[wifi@1][0x3de81f7e][04:29:56.613535] wlan( 0): [2757:I:wifipos] wifi_pos_get_ch_info: 461: num channels: 26
01-01 08:00:54.194 I/[wifi@1][0x3de8c6bd][04:29:56.615763] wlan( 0): [2757:I:wifipos] wifi_pos_get_ch_info: 461: num channels: 26
01-01 08:00:54.384 I/[schedu][0x3e208292][04:29:56.806001] wlan( 0): [2281:I:OSIF] scan start scan id 40961
04-04 04:29:56.844 W/BatteryExternalStatsWorker( 1152): error reading modem stats:ERROR_PHONE_NOT_AVAILABLE
04-04 04:29:56.849 W/Looper ( 1152): Slow dispatch took 401ms main h=android.app.ActivityThread$H c=android.app.LoadedApk$ReceiverDispatcher$Args$$ExternalSyntheticLambda0@a7728f8 m=0
04-04 04:29:56.849 W/Looper ( 1152): Slow delivery took 400ms main h=android.app.ActivityThread$H c=android.app.LoadedApk$ReceiverDispatcher$Args$$ExternalSyntheticLambda0@b0831d1 m=0
04-04 04:29:56.853 W/Looper ( 1152): Drained
04-04 04:29:56.895 E/KernelCpuSpeedReader( 1152): Failed to read cpu-freq: /sys/devices/system/cpu/cpu4/cpufreq/stats/time_in_state: open failed: ENOENT (No such file or directory)
04-04 04:29:56.895 E/KernelCpuSpeedReader( 1152): Failed to read cpu-freq: /sys/devices/system/cpu/cpu0/cpufreq/stats/time_in_state: open failed: ENOENT (No such file or directory)
04-04 04:29:56.897 W/BatteryStatsImpl( 1152): Attempted to remove untracked isolated uid (1037)
04-04 04:29:57.020 I/ActivityManagerTiming( 1152): FinishBooting
04-04 04:29:57.031 I/ActivityManager( 1152): About to commit checkpoint
04-04 04:29:57.032 W/ActivityManager( 1152): FinishBooting sync begin
01-01 08:00:54.631 E/bt_ioctl( 0): BT_CMD_PWR_CTRL pwr_cntrl:2
01-01 08:00:54.636 E/bt_vreg_unvote( 0): vreg_unvote successful for : qca,bt-vdd-rfa2
01-01 08:00:54.644 E/bt_vreg_unvote( 0): vreg_unvote successful for : qca,bt-vdd-rfa1
04-04 04:29:57.053 W/ActivityManager( 1152): FinishBooting sync end
04-04 04:29:57.054 I/SystemServiceManager( 1152): Starting phase 1000
04-04 04:29:57.054 I/ActivityManagerTiming( 1152): OnBootPhase_1000
04-04 04:29:57.054 I/ActivityManagerTiming( 1152): OnBootPhase_1000_com.android.server.security.FileIntegrityService
04-04 04:29:57.054 D/ActivityManagerTiming( 1152): OnBootPhase_1000_com.android.server.security.FileIntegrityService took to complete: 0ms
04-04 04:29:57.054 I/ActivityManagerTiming( 1152): OnBootPhase_1000_com.android.server.pm.Installer
04-04 04:29:57.054 D/ActivityManagerTiming( 1152): OnBootPhase_1000_com.android.server.pm.Installer took to complete: 0ms
04-04 04:29:57.054 I/ActivityManagerTiming( 1152): OnBootPhase_1000_com.android.server.os.DeviceIdentifiersPolicyService
04-04 04:29:57.054 D/ActivityManagerTiming( 1152): OnBootPhase_1000_com.android.server.os.DeviceIdentifiersPolicyService took to complete: 0ms
04-04 04:29:57.054 I/ActivityManagerTiming( 1152): OnBootPhase_1000_com.android.server.uri.UriGrantsManagerService$Lifecycle
04-04 04:29:57.055 D/ActivityManagerTiming( 1152): OnBootPhase_1000_com.android.server.uri.UriGrantsManagerService$Lifecycle took to complete: 0ms
04-04 04:29:57.055 I/ActivityManagerTiming( 1152): OnBootPhase_1000_com.android.server.powerstats.PowerStatsService
04-04 04:29:57.055 E/PowerStatsService( 1152): Failed to start PowerStatsService loggers
04-04 04:29:57.055 D/ActivityManagerTiming( 1152): OnBootPhase_1000_com.android.server.powerstats.PowerStatsService took to complete: 0ms
04-04 04:29:57.055 I/ActivityManagerTiming( 1152): OnBootPhase_1000_com.android.server.wm.ActivityTaskManagerService$Lifecycle
04-04 04:29:57.056 D/ActivityManagerTiming( 1152): OnBootPhase_1000_com.android.server.wm.ActivityTaskManagerService$Lifecycle took to complete: 0ms
04-04 04:29:57.056 I/ActivityManagerTiming( 1152): OnBootPhase_1000_com.android.server.am.ActivityManagerService$Lifecycle
04-04 04:29:57.056 D/ActivityManagerTiming( 1152): OnBootPhase_1000_com.android.server.am.ActivityManagerService$Lifecycle took to complete: 0ms
04-04 04:29:57.056 I/ActivityManagerTiming( 1152): OnBootPhase_1000_com.android.server.pm.DataLoaderManagerService
04-04 04:29:57.056 D/ActivityManagerTiming( 1152): OnBootPhase_1000_com.android.server.pm.DataLoaderManagerService took to complete: 0ms
04-04 04:29:57.056 I/ActivityManagerTiming( 1152): OnBootPhase_1000_com.android.server.power.PowerManagerService
04-04 04:29:57.064 D/ActivityManagerTiming( 1152): OnBootPhase_1000_com.android.server.power.PowerManagerService took to complete: 8ms
04-04 04:29:57.064 I/ActivityManagerTiming( 1152): OnBootPhase_1000_com.android.server.power.ThermalManagerService
04-04 04:29:57.064 D/ActivityManagerTiming( 1152): OnBootPhase_1000_com.android.server.power.ThermalManagerService took to complete: 0ms
04-04 04:29:57.064 I/ActivityManagerTiming( 1152): OnBootPhase_1000_com.android.server.power.hint.HintManagerService
04-04 04:29:57.064 D/ActivityManagerTiming( 1152): OnBootPhase_1000_com.android.server.power.hint.HintManagerService took to complete: 0ms
04-04 04:29:57.064 I/ActivityManagerTiming( 1152): OnBootPhase_1000_com.android.server.recoverysystem.RecoverySystemService$Lifecycle
04-04 04:29:57.064 D/ActivityManagerTiming( 1152): OnBootPhase_1000_com.android.server.recoverysystem.RecoverySystemService$Lifecycle took to complete: 0ms
04-04 04:29:57.064 I/ActivityManagerTiming( 1152): OnBootPhase_1000_com.android.server.lights.LightsService
04-04 04:29:57.064 D/ActivityManagerTiming( 1152): OnBootPhase_1000_com.android.server.lights.LightsService took to complete: 0ms
04-04 04:29:57.064 I/ActivityManagerTiming( 1152): OnBootPhase_1000_com.android.server.display.DisplayManagerService
04-04 04:29:57.065 V/DisplayPowerController[0]( 1152): Brightness [1.0] reason changing to: 'manual', previous reason: 'override'.
04-04 04:29:57.066 D/ActivityManagerTiming( 1152): OnBootPhase_1000_com.android.server.display.DisplayManagerService took to complete: 1ms
04-04 04:29:57.066 I/ActivityManagerTiming( 1152): OnBootPhase_1000_com.android.server.pm.verify.domain.DomainVerificationService
04-04 04:29:57.066 D/ActivityManagerTiming( 1152): OnBootPhase_1000_com.android.server.pm.verify.domain.DomainVerificationService took to complete: 0ms
04-04 04:29:57.066 I/ActivityManagerTiming( 1152): OnBootPhase_1000_com.android.server.pm.PackageInstallerService$Lifecycle
04-04 04:29:57.066 D/ActivityManagerTiming( 1152): OnBootPhase_1000_com.android.server.pm.PackageInstallerService$Lifecycle took to complete: 0ms
04-04 04:29:57.066 I/ActivityManagerTiming( 1152): OnBootPhase_1000_com.android.server.pm.UserManagerService$LifeCycle
04-04 04:29:57.066 D/ActivityManagerTiming( 1152): OnBootPhase_1000_com.android.server.pm.UserManagerService$LifeCycle took to complete: 0ms
04-04 04:29:57.066 I/ActivityManagerTiming( 1152): OnBootPhase_1000_com.android.server.om.OverlayManagerService
04-04 04:29:57.066 D/ActivityManagerTiming( 1152): OnBootPhase_1000_com.android.server.om.OverlayManagerService took to complete: 0ms
04-04 04:29:57.066 I/ActivityManagerTiming( 1152): OnBootPhase_1000_com.android.server.SensorPrivacyService
04-04 04:29:57.066 D/ActivityManagerTiming( 1152): OnBootPhase_1000_com.android.server.SensorPrivacyService took to complete: 0ms
04-04 04:29:57.066 I/ActivityManagerTiming( 1152): OnBootPhase_1000_com.android.server.thunderperf.ThunderBoostPerfService
04-04 04:29:57.066 D/ActivityManagerTiming( 1152): OnBootPhase_1000_com.android.server.thunderperf.ThunderBoostPerfService took to complete: 0ms
04-04 04:29:57.066 I/ActivityManagerTiming( 1152): OnBootPhase_1000_com.android.server.sensors.SensorService
04-04 04:29:57.066 D/ActivityManagerTiming( 1152): OnBootPhase_1000_com.android.server.sensors.SensorService took to complete: 0ms
04-04 04:29:57.066 I/ActivityManagerTiming( 1152): OnBootPhase_1000_com.android.server.SystemConfigService
04-04 04:29:57.066 D/ActivityManagerTiming( 1152): OnBootPhase_1000_com.android.server.SystemConfigService took to complete: 0ms
04-04 04:29:57.066 I/ActivityManagerTiming( 1152): OnBootPhase_1000_com.android.server.BatteryService
04-04 04:29:57.066 D/ActivityManagerTiming( 1152): OnBootPhase_1000_com.android.server.BatteryService took to complete: 0ms
04-04 04:29:57.067 I/ActivityManagerTiming( 1152): OnBootPhase_1000_com.android.server.usage.UsageStatsService
04-04 04:29:57.067 D/ActivityManagerTiming( 1152): OnBootPhase_1000_com.android.server.usage.UsageStatsService took to complete: 0ms
04-04 04:29:57.067 I/ActivityManagerTiming( 1152): OnBootPhase_1000_com.android.server.webkit.WebViewUpdateService
04-04 04:29:57.067 D/ActivityManagerTiming( 1152): OnBootPhase_1000_com.android.server.webkit.WebViewUpdateService took to complete: 0ms
04-04 04:29:57.067 I/ActivityManagerTiming( 1152): OnBootPhase_1000_com.android.server.CachedDeviceStateService
04-04 04:29:57.067 D/ActivityManagerTiming( 1152): OnBootPhase_1000_com.android.server.CachedDeviceStateService took to complete: 0ms
04-04 04:29:57.067 I/ActivityManagerTiming( 1152): OnBootPhase_1000_com.android.server.BinderCallsStatsService$LifeCycle
04-04 04:29:57.067 D/ActivityManagerTiming( 1152): OnBootPhase_1000_com.android.server.BinderCallsStatsService$LifeCycle took to complete: 0ms
04-04 04:29:57.067 I/ActivityManagerTiming( 1152): OnBootPhase_1000_com.android.server.LooperStatsService$Lifecycle
04-04 04:29:57.067 D/ActivityManagerTiming( 1152): OnBootPhase_1000_com.android.server.LooperStatsService$Lifecycle took to complete: 0ms
04-04 04:29:57.067 I/ActivityManagerTiming( 1152): OnBootPhase_1000_com.android.server.rollback.RollbackManagerService
04-04 04:29:57.067 D/AppStandbyController( 1152): Loading headless system app cache. appIdleEnabled=false
04-04 04:29:57.068 D/ActivityManagerTiming( 1152): OnBootPhase_1000_com.android.server.rollback.RollbackManagerService took to complete: 1ms
04-04 04:29:57.068 I/ActivityManagerTiming( 1152): OnBootPhase_1000_com.android.server.os.NativeTombstoneManagerService
04-04 04:29:57.068 D/ActivityManagerTiming( 1152): OnBootPhase_1000_com.android.server.os.NativeTombstoneManagerService took to complete: 0ms
04-04 04:29:57.068 I/ActivityManagerTiming( 1152): OnBootPhase_1000_com.android.server.os.BugreportManagerService
04-04 04:29:57.068 D/ActivityManagerTiming( 1152): OnBootPhase_1000_com.android.server.os.BugreportManagerService took to complete: 0ms
