04-04 04:29:53.388 D/CompatibilityChangeReporter( 1152): Compat change id reported: 135754954; UID 10059; state: DISABLED
01-01 08:00:50.965 W/cnss2 b0000000.qcom,cnss-qca6390( 0): Falling back to syfs fallback for: qca6390/regdb.bin
04-04 04:29:53.393 D/CompatibilityChangeReporter( 1152): Compat change id reported: 135634846; UID 10090; state: DISABLED
04-04 04:29:53.393 D/CompatibilityChangeReporter( 1152): Compat change id reported: 177438394; UID 10090; state: DISABLED
04-04 04:29:53.394 D/CompatibilityChangeReporter( 1152): Compat change id reported: 135772972; UID 10090; state: DISABLED
04-04 04:29:53.394 D/CompatibilityChangeReporter( 1152): Compat change id reported: 135754954; UID 10090; state: DISABLED
04-04 04:29:53.394 D/CompatibilityChangeReporter( 1152): Compat change id reported: 135634846; UID 1068; state: DISABLED
04-04 04:29:53.396 D/CompatibilityChangeReporter( 1152): Compat change id reported: 135634846; UID 10070; state: DISABLED
04-04 04:29:53.396 D/CompatibilityChangeReporter( 1152): Compat change id reported: 177438394; UID 10070; state: DISABLED
04-04 04:29:53.396 D/CompatibilityChangeReporter( 1152): Compat change id reported: 135772972; UID 10070; state: DISABLED
04-04 04:29:53.396 D/CompatibilityChangeReporter( 1152): Compat change id reported: 135754954; UID 10070; state: ENABLED
04-04 04:29:53.397 D/SystemServerTiming( 1152): startPersistentApps took to complete: 13ms
01-01 08:00:50.981 I/ueventd ( 0): firmware: loading 'qca6390/regdb.bin' for '/devices/platform/soc/b0000000.qcom,cnss-qca6390/firmware/qca6390!regdb.bin'
04-04 04:29:53.406 I/SystemServerTiming( 1152): startHomeOnAllDisplays
04-04 04:29:53.407 I/ActivityTaskManager( 1152): START u0 {act=android.intent.action.MAIN cat=[android.intent.category.HOME] flg=0x10000100 cmp=com.android.settings/.FallbackHome (has extras)} from uid 0
04-04 04:29:53.426 D/CompatibilityChangeReporter( 1152): Compat change id reported: 174042980; UID 1000; state: DISABLED
01-01 08:00:50.993 E/ueventd ( 0): firmware: could not find firmware for qca6390/regdb.bin
01-01 08:00:50.994 E/ ( 0): INFO: trying to register non-static key.
01-01 08:00:51.005 E/ ( 0): the code is fine but needs lockdep annotation.
01-01 08:00:51.009 E/ueventd ( 0): firmware: attempted /etc/firmware/qca6390/regdb.bin, open failed: No such file or directory
01-01 08:00:51.011 I/ ( 0): CPU: 7 PID: 338 Comm: kworker/u16:15 Tainted: G S W O 4.19.157+ #1
01-01 08:00:51.011 I/Hardware name( 0): Qualcomm Technologies, Inc. kona MTP-RmPM8150b. VX1(MCE) EVT1 (DT)
01-01 08:00:51.021 I/Workqueue( 0): events_unbound ion_system_secure_heap_prefetch_work
01-01 08:00:51.021 I/Call trace( 0):
01-01 08:00:51.021 I/ ( 0): dump_backtrace+0x0/0x258
01-01 08:00:51.021 I/ ( 0): show_stack+0x20/0x30
01-01 08:00:51.021 I/ ( 0): dump_stack+0xd8/0x12c
01-01 08:00:51.021 I/ ( 0): register_lock_class+0x4d0/0x5c8
01-01 08:00:51.021 I/ ( 0): __lock_acquire+0xbc/0x1e58
01-01 08:00:51.021 I/ ( 0): lock_acquire+0x1cc/0x218
01-01 08:00:51.021 I/ ( 0): _raw_spin_lock_irqsave+0x54/0x98
01-01 08:00:51.021 I/ ( 0): ion_system_secure_heap_prefetch_work+0x94/0x2c0
01-01 08:00:51.021 I/ ( 0): process_one_work+0x38c/0x660
01-01 08:00:51.021 I/ ( 0): worker_thread+0x268/0x4b8
01-01 08:00:51.021 I/ ( 0): kthread+0x140/0x150
01-01 08:00:51.021 I/ ( 0): ret_from_fork+0x10/0x1c
01-01 08:00:51.022 E/ueventd ( 0): firmware: attempted /odm/firmware/qca6390/regdb.bin, open failed: No such file or directory
01-01 08:00:51.026 E/init ( 0): Control message: Could not find 'vendor.qti.hardware.iop@2.0::IIop/default' for ctl.interface_start from pid: 516 (/system/bin/hwservicemanager)
01-01 08:00:51.027 I/binder ( 0): 2096:2096 ioctl 40046210 7ffe7f3634 returned -22
01-01 08:00:51.029 E/ ( 0): INFO: trying to register non-static key.
01-01 08:00:51.029 E/ ( 0): the code is fine but needs lockdep annotation.
01-01 08:00:51.029 I/ ( 0): CPU: 7 PID: 338 Comm: kworker/u16:15 Tainted: G S W O 4.19.157+ #1
01-01 08:00:51.029 I/Hardware name( 0): Qualcomm Technologies, Inc. kona MTP-RmPM8150b. VX1(MCE) EVT1 (DT)
01-01 08:00:51.029 I/Workqueue( 0): events_unbound ion_system_secure_heap_prefetch_work
01-01 08:00:51.029 I/Call trace( 0):
01-01 08:00:51.029 I/ ( 0): dump_backtrace+0x0/0x258
01-01 08:00:51.029 I/ ( 0): show_stack+0x20/0x30
01-01 08:00:51.029 I/ ( 0): dump_stack+0xd8/0x12c
01-01 08:00:51.029 I/ ( 0): register_lock_class+0x4d0/0x5c8
01-01 08:00:51.029 I/ ( 0): __lock_acquire+0xbc/0x1e58
01-01 08:00:51.029 I/ ( 0): lock_acquire+0x1cc/0x218
01-01 08:00:51.029 I/ ( 0): _raw_spin_lock_irqsave+0x54/0x98
01-01 08:00:51.029 I/ ( 0): ion_system_secure_heap_prefetch_work+0x94/0x2c0
01-01 08:00:51.029 I/ ( 0): process_one_work+0x38c/0x660
01-01 08:00:51.029 I/ ( 0): worker_thread+0x268/0x4b8
01-01 08:00:51.029 I/ ( 0): kthread+0x140/0x150
01-01 08:00:51.029 I/ ( 0): ret_from_fork+0x10/0x1c
01-01 08:00:51.032 E/ueventd ( 0): firmware: attempted /vendor/firmware/qca6390/regdb.bin, open failed: No such file or directory
01-01 08:00:51.037 E/ ( 0): INFO: trying to register non-static key.
01-01 08:00:51.037 E/ ( 0): the code is fine but needs lockdep annotation.
01-01 08:00:51.037 I/ ( 0): CPU: 7 PID: 338 Comm: kworker/u16:15 Tainted: G S W O 4.19.157+ #1
01-01 08:00:51.037 I/Hardware name( 0): Qualcomm Technologies, Inc. kona MTP-RmPM8150b. VX1(MCE) EVT1 (DT)
01-01 08:00:51.037 I/Workqueue( 0): events_unbound ion_system_secure_heap_prefetch_work
01-01 08:00:51.037 I/Call trace( 0):
01-01 08:00:51.037 I/ ( 0): dump_backtrace+0x0/0x258
01-01 08:00:51.037 I/ ( 0): show_stack+0x20/0x30
01-01 08:00:51.037 I/ ( 0): dump_stack+0xd8/0x12c
01-01 08:00:51.037 I/ ( 0): register_lock_class+0x4d0/0x5c8
01-01 08:00:51.037 I/ ( 0): __lock_acquire+0xbc/0x1e58
01-01 08:00:51.037 I/ ( 0): lock_acquire+0x1cc/0x218
01-01 08:00:51.037 I/ ( 0): _raw_spin_lock_irqsave+0x54/0x98
01-01 08:00:51.037 I/ ( 0): ion_system_secure_heap_prefetch_work+0x94/0x2c0
01-01 08:00:51.037 I/ ( 0): process_one_work+0x38c/0x660
01-01 08:00:51.037 I/ ( 0): worker_thread+0x268/0x4b8
01-01 08:00:51.037 I/ ( 0): kthread+0x140/0x150
01-01 08:00:51.037 I/ ( 0): ret_from_fork+0x10/0x1c
01-01 08:00:51.045 E/ ( 0): INFO: trying to register non-static key.
01-01 08:00:51.045 E/ ( 0): the code is fine but needs lockdep annotation.
01-01 08:00:51.045 I/ ( 0): CPU: 7 PID: 338 Comm: kworker/u16:15 Tainted: G S W O 4.19.157+ #1
01-01 08:00:51.045 I/Hardware name( 0): Qualcomm Technologies, Inc. kona MTP-RmPM8150b. VX1(MCE) EVT1 (DT)
01-01 08:00:51.045 I/Workqueue( 0): events_unbound ion_system_secure_heap_prefetch_work
01-01 08:00:51.045 I/Call trace( 0):
01-01 08:00:51.045 I/ ( 0): dump_backtrace+0x0/0x258
01-01 08:00:51.045 I/ ( 0): show_stack+0x20/0x30
01-01 08:00:51.045 I/ ( 0): dump_stack+0xd8/0x12c
01-01 08:00:51.045 I/ ( 0): register_lock_class+0x4d0/0x5c8
01-01 08:00:51.045 I/ ( 0): __lock_acquire+0xbc/0x1e58
01-01 08:00:51.045 I/ ( 0): lock_acquire+0x1cc/0x218
01-01 08:00:51.045 I/ ( 0): _raw_spin_lock_irqsave+0x54/0x98
01-01 08:00:51.045 I/ ( 0): ion_system_secure_heap_prefetch_work+0x94/0x2c0
01-01 08:00:51.045 I/ ( 0): process_one_work+0x38c/0x660
01-01 08:00:51.045 I/ ( 0): worker_thread+0x268/0x4b8
01-01 08:00:51.045 I/ ( 0): kthread+0x140/0x150
01-01 08:00:51.045 I/ ( 0): ret_from_fork+0x10/0x1c
01-01 08:00:51.053 E/ ( 0): INFO: trying to register non-static key.
01-01 08:00:51.060 E/ueventd ( 0): firmware: attempted /firmware/image/qca6390/regdb.bin, open failed: No such file or directory
01-01 08:00:51.069 E/ ( 0): the code is fine but needs lockdep annotation.
01-01 08:00:51.069 I/ ( 0): CPU: 7 PID: 338 Comm: kworker/u16:15 Tainted: G S W O 4.19.157+ #1
01-01 08:00:51.069 I/Hardware name( 0): Qualcomm Technologies, Inc. kona MTP-RmPM8150b. VX1(MCE) EVT1 (DT)
01-01 08:00:51.069 I/Workqueue( 0): events_unbound ion_system_secure_heap_prefetch_work
01-01 08:00:51.069 I/Call trace( 0):
01-01 08:00:51.069 I/ ( 0): dump_backtrace+0x0/0x258
01-01 08:00:51.069 I/ ( 0): show_stack+0x20/0x30
01-01 08:00:51.069 I/ ( 0): dump_stack+0xd8/0x12c
01-01 08:00:51.069 I/ ( 0): register_lock_class+0x4d0/0x5c8
01-01 08:00:51.069 I/ ( 0): __lock_acquire+0xbc/0x1e58
01-01 08:00:51.069 I/ ( 0): lock_acquire+0x1cc/0x218
01-01 08:00:51.069 I/ ( 0): _raw_spin_lock_irqsave+0x54/0x98
01-01 08:00:51.069 I/ ( 0): ion_system_secure_heap_prefetch_work+0x94/0x2c0
01-01 08:00:51.069 I/ ( 0): process_one_work+0x38c/0x660
01-01 08:00:51.069 I/ ( 0): worker_thread+0x268/0x4b8
01-01 08:00:51.069 I/ ( 0): kthread+0x140/0x150
01-01 08:00:51.069 I/ ( 0): ret_from_fork+0x10/0x1c
01-01 08:00:51.077 E/ ( 0): INFO: trying to register non-static key.
01-01 08:00:51.081 E/ueventd ( 0): firmware: attempted /vendor/firmware_mnt/image/qca6390/regdb.bin, open failed: No such file or directory
01-01 08:00:51.085 E/ ( 0): the code is fine but needs lockdep annotation.
01-01 08:00:51.085 I/ ( 0): CPU: 7 PID: 338 Comm: kworker/u16:15 Tainted: G S W O 4.19.157+ #1
01-01 08:00:51.085 I/Hardware name( 0): Qualcomm Technologies, Inc. kona MTP-RmPM8150b. VX1(MCE) EVT1 (DT)
01-01 08:00:51.085 I/Workqueue( 0): events_unbound ion_system_secure_heap_prefetch_work
01-01 08:00:51.085 I/Call trace( 0):
01-01 08:00:51.085 I/ ( 0): dump_backtrace+0x0/0x258
01-01 08:00:51.085 I/ ( 0): show_stack+0x20/0x30
01-01 08:00:51.085 I/ ( 0): dump_stack+0xd8/0x12c
01-01 08:00:51.085 I/ ( 0): register_lock_class+0x4d0/0x5c8
01-01 08:00:51.085 I/ ( 0): __lock_acquire+0xbc/0x1e58
01-01 08:00:51.085 I/ ( 0): lock_acquire+0x1cc/0x218
01-01 08:00:51.085 I/ ( 0): _raw_spin_lock_irqsave+0x54/0x98
01-01 08:00:51.085 I/ ( 0): ion_system_secure_heap_prefetch_work+0x94/0x2c0
01-01 08:00:51.085 I/ ( 0): process_one_work+0x38c/0x660
01-01 08:00:51.085 I/ ( 0): worker_thread+0x268/0x4b8
01-01 08:00:51.085 I/ ( 0): kthread+0x140/0x150
01-01 08:00:51.085 I/ ( 0): ret_from_fork+0x10/0x1c
01-01 08:00:51.088 I/binder ( 0): 2126:2126 ioctl 40046210 7ffe7f3634 returned -22
01-01 08:00:51.091 I/ueventd ( 0): loading /devices/platform/soc/b0000000.qcom,cnss-qca6390/firmware/qca6390!regdb.bin took 110ms
01-01 08:00:51.093 E/cnss ( 0): Failed to load BDF: qca6390/regdb.bin
01-01 08:00:51.093 D/cnss ( 0): Sending BDF download message, state: 0x13, type: 1
01-01 08:00:51.093 D/cnss ( 0): FW name added with prefix: qca6390/bdwlan.elf
04-04 04:29:53.537 W/ContextImpl( 1152): Calling a method in the system process without a qualified user: android.app.ContextImpl.bindService:1895 android.content.ContextWrapper.bindService:810 com.qualcomm.qti.activityextension.ActivityNotifier.bindToDynamicDDSService:103 com.qualcomm.qti.activityextension.ActivityNotifier.handleSendActivityInvokeNotification:184 com.qualcomm.qti.activityextension.ActivityNotifier.access$300:26
04-04 04:29:53.538 D/CompatibilityChangeReporter( 1152): Compat change id reported: 168419799; UID 1000; state: DISABLED
04-04 04:29:53.539 I/ActivityTaskManager( 1152): FOREGROUND_APPLICATION_CHANGED to com.android.settings.FallbackHome
04-04 04:29:53.541 D/SystemServerTiming( 1152): startHomeOnAllDisplays took to complete: 135ms
04-04 04:29:53.541 I/SystemServerTiming( 1152): showSystemReadyErrorDialogs
01-01 08:00:51.094 W/cnss2 b0000000.qcom,cnss-qca6390( 0): Falling back to syfs fallback for: qca6390/bdwlan.elf
01-01 08:00:51.095 E/ ( 0): INFO: trying to register non-static key.
01-01 08:00:51.095 E/ ( 0): the code is fine but needs lockdep annotation.
01-01 08:00:51.095 I/ ( 0): CPU: 7 PID: 338 Comm: kworker/u16:15 Tainted: G S W O 4.19.157+ #1
01-01 08:00:51.095 I/Hardware name( 0): Qualcomm Technologies, Inc. kona MTP-RmPM8150b. VX1(MCE) EVT1 (DT)
01-01 08:00:51.095 I/Workqueue( 0): events_unbound ion_system_secure_heap_prefetch_work
01-01 08:00:51.095 I/Call trace( 0):
01-01 08:00:51.095 I/ ( 0): dump_backtrace+0x0/0x258
01-01 08:00:51.095 I/ ( 0): show_stack+0x20/0x30
01-01 08:00:51.095 I/ ( 0): dump_stack+0xd8/0x12c
01-01 08:00:51.095 I/ ( 0): register_lock_class+0x4d0/0x5c8
01-01 08:00:51.095 I/ ( 0): __lock_acquire+0xbc/0x1e58
01-01 08:00:51.095 I/ ( 0): lock_acquire+0x1cc/0x218
01-01 08:00:51.095 I/ ( 0): _raw_spin_lock_irqsave+0x54/0x98
01-01 08:00:51.095 I/ ( 0): ion_system_secure_heap_prefetch_work+0x94/0x2c0
01-01 08:00:51.095 I/ ( 0): process_one_work+0x38c/0x660
01-01 08:00:51.095 I/ ( 0): worker_thread+0x268/0x4b8
01-01 08:00:51.095 I/ ( 0): kthread+0x140/0x150
01-01 08:00:51.095 I/ ( 0): ret_from_fork+0x10/0x1c
01-01 08:00:51.103 E/ ( 0): INFO: trying to register non-static key.
01-01 08:00:51.115 I/ueventd ( 0): firmware: loading 'qca6390/bdwlan.elf' for '/devices/platform/soc/b0000000.qcom,cnss-qca6390/firmware/qca6390!bdwlan.elf'
01-01 08:00:51.118 E/ ( 0): the code is fine but needs lockdep annotation.
01-01 08:00:51.118 I/ ( 0): CPU: 7 PID: 338 Comm: kworker/u16:15 Tainted: G S W O 4.19.157+ #1
01-01 08:00:51.118 I/Hardware name( 0): Qualcomm Technologies, Inc. kona MTP-RmPM8150b. VX1(MCE) EVT1 (DT)
01-01 08:00:51.118 I/Workqueue( 0): events_unbound ion_system_secure_heap_prefetch_work
01-01 08:00:51.118 I/Call trace( 0):
01-01 08:00:51.118 I/ ( 0): dump_backtrace+0x0/0x258
01-01 08:00:51.118 I/ ( 0): show_stack+0x20/0x30
01-01 08:00:51.118 I/ ( 0): dump_stack+0xd8/0x12c
01-01 08:00:51.118 I/ ( 0): register_lock_class+0x4d0/0x5c8
01-01 08:00:51.118 I/ ( 0): __lock_acquire+0xbc/0x1e58
01-01 08:00:51.118 I/ ( 0): lock_acquire+0x1cc/0x218
01-01 08:00:51.118 I/ ( 0): _raw_spin_lock_irqsave+0x54/0x98
01-01 08:00:51.132 I/ueventd ( 0): loading /devices/platform/soc/b0000000.qcom,cnss-qca6390/firmware/qca6390!bdwlan.elf took 17ms
01-01 08:00:51.134 D/cnss ( 0): Downloading BDF: qca6390/bdwlan.elf, size: 57908
01-01 08:00:51.135 I/ ( 0): ion_system_secure_heap_prefetch_work+0x94/0x2c0
01-01 08:00:51.135 I/ ( 0): process_one_work+0x38c/0x660
01-01 08:00:51.156 I/msm_vidc( 0): high: 00000001: ....e: Opening video instance: ffffffc357384000, 0
01-01 08:00:51.156 I/ ( 0): worker_thread+0x268/0x4b8
01-01 08:00:51.156 I/ ( 0): kthread+0x140/0x150
01-01 08:00:51.156 I/ ( 0): ret_from_fork+0x10/0x1c
01-01 08:00:51.164 E/ ( 0): INFO: trying to register non-static key.
01-01 08:00:51.170 E/ ( 0): the code is fine but needs lockdep annotation.
01-01 08:00:51.170 D/cnss ( 0): Sending M3 information message, state: 0x13
01-01 08:00:51.175 I/ ( 0): CPU: 7 PID: 338 Comm: kworker/u16:15 Tainted: G S W O 4.19.157+ #1
01-01 08:00:51.175 I/Hardware name( 0): Qualcomm Technologies, Inc. kona MTP-RmPM8150b. VX1(MCE) EVT1 (DT)
01-01 08:00:51.175 I/Workqueue( 0): events_unbound ion_system_secure_heap_prefetch_work
01-01 08:00:51.175 I/Call trace( 0):
01-01 08:00:51.175 I/ ( 0): dump_backtrace+0x0/0x258
01-01 08:00:51.175 I/ ( 0): show_stack+0x20/0x30
01-01 08:00:51.175 I/ ( 0): dump_stack+0xd8/0x12c
01-01 08:00:51.175 I/ ( 0): register_lock_class+0x4d0/0x5c8
01-01 08:00:51.175 I/ ( 0): __lock_acquire+0xbc/0x1e58
01-01 08:00:51.175 I/ ( 0): lock_acquire+0x1cc/0x218
01-01 08:00:51.175 I/ ( 0): _raw_spin_lock_irqsave+0x54/0x98
01-01 08:00:51.175 I/ ( 0): ion_system_secure_heap_prefetch_work+0x94/0x2c0
01-01 08:00:51.175 I/ ( 0): process_one_work+0x38c/0x660
01-01 08:00:51.175 I/ ( 0): worker_thread+0x268/0x4b8
01-01 08:00:51.175 I/ ( 0): kthread+0x140/0x150
01-01 08:00:51.175 I/ ( 0): ret_from_fork+0x10/0x1c
04-04 04:29:53.600 D/SystemServerTiming( 1152): showSystemReadyErrorDialogs took to complete: 60ms
04-04 04:29:53.601 I/SystemServerTiming( 1152): sendUserStartBroadcast
04-04 04:29:53.601 D/SystemServerTiming( 1152): sendUserStartBroadcast took to complete: 0ms
01-01 08:00:51.179 D/cnss ( 0): M3 memory, va: 0xffffff8020001000, pa: 0x00000000a1800000, size: 0x411bc
04-04 04:29:53.601 I/SystemServerTiming( 1152): resumeTopActivities
04-04 04:29:53.602 D/SystemServerTiming( 1152): resumeTopActivities took to complete: 1ms
04-04 04:29:53.602 I/SystemServerTiming( 1152): sendUserSwitchBroadcasts
04-04 04:29:53.603 D/SystemServerTiming( 1152): sendUserSwitchBroadcasts took to complete: 0ms
04-04 04:29:53.603 I/SystemServerTiming( 1152): setBinderProxies
04-04 04:29:53.603 D/SystemServerTiming( 1152): setBinderProxies took to complete: 0ms
04-04 04:29:53.603 D/SystemServerTiming( 1152): ActivityManagerStartApps took to complete: 352ms
04-04 04:29:53.603 D/SystemServerTiming( 1152): PhaseActivityManagerReady took to complete: 1164ms
04-04 04:29:53.603 I/SystemServerTiming( 1152): StartSystemUI
01-01 08:00:51.183 E/ ( 0): INFO: trying to register non-static key.
01-01 08:00:51.185 D/cnss ( 0): Received QMI WLFW FW initialization done indication
01-01 08:00:51.185 I/msm_vidc( 0): high: 00000001: h265e: Closed video instance: ffffffc357384000
01-01 08:00:51.188 D/cnss ( 0): PM relax, state: 0x13, count: 0
01-01 08:00:51.188 E/ ( 0): the code is fine but needs lockdep annotation.
01-01 08:00:51.188 I/ ( 0): CPU: 7 PID: 338 Comm: kworker/u16:15 Tainted: G S W O 4.19.157+ #1
01-01 08:00:51.188 I/Hardware name( 0): Qualcomm Technologies, Inc. kona MTP-RmPM8150b. VX1(MCE) EVT1 (DT)
01-01 08:00:51.188 I/Workqueue( 0): events_unbound ion_system_secure_heap_prefetch_work
01-01 08:00:51.188 I/Call trace( 0):
01-01 08:00:51.188 I/ ( 0): dump_backtrace+0x0/0x258
01-01 08:00:51.188 I/ ( 0): show_stack+0x20/0x30
01-01 08:00:51.188 I/ ( 0): dump_stack+0xd8/0x12c
01-01 08:00:51.188 I/ ( 0): register_lock_class+0x4d0/0x5c8
01-01 08:00:51.188 I/ ( 0): __lock_acquire+0xbc/0x1e58
01-01 08:00:51.188 I/ ( 0): lock_acquire+0x1cc/0x218
01-01 08:00:51.188 I/ ( 0): _raw_spin_lock_irqsave+0x54/0x98
01-01 08:00:51.188 I/ ( 0): ion_system_secure_heap_prefetch_work+0x94/0x2c0
01-01 08:00:51.188 I/ ( 0): process_one_work+0x38c/0x660
01-01 08:00:51.188 I/ ( 0): worker_thread+0x268/0x4b8
01-01 08:00:51.188 I/ ( 0): kthread+0x140/0x150
01-01 08:00:51.188 I/ ( 0): ret_from_fork+0x10/0x1c
01-01 08:00:51.196 D/cnss ( 0): Posting event: FW_READY(4), state: 0x13 flags: 0x0
01-01 08:00:51.196 D/cnss ( 0): PM stay awake, state: 0x13, count: 1
01-01 08:00:51.196 D/cnss ( 0): PM relax, state: 0x13, count: 0
01-01 08:00:51.196 E/ ( 0): INFO: trying to register non-static key.
01-01 08:00:51.196 D/cnss ( 0): PM stay awake, state: 0x13, count: 1
01-01 08:00:51.201 E/ ( 0): the code is fine but needs lockdep annotation.
01-01 08:00:51.201 I/ ( 0): CPU: 7 PID: 338 Comm: kworker/u16:15 Tainted: G S W O 4.19.157+ #1
01-01 08:00:51.201 I/Hardware name( 0): Qualcomm Technologies, Inc. kona MTP-RmPM8150b. VX1(MCE) EVT1 (DT)
01-01 08:00:51.201 I/Workqueue( 0): events_unbound ion_system_secure_heap_prefetch_work
01-01 08:00:51.201 I/Call trace( 0):
01-01 08:00:51.201 I/ ( 0): dump_backtrace+0x0/0x258
01-01 08:00:51.201 I/ ( 0): show_stack+0x20/0x30
01-01 08:00:51.201 I/ ( 0): dump_stack+0xd8/0x12c
01-01 08:00:51.201 I/ ( 0): register_lock_class+0x4d0/0x5c8
01-01 08:00:51.201 I/ ( 0): __lock_acquire+0xbc/0x1e58
01-01 08:00:51.201 I/ ( 0): lock_acquire+0x1cc/0x218
01-01 08:00:51.201 I/ ( 0): _raw_spin_lock_irqsave+0x54/0x98
01-01 08:00:51.201 I/ ( 0): ion_system_secure_heap_prefetch_work+0x94/0x2c0
01-01 08:00:51.201 I/ ( 0): process_one_work+0x38c/0x660
01-01 08:00:51.201 I/ ( 0): worker_thread+0x268/0x4b8
01-01 08:00:51.201 I/ ( 0): kthread+0x140/0x150
01-01 08:00:51.201 I/ ( 0): ret_from_fork+0x10/0x1c
04-04 04:29:53.619 W/ActivityManager( 1152): Slow operation: 235ms so far, now at startProcess: done updating battery stats
04-04 04:29:53.619 W/ActivityManager( 1152): Slow operation: 235ms so far, now at startProcess: building log message
04-04 04:29:53.619 I/ActivityManager( 1152): Start proc 2126:com.thundercomm.gamemode/1000 for added application com.thundercomm.gamemode
04-04 04:29:53.619 W/ActivityManager( 1152): Slow operation: 235ms so far, now at startProcess: starting to update pids map
04-04 04:29:53.620 W/ActivityManager( 1152): Slow operation: 236ms so far, now at startProcess: done updating pids map
04-04 04:29:53.620 W/ActivityManager( 1152): Slow operation: 234ms so far, now at startProcess: asking zygote to start proc
04-04 04:29:53.622 W/ActivityManager( 1152): No pending application record for pid 2096 (IApplicationThread android.app.IApplicationThread$Stub$Proxy@a5e4513); dropping process
04-04 04:29:53.636 D/CompatibilityChangeReporter( 1152): Compat change id reported: 168419799; UID 1000; state: DISABLED
01-01 08:00:51.208 D/cnss ( 0): Processing driver event: FW_READY(4), state: 0x13
01-01 08:00:51.208 D/cnss ( 0): PCIE Gen speed not setup
01-01 08:00:51.209 E/ ( 0): INFO: trying to register non-static key.
01-01 08:00:51.214 E/ ( 0): the code is fine but needs lockdep annotation.
01-01 08:00:51.215 I/msm_vidc( 0): high: 00000001: ....e: Opening video instance: ffffffc355d70000, 0
01-01 08:00:51.220 I/ ( 0): CPU: 7 PID: 338 Comm: kworker/u16:15 Tainted: G S W O 4.19.157+ #1
01-01 08:00:51.220 I/Hardware name( 0): Qualcomm Technologies, Inc. kona MTP-RmPM8150b. VX1(MCE) EVT1 (DT)
01-01 08:00:51.220 I/Workqueue( 0): events_unbound ion_system_secure_heap_prefetch_work
01-01 08:00:51.220 I/Call trace( 0):
01-01 08:00:51.220 I/ ( 0): dump_backtrace+0x0/0x258
01-01 08:00:51.220 I/ ( 0): show_stack+0x20/0x30
01-01 08:00:51.220 I/ ( 0): dump_stack+0xd8/0x12c
01-01 08:00:51.220 I/ ( 0): register_lock_class+0x4d0/0x5c8
01-01 08:00:51.220 I/ ( 0): __lock_acquire+0xbc/0x1e58
01-01 08:00:51.220 I/ ( 0): lock_acquire+0x1cc/0x218
01-01 08:00:51.220 I/ ( 0): _raw_spin_lock_irqsave+0x54/0x98
01-01 08:00:51.220 I/ ( 0): ion_system_secure_heap_prefetch_work+0x94/0x2c0
01-01 08:00:51.220 I/ ( 0): process_one_work+0x38c/0x660
01-01 08:00:51.220 I/ ( 0): worker_thread+0x268/0x4b8
01-01 08:00:51.220 I/ ( 0): kthread+0x140/0x150
01-01 08:00:51.220 I/ ( 0): ret_from_fork+0x10/0x1c
01-01 08:00:51.223 E/ ( 0): INFO: trying to register non-static key.
01-01 08:00:51.228 E/ ( 0): the code is fine but needs lockdep annotation.
01-01 08:00:51.234 I/ ( 0): CPU: 7 PID: 338 Comm: kworker/u16:15 Tainted: G S W O 4.19.157+ #1
01-01 08:00:51.234 I/Hardware name( 0): Qualcomm Technologies, Inc. kona MTP-RmPM8150b. VX1(MCE) EVT1 (DT)
01-01 08:00:51.234 I/Workqueue( 0): events_unbound ion_system_secure_heap_prefetch_work
01-01 08:00:51.234 I/Call trace( 0):
01-01 08:00:51.234 I/ ( 0): dump_backtrace+0x0/0x258
01-01 08:00:51.234 I/ ( 0): show_stack+0x20/0x30
01-01 08:00:51.234 I/ ( 0): dump_stack+0xd8/0x12c
01-01 08:00:51.234 I/ ( 0): register_lock_class+0x4d0/0x5c8
01-01 08:00:51.234 I/ ( 0): __lock_acquire+0xbc/0x1e58
01-01 08:00:51.234 I/ ( 0): lock_acquire+0x1cc/0x218
01-01 08:00:51.234 I/ ( 0): _raw_spin_lock_irqsave+0x54/0x98
01-01 08:00:51.234 I/ ( 0): ion_system_secure_heap_prefetch_work+0x94/0x2c0
01-01 08:00:51.234 I/ ( 0): process_one_work+0x38c/0x660
01-01 08:00:51.234 I/ ( 0): worker_thread+0x268/0x4b8
01-01 08:00:51.234 I/ ( 0): kthread+0x140/0x150
01-01 08:00:51.234 I/ ( 0): ret_from_fork+0x10/0x1c
04-04 04:29:53.655 D/CompatibilityChangeReporter( 1152): Compat change id reported: 181136395; UID 1000; state: DISABLED
04-04 04:29:53.659 D/CompatibilityChangeReporter( 1152): Compat change id reported: 174042936; UID 1000; state: DISABLED
04-04 04:29:53.662 W/ActivityManager( 1152): Slow operation: 276ms so far, now at startProcess: returned from zygote!
01-01 08:00:51.237 E/ ( 0): INFO: trying to register non-static key.
01-01 08:00:51.242 E/ ( 0): the code is fine but needs lockdep annotation.
01-01 08:00:51.247 I/ ( 0): CPU: 7 PID: 338 Comm: kworker/u16:15 Tainted: G S W O 4.19.157+ #1
01-01 08:00:51.247 I/Hardware name( 0): Qualcomm Technologies, Inc. kona MTP-RmPM8150b. VX1(MCE) EVT1 (DT)
01-01 08:00:51.247 I/Workqueue( 0): events_unbound ion_system_secure_heap_prefetch_work
01-01 08:00:51.247 I/Call trace( 0):
01-01 08:00:51.247 I/ ( 0): dump_backtrace+0x0/0x258
01-01 08:00:51.247 I/ ( 0): show_stack+0x20/0x30
01-01 08:00:51.247 I/ ( 0): dump_stack+0xd8/0x12c
01-01 08:00:51.247 I/ ( 0): register_lock_class+0x4d0/0x5c8
01-01 08:00:51.247 I/ ( 0): __lock_acquire+0xbc/0x1e58
01-01 08:00:51.247 I/ ( 0): lock_acquire+0x1cc/0x218
01-01 08:00:51.247 I/ ( 0): _raw_spin_lock_irqsave+0x54/0x98
01-01 08:00:51.247 I/ ( 0): ion_system_secure_heap_prefetch_work+0x94/0x2c0
01-01 08:00:51.247 I/ ( 0): process_one_work+0x38c/0x660
01-01 08:00:51.247 I/ ( 0): worker_thread+0x268/0x4b8
01-01 08:00:51.247 I/ ( 0): kthread+0x140/0x150
01-01 08:00:51.247 I/ ( 0): ret_from_fork+0x10/0x1c
04-04 04:29:53.669 D/CompatibilityChangeReporter( 1152): Compat change id reported: 135634846; UID 1000; state: DISABLED
04-04 04:29:53.669 D/CompatibilityChangeReporter( 1152): Compat change id reported: 177438394; UID 1000; state: DISABLED
04-04 04:29:53.670 D/CompatibilityChangeReporter( 1152): Compat change id reported: 135772972; UID 1000; state: DISABLED
04-04 04:29:53.670 D/CompatibilityChangeReporter( 1152): Compat change id reported: 135754954; UID 1000; state: ENABLED
04-04 04:29:53.671 W/ContextImpl( 1152): Calling a method in the system process without a qualified user: android.app.ContextImpl.bindService:1895 android.content.ContextWrapper.bindService:810 com.qualcomm.qti.activityextension.ActivityNotifier.bindToDynamicDDSService:103 com.qualcomm.qti.activityextension.ActivityNotifier.handleSendActivityInvokeNotification:184 com.qualcomm.qti.activityextension.ActivityNotifier.access$300:26
04-04 04:29:53.677 D/SystemServerTiming( 1152): StartSystemUI took to complete: 74ms
04-04 04:29:53.677 I/SystemServerTiming( 1152): startMicroService
04-04 04:29:53.677 W/ActivityManager( 1152): Slow operation: 291ms so far, now at startProcess: done updating battery stats
04-04 04:29:53.677 W/ActivityManager( 1152): Slow operation: 292ms so far, now at startProcess: building log message
04-04 04:29:53.677 I/ActivityManager( 1152): Start proc 2171:com.thundercomm.microservice/1000 for added application com.thundercomm.microservice
04-04 04:29:53.678 W/ActivityManager( 1152): Slow operation: 292ms so far, now at startProcess: starting to update pids map
04-04 04:29:53.681 W/ActivityManager( 1152): Slow operation: 295ms so far, now at startProcess: done updating pids map
04-04 04:29:53.681 W/ActivityManager( 1152): Slow operation: 295ms so far, now at startProcess: asking zygote to start proc
04-04 04:29:53.683 W/ContextImpl( 1152): Calling a method in the system process without a qualified user: android.app.ContextImpl.bindService:1895 android.content.ContextWrapper.bindService:810 com.qualcomm.qti.activityextension.ActivityNotifier.bindToDynamicDDSService:103 com.qualcomm.qti.activityextension.ActivityNotifier.handleSendActivityInvokeNotification:184 com.qualcomm.qti.activityextension.ActivityNotifier.access$300:26
04-04 04:29:53.685 D/SystemServerTiming( 1152): startMicroService took to complete: 8ms
04-04 04:29:53.685 I/SystemServerTiming( 1152): startRemoteControlService
04-04 04:29:53.686 D/SystemServerTiming( 1152): startRemoteControlService took to complete: 1ms
04-04 04:29:53.686 I/SystemServerTiming( 1152): startTcService
04-04 04:29:53.687 D/SystemServerTiming( 1152): startTcService took to complete: 1ms
04-04 04:29:53.687 I/SystemServerTiming( 1152): startBoostPerfService
04-04 04:29:53.690 D/SystemServerTiming( 1152): startBoostPerfService took to complete: 3ms
04-04 04:29:53.690 D/SystemServerTiming( 1152): startOtherServices took to complete: 3883ms
04-04 04:29:53.690 D/SystemServerTiming( 1152): StartServices took to complete: 8263ms
01-01 08:00:51.251 I/binder ( 0): 1317:1317 ioctl 40046210 7ff47e4d44 returned -22
01-01 08:00:51.260 E/ ( 0): INFO: trying to register non-static key.
01-01 08:00:51.262 I/msm_vidc( 0): high: 00000001: h265e: Closed video instance: ffffffc355d70000
01-01 08:00:51.265 E/ ( 0): the code is fine but needs lockdep annotation.
01-01 08:00:51.265 I/ ( 0): CPU: 7 PID: 338 Comm: kworker/u16:15 Tainted: G S W O 4.19.157+ #1
01-01 08:00:51.265 I/Hardware name( 0): Qualcomm Technologies, Inc. kona MTP-RmPM8150b. VX1(MCE) EVT1 (DT)
01-01 08:00:51.265 I/Workqueue( 0): events_unbound ion_system_secure_heap_prefetch_work
01-01 08:00:51.265 I/Call trace( 0):
01-01 08:00:51.265 I/ ( 0): dump_backtrace+0x0/0x258
01-01 08:00:51.265 I/ ( 0): show_stack+0x20/0x30
01-01 08:00:51.265 I/ ( 0): dump_stack+0xd8/0x12c
01-01 08:00:51.265 I/ ( 0): register_lock_class+0x4d0/0x5c8
01-01 08:00:51.265 I/ ( 0): __lock_acquire+0xbc/0x1e58
01-01 08:00:51.265 I/ ( 0): lock_acquire+0x1cc/0x218
01-01 08:00:51.265 I/ ( 0): _raw_spin_lock_irqsave+0x54/0x98
01-01 08:00:51.265 I/ ( 0): ion_system_secure_heap_prefetch_work+0x94/0x2c0
01-01 08:00:51.265 I/ ( 0): process_one_work+0x38c/0x660
01-01 08:00:51.265 I/ ( 0): worker_thread+0x268/0x4b8
01-01 08:00:51.265 I/ ( 0): kthread+0x140/0x150
01-01 08:00:51.265 I/ ( 0): ret_from_fork+0x10/0x1c
01-01 08:00:51.268 E/ ( 0): INFO: trying to register non-static key.
01-01 08:00:51.276 E/ ( 0): the code is fine but needs lockdep annotation.
01-01 08:00:51.282 I/ ( 0): CPU: 7 PID: 338 Comm: kworker/u16:15 Tainted: G S W O 4.19.157+ #1
01-01 08:00:51.282 I/Hardware name( 0): Qualcomm Technologies, Inc. kona MTP-RmPM8150b. VX1(MCE) EVT1 (DT)
01-01 08:00:51.282 I/Workqueue( 0): events_unbound ion_system_secure_heap_prefetch_work
01-01 08:00:51.282 I/Call trace( 0):
01-01 08:00:51.282 I/ ( 0): dump_backtrace+0x0/0x258
01-01 08:00:51.282 I/ ( 0): show_stack+0x20/0x30
01-01 08:00:51.282 I/ ( 0): dump_stack+0xd8/0x12c
01-01 08:00:51.282 I/ ( 0): register_lock_class+0x4d0/0x5c8
01-01 08:00:51.282 I/ ( 0): __lock_acquire+0xbc/0x1e58
01-01 08:00:51.282 I/ ( 0): lock_acquire+0x1cc/0x218
01-01 08:00:51.282 I/ ( 0): _raw_spin_lock_irqsave+0x54/0x98
01-01 08:00:51.282 I/ ( 0): ion_system_secure_heap_prefetch_work+0x94/0x2c0
01-01 08:00:51.282 I/ ( 0): process_one_work+0x38c/0x660
01-01 08:00:51.282 I/ ( 0): worker_thread+0x268/0x4b8
01-01 08:00:51.282 I/ ( 0): kthread+0x140/0x150
01-01 08:00:51.282 I/ ( 0): ret_from_fork+0x10/0x1c
01-01 08:00:51.287 E/init ( 0): Control message: Could not find 'vendor.qti.hardware.iop@2.0::IIop/default' for ctl.interface_start from pid: 516 (/system/bin/hwservicemanager)
01-01 08:00:51.305 E/ ( 0): INFO: trying to register non-static key.
04-04 04:29:53.705 W/Looper ( 1152): Slow delivery took 6504ms main h=android.app.PropertyInvalidatedCache$AutoCorker$1 c=null m=0
04-04 04:29:53.716 E/WebViewUpdateServiceImpl( 1152): Timed out waiting for relro creation, relros started 2 relros finished 1 package dirty? false
04-04 04:29:53.716 W/WebViewUpdateServiceImpl( 1152): creating relro file timed out
01-01 08:00:51.310 E/ ( 0): the code is fine but needs lockdep annotation.
04-04 04:29:53.721 W/PackageManager( 1152): Loading a package that does not exist for the calling user. package=null, user=0
01-01 08:00:51.315 I/ ( 0): CPU: 7 PID: 338 Comm: kworker/u16:15 Tainted: G S W O 4.19.157+ #1
01-01 08:00:51.315 I/Hardware name( 0): Qualcomm Technologies, Inc. kona MTP-RmPM8150b. VX1(MCE) EVT1 (DT)
01-01 08:00:51.315 I/Workqueue( 0): events_unbound ion_system_secure_heap_prefetch_work
01-01 08:00:51.315 I/Call trace( 0):
01-01 08:00:51.315 I/ ( 0): dump_backtrace+0x0/0x258
01-01 08:00:51.315 I/ ( 0): show_stack+0x20/0x30
01-01 08:00:51.315 I/ ( 0): dump_stack+0xd8/0x12c
01-01 08:00:51.315 I/ ( 0): register_lock_class+0x4d0/0x5c8
01-01 08:00:51.315 I/ ( 0): __lock_acquire+0xbc/0x1e58
01-01 08:00:51.315 I/ ( 0): lock_acquire+0x1cc/0x218
01-01 08:00:51.315 I/ ( 0): _raw_spin_lock_irqsave+0x54/0x98
01-01 08:00:51.315 I/ ( 0): ion_system_secure_heap_prefetch_work+0x94/0x2c0
01-01 08:00:51.315 I/ ( 0): process_one_work+0x38c/0x660
01-01 08:00:51.315 I/ ( 0): worker_thread+0x268/0x4b8
01-01 08:00:51.315 I/ ( 0): kthread+0x140/0x150
01-01 08:00:51.315 I/ ( 0): ret_from_fork+0x10/0x1c
01-01 08:00:51.318 E/ ( 0): INFO: trying to register non-static key.
01-01 08:00:51.321 I/binder ( 0): 2171:2171 ioctl 40046210 7ffe7f3634 returned -22
01-01 08:00:51.323 E/ ( 0): the code is fine but needs lockdep annotation.
01-01 08:00:51.323 I/ ( 0): CPU: 7 PID: 338 Comm: kworker/u16:15 Tainted: G S W O 4.19.157+ #1
01-01 08:00:51.323 I/Hardware name( 0): Qualcomm Technologies, Inc. kona MTP-RmPM8150b. VX1(MCE) EVT1 (DT)
01-01 08:00:51.323 I/Workqueue( 0): events_unbound ion_system_secure_heap_prefetch_work
01-01 08:00:51.323 I/Call trace( 0):
01-01 08:00:51.323 I/ ( 0): dump_backtrace+0x0/0x258
01-01 08:00:51.323 I/ ( 0): show_stack+0x20/0x30
01-01 08:00:51.323 I/ ( 0): dump_stack+0xd8/0x12c
01-01 08:00:51.323 I/ ( 0): register_lock_class+0x4d0/0x5c8
01-01 08:00:51.323 I/ ( 0): __lock_acquire+0xbc/0x1e58
01-01 08:00:51.323 I/ ( 0): lock_acquire+0x1cc/0x218
01-01 08:00:51.323 I/ ( 0): _raw_spin_lock_irqsave+0x54/0x98
01-01 08:00:51.323 I/ ( 0): ion_system_secure_heap_prefetch_work+0x94/0x2c0
01-01 08:00:51.323 I/ ( 0): process_one_work+0x38c/0x660
01-01 08:00:51.323 I/ ( 0): worker_thread+0x268/0x4b8
01-01 08:00:51.323 I/ ( 0): kthread+0x140/0x150
01-01 08:00:51.323 I/ ( 0): ret_from_fork+0x10/0x1c
01-01 08:00:51.325 E/ ( 0): INFO: trying to register non-static key.
01-01 08:00:51.334 E/ ( 0): the code is fine but needs lockdep annotation.
01-01 08:00:51.339 I/ ( 0): CPU: 7 PID: 338 Comm: kworker/u16:15 Tainted: G S W O 4.19.157+ #1
01-01 08:00:51.339 I/Hardware name( 0): Qualcomm Technologies, Inc. kona MTP-RmPM8150b. VX1(MCE) EVT1 (DT)
01-01 08:00:51.339 I/Workqueue( 0): events_unbound ion_system_secure_heap_prefetch_work
01-01 08:00:51.339 I/Call trace( 0):
01-01 08:00:51.339 I/ ( 0): dump_backtrace+0x0/0x258
01-01 08:00:51.339 I/ ( 0): show_stack+0x20/0x30
01-01 08:00:51.339 I/ ( 0): dump_stack+0xd8/0x12c
01-01 08:00:51.339 I/ ( 0): register_lock_class+0x4d0/0x5c8
01-01 08:00:51.339 I/ ( 0): __lock_acquire+0xbc/0x1e58
01-01 08:00:51.339 I/ ( 0): lock_acquire+0x1cc/0x218
01-01 08:00:51.339 I/ ( 0): _raw_spin_lock_irqsave+0x54/0x98
01-01 08:00:51.339 I/ ( 0): ion_system_secure_heap_prefetch_work+0x94/0x2c0
01-01 08:00:51.339 I/ ( 0): process_one_work+0x38c/0x660
01-01 08:00:51.339 I/ ( 0): worker_thread+0x268/0x4b8
01-01 08:00:51.339 I/ ( 0): kthread+0x140/0x150
01-01 08:00:51.339 I/ ( 0): ret_from_fork+0x10/0x1c
01-01 08:00:51.342 E/ ( 0): INFO: trying to register non-static key.
01-01 08:00:51.347 E/ ( 0): the code is fine but needs lockdep annotation.
01-01 08:00:51.352 I/ ( 0): CPU: 7 PID: 338 Comm: kworker/u16:15 Tainted: G S W O 4.19.157+ #1
01-01 08:00:51.352 I/Hardware name( 0): Qualcomm Technologies, Inc. kona MTP-RmPM8150b. VX1(MCE) EVT1 (DT)
01-01 08:00:51.352 I/Workqueue( 0): events_unbound ion_system_secure_heap_prefetch_work
01-01 08:00:51.352 I/Call trace( 0):
01-01 08:00:51.352 I/ ( 0): dump_backtrace+0x0/0x258
01-01 08:00:51.352 I/ ( 0): show_stack+0x20/0x30
01-01 08:00:51.352 I/ ( 0): dump_stack+0xd8/0x12c
01-01 08:00:51.352 I/ ( 0): register_lock_class+0x4d0/0x5c8
01-01 08:00:51.352 I/ ( 0): __lock_acquire+0xbc/0x1e58
01-01 08:00:51.352 I/ ( 0): lock_acquire+0x1cc/0x218
01-01 08:00:51.352 I/ ( 0): _raw_spin_lock_irqsave+0x54/0x98
01-01 08:00:51.352 I/ ( 0): ion_system_secure_heap_prefetch_work+0x94/0x2c0
01-01 08:00:51.352 I/ ( 0): process_one_work+0x38c/0x660
01-01 08:00:51.352 I/ ( 0): worker_thread+0x268/0x4b8
01-01 08:00:51.352 I/ ( 0): kthread+0x140/0x150
01-01 08:00:51.352 I/ ( 0): ret_from_fork+0x10/0x1c
01-01 08:00:51.354 E/ ( 0): INFO: trying to register non-static key.
01-01 08:00:51.360 E/ ( 0): the code is fine but needs lockdep annotation.
01-01 08:00:51.365 I/ ( 0): CPU: 7 PID: 338 Comm: kworker/u16:15 Tainted: G S W O 4.19.157+ #1
01-01 08:00:51.365 I/Hardware name( 0): Qualcomm Technologies, Inc. kona MTP-RmPM8150b. VX1(MCE) EVT1 (DT)
01-01 08:00:51.365 I/Workqueue( 0): events_unbound ion_system_secure_heap_prefetch_work
01-01 08:00:51.365 I/Call trace( 0):
01-01 08:00:51.365 I/ ( 0): dump_backtrace+0x0/0x258
01-01 08:00:51.365 I/ ( 0): show_stack+0x20/0x30
01-01 08:00:51.365 I/ ( 0): dump_stack+0xd8/0x12c
01-01 08:00:51.365 I/ ( 0): register_lock_class+0x4d0/0x5c8
01-01 08:00:51.365 I/ ( 0): __lock_acquire+0xbc/0x1e58
01-01 08:00:51.365 I/ ( 0): lock_acquire+0x1cc/0x218
01-01 08:00:51.365 I/ ( 0): _raw_spin_lock_irqsave+0x54/0x98
01-01 08:00:51.365 I/ ( 0): ion_system_secure_heap_prefetch_work+0x94/0x2c0
01-01 08:00:51.365 I/ ( 0): process_one_work+0x38c/0x660
01-01 08:00:51.365 I/ ( 0): worker_thread+0x268/0x4b8
01-01 08:00:51.365 I/ ( 0): kthread+0x140/0x150
01-01 08:00:51.365 I/ ( 0): ret_from_fork+0x10/0x1c
04-04 04:29:53.759 D/ConditionProviders.SCP( 1152): onConnected
04-04 04:29:53.775 I/GameModeConfig( 1152): isGameModeOn = false
04-04 04:29:53.790 D/ConditionProviders( 1152): Subscribing to condition://android/event?userId=-10000&calendar=&reply=1 with ComponentInfo{android/com.android.server.notification.EventConditionProvider}
04-04 04:29:53.790 D/ConditionProviders( 1152): Subscribing to condition://android/schedule?days=1.2.3.4.5.6.7&start=22.0&end=7.0&exitAtAlarm=true with ComponentInfo{android/com.android.server.notification.ScheduleConditionProvider}
04-04 04:29:53.795 D/CompatibilityChangeReporter( 1152): Compat change id reported: 135634846; UID 10098; state: DISABLED
04-04 04:29:53.795 D/CompatibilityChangeReporter( 1152): Compat change id reported: 177438394; UID 10098; state: DISABLED
04-04 04:29:53.795 D/CompatibilityChangeReporter( 1152): Compat change id reported: 135772972; UID 10098; state: DISABLED
04-04 04:29:53.795 D/CompatibilityChangeReporter( 1152): Compat change id reported: 135754954; UID 10098; state: ENABLED
04-04 04:29:53.800 I/GameModeConfig( 1152): isGameModeOn = false
04-04 04:29:53.809 D/CompatibilityChangeReporter( 1152): Compat change id reported: 168419799; UID 1000; state: DISABLED
01-01 08:00:51.369 E/ ( 0): INFO: trying to register non-static key.
01-01 08:00:51.372 W/ ( 0): (NULL device *): Falling back to syfs fallback for: wlan/qca_cld/qca6390/WCNSS_qcom_cfg.ini
01-01 08:00:51.374 E/ ( 0): the code is fine but needs lockdep annotation.
01-01 08:00:51.374 I/ ( 0): CPU: 7 PID: 338 Comm: kworker/u16:15 Tainted: G S W O 4.19.157+ #1
01-01 08:00:51.374 I/Hardware name( 0): Qualcomm Technologies, Inc. kona MTP-RmPM8150b. VX1(MCE) EVT1 (DT)
01-01 08:00:51.374 I/Workqueue( 0): events_unbound ion_system_secure_heap_prefetch_work
01-01 08:00:51.374 I/Call trace( 0):
01-01 08:00:51.374 I/ ( 0): dump_backtrace+0x0/0x258
01-01 08:00:51.374 I/ ( 0): show_stack+0x20/0x30
01-01 08:00:51.374 I/ ( 0): dump_stack+0xd8/0x12c
01-01 08:00:51.374 I/ ( 0): register_lock_class+0x4d0/0x5c8
01-01 08:00:51.374 I/ ( 0): __lock_acquire+0xbc/0x1e58
01-01 08:00:51.374 I/ ( 0): lock_acquire+0x1cc/0x218
01-01 08:00:51.374 I/ ( 0): _raw_spin_lock_irqsave+0x54/0x98
01-01 08:00:51.374 I/ ( 0): ion_system_secure_heap_prefetch_work+0x94/0x2c0
01-01 08:00:51.374 I/ ( 0): process_one_work+0x38c/0x660
01-01 08:00:51.374 I/ ( 0): worker_thread+0x268/0x4b8
01-01 08:00:51.374 I/ ( 0): kthread+0x140/0x150
01-01 08:00:51.374 I/ ( 0): ret_from_fork+0x10/0x1c
01-01 08:00:51.380 E/ ( 0): INFO: trying to register non-static key.
01-01 08:00:51.385 I/msm_vidc( 0): high: 00000001: ....e: Opening video instance: ffffffc2dfb5c000, 0
01-01 08:00:51.385 E/ ( 0): the code is fine but needs lockdep annotation.
01-01 08:00:51.385 I/ ( 0): CPU: 7 PID: 338 Comm: kworker/u16:15 Tainted: G S W O 4.19.157+ #1
01-01 08:00:51.391 I/Hardware name( 0): Qualcomm Technologies, Inc. kona MTP-RmPM8150b. VX1(MCE) EVT1 (DT)
01-01 08:00:51.391 I/Workqueue( 0): events_unbound ion_system_secure_heap_prefetch_work
01-01 08:00:51.391 I/Call trace( 0):
01-01 08:00:51.391 I/ ( 0): dump_backtrace+0x0/0x258
01-01 08:00:51.391 I/ ( 0): show_stack+0x20/0x30
01-01 08:00:51.391 I/ ( 0): dump_stack+0xd8/0x12c
01-01 08:00:51.391 I/ ( 0): register_lock_class+0x4d0/0x5c8
01-01 08:00:51.391 I/ ( 0): __lock_acquire+0xbc/0x1e58
01-01 08:00:51.391 I/ ( 0): lock_acquire+0x1cc/0x218
04-04 04:29:53.819 I/ActivityManager( 1152): Process WebViewLoader-armeabi-v7a (pid 2058) has died: psvc PER
01-01 08:00:51.391 I/ ( 0): _raw_spin_lock_irqsave+0x54/0x98
01-01 08:00:51.391 I/ ( 0): ion_system_secure_heap_prefetch_work+0x94/0x2c0
01-01 08:00:51.391 I/ ( 0): process_one_work+0x38c/0x660
01-01 08:00:51.391 I/ ( 0): worker_thread+0x268/0x4b8
01-01 08:00:51.391 I/ ( 0): kthread+0x140/0x150
01-01 08:00:51.391 I/ ( 0): ret_from_fork+0x10/0x1c
01-01 08:00:51.392 I/msm_vidc( 0): err : 00000001: ....e: msm_vidc_comm_update_ctrl: failed: control name Ltr Count, min 0, max 0, step 0, default_value 0
01-01 08:00:51.393 E/ ( 0): INFO: trying to register non-static key.
01-01 08:00:51.398 E/ ( 0): the code is fine but needs lockdep annotation.
01-01 08:00:51.404 I/ ( 0): CPU: 7 PID: 338 Comm: kworker/u16:15 Tainted: G S W O 4.19.157+ #1
01-01 08:00:51.404 I/Hardware name( 0): Qualcomm Technologies, Inc. kona MTP-RmPM8150b. VX1(MCE) EVT1 (DT)
01-01 08:00:51.404 I/Workqueue( 0): events_unbound ion_system_secure_heap_prefetch_work
01-01 08:00:51.404 I/Call trace( 0):
01-01 08:00:51.404 I/ ( 0): dump_backtrace+0x0/0x258
01-01 08:00:51.404 I/ ( 0): show_stack+0x20/0x30
01-01 08:00:51.404 I/ ( 0): dump_stack+0xd8/0x12c
01-01 08:00:51.404 I/ ( 0): register_lock_class+0x4d0/0x5c8
01-01 08:00:51.404 I/ ( 0): __lock_acquire+0xbc/0x1e58
01-01 08:00:51.404 I/ ( 0): lock_acquire+0x1cc/0x218
01-01 08:00:51.404 I/ ( 0): _raw_spin_lock_irqsave+0x54/0x98
01-01 08:00:51.404 I/ ( 0): ion_system_secure_heap_prefetch_work+0x94/0x2c0
01-01 08:00:51.404 I/ ( 0): process_one_work+0x38c/0x660
01-01 08:00:51.404 I/ ( 0): worker_thread+0x268/0x4b8
01-01 08:00:51.404 I/ ( 0): kthread+0x140/0x150
01-01 08:00:51.404 I/ ( 0): ret_from_fork+0x10/0x1c
01-01 08:00:51.408 E/init ( 0): Control message: Could not find 'vendor.qti.hardware.iop@2.0::IIop/default' for ctl.interface_start from pid: 516 (/system/bin/hwservicemanager)
01-01 08:00:51.415 E/ ( 0): INFO: trying to register non-static key.
01-01 08:00:51.416 I/msm_vidc( 0): high: 00000001: vp8e: Closed video instance: ffffffc2dfb5c000
01-01 08:00:51.428 E/ ( 0): the code is fine but needs lockdep annotation.
01-01 08:00:51.434 I/ ( 0): CPU: 7 PID: 338 Comm: kworker/u16:15 Tainted: G S W O 4.19.157+ #1
01-01 08:00:51.434 I/Hardware name( 0): Qualcomm Technologies, Inc. kona MTP-RmPM8150b. VX1(MCE) EVT1 (DT)
01-01 08:00:51.434 I/Workqueue( 0): events_unbound ion_system_secure_heap_prefetch_work
01-01 08:00:51.434 I/Call trace( 0):
01-01 08:00:51.434 I/ ( 0): dump_backtrace+0x0/0x258
01-01 08:00:51.434 I/ ( 0): show_stack+0x20/0x30
01-01 08:00:51.434 I/ ( 0): dump_stack+0xd8/0x12c
01-01 08:00:51.434 I/ ( 0): register_lock_class+0x4d0/0x5c8
01-01 08:00:51.434 I/ ( 0): __lock_acquire+0xbc/0x1e58
01-01 08:00:51.434 I/ ( 0): lock_acquire+0x1cc/0x218
01-01 08:00:51.434 I/ ( 0): _raw_spin_lock_irqsave+0x54/0x98
01-01 08:00:51.434 I/ ( 0): ion_system_secure_heap_prefetch_work+0x94/0x2c0
01-01 08:00:51.434 I/ ( 0): process_one_work+0x38c/0x660
01-01 08:00:51.434 I/ ( 0): worker_thread+0x268/0x4b8
01-01 08:00:51.434 I/ ( 0): kthread+0x140/0x150
01-01 08:00:51.434 I/ ( 0): ret_from_fork+0x10/0x1c
01-01 08:00:51.436 E/ ( 0): INFO: trying to register non-static key.
01-01 08:00:51.441 E/ ( 0): the code is fine but needs lockdep annotation.
01-01 08:00:51.447 I/ ( 0): CPU: 7 PID: 338 Comm: kworker/u16:15 Tainted: G S W O 4.19.157+ #1
01-01 08:00:51.447 I/Hardware name( 0): Qualcomm Technologies, Inc. kona MTP-RmPM8150b. VX1(MCE) EVT1 (DT)
01-01 08:00:51.447 I/Workqueue( 0): events_unbound ion_system_secure_heap_prefetch_work
01-01 08:00:51.447 I/Call trace( 0):
01-01 08:00:51.447 I/ ( 0): dump_backtrace+0x0/0x258
01-01 08:00:51.447 I/ ( 0): show_stack+0x20/0x30
01-01 08:00:51.447 I/ ( 0): dump_stack+0xd8/0x12c
01-01 08:00:51.447 I/ ( 0): register_lock_class+0x4d0/0x5c8
01-01 08:00:51.447 I/ ( 0): __lock_acquire+0xbc/0x1e58
01-01 08:00:51.447 I/ ( 0): lock_acquire+0x1cc/0x218
01-01 08:00:51.447 I/ ( 0): _raw_spin_lock_irqsave+0x54/0x98
01-01 08:00:51.447 I/ ( 0): ion_system_secure_heap_prefetch_work+0x94/0x2c0
01-01 08:00:51.447 I/ ( 0): process_one_work+0x38c/0x660
01-01 08:00:51.447 I/ ( 0): worker_thread+0x268/0x4b8
01-01 08:00:51.447 I/ ( 0): kthread+0x140/0x150
01-01 08:00:51.447 I/ ( 0): ret_from_fork+0x10/0x1c
01-01 08:00:51.449 E/ ( 0): INFO: trying to register non-static key.
01-01 08:00:51.449 I/[kworke][0x3ac4b70b][04:29:53.871234] wlan( 0): [340:I:HDD] hdd_pm_qos_add_request: 9360: Set cpu_mask 0f for affine_cores
01-01 08:00:51.454 E/ ( 0): the code is fine but needs lockdep annotation.
01-01 08:00:51.454 I/ ( 0): CPU: 7 PID: 338 Comm: kworker/u16:15 Tainted: G S W O 4.19.157+ #1
01-01 08:00:51.454 I/Hardware name( 0): Qualcomm Technologies, Inc. kona MTP-RmPM8150b. VX1(MCE) EVT1 (DT)
01-01 08:00:51.454 I/Workqueue( 0): events_unbound ion_system_secure_heap_prefetch_work
01-01 08:00:51.454 I/Call trace( 0):
01-01 08:00:51.454 I/ ( 0): dump_backtrace+0x0/0x258
01-01 08:00:51.454 I/ ( 0): show_stack+0x20/0x30
01-01 08:00:51.454 I/ ( 0): dump_stack+0xd8/0x12c
01-01 08:00:51.454 I/ ( 0): register_lock_class+0x4d0/0x5c8
01-01 08:00:51.454 I/ ( 0): __lock_acquire+0xbc/0x1e58
01-01 08:00:51.454 I/ ( 0): lock_acquire+0x1cc/0x218
01-01 08:00:51.454 I/ ( 0): _raw_spin_lock_irqsave+0x54/0x98
01-01 08:00:51.454 I/ ( 0): ion_system_secure_heap_prefetch_work+0x94/0x2c0
01-01 08:00:51.454 I/ ( 0): process_one_work+0x38c/0x660
01-01 08:00:51.454 I/ ( 0): worker_thread+0x268/0x4b8
01-01 08:00:51.454 I/ ( 0): kthread+0x140/0x150
01-01 08:00:51.454 I/ ( 0): ret_from_fork+0x10/0x1c
01-01 08:00:51.458 E/ ( 0): INFO: trying to register non-static key.
01-01 08:00:51.465 E/ ( 0): the code is fine but needs lockdep annotation.
01-01 08:00:51.465 I/[kworke][0x3ac929dd][04:29:53.886419] wlan( 0): [340:I:HDD] hdd_pm_qos_add_request: 9362: Set cpu_mask 0f for affine_cores
01-01 08:00:51.470 I/ ( 0): CPU: 7 PID: 338 Comm: kworker/u16:15 Tainted: G S W O 4.19.157+ #1
01-01 08:00:51.470 I/Hardware name( 0): Qualcomm Technologies, Inc. kona MTP-RmPM8150b. VX1(MCE) EVT1 (DT)
01-01 08:00:51.470 I/Workqueue( 0): events_unbound ion_system_secure_heap_prefetch_work
01-01 08:00:51.470 I/Call trace( 0):
01-01 08:00:51.470 I/ ( 0): dump_backtrace+0x0/0x258
01-01 08:00:51.470 I/ ( 0): show_stack+0x20/0x30
01-01 08:00:51.470 I/ ( 0): dump_stack+0xd8/0x12c
01-01 08:00:51.470 I/ ( 0): register_lock_class+0x4d0/0x5c8
01-01 08:00:51.470 I/ ( 0): __lock_acquire+0xbc/0x1e58
01-01 08:00:51.470 I/ ( 0): lock_acquire+0x1cc/0x218
01-01 08:00:51.470 I/ ( 0): _raw_spin_lock_irqsave+0x54/0x98
01-01 08:00:51.470 I/ ( 0): ion_system_secure_heap_prefetch_work+0x94/0x2c0
01-01 08:00:51.470 I/ ( 0): process_one_work+0x38c/0x660
01-01 08:00:51.470 I/ ( 0): worker_thread+0x268/0x4b8
01-01 08:00:51.470 I/ ( 0): kthread+0x140/0x150
01-01 08:00:51.470 I/ ( 0): ret_from_fork+0x10/0x1c
01-01 08:00:51.475 D/cnss ( 0): Sending ini sync request, state: 0x17, fw_log_mode: 1
01-01 08:00:51.492 I/[kworke][0x3ad1314c][04:29:53.913825] wlan( 0): [340:I:HIF] Initializing Runtime PM wakelock &sc->prevent_linkdown_lock
01-01 08:00:51.492 I/[kworke][0x3ad13c5a][04:29:53.913971] wlan( 0): [340:I:HIF] hif_pci_enable_bus: con_mode = 0x0, WLAN_SOC_device_id = 0x1101
01-01 08:00:51.492 I/[kworke][0x3ad13eca][04:29:53.914004] wlan( 0): [340:I:HIF] hif_pci_enable_bus: hif_enable_pci done
01-01 08:00:51.492 I/[kworke][0x3ad1501a][04:29:53.914235] wlan( 0): [340:I:HIF] *********** QCA6390 *************
01-01 08:00:51.492 I/[kworke][0x3ad150a1][04:29:53.914242] wlan( 0): [340:I:HIF] hif_pci_enable_bus: hif_type = 0x12, target_type = 0x17
01-01 08:00:51.493 I/[kworke][0x3ad1512f][04:29:53.914249] wlan( 0): [340:I:HIF] hif_register_tbl_attach: HIF_TYPE_QCA6390
01-01 08:00:51.493 I/[kworke][0x3ad151b0][04:29:53.914256] wlan( 0): [340:I:HIF] hif_target_register_tbl_attach: TARGET_TYPE_QCA6390
01-01 08:00:51.493 I/[kworke][0x3ad1522a][04:29:53.914262] wlan( 0): [340:I:HIF] hif_pci_enable_bus:Skip tgt_wake up for srng devices
01-01 08:00:51.494 E/[kworke][0x3ad1e4b4][04:29:53.916216] wlan( 0): [340:E:TXRX] hif_print_hal_shadow_register_cfg: num_config 28
01-01 08:00:51.519 E/init ( 0): Control message: Could not find 'vendor.qti.hardware.iop@2.0::IIop/default' for ctl.interface_start from pid: 516 (/system/bin/hwservicemanager)
04-04 04:29:53.914 W/ActivityManager( 1152): Slow operation: 528ms so far, now at startProcess: returned from zygote!
04-04 04:29:53.914 W/ActivityManager( 1152): Slow operation: 528ms so far, now at startProcess: done updating battery stats
04-04 04:29:53.914 W/ActivityManager( 1152): Slow operation: 528ms so far, now at startProcess: building log message
04-04 04:29:53.914 I/ActivityManager( 1152): Start proc 2230:com.thundercomm.microsettings/1000 for added application com.thundercomm.microsettings
04-04 04:29:53.915 W/ActivityManager( 1152): Slow operation: 529ms so far, now at startProcess: starting to update pids map
04-04 04:29:53.919 W/ActivityManager( 1152): Slow operation: 533ms so far, now at startProcess: done updating pids map
04-04 04:29:53.919 W/ActivityManager( 1152): Slow operation: 532ms so far, now at startProcess: asking zygote to start proc
04-04 04:29:53.964 D/CompatibilityChangeReporter( 1152): Compat change id reported: 135634846; UID 10068; state: DISABLED
04-04 04:29:53.964 D/CompatibilityChangeReporter( 1152): Compat change id reported: 177438394; UID 10068; state: DISABLED
04-04 04:29:53.964 D/CompatibilityChangeReporter( 1152): Compat change id reported: 135772972; UID 10068; state: DISABLED
04-04 04:29:53.964 D/CompatibilityChangeReporter( 1152): Compat change id reported: 135754954; UID 10068; state: ENABLED
01-01 08:00:51.544 I/[kworke][0x3ae05540][04:29:53.965504] wlan( 0): [340:I:TXRX] hif_print_hal_shadow_register_cfg: i 0, val a3b034
01-01 08:00:51.544 I/[kworke][0x3ae05681][04:29:53.965520] wlan( 0): [340:I:TXRX] hif_print_hal_shadow_register_cfg: i 1, val a3b03c
01-01 08:00:51.544 I/[kworke][0x3ae05725][04:29:53.965528] wlan( 0): [340:I:TXRX] hif_print_hal_shadow_register_cfg: i 2, val a3b044
01-01 08:00:51.544 I/[kworke][0x3ae057c3][04:29:53.965537] wlan( 0): [340:I:TXRX] hif_print_hal_shadow_register_cfg: i 3, val a3b04c
01-01 08:00:51.544 I/[kworke][0x3ae0585d][04:29:53.965545] wlan( 0): [340:I:TXRX] hif_print_hal_shadow_register_cfg: i 4, val a3b054
01-01 08:00:51.544 I/[kworke][0x3ae058f7][04:29:53.965553] wlan( 0): [340:I:TXRX] hif_print_hal_shadow_register_cfg: i 5, val a3b028
