01-01 08:00:47.695 E/msm-ext-disp-audio-codec-rx soc( 0): qcom,msm-ext-disp:qcom,msm-ext-disp-audio-codec-rx: msm_ext_disp_audio_type_get: get_audio_edid_blk() or get_intf_id is NULL
01-01 08:00:47.712 W/ ( 0): ------------[ cut here ]------------
01-01 08:00:47.712 I/ ( 0): IRQs not enabled as expected
01-01 08:00:47.712 W/ ( 0): WARNING: CPU: 0 PID: 0 at kernel/softirq.c:161 __local_bh_enable_ip+0x140/0x158
01-01 08:00:47.712 I/ ( 0): Modules linked in: wlan(O+) tsnv(O) machine_dlkm(O) wcd938x_slave_dlkm(O) wcd938x_dlkm(O) wcd9xxx_dlkm(O) mbhc_dlkm(O) tx_macro_dlkm(O) rx_macro_dlkm(O) va_macro_dlkm(O) wsa_macro_dlkm(O) swr_ctrl_dlkm(O) bolero_cdc_dlkm(O) wsa881x_dlkm(O) wcd_core_dlkm(O) stub_dlkm(O) hdmi_dlkm(O) swr_dlkm(O) pinctrl_lpi_dlkm(O) pinctrl_wcd_dlkm(O) usf_dlkm(O) native_dlkm(O) platform_dlkm(O) q6_dlkm(O) adsp_loader_dlkm(O) apr_dlkm(O) snd_event_dlkm(O) q6_notifier_dlkm(O) q6_pdr_dlkm(O) msm_11ad_proxy
01-01 08:00:47.712 I/ ( 0): CPU: 0 PID: 0 Comm: swapper/0 Tainted: G S W O 4.19.157+ #1
01-01 08:00:47.712 I/Hardware name( 0): Qualcomm Technologies, Inc. kona MTP-RmPM8150b. VX1(MCE) EVT1 (DT)
01-01 08:00:47.712 I/pstate ( 0): 60400085 (nZCv daIf +PAN -UAO)
01-01 08:00:47.712 I/pc ( 0): __local_bh_enable_ip+0x140/0x158
01-01 08:00:47.712 I/lr ( 0): __local_bh_enable_ip+0x140/0x158
01-01 08:00:47.712 I/sp ( 0): ffffff8008003c90
01-01 08:00:47.712 I/ ( 0): x29: ffffff8008003c90 x28: ffffffc378100980
01-01 08:00:47.712 I/ ( 0): x27: ffffffa55edfe2c0 x26: ffffffa55edeecf8
01-01 08:00:47.712 I/ ( 0): x25: ffffffc2faacdc78 x24: ffffffc2faacdc70
01-01 08:00:47.712 I/ ( 0): x23: ffffffc2faacdc68 x22: ffffffa55e701018
01-01 08:00:47.712 I/ ( 0): x21: ffffffa55edfe2c0 x20: ffffffa55d7090f8
01-01 08:00:47.712 I/ ( 0): x19: 0000000000000200 x18: 000000000000002c
01-01 08:00:47.712 I/ ( 0): x17: ffffffa55fd3e000 x16: 00000000fffc17b8
01-01 08:00:47.712 I/ ( 0): x15: 00000000000c17b8 x14: 00000000000000c2
01-01 08:00:47.712 I/ ( 0): x13: 0000000000000000 x12: 00000000000000e0
01-01 08:00:47.712 I/ ( 0): x11: 0000000000000000 x10: 0000000000000000
01-01 08:00:47.712 I/ ( 0): x9 : d1b81b62a44cf700 x8 : d1b81b62a44cf700
01-01 08:00:47.712 I/ ( 0): x7 : ffffffa55c3826c0 x6 : 0000000000000000
01-01 08:00:47.712 I/ ( 0): x5 : 0000000000000080 x4 : 0000000000000001
01-01 08:00:47.712 I/ ( 0): x3 : 0000000000000000 x2 : 0000000000000003
01-01 08:00:47.712 I/ ( 0): x1 : 0000000000000003 x0 : 000000000000001c
01-01 08:00:47.712 I/Call trace( 0):
01-01 08:00:47.712 I/ ( 0): __local_bh_enable_ip+0x140/0x158
01-01 08:00:47.712 I/ ( 0): local_bh_enable+0x18/0x20
01-01 08:00:47.712 I/ ( 0): destroy_conntrack+0xb0/0x1d0
01-01 08:00:47.712 I/ ( 0): nf_conntrack_destroy+0xb8/0x118
01-01 08:00:47.712 I/ ( 0): skb_release_head_state+0x94/0xb8
01-01 08:00:47.712 I/ ( 0): consume_skb+0x158/0x1e8
01-01 08:00:47.712 I/ ( 0): lan743x_tx_release_desc+0xbc/0x130
01-01 08:00:47.712 I/ ( 0): lan743x_tx_napi_poll+0xe8/0x260
01-01 08:00:47.712 I/ ( 0): net_rx_action+0x144/0x5d0
01-01 08:00:47.712 I/ ( 0): __do_softirq+0x280/0x554
01-01 08:00:47.712 I/ ( 0): irq_exit+0xfc/0x120
01-01 08:00:47.712 I/ ( 0): __handle_domain_irq+0xa8/0xf8
01-01 08:00:47.712 I/ ( 0): gic_handle_irq+0x160/0x1d8
01-01 08:00:47.712 I/ ( 0): el1_irq+0xec/0x198
01-01 08:00:47.712 I/ ( 0): lpm_cpuidle_enter+0x674/0x6d8
01-01 08:00:47.712 I/ ( 0): cpuidle_enter_state+0x204/0x3b0
01-01 08:00:47.712 I/ ( 0): cpuidle_enter+0x30/0x40
01-01 08:00:47.712 I/ ( 0): do_idle+0x1d4/0x2c0
01-01 08:00:47.712 I/ ( 0): cpu_startup_entry+0x24/0x28
01-01 08:00:47.712 I/ ( 0): rest_init+0x1e8/0x1f8
01-01 08:00:47.712 I/ ( 0): start_kernel+0x544/0x614
01-01 08:00:47.712 I/ ( 0): irq event stamp: 149509
01-01 08:00:47.712 I/ ( 0): hardirqs last enabled at (149508): [] el1_irq+0x108/0x198
01-01 08:00:47.712 I/ ( 0): hardirqs last disabled at (149509): [] _raw_spin_lock_irqsave+0x28/0x98
01-01 08:00:47.712 I/ ( 0): softirqs last enabled at (149286): [] irq_enter+0x48/0x78
01-01 08:00:47.712 I/ ( 0): softirqs last disabled at (149287): [] irq_exit+0xfc/0x120
01-01 08:00:47.712 W/ ( 0): ---[ end trace 299538327909288e ]---
01-01 08:00:47.714 E/msm_ext_disp_update_audio_ops( 0): Display not found (EXT_DISPLAY_TYPE_DP) ctld (0) stream (0)
01-01 08:00:47.725 E/msm-ext-disp-audio-codec-rx soc( 0): qcom,msm-ext-disp:qcom,msm-ext-disp-audio-codec-rx: msm_ext_disp_audio_type_get: get_audio_edid_blk() or get_intf_id is NULL
04-04 04:29:50.162 I/ActivityTaskManager( 1152): Loaded persisted task ids for user 0
01-01 08:00:47.743 E/msm_ext_disp_update_audio_ops( 0): Display not found (EXT_DISPLAY_TYPE_DP) ctld (0) stream (0)
04-04 04:29:50.165 D/SystemServerTiming( 1152): SetWindowManagerService took to complete: 60ms
04-04 04:29:50.165 I/SystemServerTiming( 1152): WindowManagerServiceOnInitReady
04-04 04:29:50.172 D/SystemServerTimingAsync( 1152): AppDataFixup took to complete: 621ms
01-01 08:00:47.752 E/msm-ext-disp-audio-codec-rx soc( 0): qcom,msm-ext-disp:qcom,msm-ext-disp-audio-codec-rx: msm_ext_disp_audio_type_get: get_audio_edid_blk() or get_intf_id is NULL
04-04 04:29:50.192 D/SystemServerTiming( 1152): WindowManagerServiceOnInitReady took to complete: 26ms
04-04 04:29:50.192 I/SystemServerTiming( 1152): StartInputManager
04-04 04:29:50.192 I/InputManager( 1152): Starting input manager
04-04 04:29:50.195 I/SystemServerTimingAsync( 1152): InitThreadPoolExec:StartHidlServices
04-04 04:29:50.196 D/SystemServerInitThreadPool( 1152): Started executing StartHidlServices
04-04 04:29:50.196 I/SystemServerTimingAsync( 1152): StartHidlServices
04-04 04:29:50.197 D/SystemServerTiming( 1152): StartInputManager took to complete: 4ms
04-04 04:29:50.198 I/SystemServerTiming( 1152): DisplayManagerWindowManagerAndInputReady
04-04 04:29:50.199 D/SystemServerTiming( 1152): DisplayManagerWindowManagerAndInputReady took to complete: 1ms
04-04 04:29:50.199 I/SystemServerTiming( 1152): StartBluetoothService
04-04 04:29:50.199 I/SystemServiceManager( 1152): Starting com.android.server.BluetoothService
04-04 04:29:50.199 I/LogicalDisplayMapper( 1152): Requesting Transition to state: 0
04-04 04:29:50.200 I/LogicalDisplayMapper( 1152): Applying layout: [{addr: {port=129, model=0x40446d3026322d}, dispId: 0(ON)}], Previous layout: [{addr: {port=129, model=0x40446d3026322d}, dispId: 0(ON)}]
04-04 04:29:50.203 D/BluetoothManagerService( 1152): Loading stored name and address
04-04 04:29:50.203 D/BluetoothManagerService( 1152): Stored bluetooth Name=高合娱乐副屏,Address=22:22:19:E6:64:92
04-04 04:29:50.204 D/BluetoothManagerService( 1152): Bluetooth persisted state: 1
04-04 04:29:50.204 D/BluetoothManagerService( 1152): Startup: Bluetooth persisted state is ON.
01-01 08:00:47.770 E/msm-ext-disp-audio-codec-rx soc( 0): qcom,msm-ext-disp:qcom,msm-ext-disp-audio-codec-rx: msm_ext_disp_audio_device_get: invalid dai id: 4
04-04 04:29:50.204 D/BluetoothManagerService( 1152): Detected SystemUiUid: 10084
04-04 04:29:50.204 D/SystemServerTiming( 1152): StartBluetoothService took to complete: 6ms
04-04 04:29:50.205 I/SystemServerTiming( 1152): IpConnectivityMetrics
04-04 04:29:50.205 I/SystemServiceManager( 1152): Starting com.android.server.connectivity.IpConnectivityMetrics
04-04 04:29:50.206 D/SystemServerTiming( 1152): IpConnectivityMetrics took to complete: 1ms
04-04 04:29:50.206 I/SystemServerTiming( 1152): NetworkWatchlistService
04-04 04:29:50.206 I/SystemServiceManager( 1152): Starting com.android.server.net.watchlist.NetworkWatchlistService$Lifecycle
04-04 04:29:50.211 D/SystemServerTimingAsync( 1152): StartHidlServices took to complete: 15ms
04-04 04:29:50.211 D/SystemServerInitThreadPool( 1152): Finished executing StartHidlServices
04-04 04:29:50.211 D/SystemServerTimingAsync( 1152): InitThreadPoolExec:StartHidlServices took to complete: 15ms
04-04 04:29:50.237 I/WatchlistSettings( 1152): Reload watchlist settings done
04-04 04:29:50.242 I/WatchlistLoggingHandler( 1152): Last report time is larger than current time, reset report
04-04 04:29:50.244 D/SystemServerTiming( 1152): NetworkWatchlistService took to complete: 38ms
04-04 04:29:50.244 I/SystemServerTiming( 1152): PinnerService
04-04 04:29:50.244 I/SystemServiceManager( 1152): Starting com.android.server.PinnerService
04-04 04:29:50.244 V/HistoricalRegistry( 1152): Interaction before persistence initialized
04-04 04:29:50.247 D/SystemServerTiming( 1152): PinnerService took to complete: 3ms
04-04 04:29:50.247 I/SystemServerTiming( 1152): IorapForwardingService
04-04 04:29:50.247 I/SystemServiceManager( 1152): Starting com.google.android.startop.iorap.IorapForwardingService
04-04 04:29:50.248 D/PinnerService( 1152): pinRangeStream: null
04-04 04:29:50.251 D/SystemServerTiming( 1152): IorapForwardingService took to complete: 4ms
04-04 04:29:50.251 I/SystemServiceManager( 1152): Starting com.android.server.ActivityTriggerService
04-04 04:29:50.251 I/ActivityTriggerService( 1152): Starting ActivityTriggerService
01-01 08:00:47.853 E/ ( 0): msm_pcm_volume_ctl_get substream not found
04-04 04:29:50.285 D/PinnerService( 1152): pinRangeStream: null
04-04 04:29:50.287 D/PinnerService( 1152): pinRangeStream: null
04-04 04:29:50.287 I/SystemServerTiming( 1152): SignedConfigService
04-04 04:29:50.287 D/PinnerService( 1152): pinRangeStream: null
04-04 04:29:50.287 D/SystemServerTiming( 1152): SignedConfigService took to complete: 1ms
04-04 04:29:50.287 I/SystemServerTiming( 1152): AppIntegrityService
04-04 04:29:50.288 I/SystemServiceManager( 1152): Starting com.android.server.integrity.AppIntegrityManagerService
04-04 04:29:50.297 E/IntegrityFileManager( 1152): Error creating staging and rules directory
04-04 04:29:50.306 I/WatchlistLoggingHandler( 1152): No need to aggregate record yet.
04-04 04:29:50.306 I/WatchlistLoggingHandler( 1152): Milliseconds spent on tryAggregateRecords(): 64
04-04 04:29:50.314 D/SystemServerTiming( 1152): AppIntegrityService took to complete: 26ms
04-04 04:29:50.316 I/WindowManager( 1152): SAFE MODE not enabled
04-04 04:29:50.317 I/SystemServerTiming( 1152): StartInputMethodManagerLifecycle
04-04 04:29:50.317 I/SystemServiceManager( 1152): Starting com.android.server.inputmethod.InputMethodManagerService$Lifecycle
04-04 04:29:50.328 D/SystemServerTiming( 1152): StartInputMethodManagerLifecycle took to complete: 12ms
04-04 04:29:50.329 I/SystemServerTiming( 1152): StartAccessibilityManagerService
04-04 04:29:50.329 I/SystemServiceManager( 1152): Starting com.android.server.accessibility.AccessibilityManagerService$Lifecycle
04-04 04:29:50.330 I/DropBoxManagerService( 1152): add tag=system_server_strictmode isTagEnabled=true flags=0x2
04-04 04:29:50.380 D/SystemServerTiming( 1152): StartAccessibilityManagerService took to complete: 51ms
04-04 04:29:50.380 I/SystemServerTiming( 1152): MakeDisplayReady
04-04 04:29:50.387 I/ActivityTaskManager( 1152): Config changes=20005df8 {1.0 ?mcc?mnc [zh_CN] ldltr sw680dp w1586dp h612dp 240dpi lrg long land ?uimode ?night -touch -keyb/v/h -nav/h winConfig={ mBounds=Rect(0, 0 - 2380, 1020) mAppBounds=Rect(0, 0 - 2380, 954) mMaxBounds=Rect(0, 0 - 2380, 1020) mWindowingMode=fullscreen mDisplayWindowingMode=fullscreen mActivityType=undefined mAlwaysOnTop=undefined mRotation=ROTATION_0} s.2 ?fontWeightAdjustment}
04-04 04:29:50.389 I/WindowManager( 1152): Override config changes=60007dfc {1.0 ?mcc?mnc [zh_CN] ldltr sw680dp w1586dp h612dp 240dpi lrg long land ?uimode ?night -touch -keyb/v/h -nav/h winConfig={ mBounds=Rect(0, 0 - 2380, 1020) mAppBounds=Rect(0, 0 - 2380, 954) mMaxBounds=Rect(0, 0 - 2380, 1020) mWindowingMode=fullscreen mDisplayWindowingMode=fullscreen mActivityType=undefined mAlwaysOnTop=undefined mRotation=ROTATION_0} s.2 ?fontWeightAdjustment} for displayId=0
04-04 04:29:50.403 I/ActivityTaskManager( 1152): Config changes=8 {1.0 ?mcc?mnc [zh_CN] ldltr sw680dp w1586dp h612dp 240dpi lrg long land ?uimode ?night finger -keyb/v/h -nav/h winConfig={ mBounds=Rect(0, 0 - 2380, 1020) mAppBounds=Rect(0, 0 - 2380, 954) mMaxBounds=Rect(0, 0 - 2380, 1020) mWindowingMode=fullscreen mDisplayWindowingMode=fullscreen mActivityType=undefined mAlwaysOnTop=undefined mRotation=ROTATION_0} s.4 ?fontWeightAdjustment}
04-04 04:29:50.405 I/WindowManager( 1152): Override config changes=8 {1.0 ?mcc?mnc [zh_CN] ldltr sw680dp w1586dp h612dp 240dpi lrg long land ?uimode ?night finger -keyb/v/h -nav/h winConfig={ mBounds=Rect(0, 0 - 2380, 1020) mAppBounds=Rect(0, 0 - 2380, 954) mMaxBounds=Rect(0, 0 - 2380, 1020) mWindowingMode=fullscreen mDisplayWindowingMode=fullscreen mActivityType=undefined mAlwaysOnTop=undefined mRotation=ROTATION_0} s.4 ?fontWeightAdjustment} for displayId=0
04-04 04:29:50.411 D/SystemServerTiming( 1152): MakeDisplayReady took to complete: 31ms
04-04 04:29:50.412 I/SystemServerTiming( 1152): StartStorageManagerService
04-04 04:29:50.412 I/SystemServiceManager( 1152): Starting com.android.server.StorageManagerService$Lifecycle
04-04 04:29:50.460 I/DropBoxManagerService( 1152): add tag=system_server_strictmode isTagEnabled=true flags=0x2
04-04 04:29:50.464 I/DropBoxManagerService( 1152): add tag=system_server_strictmode isTagEnabled=true flags=0x2
04-04 04:29:50.468 I/DropBoxManagerService( 1152): add tag=system_server_strictmode isTagEnabled=true flags=0x2
04-04 04:29:50.472 I/DropBoxManagerService( 1152): add tag=system_server_strictmode isTagEnabled=true flags=0x2
04-04 04:29:50.472 D/PinnerService( 1152): pinRangeStream: null
04-04 04:29:50.474 D/PinnerService( 1152): pinRangeStream: null
04-04 04:29:50.475 I/DropBoxManagerService( 1152): add tag=system_server_strictmode isTagEnabled=true flags=0x2
04-04 04:29:50.478 I/DropBoxManagerService( 1152): add tag=system_server_strictmode isTagEnabled=true flags=0x2
04-04 04:29:50.480 D/StorageManagerService( 1152): Thinking about init, mBootCompleted=false, mDaemonConnected=true
04-04 04:29:50.480 D/StorageManagerService( 1152): Thinking about reset, mBootCompleted=false, mDaemonConnected=true
04-04 04:29:50.481 I/DropBoxManagerService( 1152): add tag=system_server_strictmode isTagEnabled=true flags=0x2
04-04 04:29:50.484 I/DropBoxManagerService( 1152): add tag=system_server_strictmode isTagEnabled=true flags=0x2
04-04 04:29:50.484 W/SystemServiceManager( 1152): Service com.android.server.StorageManagerService$Lifecycle took 72 ms in onStart
04-04 04:29:50.484 D/StorageManagerService( 1152): Thinking about init, mBootCompleted=false, mDaemonConnected=true
04-04 04:29:50.484 D/StorageManagerService( 1152): Thinking about reset, mBootCompleted=false, mDaemonConnected=true
04-04 04:29:50.485 D/SystemServerTiming( 1152): StartStorageManagerService took to complete: 74ms
04-04 04:29:50.486 I/SystemServerTiming( 1152): StartStorageStatsService
04-04 04:29:50.486 I/SystemServiceManager( 1152): Starting com.android.server.usage.StorageStatsService$Lifecycle
04-04 04:29:50.489 I/DropBoxManagerService( 1152): add tag=system_server_strictmode isTagEnabled=true flags=0x2
04-04 04:29:50.490 D/PinnerService( 1152): pinRangeStream: null
04-04 04:29:50.500 D/SystemServerTiming( 1152): StartStorageStatsService took to complete: 14ms
04-04 04:29:50.500 I/SystemServerTiming( 1152): StartUiModeManager
04-04 04:29:50.500 I/SystemServiceManager( 1152): Starting com.android.server.UiModeManagerService
04-04 04:29:50.525 D/SystemServerTiming( 1152): StartUiModeManager took to complete: 25ms
04-04 04:29:50.525 I/SystemServerTiming( 1152): UpdatePackagesIfNeeded
04-04 04:29:50.525 I/Watchdog( 1152): Pausing HandlerChecker: main thread for reason: dexopt. Pause count: 1
04-04 04:29:50.525 I/Watchdog( 1152): Resuming HandlerChecker: main thread for reason: dexopt. Pause count: 0
04-04 04:29:50.526 D/SystemServerTiming( 1152): UpdatePackagesIfNeeded took to complete: 0ms
04-04 04:29:50.526 I/SystemServerTiming( 1152): PerformFstrimIfNeeded
04-04 04:29:50.528 D/SystemServerTiming( 1152): PerformFstrimIfNeeded took to complete: 2ms
04-04 04:29:50.528 I/SystemServerTiming( 1152): StartLockSettingsService
04-04 04:29:50.528 I/SystemServiceManager( 1152): Starting com.android.server.locksettings.LockSettingsService$Lifecycle
04-04 04:29:50.530 I/SystemServerTimingAsync( 1152): InitThreadPoolExec:UiModeManager.onStart
04-04 04:29:50.530 D/SystemServerInitThreadPool( 1152): Started executing UiModeManager.onStart
04-04 04:29:50.541 D/PinnerService( 1152): pinRangeStream: null
04-04 04:29:50.546 D/SystemServerInitThreadPool( 1152): Finished executing UiModeManager.onStart
04-04 04:29:50.546 D/SystemServerTimingAsync( 1152): InitThreadPoolExec:UiModeManager.onStart took to complete: 16ms
04-04 04:29:50.566 D/SystemServerTiming( 1152): StartLockSettingsService took to complete: 38ms
04-04 04:29:50.567 I/SystemServerTiming( 1152): StartPersistentDataBlock
04-04 04:29:50.567 I/SystemServiceManager( 1152): Starting com.android.server.PersistentDataBlockService
04-04 04:29:50.583 D/SystemServerTiming( 1152): StartPersistentDataBlock took to complete: 16ms
04-04 04:29:50.583 I/SystemServerTiming( 1152): StartTestHarnessMode
04-04 04:29:50.583 I/SystemServiceManager( 1152): Starting com.android.server.testharness.TestHarnessModeService
04-04 04:29:50.584 D/SystemServerTiming( 1152): StartTestHarnessMode took to complete: 0ms
04-04 04:29:50.584 I/SystemServerTiming( 1152): StartOemLockService
04-04 04:29:50.584 I/SystemServiceManager( 1152): Starting com.android.server.oemlock.OemLockService
04-04 04:29:50.585 I/OemLock ( 1152): OemLock HAL not present on device
04-04 04:29:50.585 I/OemLock ( 1152): Using persistent data block based lock
04-04 04:29:50.586 D/SystemServerTiming( 1152): StartOemLockService took to complete: 1ms
04-04 04:29:50.586 I/SystemServerTiming( 1152): StartDeviceIdleController
04-04 04:29:50.586 I/SystemServiceManager( 1152): Starting com.android.server.DeviceIdleController
04-04 04:29:50.589 D/SystemServerTiming( 1152): StartDeviceIdleController took to complete: 3ms
04-04 04:29:50.589 I/SystemServerTiming( 1152): StartDevicePolicyManager
04-04 04:29:50.589 I/SystemServiceManager( 1152): Starting com.android.server.devicepolicy.DevicePolicyManagerService$Lifecycle
04-04 04:29:50.592 I/SystemServerTimingAsync( 1152): InitThreadPoolExec:PersistentDataBlockService.onStart
04-04 04:29:50.592 D/SystemServerInitThreadPool( 1152): Started executing PersistentDataBlockService.onStart
04-04 04:29:50.607 D/SLog ( 1152): static_init took to complete: 3ms
04-04 04:29:50.607 I/DevicePolicyManager( 1152): Set ro.organization_owned property to false
04-04 04:29:50.610 D/SystemServerTiming( 1152): StartDevicePolicyManager took to complete: 22ms
04-04 04:29:50.611 I/SystemServerTiming( 1152): StartStatusBarManagerService
04-04 04:29:50.611 D/SystemServerTiming( 1152): StartStatusBarManagerService took to complete: 0ms
04-04 04:29:50.611 D/SystemServer( 1152): MusicRecognitionManagerService not defined by OEM or disabled by flag
04-04 04:29:50.612 D/SystemServer( 1152): ContentCaptureService disabled because resource is not overlaid
04-04 04:29:50.612 D/SystemServer( 1152): AttentionService is not configured on this device
04-04 04:29:50.612 D/SystemServer( 1152): RotationResolverService is not configured on this device
04-04 04:29:50.612 D/SystemServer( 1152): SystemCaptionsManagerService disabled because resource is not overlaid
04-04 04:29:50.612 I/SystemServerTiming( 1152): StartTextToSpeechManagerService
04-04 04:29:50.612 I/SystemServiceManager( 1152): Starting com.android.server.texttospeech.TextToSpeechManagerService
04-04 04:29:50.613 D/SystemServerTiming( 1152): StartTextToSpeechManagerService took to complete: 1ms
04-04 04:29:50.613 I/SystemServerTiming( 1152): StartSpeechRecognitionManagerService
04-04 04:29:50.613 I/SystemServiceManager( 1152): Starting com.android.server.speech.SpeechRecognitionManagerService
04-04 04:29:50.614 D/SystemServerTiming( 1152): StartSpeechRecognitionManagerService took to complete: 2ms
04-04 04:29:50.615 D/SystemServer( 1152): AppPredictionService not defined by OEM
04-04 04:29:50.615 D/SystemServer( 1152): ContentSuggestionsService not defined by OEM
04-04 04:29:50.615 I/SystemServerTiming( 1152): StartSearchUiService
04-04 04:29:50.615 I/SystemServiceManager( 1152): Starting com.android.server.searchui.SearchUiManagerService
04-04 04:29:50.616 D/SystemServerTiming( 1152): StartSearchUiService took to complete: 1ms
04-04 04:29:50.616 I/SystemServerTiming( 1152): StartSmartspaceService
04-04 04:29:50.616 I/SystemServiceManager( 1152): Starting com.android.server.smartspace.SmartspaceManagerService
04-04 04:29:50.617 D/SystemServerTiming( 1152): StartSmartspaceService took to complete: 1ms
04-04 04:29:50.617 I/SystemServerTiming( 1152): InitConnectivityModuleConnector
04-04 04:29:50.617 D/ConnectivityModuleConnector( 1152): Network stack init
04-04 04:29:50.618 D/SystemServerTiming( 1152): InitConnectivityModuleConnector took to complete: 1ms
04-04 04:29:50.618 I/SystemServerTiming( 1152): InitNetworkStackClient
04-04 04:29:50.618 D/SystemServerTiming( 1152): InitNetworkStackClient took to complete: 0ms
04-04 04:29:50.618 I/SystemServerTiming( 1152): StartNetworkManagementService
04-04 04:29:50.624 E/PersistentDataBlockService( 1152): not able to find package com.google.android.gms
04-04 04:29:50.624 E/PersistentDataBlockService( 1152): android.content.pm.PackageManager$NameNotFoundException: com.google.android.gms
04-04 04:29:50.624 E/PersistentDataBlockService( 1152): at android.app.ApplicationPackageManager.getPackageUidAsUser(ApplicationPackageManager.java:364)
04-04 04:29:50.624 E/PersistentDataBlockService( 1152): at com.android.server.PersistentDataBlockService.getAllowedUid(PersistentDataBlockService.java:162)
04-04 04:29:50.624 E/PersistentDataBlockService( 1152): at com.android.server.PersistentDataBlockService.lambda$onStart$0$PersistentDataBlockService(PersistentDataBlockService.java:176)
04-04 04:29:50.624 E/PersistentDataBlockService( 1152): at com.android.server.PersistentDataBlockService$$ExternalSyntheticLambda0.run(Unknown Source:2)
04-04 04:29:50.624 E/PersistentDataBlockService( 1152): at com.android.server.SystemServerInitThreadPool.lambda$submitTask$0$SystemServerInitThreadPool(SystemServerInitThreadPool.java:105)
04-04 04:29:50.624 E/PersistentDataBlockService( 1152): at com.android.server.SystemServerInitThreadPool$$ExternalSyntheticLambda0.run(Unknown Source:6)
04-04 04:29:50.624 E/PersistentDataBlockService( 1152): at java.util.concurrent.Executors$RunnableAdapter.call(Executors.java:462)
04-04 04:29:50.624 E/PersistentDataBlockService( 1152): at java.util.concurrent.FutureTask.run(FutureTask.java:266)
04-04 04:29:50.624 E/PersistentDataBlockService( 1152): at java.util.concurrent.ThreadPoolExecutor.runWorker(ThreadPoolExecutor.java:1167)
04-04 04:29:50.624 E/PersistentDataBlockService( 1152): at java.util.concurrent.ThreadPoolExecutor$Worker.run(ThreadPoolExecutor.java:641)
04-04 04:29:50.624 E/PersistentDataBlockService( 1152): at com.android.internal.util.ConcurrentUtils$1$1.run(ConcurrentUtils.java:65)
04-04 04:29:50.637 D/SystemServerTiming( 1152): StartNetworkManagementService took to complete: 18ms
04-04 04:29:50.637 I/SystemServerTiming( 1152): StartIpSecService
04-04 04:29:50.641 D/SystemServerTiming( 1152): StartIpSecService took to complete: 4ms
04-04 04:29:50.641 I/SystemServerTiming( 1152): StartFontManagerService
04-04 04:29:50.641 D/SystemServerInitThreadPool( 1152): Finished executing PersistentDataBlockService.onStart
04-04 04:29:50.641 D/SystemServerTimingAsync( 1152): InitThreadPoolExec:PersistentDataBlockService.onStart took to complete: 48ms
04-04 04:29:50.673 D/PinnerService( 1152): pinRangeStream: null
04-04 04:29:50.675 D/PinnerService( 1152): pinRangeStream: null
04-04 04:29:50.747 D/PinnerService( 1152): pinRangeStream: null
04-04 04:29:50.760 D/PinnerService( 1152): pinRangeStream: null
04-04 04:29:50.763 E/PinnerService( 1152): Could not pin file /system/lib64/libsurfaceflinger.so
04-04 04:29:50.763 E/PinnerService( 1152): android.system.ErrnoException: open failed: ENOENT (No such file or directory)
04-04 04:29:50.763 E/PinnerService( 1152): at libcore.io.Linux.open(Native Method)
04-04 04:29:50.763 E/PinnerService( 1152): at libcore.io.ForwardingOs.open(ForwardingOs.java:567)
04-04 04:29:50.763 E/PinnerService( 1152): at libcore.io.BlockGuardOs.open(BlockGuardOs.java:273)
04-04 04:29:50.763 E/PinnerService( 1152): at android.system.Os.open(Os.java:501)
04-04 04:29:50.763 E/PinnerService( 1152): at com.android.server.PinnerService.pinFileRanges(PinnerService.java:939)
04-04 04:29:50.763 E/PinnerService( 1152): at com.android.server.PinnerService.pinFile(PinnerService.java:814)
04-04 04:29:50.763 E/PinnerService( 1152): at com.android.server.PinnerService.handlePinOnStart(PinnerService.java:273)
04-04 04:29:50.763 E/PinnerService( 1152): at com.android.server.PinnerService.access$1600(PinnerService.java:91)
04-04 04:29:50.763 E/PinnerService( 1152): at com.android.server.PinnerService$PinnerHandler.handleMessage(PinnerService.java:1183)
04-04 04:29:50.763 E/PinnerService( 1152): at android.os.Handler.dispatchMessage(Handler.java:106)
04-04 04:29:50.763 E/PinnerService( 1152): at android.os.Looper.loopOnce(Looper.java:201)
04-04 04:29:50.763 E/PinnerService( 1152): at android.os.Looper.loop(Looper.java:288)
04-04 04:29:50.763 E/PinnerService( 1152): at android.os.HandlerThread.run(HandlerThread.java:67)
04-04 04:29:50.763 E/PinnerService( 1152): Failed to pin file = /system/lib64/libsurfaceflinger.so
04-04 04:29:50.791 W/iorapd ( 1230): Readahead disabled by system property
04-04 04:29:50.795 W/iorapd ( 1230): Reconnect to package manager service: 1 times
04-04 04:29:50.817 D/SystemServerTimingAsync( 1152): AppDataPrepare took to complete: 645ms
04-04 04:29:50.817 I/PackageManager( 1152): Deferred reconcileAppsData finished 115 packages
04-04 04:29:50.817 D/SystemServerInitThreadPool( 1152): Finished executing prepareAppData
04-04 04:29:50.817 D/SystemServerTimingAsync( 1152): InitThreadPoolExec:prepareAppData took to complete: 1266ms
01-01 08:00:48.397 E/ ( 0): msm_qti_pp_get_rms_value_control, back not active to query rms be_idx:3
01-01 08:00:48.423 I/core_get_license_status( 0): cmdrsp_license_result.result = 0x15 for module 0x131ff
01-01 08:00:48.427 E/msm_ext_disp_update_audio_ops( 0): Display not found (EXT_DISPLAY_TYPE_DP) ctld (0) stream (0)
01-01 08:00:48.437 E/msm_ext_disp_update_audio_ops( 0): Display not found (EXT_DISPLAY_TYPE_HDMI) ctld (0) stream (0)
01-01 08:00:48.448 E/msm_ext_disp_update_audio_ops( 0): Display not found (EXT_DISPLAY_TYPE_DP) ctld (0) stream (0)
01-01 08:00:48.458 E/msm_ext_disp_update_audio_ops( 0): Display not found (EXT_DISPLAY_TYPE_DP) ctld (0) stream (0)
01-01 08:00:48.469 E/msm_ext_disp_update_audio_ops( 0): Display not found (EXT_DISPLAY_TYPE_DP) ctld (0) stream (0)
04-04 04:29:50.895 D/ZygoteInitTiming_lazy( 689): PreloadClasses took to complete: 1031ms
04-04 04:29:50.903 D/iorap.prefetcherd( 1776): Installing minijail
04-04 04:29:50.910 W/iorap.prefetcherd( 1776): No seccomp filter defined for this architecture.
01-01 08:00:48.479 E/msm-ext-disp-audio-codec-rx soc( 0): qcom,msm-ext-disp:qcom,msm-ext-disp-audio-codec-rx: msm_ext_disp_audio_type_get: get_audio_edid_blk() or get_intf_id is NULL
04-04 04:29:50.915 D/ZygoteInitTiming_lazy( 689): CacheNonBootClasspathClassLoaders took to complete: 20ms
04-04 04:29:50.925 D/SystemServerTiming( 1152): StartFontManagerService took to complete: 285ms
04-04 04:29:50.926 I/SystemServerTiming( 1152): StartTextServicesManager
04-04 04:29:50.926 I/SystemServiceManager( 1152): Starting com.android.server.textservices.TextServicesManagerService$Lifecycle
04-04 04:29:50.927 D/SystemServerTiming( 1152): StartTextServicesManager took to complete: 1ms
04-04 04:29:50.927 I/SystemServerTiming( 1152): StartTextClassificationManagerService
04-04 04:29:50.927 I/SystemServiceManager( 1152): Starting com.android.server.textclassifier.TextClassificationManagerService$Lifecycle
04-04 04:29:50.928 D/SystemServerTiming( 1152): StartTextClassificationManagerService took to complete: 2ms
04-04 04:29:50.929 I/SystemServerTiming( 1152): StartNetworkScoreService
04-04 04:29:50.929 I/SystemServiceManager( 1152): Starting com.android.server.NetworkScoreService$Lifecycle
04-04 04:29:50.930 D/SystemServerTiming( 1152): StartNetworkScoreService took to complete: 1ms
04-04 04:29:50.930 I/SystemServerTiming( 1152): StartNetworkStatsService
04-04 04:29:50.938 D/ZygoteInitTiming_lazy( 689): PreloadResources took to complete: 23ms
04-04 04:29:50.938 D/SystemServerTiming( 1152): StartNetworkStatsService took to complete: 9ms
04-04 04:29:50.938 I/SystemServerTiming( 1152): StartNetworkPolicyManagerService
01-01 08:00:48.496 E/msm_ext_disp_update_audio_ops( 0): Display not found (EXT_DISPLAY_TYPE_DP) ctld (0) stream (0)
01-01 08:00:48.505 E/msm-ext-disp-audio-codec-rx soc( 0): qcom,msm-ext-disp:qcom,msm-ext-disp-audio-codec-rx: msm_ext_disp_audio_type_get: get_audio_edid_blk() or get_intf_id is NULL
04-04 04:29:50.942 D/SystemServerTiming( 1152): StartNetworkPolicyManagerService took to complete: 3ms
04-04 04:29:50.942 I/SystemServerTiming( 1152): StartWifi
01-01 08:00:48.525 E/msm_ext_disp_update_audio_ops( 0): Display not found (EXT_DISPLAY_TYPE_DP) ctld (0) stream (0)
01-01 08:00:48.534 E/msm-ext-disp-audio-codec-rx soc( 0): qcom,msm-ext-disp:qcom,msm-ext-disp-audio-codec-rx: msm_ext_disp_audio_type_get: get_audio_edid_blk() or get_intf_id is NULL
01-01 08:00:48.552 E/msm-ext-disp-audio-codec-rx soc( 0): qcom,msm-ext-disp:qcom,msm-ext-disp-audio-codec-rx: msm_ext_disp_audio_device_get: invalid dai id: 4
04-04 04:29:51.006 I/SystemServiceManager( 1152): Starting com.android.server.wifi.WifiService
01-01 08:00:48.625 E/ ( 0): msm_pcm_volume_ctl_get substream not found
04-04 04:29:51.073 I/wificond( 1306): New wificond event callback registered
04-04 04:29:51.075 V/HistoricalRegistry( 1152): Interaction before persistence initialized
04-04 04:29:51.079 D/SystemServerTiming( 1152): StartWifi took to complete: 137ms
04-04 04:29:51.079 I/SystemServerTiming( 1152): StartWifiScanning
04-04 04:29:51.079 I/SystemServiceManager( 1152): Starting com.android.server.wifi.scanner.WifiScanningService
04-04 04:29:51.084 D/SystemServerTiming( 1152): StartWifiScanning took to complete: 5ms
04-04 04:29:51.084 I/SystemServerTiming( 1152): StartRttService
04-04 04:29:51.084 I/SystemServiceManager( 1152): Starting com.android.server.wifi.rtt.RttService
04-04 04:29:51.085 D/SystemServerTiming( 1152): StartRttService took to complete: 1ms
04-04 04:29:51.085 I/SystemServerTiming( 1152): StartWifiAware
04-04 04:29:51.086 I/SystemServiceManager( 1152): Starting com.android.server.wifi.aware.WifiAwareService
04-04 04:29:51.086 D/SystemServerTiming( 1152): StartWifiAware took to complete: 1ms
04-04 04:29:51.087 I/SystemServerTiming( 1152): StartWifiP2P
04-04 04:29:51.087 I/SystemServiceManager( 1152): Starting com.android.server.wifi.p2p.WifiP2pService
04-04 04:29:51.089 D/SystemServerTiming( 1152): StartWifiP2P took to complete: 3ms
04-04 04:29:51.090 I/SystemServerTiming( 1152): StartEthernet
04-04 04:29:51.090 I/SystemServiceManager( 1152): Starting com.android.server.ethernet.EthernetService
04-04 04:29:51.092 D/SystemServerTiming( 1152): StartEthernet took to complete: 2ms
04-04 04:29:51.092 I/SystemServerTiming( 1152): StartPacProxyService
04-04 04:29:51.093 D/SystemServerTiming( 1152): StartPacProxyService took to complete: 2ms
04-04 04:29:51.094 I/SystemServerTiming( 1152): StartConnectivityService
04-04 04:29:51.107 I/SystemServiceManager( 1152): Starting com.android.server.ConnectivityServiceInitializer
04-04 04:29:51.126 D/CompatibilityChangeReporter( 1152): Compat change id reported: 182478738; UID 1000; state: ENABLED
04-04 04:29:51.132 D/SystemServerTiming( 1152): StartConnectivityService took to complete: 38ms
04-04 04:29:51.132 I/SystemServerTiming( 1152): StartVpnManagerService
04-04 04:29:51.135 D/SystemServerTiming( 1152): StartVpnManagerService took to complete: 3ms
04-04 04:29:51.135 I/SystemServerTiming( 1152): StartVcnManagementService
04-04 04:29:51.138 D/SystemServerTiming( 1152): StartVcnManagementService took to complete: 3ms
04-04 04:29:51.138 I/SystemServerTiming( 1152): StartNsdService
04-04 04:29:51.139 D/NsdService( 1152): Network service discovery is enabled
04-04 04:29:51.141 D/SystemServerTiming( 1152): StartNsdService took to complete: 3ms
04-04 04:29:51.141 I/SystemServerTiming( 1152): StartSystemUpdateManagerService
04-04 04:29:51.141 I/SystemUpdateManagerService( 1152): No existing info file /data/system/system-update-info.xml
04-04 04:29:51.142 D/SystemServerTiming( 1152): StartSystemUpdateManagerService took to complete: 1ms
04-04 04:29:51.142 I/SystemServerTiming( 1152): StartUpdateLockService
04-04 04:29:51.143 D/SystemServerTiming( 1152): StartUpdateLockService took to complete: 1ms
04-04 04:29:51.143 I/SystemServerTiming( 1152): StartNotificationManager
04-04 04:29:51.143 I/SystemServiceManager( 1152): Starting com.android.server.notification.NotificationManagerService
04-04 04:29:51.148 D/ConditionProviders.SCP( 1152): new ScheduleConditionProvider()
04-04 04:29:51.157 I/NotificationAssistants( 1152): Read notification assistant permissions from xml
04-04 04:29:51.157 I/ConditionProviders( 1152): Read condition provider permissions from xml
04-04 04:29:51.157 I/ConditionProviders( 1152): Read condition provider permissions from xml
04-04 04:29:51.157 D/NotificationAssistants( 1152): Approving default notification assistant for user 0
04-04 04:29:51.158 I/ConditionProviders( 1152): Allowing condition provider android.ext.services/android.ext.services.notification.Assistant (userSet: true)
04-04 04:29:51.158 I/GameModeConfig( 1152): isGameModeOn cache is null
04-04 04:29:51.159 I/GameModeConfig( 1152): isGameModeOn = false
04-04 04:29:51.161 D/CompatibilityChangeReporter( 1152): Compat change id reported: 157233955; UID 1000; state: ENABLED
04-04 04:29:51.167 D/SystemServerTiming( 1152): StartNotificationManager took to complete: 24ms
04-04 04:29:51.167 I/SystemServerTiming( 1152): StartDeviceMonitor
04-04 04:29:51.167 I/SystemServiceManager( 1152): Starting com.android.server.storage.DeviceStorageMonitorService
04-04 04:29:51.169 D/SystemServerTiming( 1152): StartDeviceMonitor took to complete: 2ms
04-04 04:29:51.169 I/SystemServerTiming( 1152): StartLocationManagerService
04-04 04:29:51.169 I/SystemServiceManager( 1152): Starting com.android.server.location.LocationManagerService$Lifecycle
04-04 04:29:51.172 D/SystemServerTiming( 1152): StartLocationManagerService took to complete: 3ms
04-04 04:29:51.173 I/SystemServerTiming( 1152): StartCountryDetectorService
04-04 04:29:51.173 D/SystemServerTiming( 1152): StartCountryDetectorService took to complete: 0ms
04-04 04:29:51.173 I/SystemServerTiming( 1152): StartTimeDetectorService
04-04 04:29:51.173 I/SystemServiceManager( 1152): Starting com.android.server.timedetector.TimeDetectorService$Lifecycle
04-04 04:29:51.174 D/SystemServerTiming( 1152): StartTimeDetectorService took to complete: 2ms
04-04 04:29:51.174 I/SystemServerTiming( 1152): StartTimeZoneDetectorService
04-04 04:29:51.175 I/SystemServiceManager( 1152): Starting com.android.server.timezonedetector.TimeZoneDetectorService$Lifecycle
04-04 04:29:51.176 D/SystemServerTiming( 1152): StartTimeZoneDetectorService took to complete: 1ms
04-04 04:29:51.176 I/SystemServerTiming( 1152): StartLocationTimeZoneManagerService
04-04 04:29:51.176 I/SystemServiceManager( 1152): Starting com.android.server.timezonedetector.location.LocationTimeZoneManagerService$Lifecycle
04-04 04:29:51.177 D/SystemServerTiming( 1152): StartLocationTimeZoneManagerService took to complete: 1ms
04-04 04:29:51.177 I/SystemServerTiming( 1152): StartSearchManagerService
04-04 04:29:51.177 I/SystemServiceManager( 1152): Starting com.android.server.search.SearchManagerService$Lifecycle
04-04 04:29:51.178 D/SystemServerTiming( 1152): StartSearchManagerService took to complete: 1ms
04-04 04:29:51.178 I/SystemServerTiming( 1152): StartWallpaperManagerService
04-04 04:29:51.178 I/SystemServiceManager( 1152): Starting com.android.server.wallpaper.WallpaperManagerService$Lifecycle
04-04 04:29:51.178 D/SystemServerTiming( 1152): StartWallpaperManagerService took to complete: 1ms
04-04 04:29:51.178 I/SystemServerTiming( 1152): StartAudioService
04-04 04:29:51.178 I/SystemServiceManager( 1152): Starting com.android.server.audio.AudioService$Lifecycle
04-04 04:29:51.191 D/SystemServerTimingAsync( 1152): SecondaryZygotePreload took to complete: 1379ms
04-04 04:29:51.191 D/SystemServerInitThreadPool( 1152): Finished executing SecondaryZygotePreload
04-04 04:29:51.191 D/SystemServerTimingAsync( 1152): InitThreadPoolExec:SecondaryZygotePreload took to complete: 1379ms
04-04 04:29:51.803 I/iorapd ( 1230): iorapd (the prefetchening) readied up
01-01 08:00:49.458 D/cnss ( 0): Received QMI WLFW pin connect result indication
01-01 08:00:49.458 D/cnss ( 0): Pin connect Result: pwr_pin: 0x0 phy_io_pin: 0x0 rf_io_pin: 0x2b
01-01 08:00:49.458 D/cnss ( 0): Received QMI WLFW calibration done indication
01-01 08:00:49.458 D/cnss ( 0): Posting event: COLD_BOOT_CAL_DONE(6), state: 0xf flags: 0x0
01-01 08:00:49.458 D/cnss ( 0): PM stay awake, state: 0xf, count: 1
01-01 08:00:49.458 D/cnss ( 0): PM relax, state: 0xf, count: 0
01-01 08:00:49.458 D/cnss ( 0): Received QMI WLFW FW ready indication
01-01 08:00:49.458 D/cnss ( 0): Posting event: COLD_BOOT_CAL_DONE(6), state: 0xf flags: 0x0
01-01 08:00:49.458 D/cnss ( 0): PM stay awake, state: 0xf, count: 1
01-01 08:00:49.458 D/cnss ( 0): PM relax, state: 0xf, count: 0
01-01 08:00:49.458 D/cnss ( 0): PM stay awake, state: 0xf, count: 1
01-01 08:00:49.458 D/cnss ( 0): Processing driver event: COLD_BOOT_CAL_DONE(6), state: 0xf
01-01 08:00:49.458 D/cnss ( 0): Calibration completed successfully
01-01 08:00:49.458 D/cnss ( 0): Sending mode message, mode: OFF(4), state: 0xf
01-01 08:00:49.462 D/cnss ( 0): Skip driver remove
01-01 08:00:49.462 D/cnss ( 0): Read register offset 0x1f8031c, val = 0x2
01-01 08:00:49.462 D/cnss ( 0): Write val 0x3 to register offset 0x1f8031c
01-01 08:00:49.463 D/cnss ( 0): WLFW server exiting
01-01 08:00:49.463 D/cnss ( 0): Posting event: SERVER_EXIT(1), state: 0x2000f flags: 0x0
01-01 08:00:49.464 D/cnss ( 0): Setting MHI state: POWER_OFF(4)
01-01 08:00:49.504 D/cnss ( 0): Suspending PCI link
01-01 08:00:49.504 I/msm_pcie_disable( 0): PCIe: Assert the reset of endpoint of RC0.
01-01 08:00:49.505 D/cnss ( 0): Setting MHI state: DEINIT(1)
01-01 08:00:49.505 D/cnss ( 0): De-assert WLAN_EN GPIO successfully
01-01 08:00:49.505 D/cnss ( 0): Regulator vdd-wlan-rfa2 is being disabled
01-01 08:00:49.505 D/cnss ( 0): Regulator vdd-wlan-rfa1 is being disabled
01-01 08:00:49.505 D/cnss ( 0): Regulator vdd-wlan-dig is being disabled
01-01 08:00:49.505 D/cnss ( 0): Regulator vdd-wlan-aon is being disabled
01-01 08:00:49.505 D/cnss ( 0): Regulator wlan-ant-switch is being disabled
01-01 08:00:49.505 D/cnss ( 0): Regulator vdd-wlan-io is being disabled
04-04 04:29:51.949 V/HistoricalRegistry( 1152): Interaction before persistence initialized
01-01 08:00:49.562 D/cnss ( 0): Processing driver event: COLD_BOOT_CAL_DONE(6), state: 0x20001
01-01 08:00:49.562 D/cnss ( 0): Processing driver event: SERVER_EXIT(1), state: 0x20001
01-01 08:00:49.562 I/cnss ( 0): QMI WLFW service disconnected, state: 0x20000
01-01 08:00:49.565 D/cnss ( 0): Posting event: REGISTER_DRIVER(7)-sync, state: 0x20000 flags: 0x5
01-01 08:00:49.572 D/cnss ( 0): Processing driver event: REGISTER_DRIVER-sync(7), state: 0x0
01-01 08:00:49.572 D/cnss ( 0): Regulator vdd-wlan-io is being enabled
01-01 08:00:49.572 D/cnss ( 0): Regulator wlan-ant-switch is being enabled
01-01 08:00:49.572 D/cnss ( 0): Regulator vdd-wlan-aon is being enabled
01-01 08:00:49.572 D/cnss ( 0): Regulator vdd-wlan-dig is being enabled
01-01 08:00:49.573 D/cnss ( 0): Regulator vdd-wlan-rfa1 is being enabled
01-01 08:00:49.573 D/cnss ( 0): Regulator vdd-wlan-rfa2 is being enabled
01-01 08:00:49.573 D/cnss ( 0): BT_EN_GPIO State: Off. Delay WLAN_GPIO enable
04-04 04:29:52.032 D/MicroServiceManager( 1152): bindMicroService: called already get service
04-04 04:29:52.032 I/MicroServiceManager( 1152): cleanAllAddedListeners
04-04 04:29:52.032 I/MicroServiceManager( 1152): addCommonCallbackListener add listener
04-04 04:29:52.032 I/MicroServiceManager( 1152): addConnectChangedListener add listener
04-04 04:29:52.035 D/SystemServerTiming( 1152): StartAudioService took to complete: 856ms
04-04 04:29:52.035 I/SystemServerTiming( 1152): StartSoundTriggerMiddlewareService
04-04 04:29:52.035 I/SystemServiceManager( 1152): Starting com.android.server.soundtrigger_middleware.SoundTriggerMiddlewareService$Lifecycle
04-04 04:29:52.040 D/SystemServerTiming( 1152): StartSoundTriggerMiddlewareService took to complete: 5ms
04-04 04:29:52.040 I/SystemServerTiming( 1152): StartDockObserver
04-04 04:29:52.040 I/SystemServiceManager( 1152): Starting com.android.server.DockObserver
04-04 04:29:52.041 W/DockObserver( 1152): This kernel does not have dock station support
04-04 04:29:52.041 D/SystemServerTiming( 1152): StartDockObserver took to complete: 1ms
04-04 04:29:52.041 I/SystemServerTiming( 1152): StartWiredAccessoryManager
04-04 04:29:52.042 W/WiredAccessoryManager( 1152): This kernel does not have usb audio support
04-04 04:29:52.042 W/WiredAccessoryManager( 1152): This kernel does not have HDMI audio support
04-04 04:29:52.042 E/WiredAccessoryManager( 1152): file /sys/devices/platform/soc/soc:qcom,msm-ext-disp/extcon/extcon3/name not found
04-04 04:29:52.043 W/WiredAccessoryManager( 1152): Conn soc:qcom,msm-ext-disp/3/0 does not have DP audio support
04-04 04:29:52.043 E/WiredAccessoryManager( 1152): file /sys/devices/platform/soc/soc:qcom,msm-ext-disp/extcon/extcon2/name not found
04-04 04:29:52.043 W/WiredAccessoryManager( 1152): Conn soc:qcom,msm-ext-disp/2/0 does not have DP audio support
04-04 04:29:52.044 E/WiredAccessoryManager( 1152): set dev_index 1
04-04 04:29:52.045 W/WiredAccessoryManager( 1152): checkCableIndex set cable 0
04-04 04:29:52.045 E/WiredAccessoryManager( 1152): set dev_index 0
04-04 04:29:52.046 W/WiredAccessoryManager( 1152): checkCableIndex set cable 0
04-04 04:29:52.046 D/SystemServerTiming( 1152): StartWiredAccessoryManager took to complete: 5ms
04-04 04:29:52.046 I/SystemServerTiming( 1152): StartMidiManager
04-04 04:29:52.046 I/SystemServiceManager( 1152): Starting com.android.server.midi.MidiService$Lifecycle
04-04 04:29:52.047 D/SystemServerTiming( 1152): StartMidiManager took to complete: 1ms
04-04 04:29:52.047 I/SystemServerTiming( 1152): StartAdbService
04-04 04:29:52.047 I/SystemServiceManager( 1152): Starting com.android.server.adb.AdbService$Lifecycle
04-04 04:29:52.048 D/SystemServerTiming( 1152): StartAdbService took to complete: 1ms
04-04 04:29:52.048 I/SystemServerTiming( 1152): StartUsbService
04-04 04:29:52.048 I/SystemServiceManager( 1152): Starting com.android.server.usb.UsbService$Lifecycle
04-04 04:29:52.048 D/SystemServerTiming( 1152): StartUsbService took to complete: 0ms
04-04 04:29:52.048 I/SystemServerTiming( 1152): StartSerialService
04-04 04:29:52.048 I/SystemServerTimingAsync( 1152): InitThreadPoolExec:UsbService$Lifecycle#onStart
04-04 04:29:52.048 D/SystemServerInitThreadPool( 1152): Started executing UsbService$Lifecycle#onStart
04-04 04:29:52.049 D/SystemServerTiming( 1152): StartSerialService took to complete: 1ms
04-04 04:29:52.049 I/SystemServerTiming( 1152): StartHardwarePropertiesManagerService
04-04 04:29:52.049 E/UsbDeviceManager( 1152): failed to write to /sys/class/android_usb/android0/f_rndis/ethaddr
04-04 04:29:52.050 I/UsbDeviceManager( 1152): USB GADGET HAL not present in the device
04-04 04:29:52.050 I/UsbDeviceManager( 1152): java.util.NoSuchElementException
04-04 04:29:52.050 I/UsbDeviceManager( 1152): at android.os.HwBinder.getService(Native Method)
04-04 04:29:52.050 I/UsbDeviceManager( 1152): at android.hardware.usb.gadget.V1_0.IUsbGadget.getService(IUsbGadget.java:57)
04-04 04:29:52.050 I/UsbDeviceManager( 1152): at android.hardware.usb.gadget.V1_0.IUsbGadget.getService(IUsbGadget.java:64)
04-04 04:29:52.050 I/UsbDeviceManager( 1152): at com.android.server.usb.UsbDeviceManager.(UsbDeviceManager.java:293)
04-04 04:29:52.050 I/UsbDeviceManager( 1152): at com.android.server.usb.UsbService.(UsbService.java:178)
04-04 04:29:52.050 I/UsbDeviceManager( 1152): at com.android.server.usb.UsbService$Lifecycle.lambda$onStart$0$UsbService$Lifecycle(UsbService.java:92)
04-04 04:29:52.050 I/UsbDeviceManager( 1152): at com.android.server.usb.UsbService$Lifecycle$$ExternalSyntheticLambda1.run(Unknown Source:2)
04-04 04:29:52.050 I/UsbDeviceManager( 1152): at com.android.server.SystemServerInitThreadPool.lambda$submitTask$0$SystemServerInitThreadPool(SystemServerInitThreadPool.java:105)
04-04 04:29:52.050 I/UsbDeviceManager( 1152): at com.android.server.SystemServerInitThreadPool$$ExternalSyntheticLambda0.run(Unknown Source:6)
04-04 04:29:52.050 I/UsbDeviceManager( 1152): at java.util.concurrent.Executors$RunnableAdapter.call(Executors.java:462)
04-04 04:29:52.050 I/UsbDeviceManager( 1152): at java.util.concurrent.FutureTask.run(FutureTask.java:266)
04-04 04:29:52.050 I/UsbDeviceManager( 1152): at java.util.concurrent.ThreadPoolExecutor.runWorker(ThreadPoolExecutor.java:1167)
04-04 04:29:52.050 I/UsbDeviceManager( 1152): at java.util.concurrent.ThreadPoolExecutor$Worker.run(ThreadPoolExecutor.java:641)
04-04 04:29:52.050 I/UsbDeviceManager( 1152): at com.android.internal.util.ConcurrentUtils$1$1.run(ConcurrentUtils.java:65)
04-04 04:29:52.050 E/UsbDeviceManager( 1152): Failed to open control for mtp
04-04 04:29:52.051 E/UsbDeviceManager( 1152): Failed to open control for ptp
04-04 04:29:52.052 W/StorageManagerService( 1152): No primary storage defined yet; hacking together a stub
04-04 04:29:52.053 D/SystemServerTiming( 1152): StartHardwarePropertiesManagerService took to complete: 4ms
04-04 04:29:52.053 I/SystemServerTiming( 1152): StartTwilightService
04-04 04:29:52.053 I/SystemServiceManager( 1152): Starting com.android.server.twilight.TwilightService
04-04 04:29:52.053 D/SystemServerTiming( 1152): StartTwilightService took to complete: 0ms
04-04 04:29:52.053 I/SystemServerTiming( 1152): StartColorDisplay
04-04 04:29:52.053 I/SystemServiceManager( 1152): Starting com.android.server.display.color.ColorDisplayService
01-01 08:00:49.632 I/ ( 0): acc_open
01-01 08:00:49.633 I/ ( 0): acc_release
04-04 04:29:52.057 D/SystemServerTiming( 1152): StartColorDisplay took to complete: 4ms
04-04 04:29:52.057 I/SystemServerTiming( 1152): StartJobScheduler
04-04 04:29:52.057 I/SystemServiceManager( 1152): Starting com.android.server.job.JobSchedulerService
04-04 04:29:52.060 I/UsbPortManager( 1152): Usb hal service started android.hardware.usb@1.0::IUsb default
04-04 04:29:52.063 D/JobStore( 1152): Start tag: job-info
04-04 04:29:52.063 W/JobStore( 1152): Periodic job for uid='10096' persisted run-time is too big [557:53:32, 917:53:32]. Clamping to [360:00:42,720:00:42]
04-04 04:29:52.064 W/JobStore( 1152): Periodic job for uid='1000' persisted run-time is too big [221:53:32, 245:53:32]. Clamping to [24:00:42,48:00:42]
04-04 04:29:52.064 W/JobStore( 1152): Periodic job for uid='1000' persisted run-time is too big [557:53:32, 917:53:32]. Clamping to [360:00:42,720:00:42]
04-04 04:29:52.065 W/JobStore( 1152): Periodic job for uid='1000' persisted run-time is too big [221:53:32, 245:53:32]. Clamping to [24:00:42,48:00:42]
04-04 04:29:52.065 W/JobStore( 1152): Periodic job for uid='1000' persisted run-time is too big [221:53:09, 245:53:09]. Clamping to [24:00:42,48:00:42]
04-04 04:29:52.066 I/JobStore( 1152): Read 6 jobs
04-04 04:29:52.069 V/HistoricalRegistry( 1152): Interaction before persistence initialized
04-04 04:29:52.070 V/HistoricalRegistry( 1152): Interaction before persistence initialized
04-04 04:29:52.070 W/JobScheduler( 1152): !!! RTC not yet good; tracking time updates for job scheduling
04-04 04:29:52.071 D/SystemServerTiming( 1152): StartJobScheduler took to complete: 14ms
04-04 04:29:52.071 I/SystemServerTiming( 1152): StartSoundTrigger
04-04 04:29:52.071 I/SystemServiceManager( 1152): Starting com.android.server.soundtrigger.SoundTriggerService
04-04 04:29:52.072 D/SystemServerTiming( 1152): StartSoundTrigger took to complete: 1ms
04-04 04:29:52.072 I/SystemServerTiming( 1152): StartTrustManager
04-04 04:29:52.073 I/SystemServiceManager( 1152): Starting com.android.server.trust.TrustManagerService
04-04 04:29:52.075 D/SystemServerTiming( 1152): StartTrustManager took to complete: 2ms
04-04 04:29:52.075 I/SystemServerTiming( 1152): StartBackupManager
04-04 04:29:52.075 I/SystemServiceManager( 1152): Starting com.android.server.backup.BackupManagerService$Lifecycle
04-04 04:29:52.077 D/SystemServerTiming( 1152): StartBackupManager took to complete: 2ms
04-04 04:29:52.077 I/SystemServerTiming( 1152): StartAppWidgetService
04-04 04:29:52.077 I/SystemServiceManager( 1152): Starting com.android.server.appwidget.AppWidgetService
04-04 04:29:52.080 D/SystemServerTiming( 1152): StartAppWidgetService took to complete: 3ms
04-04 04:29:52.080 I/SystemServerTiming( 1152): StartVoiceRecognitionManager
04-04 04:29:52.080 I/SystemServiceManager( 1152): Starting com.android.server.voiceinteraction.VoiceInteractionManagerService
04-04 04:29:52.086 D/SystemServerTiming( 1152): StartVoiceRecognitionManager took to complete: 6ms
04-04 04:29:52.086 I/SystemServerTiming( 1152): StartAppHibernationService
04-04 04:29:52.086 I/UsbPortManager( 1152): USB HAL version: 12
04-04 04:29:52.086 I/SystemServiceManager( 1152): Starting com.android.server.apphibernation.AppHibernationService
04-04 04:29:52.088 D/SystemServerInitThreadPool( 1152): Finished executing UsbService$Lifecycle#onStart
04-04 04:29:52.088 D/SystemServerTimingAsync( 1152): InitThreadPoolExec:UsbService$Lifecycle#onStart took to complete: 40ms
04-04 04:29:52.089 D/SystemServerTiming( 1152): StartAppHibernationService took to complete: 3ms
