04-04 04:29:58.063 D/SystemServerTimingAsync( 1152): ssm.onUnlockingUser-0_com.android.server.pm.UserManagerService$LifeCycle took to complete: 0ms
04-04 04:29:58.063 I/SystemServerTimingAsync( 1152): ssm.onUnlockingUser-0_com.android.server.om.OverlayManagerService
04-04 04:29:58.063 D/SystemServerTimingAsync( 1152): ssm.onUnlockingUser-0_com.android.server.om.OverlayManagerService took to complete: 0ms
04-04 04:29:58.063 I/SystemServerTimingAsync( 1152): ssm.onUnlockingUser-0_com.android.server.SensorPrivacyService
04-04 04:29:58.063 D/SystemServerTimingAsync( 1152): ssm.onUnlockingUser-0_com.android.server.SensorPrivacyService took to complete: 0ms
04-04 04:29:58.063 I/SystemServerTimingAsync( 1152): ssm.onUnlockingUser-0_com.android.server.thunderperf.ThunderBoostPerfService
04-04 04:29:58.063 D/SystemServerTimingAsync( 1152): ssm.onUnlockingUser-0_com.android.server.thunderperf.ThunderBoostPerfService took to complete: 0ms
04-04 04:29:58.063 I/SystemServerTimingAsync( 1152): ssm.onUnlockingUser-0_com.android.server.sensors.SensorService
04-04 04:29:58.063 D/SystemServerTimingAsync( 1152): ssm.onUnlockingUser-0_com.android.server.sensors.SensorService took to complete: 0ms
04-04 04:29:58.063 I/SystemServerTimingAsync( 1152): ssm.onUnlockingUser-0_com.android.server.SystemConfigService
04-04 04:29:58.063 D/SystemServerTimingAsync( 1152): ssm.onUnlockingUser-0_com.android.server.SystemConfigService took to complete: 0ms
04-04 04:29:58.063 I/SystemServerTimingAsync( 1152): ssm.onUnlockingUser-0_com.android.server.BatteryService
04-04 04:29:58.063 D/SystemServerTimingAsync( 1152): ssm.onUnlockingUser-0_com.android.server.BatteryService took to complete: 0ms
04-04 04:29:58.063 I/SystemServerTimingAsync( 1152): ssm.onUnlockingUser-0_com.android.server.usage.UsageStatsService
04-04 04:29:58.063 D/SystemServerTimingAsync( 1152): ssm.onUnlockingUser-0_com.android.server.usage.UsageStatsService took to complete: 0ms
04-04 04:29:58.063 I/SystemServerTimingAsync( 1152): ssm.onUnlockingUser-0_com.android.server.webkit.WebViewUpdateService
04-04 04:29:58.064 D/SystemServerTimingAsync( 1152): ssm.onUnlockingUser-0_com.android.server.webkit.WebViewUpdateService took to complete: 0ms
04-04 04:29:58.064 I/SystemServerTimingAsync( 1152): ssm.onUnlockingUser-0_com.android.server.CachedDeviceStateService
04-04 04:29:58.064 D/SystemServerTimingAsync( 1152): ssm.onUnlockingUser-0_com.android.server.CachedDeviceStateService took to complete: 0ms
04-04 04:29:58.064 I/SystemServerTimingAsync( 1152): ssm.onUnlockingUser-0_com.android.server.BinderCallsStatsService$LifeCycle
04-04 04:29:58.064 D/SystemServerTimingAsync( 1152): ssm.onUnlockingUser-0_com.android.server.BinderCallsStatsService$LifeCycle took to complete: 0ms
04-04 04:29:58.064 I/SystemServerTimingAsync( 1152): ssm.onUnlockingUser-0_com.android.server.LooperStatsService$Lifecycle
04-04 04:29:58.064 D/SystemServerTimingAsync( 1152): ssm.onUnlockingUser-0_com.android.server.LooperStatsService$Lifecycle took to complete: 0ms
04-04 04:29:58.064 I/SystemServerTimingAsync( 1152): ssm.onUnlockingUser-0_com.android.server.rollback.RollbackManagerService
04-04 04:29:58.070 D/SystemServerTimingAsync( 1152): ssm.onUnlockingUser-0_com.android.server.rollback.RollbackManagerService took to complete: 6ms
04-04 04:29:58.070 I/SystemServerTimingAsync( 1152): ssm.onUnlockingUser-0_com.android.server.os.NativeTombstoneManagerService
04-04 04:29:58.070 D/SystemServerTimingAsync( 1152): ssm.onUnlockingUser-0_com.android.server.os.NativeTombstoneManagerService took to complete: 0ms
01-01 08:00:55.678 W/QSEECOM ( 0): __qseecom_unload_app: App (8) is unloaded
01-01 08:00:55.679 D/qbt ( 0): qbt_release: entry minor_no=0 fd_available=0
01-01 08:00:55.679 D/qbt ( 0): qbt_release: Releasing wakelock
01-01 08:00:55.679 D/qbt ( 0): qbt_release: exit : fd_available=1
01-01 08:00:55.679 D/qbt ( 0): qbt_release: entry minor_no=1 fd_available=1
01-01 08:00:55.679 D/qbt ( 0): qbt_release: exit : fd_available=1
04-04 04:29:58.070 I/SystemServerTimingAsync( 1152): ssm.onUnlockingUser-0_com.android.server.os.BugreportManagerService
04-04 04:29:58.071 D/SystemServerTimingAsync( 1152): ssm.onUnlockingUser-0_com.android.server.os.BugreportManagerService took to complete: 0ms
04-04 04:29:58.071 I/SystemServerTimingAsync( 1152): ssm.onUnlockingUser-0_com.android.server.gpu.GpuService
04-04 04:29:58.071 D/SystemServerTimingAsync( 1152): ssm.onUnlockingUser-0_com.android.server.gpu.GpuService took to complete: 0ms
04-04 04:29:58.071 I/SystemServerTimingAsync( 1152): ssm.onUnlockingUser-0_com.android.server.security.KeyChainSystemService
04-04 04:29:58.071 D/SystemServerTimingAsync( 1152): ssm.onUnlockingUser-0_com.android.server.security.KeyChainSystemService took to complete: 0ms
04-04 04:29:58.071 I/SystemServerTimingAsync( 1152): ssm.onUnlockingUser-0_com.android.server.telecom.TelecomLoaderService
04-04 04:29:58.071 D/SystemServerTimingAsync( 1152): ssm.onUnlockingUser-0_com.android.server.telecom.TelecomLoaderService took to complete: 0ms
04-04 04:29:58.072 I/SystemServerTimingAsync( 1152): ssm.onUnlockingUser-0_com.android.server.accounts.AccountManagerService$Lifecycle
04-04 04:29:58.072 D/SystemServerTimingAsync( 1152): ssm.onUnlockingUser-0_com.android.server.accounts.AccountManagerService$Lifecycle took to complete: 0ms
04-04 04:29:58.072 I/SystemServerTimingAsync( 1152): ssm.onUnlockingUser-0_com.android.server.content.ContentService$Lifecycle
04-04 04:29:58.072 D/SystemServerTimingAsync( 1152): ssm.onUnlockingUser-0_com.android.server.content.ContentService$Lifecycle took to complete: 1ms
04-04 04:29:58.073 I/SystemServerTimingAsync( 1152): ssm.onUnlockingUser-0_com.android.server.DropBoxManagerService
04-04 04:29:58.073 D/SystemServerTimingAsync( 1152): ssm.onUnlockingUser-0_com.android.server.DropBoxManagerService took to complete: 0ms
04-04 04:29:58.073 I/SystemServerTimingAsync( 1152): ssm.onUnlockingUser-0_com.android.role.RoleService
04-04 04:29:58.073 D/SystemServerTimingAsync( 1152): ssm.onUnlockingUser-0_com.android.role.RoleService took to complete: 0ms
04-04 04:29:58.073 I/SystemServerTimingAsync( 1152): ssm.onUnlockingUser-0_com.android.server.vibrator.VibratorManagerService$Lifecycle
04-04 04:29:58.073 D/SystemServerTimingAsync( 1152): ssm.onUnlockingUser-0_com.android.server.vibrator.VibratorManagerService$Lifecycle took to complete: 0ms
04-04 04:29:58.073 I/SystemServerTimingAsync( 1152): ssm.onUnlockingUser-0_com.android.server.alarm.AlarmManagerService
04-04 04:29:58.076 D/SystemServerTimingAsync( 1152): ssm.onUnlockingUser-0_com.android.server.alarm.AlarmManagerService took to complete: 0ms
04-04 04:29:58.076 I/SystemServerTimingAsync( 1152): ssm.onUnlockingUser-0_com.android.server.devicestate.DeviceStateManagerService
04-04 04:29:58.080 D/SystemServerTimingAsync( 1152): ssm.onUnlockingUser-0_com.android.server.devicestate.DeviceStateManagerService took to complete: 0ms
04-04 04:29:58.087 I/SystemServerTimingAsync( 1152): ssm.onUnlockingUser-0_com.android.server.camera.CameraServiceProxy
04-04 04:29:58.087 D/SystemServerTimingAsync( 1152): ssm.onUnlockingUser-0_com.android.server.camera.CameraServiceProxy took to complete: 0ms
04-04 04:29:58.087 I/SystemServerTimingAsync( 1152): ssm.onUnlockingUser-0_com.android.server.BluetoothService
04-04 04:29:58.087 D/BluetoothManagerService( 1152): User 0 unlocked
04-04 04:29:58.087 D/SystemServerTimingAsync( 1152): ssm.onUnlockingUser-0_com.android.server.BluetoothService took to complete: 0ms
04-04 04:29:58.087 I/SystemServerTimingAsync( 1152): ssm.onUnlockingUser-0_com.android.server.connectivity.IpConnectivityMetrics
04-04 04:29:58.087 D/SystemServerTimingAsync( 1152): ssm.onUnlockingUser-0_com.android.server.connectivity.IpConnectivityMetrics took to complete: 0ms
04-04 04:29:58.087 I/SystemServerTimingAsync( 1152): ssm.onUnlockingUser-0_com.android.server.net.watchlist.NetworkWatchlistService$Lifecycle
04-04 04:29:58.087 D/SystemServerTimingAsync( 1152): ssm.onUnlockingUser-0_com.android.server.net.watchlist.NetworkWatchlistService$Lifecycle took to complete: 0ms
04-04 04:29:58.087 I/SystemServerTimingAsync( 1152): ssm.onUnlockingUser-0_com.android.server.PinnerService
04-04 04:29:58.087 D/SystemServerTimingAsync( 1152): ssm.onUnlockingUser-0_com.android.server.PinnerService took to complete: 0ms
04-04 04:29:58.087 I/SystemServerTimingAsync( 1152): ssm.onUnlockingUser-0_com.google.android.startop.iorap.IorapForwardingService
04-04 04:29:58.087 D/SystemServerTimingAsync( 1152): ssm.onUnlockingUser-0_com.google.android.startop.iorap.IorapForwardingService took to complete: 0ms
04-04 04:29:58.087 I/SystemServerTimingAsync( 1152): ssm.onUnlockingUser-0_com.android.server.ActivityTriggerService
04-04 04:29:58.087 D/BluetoothManagerService( 1152): MESSAGE_USER_UNLOCKED
04-04 04:29:58.089 D/SystemServerTimingAsync( 1152): ssm.onUnlockingUser-0_com.android.server.ActivityTriggerService took to complete: 0ms
04-04 04:29:58.089 I/SystemServerTimingAsync( 1152): ssm.onUnlockingUser-0_com.android.server.integrity.AppIntegrityManagerService
04-04 04:29:58.089 D/SystemServerTimingAsync( 1152): ssm.onUnlockingUser-0_com.android.server.integrity.AppIntegrityManagerService took to complete: 0ms
04-04 04:29:58.089 I/SystemServerTimingAsync( 1152): ssm.onUnlockingUser-0_com.android.server.inputmethod.InputMethodManagerService$Lifecycle
04-04 04:29:58.089 D/SystemServerTimingAsync( 1152): ssm.onUnlockingUser-0_com.android.server.inputmethod.InputMethodManagerService$Lifecycle took to complete: 0ms
04-04 04:29:58.089 I/SystemServerTimingAsync( 1152): ssm.onUnlockingUser-0_com.android.server.accessibility.AccessibilityManagerService$Lifecycle
04-04 04:29:58.089 D/SystemServerTimingAsync( 1152): ssm.onUnlockingUser-0_com.android.server.accessibility.AccessibilityManagerService$Lifecycle took to complete: 0ms
04-04 04:29:58.089 I/SystemServerTimingAsync( 1152): ssm.onUnlockingUser-0_com.android.server.StorageManagerService$Lifecycle
04-04 04:29:58.089 D/StorageManagerService( 1152): onUnlockUser 0
04-04 04:29:58.090 I/StorageSessionController( 1152): On user unlock 0
04-04 04:29:58.090 I/StorageSessionController( 1152): Initialialising...
04-04 04:29:58.090 I/vold ( 561): onUserStarted: 0
04-04 04:29:58.097 V/StorageManagerService( 1152): Found primary storage at VolumeInfo{emulated;0}:
04-04 04:29:58.097 V/StorageManagerService( 1152): type=EMULATED diskId=null partGuid= mountFlags=0 mountUserId=0
04-04 04:29:58.097 V/StorageManagerService( 1152): state=UNMOUNTED
04-04 04:29:58.097 V/StorageManagerService( 1152): fsType=null fsUuid=null fsLabel=null
04-04 04:29:58.097 V/StorageManagerService( 1152): path=null internalPath=null
04-04 04:29:58.098 I/StorageManagerService( 1152): Mounting volume VolumeInfo{emulated;0}:
04-04 04:29:58.098 I/StorageManagerService( 1152): type=EMULATED diskId=null partGuid= mountFlags=PRIMARY|VISIBLE
04-04 04:29:58.098 I/StorageManagerService( 1152): mountUserId=0 state=UNMOUNTED
04-04 04:29:58.098 I/StorageManagerService( 1152): fsType=null fsUuid=null fsLabel=null
04-04 04:29:58.098 I/StorageManagerService( 1152): path=null internalPath=null
04-04 04:29:58.102 W/Looper ( 1152): Slow dispatch took 439ms main h=android.os.Handler c=com.android.server.biometrics.sensors.BiometricScheduler$InternalCallback$$ExternalSyntheticLambda0@dc8761b m=0
04-04 04:29:58.103 I/vold ( 561): Executing sdcardfs
04-04 04:29:58.114 D/SystemServerTimingAsync( 1152): ssm.onUnlockingUser-0_com.android.server.StorageManagerService$Lifecycle took to complete: 24ms
04-04 04:29:58.114 I/SystemServerTimingAsync( 1152): ssm.onUnlockingUser-0_com.android.server.usage.StorageStatsService$Lifecycle
04-04 04:29:58.114 D/SystemServerTimingAsync( 1152): ssm.onUnlockingUser-0_com.android.server.usage.StorageStatsService$Lifecycle took to complete: 0ms
04-04 04:29:58.114 I/SystemServerTimingAsync( 1152): ssm.onUnlockingUser-0_com.android.server.UiModeManagerService
04-04 04:29:58.114 D/SystemServerTimingAsync( 1152): ssm.onUnlockingUser-0_com.android.server.UiModeManagerService took to complete: 0ms
04-04 04:29:58.114 I/SystemServerTimingAsync( 1152): ssm.onUnlockingUser-0_com.android.server.locksettings.LockSettingsService$Lifecycle
04-04 04:29:58.114 D/SystemServerTimingAsync( 1152): ssm.onUnlockingUser-0_com.android.server.locksettings.LockSettingsService$Lifecycle took to complete: 0ms
04-04 04:29:58.114 I/SystemServerTimingAsync( 1152): ssm.onUnlockingUser-0_com.android.server.PersistentDataBlockService
04-04 04:29:58.114 D/SystemServerTimingAsync( 1152): ssm.onUnlockingUser-0_com.android.server.PersistentDataBlockService took to complete: 0ms
04-04 04:29:58.114 I/SystemServerTimingAsync( 1152): ssm.onUnlockingUser-0_com.android.server.testharness.TestHarnessModeService
04-04 04:29:58.115 D/SystemServerTimingAsync( 1152): ssm.onUnlockingUser-0_com.android.server.testharness.TestHarnessModeService took to complete: 0ms
04-04 04:29:58.115 I/SystemServerTimingAsync( 1152): ssm.onUnlockingUser-0_com.android.server.oemlock.OemLockService
04-04 04:29:58.115 D/SystemServerTimingAsync( 1152): ssm.onUnlockingUser-0_com.android.server.oemlock.OemLockService took to complete: 0ms
04-04 04:29:58.115 I/SystemServerTimingAsync( 1152): ssm.onUnlockingUser-0_com.android.server.DeviceIdleController
04-04 04:29:58.115 D/SystemServerTimingAsync( 1152): ssm.onUnlockingUser-0_com.android.server.DeviceIdleController took to complete: 0ms
04-04 04:29:58.115 I/SystemServerTimingAsync( 1152): ssm.onUnlockingUser-0_com.android.server.devicepolicy.DevicePolicyManagerService$Lifecycle
04-04 04:29:58.115 D/SystemServerTimingAsync( 1152): ssm.onUnlockingUser-0_com.android.server.devicepolicy.DevicePolicyManagerService$Lifecycle took to complete: 0ms
04-04 04:29:58.115 I/SystemServerTimingAsync( 1152): ssm.onUnlockingUser-0_com.android.server.texttospeech.TextToSpeechManagerService
04-04 04:29:58.116 D/SystemServerTimingAsync( 1152): ssm.onUnlockingUser-0_com.android.server.texttospeech.TextToSpeechManagerService took to complete: 1ms
04-04 04:29:58.116 I/SystemServerTimingAsync( 1152): ssm.onUnlockingUser-0_com.android.server.speech.SpeechRecognitionManagerService
04-04 04:29:58.116 D/SystemServerTimingAsync( 1152): ssm.onUnlockingUser-0_com.android.server.speech.SpeechRecognitionManagerService took to complete: 0ms
04-04 04:29:58.116 I/SystemServerTimingAsync( 1152): ssm.onUnlockingUser-0_com.android.server.searchui.SearchUiManagerService
04-04 04:29:58.117 D/SystemServerTimingAsync( 1152): ssm.onUnlockingUser-0_com.android.server.searchui.SearchUiManagerService took to complete: 0ms
04-04 04:29:58.117 I/SystemServerTimingAsync( 1152): ssm.onUnlockingUser-0_com.android.server.smartspace.SmartspaceManagerService
04-04 04:29:58.117 D/SystemServerTimingAsync( 1152): ssm.onUnlockingUser-0_com.android.server.smartspace.SmartspaceManagerService took to complete: 0ms
04-04 04:29:58.117 I/SystemServerTimingAsync( 1152): ssm.onUnlockingUser-0_com.android.server.graphics.fonts.FontManagerService$Lifecycle
04-04 04:29:58.117 D/SystemServerTimingAsync( 1152): ssm.onUnlockingUser-0_com.android.server.graphics.fonts.FontManagerService$Lifecycle took to complete: 0ms
04-04 04:29:58.117 I/SystemServerTimingAsync( 1152): ssm.onUnlockingUser-0_com.android.server.textservices.TextServicesManagerService$Lifecycle
04-04 04:29:58.123 D/SystemServerTimingAsync( 1152): ssm.onUnlockingUser-0_com.android.server.textservices.TextServicesManagerService$Lifecycle took to complete: 6ms
04-04 04:29:58.123 I/SystemServerTimingAsync( 1152): ssm.onUnlockingUser-0_com.android.server.textclassifier.TextClassificationManagerService$Lifecycle
04-04 04:29:58.123 D/SystemServerTimingAsync( 1152): ssm.onUnlockingUser-0_com.android.server.textclassifier.TextClassificationManagerService$Lifecycle took to complete: 0ms
04-04 04:29:58.123 I/SystemServerTimingAsync( 1152): ssm.onUnlockingUser-0_com.android.server.NetworkScoreService$Lifecycle
04-04 04:29:58.123 D/SystemServerTimingAsync( 1152): ssm.onUnlockingUser-0_com.android.server.NetworkScoreService$Lifecycle took to complete: 0ms
04-04 04:29:58.123 I/SystemServerTimingAsync( 1152): ssm.onUnlockingUser-0_com.android.server.wifi.WifiService
04-04 04:29:58.123 D/SystemServerTimingAsync( 1152): ssm.onUnlockingUser-0_com.android.server.wifi.WifiService took to complete: 0ms
04-04 04:29:58.123 I/SystemServerTimingAsync( 1152): ssm.onUnlockingUser-0_com.android.server.wifi.scanner.WifiScanningService
04-04 04:29:58.123 D/SystemServerTimingAsync( 1152): ssm.onUnlockingUser-0_com.android.server.wifi.scanner.WifiScanningService took to complete: 0ms
04-04 04:29:58.123 I/SystemServerTimingAsync( 1152): ssm.onUnlockingUser-0_com.android.server.wifi.rtt.RttService
04-04 04:29:58.124 D/CompatibilityChangeReporter( 1152): Compat change id reported: 168419799; UID 10086; state: DISABLED
04-04 04:29:58.125 D/SystemServerTimingAsync( 1152): ssm.onUnlockingUser-0_com.android.server.wifi.rtt.RttService took to complete: 0ms
04-04 04:29:58.125 I/SystemServerTimingAsync( 1152): ssm.onUnlockingUser-0_com.android.server.wifi.aware.WifiAwareService
04-04 04:29:58.128 W/Looper ( 1152): Drained
04-04 04:29:58.128 D/CompanionDeviceManagerService( 1152): Received BT state transition broadcast: BLE_ON -> TURNING_ON
04-04 04:29:58.128 D/BluetoothManagerService( 1152): MESSAGE_BLUETOOTH_STATE_CHANGE: TURNING_ON > ON
04-04 04:29:58.128 D/BluetoothManagerService( 1152): Broadcasting onBluetoothStateChange(true) to 10 receivers.
04-04 04:29:58.128 D/SystemServerTimingAsync( 1152): ssm.onUnlockingUser-0_com.android.server.wifi.aware.WifiAwareService took to complete: 0ms
04-04 04:29:58.128 I/SystemServerTimingAsync( 1152): ssm.onUnlockingUser-0_com.android.server.wifi.p2p.WifiP2pService
04-04 04:29:58.128 D/SystemServerTimingAsync( 1152): ssm.onUnlockingUser-0_com.android.server.wifi.p2p.WifiP2pService took to complete: 0ms
04-04 04:29:58.128 I/SystemServerTimingAsync( 1152): ssm.onUnlockingUser-0_com.android.server.ethernet.EthernetService
04-04 04:29:58.128 D/SystemServerTimingAsync( 1152): ssm.onUnlockingUser-0_com.android.server.ethernet.EthernetService took to complete: 0ms
04-04 04:29:58.128 I/SystemServerTimingAsync( 1152): ssm.onUnlockingUser-0_com.android.server.ConnectivityServiceInitializer
04-04 04:29:58.129 D/SystemServerTimingAsync( 1152): ssm.onUnlockingUser-0_com.android.server.ConnectivityServiceInitializer took to complete: 0ms
04-04 04:29:58.129 I/SystemServerTimingAsync( 1152): ssm.onUnlockingUser-0_com.android.server.notification.NotificationManagerService
04-04 04:29:58.129 D/SystemServerTimingAsync( 1152): ssm.onUnlockingUser-0_com.android.server.notification.NotificationManagerService took to complete: 0ms
04-04 04:29:58.129 I/SystemServerTimingAsync( 1152): ssm.onUnlockingUser-0_com.android.server.storage.DeviceStorageMonitorService
04-04 04:29:58.129 D/SystemServerTimingAsync( 1152): ssm.onUnlockingUser-0_com.android.server.storage.DeviceStorageMonitorService took to complete: 0ms
04-04 04:29:58.129 I/SystemServerTimingAsync( 1152): ssm.onUnlockingUser-0_com.android.server.location.LocationManagerService$Lifecycle
04-04 04:29:58.129 D/SystemServerTimingAsync( 1152): ssm.onUnlockingUser-0_com.android.server.location.LocationManagerService$Lifecycle took to complete: 0ms
04-04 04:29:58.129 D/CompatibilityChangeReporter( 1152): Compat change id reported: 168419799; UID 1000; state: DISABLED
04-04 04:29:58.129 I/SystemServerTimingAsync( 1152): ssm.onUnlockingUser-0_com.android.server.timedetector.TimeDetectorService$Lifecycle
04-04 04:29:58.129 D/SystemServerTimingAsync( 1152): ssm.onUnlockingUser-0_com.android.server.timedetector.TimeDetectorService$Lifecycle took to complete: 0ms
04-04 04:29:58.129 I/SystemServerTimingAsync( 1152): ssm.onUnlockingUser-0_com.android.server.timezonedetector.TimeZoneDetectorService$Lifecycle
04-04 04:29:58.129 D/SystemServerTimingAsync( 1152): ssm.onUnlockingUser-0_com.android.server.timezonedetector.TimeZoneDetectorService$Lifecycle took to complete: 0ms
04-04 04:29:58.129 I/SystemServerTimingAsync( 1152): ssm.onUnlockingUser-0_com.android.server.timezonedetector.location.LocationTimeZoneManagerService$Lifecycle
04-04 04:29:58.129 D/SystemServerTimingAsync( 1152): ssm.onUnlockingUser-0_com.android.server.timezonedetector.location.LocationTimeZoneManagerService$Lifecycle took to complete: 0ms
04-04 04:29:58.130 I/SystemServerTimingAsync( 1152): ssm.onUnlockingUser-0_com.android.server.search.SearchManagerService$Lifecycle
04-04 04:29:58.130 D/SystemServerTimingAsync( 1152): ssm.onUnlockingUser-0_com.android.server.search.SearchManagerService$Lifecycle took to complete: 0ms
04-04 04:29:58.131 D/vold ( 561): Waiting for sdcardfs to spin up...
04-04 04:29:58.131 I/SystemServerTimingAsync( 1152): ssm.onUnlockingUser-0_com.android.server.wallpaper.WallpaperManagerService$Lifecycle
04-04 04:29:58.134 D/BluetoothManagerService( 1152): Creating new ProfileServiceConnections object for profile: 1
04-04 04:29:58.145 I/GameModeConfig( 1152): isGameModeOn = false
04-04 04:29:58.148 W/NotificationHistory( 1152): Attempted to add notif for locked/gone/disabled user 0
04-04 04:29:58.153 I/WallpaperManagerService( 1152): on-unlock-user-0
04-04 04:29:58.153 D/WallpaperManagerService( 1152): on-unlock-user-0 took to complete: 0ms
04-04 04:29:58.153 D/SystemServerTimingAsync( 1152): ssm.onUnlockingUser-0_com.android.server.wallpaper.WallpaperManagerService$Lifecycle took to complete: 1ms
04-04 04:29:58.153 I/SystemServerTimingAsync( 1152): ssm.onUnlockingUser-0_com.android.server.audio.AudioService$Lifecycle
04-04 04:29:58.153 D/SystemServerTimingAsync( 1152): ssm.onUnlockingUser-0_com.android.server.audio.AudioService$Lifecycle took to complete: 0ms
04-04 04:29:58.153 I/SystemServerTimingAsync( 1152): ssm.onUnlockingUser-0_com.android.server.soundtrigger_middleware.SoundTriggerMiddlewareService$Lifecycle
04-04 04:29:58.153 D/SystemServerTimingAsync( 1152): ssm.onUnlockingUser-0_com.android.server.soundtrigger_middleware.SoundTriggerMiddlewareService$Lifecycle took to complete: 0ms
04-04 04:29:58.153 I/SystemServerTimingAsync( 1152): ssm.onUnlockingUser-0_com.android.server.DockObserver
04-04 04:29:58.154 D/SystemServerTimingAsync( 1152): ssm.onUnlockingUser-0_com.android.server.DockObserver took to complete: 0ms
04-04 04:29:58.154 I/SystemServerTimingAsync( 1152): ssm.onUnlockingUser-0_com.android.server.midi.MidiService$Lifecycle
04-04 04:29:58.160 D/SystemServerTimingAsync( 1152): ssm.onUnlockingUser-0_com.android.server.midi.MidiService$Lifecycle took to complete: 6ms
04-04 04:29:58.160 I/SystemServerTimingAsync( 1152): ssm.onUnlockingUser-0_com.android.server.adb.AdbService$Lifecycle
04-04 04:29:58.160 D/SystemServerTimingAsync( 1152): ssm.onUnlockingUser-0_com.android.server.adb.AdbService$Lifecycle took to complete: 0ms
04-04 04:29:58.160 I/SystemServerTimingAsync( 1152): ssm.onUnlockingUser-0_com.android.server.usb.UsbService$Lifecycle
04-04 04:29:58.160 D/SystemServerTimingAsync( 1152): ssm.onUnlockingUser-0_com.android.server.usb.UsbService$Lifecycle took to complete: 0ms
04-04 04:29:58.160 I/SystemServerTimingAsync( 1152): ssm.onUnlockingUser-0_com.android.server.twilight.TwilightService
04-04 04:29:58.160 D/SystemServerTimingAsync( 1152): ssm.onUnlockingUser-0_com.android.server.twilight.TwilightService took to complete: 0ms
04-04 04:29:58.160 I/SystemServerTimingAsync( 1152): ssm.onUnlockingUser-0_com.android.server.display.color.ColorDisplayService
04-04 04:29:58.160 D/SystemServerTimingAsync( 1152): ssm.onUnlockingUser-0_com.android.server.display.color.ColorDisplayService took to complete: 0ms
04-04 04:29:58.160 I/SystemServerTimingAsync( 1152): ssm.onUnlockingUser-0_com.android.server.job.JobSchedulerService
04-04 04:29:58.160 D/SystemServerTimingAsync( 1152): ssm.onUnlockingUser-0_com.android.server.job.JobSchedulerService took to complete: 0ms
04-04 04:29:58.160 I/SystemServerTimingAsync( 1152): ssm.onUnlockingUser-0_com.android.server.soundtrigger.SoundTriggerService
04-04 04:29:58.160 D/SystemServerTimingAsync( 1152): ssm.onUnlockingUser-0_com.android.server.soundtrigger.SoundTriggerService took to complete: 0ms
04-04 04:29:58.161 I/SystemServerTimingAsync( 1152): ssm.onUnlockingUser-0_com.android.server.trust.TrustManagerService
04-04 04:29:58.161 D/SystemServerTimingAsync( 1152): ssm.onUnlockingUser-0_com.android.server.trust.TrustManagerService took to complete: 0ms
04-04 04:29:58.161 I/SystemServerTimingAsync( 1152): ssm.onUnlockingUser-0_com.android.server.backup.BackupManagerService$Lifecycle
04-04 04:29:58.161 D/SystemServerTimingAsync( 1152): ssm.onUnlockingUser-0_com.android.server.backup.BackupManagerService$Lifecycle took to complete: 0ms
04-04 04:29:58.161 I/SystemServerTimingAsync( 1152): ssm.onUnlockingUser-0_com.android.server.appwidget.AppWidgetService
04-04 04:29:58.161 D/SystemServerTimingAsync( 1152): ssm.onUnlockingUser-0_com.android.server.appwidget.AppWidgetService took to complete: 0ms
04-04 04:29:58.161 I/SystemServerTimingAsync( 1152): ssm.onUnlockingUser-0_com.android.server.voiceinteraction.VoiceInteractionManagerService
04-04 04:29:58.161 W/VoiceInteractionManager( 1152): no available voice recognition services found for user 0
04-04 04:29:58.161 I/BackupManagerService( 1152): Starting service for user: 0
04-04 04:29:58.161 V/BackupManagerService( 1152): [UserID:0] Starting with transport com.android.localtransport/.LocalTransport
04-04 04:29:58.162 D/SystemServerTimingAsync( 1152): ssm.onUnlockingUser-0_com.android.server.voiceinteraction.VoiceInteractionManagerService took to complete: 2ms
04-04 04:29:58.163 I/SystemServerTimingAsync( 1152): ssm.onUnlockingUser-0_com.android.server.apphibernation.AppHibernationService
04-04 04:29:58.163 D/SystemServerTimingAsync( 1152): ssm.onUnlockingUser-0_com.android.server.apphibernation.AppHibernationService took to complete: 0ms
04-04 04:29:58.163 I/SystemServerTimingAsync( 1152): ssm.onUnlockingUser-0_com.android.server.SensorNotificationService
04-04 04:29:58.163 D/SystemServerTimingAsync( 1152): ssm.onUnlockingUser-0_com.android.server.SensorNotificationService took to complete: 0ms
04-04 04:29:58.163 I/SystemServerTimingAsync( 1152): ssm.onUnlockingUser-0_com.android.server.emergency.EmergencyAffordanceService
04-04 04:29:58.163 D/SystemServerTimingAsync( 1152): ssm.onUnlockingUser-0_com.android.server.emergency.EmergencyAffordanceService took to complete: 0ms
04-04 04:29:58.163 I/SystemServerTimingAsync( 1152): ssm.onUnlockingUser-0_com.android.server.blob.BlobStoreManagerService
04-04 04:29:58.163 D/SystemServerTimingAsync( 1152): ssm.onUnlockingUser-0_com.android.server.blob.BlobStoreManagerService took to complete: 0ms
04-04 04:29:58.163 I/SystemServerTimingAsync( 1152): ssm.onUnlockingUser-0_com.android.server.dreams.DreamManagerService
04-04 04:29:58.163 D/SystemServerTimingAsync( 1152): ssm.onUnlockingUser-0_com.android.server.dreams.DreamManagerService took to complete: 0ms
04-04 04:29:58.163 I/SystemServerTimingAsync( 1152): ssm.onUnlockingUser-0_com.android.server.companion.CompanionDeviceManagerService
04-04 04:29:58.163 D/SystemServerTimingAsync( 1152): ssm.onUnlockingUser-0_com.android.server.companion.CompanionDeviceManagerService took to complete: 0ms
04-04 04:29:58.163 I/SystemServerTimingAsync( 1152): ssm.onUnlockingUser-0_com.android.server.restrictions.RestrictionsManagerService
04-04 04:29:58.163 W/BluetoothManagerService( 1152): psc is not null in bindBluetoothProfileService
04-04 04:29:58.163 D/SystemServerTimingAsync( 1152): ssm.onUnlockingUser-0_com.android.server.restrictions.RestrictionsManagerService took to complete: 0ms
04-04 04:29:58.163 I/SystemServerTimingAsync( 1152): ssm.onUnlockingUser-0_com.android.server.media.MediaSessionService
04-04 04:29:58.163 D/SystemServerTimingAsync( 1152): ssm.onUnlockingUser-0_com.android.server.media.MediaSessionService took to complete: 0ms
04-04 04:29:58.164 I/SystemServerTimingAsync( 1152): ssm.onUnlockingUser-0_com.android.server.media.MediaResourceMonitorService
04-04 04:29:58.164 D/SystemServerTimingAsync( 1152): ssm.onUnlockingUser-0_com.android.server.media.MediaResourceMonitorService took to complete: 0ms
04-04 04:29:58.164 I/SystemServerTimingAsync( 1152): ssm.onUnlockingUser-0_com.android.server.biometrics.sensors.fingerprint.FingerprintService
04-04 04:29:58.164 D/SystemServerTimingAsync( 1152): ssm.onUnlockingUser-0_com.android.server.biometrics.sensors.fingerprint.FingerprintService took to complete: 0ms
04-04 04:29:58.164 I/HibernationStateDiskStore( 1152): No hibernation file on disk for file /data/system_ce/0/hibernation/states
04-04 04:29:58.164 I/SystemServerTimingAsync( 1152): ssm.onUnlockingUser-0_com.android.server.biometrics.BiometricService
04-04 04:29:58.164 D/SystemServerTimingAsync( 1152): ssm.onUnlockingUser-0_com.android.server.biometrics.BiometricService took to complete: 0ms
04-04 04:29:58.164 I/SystemServerTimingAsync( 1152): ssm.onUnlockingUser-0_com.android.server.biometrics.AuthService
04-04 04:29:58.164 D/SystemServerTimingAsync( 1152): ssm.onUnlockingUser-0_com.android.server.biometrics.AuthService took to complete: 0ms
04-04 04:29:58.164 I/SystemServerTimingAsync( 1152): ssm.onUnlockingUser-0_com.android.server.pm.ShortcutService$Lifecycle
04-04 04:29:58.165 D/BluetoothManagerService( 1152): Sending BLE State Change: TURNING_ON > ON
04-04 04:29:58.165 D/BluetoothManagerService( 1152): Sending State Change: TURNING_ON > ON
04-04 04:29:58.166 D/SystemServerTimingAsync( 1152): ssm.onUnlockingUser-0_com.android.server.pm.ShortcutService$Lifecycle took to complete: 2ms
04-04 04:29:58.166 I/SystemServerTimingAsync( 1152): ssm.onUnlockingUser-0_com.android.server.pm.LauncherAppsService
04-04 04:29:58.166 I/Telecom ( 1152): BluetoothDeviceManager: Got BluetoothHearingAid: android.bluetooth.BluetoothHearingAid@7d86e18: BMSL.oSC@AAg
04-04 04:29:58.167 D/SystemServerTimingAsync( 1152): ssm.onUnlockingUser-0_com.android.server.pm.LauncherAppsService took to complete: 0ms
04-04 04:29:58.167 I/SystemServerTimingAsync( 1152): ssm.onUnlockingUser-0_com.android.server.pm.CrossProfileAppsService
04-04 04:29:58.167 D/SystemServerTimingAsync( 1152): ssm.onUnlockingUser-0_com.android.server.pm.CrossProfileAppsService took to complete: 0ms
04-04 04:29:58.167 I/SystemServerTimingAsync( 1152): ssm.onUnlockingUser-0_com.android.server.people.PeopleService
04-04 04:29:58.167 D/SystemServerTimingAsync( 1152): ssm.onUnlockingUser-0_com.android.server.people.PeopleService took to complete: 0ms
04-04 04:29:58.167 I/SystemServerTimingAsync( 1152): ssm.onUnlockingUser-0_com.android.server.media.metrics.MediaMetricsManagerService
04-04 04:29:58.167 D/SystemServerTimingAsync( 1152): ssm.onUnlockingUser-0_com.android.server.media.metrics.MediaMetricsManagerService took to complete: 0ms
04-04 04:29:58.167 I/SystemServerTimingAsync( 1152): ssm.onUnlockingUser-0_com.android.server.media.projection.MediaProjectionManagerService
04-04 04:29:58.167 D/SystemServerTimingAsync( 1152): ssm.onUnlockingUser-0_com.android.server.media.projection.MediaProjectionManagerService took to complete: 0ms
04-04 04:29:58.167 I/SystemServerTimingAsync( 1152): ssm.onUnlockingUser-0_com.android.server.slice.SliceManagerService$Lifecycle
04-04 04:29:58.167 D/SystemServerTimingAsync( 1152): ssm.onUnlockingUser-0_com.android.server.slice.SliceManagerService$Lifecycle took to complete: 0ms
04-04 04:29:58.167 I/SystemServerTimingAsync( 1152): ssm.onUnlockingUser-0_com.android.server.stats.StatsCompanion$Lifecycle
04-04 04:29:58.168 D/SystemServerTimingAsync( 1152): ssm.onUnlockingUser-0_com.android.server.stats.StatsCompanion$Lifecycle took to complete: 0ms
04-04 04:29:58.168 I/SystemServerTimingAsync( 1152): ssm.onUnlockingUser-0_com.android.server.scheduling.RebootReadinessManagerService$Lifecycle
04-04 04:29:58.168 D/SystemServerTimingAsync( 1152): ssm.onUnlockingUser-0_com.android.server.scheduling.RebootReadinessManagerService$Lifecycle took to complete: 0ms
04-04 04:29:58.168 I/SystemServerTimingAsync( 1152): ssm.onUnlockingUser-0_com.android.server.stats.pull.StatsPullAtomService
04-04 04:29:58.168 D/SystemServerTimingAsync( 1152): ssm.onUnlockingUser-0_com.android.server.stats.pull.StatsPullAtomService took to complete: 0ms
04-04 04:29:58.168 I/SystemServerTimingAsync( 1152): ssm.onUnlockingUser-0_com.android.server.incident.IncidentCompanionService
04-04 04:29:58.168 D/SystemServerTimingAsync( 1152): ssm.onUnlockingUser-0_com.android.server.incident.IncidentCompanionService took to complete: 0ms
04-04 04:29:58.168 I/SystemServerTimingAsync( 1152): ssm.onUnlockingUser-0_com.android.server.MmsServiceBroker
04-04 04:29:58.168 D/SystemServerTimingAsync( 1152): ssm.onUnlockingUser-0_com.android.server.MmsServiceBroker took to complete: 0ms
04-04 04:29:58.168 I/SystemServerTimingAsync( 1152): ssm.onUnlockingUser-0_com.android.server.autofill.AutofillManagerService
04-04 04:29:58.168 D/AutofillUI( 1152): destroySaveUiUiThread(): already destroyed
04-04 04:29:58.168 D/AutofillManagerServiceImpl( 1152): Reset component for user 0:
04-04 04:29:58.175 D/FieldClassificationStrategy( 1152): reset(): service is not bound. Do nothing.
04-04 04:29:58.175 D/SystemServerTimingAsync( 1152): ssm.onUnlockingUser-0_com.android.server.autofill.AutofillManagerService took to complete: 7ms
04-04 04:29:58.175 I/SystemServerTimingAsync( 1152): ssm.onUnlockingUser-0_com.android.server.clipboard.ClipboardService
04-04 04:29:58.175 D/SystemServerTimingAsync( 1152): ssm.onUnlockingUser-0_com.android.server.clipboard.ClipboardService took to complete: 0ms
04-04 04:29:58.175 I/SystemServerTimingAsync( 1152): ssm.onUnlockingUser-0_com.android.server.appbinding.AppBindingService$Lifecycle
04-04 04:29:58.175 W/AppBindingService( 1152): [Default SMS app] u0 Target package not found
04-04 04:29:58.176 D/SystemServerTimingAsync( 1152): ssm.onUnlockingUser-0_com.android.server.appbinding.AppBindingService$Lifecycle took to complete: 1ms
04-04 04:29:58.176 I/SystemServerTimingAsync( 1152): ssm.onUnlockingUser-0_com.android.server.tracing.TracingServiceProxy
04-04 04:29:58.176 D/SystemServerTimingAsync( 1152): ssm.onUnlockingUser-0_com.android.server.tracing.TracingServiceProxy took to complete: 0ms
04-04 04:29:58.176 I/SystemServerTimingAsync( 1152): ssm.onUnlockingUser-0_com.android.server.policy.PermissionPolicyService
04-04 04:29:58.176 D/SystemServerTimingAsync( 1152): ssm.onUnlockingUser-0_com.android.server.policy.PermissionPolicyService took to complete: 0ms
04-04 04:29:58.176 I/SystemServerTimingAsync( 1152): ssm.onUnlockingUser-0_com.android.server.pm.StagingManager$Lifecycle
04-04 04:29:58.176 D/SystemServerTimingAsync( 1152): ssm.onUnlockingUser-0_com.android.server.pm.StagingManager$Lifecycle took to complete: 0ms
04-04 04:29:58.176 I/SystemServerTimingAsync( 1152): ssm.onUnlockingUser-0_com.android.server.app.GameManagerService$Lifecycle
04-04 04:29:58.176 D/SystemServerTimingAsync( 1152): ssm.onUnlockingUser-0_com.android.server.app.GameManagerService$Lifecycle took to complete: 0ms
04-04 04:29:58.176 I/SystemServerTimingAsync( 1152): ssm.onUnlockingUser-0_com.android.server.appsearch.AppSearchManagerService
04-04 04:29:58.176 D/SystemServerTimingAsync( 1152): ssm.onUnlockingUser-0_com.android.server.appsearch.AppSearchManagerService took to complete: 0ms
04-04 04:29:58.176 I/SystemServerTimingAsync( 1152): ssm.onUnlockingUser-0_com.android.server.media.MediaCommunicationService
04-04 04:29:58.176 D/SystemServerTimingAsync( 1152): ssm.onUnlockingUser-0_com.android.server.media.MediaCommunicationService took to complete: 0ms
04-04 04:29:58.176 D/SystemServerTimingAsync( 1152): ssm.UnlockingUser-0 took to complete: 120ms
04-04 04:29:58.176 W/ActivityManager( 1152): UserLifecycleEvent 5 received without an active userJourneySession.
04-04 04:29:58.177 W/ActivityManager( 1152): UserLifecycleEvent 6 received without an active userJourneySession.
04-04 04:29:58.177 I/ActivityManager( 1152): User 0 state changed from RUNNING_UNLOCKING to RUNNING_UNLOCKED
04-04 04:29:58.177 I/ActivityTaskManager( 1152): Loading recents for user 0 into memory.
04-04 04:29:58.178 D/SystemServerTiming( 1152): SystemUserUnlock took to complete: 849ms
04-04 04:29:58.179 W/sdcard ( 2947): Device explicitly enabled sdcardfs
04-04 04:29:58.179 D/BackupManagerService( 1152): [UserID:0] Started thread backup-0
01-01 08:00:55.758 I/ ( 0): sdcardfs version 2.0
04-04 04:29:58.181 D/vold ( 561): Waiting for sdcardfs to spin up...
01-01 08:00:55.759 I/sdcardfs( 0): dev_name -> /data/media
01-01 08:00:55.759 I/sdcardfs( 0): options -> fsuid=1023,fsgid=1023,multiuser,derive_gid,default_normal,unshared_obb,mask=6,userid=0,gid=1015
01-01 08:00:55.759 I/sdcardfs( 0): mnt -> ffffffc2e4aa73e0
01-01 08:00:55.759 I/sdcardfs( 0): mounted on top of /data/media type f2fs
01-01 08:00:55.764 I/ ( 0): Remount options were mask=23,gid=9997 for vfsmnt ffffffc2b6163860.
01-01 08:00:55.764 I/sdcardfs( 0): options - debug:1
01-01 08:00:55.764 I/sdcardfs( 0): options - gid:9997
01-01 08:00:55.764 I/sdcardfs( 0): options - mask:23
01-01 08:00:55.767 I/ ( 0): Remount options were mask=7,gid=9997 for vfsmnt ffffffc2b6164d60.
01-01 08:00:55.767 I/sdcardfs( 0): options - debug:1
01-01 08:00:55.767 I/sdcardfs( 0): options - gid:9997
01-01 08:00:55.767 I/sdcardfs( 0): options - mask:7
01-01 08:00:55.768 I/ ( 0): Remount options were mask=7,gid=9997 for vfsmnt ffffffc2b61826e0.
01-01 08:00:55.768 I/sdcardfs( 0): options - debug:1
01-01 08:00:55.768 I/sdcardfs( 0): options - gid:9997
01-01 08:00:55.768 I/sdcardfs( 0): options - mask:7
01-01 08:00:55.769 I/binder ( 0): 2859:2950 ioctl 40046210 6d8ac0c934 returned -22
04-04 04:29:58.196 V/PackageConfigPersister( 1152): loadPackages: empty list files from /data/system_ce/0/package_configs
04-04 04:29:58.208 D/CompatibilityChangeReporter( 1152): Compat change id reported: 135634846; UID 10089; state: DISABLED
04-04 04:29:58.208 D/CompatibilityChangeReporter( 1152): Compat change id reported: 143937733; UID 10089; state: ENABLED
04-04 04:29:58.211 D/CompatibilityChangeReporter( 1152): Compat change id reported: 135634846; UID 10058; state: DISABLED
04-04 04:29:58.211 D/CompatibilityChangeReporter( 1152): Compat change id reported: 177438394; UID 10058; state: DISABLED
04-04 04:29:58.211 D/CompatibilityChangeReporter( 1152): Compat change id reported: 135772972; UID 10058; state: DISABLED
04-04 04:29:58.218 D/CompatibilityChangeReporter( 1152): Compat change id reported: 135754954; UID 10058; state: ENABLED
04-04 04:29:58.220 D/CompatibilityChangeReporter( 1152): Compat change id reported: 135634846; UID 1000; state: DISABLED
04-04 04:29:58.223 D/CompatibilityChangeReporter( 1152): Compat change id reported: 177438394; UID 1000; state: DISABLED
04-04 04:29:58.223 D/CompatibilityChangeReporter( 1152): Compat change id reported: 135772972; UID 1000; state: DISABLED
04-04 04:29:58.223 D/CompatibilityChangeReporter( 1152): Compat change id reported: 135754954; UID 1000; state: ENABLED
04-04 04:29:58.226 D/CompatibilityChangeReporter( 1152): Compat change id reported: 135634846; UID 10056; state: DISABLED
04-04 04:29:58.226 D/CompatibilityChangeReporter( 1152): Compat change id reported: 177438394; UID 10056; state: DISABLED
04-04 04:29:58.228 D/CompatibilityChangeReporter( 1152): Compat change id reported: 135772972; UID 10056; state: DISABLED
04-04 04:29:58.228 D/CompatibilityChangeReporter( 1152): Compat change id reported: 135754954; UID 10056; state: ENABLED
04-04 04:29:58.229 D/CompatibilityChangeReporter( 1152): Compat change id reported: 135634846; UID 10078; state: DISABLED
04-04 04:29:58.229 D/CompatibilityChangeReporter( 1152): Compat change id reported: 177438394; UID 10078; state: DISABLED
04-04 04:29:58.229 D/CompatibilityChangeReporter( 1152): Compat change id reported: 135772972; UID 10078; state: DISABLED
04-04 04:29:58.230 D/CompatibilityChangeReporter( 1152): Compat change id reported: 135754954; UID 10078; state: DISABLED
04-04 04:29:58.231 D/CompatibilityChangeReporter( 1152): Compat change id reported: 135634846; UID 10087; state: DISABLED
04-04 04:29:58.232 I/vold ( 561): Mounting emulated fuse volume
04-04 04:29:58.233 D/CompatibilityChangeReporter( 1152): Compat change id reported: 177438394; UID 10087; state: DISABLED
04-04 04:29:58.234 D/CompatibilityChangeReporter( 1152): Compat change id reported: 135772972; UID 10087; state: DISABLED
04-04 04:29:58.234 D/CompatibilityChangeReporter( 1152): Compat change id reported: 135754954; UID 10087; state: ENABLED
04-04 04:29:58.235 D/CompatibilityChangeReporter( 1152): Compat change id reported: 135634846; UID 10085; state: DISABLED
04-04 04:29:58.235 D/CompatibilityChangeReporter( 1152): Compat change id reported: 177438394; UID 10085; state: DISABLED
04-04 04:29:58.236 D/CompatibilityChangeReporter( 1152): Compat change id reported: 135772972; UID 10085; state: DISABLED
04-04 04:29:58.236 D/CompatibilityChangeReporter( 1152): Compat change id reported: 135754954; UID 10085; state: ENABLED
04-04 04:29:58.241 E/BackupPasswordManager( 1152): Unable to read backup pw version
04-04 04:29:58.241 E/BackupPasswordManager( 1152): Unable to read saved backup pw hash
04-04 04:29:58.242 I/ActivityManager( 1152): Posting BOOT_COMPLETED user #0
04-04 04:29:58.255 D/BiometricScheduler/Fingerprint21( 1152): [Finishing] {[1] FingerprintUpdateActiveUserClient, proto=1, owner=android, cookie=0, requestId=-1, userId=0}, success: true
04-04 04:29:58.255 D/BiometricScheduler/Fingerprint21( 1152): [Polled] {[2] FingerprintInternalCleanupClient, proto=7, owner=android, cookie=0, requestId=-1, userId=0}, State: 0
04-04 04:29:58.255 D/BiometricScheduler/Fingerprint21( 1152): [Starting] {[2] FingerprintInternalCleanupClient, proto=7, owner=android, cookie=0, requestId=-1, userId=0}, State: 0
04-04 04:29:58.255 D/BiometricScheduler/Fingerprint21( 1152): [Started] {[2] FingerprintInternalCleanupClient, proto=7, owner=android, cookie=0, requestId=-1, userId=0}
04-04 04:29:58.256 D/Biometrics/InternalCleanupClient( 1152): Starting enumerate: {[3] FingerprintInternalEnumerateClient, proto=6, owner=android, cookie=0, requestId=-1, userId=0}
01-01 08:00:55.841 D/qbt ( 0): qbt_open: entry minor_no=0 fd_available=1
01-01 08:00:55.841 D/qbt ( 0): qbt_open: exit : 0 fd_available=0
01-01 08:00:55.841 D/qbt ( 0): qbt_open: entry minor_no=1 fd_available=0
01-01 08:00:55.841 D/qbt ( 0): qbt_open: exit : 0 fd_available=0
01-01 08:00:55.841 D/qbt ( 0): qbt_ioctl: cmd received 107
01-01 08:00:55.841 D/qbt ( 0): qbt_ioctl: Acquiring wakelock
04-04 04:29:58.256 I/NotificationHistory( 1152): Attempted to unlock gone/disabled user 0
04-04 04:29:58.258 W/ContextImpl( 2607): Calling a method in the system process without a qualified user: android.app.ContextImpl.startService:1816 android.content.ContextWrapper.startService:774 android.content.ContextWrapper.startService:774 com.qualcomm.qti.qdma.app.BootReceiver.onBootReceived:115 com.qualcomm.qti.innodme.InnoBootReceiver.onReceive:22
04-04 04:29:58.258 W/Looper ( 1152): Drained
04-04 04:29:58.264 D/CompanionDeviceManagerService( 1152): Received BT state transition broadcast: TURNING_ON -> ON
04-04 04:29:58.264 I/CompanionDeviceManagerService( 1152): startBleScan()
04-04 04:29:58.265 V/NotificationAssistants( 1152): disabling notification assistant for user 0: ComponentInfo{android.ext.services/android.ext.services.notification.Assistant}
04-04 04:29:58.265 D/NotificationListeners( 1152): Removing active service ComponentInfo{android.ext.services/android.ext.services.notification.Assistant}
04-04 04:29:58.268 I/AppWidgetServiceImpl( 1152): Processing of handleUserUnlocked u0 took 14 ms
04-04 04:29:58.271 I/SystemServerTimingAsync( 1152): ssm.UnlockedUser-0
04-04 04:29:58.271 I/SystemServiceManager( 1152): Calling onUnlockedUser 0
01-01 08:00:55.889 W/QSEECOM ( 0): qseecom_load_app: App (fingerpr) does'nt exist, loading apps for first time
04-04 04:29:58.274 I/SystemServerTimingAsync( 1152): ssm.onUnlockedUser-0_com.android.server.security.FileIntegrityService
04-04 04:29:58.274 D/SystemServerTimingAsync( 1152): ssm.onUnlockedUser-0_com.android.server.security.FileIntegrityService took to complete: 0ms
04-04 04:29:58.274 I/SystemServerTimingAsync( 1152): ssm.onUnlockedUser-0_com.android.server.pm.Installer
04-04 04:29:58.274 D/SystemServerTimingAsync( 1152): ssm.onUnlockedUser-0_com.android.server.pm.Installer took to complete: 0ms
04-04 04:29:58.276 I/SystemServerTimingAsync( 1152): ssm.onUnlockedUser-0_com.android.server.os.DeviceIdentifiersPolicyService
04-04 04:29:58.276 D/SystemServerTimingAsync( 1152): ssm.onUnlockedUser-0_com.android.server.os.DeviceIdentifiersPolicyService took to complete: 0ms
04-04 04:29:58.276 I/SystemServerTimingAsync( 1152): ssm.onUnlockedUser-0_com.android.server.uri.UriGrantsManagerService$Lifecycle
04-04 04:29:58.276 D/SystemServerTimingAsync( 1152): ssm.onUnlockedUser-0_com.android.server.uri.UriGrantsManagerService$Lifecycle took to complete: 0ms
04-04 04:29:58.276 I/SystemServerTimingAsync( 1152): ssm.onUnlockedUser-0_com.android.server.powerstats.PowerStatsService
04-04 04:29:58.276 D/SystemServerTimingAsync( 1152): ssm.onUnlockedUser-0_com.android.server.powerstats.PowerStatsService took to complete: 0ms
04-04 04:29:58.276 I/SystemServerTimingAsync( 1152): ssm.onUnlockedUser-0_com.android.server.wm.ActivityTaskManagerService$Lifecycle
04-04 04:29:58.287 I/ActivityTaskManager( 1152): START u0 {act=android.intent.action.MAIN cat=[android.intent.category.HOME] flg=0x10000100 cmp=com.android.launcher3/.uioverrides.QuickstepLauncher (has extras)} from uid 0
04-04 04:29:58.296 I/vold ( 561): Bind mounting /mnt/runtime/full/emulated to /mnt/pass_through/0/emulated
04-04 04:29:58.299 I/StorageSessionController( 1152): On volume mount VolumeInfo{emulated;0}:
04-04 04:29:58.299 I/StorageSessionController( 1152): type=EMULATED diskId=null partGuid= mountFlags=PRIMARY|VISIBLE
04-04 04:29:58.299 I/StorageSessionController( 1152): mountUserId=0 state=CHECKING
04-04 04:29:58.299 I/StorageSessionController( 1152): fsType=null fsUuid=null fsLabel=null
04-04 04:29:58.299 I/StorageSessionController( 1152): path=/storage/emulated internalPath=/data/media
04-04 04:29:58.301 I/StorageSessionController( 1152): Creating connection for user: 0
04-04 04:29:58.304 I/StorageSessionController( 1152): Creating and starting session with id: emulated;0
04-04 04:29:58.305 D/CompatibilityChangeReporter( 1152): Compat change id reported: 184838306; UID 10083; state: DISABLED
04-04 04:29:58.305 I/StorageUserConnection( 1152): Binding to the ExternalStorageService for user 0
04-04 04:29:58.306 D/CompatibilityChangeReporter( 1152): Compat change id reported: 185004937; UID 10083; state: DISABLED
04-04 04:29:58.312 D/CompatibilityChangeReporter( 1152): Compat change id reported: 181136395; UID 10083; state: DISABLED
04-04 04:29:58.315 D/CompatibilityChangeReporter( 1152): Compat change id reported: 174042936; UID 10083; state: DISABLED
04-04 04:29:58.317 D/CompatibilityChangeReporter( 1152): Compat change id reported: 174042980; UID 10083; state: DISABLED
04-04 04:29:58.322 W/ActivityManager( 1152): Slow operation: 122ms so far, now at startProcess: returned from zygote!
04-04 04:29:58.340 I/UsageStatsService( 1152): User[0] Rollover scheduled @ 2023-04-05 04:29:57(1680640197684)
04-04 04:29:58.341 I/UsageStatsService( 1152): Time changed in by 1680553742 seconds
04-04 04:29:58.342 D/CompatibilityChangeReporter( 1152): Compat change id reported: 168419799; UID 10083; state: DISABLED
04-04 04:29:58.346 I/ActivityTaskManager( 1152): FOREGROUND_APPLICATION_CHANGED to com.android.launcher3.uioverrides.QuickstepLauncher
04-04 04:29:58.347 I/ActivityTaskManager( 1152): The Process com.android.launcher3 Already Exists in BG. So sending its PID: 2715
04-04 04:29:58.354 I/UsageStatsService( 1152): User[0] Flushing usage stats to disk
04-04 04:29:58.361 I/LaunchParamsPersister( 1152): Didn't find launch param folder for user 0
04-04 04:29:58.362 W/SystemServiceManager( 1152): Service com.android.server.wm.ActivityTaskManagerService$Lifecycle took 86 ms in onUnlockedUser-0
04-04 04:29:58.362 D/SystemServerTimingAsync( 1152): ssm.onUnlockedUser-0_com.android.server.wm.ActivityTaskManagerService$Lifecycle took to complete: 86ms
04-04 04:29:58.362 I/SystemServerTimingAsync( 1152): ssm.onUnlockedUser-0_com.android.server.am.ActivityManagerService$Lifecycle
04-04 04:29:58.362 D/SystemServerTimingAsync( 1152): ssm.onUnlockedUser-0_com.android.server.am.ActivityManagerService$Lifecycle took to complete: 0ms
04-04 04:29:58.362 I/SystemServerTimingAsync( 1152): ssm.onUnlockedUser-0_com.android.server.pm.DataLoaderManagerService
04-04 04:29:58.362 D/SystemServerTimingAsync( 1152): ssm.onUnlockedUser-0_com.android.server.pm.DataLoaderManagerService took to complete: 0ms
04-04 04:29:58.362 I/SystemServerTimingAsync( 1152): ssm.onUnlockedUser-0_com.android.server.power.PowerManagerService
04-04 04:29:58.362 D/SystemServerTimingAsync( 1152): ssm.onUnlockedUser-0_com.android.server.power.PowerManagerService took to complete: 0ms
04-04 04:29:58.362 I/SystemServerTimingAsync( 1152): ssm.onUnlockedUser-0_com.android.server.power.ThermalManagerService
04-04 04:29:58.362 D/SystemServerTimingAsync( 1152): ssm.onUnlockedUser-0_com.android.server.power.ThermalManagerService took to complete: 0ms
04-04 04:29:58.362 I/SystemServerTimingAsync( 1152): ssm.onUnlockedUser-0_com.android.server.power.hint.HintManagerService
04-04 04:29:58.362 D/SystemServerTimingAsync( 1152): ssm.onUnlockedUser-0_com.android.server.power.hint.HintManagerService took to complete: 0ms
04-04 04:29:58.362 I/SystemServerTimingAsync( 1152): ssm.onUnlockedUser-0_com.android.server.recoverysystem.RecoverySystemService$Lifecycle
04-04 04:29:58.362 D/SystemServerTimingAsync( 1152): ssm.onUnlockedUser-0_com.android.server.recoverysystem.RecoverySystemService$Lifecycle took to complete: 0ms
04-04 04:29:58.362 I/SystemServerTimingAsync( 1152): ssm.onUnlockedUser-0_com.android.server.lights.LightsService
