04-12 13:08:05.068 E/DisplayDeviceConfig( 1152): requesting nits when no mapping exists.
04-12 13:08:05.068 E/DisplayDeviceConfig( 1152): requesting nits when no mapping exists.
04-12 13:08:05.085 E/DisplayDeviceConfig( 1152): requesting nits when no mapping exists.
04-12 13:08:05.085 E/DisplayDeviceConfig( 1152): requesting nits when no mapping exists.
04-12 13:08:05.102 E/DisplayDeviceConfig( 1152): requesting nits when no mapping exists.
04-12 13:08:05.102 E/DisplayDeviceConfig( 1152): requesting nits when no mapping exists.
04-12 13:08:05.118 E/DisplayDeviceConfig( 1152): requesting nits when no mapping exists.
04-12 13:08:05.119 E/DisplayDeviceConfig( 1152): requesting nits when no mapping exists.
04-12 13:08:05.135 E/DisplayDeviceConfig( 1152): requesting nits when no mapping exists.
04-12 13:08:05.136 E/DisplayDeviceConfig( 1152): requesting nits when no mapping exists.
04-12 13:08:05.152 E/DisplayDeviceConfig( 1152): requesting nits when no mapping exists.
04-12 13:08:05.152 E/DisplayDeviceConfig( 1152): requesting nits when no mapping exists.
04-12 13:08:05.168 E/DisplayDeviceConfig( 1152): requesting nits when no mapping exists.
04-12 13:08:05.169 E/DisplayDeviceConfig( 1152): requesting nits when no mapping exists.
04-12 13:08:05.202 E/DisplayDeviceConfig( 1152): requesting nits when no mapping exists.
04-12 13:08:05.203 E/DisplayDeviceConfig( 1152): requesting nits when no mapping exists.
04-12 13:08:05.219 E/DisplayDeviceConfig( 1152): requesting nits when no mapping exists.
04-12 13:08:05.219 E/DisplayDeviceConfig( 1152): requesting nits when no mapping exists.
04-12 13:08:05.236 E/DisplayDeviceConfig( 1152): requesting nits when no mapping exists.
04-12 13:08:05.236 E/DisplayDeviceConfig( 1152): requesting nits when no mapping exists.
04-12 13:08:05.252 E/DisplayDeviceConfig( 1152): requesting nits when no mapping exists.
04-12 13:08:05.252 E/DisplayDeviceConfig( 1152): requesting nits when no mapping exists.
04-12 13:08:05.269 E/DisplayDeviceConfig( 1152): requesting nits when no mapping exists.
04-12 13:08:05.269 E/DisplayDeviceConfig( 1152): requesting nits when no mapping exists.
04-12 13:08:05.285 E/DisplayDeviceConfig( 1152): requesting nits when no mapping exists.
04-12 13:08:05.286 E/DisplayDeviceConfig( 1152): requesting nits when no mapping exists.
04-12 13:08:05.302 E/DisplayDeviceConfig( 1152): requesting nits when no mapping exists.
04-12 13:08:05.303 E/DisplayDeviceConfig( 1152): requesting nits when no mapping exists.
04-12 13:08:05.319 E/DisplayDeviceConfig( 1152): requesting nits when no mapping exists.
04-12 13:08:05.320 E/DisplayDeviceConfig( 1152): requesting nits when no mapping exists.
04-12 13:08:05.336 E/DisplayDeviceConfig( 1152): requesting nits when no mapping exists.
04-12 13:08:05.336 E/DisplayDeviceConfig( 1152): requesting nits when no mapping exists.
04-12 13:08:05.353 E/DisplayDeviceConfig( 1152): requesting nits when no mapping exists.
04-12 13:08:05.353 E/DisplayDeviceConfig( 1152): requesting nits when no mapping exists.
04-12 13:08:05.368 E/DisplayDeviceConfig( 1152): requesting nits when no mapping exists.
04-12 13:08:05.369 E/DisplayDeviceConfig( 1152): requesting nits when no mapping exists.
04-12 13:08:05.386 E/DisplayDeviceConfig( 1152): requesting nits when no mapping exists.
04-12 13:08:05.387 E/DisplayDeviceConfig( 1152): requesting nits when no mapping exists.
04-12 13:08:05.402 E/DisplayDeviceConfig( 1152): requesting nits when no mapping exists.
04-12 13:08:05.402 E/DisplayDeviceConfig( 1152): requesting nits when no mapping exists.
04-12 13:08:05.419 E/DisplayDeviceConfig( 1152): requesting nits when no mapping exists.
04-12 13:08:05.419 E/DisplayDeviceConfig( 1152): requesting nits when no mapping exists.
04-12 13:08:05.435 E/DisplayDeviceConfig( 1152): requesting nits when no mapping exists.
04-12 13:08:05.436 E/DisplayDeviceConfig( 1152): requesting nits when no mapping exists.
04-12 13:08:05.452 E/DisplayDeviceConfig( 1152): requesting nits when no mapping exists.
04-12 13:08:05.452 E/DisplayDeviceConfig( 1152): requesting nits when no mapping exists.
04-12 13:08:05.469 E/DisplayDeviceConfig( 1152): requesting nits when no mapping exists.
04-12 13:08:05.470 E/DisplayDeviceConfig( 1152): requesting nits when no mapping exists.
04-12 13:08:05.486 E/DisplayDeviceConfig( 1152): requesting nits when no mapping exists.
04-12 13:08:05.486 E/DisplayDeviceConfig( 1152): requesting nits when no mapping exists.
04-12 13:08:05.502 E/DisplayDeviceConfig( 1152): requesting nits when no mapping exists.
04-12 13:08:05.503 E/DisplayDeviceConfig( 1152): requesting nits when no mapping exists.
04-12 13:08:05.519 E/DisplayDeviceConfig( 1152): requesting nits when no mapping exists.
04-12 13:08:05.520 E/DisplayDeviceConfig( 1152): requesting nits when no mapping exists.
04-12 13:08:05.536 E/DisplayDeviceConfig( 1152): requesting nits when no mapping exists.
04-12 13:08:05.536 E/DisplayDeviceConfig( 1152): requesting nits when no mapping exists.
04-12 13:08:05.552 E/DisplayDeviceConfig( 1152): requesting nits when no mapping exists.
04-12 13:08:05.553 E/DisplayDeviceConfig( 1152): requesting nits when no mapping exists.
04-12 13:08:05.570 E/DisplayDeviceConfig( 1152): requesting nits when no mapping exists.
04-12 13:08:05.571 E/DisplayDeviceConfig( 1152): requesting nits when no mapping exists.
04-12 13:08:05.586 E/DisplayDeviceConfig( 1152): requesting nits when no mapping exists.
04-12 13:08:05.587 E/DisplayDeviceConfig( 1152): requesting nits when no mapping exists.
04-12 13:08:05.603 E/DisplayDeviceConfig( 1152): requesting nits when no mapping exists.
04-12 13:08:05.603 E/DisplayDeviceConfig( 1152): requesting nits when no mapping exists.
04-12 13:08:05.619 E/DisplayDeviceConfig( 1152): requesting nits when no mapping exists.
04-12 13:08:05.620 E/DisplayDeviceConfig( 1152): requesting nits when no mapping exists.
04-12 13:08:05.636 E/DisplayDeviceConfig( 1152): requesting nits when no mapping exists.
04-12 13:08:05.636 E/DisplayDeviceConfig( 1152): requesting nits when no mapping exists.
04-12 13:08:05.652 E/DisplayDeviceConfig( 1152): requesting nits when no mapping exists.
04-12 13:08:05.653 E/DisplayDeviceConfig( 1152): requesting nits when no mapping exists.
04-12 13:08:05.670 E/DisplayDeviceConfig( 1152): requesting nits when no mapping exists.
04-12 13:08:05.670 E/DisplayDeviceConfig( 1152): requesting nits when no mapping exists.
04-12 13:08:05.686 E/DisplayDeviceConfig( 1152): requesting nits when no mapping exists.
04-12 13:08:05.687 E/DisplayDeviceConfig( 1152): requesting nits when no mapping exists.
04-12 13:08:05.702 E/DisplayDeviceConfig( 1152): requesting nits when no mapping exists.
04-12 13:08:05.703 E/DisplayDeviceConfig( 1152): requesting nits when no mapping exists.
04-12 13:08:05.719 E/DisplayDeviceConfig( 1152): requesting nits when no mapping exists.
04-12 13:08:05.720 E/DisplayDeviceConfig( 1152): requesting nits when no mapping exists.
04-12 13:08:05.736 E/DisplayDeviceConfig( 1152): requesting nits when no mapping exists.
04-12 13:08:05.737 E/DisplayDeviceConfig( 1152): requesting nits when no mapping exists.
04-12 13:08:05.753 E/DisplayDeviceConfig( 1152): requesting nits when no mapping exists.
04-12 13:08:05.754 E/DisplayDeviceConfig( 1152): requesting nits when no mapping exists.
04-12 13:08:05.770 E/DisplayDeviceConfig( 1152): requesting nits when no mapping exists.
04-12 13:08:05.770 E/DisplayDeviceConfig( 1152): requesting nits when no mapping exists.
04-12 13:08:05.786 E/DisplayDeviceConfig( 1152): requesting nits when no mapping exists.
04-12 13:08:05.787 E/DisplayDeviceConfig( 1152): requesting nits when no mapping exists.
04-12 13:08:05.803 E/DisplayDeviceConfig( 1152): requesting nits when no mapping exists.
04-12 13:08:05.803 E/DisplayDeviceConfig( 1152): requesting nits when no mapping exists.
04-12 13:08:05.819 E/DisplayDeviceConfig( 1152): requesting nits when no mapping exists.
04-12 13:08:05.820 E/DisplayDeviceConfig( 1152): requesting nits when no mapping exists.
04-12 13:08:05.836 E/DisplayDeviceConfig( 1152): requesting nits when no mapping exists.
04-12 13:08:05.837 E/DisplayDeviceConfig( 1152): requesting nits when no mapping exists.
04-12 13:08:05.853 E/DisplayDeviceConfig( 1152): requesting nits when no mapping exists.
04-12 13:08:05.853 E/DisplayDeviceConfig( 1152): requesting nits when no mapping exists.
04-12 13:08:05.870 E/DisplayDeviceConfig( 1152): requesting nits when no mapping exists.
04-12 13:08:05.870 E/DisplayDeviceConfig( 1152): requesting nits when no mapping exists.
04-12 13:08:05.886 E/DisplayDeviceConfig( 1152): requesting nits when no mapping exists.
04-12 13:08:05.887 E/DisplayDeviceConfig( 1152): requesting nits when no mapping exists.
04-12 13:08:11.933 I/PowerManagerService( 1152): Napping display group (groupId=0, uid=1000)...
04-12 13:08:11.933 I/PowerManagerService( 1152): Nap time (uid 1000)...
04-12 13:08:11.936 I/DreamManagerService( 1152): Entering dreamland.
04-12 13:08:11.940 I/PowerManagerService( 1152): Dreaming...
04-12 13:08:11.942 I/DreamController( 1152): Starting dream: name=ComponentInfo{com.thundercomm.screensaver/com.thundercomm.screensaver.service.SystemDream}, isTest=false, canDoze=false, userId=0
04-12 13:08:11.951 D/CompatibilityChangeReporter( 1152): Compat change id reported: 168419799; UID 10045; state: DISABLED
04-12 13:08:11.959 D/AutofillManagerService( 1152): Close system dialogs
04-12 13:08:11.963 I/ActivityTaskManager( 1152): START u0 {flg=0x10000000 pkg=com.thundercomm.screensaver cmp=com.thundercomm.screensaver/android.service.dreams.DreamActivity (has extras)} from uid 10045
04-12 13:08:11.969 W/ActivityTaskManager( 1152): Can't find TaskDisplayArea to determine support for multi window. Task id=33 attached=false
04-12 13:08:11.992 I/ActivityTaskManager( 1152): FOREGROUND_APPLICATION_CHANGED to android.service.dreams.DreamActivity
04-12 13:08:11.993 I/ActivityTaskManager( 1152): The Process com.thundercomm.screensaver Already Exists in BG. So sending its PID: 4577
04-12 13:08:11.993 W/ActivityTaskManager( 1152): Tried to set launchTime (0) < mLastActivityLaunchTime (173913)
01-01 09:16:50.234 I/qcom_rpmh DRV( 0): apps_rsc TCS Busy, retrying RPMH message send: addr=0x41b08
04-12 13:08:12.009 W/WindowManager( 1152): Failed looking up window session=Session{d4df6f0 4577:u0a10045} callers=com.android.server.wm.WindowManagerService.windowForClientLocked:5628 com.android.server.wm.Session.insetsModified:629 android.view.IWindowSession$Stub.onTransact:1151
04-12 13:08:12.046 V/DisplayPowerController[0]( 1152): Brightness [1.0] reason changing to: 'manual', previous reason: 'manual [ dim ]'.
04-12 13:08:12.052 E/DisplayDeviceConfig( 1152): requesting nits when no mapping exists.
04-12 13:08:12.052 E/DisplayDeviceConfig( 1152): requesting nits when no mapping exists.
04-12 13:08:12.069 E/DisplayDeviceConfig( 1152): requesting nits when no mapping exists.
04-12 13:08:12.069 E/DisplayDeviceConfig( 1152): requesting nits when no mapping exists.
04-12 13:08:12.085 E/DisplayDeviceConfig( 1152): requesting nits when no mapping exists.
04-12 13:08:12.085 E/DisplayDeviceConfig( 1152): requesting nits when no mapping exists.
04-12 13:08:12.097 W/FreeFormWindowHelper( 1152): Current Display FreeFormTask is null
04-12 13:08:12.101 E/DisplayDeviceConfig( 1152): requesting nits when no mapping exists.
04-12 13:08:12.101 E/DisplayDeviceConfig( 1152): requesting nits when no mapping exists.
04-12 13:08:12.118 E/DisplayDeviceConfig( 1152): requesting nits when no mapping exists.
04-12 13:08:12.118 E/DisplayDeviceConfig( 1152): requesting nits when no mapping exists.
04-12 13:08:12.134 E/DisplayDeviceConfig( 1152): requesting nits when no mapping exists.
04-12 13:08:12.135 E/DisplayDeviceConfig( 1152): requesting nits when no mapping exists.
04-12 13:08:12.152 E/DisplayDeviceConfig( 1152): requesting nits when no mapping exists.
04-12 13:08:12.153 E/DisplayDeviceConfig( 1152): requesting nits when no mapping exists.
04-12 13:08:12.168 E/DisplayDeviceConfig( 1152): requesting nits when no mapping exists.
04-12 13:08:12.168 E/DisplayDeviceConfig( 1152): requesting nits when no mapping exists.
04-12 13:08:12.185 E/DisplayDeviceConfig( 1152): requesting nits when no mapping exists.
04-12 13:08:12.185 E/DisplayDeviceConfig( 1152): requesting nits when no mapping exists.
04-12 13:08:12.202 E/DisplayDeviceConfig( 1152): requesting nits when no mapping exists.
04-12 13:08:12.202 E/DisplayDeviceConfig( 1152): requesting nits when no mapping exists.
04-12 13:08:12.218 E/DisplayDeviceConfig( 1152): requesting nits when no mapping exists.
04-12 13:08:12.218 E/DisplayDeviceConfig( 1152): requesting nits when no mapping exists.
04-12 13:08:12.235 E/DisplayDeviceConfig( 1152): requesting nits when no mapping exists.
04-12 13:08:12.235 E/DisplayDeviceConfig( 1152): requesting nits when no mapping exists.
04-12 13:08:12.252 E/DisplayDeviceConfig( 1152): requesting nits when no mapping exists.
04-12 13:08:12.252 E/DisplayDeviceConfig( 1152): requesting nits when no mapping exists.
04-12 13:08:12.268 E/DisplayDeviceConfig( 1152): requesting nits when no mapping exists.
04-12 13:08:12.269 E/DisplayDeviceConfig( 1152): requesting nits when no mapping exists.
04-12 13:08:12.285 E/DisplayDeviceConfig( 1152): requesting nits when no mapping exists.
04-12 13:08:12.285 E/DisplayDeviceConfig( 1152): requesting nits when no mapping exists.
04-12 13:08:12.302 E/DisplayDeviceConfig( 1152): requesting nits when no mapping exists.
04-12 13:08:12.302 E/DisplayDeviceConfig( 1152): requesting nits when no mapping exists.
04-12 13:08:12.318 E/DisplayDeviceConfig( 1152): requesting nits when no mapping exists.
04-12 13:08:12.318 E/DisplayDeviceConfig( 1152): requesting nits when no mapping exists.
04-12 13:08:12.337 E/DisplayDeviceConfig( 1152): requesting nits when no mapping exists.
04-12 13:08:12.337 E/DisplayDeviceConfig( 1152): requesting nits when no mapping exists.
04-12 13:08:12.353 E/DisplayDeviceConfig( 1152): requesting nits when no mapping exists.
04-12 13:08:12.353 E/DisplayDeviceConfig( 1152): requesting nits when no mapping exists.
04-12 13:08:12.369 E/DisplayDeviceConfig( 1152): requesting nits when no mapping exists.
04-12 13:08:12.369 E/DisplayDeviceConfig( 1152): requesting nits when no mapping exists.
04-12 13:08:12.385 E/DisplayDeviceConfig( 1152): requesting nits when no mapping exists.
04-12 13:08:12.385 E/DisplayDeviceConfig( 1152): requesting nits when no mapping exists.
04-12 13:08:12.402 E/DisplayDeviceConfig( 1152): requesting nits when no mapping exists.
04-12 13:08:12.402 E/DisplayDeviceConfig( 1152): requesting nits when no mapping exists.
04-12 13:08:12.419 E/DisplayDeviceConfig( 1152): requesting nits when no mapping exists.
04-12 13:08:12.419 E/DisplayDeviceConfig( 1152): requesting nits when no mapping exists.
04-12 13:08:12.435 E/DisplayDeviceConfig( 1152): requesting nits when no mapping exists.
04-12 13:08:12.436 E/DisplayDeviceConfig( 1152): requesting nits when no mapping exists.
04-12 13:08:12.452 E/DisplayDeviceConfig( 1152): requesting nits when no mapping exists.
04-12 13:08:12.452 E/DisplayDeviceConfig( 1152): requesting nits when no mapping exists.
04-12 13:08:12.469 E/DisplayDeviceConfig( 1152): requesting nits when no mapping exists.
04-12 13:08:12.469 E/DisplayDeviceConfig( 1152): requesting nits when no mapping exists.
04-12 13:08:12.485 E/DisplayDeviceConfig( 1152): requesting nits when no mapping exists.
04-12 13:08:12.486 E/DisplayDeviceConfig( 1152): requesting nits when no mapping exists.
04-12 13:08:12.502 E/DisplayDeviceConfig( 1152): requesting nits when no mapping exists.
04-12 13:08:12.502 E/DisplayDeviceConfig( 1152): requesting nits when no mapping exists.
04-12 13:08:12.519 E/DisplayDeviceConfig( 1152): requesting nits when no mapping exists.
04-12 13:08:12.519 E/DisplayDeviceConfig( 1152): requesting nits when no mapping exists.
04-12 13:08:12.536 E/DisplayDeviceConfig( 1152): requesting nits when no mapping exists.
04-12 13:08:12.536 E/DisplayDeviceConfig( 1152): requesting nits when no mapping exists.
04-12 13:08:12.552 E/DisplayDeviceConfig( 1152): requesting nits when no mapping exists.
04-12 13:08:12.552 E/DisplayDeviceConfig( 1152): requesting nits when no mapping exists.
04-12 13:08:12.569 E/DisplayDeviceConfig( 1152): requesting nits when no mapping exists.
04-12 13:08:12.569 E/DisplayDeviceConfig( 1152): requesting nits when no mapping exists.
04-12 13:08:12.586 E/DisplayDeviceConfig( 1152): requesting nits when no mapping exists.
04-12 13:08:12.586 E/DisplayDeviceConfig( 1152): requesting nits when no mapping exists.
04-12 13:08:12.602 E/DisplayDeviceConfig( 1152): requesting nits when no mapping exists.
04-12 13:08:12.603 E/DisplayDeviceConfig( 1152): requesting nits when no mapping exists.
04-12 13:08:12.619 E/DisplayDeviceConfig( 1152): requesting nits when no mapping exists.
04-12 13:08:12.619 E/DisplayDeviceConfig( 1152): requesting nits when no mapping exists.
04-12 13:08:12.636 E/DisplayDeviceConfig( 1152): requesting nits when no mapping exists.
04-12 13:08:12.636 E/DisplayDeviceConfig( 1152): requesting nits when no mapping exists.
04-12 13:08:12.653 E/DisplayDeviceConfig( 1152): requesting nits when no mapping exists.
04-12 13:08:12.653 E/DisplayDeviceConfig( 1152): requesting nits when no mapping exists.
04-12 13:08:12.669 E/DisplayDeviceConfig( 1152): requesting nits when no mapping exists.
04-12 13:08:12.669 E/DisplayDeviceConfig( 1152): requesting nits when no mapping exists.
04-12 13:08:12.686 E/DisplayDeviceConfig( 1152): requesting nits when no mapping exists.
04-12 13:08:12.686 E/DisplayDeviceConfig( 1152): requesting nits when no mapping exists.
04-12 13:08:12.703 E/DisplayDeviceConfig( 1152): requesting nits when no mapping exists.
04-12 13:08:12.703 E/DisplayDeviceConfig( 1152): requesting nits when no mapping exists.
04-12 13:08:12.719 E/DisplayDeviceConfig( 1152): requesting nits when no mapping exists.
04-12 13:08:12.719 E/DisplayDeviceConfig( 1152): requesting nits when no mapping exists.
04-12 13:08:12.736 E/DisplayDeviceConfig( 1152): requesting nits when no mapping exists.
04-12 13:08:12.736 E/DisplayDeviceConfig( 1152): requesting nits when no mapping exists.
04-12 13:08:12.753 E/DisplayDeviceConfig( 1152): requesting nits when no mapping exists.
04-12 13:08:12.753 E/DisplayDeviceConfig( 1152): requesting nits when no mapping exists.
04-12 13:08:12.769 E/DisplayDeviceConfig( 1152): requesting nits when no mapping exists.
04-12 13:08:12.770 E/DisplayDeviceConfig( 1152): requesting nits when no mapping exists.
04-12 13:08:12.787 E/DisplayDeviceConfig( 1152): requesting nits when no mapping exists.
04-12 13:08:12.787 E/DisplayDeviceConfig( 1152): requesting nits when no mapping exists.
04-12 13:08:12.803 E/DisplayDeviceConfig( 1152): requesting nits when no mapping exists.
04-12 13:08:12.803 E/DisplayDeviceConfig( 1152): requesting nits when no mapping exists.
04-12 13:08:12.820 E/DisplayDeviceConfig( 1152): requesting nits when no mapping exists.
04-12 13:08:12.820 E/DisplayDeviceConfig( 1152): requesting nits when no mapping exists.
04-12 13:08:12.836 E/DisplayDeviceConfig( 1152): requesting nits when no mapping exists.
04-12 13:08:12.836 E/DisplayDeviceConfig( 1152): requesting nits when no mapping exists.
04-12 13:08:12.853 E/DisplayDeviceConfig( 1152): requesting nits when no mapping exists.
04-12 13:08:12.853 E/DisplayDeviceConfig( 1152): requesting nits when no mapping exists.
04-12 13:08:12.870 E/DisplayDeviceConfig( 1152): requesting nits when no mapping exists.
04-12 13:08:12.870 E/DisplayDeviceConfig( 1152): requesting nits when no mapping exists.
04-12 13:08:12.886 E/DisplayDeviceConfig( 1152): requesting nits when no mapping exists.
04-12 13:08:12.886 E/DisplayDeviceConfig( 1152): requesting nits when no mapping exists.
04-12 13:08:12.903 E/DisplayDeviceConfig( 1152): requesting nits when no mapping exists.
04-12 13:08:12.903 E/DisplayDeviceConfig( 1152): requesting nits when no mapping exists.
04-12 13:08:12.920 E/DisplayDeviceConfig( 1152): requesting nits when no mapping exists.
04-12 13:08:12.920 E/DisplayDeviceConfig( 1152): requesting nits when no mapping exists.
04-12 13:08:12.936 E/DisplayDeviceConfig( 1152): requesting nits when no mapping exists.
04-12 13:08:12.937 E/DisplayDeviceConfig( 1152): requesting nits when no mapping exists.
04-12 13:08:12.953 E/DisplayDeviceConfig( 1152): requesting nits when no mapping exists.
04-12 13:08:12.953 E/DisplayDeviceConfig( 1152): requesting nits when no mapping exists.
04-12 13:08:12.970 E/DisplayDeviceConfig( 1152): requesting nits when no mapping exists.
04-12 13:08:12.970 E/DisplayDeviceConfig( 1152): requesting nits when no mapping exists.
04-12 13:08:12.987 E/DisplayDeviceConfig( 1152): requesting nits when no mapping exists.
04-12 13:08:12.987 E/DisplayDeviceConfig( 1152): requesting nits when no mapping exists.
04-12 13:08:13.003 E/DisplayDeviceConfig( 1152): requesting nits when no mapping exists.
04-12 13:08:13.003 E/DisplayDeviceConfig( 1152): requesting nits when no mapping exists.
01-01 09:18:06.419 W/audit ( 0): audit_lost=901 audit_rate_limit=5 audit_backlog_limit=64
01-01 09:18:06.426 E/audit ( 0): rate limit exceeded
01-01 09:18:52.695 E/[kworke][0x1528073715][13:10:14.459922] wlan( 0): [340:E:WMA] Rx unprotected unicast mgmt frame
01-01 09:18:52.705 E/[schedu][0x15280a6c2f][13:10:14.470870] wlan( 0): [2281:E:PE] lim_drop_unprotected_action_frame: 1614: Dropping unprotected Action category: 3 frame since RMF is enabled
04-12 13:12:10.226 I/UsageStatsService( 1152): User[0] Flushing usage stats to disk
01-01 09:21:52.707 E/[kworke][0x15f609227e][13:13:14.472020] wlan( 0): [331:E:WMA] Rx unprotected unicast mgmt frame
01-01 09:21:52.718 E/[schedu][0x15f60c6bb1][13:13:14.483237] wlan( 0): [2281:E:PE] lim_drop_unprotected_action_frame: 1614: Dropping unprotected Action category: 3 frame since RMF is enabled
01-01 09:22:34.439 E/[kworke][0x1625cb5172][13:13:56.204057] wlan( 0): [5547:E:WMA] Rx unprotected unicast mgmt frame
01-01 09:22:34.449 E/[kworke][0x1625ce4d48][13:13:56.214242] wlan( 0): [5547:E:WMA] Rx unprotected unicast mgmt frame
01-01 09:22:34.459 E/[schedu][0x1625d13646][13:13:56.224175] wlan( 0): [2281:E:PE] lim_drop_unprotected_action_frame: 1614: Dropping unprotected Action category: 3 frame since RMF is enabled
01-01 09:22:34.476 E/[schedu][0x1625d61ca7][13:13:56.240901] wlan( 0): [2281:E:PE] lim_drop_unprotected_action_frame: 1614: Dropping unprotected Action category: 3 frame since RMF is enabled
04-12 13:15:12.075 D/ActivityManager( 1152): freezing 6215 com.qualcomm.qti.qccauthmgr
01-01 09:23:50.311 I/binder ( 0): 1152:1729 ioctl 400c620e 6ce9faa5d8 returned -22
04-12 13:15:12.084 E/ActivityManager( 1152): Unable to freeze binder for 6215 com.qualcomm.qti.qccauthmgr
04-12 13:15:12.087 D/ActivityManager( 1152): froze 6215 com.qualcomm.qti.qccauthmgr
04-12 13:15:12.095 E/ActivityManager( 1152): Unable to freeze binder for 6215 com.qualcomm.qti.qccauthmgr
01-01 09:23:50.322 I/binder ( 0): 1152:1729 ioctl c00c620f 6ce9faa5b8 returned -22
04-12 13:15:12.096 I/ActivityManager( 1152): Killing 6215:com.qualcomm.qti.qccauthmgr/u0a86 (adj 905): Unable to freeze binder interface
01-01 09:24:52.706 E/[kworke][0x16c4075866][13:16:14.471459] wlan( 0): [6735:E:WMA] Rx unprotected unicast mgmt frame
01-01 09:24:52.717 E/[schedu][0x16c40a6c53][13:16:14.481965] wlan( 0): [2281:E:PE] lim_drop_unprotected_action_frame: 1614: Dropping unprotected Action category: 3 frame since RMF is enabled
01-01 09:25:09.422 E/[kworke][0x16d7287967][13:16:31.186993] wlan( 0): [6043:E:WMA] Rx unprotected unicast mgmt frame
01-01 09:25:09.446 E/[schedu][0x16d72f99ed][13:16:31.211317] wlan( 0): [2281:E:PE] lim_drop_unprotected_action_frame: 1614: Dropping unprotected Action category: 3 frame since RMF is enabled
01-01 09:25:09.588 E/[kworke][0x16d75942e3][13:16:31.353518] wlan( 0): [6043:E:WMA] Rx unprotected unicast mgmt frame
01-01 09:25:09.601 E/[schedu][0x16d75ced8c][13:16:31.366033] wlan( 0): [2281:E:PE] lim_drop_unprotected_action_frame: 1614: Dropping unprotected Action category: 3 frame since RMF is enabled
01-01 09:26:27.337 I/[dp_rx_][0x17305323e0][13:17:49.102013] wlan( 0): [2483:I:QDF] DHCP-R RX: SA:10:51:07:83:db:55 DA:ff:ff:ff:ff:ff:ff
01-01 09:27:08.450 E/DTC_ETH,link_delay_work_func( 0): 3003, SQI=12, link=1
01-01 09:27:13.278 I/[schedu][0x1764e6785c][13:18:35.043192] wlan( 0): [2281:I:WMA] [13:18:34.379000] [ROAM_TRIGGER]: VDEV[0] Reason: "DENSE ENVIRONMENT"
01-01 09:27:13.292 I/[schedu][0x1764ea83fc][13:18:35.057000] wlan( 0): [2281:I:WMA] [13:18:34.379000] [ROAM_SCAN]: VDEV[0] Scan_type: PARTIAL {2412 2437 5200 5280 5320 5825 }
01-01 09:27:13.307 I/[schedu][0x1764ef1fb4][13:18:35.072728] wlan( 0): [2281:I:WMA] ============================================================================================================================
01-01 09:27:13.326 I/[schedu][0x1764f4b7fd][13:18:35.091824] wlan( 0): [2281:I:WMA] AP BSSID TSTAMP CH TY ETP RSSI/SCR CU%/SCR TOT_SCR BL_RSN BL_SRC BL_TSTAMP BL_TIMEOUT(ms)
01-01 09:27:13.344 I/[schedu][0x1764f9f94f][13:18:35.109762] wlan( 0): [2281:I:WMA] ============================================================================================================================
01-01 09:27:13.362 I/[schedu][0x1764ff3747][13:18:35.127654] wlan( 0): [2281:I:WMA] 98:f1:81:80:45:61 [13:18:34.379000] 5280 P_AP 0 67/0 0/0 4542 0 0 [00:00:00.000000] 0
01-01 09:27:13.380 I/[schedu][0x17650453e3][13:18:35.145102] wlan( 0): [2281:I:WMA] 98:f1:81:80:45:71 [13:18:34.650000] 5825 C_AP 38 65/0 50/0 4086 0 0 [00:00:00.000000] 0
01-01 09:27:13.398 I/[schedu][0x1765098972][13:18:35.162889] wlan( 0): [2281:I:WMA] 98:f1:81:81:83:11 [13:18:34.648000] 5825 C_AP 38 73/0 50/0 2332 0 0 [00:00:00.000000] 0
01-01 09:27:13.415 I/[schedu][0x17650eab3f][13:18:35.180400] wlan( 0): [2281:I:WMA] 98:f1:81:80:45:80 [13:18:34.469000] 2437 C_AP 38 77/0 50/0 1557 0 0 [00:00:00.000000] 0
01-01 09:27:13.432 I/[schedu][0x176513c682][13:18:35.197830] wlan( 0): [2281:I:WMA] 98:f1:81:81:79:c0 [13:18:34.434000] 2412 C_AP 19 87/0 50/0 1005 0 0 [00:00:00.000000] 0
01-01 09:27:13.432 I/[schedu][0x176513c87d][13:18:35.197857] wlan( 0): [2281:I:WMA] 98:f1:81:81:6e:c1 [13:18:34.931000] 5320 C_AP 86 87/0 50/0 860 0 0 [00:00:00.000000] 0
01-01 09:27:13.432 I/[schedu][0x176513cae2][13:18:35.197889] wlan( 0): [2281:I:WMA] [13:18:35.025000] [ROAM_RESULT]: VDEV[0] FAILED Reason: NO CANDIDATE FOUND
01-01 09:27:52.705 E/[kworke][0x1792053df2][13:19:14.469826] wlan( 0): [5642:E:WMA] Rx unprotected unicast mgmt frame
01-01 09:27:52.715 E/[schedu][0x17920875f9][13:19:14.480813] wlan( 0): [2281:E:PE] lim_drop_unprotected_action_frame: 1614: Dropping unprotected Action category: 3 frame since RMF is enabled
01-01 09:28:53.035 E/[kworke][0x17d7104683][13:20:14.800607] wlan( 0): [5642:E:WMA] Rx unprotected unicast mgmt frame
01-01 09:28:53.046 E/[schedu][0x17d7138b94][13:20:14.811768] wlan( 0): [2281:E:PE] lim_drop_unprotected_action_frame: 1614: Dropping unprotected Action category: 3 frame since RMF is enabled
04-12 13:20:22.320 I/MicroServiceManager( 1152): requestResult(setVolume) parameters is{"functionInfo":{"IDCM_VolumeValue_Media":"29"}}.
01-01 09:29:21.271 I/[dp_rx_][0x17f7606e83][13:20:43.036234] wlan( 0): [2483:I:QDF] EAPOL-3 RX: SA:98:f1:81:80:45:61 DA:c6:f7:88:0c:63:65
01-01 09:29:21.308 I/[soft_i][0x17f76b3e60][13:20:43.073137] wlan( 0): [0:I:QDF] EAPOL-4 TX: SA:c6:f7:88:0c:63:65 DA:98:f1:81:80:45:61 msdu_id:26 status: succ
01-01 09:29:43.333 E/[kworke][0x1810a006be][13:21:05.098635] wlan( 0): [292:E:WMA] Rx unprotected unicast mgmt frame
01-01 09:29:43.343 E/[schedu][0x1810a2f79e][13:21:05.108673] wlan( 0): [2281:E:PE] lim_drop_unprotected_action_frame: 1614: Dropping unprotected Action category: 3 frame since RMF is enabled
04-12 13:21:28.723 W/BatteryExternalStatsWorker( 1152): error reading modem stats:ERROR_PHONE_NOT_AVAILABLE
04-12 13:21:28.826 E/KernelCpuSpeedReader( 1152): Failed to read cpu-freq: /sys/devices/system/cpu/cpu4/cpufreq/stats/time_in_state: open failed: ENOENT (No such file or directory)
04-12 13:21:28.826 E/KernelCpuSpeedReader( 1152): Failed to read cpu-freq: /sys/devices/system/cpu/cpu0/cpufreq/stats/time_in_state: open failed: ENOENT (No such file or directory)
01-01 09:30:07.065 W/audit ( 0): audit_lost=902 audit_rate_limit=5 audit_backlog_limit=64
01-01 09:30:07.072 E/audit ( 0): rate limit exceeded
01-01 09:30:33.307 E/[kworke][0x1849d0dd64][13:21:55.072698] wlan( 0): [292:E:WMA] Rx unprotected unicast mgmt frame
01-01 09:30:33.318 E/[schedu][0x1849d42129][13:21:55.083841] wlan( 0): [2281:E:PE] lim_drop_unprotected_action_frame: 1614: Dropping unprotected Action category: 3 frame since RMF is enabled
01-01 09:31:07.814 D/cnss ( 0): Host time = 5467716560 us, device time = 5415678600 us, offset = 52037960 us
01-01 09:31:07.824 D/cnss ( 0): Updated time sync regs [0x984] = 0x31a0948, [0x988] = 0x0
01-01 09:31:15.277 I/init ( 0): processing action (sys.tlog.tlogdsho.active=1) from (/system/etc/init/tlogd.rc:155)
01-01 09:31:15.290 I/init ( 0): starting service 'tlogdsho'...
01-01 09:31:15.500 I/init ( 0): Untracked pid 7007 exited with status 0
01-01 09:31:15.698 I/init ( 0): Service 'tlogdsho' (pid 7004) exited with status 0 oneshot service took 0.378000 seconds in background
01-01 09:31:15.711 I/init ( 0): Sending signal 9 to service 'tlogdsho' (pid 7004) process group...
01-01 09:31:15.720 I/libprocessgroup( 0): Successfully killed process cgroup uid 0 pid 7004 in 0ms
01-01 09:31:30.280 E/[kworke][0x188b040038][13:22:52.045109] wlan( 0): [5547:E:WMA] Rx unprotected unicast mgmt frame
01-01 09:31:30.290 E/[schedu][0x188b07044b][13:22:52.055403] wlan( 0): [2281:E:PE] lim_drop_unprotected_action_frame: 1614: Dropping unprotected Action category: 3 frame since RMF is enabled
01-01 09:31:30.445 I/[dp_rx_][0x188b348e41][13:22:52.210843] wlan( 0): [2483:I:QDF] DHCP-R RX: SA:04:7f:0e:5e:97:fd DA:ff:ff:ff:ff:ff:ff
01-01 09:31:30.966 E/[kworke][0x188bcd1691][13:22:52.731488] wlan( 0): [5547:E:WMA] Rx unprotected unicast mgmt frame
01-01 09:31:30.977 E/[schedu][0x188bd04032][13:22:52.742283] wlan( 0): [2281:E:PE] lim_drop_unprotected_action_frame: 1614: Dropping unprotected Action category: 3 frame since RMF is enabled
01-01 09:31:43.148 I/[dp_rx_][0x1899be153d][13:23:04.913658] wlan( 0): [2483:I:QDF] DHCP-D RX: SA:00:68:eb:9e:70:19 DA:ff:ff:ff:ff:ff:ff
01-01 09:31:43.660 I/[dp_rx_][0x189a540346][13:23:05.425418] wlan( 0): [2483:I:QDF] DHCP-R RX: SA:00:68:eb:9e:70:19 DA:ff:ff:ff:ff:ff:ff
01-01 09:33:33.305 E/[kworke][0x1917ce7b88][13:24:55.070114] wlan( 0): [331:E:WMA] Rx unprotected unicast mgmt frame
01-01 09:33:33.315 E/[schedu][0x1917d18c0c][13:24:55.080574] wlan( 0): [2281:E:PE] lim_drop_unprotected_action_frame: 1614: Dropping unprotected Action category: 3 frame since RMF is enabled
04-12 13:25:12.242 D/ActivityManager( 1152): freezing 6100 com.thundercomm.gamemode.provider
04-12 13:25:12.250 E/ActivityManager( 1152): Unable to freeze binder for 6100 com.thundercomm.gamemode.provider
01-01 09:33:50.478 I/binder ( 0): 1152:1729 ioctl 400c620e 6ce9faa5d8 returned -22
04-12 13:25:12.254 D/ActivityManager( 1152): froze 6100 com.thundercomm.gamemode.provider
01-01 09:33:50.489 I/binder ( 0): 1152:1729 ioctl c00c620f 6ce9faa5b8 returned -22
04-12 13:25:12.261 E/ActivityManager( 1152): Unable to freeze binder for 6100 com.thundercomm.gamemode.provider
04-12 13:25:12.263 I/ActivityManager( 1152): Killing 6100:com.thundercomm.gamemode.provider/u0a68 (adj 905): Unable to freeze binder interface
01-01 09:33:53.210 I/[dp_rx_][0x192e962ebc][13:25:14.975651] wlan( 0): [2483:I:QDF] DHCP-D RX: SA:cc:15:31:9a:0d:08 DA:ff:ff:ff:ff:ff:ff
01-01 09:33:53.712 I/[dp_rx_][0x192f294848][13:25:15.477751] wlan( 0): [2483:I:QDF] DHCP-R RX: SA:cc:15:31:9a:0d:08 DA:ff:ff:ff:ff:ff:ff
01-01 09:34:00.163 I/[dp_rx_][0x19368afdd7][13:25:21.927959] wlan( 0): [2483:I:QDF] DHCP-D RX: SA:42:32:e8:e4:e2:85 DA:ff:ff:ff:ff:ff:ff
01-01 09:34:00.175 I/[dp_rx_][0x19368e9c1b][13:25:21.940309] wlan( 0): [2483:I:QDF] DHCP-R RX: SA:42:32:e8:e4:e2:85 DA:ff:ff:ff:ff:ff:ff
01-01 09:34:48.600 I/[schedu][0x196df9a318][13:26:10.365362] wlan( 0): [2281:I:OSIF] scan start scan id 40963
01-01 09:34:50.631 I/[schedu][0x19704c9c46][13:26:12.396203] wlan( 0): [2281:I:OSIF] vdev 0, scan id 40963 type COMPLETED(1) reason COMPLETED(1) scan found 23 bss
01-01 09:35:43.611 E/[kworke][0x19acee2e10][13:27:05.376494] wlan( 0): [6735:E:WMA] Rx unprotected unicast mgmt frame
01-01 09:35:43.622 E/[kworke][0x19acf15a5d][13:27:05.387323] wlan( 0): [6735:E:WMA] Rx unprotected unicast mgmt frame
01-01 09:35:43.622 E/[schedu][0x19acf16a35][13:27:05.387535] wlan( 0): [2281:E:PE] lim_drop_unprotected_action_frame: 1614: Dropping unprotected Action category: 3 frame since RMF is enabled
01-01 09:35:43.650 E/[schedu][0x19acf980fa][13:27:05.415144] wlan( 0): [2281:E:PE] lim_drop_unprotected_action_frame: 1614: Dropping unprotected Action category: 3 frame since RMF is enabled
01-01 09:36:06.418 W/audit ( 0): audit_lost=956 audit_rate_limit=5 audit_backlog_limit=64
01-01 09:36:06.425 E/audit ( 0): rate limit exceeded
01-01 09:36:33.358 E/[kworke][0x19e5dc9631][13:27:55.123804] wlan( 0): [7046:E:WMA] Rx unprotected unicast mgmt frame
01-01 09:36:33.369 E/[schedu][0x19e5dfb2be][13:27:55.134424] wlan( 0): [2281:E:PE] lim_drop_unprotected_action_frame: 1614: Dropping unprotected Action category: 3 frame since RMF is enabled
01-01 09:36:33.886 E/[kworke][0x19e67724ec][13:27:55.651359] wlan( 0): [340:E:WMA] Rx unprotected unicast mgmt frame
01-01 09:36:33.897 E/[schedu][0x19e67a78f4][13:27:55.662720] wlan( 0): [2281:E:PE] lim_drop_unprotected_action_frame: 1614: Dropping unprotected Action category: 3 frame since RMF is enabled
01-01 09:38:06.418 W/audit ( 0): audit_lost=957 audit_rate_limit=5 audit_backlog_limit=64
01-01 09:38:06.425 E/audit ( 0): rate limit exceeded
01-01 09:38:37.435 E/[kworke][0x1a73db26e2][13:29:59.200399] wlan( 0): [7046:E:WMA] Rx unprotected unicast mgmt frame
01-01 09:38:37.447 E/[schedu][0x1a73debcbe][13:29:59.212635] wlan( 0): [2281:E:PE] lim_drop_unprotected_action_frame: 1614: Dropping unprotected Action category: 3 frame since RMF is enabled
01-01 09:38:37.745 E/[kworke][0x1a743615f9][13:29:59.510787] wlan( 0): [7046:E:WMA] Rx unprotected unicast mgmt frame
01-01 09:38:37.756 E/[schedu][0x1a74393916][13:29:59.521494] wlan( 0): [2281:E:PE] lim_drop_unprotected_action_frame: 1614: Dropping unprotected Action category: 3 frame since RMF is enabled
01-01 09:39:33.330 E/[kworke][0x1ab3d280b4][13:30:55.094928] wlan( 0): [5642:E:WMA] Rx unprotected unicast mgmt frame
01-01 09:39:33.340 E/[schedu][0x1ab3d5b3df][13:30:55.105852] wlan( 0): [2281:E:PE] lim_drop_unprotected_action_frame: 1614: Dropping unprotected Action category: 3 frame since RMF is enabled
01-01 09:39:59.493 I/[dp_rx_][0x1ad1c38d56][13:31:21.258299] wlan( 0): [2483:I:QDF] DHCP-R RX: SA:10:51:07:83:db:55 DA:ff:ff:ff:ff:ff:ff
01-01 09:40:33.623 E/[kworke][0x1af8d2a60d][13:31:55.388547] wlan( 0): [340:E:WMA] Rx unprotected unicast mgmt frame
01-01 09:40:33.634 E/[schedu][0x1af8d5d07b][13:31:55.399353] wlan( 0): [2281:E:PE] lim_drop_unprotected_action_frame: 1614: Dropping unprotected Action category: 3 frame since RMF is enabled
01-01 09:40:47.351 E/[kworke][0x1b088879a7][13:32:09.116380] wlan( 0): [5547:E:WMA] Rx unprotected unicast mgmt frame
01-01 09:40:47.362 E/[schedu][0x1b088ba25b][13:32:09.127163] wlan( 0): [2281:E:PE] lim_drop_unprotected_action_frame: 1614: Dropping unprotected Action category: 3 frame since RMF is enabled
01-01 09:40:47.730 E/[kworke][0x1b08f799c8][13:32:09.495689] wlan( 0): [5547:E:WMA] Rx unprotected unicast mgmt frame
01-01 09:40:47.741 E/[schedu][0x1b08facc0c][13:32:09.506598] wlan( 0): [2281:E:PE] lim_drop_unprotected_action_frame: 1614: Dropping unprotected Action category: 3 frame since RMF is enabled
04-12 13:32:10.378 I/UsageStatsService( 1152): User[0] Flushing usage stats to disk
01-01 09:41:24.698 E/[kworke][0x1b334608b5][13:32:46.463570] wlan( 0): [340:E:WMA] Rx unprotected unicast mgmt frame
01-01 09:41:24.710 E/[schedu][0x1b3349625b][13:32:46.475005] wlan( 0): [2281:E:PE] lim_drop_unprotected_action_frame: 1614: Dropping unprotected Action category: 3 frame since RMF is enabled
04-12 13:33:16.020 I/DreamManagerService( 1152): Gently waking up from dream.
04-12 13:33:16.023 I/DreamManagerService( 1152): Performing gentle wake from dream.
04-12 13:33:16.028 I/ActivityTaskManager( 1152): FOREGROUND_APPLICATION_CHANGED to com.android.launcher3.uioverrides.QuickstepLauncher
04-12 13:33:16.062 D/CompatibilityChangeReporter( 1152): Compat change id reported: 135634846; UID 10068; state: DISABLED
04-12 13:33:16.062 D/CompatibilityChangeReporter( 1152): Compat change id reported: 177438394; UID 10068; state: DISABLED
04-12 13:33:16.062 D/CompatibilityChangeReporter( 1152): Compat change id reported: 135772972; UID 10068; state: DISABLED
04-12 13:33:16.063 D/CompatibilityChangeReporter( 1152): Compat change id reported: 135754954; UID 10068; state: ENABLED
04-12 13:33:16.063 D/CompatibilityChangeReporter( 1152): Compat change id reported: 143937733; UID 10068; state: ENABLED
04-12 13:33:16.090 I/ActivityManager( 1152): Start proc 7280:com.thundercomm.gamemode.provider/u0a68 for content provider {com.thundercomm.gamemode.provider/com.thundercomm.gamemode.provider.SettingsProvider}
04-12 13:33:16.109 I/PowerManagerService( 1152): Powering on display group fromDreaming (groupId=0, uid=1000, reason=WAKE_REASON_UNKNOWN, details=android.server.power:DREAM_FINISHED)...
04-12 13:33:16.109 I/PowerManagerService( 1152): Waking up from Dreaming (uid=1000, reason=WAKE_REASON_UNKNOWN, details=android.server.power:DREAM_FINISHED)...
01-01 09:41:54.356 I/binder ( 0): 7280:7280 ioctl 40046210 7ffe7f3634 returned -22
04-12 13:33:16.134 W/FreeFormWindowHelper( 1152): Current Display FreeFormTask is null
04-12 13:33:16.138 D/CompatibilityChangeReporter( 1152): Compat change id reported: 168419799; UID 10068; state: DISABLED
01-01 09:41:54.424 E/[kworke][0x1b554a9eb0][13:33:16.188874] wlan( 0): [5575:E:WMA] Rx unprotected unicast mgmt frame
01-01 09:41:54.434 E/[schedu][0x1b554db28b][13:33:16.199378] wlan( 0): [2281:E:PE] lim_drop_unprotected_action_frame: 1614: Dropping unprotected Action category: 3 frame since RMF is enabled
04-12 13:33:16.356 I/DreamManagerService( 1152): Leaving dreamland.
04-12 13:33:16.361 I/DreamManagerService( 1152): Performing gentle wake from dream.
04-12 13:33:16.361 I/DreamController( 1152): Stopping dream: name=ComponentInfo{com.thundercomm.screensaver/com.thundercomm.screensaver.service.SystemDream}, isTest=false, canDoze=false, userId=0, reason='finished self'(from 'finished self')
04-12 13:33:16.376 W/ActivityTaskManager( 1152): Can't find TaskDisplayArea to determine support for multi window. Task id=33 attached=false
01-01 09:41:54.650 E/[kworke][0x1b558d006f][13:33:16.415457] wlan( 0): [6735:E:WMA] Rx unprotected unicast mgmt frame
01-01 09:41:54.661 E/[schedu][0x1b55903482][13:33:16.426391] wlan( 0): [2281:E:PE] lim_drop_unprotected_action_frame: 1614: Dropping unprotected Action category: 3 frame since RMF is enabled
01-01 09:42:10.789 E/[kworke][0x1b6805505f][13:33:32.554763] wlan( 0): [5575:E:WMA] Rx unprotected unicast mgmt frame
01-01 09:42:10.801 E/[schedu][0x1b6808af4c][13:33:32.566269] wlan( 0): [2281:E:PE] lim_drop_unprotected_action_frame: 1614: Dropping unprotected Action category: 3 frame since RMF is enabled
01-01 09:42:14.697 E/[kworke][0x1b6c7df032][13:33:36.461749] wlan( 0): [292:E:WMA] Rx unprotected unicast mgmt frame
01-01 09:42:14.707 E/[schedu][0x1b6c8120d5][13:33:36.472638] wlan( 0): [2281:E:PE] lim_drop_unprotected_action_frame: 1614: Dropping unprotected Action category: 3 frame since RMF is enabled
01-01 09:42:17.024 I/[dp_rx_][0x1b6f27f4ac][13:33:38.789703] wlan( 0): [2483:I:QDF] DHCP-R RX: SA:cc:15:31:99:89:69 DA:ff:ff:ff:ff:ff:ff
01-01 09:42:41.358 E/[kworke][0x1b8b0105e9][13:34:03.123585] wlan( 0): [292:E:WMA] Rx unprotected unicast mgmt frame
01-01 09:42:41.369 E/[schedu][0x1b8b0437b6][13:34:03.134490] wlan( 0): [2281:E:PE] lim_drop_unprotected_action_frame: 1614: Dropping unprotected Action category: 3 frame since RMF is enabled
01-01 09:42:45.709 E/[kworke][0x1b8ffb9c8b][13:34:07.474181] wlan( 0): [5547:E:WMA] Rx unprotected unicast mgmt frame
01-01 09:42:45.719 E/[schedu][0x1b8ffeb3b7][13:34:07.484730] wlan( 0): [2281:E:PE] lim_drop_unprotected_action_frame: 1614: Dropping unprotected Action category: 3 frame since RMF is enabled
04-12 13:34:12.692 V/DisplayPowerController[0]( 1152): Brightness [0.05] reason changing to: 'manual [ dim ]', previous reason: 'manual'.
04-12 13:34:12.693 W/PowerManagerService( 1152): Screen on took 56584 ms
04-12 13:34:12.702 E/DisplayDeviceConfig( 1152): requesting nits when no mapping exists.
04-12 13:34:12.703 E/DisplayDeviceConfig( 1152): requesting nits when no mapping exists.
04-12 13:34:12.707 I/DropBoxManagerService( 1152): add tag=system_server_wtf isTagEnabled=true flags=0x2
04-12 13:34:12.715 I/DropBoxManagerService( 1152): add tag=system_server_wtf isTagEnabled=true flags=0x2
04-12 13:34:12.716 E/DisplayDeviceConfig( 1152): requesting nits when no mapping exists.
04-12 13:34:12.717 E/DisplayDeviceConfig( 1152): requesting nits when no mapping exists.
04-12 13:34:12.720 I/DropBoxManagerService( 1152): add tag=system_server_wtf isTagEnabled=true flags=0x2
04-12 13:34:12.723 I/DropBoxManagerService( 1152): add tag=system_server_wtf isTagEnabled=true flags=0x2
04-12 13:34:12.733 E/DisplayDeviceConfig( 1152): requesting nits when no mapping exists.
04-12 13:34:12.733 E/DisplayDeviceConfig( 1152): requesting nits when no mapping exists.
04-12 13:34:12.735 I/DropBoxManagerService( 1152): add tag=system_server_wtf isTagEnabled=true flags=0x2
04-12 13:34:12.737 E/DisplayDeviceConfig( 1152): requesting nits when no mapping exists.
04-12 13:34:12.737 E/DisplayDeviceConfig( 1152): requesting nits when no mapping exists.
04-12 13:34:12.754 E/DisplayDeviceConfig( 1152): requesting nits when no mapping exists.
04-12 13:34:12.754 E/DisplayDeviceConfig( 1152): requesting nits when no mapping exists.
04-12 13:34:12.771 E/DisplayDeviceConfig( 1152): requesting nits when no mapping exists.
04-12 13:34:12.772 E/DisplayDeviceConfig( 1152): requesting nits when no mapping exists.
04-12 13:34:12.786 E/DisplayDeviceConfig( 1152): requesting nits when no mapping exists.
04-12 13:34:12.787 E/DisplayDeviceConfig( 1152): requesting nits when no mapping exists.
04-12 13:34:12.804 E/DisplayDeviceConfig( 1152): requesting nits when no mapping exists.
04-12 13:34:12.806 E/DisplayDeviceConfig( 1152): requesting nits when no mapping exists.
04-12 13:34:12.820 E/DisplayDeviceConfig( 1152): requesting nits when no mapping exists.
04-12 13:34:12.822 E/DisplayDeviceConfig( 1152): requesting nits when no mapping exists.
04-12 13:34:12.837 E/DisplayDeviceConfig( 1152): requesting nits when no mapping exists.
04-12 13:34:12.838 E/DisplayDeviceConfig( 1152): requesting nits when no mapping exists.
04-12 13:34:12.854 E/DisplayDeviceConfig( 1152): requesting nits when no mapping exists.
04-12 13:34:12.854 E/DisplayDeviceConfig( 1152): requesting nits when no mapping exists.
04-12 13:34:12.870 E/DisplayDeviceConfig( 1152): requesting nits when no mapping exists.
04-12 13:34:12.870 E/DisplayDeviceConfig( 1152): requesting nits when no mapping exists.
04-12 13:34:12.887 E/DisplayDeviceConfig( 1152): requesting nits when no mapping exists.
04-12 13:34:12.887 E/DisplayDeviceConfig( 1152): requesting nits when no mapping exists.
04-12 13:34:12.904 E/DisplayDeviceConfig( 1152): requesting nits when no mapping exists.
04-12 13:34:12.904 E/DisplayDeviceConfig( 1152): requesting nits when no mapping exists.
04-12 13:34:12.920 E/DisplayDeviceConfig( 1152): requesting nits when no mapping exists.
04-12 13:34:12.920 E/DisplayDeviceConfig( 1152): requesting nits when no mapping exists.
04-12 13:34:12.937 E/DisplayDeviceConfig( 1152): requesting nits when no mapping exists.
04-12 13:34:12.938 E/DisplayDeviceConfig( 1152): requesting nits when no mapping exists.
04-12 13:34:12.954 E/DisplayDeviceConfig( 1152): requesting nits when no mapping exists.
04-12 13:34:12.954 E/DisplayDeviceConfig( 1152): requesting nits when no mapping exists.
04-12 13:34:12.970 E/DisplayDeviceConfig( 1152): requesting nits when no mapping exists.
04-12 13:34:12.971 E/DisplayDeviceConfig( 1152): requesting nits when no mapping exists.
04-12 13:34:12.987 E/DisplayDeviceConfig( 1152): requesting nits when no mapping exists.
04-12 13:34:12.987 E/DisplayDeviceConfig( 1152): requesting nits when no mapping exists.
04-12 13:34:13.004 E/DisplayDeviceConfig( 1152): requesting nits when no mapping exists.
04-12 13:34:13.004 E/DisplayDeviceConfig( 1152): requesting nits when no mapping exists.
04-12 13:34:13.021 E/DisplayDeviceConfig( 1152): requesting nits when no mapping exists.
04-12 13:34:13.021 E/DisplayDeviceConfig( 1152): requesting nits when no mapping exists.
04-12 13:34:13.037 E/DisplayDeviceConfig( 1152): requesting nits when no mapping exists.
04-12 13:34:13.037 E/DisplayDeviceConfig( 1152): requesting nits when no mapping exists.
04-12 13:34:13.054 E/DisplayDeviceConfig( 1152): requesting nits when no mapping exists.
04-12 13:34:13.054 E/DisplayDeviceConfig( 1152): requesting nits when no mapping exists.
04-12 13:34:13.070 E/DisplayDeviceConfig( 1152): requesting nits when no mapping exists.
04-12 13:34:13.071 E/DisplayDeviceConfig( 1152): requesting nits when no mapping exists.
04-12 13:34:13.087 E/DisplayDeviceConfig( 1152): requesting nits when no mapping exists.
04-12 13:34:13.088 E/DisplayDeviceConfig( 1152): requesting nits when no mapping exists.
04-12 13:34:13.104 E/DisplayDeviceConfig( 1152): requesting nits when no mapping exists.
04-12 13:34:13.105 E/DisplayDeviceConfig( 1152): requesting nits when no mapping exists.
04-12 13:34:13.121 E/DisplayDeviceConfig( 1152): requesting nits when no mapping exists.
04-12 13:34:13.121 E/DisplayDeviceConfig( 1152): requesting nits when no mapping exists.
04-12 13:34:13.138 E/DisplayDeviceConfig( 1152): requesting nits when no mapping exists.
04-12 13:34:13.138 E/DisplayDeviceConfig( 1152): requesting nits when no mapping exists.
04-12 13:34:13.155 E/DisplayDeviceConfig( 1152): requesting nits when no mapping exists.
04-12 13:34:13.155 E/DisplayDeviceConfig( 1152): requesting nits when no mapping exists.
04-12 13:34:13.171 E/DisplayDeviceConfig( 1152): requesting nits when no mapping exists.
04-12 13:34:13.171 E/DisplayDeviceConfig( 1152): requesting nits when no mapping exists.
04-12 13:34:13.198 E/DisplayDeviceConfig( 1152): requesting nits when no mapping exists.
04-12 13:34:13.199 E/DisplayDeviceConfig( 1152): requesting nits when no mapping exists.
04-12 13:34:13.206 E/DisplayDeviceConfig( 1152): requesting nits when no mapping exists.
04-12 13:34:13.206 E/DisplayDeviceConfig( 1152): requesting nits when no mapping exists.
04-12 13:34:13.221 E/DisplayDeviceConfig( 1152): requesting nits when no mapping exists.
04-12 13:34:13.221 E/DisplayDeviceConfig( 1152): requesting nits when no mapping exists.
04-12 13:34:13.237 E/DisplayDeviceConfig( 1152): requesting nits when no mapping exists.
04-12 13:34:13.238 E/DisplayDeviceConfig( 1152): requesting nits when no mapping exists.
04-12 13:34:13.254 E/DisplayDeviceConfig( 1152): requesting nits when no mapping exists.
04-12 13:34:13.254 E/DisplayDeviceConfig( 1152): requesting nits when no mapping exists.
04-12 13:34:13.271 E/DisplayDeviceConfig( 1152): requesting nits when no mapping exists.
04-12 13:34:13.272 E/DisplayDeviceConfig( 1152): requesting nits when no mapping exists.
04-12 13:34:13.288 E/DisplayDeviceConfig( 1152): requesting nits when no mapping exists.
04-12 13:34:13.288 E/DisplayDeviceConfig( 1152): requesting nits when no mapping exists.
04-12 13:34:13.304 E/DisplayDeviceConfig( 1152): requesting nits when no mapping exists.
04-12 13:34:13.305 E/DisplayDeviceConfig( 1152): requesting nits when no mapping exists.
04-12 13:34:13.321 E/DisplayDeviceConfig( 1152): requesting nits when no mapping exists.
04-12 13:34:13.321 E/DisplayDeviceConfig( 1152): requesting nits when no mapping exists.
04-12 13:34:13.338 E/DisplayDeviceConfig( 1152): requesting nits when no mapping exists.
04-12 13:34:13.339 E/DisplayDeviceConfig( 1152): requesting nits when no mapping exists.
04-12 13:34:13.355 E/DisplayDeviceConfig( 1152): requesting nits when no mapping exists.
04-12 13:34:13.355 E/DisplayDeviceConfig( 1152): requesting nits when no mapping exists.
04-12 13:34:13.372 E/DisplayDeviceConfig( 1152): requesting nits when no mapping exists.
04-12 13:34:13.372 E/DisplayDeviceConfig( 1152): requesting nits when no mapping exists.
04-12 13:34:13.388 E/DisplayDeviceConfig( 1152): requesting nits when no mapping exists.
04-12 13:34:13.389 E/DisplayDeviceConfig( 1152): requesting nits when no mapping exists.
04-12 13:34:13.405 E/DisplayDeviceConfig( 1152): requesting nits when no mapping exists.
04-12 13:34:13.405 E/DisplayDeviceConfig( 1152): requesting nits when no mapping exists.
04-12 13:34:13.421 E/DisplayDeviceConfig( 1152): requesting nits when no mapping exists.
04-12 13:34:13.422 E/DisplayDeviceConfig( 1152): requesting nits when no mapping exists.
04-12 13:34:13.438 E/DisplayDeviceConfig( 1152): requesting nits when no mapping exists.
04-12 13:34:13.439 E/DisplayDeviceConfig( 1152): requesting nits when no mapping exists.
04-12 13:34:13.455 E/DisplayDeviceConfig( 1152): requesting nits when no mapping exists.
04-12 13:34:13.456 E/DisplayDeviceConfig( 1152): requesting nits when no mapping exists.
04-12 13:34:13.472 E/DisplayDeviceConfig( 1152): requesting nits when no mapping exists.
04-12 13:34:13.472 E/DisplayDeviceConfig( 1152): requesting nits when no mapping exists.
04-12 13:34:13.488 E/DisplayDeviceConfig( 1152): requesting nits when no mapping exists.
