01-01 09:46:42.568 I/[schedu][0x1c9f0c09d5][13:38:04.333661] wlan( 0): [2281:I:WMA] [13:38:04.075000] [ROAM_RESULT]: VDEV[0] SUCCESS
04-12 13:39:04.063 V/DisplayPowerController[0]( 1152): Brightness [0.05] reason changing to: 'manual [ dim ]', previous reason: 'manual'.
04-12 13:39:04.066 W/PowerManagerService( 1152): Screen on took 69343 ms
04-12 13:39:04.067 E/DisplayDeviceConfig( 1152): requesting nits when no mapping exists.
04-12 13:39:04.069 E/DisplayDeviceConfig( 1152): requesting nits when no mapping exists.
04-12 13:39:04.076 I/DropBoxManagerService( 1152): add tag=system_server_wtf isTagEnabled=true flags=0x2
04-12 13:39:04.084 E/DisplayDeviceConfig( 1152): requesting nits when no mapping exists.
04-12 13:39:04.085 E/DisplayDeviceConfig( 1152): requesting nits when no mapping exists.
04-12 13:39:04.089 I/DropBoxManagerService( 1152): add tag=system_server_wtf isTagEnabled=true flags=0x2
04-12 13:39:04.093 I/DropBoxManagerService( 1152): add tag=system_server_wtf isTagEnabled=true flags=0x2
04-12 13:39:04.094 E/DisplayDeviceConfig( 1152): requesting nits when no mapping exists.
04-12 13:39:04.095 E/DisplayDeviceConfig( 1152): requesting nits when no mapping exists.
04-12 13:39:04.097 I/DropBoxManagerService( 1152): add tag=system_server_wtf isTagEnabled=true flags=0x2
04-12 13:39:04.102 I/DropBoxManagerService( 1152): add tag=system_server_wtf isTagEnabled=true flags=0x2
04-12 13:39:04.103 E/DisplayDeviceConfig( 1152): requesting nits when no mapping exists.
04-12 13:39:04.104 E/DisplayDeviceConfig( 1152): requesting nits when no mapping exists.
04-12 13:39:04.120 E/DisplayDeviceConfig( 1152): requesting nits when no mapping exists.
04-12 13:39:04.120 E/DisplayDeviceConfig( 1152): requesting nits when no mapping exists.
04-12 13:39:04.138 E/DisplayDeviceConfig( 1152): requesting nits when no mapping exists.
04-12 13:39:04.139 E/DisplayDeviceConfig( 1152): requesting nits when no mapping exists.
04-12 13:39:04.154 E/DisplayDeviceConfig( 1152): requesting nits when no mapping exists.
04-12 13:39:04.155 E/DisplayDeviceConfig( 1152): requesting nits when no mapping exists.
04-12 13:39:04.170 E/DisplayDeviceConfig( 1152): requesting nits when no mapping exists.
04-12 13:39:04.171 E/DisplayDeviceConfig( 1152): requesting nits when no mapping exists.
04-12 13:39:04.187 E/DisplayDeviceConfig( 1152): requesting nits when no mapping exists.
04-12 13:39:04.187 E/DisplayDeviceConfig( 1152): requesting nits when no mapping exists.
04-12 13:39:04.204 E/DisplayDeviceConfig( 1152): requesting nits when no mapping exists.
04-12 13:39:04.204 E/DisplayDeviceConfig( 1152): requesting nits when no mapping exists.
04-12 13:39:04.221 E/DisplayDeviceConfig( 1152): requesting nits when no mapping exists.
04-12 13:39:04.221 E/DisplayDeviceConfig( 1152): requesting nits when no mapping exists.
04-12 13:39:04.238 E/DisplayDeviceConfig( 1152): requesting nits when no mapping exists.
04-12 13:39:04.238 E/DisplayDeviceConfig( 1152): requesting nits when no mapping exists.
04-12 13:39:04.254 E/DisplayDeviceConfig( 1152): requesting nits when no mapping exists.
04-12 13:39:04.255 E/DisplayDeviceConfig( 1152): requesting nits when no mapping exists.
04-12 13:39:04.271 E/DisplayDeviceConfig( 1152): requesting nits when no mapping exists.
04-12 13:39:04.271 E/DisplayDeviceConfig( 1152): requesting nits when no mapping exists.
04-12 13:39:04.287 E/DisplayDeviceConfig( 1152): requesting nits when no mapping exists.
04-12 13:39:04.288 E/DisplayDeviceConfig( 1152): requesting nits when no mapping exists.
04-12 13:39:04.304 E/DisplayDeviceConfig( 1152): requesting nits when no mapping exists.
04-12 13:39:04.305 E/DisplayDeviceConfig( 1152): requesting nits when no mapping exists.
04-12 13:39:04.321 E/DisplayDeviceConfig( 1152): requesting nits when no mapping exists.
04-12 13:39:04.321 E/DisplayDeviceConfig( 1152): requesting nits when no mapping exists.
04-12 13:39:04.338 E/DisplayDeviceConfig( 1152): requesting nits when no mapping exists.
04-12 13:39:04.338 E/DisplayDeviceConfig( 1152): requesting nits when no mapping exists.
04-12 13:39:04.354 E/DisplayDeviceConfig( 1152): requesting nits when no mapping exists.
04-12 13:39:04.355 E/DisplayDeviceConfig( 1152): requesting nits when no mapping exists.
04-12 13:39:04.371 E/DisplayDeviceConfig( 1152): requesting nits when no mapping exists.
04-12 13:39:04.372 E/DisplayDeviceConfig( 1152): requesting nits when no mapping exists.
04-12 13:39:04.387 E/DisplayDeviceConfig( 1152): requesting nits when no mapping exists.
04-12 13:39:04.388 E/DisplayDeviceConfig( 1152): requesting nits when no mapping exists.
04-12 13:39:04.404 E/DisplayDeviceConfig( 1152): requesting nits when no mapping exists.
04-12 13:39:04.405 E/DisplayDeviceConfig( 1152): requesting nits when no mapping exists.
04-12 13:39:04.421 E/DisplayDeviceConfig( 1152): requesting nits when no mapping exists.
04-12 13:39:04.421 E/DisplayDeviceConfig( 1152): requesting nits when no mapping exists.
04-12 13:39:04.438 E/DisplayDeviceConfig( 1152): requesting nits when no mapping exists.
04-12 13:39:04.438 E/DisplayDeviceConfig( 1152): requesting nits when no mapping exists.
04-12 13:39:04.454 E/DisplayDeviceConfig( 1152): requesting nits when no mapping exists.
04-12 13:39:04.454 E/DisplayDeviceConfig( 1152): requesting nits when no mapping exists.
04-12 13:39:04.471 E/DisplayDeviceConfig( 1152): requesting nits when no mapping exists.
04-12 13:39:04.471 E/DisplayDeviceConfig( 1152): requesting nits when no mapping exists.
04-12 13:39:04.488 E/DisplayDeviceConfig( 1152): requesting nits when no mapping exists.
04-12 13:39:04.488 E/DisplayDeviceConfig( 1152): requesting nits when no mapping exists.
04-12 13:39:04.504 E/DisplayDeviceConfig( 1152): requesting nits when no mapping exists.
04-12 13:39:04.505 E/DisplayDeviceConfig( 1152): requesting nits when no mapping exists.
04-12 13:39:04.521 E/DisplayDeviceConfig( 1152): requesting nits when no mapping exists.
04-12 13:39:04.521 E/DisplayDeviceConfig( 1152): requesting nits when no mapping exists.
04-12 13:39:04.538 E/DisplayDeviceConfig( 1152): requesting nits when no mapping exists.
04-12 13:39:04.538 E/DisplayDeviceConfig( 1152): requesting nits when no mapping exists.
04-12 13:39:04.554 E/DisplayDeviceConfig( 1152): requesting nits when no mapping exists.
04-12 13:39:04.555 E/DisplayDeviceConfig( 1152): requesting nits when no mapping exists.
04-12 13:39:04.571 E/DisplayDeviceConfig( 1152): requesting nits when no mapping exists.
04-12 13:39:04.571 E/DisplayDeviceConfig( 1152): requesting nits when no mapping exists.
04-12 13:39:04.588 E/DisplayDeviceConfig( 1152): requesting nits when no mapping exists.
04-12 13:39:04.588 E/DisplayDeviceConfig( 1152): requesting nits when no mapping exists.
04-12 13:39:04.605 E/DisplayDeviceConfig( 1152): requesting nits when no mapping exists.
04-12 13:39:04.605 E/DisplayDeviceConfig( 1152): requesting nits when no mapping exists.
04-12 13:39:04.621 E/DisplayDeviceConfig( 1152): requesting nits when no mapping exists.
04-12 13:39:04.622 E/DisplayDeviceConfig( 1152): requesting nits when no mapping exists.
04-12 13:39:04.638 E/DisplayDeviceConfig( 1152): requesting nits when no mapping exists.
04-12 13:39:04.639 E/DisplayDeviceConfig( 1152): requesting nits when no mapping exists.
04-12 13:39:04.655 E/DisplayDeviceConfig( 1152): requesting nits when no mapping exists.
04-12 13:39:04.655 E/DisplayDeviceConfig( 1152): requesting nits when no mapping exists.
04-12 13:39:04.672 E/DisplayDeviceConfig( 1152): requesting nits when no mapping exists.
04-12 13:39:04.672 E/DisplayDeviceConfig( 1152): requesting nits when no mapping exists.
04-12 13:39:04.688 E/DisplayDeviceConfig( 1152): requesting nits when no mapping exists.
04-12 13:39:04.689 E/DisplayDeviceConfig( 1152): requesting nits when no mapping exists.
04-12 13:39:04.705 E/DisplayDeviceConfig( 1152): requesting nits when no mapping exists.
04-12 13:39:04.706 E/DisplayDeviceConfig( 1152): requesting nits when no mapping exists.
04-12 13:39:04.722 E/DisplayDeviceConfig( 1152): requesting nits when no mapping exists.
04-12 13:39:04.722 E/DisplayDeviceConfig( 1152): requesting nits when no mapping exists.
04-12 13:39:04.739 E/DisplayDeviceConfig( 1152): requesting nits when no mapping exists.
04-12 13:39:04.740 E/DisplayDeviceConfig( 1152): requesting nits when no mapping exists.
04-12 13:39:04.755 E/DisplayDeviceConfig( 1152): requesting nits when no mapping exists.
04-12 13:39:04.756 E/DisplayDeviceConfig( 1152): requesting nits when no mapping exists.
04-12 13:39:04.772 E/DisplayDeviceConfig( 1152): requesting nits when no mapping exists.
04-12 13:39:04.773 E/DisplayDeviceConfig( 1152): requesting nits when no mapping exists.
04-12 13:39:04.788 E/DisplayDeviceConfig( 1152): requesting nits when no mapping exists.
04-12 13:39:04.789 E/DisplayDeviceConfig( 1152): requesting nits when no mapping exists.
04-12 13:39:04.805 E/DisplayDeviceConfig( 1152): requesting nits when no mapping exists.
04-12 13:39:04.805 E/DisplayDeviceConfig( 1152): requesting nits when no mapping exists.
04-12 13:39:04.822 E/DisplayDeviceConfig( 1152): requesting nits when no mapping exists.
04-12 13:39:04.822 E/DisplayDeviceConfig( 1152): requesting nits when no mapping exists.
04-12 13:39:04.839 E/DisplayDeviceConfig( 1152): requesting nits when no mapping exists.
04-12 13:39:04.839 E/DisplayDeviceConfig( 1152): requesting nits when no mapping exists.
04-12 13:39:04.855 E/DisplayDeviceConfig( 1152): requesting nits when no mapping exists.
04-12 13:39:04.855 E/DisplayDeviceConfig( 1152): requesting nits when no mapping exists.
04-12 13:39:04.872 E/DisplayDeviceConfig( 1152): requesting nits when no mapping exists.
04-12 13:39:04.872 E/DisplayDeviceConfig( 1152): requesting nits when no mapping exists.
04-12 13:39:04.888 E/DisplayDeviceConfig( 1152): requesting nits when no mapping exists.
04-12 13:39:04.889 E/DisplayDeviceConfig( 1152): requesting nits when no mapping exists.
04-12 13:39:04.905 E/DisplayDeviceConfig( 1152): requesting nits when no mapping exists.
04-12 13:39:04.906 E/DisplayDeviceConfig( 1152): requesting nits when no mapping exists.
04-12 13:39:04.922 E/DisplayDeviceConfig( 1152): requesting nits when no mapping exists.
04-12 13:39:04.922 E/DisplayDeviceConfig( 1152): requesting nits when no mapping exists.
04-12 13:39:04.938 E/DisplayDeviceConfig( 1152): requesting nits when no mapping exists.
04-12 13:39:04.939 E/DisplayDeviceConfig( 1152): requesting nits when no mapping exists.
04-12 13:39:04.955 E/DisplayDeviceConfig( 1152): requesting nits when no mapping exists.
04-12 13:39:04.956 E/DisplayDeviceConfig( 1152): requesting nits when no mapping exists.
04-12 13:39:04.972 E/DisplayDeviceConfig( 1152): requesting nits when no mapping exists.
04-12 13:39:04.973 E/DisplayDeviceConfig( 1152): requesting nits when no mapping exists.
04-12 13:39:04.989 E/DisplayDeviceConfig( 1152): requesting nits when no mapping exists.
04-12 13:39:04.989 E/DisplayDeviceConfig( 1152): requesting nits when no mapping exists.
04-12 13:39:05.005 E/DisplayDeviceConfig( 1152): requesting nits when no mapping exists.
04-12 13:39:05.005 E/DisplayDeviceConfig( 1152): requesting nits when no mapping exists.
04-12 13:39:11.053 I/PowerManagerService( 1152): Napping display group (groupId=0, uid=1000)...
04-12 13:39:11.053 I/PowerManagerService( 1152): Nap time (uid 1000)...
04-12 13:39:11.058 I/DreamManagerService( 1152): Entering dreamland.
04-12 13:39:11.063 I/PowerManagerService( 1152): Dreaming...
04-12 13:39:11.065 I/DreamController( 1152): Starting dream: name=ComponentInfo{com.thundercomm.screensaver/com.thundercomm.screensaver.service.SystemDream}, isTest=false, canDoze=false, userId=0
04-12 13:39:11.072 D/AutofillManagerService( 1152): Close system dialogs
04-12 13:39:11.090 I/ActivityTaskManager( 1152): START u0 {flg=0x10000000 pkg=com.thundercomm.screensaver cmp=com.thundercomm.screensaver/android.service.dreams.DreamActivity (has extras)} from uid 10045
04-12 13:39:11.093 W/ActivityTaskManager( 1152): Can't find TaskDisplayArea to determine support for multi window. Task id=36 attached=false
04-12 13:39:11.109 I/ActivityTaskManager( 1152): FOREGROUND_APPLICATION_CHANGED to android.service.dreams.DreamActivity
04-12 13:39:11.110 I/ActivityTaskManager( 1152): The Process com.thundercomm.screensaver Already Exists in BG. So sending its PID: 4577
04-12 13:39:11.110 W/ActivityTaskManager( 1152): Tried to set launchTime (0) < mLastActivityLaunchTime (6300713)
04-12 13:39:11.121 W/WindowManager( 1152): Failed looking up window session=Session{d4df6f0 4577:u0a10045} callers=com.android.server.wm.WindowManagerService.windowForClientLocked:5628 com.android.server.wm.Session.insetsModified:629 android.view.IWindowSession$Stub.onTransact:1151
04-12 13:39:11.155 V/DisplayPowerController[0]( 1152): Brightness [1.0] reason changing to: 'manual', previous reason: 'manual [ dim ]'.
04-12 13:39:11.170 E/DisplayDeviceConfig( 1152): requesting nits when no mapping exists.
04-12 13:39:11.170 E/DisplayDeviceConfig( 1152): requesting nits when no mapping exists.
04-12 13:39:11.202 E/DisplayDeviceConfig( 1152): requesting nits when no mapping exists.
04-12 13:39:11.202 E/DisplayDeviceConfig( 1152): requesting nits when no mapping exists.
04-12 13:39:11.215 E/DisplayDeviceConfig( 1152): requesting nits when no mapping exists.
04-12 13:39:11.215 W/FreeFormWindowHelper( 1152): Current Display FreeFormTask is null
04-12 13:39:11.215 E/DisplayDeviceConfig( 1152): requesting nits when no mapping exists.
04-12 13:39:11.220 E/DisplayDeviceConfig( 1152): requesting nits when no mapping exists.
04-12 13:39:11.220 E/DisplayDeviceConfig( 1152): requesting nits when no mapping exists.
04-12 13:39:11.237 E/DisplayDeviceConfig( 1152): requesting nits when no mapping exists.
04-12 13:39:11.238 E/DisplayDeviceConfig( 1152): requesting nits when no mapping exists.
04-12 13:39:11.254 E/DisplayDeviceConfig( 1152): requesting nits when no mapping exists.
04-12 13:39:11.254 E/DisplayDeviceConfig( 1152): requesting nits when no mapping exists.
04-12 13:39:11.271 E/DisplayDeviceConfig( 1152): requesting nits when no mapping exists.
04-12 13:39:11.271 E/DisplayDeviceConfig( 1152): requesting nits when no mapping exists.
04-12 13:39:11.288 E/DisplayDeviceConfig( 1152): requesting nits when no mapping exists.
04-12 13:39:11.288 E/DisplayDeviceConfig( 1152): requesting nits when no mapping exists.
04-12 13:39:11.305 E/DisplayDeviceConfig( 1152): requesting nits when no mapping exists.
04-12 13:39:11.305 E/DisplayDeviceConfig( 1152): requesting nits when no mapping exists.
04-12 13:39:11.320 E/DisplayDeviceConfig( 1152): requesting nits when no mapping exists.
04-12 13:39:11.321 E/DisplayDeviceConfig( 1152): requesting nits when no mapping exists.
04-12 13:39:11.338 E/DisplayDeviceConfig( 1152): requesting nits when no mapping exists.
04-12 13:39:11.338 E/DisplayDeviceConfig( 1152): requesting nits when no mapping exists.
04-12 13:39:11.354 E/DisplayDeviceConfig( 1152): requesting nits when no mapping exists.
04-12 13:39:11.354 E/DisplayDeviceConfig( 1152): requesting nits when no mapping exists.
04-12 13:39:11.370 E/DisplayDeviceConfig( 1152): requesting nits when no mapping exists.
04-12 13:39:11.371 E/DisplayDeviceConfig( 1152): requesting nits when no mapping exists.
04-12 13:39:11.387 E/DisplayDeviceConfig( 1152): requesting nits when no mapping exists.
04-12 13:39:11.387 E/DisplayDeviceConfig( 1152): requesting nits when no mapping exists.
04-12 13:39:11.404 E/DisplayDeviceConfig( 1152): requesting nits when no mapping exists.
04-12 13:39:11.404 E/DisplayDeviceConfig( 1152): requesting nits when no mapping exists.
04-12 13:39:11.420 E/DisplayDeviceConfig( 1152): requesting nits when no mapping exists.
04-12 13:39:11.421 E/DisplayDeviceConfig( 1152): requesting nits when no mapping exists.
04-12 13:39:11.437 E/DisplayDeviceConfig( 1152): requesting nits when no mapping exists.
04-12 13:39:11.438 E/DisplayDeviceConfig( 1152): requesting nits when no mapping exists.
04-12 13:39:11.454 E/DisplayDeviceConfig( 1152): requesting nits when no mapping exists.
04-12 13:39:11.455 E/DisplayDeviceConfig( 1152): requesting nits when no mapping exists.
04-12 13:39:11.471 E/DisplayDeviceConfig( 1152): requesting nits when no mapping exists.
04-12 13:39:11.471 E/DisplayDeviceConfig( 1152): requesting nits when no mapping exists.
04-12 13:39:11.487 E/DisplayDeviceConfig( 1152): requesting nits when no mapping exists.
04-12 13:39:11.488 E/DisplayDeviceConfig( 1152): requesting nits when no mapping exists.
04-12 13:39:11.504 E/DisplayDeviceConfig( 1152): requesting nits when no mapping exists.
04-12 13:39:11.504 E/DisplayDeviceConfig( 1152): requesting nits when no mapping exists.
04-12 13:39:11.521 E/DisplayDeviceConfig( 1152): requesting nits when no mapping exists.
04-12 13:39:11.521 E/DisplayDeviceConfig( 1152): requesting nits when no mapping exists.
04-12 13:39:11.538 E/DisplayDeviceConfig( 1152): requesting nits when no mapping exists.
04-12 13:39:11.538 E/DisplayDeviceConfig( 1152): requesting nits when no mapping exists.
04-12 13:39:11.554 E/DisplayDeviceConfig( 1152): requesting nits when no mapping exists.
04-12 13:39:11.554 E/DisplayDeviceConfig( 1152): requesting nits when no mapping exists.
04-12 13:39:11.571 E/DisplayDeviceConfig( 1152): requesting nits when no mapping exists.
04-12 13:39:11.571 E/DisplayDeviceConfig( 1152): requesting nits when no mapping exists.
04-12 13:39:11.588 E/DisplayDeviceConfig( 1152): requesting nits when no mapping exists.
04-12 13:39:11.588 E/DisplayDeviceConfig( 1152): requesting nits when no mapping exists.
04-12 13:39:11.604 E/DisplayDeviceConfig( 1152): requesting nits when no mapping exists.
04-12 13:39:11.605 E/DisplayDeviceConfig( 1152): requesting nits when no mapping exists.
04-12 13:39:11.621 E/DisplayDeviceConfig( 1152): requesting nits when no mapping exists.
04-12 13:39:11.621 E/DisplayDeviceConfig( 1152): requesting nits when no mapping exists.
04-12 13:39:11.638 E/DisplayDeviceConfig( 1152): requesting nits when no mapping exists.
04-12 13:39:11.638 E/DisplayDeviceConfig( 1152): requesting nits when no mapping exists.
04-12 13:39:11.655 E/DisplayDeviceConfig( 1152): requesting nits when no mapping exists.
04-12 13:39:11.655 E/DisplayDeviceConfig( 1152): requesting nits when no mapping exists.
04-12 13:39:11.671 E/DisplayDeviceConfig( 1152): requesting nits when no mapping exists.
04-12 13:39:11.671 E/DisplayDeviceConfig( 1152): requesting nits when no mapping exists.
04-12 13:39:11.688 E/DisplayDeviceConfig( 1152): requesting nits when no mapping exists.
04-12 13:39:11.688 E/DisplayDeviceConfig( 1152): requesting nits when no mapping exists.
04-12 13:39:11.705 E/DisplayDeviceConfig( 1152): requesting nits when no mapping exists.
04-12 13:39:11.705 E/DisplayDeviceConfig( 1152): requesting nits when no mapping exists.
04-12 13:39:11.721 E/DisplayDeviceConfig( 1152): requesting nits when no mapping exists.
04-12 13:39:11.722 E/DisplayDeviceConfig( 1152): requesting nits when no mapping exists.
04-12 13:39:11.738 E/DisplayDeviceConfig( 1152): requesting nits when no mapping exists.
04-12 13:39:11.738 E/DisplayDeviceConfig( 1152): requesting nits when no mapping exists.
04-12 13:39:11.755 E/DisplayDeviceConfig( 1152): requesting nits when no mapping exists.
04-12 13:39:11.755 E/DisplayDeviceConfig( 1152): requesting nits when no mapping exists.
04-12 13:39:11.771 E/DisplayDeviceConfig( 1152): requesting nits when no mapping exists.
04-12 13:39:11.772 E/DisplayDeviceConfig( 1152): requesting nits when no mapping exists.
04-12 13:39:11.788 E/DisplayDeviceConfig( 1152): requesting nits when no mapping exists.
04-12 13:39:11.788 E/DisplayDeviceConfig( 1152): requesting nits when no mapping exists.
04-12 13:39:11.805 E/DisplayDeviceConfig( 1152): requesting nits when no mapping exists.
04-12 13:39:11.805 E/DisplayDeviceConfig( 1152): requesting nits when no mapping exists.
04-12 13:39:11.822 E/DisplayDeviceConfig( 1152): requesting nits when no mapping exists.
04-12 13:39:11.822 E/DisplayDeviceConfig( 1152): requesting nits when no mapping exists.
04-12 13:39:11.838 E/DisplayDeviceConfig( 1152): requesting nits when no mapping exists.
04-12 13:39:11.838 E/DisplayDeviceConfig( 1152): requesting nits when no mapping exists.
04-12 13:39:11.855 E/DisplayDeviceConfig( 1152): requesting nits when no mapping exists.
04-12 13:39:11.855 E/DisplayDeviceConfig( 1152): requesting nits when no mapping exists.
04-12 13:39:11.872 E/DisplayDeviceConfig( 1152): requesting nits when no mapping exists.
04-12 13:39:11.872 E/DisplayDeviceConfig( 1152): requesting nits when no mapping exists.
04-12 13:39:11.888 E/DisplayDeviceConfig( 1152): requesting nits when no mapping exists.
04-12 13:39:11.889 E/DisplayDeviceConfig( 1152): requesting nits when no mapping exists.
04-12 13:39:11.905 E/DisplayDeviceConfig( 1152): requesting nits when no mapping exists.
04-12 13:39:11.905 E/DisplayDeviceConfig( 1152): requesting nits when no mapping exists.
04-12 13:39:11.922 E/DisplayDeviceConfig( 1152): requesting nits when no mapping exists.
04-12 13:39:11.922 E/DisplayDeviceConfig( 1152): requesting nits when no mapping exists.
04-12 13:39:11.938 E/DisplayDeviceConfig( 1152): requesting nits when no mapping exists.
04-12 13:39:11.939 E/DisplayDeviceConfig( 1152): requesting nits when no mapping exists.
04-12 13:39:11.955 E/DisplayDeviceConfig( 1152): requesting nits when no mapping exists.
04-12 13:39:11.955 E/DisplayDeviceConfig( 1152): requesting nits when no mapping exists.
04-12 13:39:11.972 E/DisplayDeviceConfig( 1152): requesting nits when no mapping exists.
04-12 13:39:11.972 E/DisplayDeviceConfig( 1152): requesting nits when no mapping exists.
04-12 13:39:11.989 E/DisplayDeviceConfig( 1152): requesting nits when no mapping exists.
04-12 13:39:11.989 E/DisplayDeviceConfig( 1152): requesting nits when no mapping exists.
04-12 13:39:12.005 E/DisplayDeviceConfig( 1152): requesting nits when no mapping exists.
04-12 13:39:12.006 E/DisplayDeviceConfig( 1152): requesting nits when no mapping exists.
04-12 13:39:12.022 E/DisplayDeviceConfig( 1152): requesting nits when no mapping exists.
04-12 13:39:12.022 E/DisplayDeviceConfig( 1152): requesting nits when no mapping exists.
04-12 13:39:12.039 E/DisplayDeviceConfig( 1152): requesting nits when no mapping exists.
04-12 13:39:12.039 E/DisplayDeviceConfig( 1152): requesting nits when no mapping exists.
04-12 13:39:12.055 E/DisplayDeviceConfig( 1152): requesting nits when no mapping exists.
04-12 13:39:12.056 E/DisplayDeviceConfig( 1152): requesting nits when no mapping exists.
04-12 13:39:12.072 E/DisplayDeviceConfig( 1152): requesting nits when no mapping exists.
04-12 13:39:12.072 E/DisplayDeviceConfig( 1152): requesting nits when no mapping exists.
04-12 13:39:12.089 E/DisplayDeviceConfig( 1152): requesting nits when no mapping exists.
04-12 13:39:12.089 E/DisplayDeviceConfig( 1152): requesting nits when no mapping exists.
04-12 13:39:12.106 E/DisplayDeviceConfig( 1152): requesting nits when no mapping exists.
04-12 13:39:12.106 E/DisplayDeviceConfig( 1152): requesting nits when no mapping exists.
01-01 09:48:06.418 W/audit ( 0): audit_lost=959 audit_rate_limit=5 audit_backlog_limit=64
01-01 09:48:06.438 E/audit ( 0): rate limit exceeded
01-01 09:48:15.103 E/[kworke][0x1d08f1f01e][13:39:36.868788] wlan( 0): [7527:E:WMA] Rx unprotected unicast mgmt frame
01-01 09:48:15.114 E/[schedu][0x1d08f51964][13:39:36.879579] wlan( 0): [2281:E:PE] lim_drop_unprotected_action_frame: 1614: Dropping unprotected Action category: 3 frame since RMF is enabled
01-01 09:49:15.019 E/[kworke][0x1d4d837555][13:40:36.784804] wlan( 0): [5547:E:WMA] Rx unprotected unicast mgmt frame
01-01 09:49:15.030 E/[schedu][0x1d4d869e44][13:40:36.795590] wlan( 0): [2281:E:PE] lim_drop_unprotected_action_frame: 1614: Dropping unprotected Action category: 3 frame since RMF is enabled
01-01 09:49:15.288 E/[kworke][0x1d4dd202b2][13:40:37.052929] wlan( 0): [340:E:WMA] Rx unprotected unicast mgmt frame
01-01 09:49:15.298 E/[schedu][0x1d4dd511d5][13:40:37.063371] wlan( 0): [2281:E:PE] lim_drop_unprotected_action_frame: 1614: Dropping unprotected Action category: 3 frame since RMF is enabled
01-01 09:50:05.994 E/[kworke][0x1d87d96c13][13:41:27.759401] wlan( 0): [5575:E:WMA] Rx unprotected unicast mgmt frame
01-01 09:50:06.006 E/[schedu][0x1d87dce0bd][13:41:27.771196] wlan( 0): [2281:E:PE] lim_drop_unprotected_action_frame: 1614: Dropping unprotected Action category: 3 frame since RMF is enabled
01-01 09:50:06.010 E/[kworke][0x1d87de00dc][13:41:27.775037] wlan( 0): [5575:E:WMA] Rx unprotected unicast mgmt frame
01-01 09:50:06.033 E/[schedu][0x1d87e4b42e][13:41:27.797907] wlan( 0): [2281:E:PE] lim_drop_unprotected_action_frame: 1614: Dropping unprotected Action category: 3 frame since RMF is enabled
01-01 09:50:15.510 I/[dp_rx_][0x1d92bd595c][13:41:37.275525] wlan( 0): [2483:I:QDF] DHCP-D RX: SA:04:7f:0e:5e:91:1f DA:ff:ff:ff:ff:ff:ff
01-01 09:50:16.862 I/[dp_rx_][0x1d94497b8a][13:41:38.627661] wlan( 0): [2483:I:QDF] DHCP-R RX: SA:04:7f:0e:5e:91:1f DA:ff:ff:ff:ff:ff:ff
01-01 09:50:55.877 E/[kworke][0x1dc0ef84d3][13:42:17.642184] wlan( 0): [7527:E:WMA] Rx unprotected unicast mgmt frame
01-01 09:50:55.888 E/[schedu][0x1dc0f2ac83][13:42:17.652953] wlan( 0): [2281:E:PE] lim_drop_unprotected_action_frame: 1614: Dropping unprotected Action category: 3 frame since RMF is enabled
01-01 09:52:23.902 I/[schedu][0x1e25ac0564][13:43:45.666937] wlan( 0): [2281:I:PE] Assoc rsp RX: subtype 1 vdev 0 sys role 3 lim state 1 rssi 0 from 98:f1:81:80:45:61
01-01 09:52:23.923 W/[schedu][0x1e25b2385b][13:43:45.688096] wlan( 0): [2281:W:SME] sme_qos_process_ft_reassoc_req_ev: 3318: Flow List empty, nothing to update
01-01 09:52:23.937 E/[schedu][0x1e25b645b9][13:43:45.701927] wlan( 0): [2281:E:SME] sme_qos_process_reassoc_success_ev: 4605: session or RIC data is not present
01-01 09:52:23.952 E/[schedu][0x1e25baa731][13:43:45.716879] wlan( 0): [2281:E:QDF] qdf_mem_malloc_debug: 1206: Cannot malloc 0 bytes @ csr_get_cfg_max_tx_power:14199
01-01 09:52:23.966 E/[schedu][0x1e25bed122][13:43:45.731092] wlan( 0): [2281:E:QDF] qdf_mem_malloc_debug: 1206: Cannot malloc 0 bytes @ csr_get_cfg_max_tx_power:14199
01-01 09:52:23.981 W/[schedu][0x1e25c34c8b][13:43:45.746390] wlan( 0): [2281:W:HDD] hdd_get_rssi_snr_by_bssid: 17749: sme_get_rssi_snr_by_bssid failed
01-01 09:52:23.994 I/[schedu][0x1e25c708ff][13:43:45.759143] wlan( 0): [2281:I:HDD] wlan0(vdevid-0): c6:f7:88:0c:63:65 connected to 98:f1:81:80:45:61
01-01 09:52:24.022 I/[schedu][0x1e25cf70c0][13:43:45.787833] wlan( 0): [2281:I:WMA] LFR3: Posting WMA_ROAM_OFFLOAD_SYNCH_CNF
01-01 09:52:24.029 I/[soft_i][0x1e25d17ac4][13:43:45.794793] wlan( 0): [0:I:TXRX] HTT_T2H_MSG_TYPE_PEER_MAP msg for peer id 11 vdev id 0 n
01-01 09:52:24.034 E/[schedu][0x1e25d2cc1d][13:43:45.799291] wlan( 0): [2281:E:QDF] qdf_mem_malloc_debug: 1206: Cannot malloc 0 bytes @ csr_get_cfg_max_tx_power:14199
01-01 09:52:24.044 E/[soft_i][0x1e25d5e200][13:43:45.809823] wlan( 0): [0:E:DP] dp_peer_find_add_id: peer ffffffc348218000 ID 11 vid 0 mac 98:f1:81:80:45:61
01-01 09:52:24.044 I/[soft_i][0x1e25d5e24d][13:43:45.809827] wlan( 0): [0:I:DP] dp_peer_find_add_id: ref_cnt: 2
01-01 09:52:24.044 E/[soft_i][0x1e25d5e2c8][13:43:45.809833] wlan( 0): [0:E:DP] dp_peer_map_ast: peer ffffffc348218000 ID 85 vid 0 mac 98:f1:81:80:45:61
01-01 09:52:24.059 I/[schedu][0x1e25da3890][13:43:45.824630] wlan( 0): [2281:I:WMA] [13:43:44.167000] [ROAM_TRIGGER]: VDEV[0] Reason: "PER"
04-12 13:43:45.882 I/DropBoxManagerService( 1152): add tag=system_server_wtf isTagEnabled=true flags=0x2
01-01 09:52:24.106 I/[schedu][0x1e25e7ed42][13:43:45.871413] wlan( 0): [2281:I:WMA] [13:43:44.167000] [ROAM_SCAN]: VDEV[0] Scan_type: PARTIAL {2412 2437 5200 5240 5280 5320 5765 5825 }
01-01 09:52:24.122 I/[schedu][0x1e25ec9354][13:43:45.887281] wlan( 0): [2281:I:WMA] ============================================================================================================================
01-01 09:52:24.140 I/[schedu][0x1e25f1ce3c][13:43:45.905133] wlan( 0): [2281:I:WMA] AP BSSID TSTAMP CH TY ETP RSSI/SCR CU%/SCR TOT_SCR BL_RSN BL_SRC BL_TSTAMP BL_TIMEOUT(ms)
01-01 09:52:24.158 I/[schedu][0x1e25f7172a][13:43:45.923172] wlan( 0): [2281:I:WMA] ============================================================================================================================
01-01 09:52:24.176 I/[schedu][0x1e25fc5196][13:43:45.941017] wlan( 0): [2281:I:WMA] 98:f1:81:81:79:a1 [13:43:44.167000] 5240 P_AP 0 68/0 0/0 4542 0 0 [00:00:00.000000] 0
01-01 09:52:24.193 I/[schedu][0x1e26016b5b][13:43:45.958428] wlan( 0): [2281:I:WMA] 98:f1:81:80:45:61 [13:43:45.054000] 5280 R_AP 189 69/0 50/0 4542 0 0 [00:00:00.000000] 0
01-01 09:52:24.210 I/[schedu][0x1e2606842f][13:43:45.975825] wlan( 0): [2281:I:WMA] 98:f1:81:80:45:71 [13:43:44.739000] 5825 C_AP 38 69/0 50/0 4086 0 0 [00:00:00.000000] 0
01-01 09:52:24.228 I/[schedu][0x1e260ba1e1][13:43:45.993288] wlan( 0): [2281:I:WMA] 98:f1:81:81:83:11 [13:43:44.738000] 5825 C_AP 38 70/0 50/0 2332 0 0 [00:00:00.000000] 0
01-01 09:52:24.245 I/[schedu][0x1e2610bb87][13:43:46.010697] wlan( 0): [2281:I:WMA] 98:f1:81:81:79:b1 [13:43:44.755000] 5825 C_AP 38 76/0 50/0 1407 0 0 [00:00:00.000000] 0
01-01 09:52:24.263 I/[schedu][0x1e2615d51b][13:43:46.028104] wlan( 0): [2281:I:WMA] 98:f1:81:81:6f:e1 [13:43:45.030000] 5280 C_AP 67 89/0 50/0 860 0 0 [00:00:00.000000] 0
01-01 09:52:24.280 I/[schedu][0x1e261aedab][13:43:46.045499] wlan( 0): [2281:I:WMA] 98:f1:81:81:6e:c1 [13:43:45.259000] 5320 C_AP 105 85/0 50/0 860 0 0 [00:00:00.000000] 0
01-01 09:52:24.298 I/[schedu][0x1e2620170d][13:43:46.063117] wlan( 0): [2281:I:WMA] [13:43:45.779000] [ROAM_RESULT]: VDEV[0] SUCCESS
01-01 09:53:55.510 E/[kworke][0x1e8e8263c8][13:45:17.275237] wlan( 0): [7218:E:WMA] Rx unprotected unicast mgmt frame
01-01 09:53:55.522 E/[schedu][0x1e8e85f904][13:45:17.287467] wlan( 0): [2281:E:PE] lim_drop_unprotected_action_frame: 1614: Dropping unprotected Action category: 3 frame since RMF is enabled
01-01 09:53:55.522 E/[kworke][0x1e8e85fe0f][13:45:17.287534] wlan( 0): [7218:E:WMA] Rx unprotected unicast mgmt frame
01-01 09:53:55.549 E/[kworke][0x1e8e8df47e][13:45:17.314712] wlan( 0): [7218:E:WMA] Rx unprotected unicast mgmt frame
01-01 09:53:55.550 E/[schedu][0x1e8e8e2255][13:45:17.315323] wlan( 0): [2281:E:PE] lim_drop_unprotected_action_frame: 1614: Dropping unprotected Action category: 3 frame since RMF is enabled
01-01 09:53:55.560 E/[kworke][0x1e8e910872][13:45:17.325217] wlan( 0): [7218:E:WMA] Rx unprotected unicast mgmt frame
01-01 09:53:55.576 E/[schedu][0x1e8e95e4f4][13:45:17.341810] wlan( 0): [2281:E:PE] lim_drop_unprotected_action_frame: 1614: Dropping unprotected Action category: 3 frame since RMF is enabled
01-01 09:53:55.587 E/[kworke][0x1e8e98f672][13:45:17.352284] wlan( 0): [7218:E:WMA] Rx unprotected unicast mgmt frame
01-01 09:53:55.604 E/[schedu][0x1e8e9dd9c6][13:45:17.368967] wlan( 0): [2281:E:PE] lim_drop_unprotected_action_frame: 1614: Dropping unprotected Action category: 3 frame since RMF is enabled
01-01 09:53:55.612 E/[kworke][0x1e8ea0687a][13:45:17.377696] wlan( 0): [7218:E:WMA] Rx unprotected unicast mgmt frame
01-01 09:53:55.628 E/[schedu][0x1e8ea51ffa][13:45:17.393796] wlan( 0): [2281:E:PE] lim_drop_unprotected_action_frame: 1614: Dropping unprotected Action category: 3 frame since RMF is enabled
01-01 09:53:55.654 E/[schedu][0x1e8eacc3a9][13:45:17.419872] wlan( 0): [2281:E:PE] lim_drop_unprotected_action_frame: 1614: Dropping unprotected Action category: 3 frame since RMF is enabled
01-01 09:54:37.809 I/[dp_rx_][0x1ebeeab65a][13:45:59.574365] wlan( 0): [2483:I:QDF] DHCP-R RX: SA:3c:cd:5d:ef:31:50 DA:ff:ff:ff:ff:ff:ff
01-01 09:55:17.760 I/[dp_rx_][0x1eeca30957][13:46:39.525125] wlan( 0): [2483:I:QDF] EAPOL-3 RX: SA:98:f1:81:80:45:61 DA:c6:f7:88:0c:63:65
01-01 09:55:17.800 I/[soft_i][0x1eecaec1a1][13:46:39.565133] wlan( 0): [0:I:QDF] EAPOL-4 TX: SA:c6:f7:88:0c:63:65 DA:98:f1:81:80:45:61 msdu_id:6 status: succ
01-01 09:56:23.755 E/[kworke][0x1f3829ac92][13:47:45.520686] wlan( 0): [5575:E:WMA] Rx unprotected unicast mgmt frame
01-01 09:56:23.766 E/[schedu][0x1f382ce6ea][13:47:45.531703] wlan( 0): [2281:E:PE] lim_drop_unprotected_action_frame: 1614: Dropping unprotected Action category: 3 frame since RMF is enabled
01-01 09:56:55.497 E/[kworke][0x1f5c7d05a9][13:48:17.262462] wlan( 0): [7527:E:WMA] Rx unprotected unicast mgmt frame
01-01 09:56:55.508 E/[schedu][0x1f5c803424][13:48:17.273321] wlan( 0): [2281:E:PE] lim_drop_unprotected_action_frame: 1614: Dropping unprotected Action category: 3 frame since RMF is enabled
01-01 09:59:55.500 E/[kworke][0x202a7c2a9d][13:51:17.265088] wlan( 0): [7218:E:WMA] Rx unprotected unicast mgmt frame
01-01 09:59:55.511 E/[schedu][0x202a7f4f86][13:51:17.275820] wlan( 0): [2281:E:PE] lim_drop_unprotected_action_frame: 1614: Dropping unprotected Action category: 3 frame since RMF is enabled
04-12 13:51:28.709 W/BatteryExternalStatsWorker( 1152): error reading modem stats:ERROR_PHONE_NOT_AVAILABLE
04-12 13:51:28.804 E/KernelCpuSpeedReader( 1152): Failed to read cpu-freq: /sys/devices/system/cpu/cpu4/cpufreq/stats/time_in_state: open failed: ENOENT (No such file or directory)
04-12 13:51:28.804 E/KernelCpuSpeedReader( 1152): Failed to read cpu-freq: /sys/devices/system/cpu/cpu0/cpufreq/stats/time_in_state: open failed: ENOENT (No such file or directory)
01-01 10:00:07.043 W/audit ( 0): audit_lost=960 audit_rate_limit=5 audit_backlog_limit=64
01-01 10:00:07.050 E/audit ( 0): rate limit exceeded
01-01 10:00:07.853 I/[dp_rx_][0x20389f6e95][13:51:29.618848] wlan( 0): [2483:I:QDF] DHCP-R RX: SA:cc:15:31:9a:0d:08 DA:ff:ff:ff:ff:ff:ff
04-12 13:52:10.459 I/UsageStatsService( 1152): User[0] Flushing usage stats to disk
01-01 10:01:10.053 D/cnss ( 0): Host time = 7269955480 us, device time = 7217249430 us, offset = 52706050 us
01-01 10:01:10.062 D/cnss ( 0): Updated time sync regs [0x984] = 0x3243b02, [0x988] = 0x0
01-01 10:01:15.265 I/init ( 0): processing action (sys.tlog.tlogdsho.active=1) from (/system/etc/init/tlogd.rc:155)
01-01 10:01:15.275 I/init ( 0): starting service 'tlogdsho'...
01-01 10:01:15.498 I/init ( 0): Untracked pid 7864 exited with status 0
01-01 10:01:15.651 I/init ( 0): Service 'tlogdsho' (pid 7861) exited with status 0 oneshot service took 0.362000 seconds in background
01-01 10:01:15.662 I/init ( 0): Sending signal 9 to service 'tlogdsho' (pid 7861) process group...
01-01 10:01:15.671 I/libprocessgroup( 0): Successfully killed process cgroup uid 0 pid 7861 in 0ms
01-01 10:02:40.457 E/[kworke][0x20e743716e][13:54:02.222190] wlan( 0): [7046:E:WMA] Rx unprotected unicast mgmt frame
01-01 10:02:40.467 E/[schedu][0x20e74675cb][13:54:02.232488] wlan( 0): [2281:E:PE] lim_drop_unprotected_action_frame: 1614: Dropping unprotected Action category: 3 frame since RMF is enabled
01-01 10:02:40.834 E/[kworke][0x20e7b20563][13:54:02.599631] wlan( 0): [292:E:WMA] Rx unprotected unicast mgmt frame
01-01 10:02:40.845 E/[schedu][0x20e7b52cfe][13:54:02.610397] wlan( 0): [2281:E:PE] lim_drop_unprotected_action_frame: 1614: Dropping unprotected Action category: 3 frame since RMF is enabled
01-01 10:02:55.513 E/[kworke][0x20f87e8247][13:54:17.278630] wlan( 0): [5575:E:WMA] Rx unprotected unicast mgmt frame
01-01 10:02:55.524 E/[schedu][0x20f881a692][13:54:17.289354] wlan( 0): [2281:E:PE] lim_drop_unprotected_action_frame: 1614: Dropping unprotected Action category: 3 frame since RMF is enabled
01-01 10:03:07.879 I/[dp_rx_][0x2106a52c87][13:54:29.643994] wlan( 0): [2483:I:QDF] DHCP-R RX: SA:cc:15:31:99:89:69 DA:ff:ff:ff:ff:ff:ff
04-12 13:56:23.785 W/ViewRootImpl[QuickstepLauncher]( 2715): Cancelling event (window is stopped):MotionEvent { action=ACTION_CANCEL, actionButton=0, id[0]=0, x[0]=1210.5681, y[0]=434.0062, toolType[0]=TOOL_TYPE_MOUSE, buttonState=0, classification=NONE, metaState=0, flags=0x0, edgeFlags=0x0, pointerCount=1, historySize=0, eventTime=7495169, downTime=0, deviceId=5, source=0x2002, displayId=0, eventId=1824334742 }
04-12 13:56:23.786 W/ViewRootImpl[QuickstepLauncher]( 2715): Cancelling event (window is stopped):MotionEvent { action=ACTION_CANCEL, actionButton=0, id[0]=0, x[0]=1210.5681, y[0]=434.0062, toolType[0]=TOOL_TYPE_MOUSE, buttonState=0, classification=NONE, metaState=0, flags=0x0, edgeFlags=0x0, pointerCount=1, historySize=0, eventTime=7495169, downTime=0, deviceId=5, source=0x2002, displayId=0, eventId=1824334742 }
04-12 13:56:23.786 W/ViewRootImpl[QuickstepLauncher]( 2715): Cancelling event (window is stopped):MotionEvent { action=ACTION_CANCEL, actionButton=0, id[0]=0, x[0]=1210.5681, y[0]=434.0062, toolType[0]=TOOL_TYPE_MOUSE, buttonState=0, classification=NONE, metaState=0, flags=0x0, edgeFlags=0x0, pointerCount=1, historySize=0, eventTime=7495169, downTime=0, deviceId=5, source=0x2002, displayId=0, eventId=1824334742 }
04-12 13:56:23.789 W/ViewRootImpl[QuickstepLauncher]( 2715): Cancelling event (window is stopped):MotionEvent { action=ACTION_CANCEL, actionButton=0, id[0]=0, x[0]=1210.5681, y[0]=434.0062, toolType[0]=TOOL_TYPE_MOUSE, buttonState=0, classification=NONE, metaState=0, flags=0x0, edgeFlags=0x0, pointerCount=1, historySize=0, eventTime=7495169, downTime=0, deviceId=5, source=0x2002, displayId=0, eventId=1824334742 }
04-12 13:56:23.810 I/DreamManagerService( 1152): Gently waking up from dream.
04-12 13:56:23.813 I/DreamManagerService( 1152): Performing gentle wake from dream.
04-12 13:56:23.818 W/FreeFormWindowHelper( 1152): Current Display FreeFormTask is null
04-12 13:56:23.820 I/ActivityTaskManager( 1152): FOREGROUND_APPLICATION_CHANGED to com.android.launcher3.uioverrides.QuickstepLauncher
04-12 13:56:23.823 W/FreeFormWindowHelper( 1152): Current Display FreeFormTask is null
04-12 13:56:23.827 W/FreeFormWindowHelper( 1152): Current Display FreeFormTask is null
04-12 13:56:23.828 W/FreeFormWindowHelper( 1152): Current Display FreeFormTask is null
04-12 13:56:23.839 D/AutofillManagerService( 1152): Close system dialogs
04-12 13:56:23.841 W/FreeFormWindowHelper( 1152): Current Display FreeFormTask is null
04-12 13:56:23.841 W/FreeFormWindowHelper( 1152): Current Display FreeFormTask is null
04-12 13:56:23.866 W/FreeFormWindowHelper( 1152): Current Display FreeFormTask is null
04-12 13:56:23.867 W/FreeFormWindowHelper( 1152): Current Display FreeFormTask is null
04-12 13:56:23.869 W/ActivityTaskManager( 1152): getTaskSnapshot: taskId=131 not found
04-12 13:56:23.874 W/ActivityTaskManager( 1152): getTaskSnapshot: taskId=131 not found
04-12 13:56:23.875 W/ActivityTaskManager( 1152): getTaskSnapshot: taskId=131 not found
04-12 13:56:23.875 W/ActivityTaskManager( 1152): getTaskSnapshot: taskId=131 not found
04-12 13:56:23.875 W/ActivityTaskManager( 1152): getTaskSnapshot: taskId=132 not found
04-12 13:56:23.877 W/FreeFormWindowHelper( 1152): Current Display FreeFormTask is null
04-12 13:56:23.878 W/FreeFormWindowHelper( 1152): Current Display FreeFormTask is null
04-12 13:56:23.883 I/PowerManagerService( 1152): Powering on display group fromDreaming (groupId=0, uid=1000, reason=WAKE_REASON_UNKNOWN, details=android.server.power:DREAM_FINISHED)...
04-12 13:56:23.883 I/PowerManagerService( 1152): Waking up from Dreaming (uid=1000, reason=WAKE_REASON_UNKNOWN, details=android.server.power:DREAM_FINISHED)...
04-12 13:56:23.925 W/FreeFormWindowHelper( 1152): Current Display FreeFormTask is null
04-12 13:56:23.926 W/FreeFormWindowHelper( 1152): Current Display FreeFormTask is null
04-12 13:56:23.929 W/ActivityTaskManager( 1152): getTaskSnapshot: taskId=190 not found
04-12 13:56:23.933 W/ActivityTaskManager( 1152): getTaskSnapshot: taskId=190 not found
04-12 13:56:23.934 W/ActivityTaskManager( 1152): getTaskSnapshot: taskId=191 not found
04-12 13:56:23.937 W/FreeFormWindowHelper( 1152): Current Display FreeFormTask is null
04-12 13:56:23.937 W/FreeFormWindowHelper( 1152): Current Display FreeFormTask is null
04-12 13:56:23.939 W/FreeFormWindowHelper( 1152): Current Display FreeFormTask is null
04-12 13:56:23.942 W/ActivityTaskManager( 1152): getTaskSnapshot: taskId=191 not found
04-12 13:56:23.943 W/ActivityTaskManager( 1152): getTaskSnapshot: taskId=191 not found
04-12 13:56:23.953 W/FreeFormWindowHelper( 1152): Current Display FreeFormTask is null
04-12 13:56:23.953 W/FreeFormWindowHelper( 1152): Current Display FreeFormTask is null
04-12 13:56:23.959 I/DreamManagerService( 1152): Leaving dreamland.
04-12 13:56:23.960 I/DreamManagerService( 1152): Performing gentle wake from dream.
04-12 13:56:23.960 I/DreamController( 1152): Stopping dream: name=ComponentInfo{com.thundercomm.screensaver/com.thundercomm.screensaver.service.SystemDream}, isTest=false, canDoze=false, userId=0, reason='finished self'(from 'finished self')
04-12 13:56:23.962 W/FreeFormWindowHelper( 1152): exitRecentTasks type=0
04-12 13:56:23.970 W/FreeFormWindowHelper( 1152): Current Display FreeFormTask is null
04-12 13:56:23.970 W/FreeFormWindowHelper( 1152): Current Display FreeFormTask is null
04-12 13:56:23.975 W/ActivityTaskManager( 1152): Can't find TaskDisplayArea to determine support for multi window. Task id=36 attached=false
01-01 10:05:02.260 E/[kworke][0x21898b789b][13:56:24.025805] wlan( 0): [6735:E:WMA] Rx unprotected unicast mgmt frame
01-01 10:05:02.272 E/[schedu][0x21898ed43e][13:56:24.037267] wlan( 0): [2281:E:PE] lim_drop_unprotected_action_frame: 1614: Dropping unprotected Action category: 3 frame since RMF is enabled
04-12 13:56:24.622 W/FreeFormWindowHelper( 1152): Current Display FreeFormTask is null
04-12 13:56:24.622 W/FreeFormWindowHelper( 1152): Current Display FreeFormTask is null
04-12 13:56:24.731 W/FreeFormWindowHelper( 1152): Current Display FreeFormTask is null
01-01 10:05:12.965 I/usb_extcon_detect_cable@108( 0): vbus=1
01-01 10:05:12.975 I/msm-dwc3 a600000.ssusb( 0): DWC3 exited from low power mode
01-01 10:05:12.983 I/xhci-hcd.0.auto( 0): remove, state 4
01-01 10:05:12.983 E/msm-dwc3 a600000.ssusb( 0): Could not get usb psy
01-01 10:05:12.989 I/usb2 ( 0): USB disconnect, device number 1
01-01 10:05:13.001 I/msm-dwc3 a800000.ssusb( 0): DWC3 exited from low power mode
01-01 10:05:13.008 I/xhci-hcd.1.auto( 0): remove, state 4
04-12 13:56:34.776 D/UsbHostManager( 1152): Removed device at /dev/bus/usb/002/001 was already gone
01-01 10:05:13.010 I/xhci-hcd.0.auto( 0): USB bus 2 deregistered
01-01 10:05:13.014 I/usb4 ( 0): USB disconnect, device number 1
04-12 13:56:34.798 D/UsbHostManager( 1152): Removed device at /dev/bus/usb/004/001 was already gone
01-01 10:05:13.033 I/xhci-hcd.1.auto( 0): USB bus 4 deregistered
01-01 10:05:13.034 I/xhci-hcd.0.auto( 0): remove, state 4
01-01 10:05:13.039 I/xhci-hcd.1.auto( 0): remove, state 4
01-01 10:05:13.045 I/usb1 ( 0): USB disconnect, device number 1
04-12 13:56:34.825 D/UsbHostManager( 1152): Removed device at /dev/bus/usb/001/001 was already gone
01-01 10:05:13.060 I/usb3 ( 0): USB disconnect, device number 1
01-01 10:05:13.060 I/xhci-hcd.0.auto( 0): USB bus 1 deregistered
04-12 13:56:34.834 D/UsbHostManager( 1152): Removed device at /dev/bus/usb/003/001 was already gone
01-01 10:05:13.070 I/xhci-hcd.1.auto( 0): USB bus 3 deregistered
01-01 10:05:13.072 I/msm-dwc3 a600000.ssusb( 0): DWC3 in low power mode
01-01 10:05:13.078 I/msm-dwc3 a800000.ssusb( 0): DWC3 in low power mode
01-01 10:05:13.082 E/msm-dwc3 a600000.ssusb( 0): Could not get usb psy
01-01 10:05:13.094 E/msm-dwc3 a600000.ssusb( 0): Could not get usb psy
01-01 10:05:13.149 I/msm-dwc3 a800000.ssusb( 0): DWC3 exited from low power mode
01-01 10:05:13.160 I/msm-dwc3 a600000.ssusb( 0): DWC3 exited from low power mode
01-01 10:05:13.287 E/msm-dwc3 a600000.ssusb( 0): Could not get usb psy
01-01 10:05:13.847 E/msm-dwc3 a600000.ssusb( 0): Could not get usb psy
04-12 13:56:35.669 D/UsbDeviceManager( 1152): push notification:正在通过 USB 为此设备充电
04-12 13:56:35.682 D/CompatibilityChangeReporter( 1152): Compat change id reported: 135634846; UID 10026; state: DISABLED
04-12 13:56:35.682 D/CompatibilityChangeReporter( 1152): Compat change id reported: 177438394; UID 10026; state: DISABLED
04-12 13:56:35.683 D/CompatibilityChangeReporter( 1152): Compat change id reported: 135772972; UID 10026; state: DISABLED
04-12 13:56:35.683 D/CompatibilityChangeReporter( 1152): Compat change id reported: 135754954; UID 10026; state: ENABLED
04-12 13:56:35.684 D/CompatibilityChangeReporter( 1152): Compat change id reported: 143937733; UID 10026; state: ENABLED
01-01 10:05:13.909 I/android_work( 0): sent uevent USB_STATE=CONNECTED
01-01 10:05:13.932 I/configfs-gadget gadget( 0): high-speed config #1: b
01-01 10:05:13.939 E/msm-dwc3 a600000.ssusb( 0): Could not get usb psy
01-01 10:05:13.953 I/android_work( 0): sent uevent USB_STATE=CONFIGURED
04-12 13:56:35.734 W/ActivityManager( 1152): Slow operation: 53ms so far, now at startProcess: returned from zygote!
04-12 13:56:35.734 W/ActivityManager( 1152): Slow operation: 53ms so far, now at startProcess: done updating battery stats
04-12 13:56:35.734 W/ActivityManager( 1152): Slow operation: 53ms so far, now at startProcess: building log message
04-12 13:56:35.734 I/ActivityManager( 1152): Start proc 8035:android.process.media/u0a26 for broadcast {com.android.mtp/com.android.mtp.MtpReceiver}
04-12 13:56:35.734 W/ActivityManager( 1152): Slow operation: 53ms so far, now at startProcess: starting to update pids map
04-12 13:56:35.735 W/ActivityManager( 1152): Slow operation: 53ms so far, now at startProcess: done updating pids map
01-01 10:05:14.012 I/binder ( 0): 8035:8035 ioctl 40046210 7ffe7f3634 returned -22
04-12 13:56:35.791 D/CompatibilityChangeReporter( 1152): Compat change id reported: 168419799; UID 10026; state: DISABLED
04-12 13:56:35.847 I/GameModeConfig( 1152): isGameModeOn = false
04-12 13:56:35.848 I/GameModeConfig( 1152): isGameModeOn = false
04-12 13:56:35.873 I/GameModeConfig( 1152): isGameModeOn = false
04-12 13:56:35.875 W/NotificationHistory( 1152): Attempted to add notif for locked/gone/disabled user 0
04-12 13:56:35.877 I/GameModeConfig( 1152): isGameModeOn = false
04-12 13:56:35.879 W/NotificationHistory( 1152): Attempted to add notif for locked/gone/disabled user 0
01-01 10:05:22.209 E/DTC_ETH,link_delay_work_func( 0): 3003, SQI=3, link=1
04-12 13:56:45.923 I/GameModeConfig( 1152): isGameModeOn = false
01-01 10:05:24.353 E/msm-dwc3 a600000.ssusb( 0): Could not get usb psy
01-01 10:05:29.026 E/msm-dwc3 a600000.ssusb( 0): Could not get usb psy
01-01 10:05:29.042 I/android_work( 0): sent uevent USB_STATE=DISCONNECTED
01-01 10:05:29.074 I/android_work( 0): sent uevent USB_STATE=CONNECTED
01-01 10:05:29.090 I/configfs-gadget gadget( 0): high-speed config #1: b
01-01 10:05:29.096 E/msm-dwc3 a600000.ssusb( 0): Could not get usb psy
01-01 10:05:29.111 I/android_work( 0): sent uevent USB_STATE=CONFIGURED
01-01 10:05:29.161 I/ ( 0): read descriptors
01-01 10:05:29.164 I/ ( 0): read strings
01-01 10:05:29.169 I/init ( 0): processing action (sys.usb.config=diag,adb && sys.usb.configfs=1 && sys.usb.ffs.ready=1) from (/vendor/etc/init/hw/init.qcom.usb.rc:194)
01-01 10:05:29.186 I/init ( 0): Command 'rm /config/usb_gadget/g1/configs/b.1/f3' action=sys.usb.config=diag,adb && sys.usb.configfs=1 && sys.usb.ffs.ready=1 (/vendor/etc/init/hw/init.qcom.usb.rc:198) took 0ms and failed: unlink() failed: No such file or directory
01-01 10:05:29.209 I/init ( 0): Command 'rm /config/usb_gadget/g1/configs/b.1/f4' action=sys.usb.config=diag,adb && sys.usb.configfs=1 && sys.usb.ffs.ready=1 (/vendor/etc/init/hw/init.qcom.usb.rc:199) took 0ms and failed: unlink() failed: No such file or directory
01-01 10:05:29.232 I/init ( 0): Command 'rm /config/usb_gadget/g1/configs/b.1/f5' action=sys.usb.config=diag,adb && sys.usb.configfs=1 && sys.usb.ffs.ready=1 (/vendor/etc/init/hw/init.qcom.usb.rc:200) took 0ms and failed: unlink() failed: No such file or directory
01-01 10:05:29.257 I/init ( 0): Command 'rm /config/usb_gadget/g1/configs/b.1/f6' action=sys.usb.config=diag,adb && sys.usb.configfs=1 && sys.usb.ffs.ready=1 (/vendor/etc/init/hw/init.qcom.usb.rc:201) took 1ms and failed: unlink() failed: No such file or directory
01-01 10:05:29.279 I/init ( 0): Command 'rm /config/usb_gadget/g1/configs/b.1/f7' action=sys.usb.config=diag,adb && sys.usb.configfs=1 && sys.usb.ffs.ready=1 (/vendor/etc/init/hw/init.qcom.usb.rc:202) took 0ms and failed: unlink() failed: No such file or directory
01-01 10:05:29.302 I/init ( 0): Command 'rm /config/usb_gadget/g1/configs/b.1/f8' action=sys.usb.config=diag,adb && sys.usb.configfs=1 && sys.usb.ffs.ready=1 (/vendor/etc/init/hw/init.qcom.usb.rc:203) took 0ms and failed: unlink() failed: No such file or directory
01-01 10:05:29.325 I/init ( 0): Command 'rm /config/usb_gadget/g1/configs/b.1/f9' action=sys.usb.config=diag,adb && sys.usb.configfs=1 && sys.usb.ffs.ready=1 (/vendor/etc/init/hw/init.qcom.usb.rc:204) took 0ms and failed: unlink() failed: No such file or directory
01-01 10:05:29.349 I/init ( 0): Command 'write /config/usb_gadget/g1/functions/diag.diag/pid 0x901d' action=sys.usb.config=diag,adb && sys.usb.configfs=1 && sys.usb.ffs.ready=1 (/vendor/etc/init/hw/init.qcom.usb.rc:207) took 0ms and failed: Unable to write to file '/config/usb_gadget/g1/functions/diag.diag/pid': open() failed: Permission denied
01-01 10:05:29.450 I/android_work( 0): sent uevent USB_STATE=DISCONNECTED
01-01 10:05:29.457 I/init ( 0): Command 'write /config/usb_gadget/g1/UDC ${sys.usb.controller}' action=sys.usb.config=diag,adb && sys.usb.configfs=1 && sys.usb.ffs.ready=1 (/vendor/etc/init/hw/init.qcom.usb.rc:210) took 77ms and succeeded
01-01 10:05:29.555 E/msm-dwc3 a600000.ssusb( 0): Could not get usb psy
01-01 10:05:30.494 E/diag ( 0): Unable to allocate usb requests for diag, write: 53 read: 1, err: -19
01-01 10:05:30.926 E/msm-dwc3 a600000.ssusb( 0): Could not get usb psy
01-01 10:05:30.933 I/android_work( 0): did not send uevent (0 0 0000000000000000)
01-01 10:05:30.984 I/android_work( 0): sent uevent USB_STATE=CONNECTED
