04-12 14:13:04.807 D/LOWI-9.0.0.87.a( 1509): [LOWI-Scan] BSS 98:f1:81:81:79:a4 LOWI_PHY_MODE_11AC_VHT80(10), Beacon Interval: 100, LOWI_ENCRYPTION_TYPE_OPEN 11mcRanging: No, ANQP: No, LCI: No, Civic: No, capability(0x8001): ESS
04-12 14:13:04.807 D/LOWI-9.0.0.87.a( 1509): [LOWI-Scan] BSS 98:f1:81:81:79:a4 FREQ: 5240, cFreq1[40:80:160] = [5230:5210:0] cFreq2 = 0 Country Code = CN
04-12 14:13:04.807 D/LOWI-9.0.0.87.a( 1509): [LOWI-Scan] BSS 98:f1:81:81:79:a4 (wlan0) ASSO: NO AddInfo: 0x0, TSF 0, 02:21:34.834, RSSI: -140, CPL: 127, AGE: 1328, SSID HH-Guest, TSFDelta: 0x7747b82, TXRate: 0
04-12 14:13:04.808 D/LOWI-9.0.0.87.a( 1509): [LOWI-Scan]
04-12 14:13:04.808 D/LOWI-9.0.0.87.a( 1509): [LOWI-Scan] print_bss_handler: Report Probe TSF 8485426823 as it greater than Beacon TSF 0
04-12 14:13:04.808 D/LOWI-9.0.0.87.a( 1509): [LOWI-Scan] decode_rsn_wpa_ie: LOWI_ENCRYPTION_TYPE_WPA_PSK
04-12 14:13:04.808 D/LOWI-9.0.0.87.a( 1509): [LOWI-Scan] is_qcom_ie, bss_age: 0
04-12 14:13:04.808 D/LOWI-9.0.0.87.a( 1509): [LOWI-Scan] adjust_age:AP AGE upper limit reached. Dont store
04-12 14:13:04.808 D/LOWI-9.0.0.87.a( 1509): [LOWI-Scan] BSS 98:f1:81:81:83:11 LOWI_PHY_MODE_11AC_VHT20(8), Beacon Interval: 100, LOWI_ENCRYPTION_TYPE_WPA_PSK 11mcRanging: No, ANQP: No, LCI: No, Civic: No, capability(0x8011): ESS Privacy
04-12 14:13:04.808 D/LOWI-9.0.0.87.a( 1509): [LOWI-Scan] BSS 98:f1:81:81:83:11 FREQ: 5825, cFreq1[40:80:160] = [0:0:0] cFreq2 = 0 Country Code = CN
04-12 14:13:04.808 D/LOWI-9.0.0.87.a( 1509): [LOWI-Scan] BSS 98:f1:81:81:83:11 (wlan0) ASSO: NO AddInfo: 0x0, TSF 0, 02:21:25.426, RSSI: -140, CPL: 127, AGE: 10736, SSID HH-NEW, TSFDelta: 0x1b0208b1, TXRate: 0
04-12 14:13:04.809 D/LOWI-9.0.0.87.a( 1509): [LOWI-Scan]
04-12 14:13:04.809 D/LOWI-9.0.0.87.a( 1509): [LOWI-Scan] print_bss_handler: Report beacon TSF 8495684443 as it greater than probe TSF 8495647406
04-12 14:13:04.809 D/LOWI-9.0.0.87.a( 1509): [LOWI-Scan] decode_rsn_wpa_ie: LOWI_ENCRYPTION_TYPE_WPA_PSK
04-12 14:13:04.809 D/LOWI-9.0.0.87.a( 1509): [LOWI-Scan] is_qcom_ie, bss_age: 0
04-12 14:13:04.809 D/LOWI-9.0.0.87.a( 1509): [LOWI-Scan] BSS 98:f1:81:80:45:60 LOWI_PHY_MODE_11AC_VHT80(10), Beacon Interval: 100, LOWI_ENCRYPTION_TYPE_WPA_PSK 11mcRanging: No, ANQP: No, LCI: No, Civic: No, capability(0x8011): ESS Privacy
04-12 14:13:04.809 D/LOWI-9.0.0.87.a( 1509): [LOWI-Scan] BSS 98:f1:81:80:45:60 FREQ: 5280, cFreq1[40:80:160] = [5270:5290:0] cFreq2 = 0 Country Code = CN
04-12 14:13:04.809 D/LOWI-9.0.0.87.a( 1509): [LOWI-Scan] BSS 98:f1:81:80:45:60 (wlan0) ASSO: NO AddInfo: 0x1, TSF 0, 02:21:35.684, RSSI: -130, CPL: 127, AGE: 476, SSID Hello, TSFDelta: 0x1eb7a3c4, TXRate: 0
04-12 14:13:04.810 D/LOWI-9.0.0.87.a( 1509): [LOWI-Scan]
04-12 14:13:04.810 D/LOWI-9.0.0.87.a( 1509): [LOWI-Scan] print_bss_handler: Report beacon TSF 8495687043 as it greater than probe TSF 8495652219
04-12 14:13:04.810 D/LOWI-9.0.0.87.a( 1509): [LOWI-Scan] decode_rsn_wpa_ie: LOWI_ENCRYPTION_TYPE_WPA_EAP
04-12 14:13:04.811 D/LOWI-9.0.0.87.a( 1509): [LOWI-Scan] is_qcom_ie, bss_age: 0
04-12 14:13:04.811 D/LOWI-9.0.0.87.a( 1509): [LOWI-Scan] BSS 98:f1:81:80:45:62 LOWI_PHY_MODE_11AC_VHT80(10), Beacon Interval: 100, LOWI_ENCRYPTION_TYPE_WPA_EAP 11mcRanging: No, ANQP: No, LCI: No, Civic: No, capability(0x8011): ESS Privacy
04-12 14:13:04.811 D/LOWI-9.0.0.87.a( 1509): [LOWI-Scan] BSS 98:f1:81:80:45:62 FREQ: 5280, cFreq1[40:80:160] = [5270:5290:0] cFreq2 = 0 Country Code = CN
04-12 14:13:04.811 D/LOWI-9.0.0.87.a( 1509): [LOWI-Scan] BSS 98:f1:81:80:45:62 (wlan0) ASSO: NO AddInfo: 0x1, TSF 0, 02:21:35.687, RSSI: -130, CPL: 127, AGE: 476, SSID HH, TSFDelta: 0x1ec577c9, TXRate: 0
04-12 14:13:04.811 D/LOWI-9.0.0.87.a( 1509): [LOWI-Scan]
04-12 14:13:04.811 D/LOWI-9.0.0.87.a( 1509): [LOWI-Scan] print_bss_handler: Report beacon TSF 8495687911 as it greater than probe TSF 8495653086
04-12 14:13:04.811 D/LOWI-9.0.0.87.a( 1509): [LOWI-Scan] is_qcom_ie, bss_age: 0
04-12 14:13:04.811 D/LOWI-9.0.0.87.a( 1509): [LOWI-Scan] BSS 98:f1:81:80:45:63 LOWI_PHY_MODE_11AC_VHT80(10), Beacon Interval: 100, LOWI_ENCRYPTION_TYPE_OPEN 11mcRanging: No, ANQP: No, LCI: No, Civic: No, capability(0x8001): ESS
04-12 14:13:04.811 D/LOWI-9.0.0.87.a( 1509): [LOWI-Scan] BSS 98:f1:81:80:45:63 FREQ: 5280, cFreq1[40:80:160] = [5270:5290:0] cFreq2 = 0 Country Code = CN
04-12 14:13:04.811 D/LOWI-9.0.0.87.a( 1509): [LOWI-Scan] BSS 98:f1:81:80:45:63 (wlan0) ASSO: NO AddInfo: 0x1, TSF 0, 02:21:35.687, RSSI: -130, CPL: 127, AGE: 476, SSID HH-mobile, TSFDelta: 0x1ec9d2fd, TXRate: 0
04-12 14:13:04.811 D/LOWI-9.0.0.87.a( 1509): [LOWI-Scan]
04-12 14:13:04.811 D/LOWI-9.0.0.87.a( 1509): [LOWI-Scan] print_bss_handler: Report beacon TSF 8495691055 as it greater than probe TSF 8495657168
04-12 14:13:04.811 D/LOWI-9.0.0.87.a( 1509): [LOWI-Scan] is_qcom_ie, bss_age: 0
04-12 14:13:04.812 D/LOWI-9.0.0.87.a( 1509): [LOWI-Scan] BSS 98:f1:81:80:45:64 LOWI_PHY_MODE_11AC_VHT80(10), Beacon Interval: 100, LOWI_ENCRYPTION_TYPE_OPEN 11mcRanging: No, ANQP: No, LCI: No, Civic: No, capability(0x8001): ESS
04-12 14:13:04.812 D/LOWI-9.0.0.87.a( 1509): [LOWI-Scan] BSS 98:f1:81:80:45:64 FREQ: 5280, cFreq1[40:80:160] = [5270:5290:0] cFreq2 = 0 Country Code = CN
04-12 14:13:04.812 D/LOWI-9.0.0.87.a( 1509): [LOWI-Scan] BSS 98:f1:81:80:45:64 (wlan0) ASSO: NO AddInfo: 0x1, TSF 0, 02:21:35.691, RSSI: -130, CPL: 127, AGE: 472, SSID HH-Guest, TSFDelta: 0x1ecdba27, TXRate: 0
04-12 14:13:04.812 D/LOWI-9.0.0.87.a( 1509): [LOWI-Scan]
04-12 14:13:04.812 D/LOWI-9.0.0.87.a( 1509): [LOWI-Scan] print_bss_handler: Report beacon TSF 8486108832 as it greater than probe TSF 8486108832
04-12 14:13:04.812 D/LOWI-9.0.0.87.a( 1509): [LOWI-Scan] decode_rsn_wpa_ie: LOWI_ENCRYPTION_TYPE_WPA_EAP
04-12 14:13:04.812 D/LOWI-9.0.0.87.a( 1509): [LOWI-Scan] is_qcom_ie, bss_age: 0
04-12 14:13:04.812 D/LOWI-9.0.0.87.a( 1509): [LOWI-Scan] adjust_age:AP AGE upper limit reached. Dont store
04-12 14:13:04.812 D/LOWI-9.0.0.87.a( 1509): [LOWI-Scan] BSS 98:f1:81:81:6e:c2 LOWI_PHY_MODE_11AC_VHT80(10), Beacon Interval: 100, LOWI_ENCRYPTION_TYPE_WPA_EAP 11mcRanging: No, ANQP: No, LCI: No, Civic: No, capability(0x8011): ESS Privacy
04-12 14:13:04.812 D/LOWI-9.0.0.87.a( 1509): [LOWI-Scan] BSS 98:f1:81:81:6e:c2 FREQ: 5320, cFreq1[40:80:160] = [5310:5290:0] cFreq2 = 0 Country Code = CN
04-12 14:13:04.812 D/LOWI-9.0.0.87.a( 1509): [LOWI-Scan] BSS 98:f1:81:81:6e:c2 (wlan0) ASSO: NO AddInfo: 0x1, TSF 0, 02:21:26.108, RSSI: -178, CPL: 127, AGE: 10052, SSID HH, TSFDelta: 0x2e89571c, TXRate: 0
04-12 14:13:04.812 D/LOWI-9.0.0.87.a( 1509): [LOWI-Scan]
04-12 14:13:04.813 D/LOWI-9.0.0.87.a( 1509): [LOWI-Scan] print_bss_handler: Report Probe TSF 8494616823 as it greater than Beacon TSF 8494613429
04-12 14:13:04.813 D/LOWI-9.0.0.87.a( 1509): [LOWI-Scan] decode_rsn_wpa_ie: LOWI_ENCRYPTION_TYPE_WPA_PSK
04-12 14:13:04.813 D/LOWI-9.0.0.87.a( 1509): [LOWI-Scan] is_qcom_ie, bss_age: 0
04-12 14:13:04.813 D/LOWI-9.0.0.87.a( 1509): [LOWI-Scan] BSS 98:f1:81:81:83:01 LOWI_PHY_MODE_11AC_VHT80(10), Beacon Interval: 100, LOWI_ENCRYPTION_TYPE_WPA_PSK 11mcRanging: No, ANQP: No, LCI: No, Civic: No, capability(0x8011): ESS Privacy
04-12 14:13:04.813 D/LOWI-9.0.0.87.a( 1509): [LOWI-Scan] BSS 98:f1:81:81:83:01 FREQ: 5200, cFreq1[40:80:160] = [5190:5210:0] cFreq2 = 0 Country Code = CN
04-12 14:13:04.813 D/LOWI-9.0.0.87.a( 1509): [LOWI-Scan] BSS 98:f1:81:81:83:01 (wlan0) ASSO: NO AddInfo: 0x0, TSF 0, 02:21:34.616, RSSI: -138, CPL: 127, AGE: 1544, SSID HH-NEW, TSFDelta: 0x13eb5f1, TXRate: 0
04-12 14:13:04.813 D/LOWI-9.0.0.87.a( 1509): [LOWI-Scan]
01-01 10:21:43.022 I/[schedu][0x2602d34134][14:13:04.787094] wlan( 0): [2281:I:OSIF] vdev 0, scan id 40968 type COMPLETED(1) reason COMPLETED(1) scan found 35 bss
04-12 14:13:04.813 D/LOWI-9.0.0.87.a( 1509): [LOWI-Scan] print_bss_handler: Report Probe TSF 8494617421 as it greater than Beacon TSF 8494613990
04-12 14:13:04.813 D/LOWI-9.0.0.87.a( 1509): [LOWI-Scan] decode_rsn_wpa_ie: LOWI_ENCRYPTION_TYPE_WPA_EAP
04-12 14:13:04.813 D/LOWI-9.0.0.87.a( 1509): [LOWI-Scan] is_qcom_ie, bss_age: 0
04-12 14:13:04.813 D/LOWI-9.0.0.87.a( 1509): [LOWI-Scan] BSS 98:f1:81:81:83:02 LOWI_PHY_MODE_11AC_VHT80(10), Beacon Interval: 100, LOWI_ENCRYPTION_TYPE_WPA_EAP 11mcRanging: No, ANQP: No, LCI: No, Civic: No, capability(0x8011): ESS Privacy
04-12 14:13:04.813 D/LOWI-9.0.0.87.a( 1509): [LOWI-Scan] BSS 98:f1:81:81:83:02 FREQ: 5200, cFreq1[40:80:160] = [5190:5210:0] cFreq2 = 0 Country Code = CN
04-12 14:13:04.813 D/LOWI-9.0.0.87.a( 1509): [LOWI-Scan] BSS 98:f1:81:81:83:02 (wlan0) ASSO: NO AddInfo: 0x0, TSF 0, 02:21:34.617, RSSI: -138, CPL: 127, AGE: 1544, SSID HH, TSFDelta: 0x1432971, TXRate: 0
04-12 14:13:04.814 D/LOWI-9.0.0.87.a( 1509): [LOWI-Scan]
04-12 14:13:04.814 D/LOWI-9.0.0.87.a( 1509): [LOWI-Scan] print_bss_handler: Report Probe TSF 8494617941 as it greater than Beacon TSF 8494614530
04-12 14:13:04.814 D/LOWI-9.0.0.87.a( 1509): [LOWI-Scan] is_qcom_ie, bss_age: 0
04-12 14:13:04.814 D/LOWI-9.0.0.87.a( 1509): [LOWI-Scan] BSS 98:f1:81:81:83:03 LOWI_PHY_MODE_11AC_VHT80(10), Beacon Interval: 100, LOWI_ENCRYPTION_TYPE_OPEN 11mcRanging: No, ANQP: No, LCI: No, Civic: No, capability(0x8001): ESS
04-12 14:13:04.814 D/LOWI-9.0.0.87.a( 1509): [LOWI-Scan] BSS 98:f1:81:81:83:03 FREQ: 5200, cFreq1[40:80:160] = [5190:5210:0] cFreq2 = 0 Country Code = CN
04-12 14:13:04.814 D/LOWI-9.0.0.87.a( 1509): [LOWI-Scan] BSS 98:f1:81:81:83:03 (wlan0) ASSO: NO AddInfo: 0x0, TSF 0, 02:21:34.617, RSSI: -138, CPL: 127, AGE: 1544, SSID HH-mobile, TSFDelta: 0x14782c6, TXRate: 0
04-12 14:13:04.814 D/LOWI-9.0.0.87.a( 1509): [LOWI-Scan]
04-12 14:13:04.814 D/LOWI-9.0.0.87.a( 1509): [LOWI-Scan] print_bss_handler: Report beacon TSF 8494928555 as it greater than probe TSF 8494928555
04-12 14:13:04.814 D/LOWI-9.0.0.87.a( 1509): [LOWI-Scan] is_qcom_ie, bss_age: 0
04-12 14:13:04.814 D/LOWI-9.0.0.87.a( 1509): [LOWI-Scan] BSS 98:f1:81:80:45:82 LOWI_PHY_MODE_11AC_VHT20_2G(11), Beacon Interval: 100, LOWI_ENCRYPTION_TYPE_OPEN 11mcRanging: No, ANQP: No, LCI: No, Civic: No, capability(0x8421): ESS ShortPreamble ShortSlotTime
04-12 14:13:04.814 D/LOWI-9.0.0.87.a( 1509): [LOWI-Scan] BSS 98:f1:81:80:45:82 FREQ: 2437, cFreq1[40:80:160] = [0:0:0] cFreq2 = 0 Country Code = CN
04-12 14:13:04.814 D/LOWI-9.0.0.87.a( 1509): [LOWI-Scan] BSS 98:f1:81:80:45:82 (wlan0) ASSO: NO AddInfo: 0x1, TSF 0, 02:21:34.928, RSSI: -150, CPL: 127, AGE: 1232, SSID HH-Guest, TSFDelta: 0x9d508e2, TXRate: 0
04-12 14:13:04.815 D/LOWI-9.0.0.87.a( 1509): [LOWI-Scan]
04-12 14:13:04.815 D/LOWI-9.0.0.87.a( 1509): [LOWI-Scan] print_bss_handler: Report Probe TSF 8494989070 as it greater than Beacon TSF 8484854002
04-12 14:13:04.815 D/LOWI-9.0.0.87.a( 1509): [LOWI-Scan] decode_rsn_wpa_ie: LOWI_ENCRYPTION_TYPE_WPA_PSK
04-12 14:13:04.815 D/LOWI-9.0.0.87.a( 1509): [LOWI-Scan] is_qcom_ie, bss_age: 0
04-12 14:13:04.815 D/LOWI-9.0.0.87.a( 1509): [LOWI-Scan] BSS ec:60:73:0f:c5:0c LOWI_PHY_MODE_11NG_HT40(7), Beacon Interval: 100, LOWI_ENCRYPTION_TYPE_WPA_PSK 11mcRanging: No, ANQP: No, LCI: No, Civic: No, capability(0x1411): ESS Privacy ShortSlotTime
04-12 14:13:04.815 D/LOWI-9.0.0.87.a( 1509): [LOWI-Scan] BSS ec:60:73:0f:c5:0c FREQ: 2437, cFreq1[40:80:160] = [2427:0:0] cFreq2 = 0 Country Code = CN
04-12 14:13:04.815 D/LOWI-9.0.0.87.a( 1509): [LOWI-Scan] BSS ec:60:73:0f:c5:0c (wlan0) ASSO: NO AddInfo: 0x0, TSF 0, 02:21:34.989, RSSI: -112, CPL: 127, AGE: 1172, SSID HH_Colorgroup, TSFDelta: 0x310b130d, TXRate: 0
04-12 14:13:04.815 D/LOWI-9.0.0.87.a( 1509): [LOWI-Scan]
04-12 14:13:04.815 D/LOWI-9.0.0.87.a( 1509): [LOWI-Scan] print_bss_handler: Report Probe TSF 8495191865 as it greater than Beacon TSF 0
04-12 14:13:04.815 D/LOWI-9.0.0.87.a( 1509): [LOWI-Scan] decode_rsn_wpa_ie: LOWI_ENCRYPTION_TYPE_WPA_PSK
04-12 14:13:04.815 D/LOWI-9.0.0.87.a( 1509): [LOWI-Scan] is_qcom_ie, bss_age: 0
04-12 14:13:04.815 D/LOWI-9.0.0.87.a( 1509): [LOWI-Scan] BSS ec:60:73:0f:c5:0e LOWI_PHY_MODE_11AC_VHT80(10), Beacon Interval: 100, LOWI_ENCRYPTION_TYPE_WPA_PSK 11mcRanging: No, ANQP: No, LCI: No, Civic: No, capability(0x1011): ESS Privacy
04-12 14:13:04.815 D/LOWI-9.0.0.87.a( 1509): [LOWI-Scan] BSS ec:60:73:0f:c5:0e FREQ: 5785, cFreq1[40:80:160] = [5795:5775:0] cFreq2 = 0 Country Code = CN
04-12 14:13:04.815 D/LOWI-9.0.0.87.a( 1509): [LOWI-Scan] BSS ec:60:73:0f:c5:0e (wlan0) ASSO: NO AddInfo: 0x0, TSF 0, 02:21:35.191, RSSI: -82, CPL: 127, AGE: 972, SSID HH_Colorgroup, TSFDelta: 0x362d9d62, TXRate: 0
04-12 14:13:04.816 D/LOWI-9.0.0.87.a( 1509): [LOWI-Scan]
04-12 14:13:04.816 D/LOWI-9.0.0.87.a( 1509): [LOWI-Scan] print_bss_handler: Report beacon TSF 8485362879 as it greater than probe TSF 8485362879
04-12 14:13:04.816 D/LOWI-9.0.0.87.a( 1509): [LOWI-Scan] decode_rsn_wpa_ie: LOWI_ENCRYPTION_TYPE_WPA_PSK
04-12 14:13:04.816 D/LOWI-9.0.0.87.a( 1509): [LOWI-Scan] is_qcom_ie, bss_age: 0
04-12 14:13:04.816 D/LOWI-9.0.0.87.a( 1509): [LOWI-Scan] adjust_age:AP AGE upper limit reached. Dont store
04-12 14:13:04.816 D/LOWI-9.0.0.87.a( 1509): [LOWI-Scan] BSS ec:60:73:2a:8d:f7 LOWI_PHY_MODE_11NG_HT40(7), Beacon Interval: 100, LOWI_ENCRYPTION_TYPE_WPA_PSK 11mcRanging: No, ANQP: No, LCI: No, Civic: No, capability(0x1411): ESS Privacy ShortSlotTime
04-12 14:13:04.816 D/LOWI-9.0.0.87.a( 1509): [LOWI-Scan] BSS ec:60:73:2a:8d:f7 FREQ: 2462, cFreq1[40:80:160] = [2452:0:0] cFreq2 = 0 Country Code = CN
04-12 14:13:04.816 D/LOWI-9.0.0.87.a( 1509): [LOWI-Scan] BSS ec:60:73:2a:8d:f7 (wlan0) ASSO: NO AddInfo: 0x1, TSF 0, 02:21:25.362, RSSI: -176, CPL: 127, AGE: 10800, SSID HH_MediaGroup, TSFDelta: 0x56b99999, TXRate: 0
04-12 14:13:04.816 D/LOWI-9.0.0.87.a( 1509): [LOWI-Scan]
04-12 14:13:04.816 D/LOWI-9.0.0.87.a( 1509): [LOWI-Scan] print_bss_handler: Report beacon TSF 8485364541 as it greater than probe TSF 8485364541
04-12 14:13:04.816 D/LOWI-9.0.0.87.a( 1509): [LOWI-Scan] decode_rsn_wpa_ie: LOWI_ENCRYPTION_TYPE_WPA_PSK
04-12 14:13:04.816 D/LOWI-9.0.0.87.a( 1509): [LOWI-Scan] is_qcom_ie, bss_age: 0
04-12 14:13:04.816 D/LOWI-9.0.0.87.a( 1509): [LOWI-Scan] adjust_age:AP AGE upper limit reached. Dont store
04-12 14:13:04.816 D/LOWI-9.0.0.87.a( 1509): [LOWI-Scan] BSS ee:60:73:29:8d:f7 LOWI_PHY_MODE_11NG_HT40(7), Beacon Interval: 100, LOWI_ENCRYPTION_TYPE_WPA_PSK 11mcRanging: No, ANQP: No, LCI: No, Civic: No, capability(0x0411): ESS Privacy ShortSlotTime
04-12 14:13:04.816 D/LOWI-9.0.0.87.a( 1509): [LOWI-Scan] BSS ee:60:73:29:8d:f7 FREQ: 2462, cFreq1[40:80:160] = [2452:0:0] cFreq2 = 0 Country Code = CN
04-12 14:13:04.816 D/LOWI-9.0.0.87.a( 1509): [LOWI-Scan] BSS ee:60:73:29:8d:f7 (wlan0) ASSO: NO AddInfo: 0x1, TSF 0, 02:21:25.364, RSSI: -180, CPL: 127, AGE: 10796, SSID , TSFDelta: 0x56cc1e09, TXRate: 0
04-12 14:13:04.817 D/LOWI-9.0.0.87.a( 1509): [LOWI-Scan]
04-12 14:13:04.817 D/LOWI-9.0.0.87.a( 1509): [LOWI-Scan] print_bss_handler: Report Probe TSF 8485426377 as it greater than Beacon TSF 0
04-12 14:13:04.817 D/LOWI-9.0.0.87.a( 1509): [LOWI-Scan] decode_rsn_wpa_ie: LOWI_ENCRYPTION_TYPE_WPA_PSK
04-12 14:13:04.817 D/LOWI-9.0.0.87.a( 1509): [LOWI-Scan] is_qcom_ie, bss_age: 0
04-12 14:13:04.817 D/LOWI-9.0.0.87.a( 1509): [LOWI-Scan] adjust_age:AP AGE upper limit reached. Dont store
04-12 14:13:04.817 D/LOWI-9.0.0.87.a( 1509): [LOWI-Scan] BSS 98:f1:81:81:83:10 LOWI_PHY_MODE_11AC_VHT20(8), Beacon Interval: 100, LOWI_ENCRYPTION_TYPE_WPA_PSK 11mcRanging: No, ANQP: No, LCI: No, Civic: No, capability(0x8011): ESS Privacy
04-12 14:13:04.817 D/LOWI-9.0.0.87.a( 1509): [LOWI-Scan] BSS 98:f1:81:81:83:10 FREQ: 5825, cFreq1[40:80:160] = [0:0:0] cFreq2 = 0 Country Code = CN
04-12 14:13:04.817 D/LOWI-9.0.0.87.a( 1509): [LOWI-Scan] BSS 98:f1:81:81:83:10 (wlan0) ASSO: NO AddInfo: 0x0, TSF 0, 02:21:25.426, RSSI: -142, CPL: 127, AGE: 10736, SSID Hello, TSFDelta: 0x1afd772a, TXRate: 0
04-12 14:13:04.817 D/LOWI-9.0.0.87.a( 1509): [LOWI-Scan]
04-12 14:13:04.817 D/LOWI-9.0.0.87.a( 1509): [LOWI-Scan] print_bss_handler: Report Probe TSF 8485427796 as it greater than Beacon TSF 0
04-12 14:13:04.817 D/LOWI-9.0.0.87.a( 1509): [LOWI-Scan] decode_rsn_wpa_ie: LOWI_ENCRYPTION_TYPE_WPA_EAP
04-12 14:13:04.817 D/LOWI-9.0.0.87.a( 1509): [LOWI-Scan] is_qcom_ie, bss_age: 0
04-12 14:13:04.817 D/LOWI-9.0.0.87.a( 1509): [LOWI-Scan] adjust_age:AP AGE upper limit reached. Dont store
04-12 14:13:04.817 D/LOWI-9.0.0.87.a( 1509): [LOWI-Scan] BSS 98:f1:81:81:83:12 LOWI_PHY_MODE_11AC_VHT20(8), Beacon Interval: 100, LOWI_ENCRYPTION_TYPE_WPA_EAP 11mcRanging: No, ANQP: No, LCI: No, Civic: No, capability(0x8011): ESS Privacy
04-12 14:13:04.818 D/LOWI-9.0.0.87.a( 1509): [LOWI-Scan] BSS 98:f1:81:81:83:12 FREQ: 5825, cFreq1[40:80:160] = [0:0:0] cFreq2 = 0 Country Code = CN
04-12 14:13:04.818 D/LOWI-9.0.0.87.a( 1509): [LOWI-Scan] BSS 98:f1:81:81:83:12 (wlan0) ASSO: NO AddInfo: 0x0, TSF 0, 02:21:25.427, RSSI: -142, CPL: 127, AGE: 10736, SSID HH, TSFDelta: 0x1b069842, TXRate: 0
04-12 14:13:04.818 D/LOWI-9.0.0.87.a( 1509): [LOWI-Scan]
04-12 14:13:04.818 D/LOWI-9.0.0.87.a( 1509): [LOWI-Scan] print_bss_handler: Report Probe TSF 8479886194 as it greater than Beacon TSF 0
04-12 14:13:04.818 D/LOWI-9.0.0.87.a( 1509): [LOWI-Scan] is_qcom_ie, bss_age: 0
04-12 14:13:04.818 D/LOWI-9.0.0.87.a( 1509): [LOWI-Scan] adjust_age:AP AGE upper limit reached. Dont store
04-12 14:13:04.818 D/LOWI-9.0.0.87.a( 1509): [LOWI-Scan] BSS 98:f1:81:81:83:13 LOWI_PHY_MODE_11AC_VHT20(8), Beacon Interval: 100, LOWI_ENCRYPTION_TYPE_OPEN 11mcRanging: No, ANQP: No, LCI: No, Civic: No, capability(0x8001): ESS
04-12 14:13:04.818 D/LOWI-9.0.0.87.a( 1509): [LOWI-Scan] BSS 98:f1:81:81:83:13 FREQ: 5825, cFreq1[40:80:160] = [0:0:0] cFreq2 = 0 Country Code = CN
04-12 14:13:04.818 D/LOWI-9.0.0.87.a( 1509): [LOWI-Scan] BSS 98:f1:81:81:83:13 (wlan0) ASSO: NO AddInfo: 0x0, TSF 0, 02:21:19.886, RSSI: -140, CPL: 127, AGE: 16276, SSID HH-mobile, TSFDelta: 0x1cc1a25c, TXRate: 0
04-12 14:13:04.818 D/LOWI-9.0.0.87.a( 1509): [LOWI-Scan]
04-12 14:13:04.818 D/LOWI-9.0.0.87.a( 1509): [LOWI-Scan] print_bss_handler: Report Probe TSF 8479888185 as it greater than Beacon TSF 0
04-12 14:13:04.818 D/LOWI-9.0.0.87.a( 1509): [LOWI-Scan] is_qcom_ie, bss_age: 0
04-12 14:13:04.818 D/LOWI-9.0.0.87.a( 1509): [LOWI-Scan] adjust_age:AP AGE upper limit reached. Dont store
04-12 14:13:04.819 D/LOWI-9.0.0.87.a( 1509): [LOWI-Scan] BSS 98:f1:81:81:83:14 LOWI_PHY_MODE_11AC_VHT20(8), Beacon Interval: 100, LOWI_ENCRYPTION_TYPE_OPEN 11mcRanging: No, ANQP: No, LCI: No, Civic: No, capability(0x8001): ESS
04-12 14:13:04.819 D/LOWI-9.0.0.87.a( 1509): [LOWI-Scan] BSS 98:f1:81:81:83:14 FREQ: 5825, cFreq1[40:80:160] = [0:0:0] cFreq2 = 0 Country Code = CN
04-12 14:13:04.819 D/LOWI-9.0.0.87.a( 1509): [LOWI-Scan] BSS 98:f1:81:81:83:14 (wlan0) ASSO: NO AddInfo: 0x0, TSF 0, 02:21:19.888, RSSI: -140, CPL: 127, AGE: 16272, SSID HH-Guest, TSFDelta: 0x1cd0e534, TXRate: 0
04-12 14:13:04.819 D/LOWI-9.0.0.87.a( 1509): [LOWI-Scan]
04-12 14:13:04.819 D/LOWI-9.0.0.87.a( 1509): [LOWI-Scan] print_bss_handler: Report beacon TSF 8494926671 as it greater than probe TSF 8494926671
04-12 14:13:04.819 D/LOWI-9.0.0.87.a( 1509): [LOWI-Scan] decode_rsn_wpa_ie: LOWI_ENCRYPTION_TYPE_WPA_PSK
04-12 14:13:04.819 D/LOWI-9.0.0.87.a( 1509): [LOWI-Scan] is_qcom_ie, bss_age: 0
04-12 14:13:04.819 D/LOWI-9.0.0.87.a( 1509): [LOWI-Scan] BSS 98:f1:81:80:45:80 LOWI_PHY_MODE_11AC_VHT20_2G(11), Beacon Interval: 100, LOWI_ENCRYPTION_TYPE_WPA_PSK 11mcRanging: No, ANQP: No, LCI: No, Civic: No, capability(0x8431): ESS Privacy ShortPreamble ShortSlotTime
04-12 14:13:04.819 D/LOWI-9.0.0.87.a( 1509): [LOWI-Scan] BSS 98:f1:81:80:45:80 FREQ: 2437, cFreq1[40:80:160] = [0:0:0] cFreq2 = 0 Country Code = CN
04-12 14:13:04.819 D/LOWI-9.0.0.87.a( 1509): [LOWI-Scan] BSS 98:f1:81:80:45:80 (wlan0) ASSO: NO AddInfo: 0x1, TSF 0, 02:21:34.926, RSSI: -154, CPL: 127, AGE: 1236, SSID HH-NEW, TSFDelta: 0x9b01277, TXRate: 0
04-12 14:13:04.819 D/LOWI-9.0.0.87.a( 1509): [LOWI-Scan]
04-12 14:13:04.819 D/LOWI-9.0.0.87.a( 1509): [LOWI-Scan] print_bss_handler: Report beacon TSF 8494927575 as it greater than probe TSF 8494927575
04-12 14:13:04.819 D/LOWI-9.0.0.87.a( 1509): [LOWI-Scan] decode_rsn_wpa_ie: LOWI_ENCRYPTION_TYPE_WPA_EAP
04-12 14:13:04.819 D/LOWI-9.0.0.87.a( 1509): [LOWI-Scan] is_qcom_ie, bss_age: 0
04-12 14:13:04.819 D/LOWI-9.0.0.87.a( 1509): [LOWI-Scan] BSS 98:f1:81:80:45:81 LOWI_PHY_MODE_11AC_VHT20_2G(11), Beacon Interval: 100, LOWI_ENCRYPTION_TYPE_WPA_EAP 11mcRanging: No, ANQP: No, LCI: No, Civic: No, capability(0x8431): ESS Privacy ShortPreamble ShortSlotTime
04-12 14:13:04.820 D/LOWI-9.0.0.87.a( 1509): [LOWI-Scan] BSS 98:f1:81:80:45:81 FREQ: 2437, cFreq1[40:80:160] = [0:0:0] cFreq2 = 0 Country Code = CN
04-12 14:13:04.820 D/LOWI-9.0.0.87.a( 1509): [LOWI-Scan] BSS 98:f1:81:80:45:81 (wlan0) ASSO: NO AddInfo: 0x1, TSF 0, 02:21:34.927, RSSI: -150, CPL: 127, AGE: 1236, SSID HH, TSFDelta: 0x9c2fcac, TXRate: 0
04-12 14:13:04.820 D/LOWI-9.0.0.87.a( 1509): [LOWI-Scan]
04-12 14:13:04.820 D/LOWI-9.0.0.87.a( 1509): [LOWI-Scan] print_bss_handler: Report Probe TSF 8485316472 as it greater than Beacon TSF 0
04-12 14:13:04.820 D/LOWI-9.0.0.87.a( 1509): [LOWI-Scan] decode_rsn_wpa_ie: LOWI_ENCRYPTION_TYPE_WPA_PSK
04-12 14:13:04.820 D/LOWI-9.0.0.87.a( 1509): [LOWI-Scan] is_qcom_ie, bss_age: 0
04-12 14:13:04.820 D/LOWI-9.0.0.87.a( 1509): [LOWI-Scan] adjust_age:AP AGE upper limit reached. Dont store
04-12 14:13:04.820 D/LOWI-9.0.0.87.a( 1509): [LOWI-Scan] BSS ec:60:73:2a:8d:f9 LOWI_PHY_MODE_11AC_VHT80(10), Beacon Interval: 100, LOWI_ENCRYPTION_TYPE_WPA_PSK 11mcRanging: No, ANQP: No, LCI: No, Civic: No, capability(0x1011): ESS Privacy
04-12 14:13:04.820 D/LOWI-9.0.0.87.a( 1509): [LOWI-Scan] BSS ec:60:73:2a:8d:f9 FREQ: 5805, cFreq1[40:80:160] = [5795:5775:0] cFreq2 = 0 Country Code = CN
04-12 14:13:04.820 D/LOWI-9.0.0.87.a( 1509): [LOWI-Scan] BSS ec:60:73:2a:8d:f9 (wlan0) ASSO: NO AddInfo: 0x0, TSF 0, 02:21:25.316, RSSI: -150, CPL: 127, AGE: 10844, SSID HH_MediaGroup, TSFDelta: 0x55657f3f, TXRate: 0
04-12 14:13:04.820 D/LOWI-9.0.0.87.a( 1509): [LOWI-Scan]
04-12 14:13:04.820 D/LOWI-9.0.0.87.a( 1509): [LOWI-Scan] print_bss_handler: Report Probe TSF 8484596271 as it greater than Beacon TSF 0
04-12 14:13:04.821 D/LOWI-9.0.0.87.a( 1509): [LOWI-Scan] decode_rsn_wpa_ie: LOWI_ENCRYPTION_TYPE_WPA_PSK
04-12 14:13:04.821 D/LOWI-9.0.0.87.a( 1509): [LOWI-Scan] is_qcom_ie, bss_age: 0
04-12 14:13:04.821 D/LOWI-9.0.0.87.a( 1509): [LOWI-Scan] adjust_age:AP AGE upper limit reached. Dont store
04-12 14:13:04.821 D/LOWI-9.0.0.87.a( 1509): [LOWI-Scan] BSS 98:f1:81:80:9c:30 LOWI_PHY_MODE_11AC_VHT80(10), Beacon Interval: 100, LOWI_ENCRYPTION_TYPE_WPA_PSK 11mcRanging: No, ANQP: No, LCI: No, Civic: No, capability(0x8011): ESS Privacy
04-12 14:13:04.821 D/LOWI-9.0.0.87.a( 1509): [LOWI-Scan] BSS 98:f1:81:80:9c:30 FREQ: 5200, cFreq1[40:80:160] = [5190:5210:0] cFreq2 = 0 Country Code = CN
04-12 14:13:04.821 D/LOWI-9.0.0.87.a( 1509): [LOWI-Scan] BSS 98:f1:81:80:9c:30 (wlan0) ASSO: NO AddInfo: 0x0, TSF 0, 02:21:24.596, RSSI: -170, CPL: 127, AGE: 11564, SSID Hello, TSFDelta: 0x362f605, TXRate: 0
04-12 14:13:04.821 D/LOWI-9.0.0.87.a( 1509): [LOWI-Scan]
04-12 14:13:04.821 D/LOWI-9.0.0.87.a( 1509): [LOWI-Scan] print_bss_handler: Report Probe TSF 8484597697 as it greater than Beacon TSF 0
04-12 14:13:04.821 D/LOWI-9.0.0.87.a( 1509): [LOWI-Scan] decode_rsn_wpa_ie: LOWI_ENCRYPTION_TYPE_WPA_PSK
04-12 14:13:04.821 D/LOWI-9.0.0.87.a( 1509): [LOWI-Scan] is_qcom_ie, bss_age: 0
04-12 14:13:04.821 D/LOWI-9.0.0.87.a( 1509): [LOWI-Scan] adjust_age:AP AGE upper limit reached. Dont store
04-12 14:13:04.821 D/LOWI-9.0.0.87.a( 1509): [LOWI-Scan] BSS 98:f1:81:80:9c:31 LOWI_PHY_MODE_11AC_VHT80(10), Beacon Interval: 100, LOWI_ENCRYPTION_TYPE_WPA_PSK 11mcRanging: No, ANQP: No, LCI: No, Civic: No, capability(0x8011): ESS Privacy
04-12 14:13:04.821 D/LOWI-9.0.0.87.a( 1509): [LOWI-Scan] BSS 98:f1:81:80:9c:31 FREQ: 5200, cFreq1[40:80:160] = [5190:5210:0] cFreq2 = 0 Country Code = CN
04-12 14:13:04.821 D/LOWI-9.0.0.87.a( 1509): [LOWI-Scan] BSS 98:f1:81:80:9c:31 (wlan0) ASSO: NO AddInfo: 0x0, TSF 0, 02:21:24.597, RSSI: -170, CPL: 127, AGE: 11564, SSID HH-NEW, TSFDelta: 0x370d919, TXRate: 0
04-12 14:13:04.822 D/LOWI-9.0.0.87.a( 1509): [LOWI-Scan]
04-12 14:13:04.822 D/LOWI-9.0.0.87.a( 1509): [LOWI-Scan] print_bss_handler: Report Probe TSF 8484641046 as it greater than Beacon TSF 0
04-12 14:13:04.822 D/LOWI-9.0.0.87.a( 1509): [LOWI-Scan] decode_rsn_wpa_ie: LOWI_ENCRYPTION_TYPE_WPA_EAP
04-12 14:13:04.822 D/LOWI-9.0.0.87.a( 1509): [LOWI-Scan] is_qcom_ie, bss_age: 0
04-12 14:13:04.822 D/LOWI-9.0.0.87.a( 1509): [LOWI-Scan] adjust_age:AP AGE upper limit reached. Dont store
04-12 14:13:04.822 D/LOWI-9.0.0.87.a( 1509): [LOWI-Scan] BSS 98:f1:81:80:9c:32 LOWI_PHY_MODE_11AC_VHT80(10), Beacon Interval: 100, LOWI_ENCRYPTION_TYPE_WPA_EAP 11mcRanging: No, ANQP: No, LCI: No, Civic: No, capability(0x8011): ESS Privacy
04-12 14:13:04.822 D/LOWI-9.0.0.87.a( 1509): [LOWI-Scan] BSS 98:f1:81:80:9c:32 FREQ: 5200, cFreq1[40:80:160] = [5190:5210:0] cFreq2 = 0 Country Code = CN
04-12 14:13:04.822 D/LOWI-9.0.0.87.a( 1509): [LOWI-Scan] BSS 98:f1:81:80:9c:32 (wlan0) ASSO: NO AddInfo: 0x0, TSF 0, 02:21:24.641, RSSI: -164, CPL: 127, AGE: 11548, SSID HH, TSFDelta: 0x3aa0dff, TXRate: 0
04-12 14:13:04.822 D/LOWI-9.0.0.87.a( 1509): [LOWI-Scan]
04-12 14:13:04.822 D/LOWI-9.0.0.87.a( 1509): [LOWI-Scan] print_bss_handler: Report Probe TSF 8484604116 as it greater than Beacon TSF 0
04-12 14:13:04.822 D/LOWI-9.0.0.87.a( 1509): [LOWI-Scan] is_qcom_ie, bss_age: 0
04-12 14:13:04.822 D/LOWI-9.0.0.87.a( 1509): [LOWI-Scan] adjust_age:AP AGE upper limit reached. Dont store
04-12 14:13:04.822 D/LOWI-9.0.0.87.a( 1509): [LOWI-Scan] BSS 98:f1:81:80:9c:34 LOWI_PHY_MODE_11AC_VHT80(10), Beacon Interval: 100, LOWI_ENCRYPTION_TYPE_OPEN 11mcRanging: No, ANQP: No, LCI: No, Civic: No, capability(0x8001): ESS
04-12 14:13:04.822 D/LOWI-9.0.0.87.a( 1509): [LOWI-Scan] BSS 98:f1:81:80:9c:34 FREQ: 5200, cFreq1[40:80:160] = [5190:5210:0] cFreq2 = 0 Country Code = CN
04-12 14:13:04.822 D/LOWI-9.0.0.87.a( 1509): [LOWI-Scan] BSS 98:f1:81:80:9c:34 (wlan0) ASSO: NO AddInfo: 0x0, TSF 0, 02:21:24.604, RSSI: -170, CPL: 127, AGE: 11584, SSID HH-Guest, TSFDelta: 0x39ba9e8, TXRate: 0
04-12 14:13:04.823 D/LOWI-9.0.0.87.a( 1509): [LOWI-Scan]
04-12 14:13:04.823 D/LOWI-9.0.0.87.a( 1509): [LOWI-Scan] print_bss_handler: Report Probe TSF 8484603758 as it greater than Beacon TSF 0
04-12 14:13:04.823 D/LOWI-9.0.0.87.a( 1509): [LOWI-Scan] is_qcom_ie, bss_age: 0
04-12 14:13:04.823 D/LOWI-9.0.0.87.a( 1509): [LOWI-Scan] adjust_age:AP AGE upper limit reached. Dont store
04-12 14:13:04.823 D/LOWI-9.0.0.87.a( 1509): [LOWI-Scan] BSS 98:f1:81:80:9c:33 LOWI_PHY_MODE_11AC_VHT80(10), Beacon Interval: 100, LOWI_ENCRYPTION_TYPE_OPEN 11mcRanging: No, ANQP: No, LCI: No, Civic: No, capability(0x8001): ESS
04-12 14:13:04.823 D/LOWI-9.0.0.87.a( 1509): [LOWI-Scan] BSS 98:f1:81:80:9c:33 FREQ: 5200, cFreq1[40:80:160] = [5190:5210:0] cFreq2 = 0 Country Code = CN
04-12 14:13:04.823 D/LOWI-9.0.0.87.a( 1509): [LOWI-Scan] BSS 98:f1:81:80:9c:33 (wlan0) ASSO: NO AddInfo: 0x0, TSF 0, 02:21:24.603, RSSI: -166, CPL: 127, AGE: 11588, SSID HH-mobile, TSFDelta: 0x397bb42, TXRate: 0
04-12 14:13:04.823 D/LOWI-9.0.0.87.a( 1509): [LOWI-Scan]
04-12 14:13:04.823 D/LOWI-9.0.0.87.a( 1509): [LOWI-Scan] print_bss_handler: Report beacon TSF 8484854578 as it greater than probe TSF 8484854578
04-12 14:13:04.823 D/LOWI-9.0.0.87.a( 1509): [LOWI-Scan] decode_rsn_wpa_ie: LOWI_ENCRYPTION_TYPE_WPA_PSK
04-12 14:13:04.823 D/LOWI-9.0.0.87.a( 1509): [LOWI-Scan] is_qcom_ie, bss_age: 0
04-12 14:13:04.823 D/LOWI-9.0.0.87.a( 1509): [LOWI-Scan] adjust_age:AP AGE upper limit reached. Dont store
04-12 14:13:04.823 D/LOWI-9.0.0.87.a( 1509): [LOWI-Scan] BSS ee:60:73:0d:c5:0c LOWI_PHY_MODE_11NG_HT40(7), Beacon Interval: 100, LOWI_ENCRYPTION_TYPE_WPA_PSK 11mcRanging: No, ANQP: No, LCI: No, Civic: No, capability(0x0411): ESS Privacy ShortSlotTime
04-12 14:13:04.823 D/LOWI-9.0.0.87.a( 1509): [LOWI-Scan] BSS ee:60:73:0d:c5:0c FREQ: 2437, cFreq1[40:80:160] = [2427:0:0] cFreq2 = 0 Country Code = CN
04-12 14:13:04.823 D/LOWI-9.0.0.87.a( 1509): [LOWI-Scan] BSS ee:60:73:0d:c5:0c (wlan0) ASSO: NO AddInfo: 0x1, TSF 0, 02:21:24.854, RSSI: -114, CPL: 127, AGE: 11336, SSID , TSFDelta: 0x302c5f1b, TXRate: 0
04-12 14:13:04.824 D/LOWI-9.0.0.87.a( 1509): [LOWI-Scan]
04-12 14:13:04.824 D/LOWI-9.0.0.87.a( 1509): [LOWI-Scan] print_bss_handler: Report beacon TSF 8495716847 as it greater than probe TSF 8495716847
04-12 14:13:04.824 D/LOWI-9.0.0.87.a( 1509): [LOWI-Scan] decode_rsn_wpa_ie: LOWI_ENCRYPTION_TYPE_WPA_PSK
04-12 14:13:04.824 D/LOWI-9.0.0.87.a( 1509): [LOWI-Scan] is_qcom_ie, bss_age: 0
04-12 14:13:04.824 D/LOWI-9.0.0.87.a( 1509): [LOWI-Scan] BSS 98:f1:81:81:6f:e0 LOWI_PHY_MODE_11AC_VHT80(10), Beacon Interval: 100, LOWI_ENCRYPTION_TYPE_WPA_PSK 11mcRanging: No, ANQP: No, LCI: No, Civic: No, capability(0x8011): ESS Privacy
04-12 14:13:04.824 D/LOWI-9.0.0.87.a( 1509): [LOWI-Scan] BSS 98:f1:81:81:6f:e0 FREQ: 5280, cFreq1[40:80:160] = [5270:5290:0] cFreq2 = 0 Country Code = CN
04-12 14:13:04.824 D/LOWI-9.0.0.87.a( 1509): [LOWI-Scan] BSS 98:f1:81:81:6f:e0 (wlan0) ASSO: NO AddInfo: 0x1, TSF 0, 02:21:35.716, RSSI: -176, CPL: 127, AGE: 472, SSID Hello, TSFDelta: 0x20bba6cb, TXRate: 0
04-12 14:13:04.824 D/LOWI-9.0.0.87.a( 1509): [LOWI-Scan]
04-12 14:13:04.824 D/LOWI-9.0.0.87.a( 1509): [LOWI-Scan] print_bss_handler: Report beacon TSF 8495720975 as it greater than probe TSF 8495720975
04-12 14:13:04.824 D/LOWI-9.0.0.87.a( 1509): [LOWI-Scan] decode_rsn_wpa_ie: LOWI_ENCRYPTION_TYPE_WPA_PSK
04-12 14:13:04.824 D/LOWI-9.0.0.87.a( 1509): [LOWI-Scan] is_qcom_ie, bss_age: 0
04-12 14:13:04.824 D/LOWI-9.0.0.87.a( 1509): [LOWI-Scan] BSS 98:f1:81:81:6f:e1 LOWI_PHY_MODE_11AC_VHT80(10), Beacon Interval: 100, LOWI_ENCRYPTION_TYPE_WPA_PSK 11mcRanging: No, ANQP: No, LCI: No, Civic: No, capability(0x8011): ESS Privacy
04-12 14:13:04.824 D/LOWI-9.0.0.87.a( 1509): [LOWI-Scan] BSS 98:f1:81:81:6f:e1 FREQ: 5280, cFreq1[40:80:160] = [5270:5290:0] cFreq2 = 0 Country Code = CN
04-12 14:13:04.824 D/LOWI-9.0.0.87.a( 1509): [LOWI-Scan] BSS 98:f1:81:81:6f:e1 (wlan0) ASSO: NO AddInfo: 0x1, TSF 0, 02:21:35.720, RSSI: -174, CPL: 127, AGE: 468, SSID HH-NEW, TSFDelta: 0x20bec5d5, TXRate: 0
04-12 14:13:04.824 D/LOWI-9.0.0.87.a( 1509): [LOWIDiagLog] Log: lowiMeasResult->request: invalid null argument
04-12 14:13:04.824 I/LOWI-9.0.0.87.a( 1509): [LOWI-Scan] lowi_close_record:Scan done in 8449470ms, 56 APs in scan results
04-12 14:13:04.824 D/LOWI-9.0.0.87.a( 1509): [LOWI-Scan] WipsScanUsingNL: passive scan cached 0, took 9997 ms, err 0
04-12 14:13:04.824 D/LOWI-9.0.0.87.a( 1509): [LOWI-Scan] lowi_proc_req_passive_scan_with_live_meas - No WLAN Frames to be parsed
04-12 14:13:04.825 D/LOWI-9.0.0.87.a( 1509): [LOWIScanResultReceiver] Send scan meas to listener
04-12 14:13:04.825 D/LOWI-9.0.0.87.a( 1509): [LOWIScanResultReceiver] Enter passive listening mode
04-12 14:13:04.825 D/LOWI-9.0.0.87.a( 1509): [LOWIWifiDriverInterface] getMeasurements - Passive listening mode
04-12 14:13:04.825 D/LOWI-9.0.0.87.a( 1509): [LOWI-Scan] WipsScanUsingNL:wait -1 sec for netlink message
04-12 14:13:04.825 D/LOWI-9.0.0.87.a( 1509): [LOWIEventReceiver] handleEvent:FROM:NA, TO:NA, REQ:NA, IREQ:NA, REQ_ID:0, RESP:NA, INFO:NA
04-12 14:13:04.825 D/LOWI-9.0.0.87.a( 1509): [LOWIBackgroundScanMgr] isRspForBgScanMgr: evt(LOWI_NO_EVT) - not handled
04-12 14:13:04.825 D/LOWI-9.0.0.87.a( 1509): [LOWIScheduler] manageMsg: NULL results or NULL request in results
04-12 14:13:04.825 D/LOWI-9.0.0.87.a( 1509): [LOWIController] Measurements received
04-12 14:13:04.825 D/LOWI-9.0.0.87.a( 1509): [LOWICacheManager] putInCache:Num of Meas to add: 56
04-12 14:13:04.826 D/LOWI-9.0.0.87.a( 1509): [LOWIController] processMeasurementResults: No current Request. Cache measurements
04-12 14:13:04.826 D/LOWI-9.0.0.87.a( 1509): [LOWIControllerExtn] sendLOWILpDiscoveryScanResponse: Not a discovery scan response
04-12 14:13:04.827 D/WificondScannerImpl( 1152): Filtering out 21 scan results.
04-12 14:13:04.838 W/MessageQueue( 6189): Handler (android.os.Handler) {5f35c6e} sending message to a Handler on a dead thread
04-12 14:13:04.838 W/MessageQueue( 6189): java.lang.IllegalStateException: Handler (android.os.Handler) {5f35c6e} sending message to a Handler on a dead thread
04-12 14:13:04.838 W/MessageQueue( 6189): at android.os.MessageQueue.enqueueMessage(MessageQueue.java:560)
04-12 14:13:04.838 W/MessageQueue( 6189): at android.os.Handler.enqueueMessage(Handler.java:778)
04-12 14:13:04.838 W/MessageQueue( 6189): at android.os.Handler.sendMessageAtTime(Handler.java:727)
04-12 14:13:04.838 W/MessageQueue( 6189): at android.os.Handler.sendMessageDelayed(Handler.java:697)
04-12 14:13:04.838 W/MessageQueue( 6189): at android.os.Handler.post(Handler.java:427)
04-12 14:13:04.838 W/MessageQueue( 6189): at android.app.LoadedApk$ReceiverDispatcher.performReceive(LoadedApk.java:1770)
04-12 14:13:04.838 W/MessageQueue( 6189): at android.app.LoadedApk$ReceiverDispatcher$InnerReceiver.performReceive(LoadedApk.java:1588)
04-12 14:13:04.838 W/MessageQueue( 6189): at android.app.ActivityThread$ApplicationThread.scheduleRegisteredReceiver(ActivityThread.java:1228)
04-12 14:13:04.838 W/MessageQueue( 6189): at android.app.IApplicationThread$Stub.onTransact(IApplicationThread.java:784)
04-12 14:13:04.838 W/MessageQueue( 6189): at android.os.Binder.execTransactInternal(Binder.java:1184)
04-12 14:13:04.838 W/MessageQueue( 6189): at android.os.Binder.execTransact(Binder.java:1143)
04-12 14:13:04.906 W/WifiDebugService( 2524): Can not find target wifi network : hht_test_wifi_fc4318c9
04-12 14:13:05.179 W/swapper/3( 0): type=1400 audit(0.0:9721): avc: denied { kill } for capability=5 scontext=u:r:kernel:s0 tcontext=u:r:kernel:s0 tclass=capability permissive=0
04-12 14:13:05.353 I/mpu_uart( 662): [MSG-P:R]:recv sync frame timeout
04-12 14:13:05.499 W/MessageQueue( 6189): Handler (android.os.Handler) {5f35c6e} sending message to a Handler on a dead thread
04-12 14:13:05.499 W/MessageQueue( 6189): java.lang.IllegalStateException: Handler (android.os.Handler) {5f35c6e} sending message to a Handler on a dead thread
04-12 14:13:05.499 W/MessageQueue( 6189): at android.os.MessageQueue.enqueueMessage(MessageQueue.java:560)
04-12 14:13:05.499 W/MessageQueue( 6189): at android.os.Handler.enqueueMessage(Handler.java:778)
04-12 14:13:05.499 W/MessageQueue( 6189): at android.os.Handler.sendMessageAtTime(Handler.java:727)
04-12 14:13:05.499 W/MessageQueue( 6189): at android.os.Handler.sendMessageDelayed(Handler.java:697)
04-12 14:13:05.499 W/MessageQueue( 6189): at android.os.Handler.post(Handler.java:427)
04-12 14:13:05.499 W/MessageQueue( 6189): at android.app.LoadedApk$ReceiverDispatcher.performReceive(LoadedApk.java:1770)
04-12 14:13:05.499 W/MessageQueue( 6189): at android.app.LoadedApk$ReceiverDispatcher$InnerReceiver.performReceive(LoadedApk.java:1588)
04-12 14:13:05.499 W/MessageQueue( 6189): at android.app.ActivityThread$ApplicationThread.scheduleRegisteredReceiver(ActivityThread.java:1228)
04-12 14:13:05.499 W/MessageQueue( 6189): at android.app.IApplicationThread$Stub.onTransact(IApplicationThread.java:784)
04-12 14:13:05.499 W/MessageQueue( 6189): at android.os.Binder.execTransactInternal(Binder.java:1184)
04-12 14:13:05.499 W/MessageQueue( 6189): at android.os.Binder.execTransact(Binder.java:1143)
04-12 14:13:05.509 W/MessageQueue( 6189): Handler (android.net.ConnectivityManager$CallbackHandler) {5ab49a5} sending message to a Handler on a dead thread
04-12 14:13:05.509 W/MessageQueue( 6189): java.lang.IllegalStateException: Handler (android.net.ConnectivityManager$CallbackHandler) {5ab49a5} sending message to a Handler on a dead thread
04-12 14:13:05.509 W/MessageQueue( 6189): at android.os.MessageQueue.enqueueMessage(MessageQueue.java:560)
04-12 14:13:05.509 W/MessageQueue( 6189): at android.os.Handler.enqueueMessage(Handler.java:778)
04-12 14:13:05.509 W/MessageQueue( 6189): at android.os.Handler.sendMessageAtTime(Handler.java:727)
04-12 14:13:05.509 W/MessageQueue( 6189): at android.os.Handler.sendMessageDelayed(Handler.java:697)
04-12 14:13:05.509 W/MessageQueue( 6189): at android.os.Handler.sendMessage(Handler.java:635)
04-12 14:13:05.509 W/MessageQueue( 6189): at android.os.Handler$MessengerImpl.send(Handler.java:919)
04-12 14:13:05.509 W/MessageQueue( 6189): at android.os.IMessenger$Stub.onTransact(IMessenger.java:89)
04-12 14:13:05.509 W/MessageQueue( 6189): at android.os.Binder.execTransactInternal(Binder.java:1184)
04-12 14:13:05.509 W/MessageQueue( 6189): at android.os.Binder.execTransact(Binder.java:1143)
04-12 14:13:05.510 W/MessageQueue( 6189): Handler (android.net.ConnectivityManager$CallbackHandler) {8c56588} sending message to a Handler on a dead thread
04-12 14:13:05.510 W/MessageQueue( 6189): java.lang.IllegalStateException: Handler (android.net.ConnectivityManager$CallbackHandler) {8c56588} sending message to a Handler on a dead thread
04-12 14:13:05.510 W/MessageQueue( 6189): at android.os.MessageQueue.enqueueMessage(MessageQueue.java:560)
04-12 14:13:05.510 W/MessageQueue( 6189): at android.os.Handler.enqueueMessage(Handler.java:778)
04-12 14:13:05.510 W/MessageQueue( 6189): at android.os.Handler.sendMessageAtTime(Handler.java:727)
04-12 14:13:05.510 W/MessageQueue( 6189): at android.os.Handler.sendMessageDelayed(Handler.java:697)
04-12 14:13:05.510 W/MessageQueue( 6189): at android.os.Handler.sendMessage(Handler.java:635)
04-12 14:13:05.510 W/MessageQueue( 6189): at android.os.Handler$MessengerImpl.send(Handler.java:919)
04-12 14:13:05.510 W/MessageQueue( 6189): at android.os.IMessenger$Stub.onTransact(IMessenger.java:89)
04-12 14:13:05.510 W/MessageQueue( 6189): at android.os.Binder.execTransactInternal(Binder.java:1184)
04-12 14:13:05.510 W/MessageQueue( 6189): at android.os.Binder.execTransact(Binder.java:1143)
04-12 14:13:05.619 I/mpu_uart( 662): [MSG-P:RECV]:No message received in 1000 ms
04-12 14:13:06.179 W/swapper/3( 0): type=1400 audit(0.0:9722): avc: denied { kill } for capability=5 scontext=u:r:kernel:s0 tcontext=u:r:kernel:s0 tclass=capability permissive=0
04-12 14:13:06.256 D/RemoteControlService( 2512): getEvent: clientSocket = Socket[address=/192.168.4.4,port=51059,localPort=12600]
04-12 14:13:06.257 D/RemoteControlService( 2512): run: called
04-12 14:13:06.257 D/RemoteControlService( 2512): getEvent: start waiting...
04-12 14:13:06.258 E/RemoteControlService( 2512): Enter ListenSocketRunnable
04-12 14:13:06.260 D/RemoteControlService( 2512): After desEncrypt json is [{"type":"up","source":1,"token":"U5kXnogR1JOm4is","value":"click"}]
04-12 14:13:06.260 D/RemoteControlService( 2512): buildRemoteCommand:type=5
04-12 14:13:06.260 D/RemoteControlService( 2512): Request params: BaseRequestCommandBean{source=1, token='U5kXnogR1JOm4is', type='up', value='click'}
04-12 14:13:06.260 D/RemoteControlService( 2512): handleMessage called
04-12 14:13:06.261 D/RemoteControlService( 2512): Is not connect command
04-12 14:13:06.261 D/RemoteControlService( 2512): haveControl ? clientcom.thundercomm.remotecontrolservice.RemoteControllerClient@68f18ca
04-12 14:13:06.261 D/RemoteControlService( 2512): Client have control
04-12 14:13:06.261 D/RemoteControlService( 2512): do Action called
04-12 14:13:06.262 I/RemoteControlService( 2512): injectKeyEvent: KeyEvent { action=ACTION_DOWN, keyCode=KEYCODE_DPAD_UP, scanCode=0, metaState=0, flags=0x0, repeatCount=0, eventTime=8497648, downTime=8497648, deviceId=-1, source=0x101, displayId=-1 }
04-12 14:13:06.270 I/RemoteControlService( 2512): injectKeyEvent: KeyEvent { action=ACTION_UP, keyCode=KEYCODE_DPAD_UP, scanCode=0, metaState=0, flags=0x0, repeatCount=0, eventTime=8497648, downTime=8497648, deviceId=-1, source=0x101, displayId=-1 }
04-12 14:13:06.286 D/RemoteControlService( 2512): Digest: B1CABBD8A364E2FCD51024C6DF83599CBB11F1618DAAE8C18F8ADFFE02B481FD
04-12 14:13:06.287 D/RemoteControlService( 2512): Send data length: 117
04-12 14:13:06.288 D/RemoteControlService( 2512): Send message finished. direction: 32, messageType: 5, json: {"source":0,"token":"U5kXnogR1JOm4is","type":"up","value":1}
04-12 14:13:06.290 D/RemoteControlService( 2512): RemoteKeyCommand ResponseSpeedTest - use time: 35
04-12 14:13:06.599 D/RemoteControlService( 2512): heart beat timer called
04-12 14:13:06.620 I/mpu_uart( 662): [MSG-P:RECV]:No message received in 1000 ms
04-12 14:13:07.179 W/swapper/3( 0): type=1400 audit(0.0:9723): avc: denied { kill } for capability=5 scontext=u:r:kernel:s0 tcontext=u:r:kernel:s0 tclass=capability permissive=0
04-12 14:13:07.621 I/mpu_uart( 662): [MSG-P:RECV]:No message received in 1000 ms
04-12 14:13:07.998 D/RemoteControlService( 2512): getEvent: clientSocket = Socket[address=/192.168.4.4,port=47809,localPort=12600]
04-12 14:13:07.999 D/RemoteControlService( 2512): run: called
04-12 14:13:07.999 D/RemoteControlService( 2512): getEvent: start waiting...
04-12 14:13:08.001 E/RemoteControlService( 2512): Enter ListenSocketRunnable
04-12 14:13:08.008 D/RemoteControlService( 2512): After desEncrypt json is [{"type":"down","source":1,"token":"U5kXnogR1JOm4is","value":"click"}]
04-12 14:13:08.008 D/RemoteControlService( 2512): buildRemoteCommand:type=5
04-12 14:13:08.009 D/RemoteControlService( 2512): Request params: BaseRequestCommandBean{source=1, token='U5kXnogR1JOm4is', type='down', value='click'}
04-12 14:13:08.009 D/RemoteControlService( 2512): handleMessage called
04-12 14:13:08.009 D/RemoteControlService( 2512): Is not connect command
04-12 14:13:08.009 D/RemoteControlService( 2512): haveControl ? clientcom.thundercomm.remotecontrolservice.RemoteControllerClient@68f18ca
04-12 14:13:08.010 D/RemoteControlService( 2512): Client have control
04-12 14:13:08.010 D/RemoteControlService( 2512): do Action called
04-12 14:13:08.010 I/RemoteControlService( 2512): injectKeyEvent: KeyEvent { action=ACTION_DOWN, keyCode=KEYCODE_DPAD_DOWN, scanCode=0, metaState=0, flags=0x0, repeatCount=0, eventTime=8499396, downTime=8499396, deviceId=-1, source=0x101, displayId=-1 }
04-12 14:13:08.019 I/RemoteControlService( 2512): injectKeyEvent: KeyEvent { action=ACTION_UP, keyCode=KEYCODE_DPAD_DOWN, scanCode=0, metaState=0, flags=0x0, repeatCount=0, eventTime=8499396, downTime=8499396, deviceId=-1, source=0x101, displayId=-1 }
04-12 14:13:08.025 D/RemoteControlService( 2512): Digest: 3D796AE697B38C1AE73B151A9D4716975CE267D18282618FB3417CD09B7FA20C
04-12 14:13:08.026 D/RemoteControlService( 2512): Send data length: 117
04-12 14:13:08.026 D/RemoteControlService( 2512): Send message finished. direction: 32, messageType: 5, json: {"source":0,"token":"U5kXnogR1JOm4is","type":"down","value":1}
04-12 14:13:08.028 D/RemoteControlService( 2512): RemoteKeyCommand ResponseSpeedTest - use time: 31
04-12 14:13:08.046 I/OpenGLRenderer( 6189): Davey! duration=9223363537449ms; Flags=0, FrameTimelineVsyncId=-1, IntendedVsync=8499404699463, Vsync=8499404702432, InputEventId=-1046023192, HandleInputStart=8499404713057, AnimationStart=8499404715869, PerformTraversalsStart=8499404717640, DrawStart=8499404807588, FrameDeadline=9223372036854775807, FrameInterval=8499404702432, FrameStartTime=16666666, SyncQueued=8499405466025, SyncStart=8499405567536, IssueDrawCommandsStart=8499406513161, SwapBuffers=8499409975817, FrameCompleted=9223372036854775807, DequeueBufferDuration=49323, QueueBufferDuration=1860886, GpuCompleted=9223372036854775807, SwapBuffersCompleted=8499412940609, DisplayPresentTime=72904454231491431,
04-12 14:13:08.179 W/swapper/3( 0): type=1400 audit(0.0:9724): avc: denied { kill } for capability=5 scontext=u:r:kernel:s0 tcontext=u:r:kernel:s0 tclass=capability permissive=0
04-12 14:13:08.357 I/mpu_uart( 662): [MSG-P:R]:recv sync frame timeout
04-12 14:13:08.558 W/MessageQueue( 6189): Handler (android.os.Handler) {5f35c6e} sending message to a Handler on a dead thread
04-12 14:13:08.558 W/MessageQueue( 6189): java.lang.IllegalStateException: Handler (android.os.Handler) {5f35c6e} sending message to a Handler on a dead thread
04-12 14:13:08.558 W/MessageQueue( 6189): at android.os.MessageQueue.enqueueMessage(MessageQueue.java:560)
04-12 14:13:08.558 W/MessageQueue( 6189): at android.os.Handler.enqueueMessage(Handler.java:778)
04-12 14:13:08.558 W/MessageQueue( 6189): at android.os.Handler.sendMessageAtTime(Handler.java:727)
04-12 14:13:08.558 W/MessageQueue( 6189): at android.os.Handler.sendMessageDelayed(Handler.java:697)
04-12 14:13:08.558 W/MessageQueue( 6189): at android.os.Handler.post(Handler.java:427)
04-12 14:13:08.558 W/MessageQueue( 6189): at android.app.LoadedApk$ReceiverDispatcher.performReceive(LoadedApk.java:1770)
04-12 14:13:08.558 W/MessageQueue( 6189): at android.app.LoadedApk$ReceiverDispatcher$InnerReceiver.performReceive(LoadedApk.java:1588)
04-12 14:13:08.558 W/MessageQueue( 6189): at android.app.ActivityThread$ApplicationThread.scheduleRegisteredReceiver(ActivityThread.java:1228)
04-12 14:13:08.558 W/MessageQueue( 6189): at android.app.IApplicationThread$Stub.onTransact(IApplicationThread.java:784)
04-12 14:13:08.558 W/MessageQueue( 6189): at android.os.Binder.execTransactInternal(Binder.java:1184)
04-12 14:13:08.558 W/MessageQueue( 6189): at android.os.Binder.execTransact(Binder.java:1143)
04-12 14:13:08.579 W/MessageQueue( 6189): Handler (android.net.ConnectivityManager$CallbackHandler) {5ab49a5} sending message to a Handler on a dead thread
04-12 14:13:08.579 W/MessageQueue( 6189): java.lang.IllegalStateException: Handler (android.net.ConnectivityManager$CallbackHandler) {5ab49a5} sending message to a Handler on a dead thread
04-12 14:13:08.579 W/MessageQueue( 6189): at android.os.MessageQueue.enqueueMessage(MessageQueue.java:560)
04-12 14:13:08.579 W/MessageQueue( 6189): at android.os.Handler.enqueueMessage(Handler.java:778)
04-12 14:13:08.579 W/MessageQueue( 6189): at android.os.Handler.sendMessageAtTime(Handler.java:727)
04-12 14:13:08.579 W/MessageQueue( 6189): at android.os.Handler.sendMessageDelayed(Handler.java:697)
04-12 14:13:08.579 W/MessageQueue( 6189): at android.os.Handler.sendMessage(Handler.java:635)
04-12 14:13:08.579 W/MessageQueue( 6189): at android.os.Handler$MessengerImpl.send(Handler.java:919)
04-12 14:13:08.579 W/MessageQueue( 6189): at android.os.IMessenger$Stub.onTransact(IMessenger.java:89)
04-12 14:13:08.579 W/MessageQueue( 6189): at android.os.Binder.execTransactInternal(Binder.java:1184)
04-12 14:13:08.579 W/MessageQueue( 6189): at android.os.Binder.execTransact(Binder.java:1143)
04-12 14:13:08.580 W/MessageQueue( 6189): Handler (android.net.ConnectivityManager$CallbackHandler) {8c56588} sending message to a Handler on a dead thread
04-12 14:13:08.580 W/MessageQueue( 6189): java.lang.IllegalStateException: Handler (android.net.ConnectivityManager$CallbackHandler) {8c56588} sending message to a Handler on a dead thread
04-12 14:13:08.580 W/MessageQueue( 6189): at android.os.MessageQueue.enqueueMessage(MessageQueue.java:560)
04-12 14:13:08.580 W/MessageQueue( 6189): at android.os.Handler.enqueueMessage(Handler.java:778)
04-12 14:13:08.580 W/MessageQueue( 6189): at android.os.Handler.sendMessageAtTime(Handler.java:727)
04-12 14:13:08.580 W/MessageQueue( 6189): at android.os.Handler.sendMessageDelayed(Handler.java:697)
04-12 14:13:08.580 W/MessageQueue( 6189): at android.os.Handler.sendMessage(Handler.java:635)
04-12 14:13:08.580 W/MessageQueue( 6189): at android.os.Handler$MessengerImpl.send(Handler.java:919)
04-12 14:13:08.580 W/MessageQueue( 6189): at android.os.IMessenger$Stub.onTransact(IMessenger.java:89)
04-12 14:13:08.580 W/MessageQueue( 6189): at android.os.Binder.execTransactInternal(Binder.java:1184)
04-12 14:13:08.580 W/MessageQueue( 6189): at android.os.Binder.execTransact(Binder.java:1143)
04-12 14:13:08.621 I/mpu_uart( 662): [MSG-P:RECV]:No message received in 1000 ms
04-12 14:13:09.179 W/swapper/3( 0): type=1400 audit(0.0:9725): avc: denied { kill } for capability=5 scontext=u:r:kernel:s0 tcontext=u:r:kernel:s0 tclass=capability permissive=0
04-12 14:13:09.622 I/mpu_uart( 662): [MSG-P:RECV]:No message received in 1000 ms
04-12 14:13:10.179 W/swapper/3( 0): type=1400 audit(0.0:9726): avc: denied { kill } for capability=5 scontext=u:r:kernel:s0 tcontext=u:r:kernel:s0 tclass=capability permissive=0
04-12 14:13:10.622 I/mpu_uart( 662): [MSG-P:RECV]:No message received in 1000 ms
04-12 14:13:11.179 W/swapper/3( 0): type=1400 audit(0.0:9727): avc: denied { kill } for capability=5 scontext=u:r:kernel:s0 tcontext=u:r:kernel:s0 tclass=capability permissive=0
04-12 14:13:11.361 I/mpu_uart( 662): [MSG-P:R]:recv sync frame timeout
04-12 14:13:11.615 W/MessageQueue( 6189): Handler (android.os.Handler) {5f35c6e} sending message to a Handler on a dead thread
04-12 14:13:11.615 W/MessageQueue( 6189): java.lang.IllegalStateException: Handler (android.os.Handler) {5f35c6e} sending message to a Handler on a dead thread
04-12 14:13:11.615 W/MessageQueue( 6189): at android.os.MessageQueue.enqueueMessage(MessageQueue.java:560)
04-12 14:13:11.615 W/MessageQueue( 6189): at android.os.Handler.enqueueMessage(Handler.java:778)
04-12 14:13:11.615 W/MessageQueue( 6189): at android.os.Handler.sendMessageAtTime(Handler.java:727)
04-12 14:13:11.615 W/MessageQueue( 6189): at android.os.Handler.sendMessageDelayed(Handler.java:697)
04-12 14:13:11.615 W/MessageQueue( 6189): at android.os.Handler.post(Handler.java:427)
04-12 14:13:11.615 W/MessageQueue( 6189): at android.app.LoadedApk$ReceiverDispatcher.performReceive(LoadedApk.java:1770)
04-12 14:13:11.615 W/MessageQueue( 6189): at android.app.LoadedApk$ReceiverDispatcher$InnerReceiver.performReceive(LoadedApk.java:1588)
04-12 14:13:11.615 W/MessageQueue( 6189): at android.app.ActivityThread$ApplicationThread.scheduleRegisteredReceiver(ActivityThread.java:1228)
04-12 14:13:11.615 W/MessageQueue( 6189): at android.app.IApplicationThread$Stub.onTransact(IApplicationThread.java:784)
04-12 14:13:11.615 W/MessageQueue( 6189): at android.os.Binder.execTransactInternal(Binder.java:1184)
04-12 14:13:11.615 W/MessageQueue( 6189): at android.os.Binder.execTransact(Binder.java:1143)
04-12 14:13:11.623 I/mpu_uart( 662): [MSG-P:RECV]:No message received in 1000 ms
