04-04 04:29:57.068 I/ActivityManagerTiming( 1152): OnBootPhase_1000_com.android.server.gpu.GpuService
04-04 04:29:57.068 D/RollbackManager( 1152): mRollbackLifetimeDurationInMillis=1209600000
04-04 04:29:57.072 D/ActivityManagerTiming( 1152): OnBootPhase_1000_com.android.server.gpu.GpuService took to complete: 5ms
04-04 04:29:57.073 I/ActivityManagerTiming( 1152): OnBootPhase_1000_com.android.server.security.KeyChainSystemService
04-04 04:29:57.073 D/ActivityManagerTiming( 1152): OnBootPhase_1000_com.android.server.security.KeyChainSystemService took to complete: 0ms
04-04 04:29:57.073 I/ActivityManagerTiming( 1152): OnBootPhase_1000_com.android.server.telecom.TelecomLoaderService
04-04 04:29:57.073 D/ActivityManagerTiming( 1152): OnBootPhase_1000_com.android.server.telecom.TelecomLoaderService took to complete: 0ms
04-04 04:29:57.073 I/ActivityManagerTiming( 1152): OnBootPhase_1000_com.android.server.accounts.AccountManagerService$Lifecycle
04-04 04:29:57.073 D/ActivityManagerTiming( 1152): OnBootPhase_1000_com.android.server.accounts.AccountManagerService$Lifecycle took to complete: 0ms
04-04 04:29:57.073 I/ActivityManagerTiming( 1152): OnBootPhase_1000_com.android.server.content.ContentService$Lifecycle
04-04 04:29:57.074 D/ActivityManagerTiming( 1152): OnBootPhase_1000_com.android.server.content.ContentService$Lifecycle took to complete: 0ms
04-04 04:29:57.074 I/ActivityManagerTiming( 1152): OnBootPhase_1000_com.android.server.DropBoxManagerService
04-04 04:29:57.074 D/ActivityManagerTiming( 1152): OnBootPhase_1000_com.android.server.DropBoxManagerService took to complete: 0ms
04-04 04:29:57.074 I/ActivityManagerTiming( 1152): OnBootPhase_1000_com.android.role.RoleService
04-04 04:29:57.075 D/ActivityManagerTiming( 1152): OnBootPhase_1000_com.android.role.RoleService took to complete: 0ms
04-04 04:29:57.075 I/ActivityManagerTiming( 1152): OnBootPhase_1000_com.android.server.vibrator.VibratorManagerService$Lifecycle
04-04 04:29:57.075 D/ActivityManagerTiming( 1152): OnBootPhase_1000_com.android.server.vibrator.VibratorManagerService$Lifecycle took to complete: 0ms
04-04 04:29:57.075 I/ActivityManagerTiming( 1152): OnBootPhase_1000_com.android.server.alarm.AlarmManagerService
04-04 04:29:57.075 D/ActivityManagerTiming( 1152): OnBootPhase_1000_com.android.server.alarm.AlarmManagerService took to complete: 0ms
04-04 04:29:57.075 I/ActivityManagerTiming( 1152): OnBootPhase_1000_com.android.server.devicestate.DeviceStateManagerService
04-04 04:29:57.075 D/ActivityManagerTiming( 1152): OnBootPhase_1000_com.android.server.devicestate.DeviceStateManagerService took to complete: 0ms
04-04 04:29:57.075 I/ActivityManagerTiming( 1152): OnBootPhase_1000_com.android.server.camera.CameraServiceProxy
04-04 04:29:57.078 D/Fingerprint21( 1152): Daemon was null, reconnecting, current operation: null
01-01 08:00:54.651 E/bt_vreg_unvote( 0): vreg_unvote successful for : qca,bt-vdd-dig
04-04 04:29:57.079 D/ActivityManagerTiming( 1152): OnBootPhase_1000_com.android.server.camera.CameraServiceProxy took to complete: 4ms
04-04 04:29:57.079 I/ActivityManagerTiming( 1152): OnBootPhase_1000_com.android.server.BluetoothService
04-04 04:29:57.079 D/ActivityManagerTiming( 1152): OnBootPhase_1000_com.android.server.BluetoothService took to complete: 0ms
04-04 04:29:57.079 I/ActivityManagerTiming( 1152): OnBootPhase_1000_com.android.server.connectivity.IpConnectivityMetrics
04-04 04:29:57.079 D/ActivityManagerTiming( 1152): OnBootPhase_1000_com.android.server.connectivity.IpConnectivityMetrics took to complete: 0ms
04-04 04:29:57.079 I/ActivityManagerTiming( 1152): OnBootPhase_1000_com.android.server.net.watchlist.NetworkWatchlistService$Lifecycle
04-04 04:29:57.079 D/ActivityManagerTiming( 1152): OnBootPhase_1000_com.android.server.net.watchlist.NetworkWatchlistService$Lifecycle took to complete: 0ms
04-04 04:29:57.080 I/ActivityManagerTiming( 1152): OnBootPhase_1000_com.android.server.PinnerService
04-04 04:29:57.080 D/ActivityManagerTiming( 1152): OnBootPhase_1000_com.android.server.PinnerService took to complete: 0ms
04-04 04:29:57.080 I/ActivityManagerTiming( 1152): OnBootPhase_1000_com.google.android.startop.iorap.IorapForwardingService
04-04 04:29:57.080 D/ActivityManagerTiming( 1152): OnBootPhase_1000_com.google.android.startop.iorap.IorapForwardingService took to complete: 0ms
04-04 04:29:57.080 I/ActivityManagerTiming( 1152): OnBootPhase_1000_com.android.server.ActivityTriggerService
04-04 04:29:57.080 D/ActivityManagerTiming( 1152): OnBootPhase_1000_com.android.server.ActivityTriggerService took to complete: 0ms
04-04 04:29:57.080 I/ActivityManagerTiming( 1152): OnBootPhase_1000_com.android.server.integrity.AppIntegrityManagerService
04-04 04:29:57.080 D/ActivityManagerTiming( 1152): OnBootPhase_1000_com.android.server.integrity.AppIntegrityManagerService took to complete: 0ms
04-04 04:29:57.080 I/ActivityManagerTiming( 1152): OnBootPhase_1000_com.android.server.inputmethod.InputMethodManagerService$Lifecycle
04-04 04:29:57.080 D/ActivityManagerTiming( 1152): OnBootPhase_1000_com.android.server.inputmethod.InputMethodManagerService$Lifecycle took to complete: 0ms
04-04 04:29:57.080 I/ActivityManagerTiming( 1152): OnBootPhase_1000_com.android.server.accessibility.AccessibilityManagerService$Lifecycle
04-04 04:29:57.080 D/ActivityManagerTiming( 1152): OnBootPhase_1000_com.android.server.accessibility.AccessibilityManagerService$Lifecycle took to complete: 0ms
04-04 04:29:57.080 I/ActivityManagerTiming( 1152): OnBootPhase_1000_com.android.server.StorageManagerService$Lifecycle
04-04 04:29:57.081 D/ActivityManagerTiming( 1152): OnBootPhase_1000_com.android.server.StorageManagerService$Lifecycle took to complete: 0ms
04-04 04:29:57.081 I/ActivityManagerTiming( 1152): OnBootPhase_1000_com.android.server.usage.StorageStatsService$Lifecycle
04-04 04:29:57.081 D/ActivityManagerTiming( 1152): OnBootPhase_1000_com.android.server.usage.StorageStatsService$Lifecycle took to complete: 0ms
04-04 04:29:57.081 I/ActivityManagerTiming( 1152): OnBootPhase_1000_com.android.server.UiModeManagerService
04-04 04:29:57.081 D/ActivityManagerTiming( 1152): OnBootPhase_1000_com.android.server.UiModeManagerService took to complete: 0ms
04-04 04:29:57.081 I/ActivityManagerTiming( 1152): OnBootPhase_1000_com.android.server.locksettings.LockSettingsService$Lifecycle
04-04 04:29:57.081 D/ActivityManagerTiming( 1152): OnBootPhase_1000_com.android.server.locksettings.LockSettingsService$Lifecycle took to complete: 0ms
04-04 04:29:57.081 D/StorageManagerService( 1152): Thinking about init, mBootCompleted=true, mDaemonConnected=true
04-04 04:29:57.081 I/ActivityManagerTiming( 1152): OnBootPhase_1000_com.android.server.PersistentDataBlockService
04-04 04:29:57.081 D/ActivityManagerTiming( 1152): OnBootPhase_1000_com.android.server.PersistentDataBlockService took to complete: 0ms
04-04 04:29:57.081 I/ActivityManagerTiming( 1152): OnBootPhase_1000_com.android.server.testharness.TestHarnessModeService
04-04 04:29:57.081 D/TestHarnessModeService( 1152): Completing Test Harness Mode setup.
04-04 04:29:57.082 D/StorageManagerService( 1152): Thinking about reset, mBootCompleted=true, mDaemonConnected=true
04-04 04:29:57.082 I/StorageSessionController( 1152): Started resetting external storage service...
04-04 04:29:57.082 I/StorageSessionController( 1152): Finished resetting external storage service
04-04 04:29:57.082 I/StorageManagerService( 1152): Resetting vold...
04-04 04:29:57.082 I/StorageManagerService( 1152): Reset vold
04-04 04:29:57.083 I/vold ( 561): onUserAdded: 0
04-04 04:29:57.083 D/Fingerprint21( 1152): Fingerprint HAL ready, HAL ID: 5326416
04-04 04:29:57.084 D/BiometricScheduler/Fingerprint21( 1152): [Added] {[0] FingerprintUpdateActiveUserClient, proto=1, owner=android, cookie=0, requestId=-1, userId=0}, new queue size: 1
04-04 04:29:57.084 D/BiometricScheduler/Fingerprint21( 1152): [Polled] {[0] FingerprintUpdateActiveUserClient, proto=1, owner=android, cookie=0, requestId=-1, userId=0}, State: 0
04-04 04:29:57.084 D/BiometricScheduler/Fingerprint21( 1152): [Starting] {[0] FingerprintUpdateActiveUserClient, proto=1, owner=android, cookie=0, requestId=-1, userId=0}, State: 0
04-04 04:29:57.084 D/BiometricScheduler/Fingerprint21( 1152): [Started] {[0] FingerprintUpdateActiveUserClient, proto=1, owner=android, cookie=0, requestId=-1, userId=0}
01-01 08:00:54.658 E/bt_vreg_unvote( 0): vreg_unvote successful for : qca,bt-vdd-aon
01-01 08:00:54.665 D/qbt ( 0): qbt_open: entry minor_no=0 fd_available=1
01-01 08:00:54.665 D/qbt ( 0): qbt_open: exit : 0 fd_available=0
01-01 08:00:54.665 D/qbt ( 0): qbt_open: entry minor_no=1 fd_available=0
01-01 08:00:54.665 D/qbt ( 0): qbt_open: exit : 0 fd_available=0
01-01 08:00:54.665 D/qbt ( 0): qbt_ioctl: cmd received 107
01-01 08:00:54.665 D/qbt ( 0): qbt_ioctl: Acquiring wakelock
04-04 04:29:57.104 D/ActivityManagerTiming( 1152): OnBootPhase_1000_com.android.server.testharness.TestHarnessModeService took to complete: 22ms
04-04 04:29:57.104 I/ActivityManagerTiming( 1152): OnBootPhase_1000_com.android.server.oemlock.OemLockService
04-04 04:29:57.104 D/ActivityManagerTiming( 1152): OnBootPhase_1000_com.android.server.oemlock.OemLockService took to complete: 0ms
04-04 04:29:57.104 I/ActivityManagerTiming( 1152): OnBootPhase_1000_com.android.server.DeviceIdleController
04-04 04:29:57.104 D/ActivityManagerTiming( 1152): OnBootPhase_1000_com.android.server.DeviceIdleController took to complete: 0ms
04-04 04:29:57.104 I/ActivityManagerTiming( 1152): OnBootPhase_1000_com.android.server.devicepolicy.DevicePolicyManagerService$Lifecycle
04-04 04:29:57.104 D/ActivityManagerTiming( 1152): OnBootPhase_1000_com.android.server.devicepolicy.DevicePolicyManagerService$Lifecycle took to complete: 0ms
04-04 04:29:57.104 I/ActivityManagerTiming( 1152): OnBootPhase_1000_com.android.server.texttospeech.TextToSpeechManagerService
04-04 04:29:57.104 D/ActivityManagerTiming( 1152): OnBootPhase_1000_com.android.server.texttospeech.TextToSpeechManagerService took to complete: 0ms
04-04 04:29:57.104 I/ActivityManagerTiming( 1152): OnBootPhase_1000_com.android.server.speech.SpeechRecognitionManagerService
04-04 04:29:57.104 D/ActivityManagerTiming( 1152): OnBootPhase_1000_com.android.server.speech.SpeechRecognitionManagerService took to complete: 0ms
04-04 04:29:57.104 I/ActivityManagerTiming( 1152): OnBootPhase_1000_com.android.server.searchui.SearchUiManagerService
04-04 04:29:57.104 D/ActivityManagerTiming( 1152): OnBootPhase_1000_com.android.server.searchui.SearchUiManagerService took to complete: 0ms
04-04 04:29:57.104 I/ActivityManagerTiming( 1152): OnBootPhase_1000_com.android.server.smartspace.SmartspaceManagerService
04-04 04:29:57.104 D/ActivityManagerTiming( 1152): OnBootPhase_1000_com.android.server.smartspace.SmartspaceManagerService took to complete: 0ms
04-04 04:29:57.104 I/ActivityManagerTiming( 1152): OnBootPhase_1000_com.android.server.graphics.fonts.FontManagerService$Lifecycle
04-04 04:29:57.105 D/ActivityManagerTiming( 1152): OnBootPhase_1000_com.android.server.graphics.fonts.FontManagerService$Lifecycle took to complete: 0ms
04-04 04:29:57.105 I/ActivityManagerTiming( 1152): OnBootPhase_1000_com.android.server.textservices.TextServicesManagerService$Lifecycle
04-04 04:29:57.105 D/ActivityManagerTiming( 1152): OnBootPhase_1000_com.android.server.textservices.TextServicesManagerService$Lifecycle took to complete: 0ms
04-04 04:29:57.105 I/ActivityManagerTiming( 1152): OnBootPhase_1000_com.android.server.textclassifier.TextClassificationManagerService$Lifecycle
04-04 04:29:57.105 D/ActivityManagerTiming( 1152): OnBootPhase_1000_com.android.server.textclassifier.TextClassificationManagerService$Lifecycle took to complete: 0ms
04-04 04:29:57.105 I/ActivityManagerTiming( 1152): OnBootPhase_1000_com.android.server.NetworkScoreService$Lifecycle
04-04 04:29:57.105 D/ActivityManagerTiming( 1152): OnBootPhase_1000_com.android.server.NetworkScoreService$Lifecycle took to complete: 0ms
04-04 04:29:57.105 I/ActivityManagerTiming( 1152): OnBootPhase_1000_com.android.server.wifi.WifiService
04-04 04:29:57.105 D/ActivityManagerTiming( 1152): OnBootPhase_1000_com.android.server.wifi.WifiService took to complete: 0ms
04-04 04:29:57.105 I/ActivityManagerTiming( 1152): OnBootPhase_1000_com.android.server.wifi.scanner.WifiScanningService
04-04 04:29:57.110 D/ActivityManagerTiming( 1152): OnBootPhase_1000_com.android.server.wifi.scanner.WifiScanningService took to complete: 0ms
04-04 04:29:57.110 I/ActivityManagerTiming( 1152): OnBootPhase_1000_com.android.server.wifi.rtt.RttService
04-04 04:29:57.110 D/ActivityManagerTiming( 1152): OnBootPhase_1000_com.android.server.wifi.rtt.RttService took to complete: 0ms
04-04 04:29:57.110 I/ActivityManagerTiming( 1152): OnBootPhase_1000_com.android.server.wifi.aware.WifiAwareService
04-04 04:29:57.111 D/ActivityManagerTiming( 1152): OnBootPhase_1000_com.android.server.wifi.aware.WifiAwareService took to complete: 1ms
04-04 04:29:57.111 I/ActivityManagerTiming( 1152): OnBootPhase_1000_com.android.server.wifi.p2p.WifiP2pService
04-04 04:29:57.111 D/ActivityManagerTiming( 1152): OnBootPhase_1000_com.android.server.wifi.p2p.WifiP2pService took to complete: 0ms
04-04 04:29:57.111 I/ActivityManagerTiming( 1152): OnBootPhase_1000_com.android.server.ethernet.EthernetService
04-04 04:29:57.111 D/ActivityManagerTiming( 1152): OnBootPhase_1000_com.android.server.ethernet.EthernetService took to complete: 0ms
04-04 04:29:57.111 I/ActivityManagerTiming( 1152): OnBootPhase_1000_com.android.server.ConnectivityServiceInitializer
04-04 04:29:57.111 D/ActivityManagerTiming( 1152): OnBootPhase_1000_com.android.server.ConnectivityServiceInitializer took to complete: 0ms
04-04 04:29:57.111 I/ActivityManagerTiming( 1152): OnBootPhase_1000_com.android.server.notification.NotificationManagerService
04-04 04:29:57.111 D/ActivityManagerTiming( 1152): OnBootPhase_1000_com.android.server.notification.NotificationManagerService took to complete: 0ms
04-04 04:29:57.111 I/ActivityManagerTiming( 1152): OnBootPhase_1000_com.android.server.storage.DeviceStorageMonitorService
04-04 04:29:57.111 D/ActivityManagerTiming( 1152): OnBootPhase_1000_com.android.server.storage.DeviceStorageMonitorService took to complete: 0ms
04-04 04:29:57.111 I/ActivityManagerTiming( 1152): OnBootPhase_1000_com.android.server.location.LocationManagerService$Lifecycle
04-04 04:29:57.111 D/ActivityManagerTiming( 1152): OnBootPhase_1000_com.android.server.location.LocationManagerService$Lifecycle took to complete: 0ms
04-04 04:29:57.112 I/ActivityManagerTiming( 1152): OnBootPhase_1000_com.android.server.timedetector.TimeDetectorService$Lifecycle
04-04 04:29:57.112 D/ActivityManagerTiming( 1152): OnBootPhase_1000_com.android.server.timedetector.TimeDetectorService$Lifecycle took to complete: 0ms
04-04 04:29:57.112 I/ActivityManagerTiming( 1152): OnBootPhase_1000_com.android.server.timezonedetector.TimeZoneDetectorService$Lifecycle
04-04 04:29:57.112 D/ActivityManagerTiming( 1152): OnBootPhase_1000_com.android.server.timezonedetector.TimeZoneDetectorService$Lifecycle took to complete: 0ms
04-04 04:29:57.112 I/ActivityManagerTiming( 1152): OnBootPhase_1000_com.android.server.timezonedetector.location.LocationTimeZoneManagerService$Lifecycle
04-04 04:29:57.112 D/ActivityManagerTiming( 1152): OnBootPhase_1000_com.android.server.timezonedetector.location.LocationTimeZoneManagerService$Lifecycle took to complete: 0ms
04-04 04:29:57.112 I/ActivityManagerTiming( 1152): OnBootPhase_1000_com.android.server.search.SearchManagerService$Lifecycle
04-04 04:29:57.112 D/ActivityManagerTiming( 1152): OnBootPhase_1000_com.android.server.search.SearchManagerService$Lifecycle took to complete: 0ms
04-04 04:29:57.112 I/ActivityManagerTiming( 1152): OnBootPhase_1000_com.android.server.wallpaper.WallpaperManagerService$Lifecycle
04-04 04:29:57.112 D/ActivityManagerTiming( 1152): OnBootPhase_1000_com.android.server.wallpaper.WallpaperManagerService$Lifecycle took to complete: 0ms
04-04 04:29:57.112 I/ActivityManagerTiming( 1152): OnBootPhase_1000_com.android.server.audio.AudioService$Lifecycle
04-04 04:29:57.112 D/ActivityManagerTiming( 1152): OnBootPhase_1000_com.android.server.audio.AudioService$Lifecycle took to complete: 0ms
04-04 04:29:57.112 I/ActivityManagerTiming( 1152): OnBootPhase_1000_com.android.server.soundtrigger_middleware.SoundTriggerMiddlewareService$Lifecycle
04-04 04:29:57.112 D/ActivityManagerTiming( 1152): OnBootPhase_1000_com.android.server.soundtrigger_middleware.SoundTriggerMiddlewareService$Lifecycle took to complete: 0ms
04-04 04:29:57.112 I/ActivityManagerTiming( 1152): OnBootPhase_1000_com.android.server.DockObserver
04-04 04:29:57.113 D/ActivityManagerTiming( 1152): OnBootPhase_1000_com.android.server.DockObserver took to complete: 0ms
04-04 04:29:57.113 I/ActivityManagerTiming( 1152): OnBootPhase_1000_com.android.server.midi.MidiService$Lifecycle
04-04 04:29:57.113 D/ActivityManagerTiming( 1152): OnBootPhase_1000_com.android.server.midi.MidiService$Lifecycle took to complete: 0ms
04-04 04:29:57.113 I/ActivityManagerTiming( 1152): OnBootPhase_1000_com.android.server.adb.AdbService$Lifecycle
04-04 04:29:57.113 D/ActivityManagerTiming( 1152): OnBootPhase_1000_com.android.server.adb.AdbService$Lifecycle took to complete: 0ms
04-04 04:29:57.113 I/ActivityManagerTiming( 1152): OnBootPhase_1000_com.android.server.usb.UsbService$Lifecycle
04-04 04:29:57.113 D/ActivityManagerTiming( 1152): OnBootPhase_1000_com.android.server.usb.UsbService$Lifecycle took to complete: 0ms
04-04 04:29:57.113 I/ActivityManagerTiming( 1152): OnBootPhase_1000_com.android.server.twilight.TwilightService
01-01 08:00:54.713 W/QSEECOM ( 0): qseecom_load_app: App (fingerpr) does'nt exist, loading apps for first time
04-04 04:29:57.129 E/AdbDebuggingManager( 1152): Expected keyStore, but got tag=wifiAP
04-04 04:29:57.130 E/AdbDebuggingManager( 1152): Expected keyStore, but got tag=wifiAP
04-04 04:29:57.130 D/ActivityManagerTiming( 1152): OnBootPhase_1000_com.android.server.twilight.TwilightService took to complete: 16ms
04-04 04:29:57.130 I/ActivityManagerTiming( 1152): OnBootPhase_1000_com.android.server.display.color.ColorDisplayService
04-04 04:29:57.130 D/ActivityManagerTiming( 1152): OnBootPhase_1000_com.android.server.display.color.ColorDisplayService took to complete: 0ms
04-04 04:29:57.130 I/ActivityManagerTiming( 1152): OnBootPhase_1000_com.android.server.job.JobSchedulerService
04-04 04:29:57.130 D/ActivityManagerTiming( 1152): OnBootPhase_1000_com.android.server.job.JobSchedulerService took to complete: 0ms
04-04 04:29:57.130 I/ActivityManagerTiming( 1152): OnBootPhase_1000_com.android.server.soundtrigger.SoundTriggerService
04-04 04:29:57.130 D/SoundTriggerService( 1152): onBootPhase: 1000 : false
04-04 04:29:57.130 D/ActivityManagerTiming( 1152): OnBootPhase_1000_com.android.server.soundtrigger.SoundTriggerService took to complete: 0ms
04-04 04:29:57.131 I/ActivityManagerTiming( 1152): OnBootPhase_1000_com.android.server.trust.TrustManagerService
04-04 04:29:57.131 D/ActivityManagerTiming( 1152): OnBootPhase_1000_com.android.server.trust.TrustManagerService took to complete: 1ms
04-04 04:29:57.131 I/ActivityManagerTiming( 1152): OnBootPhase_1000_com.android.server.backup.BackupManagerService$Lifecycle
04-04 04:29:57.132 D/ActivityManagerTiming( 1152): OnBootPhase_1000_com.android.server.backup.BackupManagerService$Lifecycle took to complete: 0ms
04-04 04:29:57.132 I/ActivityManagerTiming( 1152): OnBootPhase_1000_com.android.server.appwidget.AppWidgetService
04-04 04:29:57.132 D/ActivityManagerTiming( 1152): OnBootPhase_1000_com.android.server.appwidget.AppWidgetService took to complete: 0ms
04-04 04:29:57.132 I/ActivityManagerTiming( 1152): OnBootPhase_1000_com.android.server.voiceinteraction.VoiceInteractionManagerService
04-04 04:29:57.132 D/ActivityManagerTiming( 1152): OnBootPhase_1000_com.android.server.voiceinteraction.VoiceInteractionManagerService took to complete: 0ms
04-04 04:29:57.132 I/ActivityManagerTiming( 1152): OnBootPhase_1000_com.android.server.apphibernation.AppHibernationService
04-04 04:29:57.139 D/ActivityManagerTiming( 1152): OnBootPhase_1000_com.android.server.apphibernation.AppHibernationService took to complete: 7ms
04-04 04:29:57.139 I/ActivityManagerTiming( 1152): OnBootPhase_1000_com.android.server.SensorNotificationService
04-04 04:29:57.146 I/HibernationStateDiskStore( 1152): No hibernation file on disk for file /data/system/hibernation/states
04-04 04:29:57.149 D/CompatibilityChangeReporter( 1152): Compat change id reported: 168936375; UID 1000; state: ENABLED
04-04 04:29:57.149 D/CompatibilityChangeReporter( 1152): Compat change id reported: 168936375; UID 1000; state: DISABLED
04-04 04:29:57.150 D/CompatibilityChangeReporter( 1152): Compat change id reported: 73144566; UID 1000; state: ENABLED
04-04 04:29:57.150 D/CompatibilityChangeReporter( 1152): Compat change id reported: 73144566; UID 1000; state: DISABLED
04-04 04:29:57.151 D/ActivityManagerTiming( 1152): OnBootPhase_1000_com.android.server.SensorNotificationService took to complete: 11ms
04-04 04:29:57.151 I/ActivityManagerTiming( 1152): OnBootPhase_1000_com.android.server.emergency.EmergencyAffordanceService
04-04 04:29:57.151 D/ActivityManagerTiming( 1152): OnBootPhase_1000_com.android.server.emergency.EmergencyAffordanceService took to complete: 0ms
04-04 04:29:57.151 I/ActivityManagerTiming( 1152): OnBootPhase_1000_com.android.server.blob.BlobStoreManagerService
04-04 04:29:57.151 D/ActivityManagerTiming( 1152): OnBootPhase_1000_com.android.server.blob.BlobStoreManagerService took to complete: 0ms
04-04 04:29:57.151 I/ActivityManagerTiming( 1152): OnBootPhase_1000_com.android.server.dreams.DreamManagerService
04-04 04:29:57.151 D/ActivityManagerTiming( 1152): OnBootPhase_1000_com.android.server.dreams.DreamManagerService took to complete: 0ms
04-04 04:29:57.151 I/ActivityManagerTiming( 1152): OnBootPhase_1000_com.android.server.companion.CompanionDeviceManagerService
04-04 04:29:57.151 D/ActivityManagerTiming( 1152): OnBootPhase_1000_com.android.server.companion.CompanionDeviceManagerService took to complete: 0ms
04-04 04:29:57.151 I/ActivityManagerTiming( 1152): OnBootPhase_1000_com.android.server.restrictions.RestrictionsManagerService
04-04 04:29:57.151 D/ActivityManagerTiming( 1152): OnBootPhase_1000_com.android.server.restrictions.RestrictionsManagerService took to complete: 0ms
04-04 04:29:57.151 I/ActivityManagerTiming( 1152): OnBootPhase_1000_com.android.server.media.MediaSessionService
04-04 04:29:57.152 D/ActivityManagerTiming( 1152): OnBootPhase_1000_com.android.server.media.MediaSessionService took to complete: 0ms
04-04 04:29:57.152 I/ActivityManagerTiming( 1152): OnBootPhase_1000_com.android.server.media.MediaResourceMonitorService
04-04 04:29:57.152 D/ActivityManagerTiming( 1152): OnBootPhase_1000_com.android.server.media.MediaResourceMonitorService took to complete: 0ms
04-04 04:29:57.152 I/ActivityManagerTiming( 1152): OnBootPhase_1000_com.android.server.biometrics.sensors.fingerprint.FingerprintService
04-04 04:29:57.152 D/ActivityManagerTiming( 1152): OnBootPhase_1000_com.android.server.biometrics.sensors.fingerprint.FingerprintService took to complete: 0ms
04-04 04:29:57.152 I/ActivityManagerTiming( 1152): OnBootPhase_1000_com.android.server.biometrics.BiometricService
04-04 04:29:57.152 D/ActivityManagerTiming( 1152): OnBootPhase_1000_com.android.server.biometrics.BiometricService took to complete: 0ms
04-04 04:29:57.153 I/ActivityManagerTiming( 1152): OnBootPhase_1000_com.android.server.biometrics.AuthService
04-04 04:29:57.153 D/ActivityManagerTiming( 1152): OnBootPhase_1000_com.android.server.biometrics.AuthService took to complete: 0ms
04-04 04:29:57.153 I/ActivityManagerTiming( 1152): OnBootPhase_1000_com.android.server.pm.ShortcutService$Lifecycle
04-04 04:29:57.153 D/ActivityManagerTiming( 1152): OnBootPhase_1000_com.android.server.pm.ShortcutService$Lifecycle took to complete: 0ms
04-04 04:29:57.153 I/ActivityManagerTiming( 1152): OnBootPhase_1000_com.android.server.pm.LauncherAppsService
04-04 04:29:57.153 D/ActivityManagerTiming( 1152): OnBootPhase_1000_com.android.server.pm.LauncherAppsService took to complete: 0ms
04-04 04:29:57.153 I/ActivityManagerTiming( 1152): OnBootPhase_1000_com.android.server.pm.CrossProfileAppsService
04-04 04:29:57.153 D/ActivityManagerTiming( 1152): OnBootPhase_1000_com.android.server.pm.CrossProfileAppsService took to complete: 0ms
04-04 04:29:57.153 I/ActivityManagerTiming( 1152): OnBootPhase_1000_com.android.server.people.PeopleService
04-04 04:29:57.153 D/ActivityManagerTiming( 1152): OnBootPhase_1000_com.android.server.people.PeopleService took to complete: 0ms
04-04 04:29:57.153 I/ActivityManagerTiming( 1152): OnBootPhase_1000_com.android.server.media.metrics.MediaMetricsManagerService
04-04 04:29:57.153 D/ActivityManagerTiming( 1152): OnBootPhase_1000_com.android.server.media.metrics.MediaMetricsManagerService took to complete: 0ms
04-04 04:29:57.153 I/ActivityManagerTiming( 1152): OnBootPhase_1000_com.android.server.media.projection.MediaProjectionManagerService
04-04 04:29:57.153 D/ActivityManagerTiming( 1152): OnBootPhase_1000_com.android.server.media.projection.MediaProjectionManagerService took to complete: 0ms
04-04 04:29:57.153 I/ActivityManagerTiming( 1152): OnBootPhase_1000_com.android.server.slice.SliceManagerService$Lifecycle
04-04 04:29:57.153 D/ActivityManagerTiming( 1152): OnBootPhase_1000_com.android.server.slice.SliceManagerService$Lifecycle took to complete: 0ms
04-04 04:29:57.153 I/ActivityManagerTiming( 1152): OnBootPhase_1000_com.android.server.stats.StatsCompanion$Lifecycle
04-04 04:29:57.153 D/ActivityManagerTiming( 1152): OnBootPhase_1000_com.android.server.stats.StatsCompanion$Lifecycle took to complete: 1ms
04-04 04:29:57.154 I/ActivityManagerTiming( 1152): OnBootPhase_1000_com.android.server.scheduling.RebootReadinessManagerService$Lifecycle
04-04 04:29:57.154 D/ActivityManagerTiming( 1152): OnBootPhase_1000_com.android.server.scheduling.RebootReadinessManagerService$Lifecycle took to complete: 0ms
04-04 04:29:57.154 I/ActivityManagerTiming( 1152): OnBootPhase_1000_com.android.server.stats.pull.StatsPullAtomService
04-04 04:29:57.154 D/ActivityManagerTiming( 1152): OnBootPhase_1000_com.android.server.stats.pull.StatsPullAtomService took to complete: 0ms
04-04 04:29:57.154 I/ActivityManagerTiming( 1152): OnBootPhase_1000_com.android.server.incident.IncidentCompanionService
04-04 04:29:57.154 D/ActivityManagerTiming( 1152): OnBootPhase_1000_com.android.server.incident.IncidentCompanionService took to complete: 0ms
04-04 04:29:57.154 I/ActivityManagerTiming( 1152): OnBootPhase_1000_com.android.server.MmsServiceBroker
04-04 04:29:57.154 D/ActivityManagerTiming( 1152): OnBootPhase_1000_com.android.server.MmsServiceBroker took to complete: 0ms
04-04 04:29:57.154 I/ActivityManagerTiming( 1152): OnBootPhase_1000_com.android.server.autofill.AutofillManagerService
04-04 04:29:57.154 D/ActivityManagerTiming( 1152): OnBootPhase_1000_com.android.server.autofill.AutofillManagerService took to complete: 0ms
04-04 04:29:57.154 I/ActivityManagerTiming( 1152): OnBootPhase_1000_com.android.server.clipboard.ClipboardService
04-04 04:29:57.154 D/ActivityManagerTiming( 1152): OnBootPhase_1000_com.android.server.clipboard.ClipboardService took to complete: 0ms
04-04 04:29:57.154 I/ActivityManagerTiming( 1152): OnBootPhase_1000_com.android.server.appbinding.AppBindingService$Lifecycle
04-04 04:29:57.154 D/ActivityManagerTiming( 1152): OnBootPhase_1000_com.android.server.appbinding.AppBindingService$Lifecycle took to complete: 0ms
04-04 04:29:57.154 I/ActivityManagerTiming( 1152): OnBootPhase_1000_com.android.server.tracing.TracingServiceProxy
04-04 04:29:57.154 D/ActivityManagerTiming( 1152): OnBootPhase_1000_com.android.server.tracing.TracingServiceProxy took to complete: 0ms
04-04 04:29:57.154 I/ActivityManagerTiming( 1152): OnBootPhase_1000_com.android.server.policy.PermissionPolicyService
04-04 04:29:57.154 D/ActivityManagerTiming( 1152): OnBootPhase_1000_com.android.server.policy.PermissionPolicyService took to complete: 0ms
04-04 04:29:57.154 I/ActivityManagerTiming( 1152): OnBootPhase_1000_com.android.server.pm.StagingManager$Lifecycle
04-04 04:29:57.154 D/ActivityManagerTiming( 1152): OnBootPhase_1000_com.android.server.pm.StagingManager$Lifecycle took to complete: 0ms
04-04 04:29:57.154 I/ActivityManagerTiming( 1152): OnBootPhase_1000_com.android.server.app.GameManagerService$Lifecycle
04-04 04:29:57.154 D/GameManagerService( 1152): onBootCompleted
04-04 04:29:57.154 D/ActivityManagerTiming( 1152): OnBootPhase_1000_com.android.server.app.GameManagerService$Lifecycle took to complete: 0ms
04-04 04:29:57.154 I/ActivityManagerTiming( 1152): OnBootPhase_1000_com.android.server.appsearch.AppSearchManagerService
04-04 04:29:57.155 D/ActivityManagerTiming( 1152): OnBootPhase_1000_com.android.server.appsearch.AppSearchManagerService took to complete: 1ms
04-04 04:29:57.155 I/ActivityManagerTiming( 1152): OnBootPhase_1000_com.android.server.media.MediaCommunicationService
04-04 04:29:57.155 D/ActivityManagerTiming( 1152): OnBootPhase_1000_com.android.server.media.MediaCommunicationService took to complete: 0ms
04-04 04:29:57.155 D/ActivityManagerTiming( 1152): OnBootPhase_1000 took to complete: 101ms
04-04 04:29:57.155 D/ActivityManagerTiming( 1152): TotalBootTime took to complete: 12544ms
04-04 04:29:57.155 D/SystemServerInitThreadPool( 1152): Shutdown requested
04-04 04:29:57.155 I/SystemServerTiming( 1152): WaitInitThreadPoolShutdown
04-04 04:29:57.158 D/SystemServerInitThreadPool( 1152): Shutdown successful
01-01 08:00:54.719 I/[wifi@1][0x3e829dca][04:29:57.140871] wlan( 0): [958:I:DP] dp_vdev_attach_wifi3: wlan_cfg_ap_bridge_enabled 1
04-04 04:29:57.158 D/SystemServerTiming( 1152): WaitInitThreadPoolShutdown took to complete: 3ms
04-04 04:29:57.163 I/ActivityManager( 1152): User 0 state changed from BOOTING to RUNNING_LOCKED
04-04 04:29:57.163 W/ActivityManager( 1152): UserLifecycleEvent 4 received without an active userJourneySession.
01-01 08:00:54.720 E/[wifi@1][0x3e82c8a0][04:29:57.141441] wlan( 0): [958:E:PMO] pmo_register_wow_wakeup_events: 88: Skipping wake event configuration for vdev_opmode 16
01-01 08:00:54.744 E/[wifi@1][0x3e89f178][04:29:57.165880] wlan( 0): [958:E:SME] sme_get_nss_chain_shift: 4045: Device mode 16 invalid
04-04 04:29:57.177 D/StorageManagerService( 1152): unlockUserKey: 0 isFileEncryptedNativeOrEmulated: true hasToken: false hasSecret: false
04-04 04:29:57.183 D/vold ( 561): fscrypt_unlock_user_key 0 serial=0
04-04 04:29:57.185 D/vold ( 561): Trying user CE key /data/misc/vold/user_keys/ce/0/current
01-01 08:00:54.755 E/[wifi@1][0x3e8d43b0][04:29:57.177216] wlan( 0): [958:E:SME] sme_get_nss_chain_shift: 4045: Device mode 16 invalid
01-01 08:00:54.773 I/IPv6 ( 0): ADDRCONF(NETDEV_UP): wifi-aware0: link is not ready
01-01 08:00:54.852 W/QSEECOM ( 0): qseecom_load_app: App with id 7 (fingerpr) now loaded
04-04 04:29:57.281 D/vold ( 561): Successfully retrieved key
01-01 08:00:54.876 I/[schedu][0x3eb087a3][04:29:57.297588] wlan( 0): [2281:I:HIF] Deinitializing Runtime PM wakelock &vdev->vdev_set_key_runtime_wakelock
01-01 08:00:54.877 I/[schedu][0x3eb0e785][04:29:57.298867] wlan( 0): [2281:I:HIF] Initializing Runtime PM wakelock &vdev->vdev_set_key_runtime_wakelock
04-04 04:29:57.323 D/vold ( 561): Installed fscrypt key with ref 292e7737f4dba50651726b8284842989 to /data
04-04 04:29:57.323 D/vold ( 561): Added fscrypt-provisioning key for 292e7737f4dba50651726b8284842989 to session keyring
04-04 04:29:57.323 D/vold ( 561): Installed ce key for user 0
04-04 04:29:57.329 W/ActivityManager( 1152): UserLifecycleEvent 5 received without an active userJourneySession.
04-04 04:29:57.329 D/ActivityManager( 1152): Started unlocking user 0
04-04 04:29:57.329 D/ActivityManager( 1152): Unlocking user 0 progress 0
04-04 04:29:57.329 D/ActivityManager( 1152): Unlocking user 0 progress 5
04-04 04:29:57.330 D/ActivityManagerTiming( 1152): FinishBooting took to complete: 310ms
04-04 04:29:57.335 I/DropBoxManagerService( 1152): add tag=system_server_strictmode isTagEnabled=true flags=0x2
04-04 04:29:57.337 I/DropBoxManagerService( 1152): add tag=system_server_strictmode isTagEnabled=true flags=0x2
04-04 04:29:57.338 I/DropBoxManagerService( 1152): add tag=system_server_strictmode isTagEnabled=true flags=0x2
04-04 04:29:57.338 D/ColorDisplayService( 1152): setUp: currentUser=0
04-04 04:29:57.338 I/DropBoxManagerService( 1152): add tag=system_server_strictmode isTagEnabled=true flags=0x2
04-04 04:29:57.339 D/CompatibilityChangeReporter( 1152): Compat change id reported: 168419799; UID 10090; state: DISABLED
04-04 04:29:57.344 D/CompatibilityChangeReporter( 1152): Compat change id reported: 135634846; UID 10079; state: DISABLED
04-04 04:29:57.344 D/CompatibilityChangeReporter( 1152): Compat change id reported: 177438394; UID 10079; state: DISABLED
04-04 04:29:57.344 D/CompatibilityChangeReporter( 1152): Compat change id reported: 135772972; UID 10079; state: DISABLED
04-04 04:29:57.345 D/CompatibilityChangeReporter( 1152): Compat change id reported: 135754954; UID 10079; state: ENABLED
04-04 04:29:57.345 D/CompatibilityChangeReporter( 1152): Compat change id reported: 143937733; UID 10079; state: ENABLED
04-04 04:29:57.349 I/AdbDebuggingManager( 1152): Not connected to any wireless network. Not enabling adbwifi.
04-04 04:29:57.349 W/Looper ( 1152): Slow dispatch took 218ms android.fg h=com.android.server.adb.AdbDebuggingManager$AdbDebuggingHandler c=null m=11
04-04 04:29:57.349 W/Looper ( 1152): Slow delivery took 207ms android.fg h=com.android.server.adb.AdbDebuggingManager$AdbDebuggingHandler c=null m=26
04-04 04:29:57.350 D/vold ( 561): fscrypt_prepare_user_storage for volume null, user 0, serial 0, flags 2
04-04 04:29:57.350 D/vold ( 561): Preparing: /data/system_ce/0
04-04 04:29:57.350 D/vold ( 561): Preparing: /data/misc_ce/0
04-04 04:29:57.350 D/vold ( 561): Preparing: /data/vendor_ce/0
04-04 04:29:57.352 D/vold ( 561): Preparing: /data/media/0
04-04 04:29:57.356 D/vold ( 561): Preparing: /data/data
04-04 04:29:57.356 I/vold ( 561): Verified that /data/system_ce/0 has the encryption policy 292e7737f4dba50651726b8284842989 v2 modes 1/4 flags 0xa
04-04 04:29:57.356 I/vold ( 561): Verified that /data/misc_ce/0 has the encryption policy 292e7737f4dba50651726b8284842989 v2 modes 1/4 flags 0xa
04-04 04:29:57.357 I/vold ( 561): Verified that /data/vendor_ce/0 has the encryption policy 292e7737f4dba50651726b8284842989 v2 modes 1/4 flags 0xa
04-04 04:29:57.357 I/vold ( 561): Verified that /data/media/0 has the encryption policy 292e7737f4dba50651726b8284842989 v2 modes 1/4 flags 0xa
04-04 04:29:57.357 I/vold ( 561): Verified that /data/data has the encryption policy 292e7737f4dba50651726b8284842989 v2 modes 1/4 flags 0xa
04-04 04:29:57.357 D/vold ( 561): Starting restorecon of /data/system_ce/0
04-04 04:29:57.408 D/BluetoothManagerService( 1152): MESSAGE_BLUETOOTH_STATE_CHANGE: BLE_TURNING_ON > BLE_ON
04-04 04:29:57.409 D/BluetoothManagerService( 1152): Bluetooth is in LE only mode
04-04 04:29:57.409 D/BluetoothManagerService( 1152): Binding Bluetooth GATT service
04-04 04:29:57.410 D/BluetoothManagerService( 1152): Sending BLE State Change: BLE_TURNING_ON > BLE_ON
04-04 04:29:57.417 W/ActivityManager( 1152): Slow operation: 73ms so far, now at startProcess: returned from zygote!
04-04 04:29:57.420 D/ColorDisplayService( 1152): onNightDisplayAutoModeChanged: autoMode=0
04-04 04:29:57.420 I/ColorDisplayService( 1152): Turning off night display
04-04 04:29:57.420 D/ColorDisplayService( 1152): Setting bright color reduction level: 50
04-04 04:29:57.421 V/DisplayPowerController[0]( 1152): Brightness [1.0] manual adjustment.
04-04 04:29:57.421 W/ActivityManager( 1152): Slow operation: 77ms so far, now at startProcess: done updating battery stats
04-04 04:29:57.421 W/ActivityManager( 1152): Slow operation: 77ms so far, now at startProcess: building log message
04-04 04:29:57.421 I/ActivityManager( 1152): Start proc 2859:com.qualcomm.location/u0a79 for broadcast {com.qualcomm.location/com.qualcomm.location.LocationServiceReceiver}
04-04 04:29:57.421 W/ActivityManager( 1152): Slow operation: 77ms so far, now at startProcess: starting to update pids map
04-04 04:29:57.421 W/ActivityManager( 1152): Slow operation: 77ms so far, now at startProcess: done updating pids map
04-04 04:29:57.425 D/vold ( 561): Finished restorecon of /data/system_ce/0
04-04 04:29:57.425 D/vold ( 561): Starting restorecon of /data/vendor_ce/0
04-04 04:29:57.430 D/vold ( 561): Finished restorecon of /data/vendor_ce/0
04-04 04:29:57.430 D/vold ( 561): Starting restorecon of /data/misc_ce/0
04-04 04:29:57.434 D/vold ( 561): Finished restorecon of /data/misc_ce/0
04-04 04:29:57.435 D/vold ( 561): /system/bin/vold_prepare_subdirs
04-04 04:29:57.435 D/vold ( 561): prepare
04-04 04:29:57.435 D/vold ( 561):
04-04 04:29:57.435 D/vold ( 561): 0
04-04 04:29:57.435 D/vold ( 561): 2
01-01 08:00:54.881 I/ ( 0): Boot completed
01-01 08:00:55.071 I/binder ( 0): 2859:2859 ioctl 40046210 7ffe7f3634 returned -22
01-01 08:00:55.102 W/QSEECOM ( 0): __qseecom_unload_app: App (7) is unloaded
01-01 08:00:55.103 D/qbt ( 0): qbt_release: entry minor_no=0 fd_available=0
01-01 08:00:55.103 D/qbt ( 0): qbt_release: Releasing wakelock
01-01 08:00:55.103 D/qbt ( 0): qbt_release: exit : fd_available=1
01-01 08:00:55.103 D/qbt ( 0): qbt_release: entry minor_no=1 fd_available=1
04-04 04:29:57.525 W/Looper ( 1152): Slow dispatch took 442ms main h=android.os.Handler c=com.android.server.biometrics.sensors.fingerprint.hidl.Fingerprint21$$ExternalSyntheticLambda2@d0f5e85 m=0
04-04 04:29:57.526 D/BiometricScheduler/Fingerprint21( 1152): [Added] {[1] FingerprintUpdateActiveUserClient, proto=1, owner=android, cookie=0, requestId=-1, userId=0}, new queue size: 1
04-04 04:29:57.526 V/BiometricScheduler/Fingerprint21( 1152): Not idle, current operation: {[0] FingerprintUpdateActiveUserClient, proto=1, owner=android, cookie=0, requestId=-1, userId=0}, State: 2
04-04 04:29:57.526 D/BiometricScheduler/Fingerprint21( 1152): [Added] {[2] FingerprintInternalCleanupClient, proto=7, owner=android, cookie=0, requestId=-1, userId=0}, new queue size: 2
04-04 04:29:57.526 V/BiometricScheduler/Fingerprint21( 1152): Not idle, current operation: {[0] FingerprintUpdateActiveUserClient, proto=1, owner=android, cookie=0, requestId=-1, userId=0}, State: 2
04-04 04:29:57.526 W/Looper ( 1152): Slow delivery took 442ms main h=android.os.Handler c=com.android.server.biometrics.sensors.fingerprint.hidl.Fingerprint21$$ExternalSyntheticLambda12@33ca7e8 m=0
01-01 08:00:55.103 D/qbt ( 0): qbt_release: exit : fd_available=1
04-04 04:29:57.566 W/AdbDebuggingManager( 1152): Read failed with count -1
04-04 04:29:57.629 W/ActivityManager( 1152): Slow operation: 121ms so far, now at attachApplicationLocked: before bindApplication
04-04 04:29:57.629 W/Looper ( 1152): Slow dispatch took 102ms main h=com.android.server.media.MediaRouter2ServiceImpl$UserHandler c= m=0
04-04 04:29:57.635 D/CompatibilityChangeReporter( 1152): Compat change id reported: 168419799; UID 10079; state: DISABLED
04-04 04:29:57.637 W/ActivityManager( 1152): Slow operation: 129ms so far, now at attachApplicationLocked: immediately before bindApplication
04-04 04:29:57.639 W/ActivityManager( 1152): Slow operation: 131ms so far, now at attachApplicationLocked: immediately after bindApplication
04-04 04:29:57.639 W/ActivityManager( 1152): Slow operation: 131ms so far, now at attachApplicationLocked: after updateLruProcessLocked
04-04 04:29:57.643 D/CompatibilityChangeReporter( 1152): Compat change id reported: 181136395; UID 1000; state: DISABLED
04-04 04:29:57.649 D/CompatibilityChangeReporter( 1152): Compat change id reported: 174042936; UID 1000; state: DISABLED
04-04 04:29:57.653 D/CompatibilityChangeReporter( 1152): Compat change id reported: 174042980; UID 1000; state: DISABLED
04-04 04:29:57.653 W/ActivityManager( 1152): Slow operation: 145ms so far, now at attachApplicationLocked: after mServices.attachApplicationLocked
04-04 04:29:57.656 W/ActivityManager( 1152): Slow operation: 148ms so far, now at attachApplicationLocked: after sendPendingBroadcastsLocked
04-04 04:29:57.658 D/BluetoothManagerService( 1152): Bluetooth Adapter address changed to 22:22:19:E6:64:92
04-04 04:29:57.658 D/BluetoothManagerService( 1152): Stored Bluetoothaddress: 22:22:19:E6:64:92
04-04 04:29:57.658 D/BluetoothManagerService( 1152): Bluetooth Adapter name changed to 高合娱乐副屏 by android
04-04 04:29:57.658 D/BluetoothManagerService( 1152): Stored Bluetooth name: 高合娱乐副屏
04-04 04:29:57.659 D/BluetoothManagerService( 1152): Bluetooth Adapter address changed to 22:22:19:E6:64:92
04-04 04:29:57.659 D/BluetoothManagerService( 1152): Stored Bluetoothaddress: 22:22:19:E6:64:92
04-04 04:29:57.659 D/CompanionDeviceManagerService( 1152): Received BT state transition broadcast: BLE_TURNING_ON -> BLE_ON
04-04 04:29:57.660 I/CompanionDeviceManagerService( 1152): startBleScan()
04-04 04:29:57.660 I/CompanionDeviceManagerService( 1152): Read associations from disk: {0=[]}
01-01 08:00:55.245 D/qbt ( 0): qbt_open: entry minor_no=0 fd_available=1
01-01 08:00:55.245 D/qbt ( 0): qbt_open: exit : 0 fd_available=0
01-01 08:00:55.245 D/qbt ( 0): qbt_open: entry minor_no=1 fd_available=0
01-01 08:00:55.245 D/qbt ( 0): qbt_open: exit : 0 fd_available=0
01-01 08:00:55.245 D/qbt ( 0): qbt_ioctl: cmd received 107
01-01 08:00:55.245 D/qbt ( 0): qbt_ioctl: Acquiring wakelock
04-04 04:29:57.661 D/BluetoothManagerService( 1152): BluetoothServiceConnection: com.android.bluetooth.gatt.GattService
04-04 04:29:57.663 D/BiometricScheduler/Fingerprint21( 1152): [Finishing] {[0] FingerprintUpdateActiveUserClient, proto=1, owner=android, cookie=0, requestId=-1, userId=0}, success: true
04-04 04:29:57.663 D/BiometricScheduler/Fingerprint21( 1152): [Polled] {[1] FingerprintUpdateActiveUserClient, proto=1, owner=android, cookie=0, requestId=-1, userId=0}, State: 0
04-04 04:29:57.663 D/BiometricScheduler/Fingerprint21( 1152): [Starting] {[1] FingerprintUpdateActiveUserClient, proto=1, owner=android, cookie=0, requestId=-1, userId=0}, State: 0
04-04 04:29:57.663 D/BiometricScheduler/Fingerprint21( 1152): [Started] {[1] FingerprintUpdateActiveUserClient, proto=1, owner=android, cookie=0, requestId=-1, userId=0}
04-04 04:29:57.665 D/BluetoothManagerService( 1152): MESSAGE_BLUETOOTH_SERVICE_CONNECTED: 2
04-04 04:29:57.665 D/BluetoothManagerService( 1152): continueFromBleOnState()
04-04 04:29:57.678 D/BluetoothManagerService( 1152): Persisting Bluetooth Setting: 1
04-04 04:29:57.685 D/BluetoothManagerService( 1152): MESSAGE_BLUETOOTH_STATE_CHANGE: BLE_ON > TURNING_ON
04-04 04:29:57.685 D/BluetoothManagerService( 1152): Sending BLE State Change: BLE_ON > TURNING_ON
04-04 04:29:57.685 D/BluetoothManagerService( 1152): Sending State Change: OFF > TURNING_ON
01-01 08:00:55.276 I/ ( 0): read descriptors
01-01 08:00:55.276 I/ ( 0): read strings
01-01 08:00:55.283 I/init ( 0): qssi copy & sync /metadata/vold/metadata_encryption/key/encrypted_key to /persist/key/encrypted_key_bak: No such file or directory
04-04 04:29:57.709 V/UserDataPreparer( 1152): Found /data/user/0 with serial number 0
04-04 04:29:57.710 V/UserDataPreparer( 1152): Found /data/system_ce/0 with serial number 0
04-04 04:29:57.712 D/UserDataPreparer( 1152): Setting property: sys.user.0.ce_available=true
04-04 04:29:57.722 V/PackageManager( 1152): reconcileAppsData for null u0 0x2 migrateAppData=false
01-01 08:00:55.298 W/QSEECOM ( 0): qseecom_load_app: App (fingerpr) does'nt exist, loading apps for first time
01-01 08:00:55.348 I/init ( 0): qssi copy & sync /metadata/vold/metadata_encryption/key/keymaster_key_blob to /persist/key/keymaster_key_blob_bak: No such file or directory
01-01 08:00:55.383 I/init ( 0): qssi copy & sync /metadata/vold/metadata_encryption/key/secdiscardable to /persist/key/secdiscardable_bak: No such file or directory
01-01 08:00:55.402 W/QSEECOM ( 0): qseecom_load_app: App with id 8 (fingerpr) now loaded
04-04 04:29:57.837 I/GameModeConfig( 1152): isGameModeOn = false
01-01 08:00:55.420 I/init ( 0): qssi copy & sync /metadata/vold/metadata_encryption/key/stretching to /persist/key/stretching_bak: No such file or directory
01-01 08:00:55.449 I/init ( 0): qssi copy & sync /metadata/vold/metadata_encryption/key/version to /persist/key/version_bak: No such file or directory
01-01 08:00:55.603 I/[schedu][0x3f851cd4][04:29:58.023206] wlan( 0): [2281:I:OSIF] vdev 0, scan id 40961 type COMPLETED(1) reason COMPLETED(1) scan found 46 bss
04-04 04:29:58.050 W/ActivityThread( 1997): Failed to find provider info for com.android.contacts (user not unlocked)
04-04 04:29:58.055 V/PackageManager( 1152): reconcileAppsData finished 142 packages
04-04 04:29:58.055 I/ActivityManager( 1152): User 0 state changed from RUNNING_LOCKED to RUNNING_UNLOCKING
04-04 04:29:58.056 D/ActivityManager( 1152): Unlocking user 0 progress 20
04-04 04:29:58.056 W/Looper ( 1152): Slow dispatch took 706ms android.fg h=android.os.Handler c=com.android.server.am.UserController$$ExternalSyntheticLambda3@88a1888 m=0
04-04 04:29:58.057 I/SystemServerTimingAsync( 1152): ssm.UnlockingUser-0
04-04 04:29:58.057 I/SystemServiceManager( 1152): Calling onUnlockingUser 0
04-04 04:29:58.057 I/SystemServerTimingAsync( 1152): ssm.onUnlockingUser-0_com.android.server.security.FileIntegrityService
04-04 04:29:58.057 D/SystemServerTimingAsync( 1152): ssm.onUnlockingUser-0_com.android.server.security.FileIntegrityService took to complete: 0ms
04-04 04:29:58.057 I/SystemServerTimingAsync( 1152): ssm.onUnlockingUser-0_com.android.server.pm.Installer
04-04 04:29:58.057 D/SystemServerTimingAsync( 1152): ssm.onUnlockingUser-0_com.android.server.pm.Installer took to complete: 0ms
04-04 04:29:58.057 I/SystemServerTimingAsync( 1152): ssm.onUnlockingUser-0_com.android.server.os.DeviceIdentifiersPolicyService
04-04 04:29:58.057 D/SystemServerTimingAsync( 1152): ssm.onUnlockingUser-0_com.android.server.os.DeviceIdentifiersPolicyService took to complete: 0ms
04-04 04:29:58.057 I/SystemServerTimingAsync( 1152): ssm.onUnlockingUser-0_com.android.server.uri.UriGrantsManagerService$Lifecycle
04-04 04:29:58.057 D/SystemServerTimingAsync( 1152): ssm.onUnlockingUser-0_com.android.server.uri.UriGrantsManagerService$Lifecycle took to complete: 0ms
04-04 04:29:58.057 I/SystemServerTimingAsync( 1152): ssm.onUnlockingUser-0_com.android.server.powerstats.PowerStatsService
04-04 04:29:58.057 D/SystemServerTimingAsync( 1152): ssm.onUnlockingUser-0_com.android.server.powerstats.PowerStatsService took to complete: 0ms
04-04 04:29:58.057 I/SystemServerTimingAsync( 1152): ssm.onUnlockingUser-0_com.android.server.wm.ActivityTaskManagerService$Lifecycle
04-04 04:29:58.057 D/SystemServerTimingAsync( 1152): ssm.onUnlockingUser-0_com.android.server.wm.ActivityTaskManagerService$Lifecycle took to complete: 0ms
04-04 04:29:58.058 I/SystemServerTimingAsync( 1152): ssm.onUnlockingUser-0_com.android.server.am.ActivityManagerService$Lifecycle
04-04 04:29:58.058 D/SystemServerTimingAsync( 1152): ssm.onUnlockingUser-0_com.android.server.am.ActivityManagerService$Lifecycle took to complete: 0ms
04-04 04:29:58.058 I/SystemServerTimingAsync( 1152): ssm.onUnlockingUser-0_com.android.server.pm.DataLoaderManagerService
04-04 04:29:58.058 D/SystemServerTimingAsync( 1152): ssm.onUnlockingUser-0_com.android.server.pm.DataLoaderManagerService took to complete: 0ms
04-04 04:29:58.058 I/SystemServerTimingAsync( 1152): ssm.onUnlockingUser-0_com.android.server.power.PowerManagerService
04-04 04:29:58.058 D/SystemServerTimingAsync( 1152): ssm.onUnlockingUser-0_com.android.server.power.PowerManagerService took to complete: 0ms
04-04 04:29:58.058 I/SystemServerTimingAsync( 1152): ssm.onUnlockingUser-0_com.android.server.power.ThermalManagerService
04-04 04:29:58.058 D/SystemServerTimingAsync( 1152): ssm.onUnlockingUser-0_com.android.server.power.ThermalManagerService took to complete: 0ms
04-04 04:29:58.062 I/SystemServerTimingAsync( 1152): ssm.onUnlockingUser-0_com.android.server.power.hint.HintManagerService
04-04 04:29:58.062 D/SystemServerTimingAsync( 1152): ssm.onUnlockingUser-0_com.android.server.power.hint.HintManagerService took to complete: 0ms
04-04 04:29:58.062 I/SystemServerTimingAsync( 1152): ssm.onUnlockingUser-0_com.android.server.recoverysystem.RecoverySystemService$Lifecycle
04-04 04:29:58.062 D/SystemServerTimingAsync( 1152): ssm.onUnlockingUser-0_com.android.server.recoverysystem.RecoverySystemService$Lifecycle took to complete: 0ms
04-04 04:29:58.062 I/SystemServerTimingAsync( 1152): ssm.onUnlockingUser-0_com.android.server.lights.LightsService
04-04 04:29:58.062 D/SystemServerTimingAsync( 1152): ssm.onUnlockingUser-0_com.android.server.lights.LightsService took to complete: 0ms
04-04 04:29:58.062 I/SystemServerTimingAsync( 1152): ssm.onUnlockingUser-0_com.android.server.display.DisplayManagerService
04-04 04:29:58.062 D/SystemServerTimingAsync( 1152): ssm.onUnlockingUser-0_com.android.server.display.DisplayManagerService took to complete: 0ms
04-04 04:29:58.063 I/SystemServerTimingAsync( 1152): ssm.onUnlockingUser-0_com.android.server.pm.verify.domain.DomainVerificationService
04-04 04:29:58.063 D/SystemServerTimingAsync( 1152): ssm.onUnlockingUser-0_com.android.server.pm.verify.domain.DomainVerificationService took to complete: 0ms
04-04 04:29:58.063 I/SystemServerTimingAsync( 1152): ssm.onUnlockingUser-0_com.android.server.pm.PackageInstallerService$Lifecycle
04-04 04:29:58.063 D/SystemServerTimingAsync( 1152): ssm.onUnlockingUser-0_com.android.server.pm.PackageInstallerService$Lifecycle took to complete: 0ms
04-04 04:29:58.063 I/SystemServerTimingAsync( 1152): ssm.onUnlockingUser-0_com.android.server.pm.UserManagerService$LifeCycle
