04-12 14:13:27.950 D/RemoteControlService( 2512): getEvent: clientSocket = Socket[address=/192.168.4.4,port=45767,localPort=12600]
04-12 14:13:27.951 D/RemoteControlService( 2512): run: called
04-12 14:13:27.951 D/RemoteControlService( 2512): getEvent: start waiting...
04-12 14:13:27.952 E/RemoteControlService( 2512): Enter ListenSocketRunnable
04-12 14:13:27.953 D/RemoteControlService( 2512): After desEncrypt json is [{"type":"up","source":1,"token":"U5kXnogR1JOm4is","value":"click"}]
04-12 14:13:27.954 D/RemoteControlService( 2512): buildRemoteCommand:type=5
04-12 14:13:27.954 D/RemoteControlService( 2512): Request params: BaseRequestCommandBean{source=1, token='U5kXnogR1JOm4is', type='up', value='click'}
04-12 14:13:27.954 D/RemoteControlService( 2512): handleMessage called
04-12 14:13:27.954 D/RemoteControlService( 2512): Is not connect command
04-12 14:13:27.955 D/RemoteControlService( 2512): haveControl ? clientcom.thundercomm.remotecontrolservice.RemoteControllerClient@68f18ca
04-12 14:13:27.955 D/RemoteControlService( 2512): Client have control
04-12 14:13:27.955 D/RemoteControlService( 2512): do Action called
04-12 14:13:27.955 I/RemoteControlService( 2512): injectKeyEvent: KeyEvent { action=ACTION_DOWN, keyCode=KEYCODE_DPAD_UP, scanCode=0, metaState=0, flags=0x0, repeatCount=0, eventTime=8519341, downTime=8519341, deviceId=-1, source=0x101, displayId=-1 }
04-12 14:13:27.962 I/RemoteControlService( 2512): injectKeyEvent: KeyEvent { action=ACTION_UP, keyCode=KEYCODE_DPAD_UP, scanCode=0, metaState=0, flags=0x0, repeatCount=0, eventTime=8519341, downTime=8519341, deviceId=-1, source=0x101, displayId=-1 }
04-12 14:13:27.970 D/RemoteControlService( 2512): Digest: B1CABBD8A364E2FCD51024C6DF83599CBB11F1618DAAE8C18F8ADFFE02B481FD
04-12 14:13:27.970 D/RemoteControlService( 2512): Send data length: 117
04-12 14:13:27.971 D/RemoteControlService( 2512): Send message finished. direction: 32, messageType: 5, json: {"source":0,"token":"U5kXnogR1JOm4is","type":"up","value":1}
04-12 14:13:27.972 D/RemoteControlService( 2512): RemoteKeyCommand ResponseSpeedTest - use time: 22
04-12 14:13:27.980 I/OpenGLRenderer( 6189): Davey! duration=9223363517520ms; Flags=0, FrameTimelineVsyncId=11447, IntendedVsync=8519334429372, Vsync=8519334429372, InputEventId=-1026026390, HandleInputStart=8519336273205, AnimationStart=8519336277528, PerformTraversalsStart=8519336281434, DrawStart=8519336734091, FrameDeadline=8519367762704, FrameInterval=8519336260445, FrameStartTime=16666666, SyncQueued=8519337167789, SyncStart=8519337428257, IssueDrawCommandsStart=8519338328466, SwapBuffers=8519342403361, FrameCompleted=9223372036854775807, DequeueBufferDuration=51770, QueueBufferDuration=2506927, GpuCompleted=9223372036854775807, SwapBuffersCompleted=8519349266278, DisplayPresentTime=0,
04-12 14:13:28.155 D/RemoteControlService( 2512): getEvent: clientSocket = Socket[address=/192.168.4.4,port=51575,localPort=12600]
04-12 14:13:28.157 D/RemoteControlService( 2512): run: called
04-12 14:13:28.157 D/RemoteControlService( 2512): getEvent: start waiting...
04-12 14:13:28.158 E/RemoteControlService( 2512): Enter ListenSocketRunnable
04-12 14:13:28.160 D/RemoteControlService( 2512): After desEncrypt json is [{"type":"up","source":1,"token":"U5kXnogR1JOm4is","value":"click"}]
04-12 14:13:28.161 D/RemoteControlService( 2512): buildRemoteCommand:type=5
04-12 14:13:28.161 D/RemoteControlService( 2512): Request params: BaseRequestCommandBean{source=1, token='U5kXnogR1JOm4is', type='up', value='click'}
04-12 14:13:28.162 D/RemoteControlService( 2512): handleMessage called
04-12 14:13:28.162 D/RemoteControlService( 2512): Is not connect command
04-12 14:13:28.162 D/RemoteControlService( 2512): haveControl ? clientcom.thundercomm.remotecontrolservice.RemoteControllerClient@68f18ca
04-12 14:13:28.162 D/RemoteControlService( 2512): Client have control
04-12 14:13:28.162 D/RemoteControlService( 2512): do Action called
04-12 14:13:28.162 I/RemoteControlService( 2512): injectKeyEvent: KeyEvent { action=ACTION_DOWN, keyCode=KEYCODE_DPAD_UP, scanCode=0, metaState=0, flags=0x0, repeatCount=0, eventTime=8519549, downTime=8519549, deviceId=-1, source=0x101, displayId=-1 }
04-12 14:13:28.170 I/RemoteControlService( 2512): injectKeyEvent: KeyEvent { action=ACTION_UP, keyCode=KEYCODE_DPAD_UP, scanCode=0, metaState=0, flags=0x0, repeatCount=0, eventTime=8519549, downTime=8519549, deviceId=-1, source=0x101, displayId=-1 }
04-12 14:13:28.173 D/RemoteControlService( 2512): Digest: B1CABBD8A364E2FCD51024C6DF83599CBB11F1618DAAE8C18F8ADFFE02B481FD
04-12 14:13:28.174 D/RemoteControlService( 2512): Send data length: 117
04-12 14:13:28.174 D/RemoteControlService( 2512): Send message finished. direction: 32, messageType: 5, json: {"source":0,"token":"U5kXnogR1JOm4is","type":"up","value":1}
04-12 14:13:28.177 D/RemoteControlService( 2512): RemoteKeyCommand ResponseSpeedTest - use time: 22
04-12 14:13:28.179 W/swapper/3( 0): type=1400 audit(0.0:9740): avc: denied { kill } for capability=5 scontext=u:r:kernel:s0 tcontext=u:r:kernel:s0 tclass=capability permissive=0
04-12 14:13:28.203 W/com.hht.lebocast( 2966): type=1400 audit(0.0:9741): avc: granted { read } for comm=4173796E635461736B2023313830 name="arp" dev="proc" ino=4026532256 scontext=u:r:platform_app:s0:c512,c768 tcontext=u:object_r:proc_net:s0 tclass=file app=com.hht.lebocast
04-12 14:13:28.203 W/com.hht.lebocast( 2966): type=1400 audit(0.0:9742): avc: granted { read open } for comm=4173796E635461736B2023313830 path="/proc/2966/net/arp" dev="proc" ino=4026532256 scontext=u:r:platform_app:s0:c512,c768 tcontext=u:object_r:proc_net:s0 tclass=file app=com.hht.lebocast
04-12 14:13:28.203 W/com.hht.lebocast( 2966): type=1400 audit(0.0:9743): avc: granted { getattr } for comm=4173796E635461736B2023313830 path="/proc/2966/net/arp" dev="proc" ino=4026532256 scontext=u:r:platform_app:s0:c512,c768 tcontext=u:object_r:proc_net:s0 tclass=file app=com.hht.lebocast
04-12 14:13:28.203 W/com.hht.lebocast( 2966): type=1400 audit(0.0:9744): avc: granted { getattr } for comm=4173796E635461736B2023313830 path="/proc/2966/net/arp" dev="proc" ino=4026532256 scontext=u:r:platform_app:s0:c512,c768 tcontext=u:object_r:proc_net:s0 tclass=file app=com.hht.lebocast
04-12 14:13:28.364 D/RemoteControlService( 2512): getEvent: clientSocket = Socket[address=/192.168.4.4,port=43497,localPort=12600]
04-12 14:13:28.365 D/RemoteControlService( 2512): run: called
04-12 14:13:28.365 D/RemoteControlService( 2512): getEvent: start waiting...
04-12 14:13:28.366 E/RemoteControlService( 2512): Enter ListenSocketRunnable
04-12 14:13:28.368 D/RemoteControlService( 2512): After desEncrypt json is [{"type":"up","source":1,"token":"U5kXnogR1JOm4is","value":"click"}]
04-12 14:13:28.368 D/RemoteControlService( 2512): buildRemoteCommand:type=5
04-12 14:13:28.368 D/RemoteControlService( 2512): Request params: BaseRequestCommandBean{source=1, token='U5kXnogR1JOm4is', type='up', value='click'}
04-12 14:13:28.368 D/RemoteControlService( 2512): handleMessage called
04-12 14:13:28.368 D/RemoteControlService( 2512): Is not connect command
04-12 14:13:28.369 D/RemoteControlService( 2512): haveControl ? clientcom.thundercomm.remotecontrolservice.RemoteControllerClient@68f18ca
04-12 14:13:28.369 D/RemoteControlService( 2512): Client have control
04-12 14:13:28.369 D/RemoteControlService( 2512): do Action called
04-12 14:13:28.369 I/RemoteControlService( 2512): injectKeyEvent: KeyEvent { action=ACTION_DOWN, keyCode=KEYCODE_DPAD_UP, scanCode=0, metaState=0, flags=0x0, repeatCount=0, eventTime=8519755, downTime=8519755, deviceId=-1, source=0x101, displayId=-1 }
04-12 14:13:28.375 I/RemoteControlService( 2512): injectKeyEvent: KeyEvent { action=ACTION_UP, keyCode=KEYCODE_DPAD_UP, scanCode=0, metaState=0, flags=0x0, repeatCount=0, eventTime=8519755, downTime=8519755, deviceId=-1, source=0x101, displayId=-1 }
04-12 14:13:28.378 D/RemoteControlService( 2512): Digest: B1CABBD8A364E2FCD51024C6DF83599CBB11F1618DAAE8C18F8ADFFE02B481FD
04-12 14:13:28.379 D/RemoteControlService( 2512): Send data length: 117
04-12 14:13:28.380 D/RemoteControlService( 2512): Send message finished. direction: 32, messageType: 5, json: {"source":0,"token":"U5kXnogR1JOm4is","type":"up","value":1}
04-12 14:13:28.381 D/RemoteControlService( 2512): RemoteKeyCommand ResponseSpeedTest - use time: 18
04-12 14:13:28.551 D/RemoteControlService( 2512): getEvent: clientSocket = Socket[address=/192.168.4.4,port=43891,localPort=12600]
04-12 14:13:28.552 D/RemoteControlService( 2512): run: called
04-12 14:13:28.553 D/RemoteControlService( 2512): getEvent: start waiting...
04-12 14:13:28.554 E/RemoteControlService( 2512): Enter ListenSocketRunnable
04-12 14:13:28.556 D/RemoteControlService( 2512): After desEncrypt json is [{"type":"up","source":1,"token":"U5kXnogR1JOm4is","value":"click"}]
04-12 14:13:28.556 D/RemoteControlService( 2512): buildRemoteCommand:type=5
04-12 14:13:28.556 D/RemoteControlService( 2512): Request params: BaseRequestCommandBean{source=1, token='U5kXnogR1JOm4is', type='up', value='click'}
04-12 14:13:28.557 D/RemoteControlService( 2512): handleMessage called
04-12 14:13:28.557 D/RemoteControlService( 2512): Is not connect command
04-12 14:13:28.557 D/RemoteControlService( 2512): haveControl ? clientcom.thundercomm.remotecontrolservice.RemoteControllerClient@68f18ca
04-12 14:13:28.557 D/RemoteControlService( 2512): Client have control
04-12 14:13:28.558 D/RemoteControlService( 2512): do Action called
04-12 14:13:28.558 I/RemoteControlService( 2512): injectKeyEvent: KeyEvent { action=ACTION_DOWN, keyCode=KEYCODE_DPAD_UP, scanCode=0, metaState=0, flags=0x0, repeatCount=0, eventTime=8519944, downTime=8519944, deviceId=-1, source=0x101, displayId=-1 }
04-12 14:13:28.565 I/RemoteControlService( 2512): injectKeyEvent: KeyEvent { action=ACTION_UP, keyCode=KEYCODE_DPAD_UP, scanCode=0, metaState=0, flags=0x0, repeatCount=0, eventTime=8519944, downTime=8519944, deviceId=-1, source=0x101, displayId=-1 }
04-12 14:13:28.571 D/RemoteControlService( 2512): Digest: B1CABBD8A364E2FCD51024C6DF83599CBB11F1618DAAE8C18F8ADFFE02B481FD
04-12 14:13:28.572 D/RemoteControlService( 2512): Send data length: 117
04-12 14:13:28.572 D/RemoteControlService( 2512): Send message finished. direction: 32, messageType: 5, json: {"source":0,"token":"U5kXnogR1JOm4is","type":"up","value":1}
04-12 14:13:28.574 D/RemoteControlService( 2512): RemoteKeyCommand ResponseSpeedTest - use time: 24
04-12 14:13:28.631 I/mpu_uart( 662): [MSG-P:RECV]:No message received in 1000 ms
04-12 14:13:28.735 D/RemoteControlService( 2512): getEvent: clientSocket = Socket[address=/192.168.4.4,port=37471,localPort=12600]
04-12 14:13:28.737 D/RemoteControlService( 2512): run: called
04-12 14:13:28.737 D/RemoteControlService( 2512): getEvent: start waiting...
04-12 14:13:28.738 E/RemoteControlService( 2512): Enter ListenSocketRunnable
04-12 14:13:28.740 D/RemoteControlService( 2512): After desEncrypt json is [{"type":"up","source":1,"token":"U5kXnogR1JOm4is","value":"click"}]
04-12 14:13:28.740 D/RemoteControlService( 2512): buildRemoteCommand:type=5
04-12 14:13:28.740 D/RemoteControlService( 2512): Request params: BaseRequestCommandBean{source=1, token='U5kXnogR1JOm4is', type='up', value='click'}
04-12 14:13:28.741 D/RemoteControlService( 2512): handleMessage called
04-12 14:13:28.741 D/RemoteControlService( 2512): Is not connect command
04-12 14:13:28.741 D/RemoteControlService( 2512): haveControl ? clientcom.thundercomm.remotecontrolservice.RemoteControllerClient@68f18ca
04-12 14:13:28.741 D/RemoteControlService( 2512): Client have control
04-12 14:13:28.741 D/RemoteControlService( 2512): do Action called
04-12 14:13:28.742 I/RemoteControlService( 2512): injectKeyEvent: KeyEvent { action=ACTION_DOWN, keyCode=KEYCODE_DPAD_UP, scanCode=0, metaState=0, flags=0x0, repeatCount=0, eventTime=8520128, downTime=8520128, deviceId=-1, source=0x101, displayId=-1 }
04-12 14:13:28.748 I/RemoteControlService( 2512): injectKeyEvent: KeyEvent { action=ACTION_UP, keyCode=KEYCODE_DPAD_UP, scanCode=0, metaState=0, flags=0x0, repeatCount=0, eventTime=8520128, downTime=8520128, deviceId=-1, source=0x101, displayId=-1 }
04-12 14:13:28.753 D/RemoteControlService( 2512): Digest: B1CABBD8A364E2FCD51024C6DF83599CBB11F1618DAAE8C18F8ADFFE02B481FD
04-12 14:13:28.754 D/RemoteControlService( 2512): Send data length: 117
04-12 14:13:28.755 D/RemoteControlService( 2512): Send message finished. direction: 32, messageType: 5, json: {"source":0,"token":"U5kXnogR1JOm4is","type":"up","value":1}
04-12 14:13:28.758 D/RemoteControlService( 2512): RemoteKeyCommand ResponseSpeedTest - use time: 23
04-12 14:13:28.982 I/OpenGLRenderer( 6189): Davey! duration=9223363516517ms; Flags=0, FrameTimelineVsyncId=11453, IntendedVsync=8520336641509, Vsync=8520336641509, InputEventId=-981951950, HandleInputStart=8520338181434, AnimationStart=8520338185705, PerformTraversalsStart=8520338188569, DrawStart=8520338658309, FrameDeadline=8520369974841, FrameInterval=8520338167007, FrameStartTime=16666666, SyncQueued=8520339029090, SyncStart=8520339539246, IssueDrawCommandsStart=8520340844611, SwapBuffers=8520345703569, FrameCompleted=9223372036854775807, DequeueBufferDuration=63490, QueueBufferDuration=3481198, GpuCompleted=9223372036854775807, SwapBuffersCompleted=8520351213726, DisplayPresentTime=0,
04-12 14:13:29.179 W/swapper/3( 0): type=1400 audit(0.0:9745): avc: denied { kill } for capability=5 scontext=u:r:kernel:s0 tcontext=u:r:kernel:s0 tclass=capability permissive=0
04-12 14:13:29.381 I/mpu_uart( 662): [MSG-P:R]:recv sync frame timeout
04-12 14:13:29.484 I/OpenGLRenderer( 6189): Davey! duration=9223363516016ms; Flags=0, FrameTimelineVsyncId=11456, IntendedVsync=8520837872269, Vsync=8520837872269, InputEventId=0, HandleInputStart=8520839824455, AnimationStart=8520839828361, PerformTraversalsStart=8520839831173, DrawStart=8520840627736, FrameDeadline=8520871205601, FrameInterval=8520839810184, FrameStartTime=16666666, SyncQueued=8520841046850, SyncStart=8520841316642, IssueDrawCommandsStart=8520842542163, SwapBuffers=8520847324507, FrameCompleted=9223372036854775807, DequeueBufferDuration=58906, QueueBufferDuration=2907812, GpuCompleted=9223372036854775807, SwapBuffersCompleted=8520852729975, DisplayPresentTime=72057628414510418,
04-12 14:13:29.632 I/mpu_uart( 662): [MSG-P:RECV]:No message received in 1000 ms
04-12 14:13:29.667 D/RemoteControlService( 2512): getEvent: clientSocket = Socket[address=/192.168.4.4,port=40369,localPort=12600]
04-12 14:13:29.669 D/RemoteControlService( 2512): run: called
04-12 14:13:29.670 D/RemoteControlService( 2512): getEvent: start waiting...
04-12 14:13:29.670 E/RemoteControlService( 2512): Enter ListenSocketRunnable
04-12 14:13:29.672 D/RemoteControlService( 2512): After desEncrypt json is [{"type":"down","source":1,"token":"U5kXnogR1JOm4is","value":"click"}]
04-12 14:13:29.673 D/RemoteControlService( 2512): buildRemoteCommand:type=5
04-12 14:13:29.673 D/RemoteControlService( 2512): Request params: BaseRequestCommandBean{source=1, token='U5kXnogR1JOm4is', type='down', value='click'}
04-12 14:13:29.674 D/RemoteControlService( 2512): handleMessage called
04-12 14:13:29.674 D/RemoteControlService( 2512): Is not connect command
04-12 14:13:29.674 D/RemoteControlService( 2512): haveControl ? clientcom.thundercomm.remotecontrolservice.RemoteControllerClient@68f18ca
04-12 14:13:29.674 D/RemoteControlService( 2512): Client have control
04-12 14:13:29.674 D/RemoteControlService( 2512): do Action called
04-12 14:13:29.675 I/RemoteControlService( 2512): injectKeyEvent: KeyEvent { action=ACTION_DOWN, keyCode=KEYCODE_DPAD_DOWN, scanCode=0, metaState=0, flags=0x0, repeatCount=0, eventTime=8521061, downTime=8521061, deviceId=-1, source=0x101, displayId=-1 }
04-12 14:13:29.683 I/RemoteControlService( 2512): injectKeyEvent: KeyEvent { action=ACTION_UP, keyCode=KEYCODE_DPAD_DOWN, scanCode=0, metaState=0, flags=0x0, repeatCount=0, eventTime=8521061, downTime=8521061, deviceId=-1, source=0x101, displayId=-1 }
04-12 14:13:29.690 D/RemoteControlService( 2512): Digest: 3D796AE697B38C1AE73B151A9D4716975CE267D18282618FB3417CD09B7FA20C
04-12 14:13:29.690 D/RemoteControlService( 2512): Send data length: 117
04-12 14:13:29.691 D/RemoteControlService( 2512): Send message finished. direction: 32, messageType: 5, json: {"source":0,"token":"U5kXnogR1JOm4is","type":"down","value":1}
04-12 14:13:29.694 D/RemoteControlService( 2512): RemoteKeyCommand ResponseSpeedTest - use time: 27
04-12 14:13:29.880 D/RemoteControlService( 2512): getEvent: clientSocket = Socket[address=/192.168.4.4,port=56785,localPort=12600]
04-12 14:13:29.882 D/RemoteControlService( 2512): run: called
04-12 14:13:29.882 D/RemoteControlService( 2512): getEvent: start waiting...
04-12 14:13:29.883 E/RemoteControlService( 2512): Enter ListenSocketRunnable
04-12 14:13:29.885 D/RemoteControlService( 2512): After desEncrypt json is [{"type":"down","source":1,"token":"U5kXnogR1JOm4is","value":"click"}]
04-12 14:13:29.885 D/RemoteControlService( 2512): buildRemoteCommand:type=5
04-12 14:13:29.885 D/RemoteControlService( 2512): Request params: BaseRequestCommandBean{source=1, token='U5kXnogR1JOm4is', type='down', value='click'}
04-12 14:13:29.886 D/RemoteControlService( 2512): handleMessage called
04-12 14:13:29.886 D/RemoteControlService( 2512): Is not connect command
04-12 14:13:29.886 D/RemoteControlService( 2512): haveControl ? clientcom.thundercomm.remotecontrolservice.RemoteControllerClient@68f18ca
04-12 14:13:29.886 D/RemoteControlService( 2512): Client have control
04-12 14:13:29.886 D/RemoteControlService( 2512): do Action called
04-12 14:13:29.886 I/RemoteControlService( 2512): injectKeyEvent: KeyEvent { action=ACTION_DOWN, keyCode=KEYCODE_DPAD_DOWN, scanCode=0, metaState=0, flags=0x0, repeatCount=0, eventTime=8521273, downTime=8521273, deviceId=-1, source=0x101, displayId=-1 }
04-12 14:13:29.894 I/RemoteControlService( 2512): injectKeyEvent: KeyEvent { action=ACTION_UP, keyCode=KEYCODE_DPAD_DOWN, scanCode=0, metaState=0, flags=0x0, repeatCount=0, eventTime=8521273, downTime=8521273, deviceId=-1, source=0x101, displayId=-1 }
04-12 14:13:29.898 D/RemoteControlService( 2512): Digest: 3D796AE697B38C1AE73B151A9D4716975CE267D18282618FB3417CD09B7FA20C
04-12 14:13:29.899 D/RemoteControlService( 2512): Send data length: 117
04-12 14:13:29.899 D/RemoteControlService( 2512): Send message finished. direction: 32, messageType: 5, json: {"source":0,"token":"U5kXnogR1JOm4is","type":"down","value":1}
04-12 14:13:29.902 D/RemoteControlService( 2512): RemoteKeyCommand ResponseSpeedTest - use time: 22
04-12 14:13:29.979 I/OpenGLRenderer( 6189): Davey! duration=9223363515515ms; Flags=0, FrameTimelineVsyncId=11459, IntendedVsync=8521339028798, Vsync=8521339028798, InputEventId=-739171686, HandleInputStart=8521339620652, AnimationStart=8521339623204, PerformTraversalsStart=8521339625132, DrawStart=8521339988100, FrameDeadline=8521372362130, FrameInterval=8521339612423, FrameStartTime=16666666, SyncQueued=8521340338100, SyncStart=8521340509819, IssueDrawCommandsStart=8521341351277, SwapBuffers=8521345126382, FrameCompleted=9223372036854775807, DequeueBufferDuration=51146, QueueBufferDuration=2168594, GpuCompleted=9223372036854775807, SwapBuffersCompleted=8521348737163, DisplayPresentTime=3342912748878036992,
04-12 14:13:30.101 D/RemoteControlService( 2512): getEvent: clientSocket = Socket[address=/192.168.4.4,port=39681,localPort=12600]
04-12 14:13:30.103 D/RemoteControlService( 2512): run: called
04-12 14:13:30.103 D/RemoteControlService( 2512): getEvent: start waiting...
04-12 14:13:30.104 E/RemoteControlService( 2512): Enter ListenSocketRunnable
04-12 14:13:30.106 D/RemoteControlService( 2512): After desEncrypt json is [{"type":"down","source":1,"token":"U5kXnogR1JOm4is","value":"click"}]
04-12 14:13:30.107 D/RemoteControlService( 2512): buildRemoteCommand:type=5
04-12 14:13:30.107 D/RemoteControlService( 2512): Request params: BaseRequestCommandBean{source=1, token='U5kXnogR1JOm4is', type='down', value='click'}
04-12 14:13:30.108 D/RemoteControlService( 2512): handleMessage called
04-12 14:13:30.108 D/RemoteControlService( 2512): Is not connect command
04-12 14:13:30.108 D/RemoteControlService( 2512): haveControl ? clientcom.thundercomm.remotecontrolservice.RemoteControllerClient@68f18ca
04-12 14:13:30.109 D/RemoteControlService( 2512): Client have control
04-12 14:13:30.109 D/RemoteControlService( 2512): do Action called
04-12 14:13:30.110 I/RemoteControlService( 2512): injectKeyEvent: KeyEvent { action=ACTION_DOWN, keyCode=KEYCODE_DPAD_DOWN, scanCode=0, metaState=0, flags=0x0, repeatCount=0, eventTime=8521495, downTime=8521495, deviceId=-1, source=0x101, displayId=-1 }
04-12 14:13:30.117 I/RemoteControlService( 2512): injectKeyEvent: KeyEvent { action=ACTION_UP, keyCode=KEYCODE_DPAD_DOWN, scanCode=0, metaState=0, flags=0x0, repeatCount=0, eventTime=8521495, downTime=8521495, deviceId=-1, source=0x101, displayId=-1 }
04-12 14:13:30.123 D/RemoteControlService( 2512): Digest: 3D796AE697B38C1AE73B151A9D4716975CE267D18282618FB3417CD09B7FA20C
04-12 14:13:30.123 D/RemoteControlService( 2512): Send data length: 117
04-12 14:13:30.124 D/RemoteControlService( 2512): Send message finished. direction: 32, messageType: 5, json: {"source":0,"token":"U5kXnogR1JOm4is","type":"down","value":1}
04-12 14:13:30.126 D/RemoteControlService( 2512): RemoteKeyCommand ResponseSpeedTest - use time: 25
04-12 14:13:30.179 W/swapper/3( 0): type=1400 audit(0.0:9746): avc: denied { kill } for capability=5 scontext=u:r:kernel:s0 tcontext=u:r:kernel:s0 tclass=capability permissive=0
04-12 14:13:30.308 D/RemoteControlService( 2512): getEvent: clientSocket = Socket[address=/192.168.4.4,port=47937,localPort=12600]
04-12 14:13:30.310 D/RemoteControlService( 2512): run: called
04-12 14:13:30.310 D/RemoteControlService( 2512): getEvent: start waiting...
04-12 14:13:30.311 E/RemoteControlService( 2512): Enter ListenSocketRunnable
04-12 14:13:30.313 D/RemoteControlService( 2512): After desEncrypt json is [{"type":"down","source":1,"token":"U5kXnogR1JOm4is","value":"click"}]
04-12 14:13:30.316 D/RemoteControlService( 2512): buildRemoteCommand:type=5
04-12 14:13:30.316 D/RemoteControlService( 2512): Request params: BaseRequestCommandBean{source=1, token='U5kXnogR1JOm4is', type='down', value='click'}
04-12 14:13:30.317 D/RemoteControlService( 2512): handleMessage called
04-12 14:13:30.317 D/RemoteControlService( 2512): Is not connect command
04-12 14:13:30.317 D/RemoteControlService( 2512): haveControl ? clientcom.thundercomm.remotecontrolservice.RemoteControllerClient@68f18ca
04-12 14:13:30.317 D/RemoteControlService( 2512): Client have control
04-12 14:13:30.317 D/RemoteControlService( 2512): do Action called
04-12 14:13:30.318 I/RemoteControlService( 2512): injectKeyEvent: KeyEvent { action=ACTION_DOWN, keyCode=KEYCODE_DPAD_DOWN, scanCode=0, metaState=0, flags=0x0, repeatCount=0, eventTime=8521704, downTime=8521704, deviceId=-1, source=0x101, displayId=-1 }
04-12 14:13:30.326 I/RemoteControlService( 2512): injectKeyEvent: KeyEvent { action=ACTION_UP, keyCode=KEYCODE_DPAD_DOWN, scanCode=0, metaState=0, flags=0x0, repeatCount=0, eventTime=8521704, downTime=8521704, deviceId=-1, source=0x101, displayId=-1 }
04-12 14:13:30.332 D/RemoteControlService( 2512): Digest: 3D796AE697B38C1AE73B151A9D4716975CE267D18282618FB3417CD09B7FA20C
04-12 14:13:30.333 D/RemoteControlService( 2512): Send data length: 117
04-12 14:13:30.333 D/RemoteControlService( 2512): Send message finished. direction: 32, messageType: 5, json: {"source":0,"token":"U5kXnogR1JOm4is","type":"down","value":1}
04-12 14:13:30.336 D/RemoteControlService( 2512): RemoteKeyCommand ResponseSpeedTest - use time: 28
04-12 14:13:30.485 I/OpenGLRenderer( 6189): Davey! duration=9223363515014ms; Flags=0, FrameTimelineVsyncId=11465, IntendedVsync=8521840185761, Vsync=8521840185761, InputEventId=-277818196, HandleInputStart=8521841941954, AnimationStart=8521841945756, PerformTraversalsStart=8521841948933, DrawStart=8521842425340, FrameDeadline=8521873519093, FrameInterval=8521841928100, FrameStartTime=16666666, SyncQueued=8521842849090, SyncStart=8521843166225, IssueDrawCommandsStart=8521844530027, SwapBuffers=8521849653100, FrameCompleted=9223372036854775807, DequeueBufferDuration=153385, QueueBufferDuration=3016042, GpuCompleted=9223372036854775807, SwapBuffersCompleted=8521854887944, DisplayPresentTime=0,
04-12 14:13:30.516 D/RemoteControlService( 2512): getEvent: clientSocket = Socket[address=/192.168.4.4,port=50965,localPort=12600]
04-12 14:13:30.518 D/RemoteControlService( 2512): run: called
04-12 14:13:30.518 D/RemoteControlService( 2512): getEvent: start waiting...
04-12 14:13:30.518 E/RemoteControlService( 2512): Enter ListenSocketRunnable
04-12 14:13:30.520 D/RemoteControlService( 2512): After desEncrypt json is [{"type":"down","source":1,"token":"U5kXnogR1JOm4is","value":"click"}]
04-12 14:13:30.521 D/RemoteControlService( 2512): buildRemoteCommand:type=5
04-12 14:13:30.521 D/RemoteControlService( 2512): Request params: BaseRequestCommandBean{source=1, token='U5kXnogR1JOm4is', type='down', value='click'}
04-12 14:13:30.521 D/RemoteControlService( 2512): handleMessage called
04-12 14:13:30.522 D/RemoteControlService( 2512): Is not connect command
04-12 14:13:30.522 D/RemoteControlService( 2512): haveControl ? clientcom.thundercomm.remotecontrolservice.RemoteControllerClient@68f18ca
04-12 14:13:30.522 D/RemoteControlService( 2512): Client have control
04-12 14:13:30.522 D/RemoteControlService( 2512): do Action called
04-12 14:13:30.522 I/RemoteControlService( 2512): injectKeyEvent: KeyEvent { action=ACTION_DOWN, keyCode=KEYCODE_DPAD_DOWN, scanCode=0, metaState=0, flags=0x0, repeatCount=0, eventTime=8521909, downTime=8521909, deviceId=-1, source=0x101, displayId=-1 }
04-12 14:13:30.531 I/RemoteControlService( 2512): injectKeyEvent: KeyEvent { action=ACTION_UP, keyCode=KEYCODE_DPAD_DOWN, scanCode=0, metaState=0, flags=0x0, repeatCount=0, eventTime=8521909, downTime=8521909, deviceId=-1, source=0x101, displayId=-1 }
04-12 14:13:30.537 D/RemoteControlService( 2512): Digest: 3D796AE697B38C1AE73B151A9D4716975CE267D18282618FB3417CD09B7FA20C
04-12 14:13:30.538 D/RemoteControlService( 2512): Send data length: 117
04-12 14:13:30.539 D/RemoteControlService( 2512): Send message finished. direction: 32, messageType: 5, json: {"source":0,"token":"U5kXnogR1JOm4is","type":"down","value":1}
04-12 14:13:30.542 D/RemoteControlService( 2512): RemoteKeyCommand ResponseSpeedTest - use time: 27
04-12 14:13:30.608 D/RemoteControlService( 2512): getEvent: clientSocket = Socket[address=/192.168.4.4,port=45997,localPort=12600]
04-12 14:13:30.610 D/RemoteControlService( 2512): run: called
04-12 14:13:30.610 D/RemoteControlService( 2512): getEvent: start waiting...
04-12 14:13:30.611 E/RemoteControlService( 2512): Enter ListenSocketRunnable
04-12 14:13:30.612 D/RemoteControlService( 2512): After desEncrypt json is [{"source":1,"token":"U5kXnogR1JOm4is"}]
04-12 14:13:30.613 D/RemoteControlService( 2512): buildRemoteCommand:type=7
04-12 14:13:30.613 D/RemoteControlService( 2512): Request params: BaseRequestCommandBean{source=1, token='U5kXnogR1JOm4is', type='null', value='null'}
04-12 14:13:30.618 D/RemoteControlService( 2512): handleMessage called
04-12 14:13:30.618 D/RemoteControlService( 2512): Client have control
04-12 14:13:30.619 D/RemoteControlService( 2512): Digest: 84364ED8D1D0BC73743807B6CB2FA9B7ED025F499F80E3B496E8CB02AF22262B
04-12 14:13:30.619 D/RemoteControlService( 2512): Send data length: 117
04-12 14:13:30.620 D/RemoteControlService( 2512): Send message finished. direction: 32, messageType: 7, json: {"source":0,"token":"U5kXnogR1JOm4is","type":"heart_beat","value":1}
04-12 14:13:30.623 D/RemoteControlService( 2512): HeartBeatCommand ResponseSpeedTest - use time: 15
04-12 14:13:30.628 D/RemoteControlService( 2512): getEvent: clientSocket = Socket[address=/192.168.4.4,port=43395,localPort=12600]
04-12 14:13:30.629 D/RemoteControlService( 2512): run: called
04-12 14:13:30.629 D/RemoteControlService( 2512): getEvent: start waiting...
04-12 14:13:30.630 E/RemoteControlService( 2512): Enter ListenSocketRunnable
04-12 14:13:30.631 D/RemoteControlService( 2512): After desEncrypt json is [{"source":1,"token":"U5kXnogR1JOm4is"}]
04-12 14:13:30.631 D/RemoteControlService( 2512): buildRemoteCommand:type=37
04-12 14:13:30.632 D/RemoteControlService( 2512): Request params: BaseRequestCommandBean{source=1, token='U5kXnogR1JOm4is', type='null', value='null'}
04-12 14:13:30.632 I/mpu_uart( 662): [MSG-P:RECV]:No message received in 1000 ms
04-12 14:13:30.632 D/RemoteControlService( 2512): handleMessage called
04-12 14:13:30.632 D/RemoteControlService( 2512): Is not connect command
04-12 14:13:30.633 D/RemoteControlService( 2512): haveControl ? clientcom.thundercomm.remotecontrolservice.RemoteControllerClient@68f18ca
04-12 14:13:30.633 D/RemoteControlService( 2512): Client have control
04-12 14:13:30.633 I/RemoteControlService( 2512): RemoteScreenStatusQueryCommand doAction send message: {"source":0,"token":"U5kXnogR1JOm4is","type":"current_screen_status","value":"screen_on"}
04-12 14:13:30.633 D/RemoteControlService( 2512): Digest: E5F5BFDD7E11C5D52AC4277A47EAC1503E8AE37031D2D2E257A1586F6913FB52
04-12 14:13:30.634 D/RemoteControlService( 2512): Send data length: 133
04-12 14:13:30.634 D/RemoteControlService( 2512): getEvent: clientSocket = Socket[address=/192.168.4.4,port=41073,localPort=12600]
04-12 14:13:30.634 D/RemoteControlService( 2512): Send message finished. direction: 32, messageType: 37, json: {"source":0,"token":"U5kXnogR1JOm4is","type":"current_screen_status","value":"screen_on"}
04-12 14:13:30.635 D/RemoteControlService( 2512): run: called
04-12 14:13:30.635 D/RemoteControlService( 2512): getEvent: start waiting...
04-12 14:13:30.636 E/RemoteControlService( 2512): Enter ListenSocketRunnable
04-12 14:13:30.636 D/RemoteControlService( 2512): RemoteScreenStatusQueryCommand ResponseSpeedTest - use time: 8
04-12 14:13:30.637 D/RemoteControlService( 2512): After desEncrypt json is [{"source":1,"token":"U5kXnogR1JOm4is"}]
04-12 14:13:30.637 D/RemoteControlService( 2512): buildRemoteCommand:type=23
04-12 14:13:30.637 D/RemoteControlService( 2512): Request params: BaseRequestCommandBean{source=1, token='U5kXnogR1JOm4is', type='null', value='null'}
04-12 14:13:30.639 D/RemoteControlService( 2512): handleMessage called
04-12 14:13:30.639 D/RemoteControlService( 2512): Is not connect command
04-12 14:13:30.639 D/RemoteControlService( 2512): haveControl ? clientcom.thundercomm.remotecontrolservice.RemoteControllerClient@68f18ca
04-12 14:13:30.639 D/RemoteControlService( 2512): Client have control
04-12 14:13:30.643 I/RemoteControlService( 2512): RemoteVolumeQueryCommand doAction send message: {"source":0,"token":"U5kXnogR1JOm4is","type":"current_volume","value":[{"name":"music","value":29,"value_max":39},{"name":"alarm","value":6,"value_max":7},{"name":"ring","value":5,"value_max":7}]}
04-12 14:13:30.644 D/RemoteControlService( 2512): Digest: BA2A6E3328ED1A0C134F455BB76ABE1A0B8E030A5E91E464ACDACDA79D75B25A
04-12 14:13:30.644 D/RemoteControlService( 2512): Send data length: 245
04-12 14:13:30.644 D/RemoteControlService( 2512): Send message finished. direction: 32, messageType: 23, json: {"source":0,"token":"U5kXnogR1JOm4is","type":"current_volume","value":[{"name":"music","value":29,"value_max":39},{"name":"alarm","value":6,"value_max":7},{"name":"ring","value":5,"value_max":7}]}
04-12 14:13:30.647 D/RemoteControlService( 2512): RemoteVolumeQueryCommand ResponseSpeedTest - use time: 13
04-12 14:13:30.742 D/RemoteControlService( 2512): getEvent: clientSocket = Socket[address=/192.168.4.4,port=60137,localPort=12600]
04-12 14:13:30.743 D/RemoteControlService( 2512): run: called
04-12 14:13:30.743 D/RemoteControlService( 2512): getEvent: start waiting...
04-12 14:13:30.744 E/RemoteControlService( 2512): Enter ListenSocketRunnable
04-12 14:13:30.745 D/RemoteControlService( 2512): After desEncrypt json is [{"type":"down","source":1,"token":"U5kXnogR1JOm4is","value":"click"}]
04-12 14:13:30.745 D/RemoteControlService( 2512): buildRemoteCommand:type=5
04-12 14:13:30.745 D/RemoteControlService( 2512): Request params: BaseRequestCommandBean{source=1, token='U5kXnogR1JOm4is', type='down', value='click'}
04-12 14:13:30.746 D/RemoteControlService( 2512): handleMessage called
04-12 14:13:30.746 D/RemoteControlService( 2512): Is not connect command
04-12 14:13:30.746 D/RemoteControlService( 2512): haveControl ? clientcom.thundercomm.remotecontrolservice.RemoteControllerClient@68f18ca
04-12 14:13:30.746 D/RemoteControlService( 2512): Client have control
04-12 14:13:30.746 D/RemoteControlService( 2512): do Action called
04-12 14:13:30.746 I/RemoteControlService( 2512): injectKeyEvent: KeyEvent { action=ACTION_DOWN, keyCode=KEYCODE_DPAD_DOWN, scanCode=0, metaState=0, flags=0x0, repeatCount=0, eventTime=8522132, downTime=8522132, deviceId=-1, source=0x101, displayId=-1 }
04-12 14:13:30.751 I/RemoteControlService( 2512): injectKeyEvent: KeyEvent { action=ACTION_UP, keyCode=KEYCODE_DPAD_DOWN, scanCode=0, metaState=0, flags=0x0, repeatCount=0, eventTime=8522132, downTime=8522132, deviceId=-1, source=0x101, displayId=-1 }
04-12 14:13:30.755 D/RemoteControlService( 2512): Digest: 3D796AE697B38C1AE73B151A9D4716975CE267D18282618FB3417CD09B7FA20C
04-12 14:13:30.755 D/RemoteControlService( 2512): Send data length: 117
04-12 14:13:30.755 D/RemoteControlService( 2512): Send message finished. direction: 32, messageType: 5, json: {"source":0,"token":"U5kXnogR1JOm4is","type":"down","value":1}
04-12 14:13:30.757 D/RemoteControlService( 2512): RemoteKeyCommand ResponseSpeedTest - use time: 15
04-12 14:13:30.972 D/RemoteControlService( 2512): getEvent: clientSocket = Socket[address=/192.168.4.4,port=42763,localPort=12600]
04-12 14:13:30.973 D/RemoteControlService( 2512): run: called
04-12 14:13:30.973 D/RemoteControlService( 2512): getEvent: start waiting...
04-12 14:13:30.978 E/RemoteControlService( 2512): Enter ListenSocketRunnable
04-12 14:13:30.978 D/RemoteControlService( 2512): After desEncrypt json is [{"type":"down","source":1,"token":"U5kXnogR1JOm4is","value":"click"}]
04-12 14:13:30.979 D/RemoteControlService( 2512): buildRemoteCommand:type=5
04-12 14:13:30.979 D/RemoteControlService( 2512): Request params: BaseRequestCommandBean{source=1, token='U5kXnogR1JOm4is', type='down', value='click'}
04-12 14:13:30.984 D/RemoteControlService( 2512): handleMessage called
04-12 14:13:30.984 D/RemoteControlService( 2512): Is not connect command
04-12 14:13:30.984 D/RemoteControlService( 2512): haveControl ? clientcom.thundercomm.remotecontrolservice.RemoteControllerClient@68f18ca
04-12 14:13:30.984 D/RemoteControlService( 2512): Client have control
04-12 14:13:30.984 D/RemoteControlService( 2512): do Action called
04-12 14:13:30.984 I/RemoteControlService( 2512): injectKeyEvent: KeyEvent { action=ACTION_DOWN, keyCode=KEYCODE_DPAD_DOWN, scanCode=0, metaState=0, flags=0x0, repeatCount=0, eventTime=8522371, downTime=8522371, deviceId=-1, source=0x101, displayId=-1 }
04-12 14:13:30.985 I/OpenGLRenderer( 6189): Davey! duration=9223363514513ms; Flags=0, FrameTimelineVsyncId=11468, IntendedVsync=8522341426563, Vsync=8522341426563, InputEventId=-173049682, HandleInputStart=8522342955964, AnimationStart=8522342959767, PerformTraversalsStart=8522342962735, DrawStart=8522343434454, FrameDeadline=8522374759895, FrameInterval=8522342941850, FrameStartTime=16666666, SyncQueued=8522344400131, SyncStart=8522344647214, IssueDrawCommandsStart=8522345728829, SwapBuffers=8522350641329, FrameCompleted=9223372036854775807, DequeueBufferDuration=64063, QueueBufferDuration=2577031, GpuCompleted=9223372036854775807, SwapBuffersCompleted=8522357562423, DisplayPresentTime=72904454214516736,
04-12 14:13:30.989 I/RemoteControlService( 2512): injectKeyEvent: KeyEvent { action=ACTION_UP, keyCode=KEYCODE_DPAD_DOWN, scanCode=0, metaState=0, flags=0x0, repeatCount=0, eventTime=8522371, downTime=8522371, deviceId=-1, source=0x101, displayId=-1 }
04-12 14:13:30.992 D/RemoteControlService( 2512): Digest: 3D796AE697B38C1AE73B151A9D4716975CE267D18282618FB3417CD09B7FA20C
04-12 14:13:30.992 D/RemoteControlService( 2512): Send data length: 117
04-12 14:13:30.993 D/RemoteControlService( 2512): Send message finished. direction: 32, messageType: 5, json: {"source":0,"token":"U5kXnogR1JOm4is","type":"down","value":1}
04-12 14:13:30.994 D/RemoteControlService( 2512): RemoteKeyCommand ResponseSpeedTest - use time: 22
04-12 14:13:31.179 W/swapper/3( 0): type=1400 audit(0.0:9747): avc: denied { kill } for capability=5 scontext=u:r:kernel:s0 tcontext=u:r:kernel:s0 tclass=capability permissive=0
04-12 14:13:31.491 I/OpenGLRenderer( 6189): Davey! duration=9223363514011ms; Flags=0, FrameTimelineVsyncId=11471, IntendedVsync=8522842599859, Vsync=8522842599859, InputEventId=-1047054021, HandleInputStart=8522844246693, AnimationStart=8522844249923, PerformTraversalsStart=8522844253152, DrawStart=8522844763048, FrameDeadline=8522875933191, FrameInterval=8522844230808, FrameStartTime=16666666, SyncQueued=8522845265912, SyncStart=8522845557475, IssueDrawCommandsStart=8522846550808, SwapBuffers=8522851162006, FrameCompleted=9223372036854775807, DequeueBufferDuration=62396, QueueBufferDuration=2868541, GpuCompleted=9223372036854775807, SwapBuffersCompleted=8522856345027, DisplayPresentTime=0,
04-12 14:13:31.632 I/mpu_uart( 662): [MSG-P:RECV]:No message received in 1000 ms
04-12 14:13:31.995 I/OpenGLRenderer( 6189): Davey! duration=9223363513510ms; Flags=0, FrameTimelineVsyncId=11474, IntendedVsync=8523343819916, Vsync=8523343819916, InputEventId=0, HandleInputStart=8523345201120, AnimationStart=8523345204975, PerformTraversalsStart=8523345207839, DrawStart=8523345669350, FrameDeadline=8523377153248, FrameInterval=8523345189975, FrameStartTime=16666666, SyncQueued=8523346001120, SyncStart=8523346237579, IssueDrawCommandsStart=8523347096641, SwapBuffers=8523351432475, FrameCompleted=9223372036854775807, DequeueBufferDuration=45885, QueueBufferDuration=2639740, GpuCompleted=9223372036854775807, SwapBuffersCompleted=8523356336693, DisplayPresentTime=72057628415623209,
04-12 14:13:32.179 W/swapper/3( 0): type=1400 audit(0.0:9748): avc: denied { kill } for capability=5 scontext=u:r:kernel:s0 tcontext=u:r:kernel:s0 tclass=capability permissive=0
04-12 14:13:32.385 I/mpu_uart( 662): [MSG-P:R]:recv sync frame timeout
04-12 14:13:32.457 I/WifiService( 1152): startScan uid=1000
04-12 14:13:32.474 D/LOWI-9.0.0.87.a( 1509): [LOWI-Scan] wait_event:Wait done with Cmd 33
04-12 14:13:32.474 D/LOWI-9.0.0.87.a( 1509): [LOWI-Scan] do_listen_events: Rcvd valid Netlink Cmd 0 Err 0
04-12 14:13:32.486 I/OpenGLRenderer( 6189): Davey! duration=9223363513009ms; Flags=0, FrameTimelineVsyncId=11477, IntendedVsync=8523845060851, Vsync=8523845060851, InputEventId=0, HandleInputStart=8523846315651, AnimationStart=8523846318308, PerformTraversalsStart=8523846320391, DrawStart=8523846697735, FrameDeadline=8523878394183, FrameInterval=8523846304193, FrameStartTime=16666666, SyncQueued=8523847040443, SyncStart=8523847231433, IssueDrawCommandsStart=8523848188099, SwapBuffers=8523851254662, FrameCompleted=9223372036854775807, DequeueBufferDuration=49948, QueueBufferDuration=1902552, GpuCompleted=9223372036854775807, SwapBuffersCompleted=8523854420547, DisplayPresentTime=7885630526063640576,
01-01 10:22:10.778 I/[schedu][0x2622970d48][14:13:32.543628] wlan( 0): [2281:I:OSIF] scan start scan id 40971
04-12 14:13:32.633 I/mpu_uart( 662): [MSG-P:RECV]:No message received in 1000 ms
04-12 14:13:32.661 I/netd ( 687): setProcSysNet(4, 2, wlan0, retrans_time_ms, 750) <0.36ms>
04-12 14:13:32.662 I/netd ( 687): setProcSysNet(4, 2, wlan0, ucast_solicit, 10) <0.26ms>
04-12 14:13:32.663 I/netd ( 687): setProcSysNet(6, 2, wlan0, retrans_time_ms, 750) <0.33ms>
04-12 14:13:32.664 I/netd ( 687): setProcSysNet(6, 2, wlan0, ucast_solicit, 10) <0.24ms>
04-12 14:13:32.990 I/OpenGLRenderer( 6189): Davey! duration=9223363512508ms; Flags=0, FrameTimelineVsyncId=11480, IntendedVsync=8524346278141, Vsync=8524346278141, InputEventId=0, HandleInputStart=8524347074453, AnimationStart=8524347077526, PerformTraversalsStart=8524347079818, DrawStart=8524347484870, FrameDeadline=8524379611473, FrameInterval=8524347062162, FrameStartTime=16666666, SyncQueued=8524347785235, SyncStart=8524348163203, IssueDrawCommandsStart=8524349005130, SwapBuffers=8524352662474, FrameCompleted=9223372036854775807, DequeueBufferDuration=50312, QueueBufferDuration=2463177, GpuCompleted=9223372036854775807, SwapBuffersCompleted=8524356605443, DisplayPresentTime=0,
04-12 14:13:33.097 D/RemoteControlService( 2512): getEvent: clientSocket = Socket[address=/192.168.4.4,port=42187,localPort=12600]
04-12 14:13:33.098 D/RemoteControlService( 2512): run: called
04-12 14:13:33.098 D/RemoteControlService( 2512): getEvent: start waiting...
04-12 14:13:33.099 E/RemoteControlService( 2512): Enter ListenSocketRunnable
04-12 14:13:33.100 D/RemoteControlService( 2512): After desEncrypt json is [{"type":"up","source":1,"token":"U5kXnogR1JOm4is","value":"click"}]
04-12 14:13:33.100 D/RemoteControlService( 2512): buildRemoteCommand:type=5
04-12 14:13:33.101 D/RemoteControlService( 2512): Request params: BaseRequestCommandBean{source=1, token='U5kXnogR1JOm4is', type='up', value='click'}
04-12 14:13:33.101 D/RemoteControlService( 2512): handleMessage called
04-12 14:13:33.101 D/RemoteControlService( 2512): Is not connect command
04-12 14:13:33.101 D/RemoteControlService( 2512): haveControl ? clientcom.thundercomm.remotecontrolservice.RemoteControllerClient@68f18ca
04-12 14:13:33.101 D/RemoteControlService( 2512): Client have control
04-12 14:13:33.101 D/RemoteControlService( 2512): do Action called
04-12 14:13:33.102 I/RemoteControlService( 2512): injectKeyEvent: KeyEvent { action=ACTION_DOWN, keyCode=KEYCODE_DPAD_UP, scanCode=0, metaState=0, flags=0x0, repeatCount=0, eventTime=8524488, downTime=8524488, deviceId=-1, source=0x101, displayId=-1 }
04-12 14:13:33.107 I/RemoteControlService( 2512): injectKeyEvent: KeyEvent { action=ACTION_UP, keyCode=KEYCODE_DPAD_UP, scanCode=0, metaState=0, flags=0x0, repeatCount=0, eventTime=8524488, downTime=8524488, deviceId=-1, source=0x101, displayId=-1 }
04-12 14:13:33.110 D/RemoteControlService( 2512): Digest: B1CABBD8A364E2FCD51024C6DF83599CBB11F1618DAAE8C18F8ADFFE02B481FD
04-12 14:13:33.111 D/RemoteControlService( 2512): Send data length: 117
04-12 14:13:33.111 D/RemoteControlService( 2512): Send message finished. direction: 32, messageType: 5, json: {"source":0,"token":"U5kXnogR1JOm4is","type":"up","value":1}
04-12 14:13:33.114 D/RemoteControlService( 2512): RemoteKeyCommand ResponseSpeedTest - use time: 17
04-12 14:13:33.179 W/swapper/3( 0): type=1400 audit(0.0:9749): avc: denied { kill } for capability=5 scontext=u:r:kernel:s0 tcontext=u:r:kernel:s0 tclass=capability permissive=0
04-12 14:13:33.428 D/RemoteControlService( 2512): getEvent: clientSocket = Socket[address=/192.168.4.4,port=54227,localPort=12600]
04-12 14:13:33.430 D/RemoteControlService( 2512): run: called
04-12 14:13:33.430 D/RemoteControlService( 2512): getEvent: start waiting...
04-12 14:13:33.430 E/RemoteControlService( 2512): Enter ListenSocketRunnable
04-12 14:13:33.432 D/RemoteControlService( 2512): After desEncrypt json is [{"type":"up","source":1,"token":"U5kXnogR1JOm4is","value":"click"}]
04-12 14:13:33.432 D/RemoteControlService( 2512): buildRemoteCommand:type=5
04-12 14:13:33.432 D/RemoteControlService( 2512): Request params: BaseRequestCommandBean{source=1, token='U5kXnogR1JOm4is', type='up', value='click'}
04-12 14:13:33.432 D/RemoteControlService( 2512): handleMessage called
04-12 14:13:33.432 D/RemoteControlService( 2512): Is not connect command
04-12 14:13:33.433 D/RemoteControlService( 2512): haveControl ? clientcom.thundercomm.remotecontrolservice.RemoteControllerClient@68f18ca
04-12 14:13:33.433 D/RemoteControlService( 2512): Client have control
04-12 14:13:33.433 D/RemoteControlService( 2512): do Action called
04-12 14:13:33.433 I/RemoteControlService( 2512): injectKeyEvent: KeyEvent { action=ACTION_DOWN, keyCode=KEYCODE_DPAD_UP, scanCode=0, metaState=0, flags=0x0, repeatCount=0, eventTime=8524819, downTime=8524819, deviceId=-1, source=0x101, displayId=-1 }
04-12 14:13:33.440 I/RemoteControlService( 2512): injectKeyEvent: KeyEvent { action=ACTION_UP, keyCode=KEYCODE_DPAD_UP, scanCode=0, metaState=0, flags=0x0, repeatCount=0, eventTime=8524819, downTime=8524819, deviceId=-1, source=0x101, displayId=-1 }
04-12 14:13:33.447 D/RemoteControlService( 2512): Digest: B1CABBD8A364E2FCD51024C6DF83599CBB11F1618DAAE8C18F8ADFFE02B481FD
04-12 14:13:33.447 D/RemoteControlService( 2512): Send data length: 117
04-12 14:13:33.448 D/RemoteControlService( 2512): Send message finished. direction: 32, messageType: 5, json: {"source":0,"token":"U5kXnogR1JOm4is","type":"up","value":1}
04-12 14:13:33.450 D/RemoteControlService( 2512): RemoteKeyCommand ResponseSpeedTest - use time: 22
04-12 14:13:33.494 I/OpenGLRenderer( 6189): Davey! duration=9223363512007ms; Flags=0, FrameTimelineVsyncId=11486, IntendedVsync=8524847401926, Vsync=8524847401926, InputEventId=-386557770, HandleInputStart=8524848429349, AnimationStart=8524848432109, PerformTraversalsStart=8524848434036, DrawStart=8524848790078, FrameDeadline=8524880735258, FrameInterval=8524848419141, FrameStartTime=16666666, SyncQueued=8524849133724, SyncStart=8524849316745, IssueDrawCommandsStart=8524850356224, SwapBuffers=8524854457786, FrameCompleted=9223372036854775807, DequeueBufferDuration=113594, QueueBufferDuration=2914010, GpuCompleted=9223372036854775807, SwapBuffersCompleted=8524859195599, DisplayPresentTime=72904454231820080,
04-12 14:13:33.633 I/mpu_uart( 662): [MSG-P:RECV]:No message received in 1000 ms
04-12 14:13:33.995 I/OpenGLRenderer( 6189): Davey! duration=9223363511505ms; Flags=0, FrameTimelineVsyncId=11489, IntendedVsync=8525348627122, Vsync=8525348627122, InputEventId=0, HandleInputStart=8525350416120, AnimationStart=8525350420078, PerformTraversalsStart=8525350423359, DrawStart=8525350915338, FrameDeadline=8525381960454, FrameInterval=8525350403515, FrameStartTime=16666666, SyncQueued=8525351289922, SyncStart=8525351570911, IssueDrawCommandsStart=8525352777786, SwapBuffers=8525357763515, FrameCompleted=9223372036854775807, DequeueBufferDuration=64532, QueueBufferDuration=2894948, GpuCompleted=9223372036854775807, SwapBuffersCompleted=8525362599349, DisplayPresentTime=0,
04-12 14:13:34.074 D/RemoteControlService( 2512): getEvent: clientSocket = Socket[address=/192.168.4.4,port=46593,localPort=12600]
04-12 14:13:34.075 D/RemoteControlService( 2512): run: called
04-12 14:13:34.076 D/RemoteControlService( 2512): getEvent: start waiting...
04-12 14:13:34.076 E/RemoteControlService( 2512): Enter ListenSocketRunnable
04-12 14:13:34.080 D/RemoteControlService( 2512): After desEncrypt json is [{"type":"up","source":1,"token":"U5kXnogR1JOm4is","value":"click"}]
04-12 14:13:34.080 D/RemoteControlService( 2512): buildRemoteCommand:type=5
04-12 14:13:34.080 D/RemoteControlService( 2512): Request params: BaseRequestCommandBean{source=1, token='U5kXnogR1JOm4is', type='up', value='click'}
04-12 14:13:34.081 D/RemoteControlService( 2512): handleMessage called
04-12 14:13:34.081 D/RemoteControlService( 2512): Is not connect command
04-12 14:13:34.081 D/RemoteControlService( 2512): haveControl ? clientcom.thundercomm.remotecontrolservice.RemoteControllerClient@68f18ca
04-12 14:13:34.081 D/RemoteControlService( 2512): Client have control
04-12 14:13:34.081 D/RemoteControlService( 2512): do Action called
04-12 14:13:34.081 I/RemoteControlService( 2512): injectKeyEvent: KeyEvent { action=ACTION_DOWN, keyCode=KEYCODE_DPAD_UP, scanCode=0, metaState=0, flags=0x0, repeatCount=0, eventTime=8525468, downTime=8525468, deviceId=-1, source=0x101, displayId=-1 }
04-12 14:13:34.088 I/RemoteControlService( 2512): injectKeyEvent: KeyEvent { action=ACTION_UP, keyCode=KEYCODE_DPAD_UP, scanCode=0, metaState=0, flags=0x0, repeatCount=0, eventTime=8525468, downTime=8525468, deviceId=-1, source=0x101, displayId=-1 }
04-12 14:13:34.093 D/RemoteControlService( 2512): Digest: B1CABBD8A364E2FCD51024C6DF83599CBB11F1618DAAE8C18F8ADFFE02B481FD
04-12 14:13:34.093 D/RemoteControlService( 2512): Send data length: 117
04-12 14:13:34.094 D/RemoteControlService( 2512): Send message finished. direction: 32, messageType: 5, json: {"source":0,"token":"U5kXnogR1JOm4is","type":"up","value":1}
04-12 14:13:34.096 D/RemoteControlService( 2512): RemoteKeyCommand ResponseSpeedTest - use time: 22
04-12 14:13:34.179 W/swapper/3( 0): type=1400 audit(0.0:9750): avc: denied { kill } for capability=5 scontext=u:r:kernel:s0 tcontext=u:r:kernel:s0 tclass=capability permissive=0
04-12 14:13:34.298 D/LOWI-9.0.0.87.a( 1509): [LOWI-Scan] wait_event:Wait done with Cmd 34
04-12 14:13:34.299 D/LOWI-9.0.0.87.a( 1509): [LOWI-Scan] do_listen_events: Rcvd valid Netlink Cmd 34 Err 0
04-12 14:13:34.299 D/WifiNl80211Manager( 1152): Scan result ready event
04-12 14:13:34.299 D/WifiNative( 1152): Scan result ready event
04-12 14:13:34.302 D/LOWI-9.0.0.87.a( 1509): [LOWI-Scan] -- associated
04-12 14:13:34.302 D/LOWI-9.0.0.87.a( 1509): [LOWI-Scan]
04-12 14:13:34.302 D/LOWI-9.0.0.87.a( 1509): [LOWI-Scan] print_bss_handler: Report beacon TSF 8525382412 as it greater than probe TSF 8525251911
04-12 14:13:34.302 D/LOWI-9.0.0.87.a( 1509): [LOWI-Scan] decode_rsn_wpa_ie: LOWI_ENCRYPTION_TYPE_WPA_PSK
04-12 14:13:34.302 D/LOWI-9.0.0.87.a( 1509): [LOWI-Scan] is_qcom_ie, bss_age: 0
04-12 14:13:34.302 D/LOWI-9.0.0.87.a( 1509): [LOWI-Scan] BSS 98:f1:81:80:45:61 LOWI_PHY_MODE_11AC_VHT80(10), Beacon Interval: 100, LOWI_ENCRYPTION_TYPE_WPA_PSK 11mcRanging: No, ANQP: No, LCI: No, Civic: No, capability(0x8011): ESS Privacy
