05-04 09:37:22.483 11394 11769 D CompatibilityChangeReporter: Compat change id reported: 168419799; UID 10064; state: DISABLED
05-04 09:37:22.484 11394 11769 I am_uid_active: 10064
05-04 09:37:22.485 11394 11787 I am_proc_bound: [0,12123,com.android.settings]
05-04 09:37:22.489 11394 11787 D CompatibilityChangeReporter: Compat change id reported: 168419799; UID 1000; state: DISABLED
05-04 09:37:22.490 11394 11787 I wm_restart_activity: [0,31208578,7,com.android.settings/.FallbackHome]
05-04 09:37:22.491 11394 11787 I wm_set_resumed_activity: [0,com.android.settings/.FallbackHome,minimalResumeActivityLocked]
05-04 09:37:22.493 11394 11422 W ActivityManager: Slow operation: 302ms so far, now at startProcess: done updating battery stats
05-04 09:37:22.493 11394 11422 I am_proc_start: [0,12173,10063,com.thundercomm.gamemode.provider,content provider,{com.thundercomm.gamemode.provider/com.thundercomm.gamemode.provider.SettingsProvider}]
05-04 09:37:22.493 11394 11422 W ActivityManager: Slow operation: 302ms so far, now at startProcess: building log message
05-04 09:37:22.493 11394 11422 I ActivityManager: Start proc 12173:com.thundercomm.gamemode.provider/u0a63 for content provider {com.thundercomm.gamemode.provider/com.thundercomm.gamemode.provider.SettingsProvider}
05-04 09:37:22.493 11394 11422 W ActivityManager: Slow operation: 302ms so far, now at startProcess: starting to update pids map
05-04 09:37:22.494 0 0 I input : Remote Mouse Controller as /devices/virtual/input/input12
05-04 09:37:22.497 0 0 I binder : 12168:12168 ioctl 40046210 7fd13a1c94 returned -22
05-04 09:37:22.498 0 0 I input : Remote Keyboard Controller as /devices/virtual/input/input13
05-04 09:37:22.511 0 0 I binder : 12173:12173 ioctl 40046210 7fd13a1c94 returned -22
05-04 09:37:22.504 11394 11422 W ActivityManager: Slow operation: 313ms so far, now at startProcess: done updating pids map
05-04 09:37:22.504 11394 11605 I am_proc_bound: [0,12168,android.ext.services]
05-04 09:37:22.509 11394 11605 D CompatibilityChangeReporter: Compat change id reported: 168419799; UID 10093; state: DISABLED
05-04 09:37:22.511 11394 11605 I am_uid_active: 10093
05-04 09:37:22.518 11394 11769 I am_proc_bound: [0,12173,com.thundercomm.gamemode.provider]
05-04 09:37:22.521 11394 11769 D CompatibilityChangeReporter: Compat change id reported: 168419799; UID 10063; state: DISABLED
05-04 09:37:22.522 11394 11769 I am_uid_active: 10063
05-04 09:37:22.523 0 0 I binder : 12056:12056 ioctl 40046210 7fd13a0c44 returned -22
05-04 09:37:22.533 0 0 I msm_vidc: high: 00000001: ....e: Opening video instance: 0000000000000000, 0
05-04 09:37:22.533 0 0 I msm_vidc: err : 00000001: ....e: Failed to create debugfs for msm_vidc
05-04 09:37:22.533 0 0 I msm_vidc: err : 00000001: ....e: msm_vidc_comm_update_ctrl: failed: control name Ltr Count, min 0, max 0, step 0, default_value 0
05-04 09:37:22.538 0 0 I msm_vidc: high: 00000001: vp8e: Closed video instance: 0000000000000000
05-04 09:37:22.546 11394 11511 I commit_sys_config_file: [log-files,809]
05-04 09:37:22.547 12123 12123 I wm_on_create_called: [31208578,com.android.settings.FallbackHome,performCreate]
05-04 09:37:22.548 12123 12123 I wm_on_start_called: [31208578,com.android.settings.FallbackHome,handleStartActivity]
05-04 09:37:22.548 12123 12123 I wm_on_resume_called: [31208578,com.android.settings.FallbackHome,RESUME_ACTIVITY]
05-04 09:37:22.549 12076 12076 I service_manager_slow: [64,vendor.perfservice]
05-04 09:37:22.557 0 0 I binder : 12076:12076 ioctl 40046210 7fd13a0804 returned -22
05-04 09:37:22.558 11394 11511 I commit_sys_config_file: [log-files,821]
05-04 09:37:22.559 12123 12123 I wm_on_top_resumed_gained_called: [31208578,com.android.settings.FallbackHome,topStateChangedWhenResumed]
05-04 09:37:22.565 11394 11511 E NativeTombstoneManager: Tombstone's UID (1000) not an app, ignoring
05-04 09:37:22.565 11394 11511 I DropBoxManagerService: add tag=SYSTEM_TOMBSTONE_PROTO isTagEnabled=true flags=0x4
05-04 09:37:22.569 11394 11415 I input_focus: [Focus request ff25c84 com.android.settings/com.android.settings.FallbackHome,reason=UpdateInputWindows]
05-04 09:37:22.571 0 0 I binder : 12104:12104 ioctl 40046210 7fd139fc74 returned -22
05-04 09:37:22.573 12076 12076 W ContextImpl: Calling a method in the system process without a qualified user: android.app.ContextImpl.startService:1816 android.content.ContextWrapper.startService:774 com.thundercomm.tcservice.TCService.init:48 com.thundercomm.tcservice.TCService.onCreate:34 android.app.ActivityThread.handleCreateService:4488
05-04 09:37:22.590 0 0 I binder : 12123:12222 ioctl 40046210 724ce421f4 returned -22
05-04 09:37:22.612 11394 11414 I ActivityManagerTiming: FinishBooting
05-04 09:37:22.612 11394 11414 I boot_progress_enable_screen: 134624
05-04 09:37:22.612 11394 11414 I screen_toggled: 1
05-04 09:37:22.612 11394 11414 W KeyguardServiceDelegate: onScreenTurningOn(): no keyguard service!
05-04 09:37:22.618 11394 11511 I commit_sys_config_file: [log-files,881]
05-04 09:37:22.622 11394 11511 I commit_sys_config_file: [log-files,885]
05-04 09:37:22.622 11394 11511 E NativeTombstoneManager: Tombstone's UID (0) not an app, ignoring
05-04 09:37:22.622 11394 11511 I DropBoxManagerService: add tag=SYSTEM_TOMBSTONE_PROTO isTagEnabled=true flags=0x4
05-04 09:37:22.628 11394 11511 I commit_sys_config_file: [log-files,891]
05-04 09:37:22.629 11394 11511 I commit_sys_config_file: [log-files,892]
05-04 09:37:22.630 11394 11511 E NativeTombstoneManager: Tombstone's UID (1000) not an app, ignoring
05-04 09:37:22.630 11394 11511 I DropBoxManagerService: add tag=SYSTEM_TOMBSTONE_PROTO isTagEnabled=true flags=0x4
05-04 09:37:22.651 11394 11993 I am_uid_running: 10085
05-04 09:37:22.652 11394 11993 D CompatibilityChangeReporter: Compat change id reported: 135634846; UID 10085; state: DISABLED
05-04 09:37:22.652 11394 11993 D CompatibilityChangeReporter: Compat change id reported: 177438394; UID 10085; state: DISABLED
05-04 09:37:22.652 11394 11993 D CompatibilityChangeReporter: Compat change id reported: 135772972; UID 10085; state: DISABLED
05-04 09:37:22.652 11394 11993 D CompatibilityChangeReporter: Compat change id reported: 135754954; UID 10085; state: ENABLED
05-04 09:37:22.652 11394 11422 D CompatibilityChangeReporter: Compat change id reported: 143937733; UID 10085; state: ENABLED
05-04 09:37:22.658 11394 11760 I am_uid_running: 10078
05-04 09:37:22.658 11394 11760 D CompatibilityChangeReporter: Compat change id reported: 135634846; UID 10078; state: DISABLED
05-04 09:37:22.658 11394 11760 D CompatibilityChangeReporter: Compat change id reported: 177438394; UID 10078; state: DISABLED
05-04 09:37:22.658 11394 11760 D CompatibilityChangeReporter: Compat change id reported: 135772972; UID 10078; state: DISABLED
05-04 09:37:22.658 11394 11760 D CompatibilityChangeReporter: Compat change id reported: 135754954; UID 10078; state: ENABLED
05-04 09:37:22.670 11394 11511 I commit_sys_config_file: [log-files,933]
05-04 09:37:22.670 11394 11422 I am_proc_start: [0,12267,10085,com.qualcomm.qti.qccauthmgr,content provider,{com.qualcomm.qti.qccauthmgr/com.qualcomm.qti.qccauthmgr.providers.SMQContentProvider}]
05-04 09:37:22.670 11394 11422 I ActivityManager: Start proc 12267:com.qualcomm.qti.qccauthmgr/u0a85 for content provider {com.qualcomm.qti.qccauthmgr/com.qualcomm.qti.qccauthmgr.providers.SMQContentProvider}
05-04 09:37:22.670 11394 11422 D CompatibilityChangeReporter: Compat change id reported: 143937733; UID 10078; state: ENABLED
05-04 09:37:22.673 11394 11511 I commit_sys_config_file: [log-files,936]
05-04 09:37:22.673 11394 11511 E NativeTombstoneManager: Tombstone's UID (0) not an app, ignoring
05-04 09:37:22.673 11394 11511 I DropBoxManagerService: add tag=SYSTEM_TOMBSTONE_PROTO isTagEnabled=true flags=0x4
05-04 09:37:22.675 0 0 I binder : 11621:12266 ioctl 40046210 7237cbb124 returned -22
05-04 09:37:22.677 11394 11511 I commit_sys_config_file: [log-files,940]
05-04 09:37:22.680 11394 11511 I commit_sys_config_file: [log-files,943]
05-04 09:37:22.681 11394 11511 E NativeTombstoneManager: Tombstone's UID (1000) not an app, ignoring
05-04 09:37:22.681 11394 11511 I DropBoxManagerService: add tag=SYSTEM_TOMBSTONE_PROTO isTagEnabled=true flags=0x4
05-04 09:37:22.692 11394 11422 I am_proc_start: [0,12284,10078,com.android.launcher3,service,{com.android.launcher3/com.android.quickstep.TouchInteractionService}]
05-04 09:37:22.692 11394 11422 I ActivityManager: Start proc 12284:com.android.launcher3/u0a78 for service {com.android.launcher3/com.android.quickstep.TouchInteractionService}
05-04 09:37:22.702 0 0 I binder : 12267:12267 ioctl 40046210 7fd13a1c94 returned -22
05-04 09:37:22.710 11394 11993 I am_proc_bound: [0,12267,com.qualcomm.qti.qccauthmgr]
05-04 09:37:22.712 11394 11993 D CompatibilityChangeReporter: Compat change id reported: 168419799; UID 10085; state: DISABLED
05-04 09:37:22.713 11394 11993 I am_uid_active: 10085
05-04 09:37:22.722 0 0 I binder : 12284:12284 ioctl 40046210 7fd13a1c94 returned -22
05-04 09:37:22.728 11394 11760 I am_proc_bound: [0,12284,com.android.launcher3]
05-04 09:37:22.729 11394 11511 I commit_sys_config_file: [log-files,992]
05-04 09:37:22.733 11394 11511 I commit_sys_config_file: [log-files,995]
05-04 09:37:22.733 11394 11511 E NativeTombstoneManager: Tombstone's UID (0) not an app, ignoring
05-04 09:37:22.733 11394 11511 I DropBoxManagerService: add tag=SYSTEM_TOMBSTONE_PROTO isTagEnabled=true flags=0x4
05-04 09:37:22.733 11394 11760 D CompatibilityChangeReporter: Compat change id reported: 168419799; UID 10078; state: DISABLED
05-04 09:37:22.734 11394 11760 I am_uid_active: 10078
05-04 09:37:22.747 11621 12265 I sysui_multi_action: [757,213,758,4,759,-1]
05-04 09:37:22.754 11394 11511 I commit_sys_config_file: [log-files,1017]
05-04 09:37:22.757 11394 11511 I commit_sys_config_file: [log-files,1020]
05-04 09:37:22.758 11394 11511 E NativeTombstoneManager: Tombstone's UID (1000) not an app, ignoring
05-04 09:37:22.758 11394 11511 I DropBoxManagerService: add tag=SYSTEM_TOMBSTONE_PROTO isTagEnabled=true flags=0x4
05-04 09:37:22.788 11394 11761 D CompatibilityChangeReporter: Compat change id reported: 171306433; UID 1000; state: ENABLED
05-04 09:37:22.820 11621 11621 W CarrierConfigManager: Error getting config for subId -1 ICarrierConfigLoader is null
05-04 09:37:22.830 11394 12229 D TelephonyRegistry: listen oscl: mHasNotifySubscriptionInfoChangedOccurred==false no callback
05-04 09:37:22.849 11394 11511 I commit_sys_config_file: [log-files,1112]
05-04 09:37:22.853 11394 11511 I commit_sys_config_file: [log-files,1115]
05-04 09:37:22.853 11394 11511 E NativeTombstoneManager: Tombstone's UID (0) not an app, ignoring
05-04 09:37:22.853 11394 11511 I DropBoxManagerService: add tag=SYSTEM_TOMBSTONE_PROTO isTagEnabled=true flags=0x4
05-04 09:37:22.856 11394 11511 I commit_sys_config_file: [log-files,1119]
05-04 09:37:22.856 11394 11511 I commit_sys_config_file: [log-files,1119]
05-04 09:37:22.857 11394 11511 E NativeTombstoneManager: Tombstone's UID (1000) not an app, ignoring
05-04 09:37:22.857 11394 11511 I DropBoxManagerService: add tag=SYSTEM_TOMBSTONE_PROTO isTagEnabled=true flags=0x4
05-04 09:37:22.874 11394 12318 I StatusBarManagerService: registerStatusBar bar=com.android.internal.statusbar.IStatusBar$Stub$Proxy@6e21c0c
05-04 09:37:22.891 11394 11511 I commit_sys_config_file: [log-files,1154]
05-04 09:37:22.896 11394 11511 I commit_sys_config_file: [log-files,1159]
05-04 09:37:22.896 11394 11511 E NativeTombstoneManager: Tombstone's UID (0) not an app, ignoring
05-04 09:37:22.896 11394 11511 I DropBoxManagerService: add tag=SYSTEM_TOMBSTONE_PROTO isTagEnabled=true flags=0x4
05-04 09:37:22.900 11394 11511 I commit_sys_config_file: [log-files,1163]
05-04 09:37:22.901 11394 11511 I commit_sys_config_file: [log-files,1164]
05-04 09:37:22.901 11394 11511 E NativeTombstoneManager: Tombstone's UID (1000) not an app, ignoring
05-04 09:37:22.902 11394 11511 I DropBoxManagerService: add tag=SYSTEM_TOMBSTONE_PROTO isTagEnabled=true flags=0x4
05-04 09:37:22.931 11394 11511 I commit_sys_config_file: [log-files,1194]
05-04 09:37:22.936 11394 11511 I commit_sys_config_file: [log-files,1199]
05-04 09:37:22.936 11394 11511 E NativeTombstoneManager: Tombstone's UID (0) not an app, ignoring
05-04 09:37:22.936 11394 11511 I DropBoxManagerService: add tag=SYSTEM_TOMBSTONE_PROTO isTagEnabled=true flags=0x4
05-04 09:37:22.940 11394 11511 I commit_sys_config_file: [log-files,1202]
05-04 09:37:22.943 11394 11511 I commit_sys_config_file: [log-files,1206]
05-04 09:37:22.943 11394 11511 E NativeTombstoneManager: Tombstone's UID (0) not an app, ignoring
05-04 09:37:22.943 11394 11511 I DropBoxManagerService: add tag=SYSTEM_TOMBSTONE_PROTO isTagEnabled=true flags=0x4
05-04 09:37:22.951 11394 11511 I commit_sys_config_file: [log-files,1214]
05-04 09:37:22.952 11394 11511 I commit_sys_config_file: [log-files,1215]
05-04 09:37:22.953 11394 11511 E NativeTombstoneManager: Tombstone's UID (1000) not an app, ignoring
05-04 09:37:22.953 11394 11511 I DropBoxManagerService: add tag=SYSTEM_TOMBSTONE_PROTO isTagEnabled=true flags=0x4
05-04 09:37:22.983 11394 11511 I commit_sys_config_file: [log-files,1246]
05-04 09:37:22.984 11394 11511 I commit_sys_config_file: [log-files,1247]
05-04 09:37:22.984 11394 11511 E NativeTombstoneManager: Tombstone's UID (0) not an app, ignoring
05-04 09:37:22.985 11394 11511 I DropBoxManagerService: add tag=SYSTEM_TOMBSTONE_PROTO isTagEnabled=true flags=0x4
05-04 09:37:22.987 11394 11511 I commit_sys_config_file: [log-files,1250]
05-04 09:37:23.030 11394 12318 D CompatibilityChangeReporter: Compat change id reported: 168419799; UID 10079; state: DISABLED
05-04 09:37:23.055 0 0 I [schedu][0xb04a9f43][09:37:23.055037] wlan: [1858:I:OSIF] vdev 0, scan id 40965 type COMPLETED(1) reason COMPLETED(1) scan found 69 bss
05-04 09:37:23.056 1348 11610 I liblog : 3
05-04 09:37:23.056 1348 11610 I liblog : 1
05-04 09:37:23.056 1348 11610 I liblog : 1
05-04 09:37:23.056 1348 11610 I liblog : 1
05-04 09:37:23.056 1348 11610 I liblog : 2
05-04 09:37:23.056 1348 11610 I liblog : 1
05-04 09:37:23.056 1348 11610 I liblog : 2
05-04 09:37:23.056 1348 11610 I liblog : 1
05-04 09:37:23.056 1348 11610 I liblog : 1
05-04 09:37:23.057 1348 11610 I liblog : 7
05-04 09:37:23.057 1348 11610 I liblog : 1
05-04 09:37:23.057 1348 11610 I liblog : 2
05-04 09:37:23.057 1348 11610 I liblog : 1
05-04 09:37:23.057 1348 11610 I liblog : 1
05-04 09:37:23.057 1348 11610 I liblog : 2
05-04 09:37:23.057 1348 11610 I liblog : 1
05-04 09:37:23.057 1348 11610 I liblog : 1
05-04 09:37:23.057 1348 11610 I liblog : 6
05-04 09:37:23.057 1348 11610 I liblog : 2
05-04 09:37:23.057 1348 11610 I liblog : 1
05-04 09:37:23.057 1348 11610 I liblog : 2
05-04 09:37:23.057 1348 11610 I liblog : 1
05-04 09:37:23.057 1348 11610 I liblog : 5
05-04 09:37:23.057 1348 11610 I liblog : 2
05-04 09:37:23.057 1348 11610 I liblog : 1
05-04 09:37:23.057 1348 11610 I liblog : 1
05-04 09:37:23.057 1348 11610 I liblog : 2
05-04 09:37:23.057 1348 11610 I liblog : 5
05-04 09:37:23.057 1348 11610 I liblog : 2
05-04 09:37:23.057 1348 11610 I liblog : 1
05-04 09:37:23.057 1348 11610 I liblog : 5
05-04 09:37:23.057 1348 11610 I liblog : 1
05-04 09:37:23.057 1348 11610 I liblog : 2
05-04 09:37:23.057 1348 11610 I liblog : 1
05-04 09:37:23.057 1348 11610 I liblog : 4
05-04 09:37:23.057 1348 11610 I liblog : 1
05-04 09:37:23.057 1348 11610 I liblog : 1
05-04 09:37:23.057 1348 11610 I liblog : 2
05-04 09:37:23.057 1348 11610 I liblog : 1
05-04 09:37:23.057 1348 11610 I liblog : 1
05-04 09:37:23.057 1348 11610 I liblog : 8
05-04 09:37:23.057 1348 11610 I liblog : 2
05-04 09:37:23.057 1348 11610 I liblog : 5
05-04 09:37:23.057 1348 11610 I liblog : 1
05-04 09:37:23.057 1348 11610 I liblog : 1
05-04 09:37:23.057 1348 11610 I liblog : 1
05-04 09:37:23.057 1348 11610 I liblog : 4
05-04 09:37:23.057 1348 11610 I liblog : 2
05-04 09:37:23.058 1348 1408 I liblog : 168
05-04 09:37:23.060 0 0 I [wpa_su][0xb04c4ada][09:37:23.060738] wlan: [1925:I:SME] vdev-0: Connecting to RIO-WIFI-5G f8:af:05:82:ca:5c rssi: -34 freq: 5805 akm 9 cipher: uc 6 mc 5, CC:
05-04 09:37:23.060 0 0 E [wpa_su][0xb04c4d36][09:37:23.060769] wlan: [1925:E:QDF] Cannot malloc 0 bytes @ csr_get_cfg_max_tx_power:14199
05-04 09:37:23.061 0 0 I [schedu][0xb04c6b75][09:37:23.061173] wlan: [1858:I:WMI] send_vdev_start_cmd_tlv: 1062: send_vdev_start_cmd_tlv: vdev_id 0 freq 5805 chanmode 18 ch_info: 0x12 is_dfs 0 beacon interval 100 dtim 0 center_chan 5775 center_freq2 0 reg_info_1: 0x180000 reg_info_2: 0x1800, req->max_txpow: 0x18 Tx SS 1, Rx SS 1, ldpc_rx: 0, cac 0, regd 4, HE ops: 0req->dis_hw_ack: 0
05-04 09:37:23.071 11621 12238 W ActivityThread: Failed to find provider info for com.android.contacts (user not unlocked)
05-04 09:37:23.115 0 0 I [soft_i][0xb05c3fc8][09:37:23.115204] wlan: [0:I:TXRX] HTT_T2H_MSG_TYPE_PEER_MAP msg for peer id 1 vdev id 0 n
05-04 09:37:23.115 0 0 E [soft_i][0xb05c42bf][09:37:23.115243] wlan: [0:E:DP] dp_peer_find_add_id: peer 0000000000000000 ID 1 vid 0 mac f8:af:05:82:ca:5c
05-04 09:37:23.115 0 0 I [soft_i][0xb05c43ad][09:37:23.115256] wlan: [0:I:DP] dp_peer_find_add_id: ref_cnt: 2
05-04 09:37:23.115 0 0 E [soft_i][0xb05c4480][09:37:23.115267] wlan: [0:E:DP] dp_peer_map_ast: peer 0000000000000000 ID 51 vid 0 mac f8:af:05:82:ca:5c
05-04 09:37:23.154 11621 12258 W ActivityThread: Failed to find provider info for com.android.contacts (user not unlocked)
05-04 09:37:23.170 11621 12258 W ActivityThread: Failed to find provider info for com.android.contacts (user not unlocked)
05-04 09:37:23.174 0 0 I [schedu][0xb06da2ff][09:37:23.174553] wlan: [1858:I:PE] Auth TX: seq 1 seq num 2069 status 0 WEP 0 to f8:af:05:82:ca:5c
05-04 09:37:23.175 0 0 I [schedu][0xb06df2e5][09:37:23.175619] wlan: [1858:I:PE] Auth TX: success
05-04 09:37:23.177 11621 12258 W ActivityThread: Failed to find provider info for com.android.contacts (user not unlocked)
05-04 09:37:23.176 0 0 I [schedu][0xb06e366d][09:37:23.176519] wlan: [1858:I:PE] Auth RX: vdev 0 sys role 3 lim_state 5 from f8:af:05:82:ca:5c rssi -38 auth_alg 0 seq 1305
05-04 09:37:23.176 0 0 I [schedu][0xb06e3b98][09:37:23.176588] wlan: [1858:I:PE] Assoc req TX: vdev 0 to f8:af:05:82:ca:5c seq num 2070
05-04 09:37:23.177 0 0 I [schedu][0xb06e9df1][09:37:23.177899] wlan: [1858:I:PE] Assoc req TX: success
05-04 09:37:23.179 0 0 I [schedu][0xb06f283a][09:37:23.179743] wlan: [1858:I:PE] Assoc rsp RX: subtype 0 vdev 0 sys role 3 lim state 10 rssi -38 from f8:af:05:82:ca:5c
05-04 09:37:23.185 0 0 E [schedu][0xb070d505][09:37:23.185460] wlan: [1858:E:QDF] Cannot malloc 0 bytes @ csr_get_cfg_max_tx_power:14199
05-04 09:37:23.185 0 0 E [schedu][0xb070d5a7][09:37:23.185469] wlan: [1858:E:QDF] Cannot malloc 0 bytes @ csr_get_cfg_max_tx_power:14199
05-04 09:37:23.185 0 0 E [soft_i][0xb070eb09][09:37:23.185754] wlan: [0:E:DP] dp_tx_initialize_threshold: tx flow control threshold is set, pool size is 4096
05-04 09:37:23.185 0 0 I [schedu][0xb070ed6e][09:37:23.185786] wlan: [1858:I:HDD] wlan0(vdevid-0): 3a:29:3c:5e:14:d2 connected to f8:af:05:82:ca:5c
05-04 09:37:23.189 0 0 I [dp_rx_][0xb071f46a][09:37:23.189292] wlan: [1860:I:QDF] EAPOL-1 RX: SA:f8:af:05:82:ca:5c DA:3a:29:3c:5e:14:d2
05-04 09:37:23.192 0 0 I [soft_i][0xb072d8b4][09:37:23.192336] wlan: [0:I:QDF] EAPOL-2 TX: SA:3a:29:3c:5e:14:d2 DA:f8:af:05:82:ca:5c msdu_id:0 status: succ
05-04 09:37:23.193 11394 11541 I netstats_mobile_sample: [0,0,0,0,0,0,0,0,0,0,0,0,1683164243193]
05-04 09:37:23.193 11394 11541 I netstats_wifi_sample: [0,0,0,0,0,0,0,0,0,0,0,0,1683164243193]
05-04 09:37:23.197 11394 11411 D UsbDeviceManager: push notification:正在通过 USB 为此设备充电
05-04 09:37:23.196 0 0 I [dp_rx_][0xb07429a3][09:37:23.196828] wlan: [1860:I:QDF] EAPOL-3 RX: SA:f8:af:05:82:ca:5c DA:3a:29:3c:5e:14:d2
05-04 09:37:23.202 0 0 I [soft_i][0xb075e973][09:37:23.202800] wlan: [0:I:QDF] EAPOL-4 TX: SA:3a:29:3c:5e:14:d2 DA:f8:af:05:82:ca:5c msdu_id:0 status: succ
05-04 09:37:23.225 0 0 E [schedu][0xb07c8f5f][09:37:23.225492] wlan: [1858:E:QDF] Cannot malloc 0 bytes @ csr_get_cfg_max_tx_power:14199
05-04 09:37:23.236 0 0 I [schedu][0xb07fc420][09:37:23.236435] wlan: [1858:I:WMI] LFR3:OKC enabled
05-04 09:37:23.236 0 0 I [schedu][0xb07fc474][09:37:23.236439] wlan: [1858:I:WMI] LFR3:PMKSA caching enabled
05-04 09:37:23.243 0 0 I IPv6 : ADDRCONF(NETDEV_CHANGE): wlan0: link becomes ready
05-04 09:37:23.395 0 0 I [soft_i][0xb0ae7d30][09:37:23.395916] wlan: [0:I:DP] dp_addba_requestprocess_wifi3 restore BA win 256 based on addba req
05-04 09:37:23.752 0 0 I [soft_i][0xb116df20][09:37:23.752208] wlan: [0:I:DP] dp_addba_requestprocess_wifi3 restore BA win 256 based on addba req
05-04 09:37:23.909 11394 11394 W Looper : Slow dispatch took 1711ms main h=android.app.ActivityThread$H c=android.app.LoadedApk$ReceiverDispatcher$Args$$ExternalSyntheticLambda0@2d99496 m=0
05-04 09:37:23.909 11394 11394 I PackageWatchdog: Syncing health check requests for packages: {}
05-04 09:37:23.909 11394 11394 I ExplicitHealthCheckController: Service not ready to get health check supported packages. Binding...
05-04 09:37:23.910 11394 11394 I ExplicitHealthCheckController: Explicit health check service is bound
05-04 09:37:23.924 11394 11428 W BatteryExternalStatsWorker: error reading modem stats:ERROR_PHONE_NOT_AVAILABLE
05-04 09:37:23.926 11394 11428 E KernelCpuSpeedReader: Failed to read cpu-freq: /sys/devices/system/cpu/cpu4/cpufreq/stats/time_in_state: open failed: ENOENT (No such file or directory)
05-04 09:37:23.926 11394 11428 E KernelCpuSpeedReader: Failed to read cpu-freq: /sys/devices/system/cpu/cpu0/cpufreq/stats/time_in_state: open failed: ENOENT (No such file or directory)
05-04 09:37:23.926 11394 11428 W BatteryStatsImpl: Attempted to remove untracked isolated uid (1037)
05-04 09:37:23.972 11394 11394 D AccessibilityManagerService: Ignoring non-encryption-aware service ComponentInfo{com.ss.android.ugc.aweme/com.ss.android.ugc.aweme.live.livehostimpl.AudioAccessibilityService}
05-04 09:37:23.973 11394 11394 D AccessibilityManagerService: Ignoring non-encryption-aware service ComponentInfo{com.taptap/com.taptap.game.installer.impl.services.AutoInstallService}
05-04 09:37:23.973 11394 11394 D AccessibilityManagerService: Ignoring non-encryption-aware service ComponentInfo{com.tencent.android.qqdownloader/com.tencent.nucleus.manager.accessibility.YYBAccessibilityService}
05-04 09:37:23.973 11394 11394 I SystemServerTiming: ManagedServices.unbindOtherUserServices_current0
05-04 09:37:23.973 11394 11394 I SystemServerTiming: ManagedServices.unbindOtherUserServices_current0
05-04 09:37:23.973 11394 11394 I SystemServerTiming: ManagedServices.unbindOtherUserServices_current0
05-04 09:37:23.973 11394 11394 V NotificationAssistants: enabling notification assistant for 0: ComponentInfo{android.ext.services/android.ext.services.notification.Assistant}
05-04 09:37:23.973 11394 11394 V NotificationAssistants: binding: Intent { act=android.service.notification.NotificationAssistantService cmp=android.ext.services/.notification.Assistant (has extras) }
05-04 09:37:24.017 11394 11394 D BluetoothManagerService: Bluetooth Adapter name changed to 高合娱乐副屏 by android
05-04 09:37:24.017 11394 11394 D BluetoothManagerService: Stored Bluetooth name: 高合娱乐副屏
05-04 09:37:24.018 11394 11394 D ConditionProviders.SCP: onSubscribe condition://android/schedule?days=1.2.3.4.5.6.7&start=22.0&end=7.0&exitAtAlarm=true
05-04 09:37:24.018 11394 11394 D ConditionProviders.SCP: setRegistered true
05-04 09:37:24.019 11394 11394 D ConditionProviders.SCP: evaluateSubscriptionLocked cal=ScheduleCalendar[mDays={1, 2, 3, 4, 5, 6, 7}, mSchedule=ScheduleInfo{days=[1, 2, 3, 4, 5, 6, 7], startHour=22, startMinute=0, endHour=7, endMinute=0, exitAtAlarm=true, nextAlarm=Thu Jan 01 08:00:00 GMT+08:00 1970 (0)}], now=Thu May 04 09:37:24 GMT+08:00 2023 (1683164244018), nextUserAlarmTime=Thu Jan 01 08:00:00 GMT+08:00 1970 (0)
05-04 09:37:24.019 11394 11394 D ConditionProviders.SCP: notifyCondition condition://android/schedule?days=1.2.3.4.5.6.7&start=22.0&end=7.0&exitAtAlarm=true STATE_FALSE reason=!meetsSchedule
05-04 09:37:24.019 11394 11560 W ActivityThread: Failed to find provider info for com.android.calendar (user not unlocked)
05-04 09:37:24.019 11394 11560 W ActivityThread: Failed to find provider info for com.android.calendar (user not unlocked)
05-04 09:37:24.019 11394 11394 D ConditionProviders.SCP: Scheduling evaluate for Thu May 04 22:00:00 GMT+08:00 2023 (1683208800000), in +12h22m35s982ms, now=Thu May 04 09:37:24 GMT+08:00 2023 (1683164244018)
05-04 09:37:24.024 11394 11394 W BluetoothManagerService: bindBluetoothProfileService:Trying to bind to profile: 1, while Bluetooth is disabled
05-04 09:37:24.025 11394 11394 I Telecom : SystemStateHelper: Registering broadcast receiver: android.content.IntentFilter@d014910: TS.init@AAA
05-04 09:37:24.025 11394 11394 I Telecom : SystemStateHelper: Registering broadcast receiver: android.content.IntentFilter@2f2c09: TS.init@AAA
05-04 09:37:24.025 11394 12370 I Telecom : BluetoothRouteManager: getBluetoothAudioConnectedDevice: no service available.
05-04 09:37:24.027 11394 12371 I Telecom : Logging.Events: Non-call EVENT: AUDIO_ROUTE, Entering state QuiescentEarpieceRoute
05-04 09:37:24.027 11394 12371 I Telecom : BluetoothRouteManager: getBluetoothAudioConnectedDevice: no service available.
05-04 09:37:24.029 11394 12372 I Telecom : CallAudioModeStateMachine: Message received: null.: TS.init->CAMSM.pM_1@AAA
05-04 09:37:24.030 11394 11394 I Telecom : MissedCallNotifierImpl: reloadFromDatabase: Boot not yet complete -- call log db may not be available. Deferring loading until boot complete for user 0: TS.init@AAA
05-04 09:37:24.031 11394 11394 D TelephonyRegistry: listen oscl: mHasNotifySubscriptionInfoChangedOccurred==false no callback
05-04 09:37:24.031 11394 11394 I Telecom : MissedCallNotifierImpl: reloadFromDatabase: Boot not yet complete -- call log db may not be available. Deferring loading until boot complete for user 0: TS.init@AAA
05-04 09:37:24.032 11394 11394 I Telecom : Class: TelecomSystem.INSTANCE being set
05-04 09:37:24.032 11394 11394 D BluetoothManagerService: BluetoothServiceConnection: com.android.bluetooth.btservice.AdapterService
05-04 09:37:24.032 11394 11413 D BluetoothManagerService: MESSAGE_BLUETOOTH_SERVICE_CONNECTED: 1
05-04 09:37:24.033 11394 11394 I ConnectivityModuleConnector: Networking module service connected
05-04 09:37:24.034 11394 11394 I ConnectivityModuleConnector: Networking module service connected
05-04 09:37:24.034 11394 11394 I notification_enqueue: [10079,11621,com.android.systemui,1,empty_media,0,Notification(channel=empty_media_style_id shortcut=null contentView=null vibrate=null sound=null defaults=0x0 flags=0x20 color=0x00000000 category=transport groupKey=empty_media actions=5 vis=PRIVATE),0]
05-04 09:37:24.036 11394 11413 D BluetoothManagerService: MESSAGE_INFORM_ADAPTER_SERVICE_UP
05-04 09:37:24.036 11394 11413 D BluetoothManagerService: Broadcasting onBluetoothServiceUp() to 3 receivers.
05-04 09:37:24.037 11394 11413 D BluetoothManagerService: MESSAGE_BLUETOOTH_STATE_CHANGE: OFF > BLE_TURNING_ON
05-04 09:37:24.037 11394 11413 D BluetoothManagerService: Sending BLE State Change: OFF > BLE_TURNING_ON
05-04 09:37:24.037 11394 11394 I notification_cancel_all: [1000,11394,com.android.systemui,0,0,0,20,NULL]
05-04 09:37:24.038 11394 11394 I notification_enqueue: [1000,11394,android,32,NULL,-1,Notification(channel=USB shortcut=null contentView=null vibrate=null sound=null tick defaults=0x0 flags=0x2 color=0x00000000 vis=PUBLIC),0]
05-04 09:37:24.039 11394 11394 I ExplicitHealthCheckController: Explicit health check service is connected ComponentInfo{android.ext.services/android.ext.services.watchdog.ExplicitHealthCheckServiceImpl}
05-04 09:37:24.039 11394 11394 I ExplicitHealthCheckController: Service initialized, syncing requests
05-04 09:37:24.039 11394 11394 I AutofillManagerService: Updating for user 0: disabled=false
05-04 09:37:24.040 11394 11394 V NotificationAssistants: 0 notification assistant service connected: ComponentInfo{android.ext.services/android.ext.services.notification.Assistant}
05-04 09:37:24.041 11394 11394 D TelephonyRegistry: notifyCellLocationForSubscriber: subId=2147483647 cellIdentity=null
05-04 09:37:24.041 11394 11394 I Telecom : WiredHeadsetManager: ACTION_HEADSET_PLUG event, plugged in: false, : WHC.oADA@AAE
05-04 09:37:24.042 11394 11394 I sysui_multi_action: [757,1501,758,1,793,1485,794,0,795,1485,796,1,797,empty_media,806,com.android.systemui,857,empty_media_style_id,858,4,946,empty_media,947,0,1500,0,1641,transport,1745,1043716538]
05-04 09:37:24.042 11394 11394 I sysui_multi_action: [757,804,799,note_interruptive,801,0,802,1]
05-04 09:37:24.042 11394 11394 I GameModeConfig: isGameModeOn = false
05-04 09:37:24.044 11394 11394 W NotificationHistory: Attempted to add notif for locked/gone/disabled user 0
05-04 09:37:24.044 11394 11394 W Looper : Drained
05-04 09:37:24.044 11394 11394 D CompanionDeviceManagerService: Received BT state transition broadcast: OFF -> BLE_TURNING_ON
05-04 09:37:24.044 11394 11394 I sysui_multi_action: [757,1501,758,1,793,847,794,0,795,847,796,32,806,android,857,USB,858,1,947,0,1500,0]
05-04 09:37:24.044 11394 11394 I sysui_multi_action: [757,804,799,note_interruptive,801,0,802,1]
05-04 09:37:24.044 11394 11394 I GameModeConfig: isGameModeOn = false
05-04 09:37:24.044 11394 11394 W NotificationHistory: Attempted to add notif for locked/gone/disabled user 0
05-04 09:37:24.045 11394 11394 I PackageWatchdog: Syncing health check requests for packages: {}
05-04 09:37:24.045 11394 11394 D ExplicitHealthCheckController: Getting health check supported packages
05-04 09:37:24.046 11394 12229 I ExplicitHealthCheckController: Explicit health check supported packages [PackageConfig{com.android.networkstack, 86400000}]
05-04 09:37:24.046 11394 12229 D PackageWatchdog: Received supported packages [PackageConfig{com.android.networkstack, 86400000}]
05-04 09:37:24.046 11394 12229 D ExplicitHealthCheckController: Getting health check requested packages
05-04 09:37:24.046 11394 12229 I ExplicitHealthCheckController: Explicit health check requested packages []
05-04 09:37:24.046 11394 12229 I ExplicitHealthCheckController: No more health check requests, unbinding...
05-04 09:37:24.050 11394 11787 D CompatibilityChangeReporter: Compat change id reported: 168419799; UID 1002; state: DISABLED
05-04 09:37:24.053 11394 11414 I wm_boot_animation_done: 136064
05-04 09:37:24.053 11394 11414 I ActivityManagerTiming: FinishBooting
05-04 09:37:24.054 11394 12229 I ExplicitHealthCheckController: Explicit health check service is unbound
05-04 09:37:24.056 11394 11414 I ActivityManager: About to commit checkpoint
05-04 09:37:24.056 11394 11414 W ActivityManager: FinishBooting sync begin
05-04 09:37:24.057 11394 11787 D Fingerprint21: Daemon was null, reconnecting, current operation: null
05-04 09:37:24.058 11394 11787 D Fingerprint21: Fingerprint HAL ready, HAL ID: 5326416
05-04 09:37:24.059 11394 11394 D BiometricScheduler/Fingerprint21: [Added] {[0] FingerprintUpdateActiveUserClient, proto=1, owner=android, cookie=0, requestId=-1, userId=0}, new queue size: 1
05-04 09:37:24.059 11394 11394 D BiometricScheduler/Fingerprint21: [Polled] {[0] FingerprintUpdateActiveUserClient, proto=1, owner=android, cookie=0, requestId=-1, userId=0}, State: 0
05-04 09:37:24.059 11394 11394 D BiometricScheduler/Fingerprint21: [Starting] {[0] FingerprintUpdateActiveUserClient, proto=1, owner=android, cookie=0, requestId=-1, userId=0}, State: 0
05-04 09:37:24.059 11394 11394 D BiometricScheduler/Fingerprint21: [Started] {[0] FingerprintUpdateActiveUserClient, proto=1, owner=android, cookie=0, requestId=-1, userId=0}
05-04 09:37:24.059 11394 11414 W ActivityManager: FinishBooting sync end
05-04 09:37:24.059 11394 11414 I SystemServiceManager: Starting phase 1000
05-04 09:37:24.059 11394 11414 I ActivityManagerTiming: OnBootPhase_1000
05-04 09:37:24.059 11394 11414 I ActivityManagerTiming: OnBootPhase_1000_com.android.server.security.FileIntegrityService
05-04 09:37:24.059 11394 11414 I ActivityManagerTiming: OnBootPhase_1000_com.android.server.pm.Installer
05-04 09:37:24.060 11394 11414 I ActivityManagerTiming: OnBootPhase_1000_com.android.server.os.DeviceIdentifiersPolicyService
05-04 09:37:24.060 11394 11414 I ActivityManagerTiming: OnBootPhase_1000_com.android.server.uri.UriGrantsManagerService$Lifecycle
05-04 09:37:24.060 11394 11414 I ActivityManagerTiming: OnBootPhase_1000_com.android.server.powerstats.PowerStatsService
05-04 09:37:24.060 11394 11414 E PowerStatsService: Failed to start PowerStatsService loggers
05-04 09:37:24.060 11394 11414 I ActivityManagerTiming: OnBootPhase_1000_com.android.server.wm.ActivityTaskManagerService$Lifecycle
05-04 09:37:24.060 11394 11414 I ActivityManagerTiming: OnBootPhase_1000_com.android.server.am.ActivityManagerService$Lifecycle
05-04 09:37:24.060 11394 11414 I ActivityManagerTiming: OnBootPhase_1000_com.android.server.pm.DataLoaderManagerService
05-04 09:37:24.060 11394 11414 I ActivityManagerTiming: OnBootPhase_1000_com.android.server.power.PowerManagerService
05-04 09:37:24.060 11394 11414 I ActivityManagerTiming: OnBootPhase_1000_com.android.server.power.ThermalManagerService
05-04 09:37:24.060 11394 11414 I ActivityManagerTiming: OnBootPhase_1000_com.android.server.power.hint.HintManagerService
05-04 09:37:24.060 11394 11414 I ActivityManagerTiming: OnBootPhase_1000_com.android.server.recoverysystem.RecoverySystemService$Lifecycle
05-04 09:37:24.060 11394 11414 I ActivityManagerTiming: OnBootPhase_1000_com.android.server.lights.LightsService
05-04 09:37:24.060 11394 11414 I ActivityManagerTiming: OnBootPhase_1000_com.android.server.display.DisplayManagerService
05-04 09:37:24.060 11394 11438 V DisplayPowerController[0]: Brightness [1.0] reason changing to: 'manual', previous reason: 'override'.
05-04 09:37:24.061 11394 11414 I ActivityManagerTiming: OnBootPhase_1000_com.android.server.pm.verify.domain.DomainVerificationService
05-04 09:37:24.061 11394 11414 I ActivityManagerTiming: OnBootPhase_1000_com.android.server.pm.PackageInstallerService$Lifecycle
05-04 09:37:24.061 11394 11414 I ActivityManagerTiming: OnBootPhase_1000_com.android.server.pm.UserManagerService$LifeCycle
05-04 09:37:24.061 11394 11414 I ActivityManagerTiming: OnBootPhase_1000_com.android.server.om.OverlayManagerService
05-04 09:37:24.061 11394 11414 I ActivityManagerTiming: OnBootPhase_1000_com.android.server.SensorPrivacyService
05-04 09:37:24.061 11394 11414 I ActivityManagerTiming: OnBootPhase_1000_com.android.server.thunderperf.ThunderBoostPerfService
05-04 09:37:24.061 11394 11414 I ActivityManagerTiming: OnBootPhase_1000_com.android.server.sensors.SensorService
05-04 09:37:24.061 11394 11414 I ActivityManagerTiming: OnBootPhase_1000_com.android.server.SystemConfigService
05-04 09:37:24.061 11394 11414 I ActivityManagerTiming: OnBootPhase_1000_com.android.server.BatteryService
05-04 09:37:24.061 11394 11414 I ActivityManagerTiming: OnBootPhase_1000_com.android.server.usage.UsageStatsService
05-04 09:37:24.061 11394 11414 I ActivityManagerTiming: OnBootPhase_1000_com.android.server.webkit.WebViewUpdateService
05-04 09:37:24.061 11394 11414 I ActivityManagerTiming: OnBootPhase_1000_com.android.server.CachedDeviceStateService
05-04 09:37:24.061 11394 11414 I ActivityManagerTiming: OnBootPhase_1000_com.android.server.BinderCallsStatsService$LifeCycle
05-04 09:37:24.061 11394 11414 I ActivityManagerTiming: OnBootPhase_1000_com.android.server.LooperStatsService$Lifecycle
05-04 09:37:24.061 11394 11414 I ActivityManagerTiming: OnBootPhase_1000_com.android.server.rollback.RollbackManagerService
05-04 09:37:24.061 11394 11505 D AppStandbyController: Loading headless system app cache. appIdleEnabled=false
05-04 09:37:24.060 0 0 D qbt : qbt_open: entry minor_no=0 fd_available=1
05-04 09:37:24.060 0 0 D qbt : qbt_open: exit : 0 fd_available=0
05-04 09:37:24.060 0 0 D qbt : qbt_open: entry minor_no=1 fd_available=0
05-04 09:37:24.060 0 0 D qbt : qbt_open: exit : 0 fd_available=0
05-04 09:37:24.060 0 0 D qbt : qbt_ioctl: cmd received 107
05-04 09:37:24.060 0 0 D qbt : qbt_ioctl: Acquiring wakelock
05-04 09:37:24.062 11394 11414 I ActivityManagerTiming: OnBootPhase_1000_com.android.server.os.NativeTombstoneManagerService
05-04 09:37:24.062 11394 11414 I ActivityManagerTiming: OnBootPhase_1000_com.android.server.os.BugreportManagerService
05-04 09:37:24.062 11394 11414 I ActivityManagerTiming: OnBootPhase_1000_com.android.server.gpu.GpuService
05-04 09:37:24.056 866 866 I auditd : type=1400 audit(0.0:11428): avc: denied { add_name } for comm="perf@2.2-servic" name="force_rail_on" scontext=u:r:vendor_hal_perf_default:s0 tcontext=u:object_r:vendor_sysfs_kgsl:s0 tclass=dir permissive=1
05-04 09:37:24.056 866 866 I auditd : type=1400 audit(0.0:11429): avc: denied { create } for comm="perf@2.2-servic" name="force_rail_on" scontext=u:r:vendor_hal_perf_default:s0 tcontext=u:object_r:vendor_sysfs_kgsl:s0 tclass=file permissive=1
05-04 09:37:24.056 866 866 I auditd : type=1400 audit(0.0:11430): avc: denied { add_name } for comm="perf@2.2-servic" name="min_freq" scontext=u:r:vendor_hal_perf_default:s0 tcontext=u:object_r:vendor_sysfs_devfreq:s0 tclass=dir permissive=1
05-04 09:37:24.056 866 866 I auditd : type=1400 audit(0.0:11431): avc: denied { create } for comm="perf@2.2-servic" name="min_freq" scontext=u:r:vendor_hal_perf_default:s0 tcontext=u:object_r:vendor_sysfs_devfreq:s0 tclass=file permissive=1
05-04 09:37:24.056 866 866 I auditd : type=1400 audit(0.0:11432): avc: denied { add_name } for comm="perf@2.2-servic" name="clkscale_enable" scontext=u:r:vendor_hal_perf_default:s0 tcontext=u:object_r:sysfs:s0 tclass=dir permissive=1
05-04 09:37:24.062 0 0 W audit : audit_lost=11146 audit_rate_limit=5 audit_backlog_limit=64
05-04 09:37:24.062 0 0 E audit : rate limit exceeded
05-04 09:37:24.065 11394 11510 D RollbackManager: mRollbackLifetimeDurationInMillis=1209600000
05-04 09:37:24.066 11394 11414 I ActivityManagerTiming: OnBootPhase_1000_com.android.server.security.KeyChainSystemService
05-04 09:37:24.066 11394 11414 I ActivityManagerTiming: OnBootPhase_1000_com.android.server.telecom.TelecomLoaderService
05-04 09:37:24.066 11394 11414 I ActivityManagerTiming: OnBootPhase_1000_com.android.server.accounts.AccountManagerService$Lifecycle
05-04 09:37:24.066 11394 11414 I ActivityManagerTiming: OnBootPhase_1000_com.android.server.content.ContentService$Lifecycle
05-04 09:37:24.066 11394 11414 I ActivityManagerTiming: OnBootPhase_1000_com.android.server.DropBoxManagerService
05-04 09:37:24.066 11394 11414 I ActivityManagerTiming: OnBootPhase_1000_com.android.role.RoleService
05-04 09:37:24.066 11394 11414 I ActivityManagerTiming: OnBootPhase_1000_com.android.server.vibrator.VibratorManagerService$Lifecycle
05-04 09:37:24.066 11394 11414 I ActivityManagerTiming: OnBootPhase_1000_com.android.server.alarm.AlarmManagerService
05-04 09:37:24.066 11394 11414 I ActivityManagerTiming: OnBootPhase_1000_com.android.server.devicestate.DeviceStateManagerService
05-04 09:37:24.066 11394 11414 I ActivityManagerTiming: OnBootPhase_1000_com.android.server.camera.CameraServiceProxy
05-04 09:37:24.071 11394 11414 I ActivityManagerTiming: OnBootPhase_1000_com.android.server.BluetoothService
05-04 09:37:24.072 11394 11414 I ActivityManagerTiming: OnBootPhase_1000_com.android.server.connectivity.IpConnectivityMetrics
05-04 09:37:24.072 11394 11414 I ActivityManagerTiming: OnBootPhase_1000_com.android.server.net.watchlist.NetworkWatchlistService$Lifecycle
05-04 09:37:24.072 11394 11414 I ActivityManagerTiming: OnBootPhase_1000_com.android.server.PinnerService
05-04 09:37:24.072 11394 11414 I ActivityManagerTiming: OnBootPhase_1000_com.google.android.startop.iorap.IorapForwardingService
05-04 09:37:24.073 11394 11414 I ActivityManagerTiming: OnBootPhase_1000_com.android.server.ActivityTriggerService
05-04 09:37:24.073 11394 11414 I ActivityManagerTiming: OnBootPhase_1000_com.android.server.integrity.AppIntegrityManagerService
05-04 09:37:24.073 11394 11414 I ActivityManagerTiming: OnBootPhase_1000_com.android.server.inputmethod.InputMethodManagerService$Lifecycle
05-04 09:37:24.073 11394 11414 I ActivityManagerTiming: OnBootPhase_1000_com.android.server.accessibility.AccessibilityManagerService$Lifecycle
05-04 09:37:24.073 11394 11414 I ActivityManagerTiming: OnBootPhase_1000_com.android.server.StorageManagerService$Lifecycle
05-04 09:37:24.073 11394 11414 I ActivityManagerTiming: OnBootPhase_1000_com.android.server.usage.StorageStatsService$Lifecycle
05-04 09:37:24.073 11394 11414 I ActivityManagerTiming: OnBootPhase_1000_com.android.server.UiModeManagerService
05-04 09:37:24.073 11394 11414 I ActivityManagerTiming: OnBootPhase_1000_com.android.server.locksettings.LockSettingsService$Lifecycle
05-04 09:37:24.073 11394 11414 I ActivityManagerTiming: OnBootPhase_1000_com.android.server.PersistentDataBlockService
05-04 09:37:24.073 11394 11414 I ActivityManagerTiming: OnBootPhase_1000_com.android.server.testharness.TestHarnessModeService
05-04 09:37:24.073 11394 11414 D TestHarnessModeService: Completing Test Harness Mode setup.
05-04 09:37:24.073 11394 11536 D StorageManagerService: Thinking about init, mBootCompleted=true, mDaemonConnected=true
05-04 09:37:24.073 11394 11536 D StorageManagerService: Thinking about reset, mBootCompleted=true, mDaemonConnected=true
05-04 09:37:24.073 11394 11536 I StorageSessionController: Started resetting external storage service...
05-04 09:37:24.073 11394 11536 I StorageSessionController: Finished resetting external storage service
05-04 09:37:24.073 11394 11536 I StorageManagerService: Resetting vold...
05-04 09:37:24.078 0 0 E bt_ioctl: BT_CMD_PWR_CTRL pwr_cntrl:0
05-04 09:37:24.078 0 0 E bt_ioctl: BT state already:0 no change done
05-04 09:37:24.078 0 0 E bt_ioctl: BT_CMD_PWR_CTRL pwr_cntrl:1
05-04 09:37:24.078 0 0 E bt_vreg_enable: vreg_en successful for : qca,bt-vdd-aon
05-04 09:37:24.078 0 0 E bt_vreg_enable: vreg_en successful for : qca,bt-vdd-dig
05-04 09:37:24.074 549 549 I vold : Killing all processes referencing /storage/emulated/0
05-04 09:37:24.078 0 0 E bt_vreg_enable: vreg_en successful for : qca,bt-vdd-rfa1
05-04 09:37:24.078 0 0 E bt_vreg_enable: vreg_en successful for : qca,bt-vdd-rfa2
05-04 09:37:24.078 11394 11414 I ActivityManagerTiming: OnBootPhase_1000_com.android.server.oemlock.OemLockService
05-04 09:37:24.078 11394 11414 I ActivityManagerTiming: OnBootPhase_1000_com.android.server.DeviceIdleController
05-04 09:37:24.079 11394 11414 I ActivityManagerTiming: OnBootPhase_1000_com.android.server.devicepolicy.DevicePolicyManagerService$Lifecycle
05-04 09:37:24.079 11394 11414 I ActivityManagerTiming: OnBootPhase_1000_com.android.server.texttospeech.TextToSpeechManagerService
05-04 09:37:24.079 11394 11414 I ActivityManagerTiming: OnBootPhase_1000_com.android.server.speech.SpeechRecognitionManagerService
05-04 09:37:24.079 11394 11414 I ActivityManagerTiming: OnBootPhase_1000_com.android.server.searchui.SearchUiManagerService
05-04 09:37:24.079 11394 11414 I ActivityManagerTiming: OnBootPhase_1000_com.android.server.smartspace.SmartspaceManagerService
05-04 09:37:24.079 11394 11414 I ActivityManagerTiming: OnBootPhase_1000_com.android.server.graphics.fonts.FontManagerService$Lifecycle
05-04 09:37:24.079 11394 11414 I ActivityManagerTiming: OnBootPhase_1000_com.android.server.textservices.TextServicesManagerService$Lifecycle
05-04 09:37:24.079 11394 11414 I ActivityManagerTiming: OnBootPhase_1000_com.android.server.textclassifier.TextClassificationManagerService$Lifecycle
05-04 09:37:24.079 11394 11414 I ActivityManagerTiming: OnBootPhase_1000_com.android.server.NetworkScoreService$Lifecycle
05-04 09:37:24.079 11394 11414 I ActivityManagerTiming: OnBootPhase_1000_com.android.server.wifi.WifiService
05-04 09:37:24.079 11394 11414 I ActivityManagerTiming: OnBootPhase_1000_com.android.server.wifi.scanner.WifiScanningService
05-04 09:37:24.079 11394 11414 I ActivityManagerTiming: OnBootPhase_1000_com.android.server.wifi.rtt.RttService
05-04 09:37:24.079 11394 11414 I ActivityManagerTiming: OnBootPhase_1000_com.android.server.wifi.aware.WifiAwareService
05-04 09:37:24.079 11394 11414 I ActivityManagerTiming: OnBootPhase_1000_com.android.server.wifi.p2p.WifiP2pService
05-04 09:37:24.079 11394 11414 I ActivityManagerTiming: OnBootPhase_1000_com.android.server.ethernet.EthernetService
05-04 09:37:24.079 11394 11414 I ActivityManagerTiming: OnBootPhase_1000_com.android.server.ConnectivityServiceInitializer
05-04 09:37:24.079 11394 11414 I ActivityManagerTiming: OnBootPhase_1000_com.android.server.notification.NotificationManagerService
05-04 09:37:24.079 11394 11414 I ActivityManagerTiming: OnBootPhase_1000_com.android.server.storage.DeviceStorageMonitorService
05-04 09:37:24.079 11394 11414 I ActivityManagerTiming: OnBootPhase_1000_com.android.server.location.LocationManagerService$Lifecycle
05-04 09:37:24.079 11394 11414 I ActivityManagerTiming: OnBootPhase_1000_com.android.server.timedetector.TimeDetectorService$Lifecycle
05-04 09:37:24.079 0 0 E bt_vreg_enable: vreg_en successful for : qca,bt-vdd-asd
05-04 09:37:24.079 11394 11414 I ActivityManagerTiming: OnBootPhase_1000_com.android.server.timezonedetector.TimeZoneDetectorService$Lifecycle
05-04 09:37:24.079 11394 11414 I ActivityManagerTiming: OnBootPhase_1000_com.android.server.timezonedetector.location.LocationTimeZoneManagerService$Lifecycle
05-04 09:37:24.079 11394 11414 I ActivityManagerTiming: OnBootPhase_1000_com.android.server.search.SearchManagerService$Lifecycle
05-04 09:37:24.079 11394 11414 I ActivityManagerTiming: OnBootPhase_1000_com.android.server.wallpaper.WallpaperManagerService$Lifecycle
05-04 09:37:24.079 11394 11414 I ActivityManagerTiming: OnBootPhase_1000_com.android.server.audio.AudioService$Lifecycle
05-04 09:37:24.079 11394 11414 I ActivityManagerTiming: OnBootPhase_1000_com.android.server.soundtrigger_middleware.SoundTriggerMiddlewareService$Lifecycle
05-04 09:37:24.084 0 0 W QSEECOM : qseecom_load_app: App (fingerpr) does'nt exist, loading apps for first time
05-04 09:37:24.079 11394 11414 I ActivityManagerTiming: OnBootPhase_1000_com.android.server.DockObserver
05-04 09:37:24.079 11394 11414 I ActivityManagerTiming: OnBootPhase_1000_com.android.server.midi.MidiService$Lifecycle
05-04 09:37:24.079 11394 11414 I ActivityManagerTiming: OnBootPhase_1000_com.android.server.adb.AdbService$Lifecycle
05-04 09:37:24.079 11394 11414 I ActivityManagerTiming: OnBootPhase_1000_com.android.server.usb.UsbService$Lifecycle
05-04 09:37:24.079 11394 11414 I ActivityManagerTiming: OnBootPhase_1000_com.android.server.twilight.TwilightService
05-04 09:37:24.089 11394 11411 I UsbDeviceManager: Setting USB config to mtp,adb
05-04 09:37:24.090 11394 11414 I ActivityManagerTiming: OnBootPhase_1000_com.android.server.display.color.ColorDisplayService
05-04 09:37:24.090 11394 11414 I ActivityManagerTiming: OnBootPhase_1000_com.android.server.job.JobSchedulerService
05-04 09:37:24.090 11394 11414 I ActivityManagerTiming: OnBootPhase_1000_com.android.server.soundtrigger.SoundTriggerService
05-04 09:37:24.090 11394 11414 D SoundTriggerService: onBootPhase: 1000 : false
05-04 09:37:24.090 11394 11414 I ActivityManagerTiming: OnBootPhase_1000_com.android.server.trust.TrustManagerService
05-04 09:37:24.090 11394 11414 I ActivityManagerTiming: OnBootPhase_1000_com.android.server.backup.BackupManagerService$Lifecycle
05-04 09:37:24.090 11394 11414 I ActivityManagerTiming: OnBootPhase_1000_com.android.server.appwidget.AppWidgetService
05-04 09:37:24.091 11394 11414 I ActivityManagerTiming: OnBootPhase_1000_com.android.server.voiceinteraction.VoiceInteractionManagerService
05-04 09:37:24.091 11394 11414 I ActivityManagerTiming: OnBootPhase_1000_com.android.server.apphibernation.AppHibernationService
05-04 09:37:24.091 11394 11414 I ActivityManagerTiming: OnBootPhase_1000_com.android.server.SensorNotificationService
05-04 09:37:24.090 0 0 I init : processing action (sys.usb.config=none && sys.usb.configfs=1) from (/vendor/etc/init/hw/init.qcom.usb.rc:142)
05-04 09:37:24.094 0 0 I init : Command 'rm /config/usb_gadget/g1/configs/b.1/f3' action=sys.usb.config=none && sys.usb.configfs=1 (/vendor/etc/init/hw/init.qcom.usb.rc:145) took 0ms and failed: unlink() failed: No such file or directory
05-04 09:37:24.094 0 0 I init : Command 'rm /config/usb_gadget/g1/configs/b.1/f4' action=sys.usb.config=none && sys.usb.configfs=1 (/vendor/etc/init/hw/init.qcom.usb.rc:146) took 0ms and failed: unlink() failed: No such file or directory
05-04 09:37:24.094 0 0 I init : Command 'rm /config/usb_gadget/g1/configs/b.1/f5' action=sys.usb.config=none && sys.usb.configfs=1 (/vendor/etc/init/hw/init.qcom.usb.rc:147) took 0ms and failed: unlink() failed: No such file or directory
05-04 09:37:24.095 0 0 I init : Command 'rm /config/usb_gadget/g1/configs/b.1/f6' action=sys.usb.config=none && sys.usb.configfs=1 (/vendor/etc/init/hw/init.qcom.usb.rc:148) took 0ms and failed: unlink() failed: No such file or directory
05-04 09:37:24.095 0 0 I init : Command 'rm /config/usb_gadget/g1/configs/b.1/f7' action=sys.usb.config=none && sys.usb.configfs=1 (/vendor/etc/init/hw/init.qcom.usb.rc:149) took 0ms and failed: unlink() failed: No such file or directory
05-04 09:37:24.095 0 0 I init : Command 'rm /config/usb_gadget/g1/configs/b.1/f8' action=sys.usb.config=none && sys.usb.configfs=1 (/vendor/etc/init/hw/init.qcom.usb.rc:150) took 0ms and failed: unlink() failed: No such file or directory
05-04 09:37:24.095 0 0 I init : Command 'rm /config/usb_gadget/g1/configs/b.1/f9' action=sys.usb.config=none && sys.usb.configfs=1 (/vendor/etc/init/hw/init.qcom.usb.rc:151) took 0ms and failed: unlink() failed: No such file or directory
05-04 09:37:24.093 11394 11414 D CompatibilityChangeReporter: Compat change id reported: 168936375; UID 1000; state: ENABLED
