05-04 09:37:06.872 866 866 I auditd : type=1400 audit(0.0:8303): avc: denied { add_name } for comm="perf@2.2-servic" name="clkscale_enable" scontext=u:r:vendor_hal_perf_default:s0 tcontext=u:object_r:sysfs:s0 tclass=dir permissive=1
05-04 09:37:06.877 0 0 W audit : audit_lost=8082 audit_rate_limit=5 audit_backlog_limit=64
05-04 09:37:06.877 0 0 E audit : rate limit exceeded
05-04 09:37:06.936 7469 7469 D BluetoothManagerService: BluetoothServiceConnection: com.android.bluetooth.btservice.AdapterService
05-04 09:37:06.936 7469 7469 D ConditionProviders.SCP: onSubscribe condition://android/schedule?days=1.2.3.4.5.6.7&start=22.0&end=7.0&exitAtAlarm=true
05-04 09:37:06.936 7469 7469 D ConditionProviders.SCP: setRegistered true
05-04 09:37:06.937 7469 7488 D BluetoothManagerService: MESSAGE_BLUETOOTH_SERVICE_CONNECTED: 1
05-04 09:37:06.937 7469 7469 D ConditionProviders.SCP: evaluateSubscriptionLocked cal=ScheduleCalendar[mDays={1, 2, 3, 4, 5, 6, 7}, mSchedule=ScheduleInfo{days=[1, 2, 3, 4, 5, 6, 7], startHour=22, startMinute=0, endHour=7, endMinute=0, exitAtAlarm=true, nextAlarm=Thu Jan 01 08:00:00 GMT+08:00 1970 (0)}], now=Thu May 04 09:37:06 GMT+08:00 2023 (1683164226936), nextUserAlarmTime=Thu Jan 01 08:00:00 GMT+08:00 1970 (0)
05-04 09:37:06.937 7469 7469 D ConditionProviders.SCP: notifyCondition condition://android/schedule?days=1.2.3.4.5.6.7&start=22.0&end=7.0&exitAtAlarm=true STATE_FALSE reason=!meetsSchedule
05-04 09:37:06.939 7469 7469 D ConditionProviders.SCP: Scheduling evaluate for Thu May 04 22:00:00 GMT+08:00 2023 (1683208800000), in +12h22m53s64ms, now=Thu May 04 09:37:06 GMT+08:00 2023 (1683164226936)
05-04 09:37:06.941 7469 7632 W ActivityThread: Failed to find provider info for com.android.calendar (user not unlocked)
05-04 09:37:06.942 7469 7632 W ActivityThread: Failed to find provider info for com.android.calendar (user not unlocked)
05-04 09:37:06.949 7469 7488 D BluetoothManagerService: MESSAGE_INFORM_ADAPTER_SERVICE_UP
05-04 09:37:06.949 7469 7488 D BluetoothManagerService: Broadcasting onBluetoothServiceUp() to 3 receivers.
05-04 09:37:06.953 7469 7488 D BluetoothManagerService: MESSAGE_BLUETOOTH_STATE_CHANGE: OFF > BLE_TURNING_ON
05-04 09:37:06.953 7469 7488 D BluetoothManagerService: Sending BLE State Change: OFF > BLE_TURNING_ON
05-04 09:37:06.969 7469 7567 D CompatibilityChangeReporter: Compat change id reported: 168419799; UID 1002; state: DISABLED
05-04 09:37:06.982 7469 7469 W BluetoothManagerService: bindBluetoothProfileService:Trying to bind to profile: 1, while Bluetooth is disabled
05-04 09:37:06.983 7469 8434 I Telecom : BluetoothRouteManager: getBluetoothAudioConnectedDevice: no service available.
05-04 09:37:06.985 7469 7469 I Telecom : SystemStateHelper: Registering broadcast receiver: android.content.IntentFilter@c1fee30: TS.init@AAA
05-04 09:37:06.985 7469 7469 I Telecom : SystemStateHelper: Registering broadcast receiver: android.content.IntentFilter@d4b3aa9: TS.init@AAA
05-04 09:37:06.995 7469 8442 I Telecom : Logging.Events: Non-call EVENT: AUDIO_ROUTE, Entering state QuiescentEarpieceRoute
05-04 09:37:06.995 7469 8442 I Telecom : BluetoothRouteManager: getBluetoothAudioConnectedDevice: no service available.
05-04 09:37:06.992 0 0 E bt_ioctl: BT_CMD_PWR_CTRL pwr_cntrl:0
05-04 09:37:06.992 0 0 E bt_ioctl: BT state already:0 no change done
05-04 09:37:06.992 0 0 E bt_ioctl: BT_CMD_PWR_CTRL pwr_cntrl:1
05-04 09:37:06.992 0 0 E bt_vreg_enable: vreg_en successful for : qca,bt-vdd-aon
05-04 09:37:06.992 0 0 E bt_vreg_enable: vreg_en successful for : qca,bt-vdd-dig
05-04 09:37:06.992 0 0 E bt_vreg_enable: vreg_en successful for : qca,bt-vdd-rfa1
05-04 09:37:06.992 0 0 E bt_vreg_enable: vreg_en successful for : qca,bt-vdd-rfa2
05-04 09:37:06.993 0 0 E bt_vreg_enable: vreg_en successful for : qca,bt-vdd-asd
05-04 09:37:06.998 7469 8443 I Telecom : CallAudioModeStateMachine: Message received: null.: TS.init->CAMSM.pM_1@AAA
05-04 09:37:07.000 7469 7469 I Telecom : MissedCallNotifierImpl: reloadFromDatabase: Boot not yet complete -- call log db may not be available. Deferring loading until boot complete for user 0: TS.init@AAA
05-04 09:37:07.002 7469 7469 D TelephonyRegistry: listen oscl: mHasNotifySubscriptionInfoChangedOccurred==false no callback
05-04 09:37:07.002 7469 7469 I Telecom : MissedCallNotifierImpl: reloadFromDatabase: Boot not yet complete -- call log db may not be available. Deferring loading until boot complete for user 0: TS.init@AAA
05-04 09:37:07.004 7469 7469 I Telecom : Class: TelecomSystem.INSTANCE being set
05-04 09:37:07.005 7469 7469 I ConnectivityModuleConnector: Networking module service connected
05-04 09:37:07.007 7469 7469 I ConnectivityModuleConnector: Networking module service connected
05-04 09:37:07.007 7469 7469 I notification_enqueue: [10079,7689,com.android.systemui,1,empty_media,0,Notification(channel=empty_media_style_id shortcut=null contentView=null vibrate=null sound=null defaults=0x0 flags=0x20 color=0x00000000 category=transport groupKey=empty_media actions=5 vis=PRIVATE),0]
05-04 09:37:07.010 7469 7469 I ExplicitHealthCheckController: Explicit health check service is connected ComponentInfo{android.ext.services/android.ext.services.watchdog.ExplicitHealthCheckServiceImpl}
05-04 09:37:07.010 7469 7469 I ExplicitHealthCheckController: Service initialized, syncing requests
05-04 09:37:07.010 7469 7469 I notification_cancel_all: [1000,7469,com.android.systemui,0,0,0,20,NULL]
05-04 09:37:07.011 7469 7469 I notification_enqueue: [1000,7469,android,32,NULL,-1,Notification(channel=USB shortcut=null contentView=null vibrate=null sound=null tick defaults=0x0 flags=0x2 color=0x00000000 vis=PUBLIC),0]
05-04 09:37:07.012 7469 7469 I AutofillManagerService: Updating for user 0: disabled=false
05-04 09:37:07.013 7469 7469 V NotificationAssistants: 0 notification assistant service connected: ComponentInfo{android.ext.services/android.ext.services.notification.Assistant}
05-04 09:37:07.014 7469 7469 D TelephonyRegistry: notifyCellLocationForSubscriber: subId=2147483647 cellIdentity=null
05-04 09:37:07.015 7469 7469 D CompanionDeviceManagerService: Received BT state transition broadcast: OFF -> BLE_TURNING_ON
05-04 09:37:07.015 7469 7469 I Telecom : WiredHeadsetManager: ACTION_HEADSET_PLUG event, plugged in: false, : WHC.oADA@AAE
05-04 09:37:07.017 7469 7469 W Looper : Drained
05-04 09:37:07.017 7469 7469 I sysui_multi_action: [757,1501,758,1,793,1660,794,0,795,1660,796,1,797,empty_media,806,com.android.systemui,857,empty_media_style_id,858,4,946,empty_media,947,0,1500,0,1641,transport,1745,1043716538]
05-04 09:37:07.017 7469 7469 I sysui_multi_action: [757,804,799,note_interruptive,801,0,802,1]
05-04 09:37:07.017 7469 7469 I GameModeConfig: isGameModeOn = false
05-04 09:37:07.019 7469 7469 W NotificationHistory: Attempted to add notif for locked/gone/disabled user 0
05-04 09:37:07.019 7469 7469 I PackageWatchdog: Syncing health check requests for packages: {}
05-04 09:37:07.019 7469 7469 D ExplicitHealthCheckController: Getting health check supported packages
05-04 09:37:07.019 7469 7469 I sysui_multi_action: [757,1501,758,1,793,999,794,0,795,999,796,32,806,android,857,USB,858,1,947,0,1500,0]
05-04 09:37:07.020 7469 7469 I sysui_multi_action: [757,804,799,note_interruptive,801,0,802,1]
05-04 09:37:07.020 7469 7469 I GameModeConfig: isGameModeOn = false
05-04 09:37:07.020 7469 7469 W NotificationHistory: Attempted to add notif for locked/gone/disabled user 0
05-04 09:37:07.021 7469 8302 I ExplicitHealthCheckController: Explicit health check supported packages [PackageConfig{com.android.networkstack, 86400000}]
05-04 09:37:07.021 7469 8302 D PackageWatchdog: Received supported packages [PackageConfig{com.android.networkstack, 86400000}]
05-04 09:37:07.021 7469 8302 D ExplicitHealthCheckController: Getting health check requested packages
05-04 09:37:07.022 7469 8302 I ExplicitHealthCheckController: Explicit health check requested packages []
05-04 09:37:07.022 7469 8302 I ExplicitHealthCheckController: No more health check requests, unbinding...
05-04 09:37:07.024 7469 8302 I ExplicitHealthCheckController: Explicit health check service is unbound
05-04 09:37:07.038 0 0 D qbt : qbt_open: entry minor_no=0 fd_available=1
05-04 09:37:07.038 0 0 D qbt : qbt_open: exit : 0 fd_available=0
05-04 09:37:07.038 0 0 D qbt : qbt_open: entry minor_no=1 fd_available=0
05-04 09:37:07.038 0 0 D qbt : qbt_open: exit : 0 fd_available=0
05-04 09:37:07.038 0 0 D qbt : qbt_ioctl: cmd received 107
05-04 09:37:07.038 0 0 D qbt : qbt_ioctl: Acquiring wakelock
05-04 09:37:07.033 7469 7489 I wm_boot_animation_done: 119045
05-04 09:37:07.033 7469 7489 I ActivityManagerTiming: FinishBooting
05-04 09:37:07.036 7469 8414 D Fingerprint21: Daemon was null, reconnecting, current operation: null
05-04 09:37:07.037 7469 8414 D Fingerprint21: Fingerprint HAL ready, HAL ID: 5326416
05-04 09:37:07.038 7469 7469 D BiometricScheduler/Fingerprint21: [Added] {[0] FingerprintUpdateActiveUserClient, proto=1, owner=android, cookie=0, requestId=-1, userId=0}, new queue size: 1
05-04 09:37:07.038 7469 7469 D BiometricScheduler/Fingerprint21: [Polled] {[0] FingerprintUpdateActiveUserClient, proto=1, owner=android, cookie=0, requestId=-1, userId=0}, State: 0
05-04 09:37:07.038 7469 7469 D BiometricScheduler/Fingerprint21: [Starting] {[0] FingerprintUpdateActiveUserClient, proto=1, owner=android, cookie=0, requestId=-1, userId=0}, State: 0
05-04 09:37:07.038 7469 7469 D BiometricScheduler/Fingerprint21: [Started] {[0] FingerprintUpdateActiveUserClient, proto=1, owner=android, cookie=0, requestId=-1, userId=0}
05-04 09:37:07.039 7469 7489 I ActivityManager: About to commit checkpoint
05-04 09:37:07.039 7469 7489 W ActivityManager: FinishBooting sync begin
05-04 09:37:07.045 7469 7489 W ActivityManager: FinishBooting sync end
05-04 09:37:07.045 7469 7489 I SystemServiceManager: Starting phase 1000
05-04 09:37:07.045 7469 7489 I ActivityManagerTiming: OnBootPhase_1000
05-04 09:37:07.045 7469 7489 I ActivityManagerTiming: OnBootPhase_1000_com.android.server.security.FileIntegrityService
05-04 09:37:07.045 7469 7489 I ActivityManagerTiming: OnBootPhase_1000_com.android.server.pm.Installer
05-04 09:37:07.045 7469 7489 I ActivityManagerTiming: OnBootPhase_1000_com.android.server.os.DeviceIdentifiersPolicyService
05-04 09:37:07.045 7469 7489 I ActivityManagerTiming: OnBootPhase_1000_com.android.server.uri.UriGrantsManagerService$Lifecycle
05-04 09:37:07.045 7469 7489 I ActivityManagerTiming: OnBootPhase_1000_com.android.server.powerstats.PowerStatsService
05-04 09:37:07.045 7469 7489 E PowerStatsService: Failed to start PowerStatsService loggers
05-04 09:37:07.045 7469 7489 I ActivityManagerTiming: OnBootPhase_1000_com.android.server.wm.ActivityTaskManagerService$Lifecycle
05-04 09:37:07.045 7469 7489 I ActivityManagerTiming: OnBootPhase_1000_com.android.server.am.ActivityManagerService$Lifecycle
05-04 09:37:07.045 7469 7489 I ActivityManagerTiming: OnBootPhase_1000_com.android.server.pm.DataLoaderManagerService
05-04 09:37:07.045 7469 7489 I ActivityManagerTiming: OnBootPhase_1000_com.android.server.power.PowerManagerService
05-04 09:37:07.045 7469 7489 I ActivityManagerTiming: OnBootPhase_1000_com.android.server.power.ThermalManagerService
05-04 09:37:07.045 7469 7489 I ActivityManagerTiming: OnBootPhase_1000_com.android.server.power.hint.HintManagerService
05-04 09:37:07.045 7469 7489 I ActivityManagerTiming: OnBootPhase_1000_com.android.server.recoverysystem.RecoverySystemService$Lifecycle
05-04 09:37:07.045 7469 7489 I ActivityManagerTiming: OnBootPhase_1000_com.android.server.lights.LightsService
05-04 09:37:07.045 7469 7489 I ActivityManagerTiming: OnBootPhase_1000_com.android.server.display.DisplayManagerService
05-04 09:37:07.046 7469 7511 V DisplayPowerController[0]: Brightness [1.0] reason changing to: 'manual', previous reason: 'override'.
05-04 09:37:07.046 7469 7489 I ActivityManagerTiming: OnBootPhase_1000_com.android.server.pm.verify.domain.DomainVerificationService
05-04 09:37:07.046 7469 7489 I ActivityManagerTiming: OnBootPhase_1000_com.android.server.pm.PackageInstallerService$Lifecycle
05-04 09:37:07.046 7469 7489 I ActivityManagerTiming: OnBootPhase_1000_com.android.server.pm.UserManagerService$LifeCycle
05-04 09:37:07.046 7469 7489 I ActivityManagerTiming: OnBootPhase_1000_com.android.server.om.OverlayManagerService
05-04 09:37:07.046 7469 7489 I ActivityManagerTiming: OnBootPhase_1000_com.android.server.SensorPrivacyService
05-04 09:37:07.046 7469 7489 I ActivityManagerTiming: OnBootPhase_1000_com.android.server.thunderperf.ThunderBoostPerfService
05-04 09:37:07.046 7469 7489 I ActivityManagerTiming: OnBootPhase_1000_com.android.server.sensors.SensorService
05-04 09:37:07.046 7469 7489 I ActivityManagerTiming: OnBootPhase_1000_com.android.server.SystemConfigService
05-04 09:37:07.046 7469 7489 I ActivityManagerTiming: OnBootPhase_1000_com.android.server.BatteryService
05-04 09:37:07.046 7469 7489 I ActivityManagerTiming: OnBootPhase_1000_com.android.server.usage.UsageStatsService
05-04 09:37:07.046 7469 7489 I ActivityManagerTiming: OnBootPhase_1000_com.android.server.webkit.WebViewUpdateService
05-04 09:37:07.046 7469 7489 I ActivityManagerTiming: OnBootPhase_1000_com.android.server.CachedDeviceStateService
05-04 09:37:07.046 7469 7489 I ActivityManagerTiming: OnBootPhase_1000_com.android.server.BinderCallsStatsService$LifeCycle
05-04 09:37:07.046 7469 7489 I ActivityManagerTiming: OnBootPhase_1000_com.android.server.LooperStatsService$Lifecycle
05-04 09:37:07.046 7469 7489 I ActivityManagerTiming: OnBootPhase_1000_com.android.server.rollback.RollbackManagerService
05-04 09:37:07.047 7469 7577 D AppStandbyController: Loading headless system app cache. appIdleEnabled=false
05-04 09:37:07.048 0 0 I bt_configure_gpios: BTON:Turn Bt Off bt-reset-gpio(1121) value(0)
05-04 09:37:07.048 0 0 I bt_configure_gpios: BTON:Turn Bt Off
05-04 09:37:07.048 0 0 I bt_configure_gpios: bt-sw-ctrl-gpio(1224) value(1)
05-04 09:37:07.048 0 0 I bt_enable_bt_reset_gpios_safely: bt_enable_bt_reset_gpios_safely: BTON:Turn Bt On
05-04 09:37:07.048 0 0 I bt_enable_bt_reset_gpios_safely: bt_enable_bt_reset_gpios_safely: wl-reset-gpio(1120) value(1)
05-04 09:37:07.048 0 0 I bt_enable_bt_reset_gpios_safely: bt_enable_bt_reset_gpios_safely: BTON: Asserting BT_EN
05-04 09:37:07.052 0 0 W QSEECOM : qseecom_load_app: App (fingerpr) does'nt exist, loading apps for first time
05-04 09:37:07.064 7469 7489 I ActivityManagerTiming: OnBootPhase_1000_com.android.server.os.NativeTombstoneManagerService
05-04 09:37:07.064 7469 7489 I ActivityManagerTiming: OnBootPhase_1000_com.android.server.os.BugreportManagerService
05-04 09:37:07.064 7469 7489 I ActivityManagerTiming: OnBootPhase_1000_com.android.server.gpu.GpuService
05-04 09:37:07.067 7469 7582 D RollbackManager: mRollbackLifetimeDurationInMillis=1209600000
05-04 09:37:07.067 7469 7489 I ActivityManagerTiming: OnBootPhase_1000_com.android.server.security.KeyChainSystemService
05-04 09:37:07.067 7469 7489 I ActivityManagerTiming: OnBootPhase_1000_com.android.server.telecom.TelecomLoaderService
05-04 09:37:07.067 7469 7489 I ActivityManagerTiming: OnBootPhase_1000_com.android.server.accounts.AccountManagerService$Lifecycle
05-04 09:37:07.067 7469 7489 I ActivityManagerTiming: OnBootPhase_1000_com.android.server.content.ContentService$Lifecycle
05-04 09:37:07.067 7469 7489 I ActivityManagerTiming: OnBootPhase_1000_com.android.server.DropBoxManagerService
05-04 09:37:07.067 7469 7489 I ActivityManagerTiming: OnBootPhase_1000_com.android.role.RoleService
05-04 09:37:07.067 7469 7489 I ActivityManagerTiming: OnBootPhase_1000_com.android.server.vibrator.VibratorManagerService$Lifecycle
05-04 09:37:07.067 7469 7489 I ActivityManagerTiming: OnBootPhase_1000_com.android.server.alarm.AlarmManagerService
05-04 09:37:07.067 7469 7489 I ActivityManagerTiming: OnBootPhase_1000_com.android.server.devicestate.DeviceStateManagerService
05-04 09:37:07.067 7469 7489 I ActivityManagerTiming: OnBootPhase_1000_com.android.server.camera.CameraServiceProxy
05-04 09:37:07.068 7469 7489 I ActivityManagerTiming: OnBootPhase_1000_com.android.server.BluetoothService
05-04 09:37:07.068 7469 7489 I ActivityManagerTiming: OnBootPhase_1000_com.android.server.connectivity.IpConnectivityMetrics
05-04 09:37:07.068 7469 7489 I ActivityManagerTiming: OnBootPhase_1000_com.android.server.net.watchlist.NetworkWatchlistService$Lifecycle
05-04 09:37:07.068 7469 7489 I ActivityManagerTiming: OnBootPhase_1000_com.android.server.PinnerService
05-04 09:37:07.068 7469 7489 I ActivityManagerTiming: OnBootPhase_1000_com.google.android.startop.iorap.IorapForwardingService
05-04 09:37:07.068 7469 7489 I ActivityManagerTiming: OnBootPhase_1000_com.android.server.ActivityTriggerService
05-04 09:37:07.068 7469 7489 I ActivityManagerTiming: OnBootPhase_1000_com.android.server.integrity.AppIntegrityManagerService
05-04 09:37:07.068 7469 7489 I ActivityManagerTiming: OnBootPhase_1000_com.android.server.inputmethod.InputMethodManagerService$Lifecycle
05-04 09:37:07.068 7469 7489 I ActivityManagerTiming: OnBootPhase_1000_com.android.server.accessibility.AccessibilityManagerService$Lifecycle
05-04 09:37:07.068 7469 7489 I ActivityManagerTiming: OnBootPhase_1000_com.android.server.StorageManagerService$Lifecycle
05-04 09:37:07.068 7469 7489 I ActivityManagerTiming: OnBootPhase_1000_com.android.server.usage.StorageStatsService$Lifecycle
05-04 09:37:07.068 7469 7489 I ActivityManagerTiming: OnBootPhase_1000_com.android.server.UiModeManagerService
05-04 09:37:07.068 7469 7489 I ActivityManagerTiming: OnBootPhase_1000_com.android.server.locksettings.LockSettingsService$Lifecycle
05-04 09:37:07.068 7469 7489 I ActivityManagerTiming: OnBootPhase_1000_com.android.server.PersistentDataBlockService
05-04 09:37:07.068 7469 7489 I ActivityManagerTiming: OnBootPhase_1000_com.android.server.testharness.TestHarnessModeService
05-04 09:37:07.068 7469 7489 D TestHarnessModeService: Completing Test Harness Mode setup.
05-04 09:37:07.068 7469 7608 D StorageManagerService: Thinking about init, mBootCompleted=true, mDaemonConnected=true
05-04 09:37:07.068 7469 7608 D StorageManagerService: Thinking about reset, mBootCompleted=true, mDaemonConnected=true
05-04 09:37:07.068 7469 7608 I StorageSessionController: Started resetting external storage service...
05-04 09:37:07.068 7469 7608 I StorageSessionController: Finished resetting external storage service
05-04 09:37:07.068 7469 7608 I StorageManagerService: Resetting vold...
05-04 09:37:07.069 549 642 I vold : Killing all processes referencing /storage/emulated/0
05-04 09:37:07.077 0 0 I [wpa_su][0x9e01aeff][09:37:07.077433] wlan: [1925:I:HDD] wlan0(vdevid-0): Received Disconnect reason:3 WLAN_REASON_DEAUTH_LEAVING
05-04 09:37:07.078 0 0 I [schedu][0x9e021007][09:37:07.078727] wlan: [1858:I:PE] Deauth TX: vdev 0 seq_num 2060 reason 3 waitForAck 1 to f8:af:05:82:ca:5c from 3a:29:3c:5e:14:d2
05-04 09:37:07.104 0 0 I bt_configure_gpios: BTON:Turn Bt On bt-reset-gpio(1121) value(1)
05-04 09:37:07.104 0 0 I bt_configure_gpios: BTON:Turn Bt On
05-04 09:37:07.104 0 0 I bt_configure_gpios: bt-sw-ctrl-gpio(1224) value(1)
05-04 09:37:07.104 0 0 I bt_configure_gpios: bt_gpio= 1121 on: 1 is successful
05-04 09:37:07.119 7469 7489 W SystemServiceManager: Service com.android.server.testharness.TestHarnessModeService took 51 ms in onBootPhase
05-04 09:37:07.119 7469 7489 I ActivityManagerTiming: OnBootPhase_1000_com.android.server.oemlock.OemLockService
05-04 09:37:07.119 7469 7489 I ActivityManagerTiming: OnBootPhase_1000_com.android.server.DeviceIdleController
05-04 09:37:07.119 7469 7489 I ActivityManagerTiming: OnBootPhase_1000_com.android.server.devicepolicy.DevicePolicyManagerService$Lifecycle
05-04 09:37:07.119 7469 7489 I ActivityManagerTiming: OnBootPhase_1000_com.android.server.texttospeech.TextToSpeechManagerService
05-04 09:37:07.119 7469 7489 I ActivityManagerTiming: OnBootPhase_1000_com.android.server.speech.SpeechRecognitionManagerService
05-04 09:37:07.119 7469 7489 I ActivityManagerTiming: OnBootPhase_1000_com.android.server.searchui.SearchUiManagerService
05-04 09:37:07.119 7469 7489 I ActivityManagerTiming: OnBootPhase_1000_com.android.server.smartspace.SmartspaceManagerService
05-04 09:37:07.119 7469 7489 I ActivityManagerTiming: OnBootPhase_1000_com.android.server.graphics.fonts.FontManagerService$Lifecycle
05-04 09:37:07.119 7469 7489 I ActivityManagerTiming: OnBootPhase_1000_com.android.server.textservices.TextServicesManagerService$Lifecycle
05-04 09:37:07.119 7469 7489 I ActivityManagerTiming: OnBootPhase_1000_com.android.server.textclassifier.TextClassificationManagerService$Lifecycle
05-04 09:37:07.119 7469 7489 I ActivityManagerTiming: OnBootPhase_1000_com.android.server.NetworkScoreService$Lifecycle
05-04 09:37:07.119 7469 7489 I ActivityManagerTiming: OnBootPhase_1000_com.android.server.wifi.WifiService
05-04 09:37:07.119 7469 7489 I ActivityManagerTiming: OnBootPhase_1000_com.android.server.wifi.scanner.WifiScanningService
05-04 09:37:07.119 7469 7489 I ActivityManagerTiming: OnBootPhase_1000_com.android.server.wifi.rtt.RttService
05-04 09:37:07.120 7469 7489 I ActivityManagerTiming: OnBootPhase_1000_com.android.server.wifi.aware.WifiAwareService
05-04 09:37:07.120 7469 7489 I ActivityManagerTiming: OnBootPhase_1000_com.android.server.wifi.p2p.WifiP2pService
05-04 09:37:07.120 7469 7489 I ActivityManagerTiming: OnBootPhase_1000_com.android.server.ethernet.EthernetService
05-04 09:37:07.120 7469 7489 I ActivityManagerTiming: OnBootPhase_1000_com.android.server.ConnectivityServiceInitializer
05-04 09:37:07.120 7469 7489 I ActivityManagerTiming: OnBootPhase_1000_com.android.server.notification.NotificationManagerService
05-04 09:37:07.120 7469 7489 I ActivityManagerTiming: OnBootPhase_1000_com.android.server.storage.DeviceStorageMonitorService
05-04 09:37:07.120 7469 7489 I ActivityManagerTiming: OnBootPhase_1000_com.android.server.location.LocationManagerService$Lifecycle
05-04 09:37:07.120 7469 7489 I ActivityManagerTiming: OnBootPhase_1000_com.android.server.timedetector.TimeDetectorService$Lifecycle
05-04 09:37:07.120 7469 7489 I ActivityManagerTiming: OnBootPhase_1000_com.android.server.timezonedetector.TimeZoneDetectorService$Lifecycle
05-04 09:37:07.120 7469 7489 I ActivityManagerTiming: OnBootPhase_1000_com.android.server.timezonedetector.location.LocationTimeZoneManagerService$Lifecycle
05-04 09:37:07.120 7469 7489 I ActivityManagerTiming: OnBootPhase_1000_com.android.server.search.SearchManagerService$Lifecycle
05-04 09:37:07.120 7469 7489 I ActivityManagerTiming: OnBootPhase_1000_com.android.server.wallpaper.WallpaperManagerService$Lifecycle
05-04 09:37:07.120 7469 7489 I ActivityManagerTiming: OnBootPhase_1000_com.android.server.audio.AudioService$Lifecycle
05-04 09:37:07.120 7469 7489 I ActivityManagerTiming: OnBootPhase_1000_com.android.server.soundtrigger_middleware.SoundTriggerMiddlewareService$Lifecycle
05-04 09:37:07.120 7469 7489 I ActivityManagerTiming: OnBootPhase_1000_com.android.server.DockObserver
05-04 09:37:07.120 7469 7489 I ActivityManagerTiming: OnBootPhase_1000_com.android.server.midi.MidiService$Lifecycle
05-04 09:37:07.120 7469 7489 I ActivityManagerTiming: OnBootPhase_1000_com.android.server.adb.AdbService$Lifecycle
05-04 09:37:07.120 7469 7489 I ActivityManagerTiming: OnBootPhase_1000_com.android.server.usb.UsbService$Lifecycle
05-04 09:37:07.120 7469 7489 I ActivityManagerTiming: OnBootPhase_1000_com.android.server.twilight.TwilightService
05-04 09:37:07.120 7469 7486 I UsbDeviceManager: Setting USB config to mtp,adb
05-04 09:37:07.121 7469 7489 I ActivityManagerTiming: OnBootPhase_1000_com.android.server.display.color.ColorDisplayService
05-04 09:37:07.121 7469 7489 I ActivityManagerTiming: OnBootPhase_1000_com.android.server.job.JobSchedulerService
05-04 09:37:07.121 7469 7489 I ActivityManagerTiming: OnBootPhase_1000_com.android.server.soundtrigger.SoundTriggerService
05-04 09:37:07.121 7469 7489 D SoundTriggerService: onBootPhase: 1000 : false
05-04 09:37:07.122 7469 7489 I ActivityManagerTiming: OnBootPhase_1000_com.android.server.trust.TrustManagerService
05-04 09:37:07.122 7469 7489 I ActivityManagerTiming: OnBootPhase_1000_com.android.server.backup.BackupManagerService$Lifecycle
05-04 09:37:07.122 7469 7489 I ActivityManagerTiming: OnBootPhase_1000_com.android.server.appwidget.AppWidgetService
05-04 09:37:07.122 7469 7489 I ActivityManagerTiming: OnBootPhase_1000_com.android.server.voiceinteraction.VoiceInteractionManagerService
05-04 09:37:07.122 7469 7489 I ActivityManagerTiming: OnBootPhase_1000_com.android.server.apphibernation.AppHibernationService
05-04 09:37:07.122 7469 7489 I ActivityManagerTiming: OnBootPhase_1000_com.android.server.SensorNotificationService
05-04 09:37:07.126 7469 7489 D CompatibilityChangeReporter: Compat change id reported: 168936375; UID 1000; state: ENABLED
05-04 09:37:07.126 7469 7489 D CompatibilityChangeReporter: Compat change id reported: 168936375; UID 1000; state: DISABLED
05-04 09:37:07.127 7469 7489 D CompatibilityChangeReporter: Compat change id reported: 73144566; UID 1000; state: ENABLED
05-04 09:37:07.122 0 0 I init : processing action (sys.usb.config=none && sys.usb.configfs=1) from (/vendor/etc/init/hw/init.qcom.usb.rc:142)
05-04 09:37:07.124 0 0 I init : Command 'rm /config/usb_gadget/g1/configs/b.1/f3' action=sys.usb.config=none && sys.usb.configfs=1 (/vendor/etc/init/hw/init.qcom.usb.rc:145) took 0ms and failed: unlink() failed: No such file or directory
05-04 09:37:07.125 0 0 I init : Command 'rm /config/usb_gadget/g1/configs/b.1/f4' action=sys.usb.config=none && sys.usb.configfs=1 (/vendor/etc/init/hw/init.qcom.usb.rc:146) took 0ms and failed: unlink() failed: No such file or directory
05-04 09:37:07.125 0 0 I init : Command 'rm /config/usb_gadget/g1/configs/b.1/f5' action=sys.usb.config=none && sys.usb.configfs=1 (/vendor/etc/init/hw/init.qcom.usb.rc:147) took 0ms and failed: unlink() failed: No such file or directory
05-04 09:37:07.125 0 0 I init : Command 'rm /config/usb_gadget/g1/configs/b.1/f6' action=sys.usb.config=none && sys.usb.configfs=1 (/vendor/etc/init/hw/init.qcom.usb.rc:148) took 0ms and failed: unlink() failed: No such file or directory
05-04 09:37:07.125 0 0 I init : Command 'rm /config/usb_gadget/g1/configs/b.1/f7' action=sys.usb.config=none && sys.usb.configfs=1 (/vendor/etc/init/hw/init.qcom.usb.rc:149) took 0ms and failed: unlink() failed: No such file or directory
05-04 09:37:07.125 0 0 I init : Command 'rm /config/usb_gadget/g1/configs/b.1/f8' action=sys.usb.config=none && sys.usb.configfs=1 (/vendor/etc/init/hw/init.qcom.usb.rc:150) took 0ms and failed: unlink() failed: No such file or directory
05-04 09:37:07.125 0 0 I init : Command 'rm /config/usb_gadget/g1/configs/b.1/f9' action=sys.usb.config=none && sys.usb.configfs=1 (/vendor/etc/init/hw/init.qcom.usb.rc:151) took 0ms and failed: unlink() failed: No such file or directory
05-04 09:37:07.125 0 0 E bt_ioctl: unified Current SOC Version : 400a0200
05-04 09:37:07.126 0 0 I init : processing action (sys.usb.config=none && sys.usb.configfs=1) from (/system/etc/init/hw/init.usb.configfs.rc:1)
05-04 09:37:07.126 0 0 I [schedu][0x9e1023f0][09:37:07.126779] wlan: [1858:I:HDD] wlan0(vdevid-0): disconnected
05-04 09:37:07.126 0 0 I [schedu][0x9e102557][09:37:07.126798] wlan: [1858:I:DP] dp_tx_flow_pool_unmap_handler: flow_id 0 flow_type 0 flow_pool_id 0
05-04 09:37:07.127 0 0 I init : Command 'write /config/usb_gadget/g1/UDC none' action=sys.usb.config=none && sys.usb.configfs=1 (/system/etc/init/hw/init.usb.configfs.rc:2) took 1ms and failed: Unable to write to file '/config/usb_gadget/g1/UDC': Unable to write file contents: No such device
05-04 09:37:07.129 0 0 I [wpa_su][0x9e10c9a3][09:37:07.128988] wlan: [1925:I:HDD] Disconnect reason: 3 WLAN_REASON_DEAUTH_LEAVING vendor: 0 LG: 1
05-04 09:37:07.127 7469 7489 D CompatibilityChangeReporter: Compat change id reported: 73144566; UID 1000; state: DISABLED
05-04 09:37:07.128 7469 7489 I ActivityManagerTiming: OnBootPhase_1000_com.android.server.emergency.EmergencyAffordanceService
05-04 09:37:07.128 7469 7489 I ActivityManagerTiming: OnBootPhase_1000_com.android.server.blob.BlobStoreManagerService
05-04 09:37:07.128 7469 8463 I HibernationStateDiskStore: No hibernation file on disk for file /data/system/hibernation/states
05-04 09:37:07.128 7469 7489 I ActivityManagerTiming: OnBootPhase_1000_com.android.server.dreams.DreamManagerService
05-04 09:37:07.128 7469 7489 I ActivityManagerTiming: OnBootPhase_1000_com.android.server.companion.CompanionDeviceManagerService
05-04 09:37:07.128 7469 7489 I ActivityManagerTiming: OnBootPhase_1000_com.android.server.restrictions.RestrictionsManagerService
05-04 09:37:07.128 7469 7489 I ActivityManagerTiming: OnBootPhase_1000_com.android.server.media.MediaSessionService
05-04 09:37:07.129 7469 7489 I ActivityManagerTiming: OnBootPhase_1000_com.android.server.media.MediaResourceMonitorService
05-04 09:37:07.129 7469 7489 I ActivityManagerTiming: OnBootPhase_1000_com.android.server.biometrics.sensors.fingerprint.FingerprintService
05-04 09:37:07.129 7469 7489 I ActivityManagerTiming: OnBootPhase_1000_com.android.server.biometrics.BiometricService
05-04 09:37:07.129 7469 7489 I ActivityManagerTiming: OnBootPhase_1000_com.android.server.biometrics.AuthService
05-04 09:37:07.129 7469 7489 I ActivityManagerTiming: OnBootPhase_1000_com.android.server.pm.ShortcutService$Lifecycle
05-04 09:37:07.129 7469 7489 I ActivityManagerTiming: OnBootPhase_1000_com.android.server.pm.LauncherAppsService
05-04 09:37:07.129 7469 7489 I ActivityManagerTiming: OnBootPhase_1000_com.android.server.pm.CrossProfileAppsService
05-04 09:37:07.129 7469 7489 I ActivityManagerTiming: OnBootPhase_1000_com.android.server.people.PeopleService
05-04 09:37:07.129 7469 7489 I ActivityManagerTiming: OnBootPhase_1000_com.android.server.media.metrics.MediaMetricsManagerService
05-04 09:37:07.129 7469 7489 I ActivityManagerTiming: OnBootPhase_1000_com.android.server.media.projection.MediaProjectionManagerService
05-04 09:37:07.129 7469 7489 I ActivityManagerTiming: OnBootPhase_1000_com.android.server.slice.SliceManagerService$Lifecycle
05-04 09:37:07.129 7469 7489 I ActivityManagerTiming: OnBootPhase_1000_com.android.server.stats.StatsCompanion$Lifecycle
05-04 09:37:07.129 7469 7489 I ActivityManagerTiming: OnBootPhase_1000_com.android.server.scheduling.RebootReadinessManagerService$Lifecycle
05-04 09:37:07.129 7469 7489 I ActivityManagerTiming: OnBootPhase_1000_com.android.server.stats.pull.StatsPullAtomService
05-04 09:37:07.129 7469 7489 I ActivityManagerTiming: OnBootPhase_1000_com.android.server.incident.IncidentCompanionService
05-04 09:37:07.129 7469 7489 I ActivityManagerTiming: OnBootPhase_1000_com.android.server.MmsServiceBroker
05-04 09:37:07.129 7469 7489 I ActivityManagerTiming: OnBootPhase_1000_com.android.server.autofill.AutofillManagerService
05-04 09:37:07.129 7469 7489 I ActivityManagerTiming: OnBootPhase_1000_com.android.server.clipboard.ClipboardService
05-04 09:37:07.130 7469 7489 I ActivityManagerTiming: OnBootPhase_1000_com.android.server.appbinding.AppBindingService$Lifecycle
05-04 09:37:07.130 7469 7489 I ActivityManagerTiming: OnBootPhase_1000_com.android.server.tracing.TracingServiceProxy
05-04 09:37:07.130 7469 7489 I ActivityManagerTiming: OnBootPhase_1000_com.android.server.policy.PermissionPolicyService
05-04 09:37:07.130 7469 7489 I ActivityManagerTiming: OnBootPhase_1000_com.android.server.pm.StagingManager$Lifecycle
05-04 09:37:07.130 7469 7489 I ActivityManagerTiming: OnBootPhase_1000_com.android.server.app.GameManagerService$Lifecycle
05-04 09:37:07.130 7469 7489 D GameManagerService: onBootCompleted
05-04 09:37:07.130 7469 7489 I ActivityManagerTiming: OnBootPhase_1000_com.android.server.appsearch.AppSearchManagerService
05-04 09:37:07.134 7469 7489 I ActivityManagerTiming: OnBootPhase_1000_com.android.server.media.MediaCommunicationService
05-04 09:37:07.134 7469 7489 D ActivityManagerTiming: TotalBootTime took to complete: 4400ms
05-04 09:37:07.134 7469 7489 D SystemServerInitThreadPool: Shutdown requested
05-04 09:37:07.135 7469 7489 I SystemServerTiming: WaitInitThreadPoolShutdown
05-04 09:37:07.130 0 0 I [wifi@1][0x9e114642][09:37:07.130650] wlan: [836:I:DP] dp_vdev_attach_wifi3: wlan_cfg_ap_bridge_enabled 1
05-04 09:37:07.130 0 0 E [wifi@1][0x9e114fd5][09:37:07.130778] wlan: [836:E:PMO] pmo_register_wow_wakeup_events: 88: Skipping wake event configuration for vdev_opmode 16
05-04 09:37:07.130 0 0 E [wifi@1][0x9e115492][09:37:07.130841] wlan: [836:E:SME] sme_get_nss_chain_shift: 4045: Device mode 16 invalid
05-04 09:37:07.130 0 0 E [wifi@1][0x9e1154ea][09:37:07.130845] wlan: [836:E:SME] sme_get_nss_chain_shift: 4045: Device mode 16 invalid
05-04 09:37:07.131 0 0 I IPv6 : ADDRCONF(NETDEV_UP): wifi-aware0: link is not ready
05-04 09:37:07.136 7469 7489 D SystemServerInitThreadPool: Shutdown successful
05-04 09:37:07.136 7469 7489 I uc_finish_user_boot: 0
05-04 09:37:07.136 7469 7489 I ActivityManager: User 0 state changed from BOOTING to RUNNING_LOCKED
05-04 09:37:07.136 7469 7489 I am_user_state_changed: [0,1]
05-04 09:37:07.136 7469 7489 W ActivityManager: UserLifecycleEvent 4 received without an active userJourneySession.
05-04 09:37:07.137 7469 7489 I uc_send_user_broadcast: [0,android.intent.action.LOCKED_BOOT_COMPLETED]
05-04 09:37:07.138 7469 7489 I uc_finish_user_unlocking: 0
05-04 09:37:07.138 7469 7489 W ActivityManager: UserLifecycleEvent 5 received without an active userJourneySession.
05-04 09:37:07.138 7469 7489 D ActivityManager: Started unlocking user 0
05-04 09:37:07.138 7469 7489 D ActivityManager: Unlocking user 0 progress 0
05-04 09:37:07.138 7469 7489 D ActivityManager: Unlocking user 0 progress 5
05-04 09:37:07.141 7469 7489 D ColorDisplayService: setUp: currentUser=0
05-04 09:37:07.145 7469 7484 I am_uid_running: 10070
05-04 09:37:07.146 7469 7484 D CompatibilityChangeReporter: Compat change id reported: 135634846; UID 10070; state: DISABLED
05-04 09:37:07.146 7469 7484 D CompatibilityChangeReporter: Compat change id reported: 177438394; UID 10070; state: DISABLED
05-04 09:37:07.146 7469 7484 D CompatibilityChangeReporter: Compat change id reported: 135772972; UID 10070; state: DISABLED
05-04 09:37:07.146 7469 7484 D CompatibilityChangeReporter: Compat change id reported: 135754954; UID 10070; state: ENABLED
05-04 09:37:07.146 7469 7497 D CompatibilityChangeReporter: Compat change id reported: 143937733; UID 10070; state: ENABLED
05-04 09:37:07.163 0 0 W QSEECOM : qseecom_load_app: App with id 10 (fingerpr) now loaded
05-04 09:37:07.165 7469 7489 D ColorDisplayService: onNightDisplayAutoModeChanged: autoMode=0
05-04 09:37:07.165 7469 7489 I ColorDisplayService: Turning on night display
05-04 09:37:07.165 7469 7489 D ColorDisplayService: Setting bright color reduction level: 50
05-04 09:37:07.165 7469 7511 V DisplayPowerController[0]: Brightness [1.0] manual adjustment.
05-04 09:37:07.174 7469 7497 I am_proc_start: [0,8467,10070,com.qualcomm.location,broadcast,{com.qualcomm.location/com.qualcomm.location.LocationServiceReceiver}]
05-04 09:37:07.174 7469 7497 I ActivityManager: Start proc 8467:com.qualcomm.location/u0a70 for broadcast {com.qualcomm.location/com.qualcomm.location.LocationServiceReceiver}
05-04 09:37:07.197 0 0 I binder : 8467:8467 ioctl 40046210 7fed10e184 returned -22
05-04 09:37:07.200 7469 7484 I am_proc_bound: [0,8467,com.qualcomm.location]
05-04 09:37:07.202 7469 7484 D CompatibilityChangeReporter: Compat change id reported: 168419799; UID 10070; state: DISABLED
05-04 09:37:07.206 7469 7484 I am_uid_active: 10070
05-04 09:37:07.256 0 0 I [schedu][0x9e364464][09:37:07.256918] wlan: [1858:I:HIF] Deinitializing Runtime PM wakelock &vdev->vdev_set_key_runtime_wakelock
05-04 09:37:07.257 0 0 I [schedu][0x9e367248][09:37:07.257531] wlan: [1858:I:HIF] Initializing Runtime PM wakelock &vdev->vdev_set_key_runtime_wakelock
05-04 09:37:07.259 0 0 I [wifi@1][0x9e370ec3][09:37:07.259617] wlan: [836:I:DP] dp_vdev_attach_wifi3: wlan_cfg_ap_bridge_enabled 0
05-04 09:37:07.259 836 836 D android.hardware.wifi@1.0-service: Successfully SetMacAddress.
05-04 09:37:07.264 0 0 W : Boot completed
05-04 09:37:07.272 0 0 E [wifi@1][0x9e3aec89][09:37:07.272814] wlan: [7683:E:wifipos] wifi_pos_process_app_reg_req: 608: Received App Req Req pid(432014148), len(16)
05-04 09:37:07.273 0 0 I [wifi@1][0x9e3b0cf5][09:37:07.273246] wlan: [7683:I:wifipos] wifi_pos_get_ch_info: 461: num channels: 26
05-04 09:37:07.273 0 0 I [wifi@1][0x9e3b23be][09:37:07.273550] wlan: [7683:I:wifipos] wifi_pos_get_ch_info: 461: num channels: 26
05-04 09:37:07.286 8489 8489 F libc : Fatal signal 6 (SIGABRT), code -1 (SI_QUEUE) in tid 8489 (init), pid 8489 (init)
05-04 09:37:07.293 549 642 I vold : Unmounting /mnt/installer/0/emulated/0/Android/obb
05-04 09:37:07.293 549 642 I vold : Unmounting /mnt/user/0/emulated/0/Android/data
05-04 09:37:07.294 549 642 I vold : Unmounted /mnt/user/0/emulated/0/Android/data
05-04 09:37:07.294 549 642 I vold : Unmounting /mnt/user/0/emulated/0/Android/obb
05-04 09:37:07.297 549 642 I vold : Unmounted /mnt/user/0/emulated/0/Android/obb
05-04 09:37:07.297 549 642 I vold : Unmounting fuse path /mnt/user/0/emulated
05-04 09:37:07.297 0 0 I init : qssi copy & sync /metadata/vold/metadata_encryption/key/encrypted_key to /persist/key/encrypted_key_bak: No such file or directory
05-04 09:37:07.302 0 0 I init : qssi copy & sync /metadata/vold/metadata_encryption/key/keymaster_key_blob to /persist/key/keymaster_key_blob_bak: No such file or directory
05-04 09:37:07.304 0 0 W QSEECOM : __qseecom_unload_app: App (10) is unloaded
05-04 09:37:07.304 0 0 D qbt : qbt_release: entry minor_no=0 fd_available=0
05-04 09:37:07.304 0 0 D qbt : qbt_release: Releasing wakelock
05-04 09:37:07.304 0 0 D qbt : qbt_release: exit : fd_available=1
05-04 09:37:07.304 0 0 D qbt : qbt_release: entry minor_no=1 fd_available=1
05-04 09:37:07.304 0 0 D qbt : qbt_release: exit : fd_available=1
05-04 09:37:07.299 549 642 I vold : Unmounting pass_through_path /mnt/pass_through/0/emulated
05-04 09:37:07.305 0 0 I binder : 8467:8496 ioctl 40046210 711160c934 returned -22
05-04 09:37:07.307 0 0 D qbt : qbt_open: entry minor_no=0 fd_available=1
05-04 09:37:07.307 0 0 D qbt : qbt_open: exit : 0 fd_available=0
05-04 09:37:07.307 0 0 D qbt : qbt_open: entry minor_no=1 fd_available=0
05-04 09:37:07.307 0 0 D qbt : qbt_open: exit : 0 fd_available=0
05-04 09:37:07.307 0 0 D qbt : qbt_ioctl: cmd received 107
05-04 09:37:07.307 0 0 D qbt : qbt_ioctl: Acquiring wakelock
05-04 09:37:07.308 0 0 I init : qssi copy & sync /metadata/vold/metadata_encryption/key/secdiscardable to /persist/key/secdiscardable_bak: No such file or directory
05-04 09:37:07.304 7469 7469 W Looper : Slow dispatch took 267ms main h=android.os.Handler c=com.android.server.biometrics.sensors.fingerprint.hidl.Fingerprint21$$ExternalSyntheticLambda2@4fde130 m=0
05-04 09:37:07.304 7469 7469 D BiometricScheduler/Fingerprint21: [Added] {[1] FingerprintUpdateActiveUserClient, proto=1, owner=android, cookie=0, requestId=-1, userId=0}, new queue size: 1
05-04 09:37:07.304 7469 7469 V BiometricScheduler/Fingerprint21: Not idle, current operation: {[0] FingerprintUpdateActiveUserClient, proto=1, owner=android, cookie=0, requestId=-1, userId=0}, State: 2
05-04 09:37:07.305 7469 7469 D BiometricScheduler/Fingerprint21: [Added] {[2] FingerprintInternalCleanupClient, proto=7, owner=android, cookie=0, requestId=-1, userId=0}, new queue size: 2
05-04 09:37:07.305 7469 7469 V BiometricScheduler/Fingerprint21: Not idle, current operation: {[0] FingerprintUpdateActiveUserClient, proto=1, owner=android, cookie=0, requestId=-1, userId=0}, State: 2
05-04 09:37:07.305 7469 7469 W Looper : Slow delivery took 266ms main h=android.os.Handler c=com.android.server.biometrics.sensors.fingerprint.hidl.Fingerprint21$$ExternalSyntheticLambda12@9d4532e m=0
05-04 09:37:07.310 0 0 I : read descriptors
05-04 09:37:07.305 7469 7608 I StorageManagerService: Reset vold
05-04 09:37:07.310 0 0 I : read strings
05-04 09:37:07.310 0 0 I init : qssi copy & sync /metadata/vold/metadata_encryption/key/stretching to /persist/key/stretching_bak: No such file or directory
05-04 09:37:07.313 0 0 W QSEECOM : qseecom_load_app: App (fingerpr) does'nt exist, loading apps for first time
05-04 09:37:07.313 0 0 I init : qssi copy & sync /metadata/vold/metadata_encryption/key/version to /persist/key/version_bak: No such file or directory
05-04 09:37:07.305 549 2902 I vold : onUserAdded: 0
05-04 09:37:07.306 7469 7469 D BiometricScheduler/Fingerprint21: [Finishing] {[0] FingerprintUpdateActiveUserClient, proto=1, owner=android, cookie=0, requestId=-1, userId=0}, success: true
05-04 09:37:07.306 7469 7469 D BiometricScheduler/Fingerprint21: [Polled] {[1] FingerprintUpdateActiveUserClient, proto=1, owner=android, cookie=0, requestId=-1, userId=0}, State: 0
05-04 09:37:07.306 7469 7469 D BiometricScheduler/Fingerprint21: [Starting] {[1] FingerprintUpdateActiveUserClient, proto=1, owner=android, cookie=0, requestId=-1, userId=0}, State: 0
05-04 09:37:07.306 7469 7469 D BiometricScheduler/Fingerprint21: [Started] {[1] FingerprintUpdateActiveUserClient, proto=1, owner=android, cookie=0, requestId=-1, userId=0}
05-04 09:37:07.312 8180 8180 W ContextImpl: Calling a method in the system process without a qualified user: android.app.ContextImpl.startService:1816 android.content.ContextWrapper.startService:774 android.content.ContextWrapper.startService:774 com.qualcomm.qti.qdma.app.BootReceiver.onBootReceived:115 com.qualcomm.qti.innodme.InnoBootReceiver.onReceive:22
05-04 09:37:07.323 7469 7681 I am_uid_running: 10087
05-04 09:37:07.323 7469 7681 D CompatibilityChangeReporter: Compat change id reported: 135634846; UID 10087; state: DISABLED
05-04 09:37:07.323 7469 7681 D CompatibilityChangeReporter: Compat change id reported: 177438394; UID 10087; state: DISABLED
05-04 09:37:07.323 7469 7681 D CompatibilityChangeReporter: Compat change id reported: 135772972; UID 10087; state: DISABLED
05-04 09:37:07.324 7469 7681 D CompatibilityChangeReporter: Compat change id reported: 135754954; UID 10087; state: ENABLED
05-04 09:37:07.324 7469 7497 D CompatibilityChangeReporter: Compat change id reported: 143937733; UID 10087; state: ENABLED
05-04 09:37:07.328 7469 7681 D CompatibilityChangeReporter: Compat change id reported: 182478738; UID 1001; state: DISABLED
05-04 09:37:07.336 7469 7497 I am_proc_start: [0,8523,10087,com.qualcomm.qtil.aptxui,broadcast,{com.qualcomm.qtil.aptxui/com.qualcomm.qtil.aptxui.aptxuiBootReceiver}]
05-04 09:37:07.336 7469 7497 I ActivityManager: Start proc 8523:com.qualcomm.qtil.aptxui/u0a87 for broadcast {com.qualcomm.qtil.aptxui/com.qualcomm.qtil.aptxui.aptxuiBootReceiver}
05-04 09:37:07.361 7469 7484 D TelephonyRegistry: listen oscl: mHasNotifySubscriptionInfoChangedOccurred==false no callback
05-04 09:37:07.368 0 0 I binder : 8523:8523 ioctl 40046210 7fed10e184 returned -22
05-04 09:37:07.381 7469 7484 I am_proc_bound: [0,8523,com.qualcomm.qtil.aptxui]
05-04 09:37:07.382 7469 7484 D CompatibilityChangeReporter: Compat change id reported: 168419799; UID 10087; state: DISABLED
05-04 09:37:07.385 7469 7484 I am_uid_active: 10087
05-04 09:37:07.407 8512 8512 F DEBUG : *** *** *** *** *** *** *** *** *** *** *** *** *** *** *** ***
05-04 09:37:07.407 8512 8512 F DEBUG : Build fingerprint: 'HiPhi/PassengerDisplay_CN/PassengerDisplay:12/SKQ1.220201.001/3161:user/test-keys'
05-04 09:37:07.407 8512 8512 F DEBUG : Revision: '0'
05-04 09:37:07.407 8512 8512 F DEBUG : ABI: 'arm64'
05-04 09:37:07.407 8512 8512 F DEBUG : Timestamp: 2023-05-04 09:37:07.326340634+0800
05-04 09:37:07.407 8512 8512 F DEBUG : Process uptime: 0s
05-04 09:37:07.407 8512 8512 F DEBUG : Cmdline: /system/bin/init second_stage
05-04 09:37:07.407 8512 8512 F DEBUG : pid: 8489, tid: 8489, name: init >>> /system/bin/init <<<
05-04 09:37:07.407 8512 8512 F DEBUG : uid: 0
05-04 09:37:07.407 8512 8512 F DEBUG : signal 6 (SIGABRT), code -1 (SI_QUEUE), fault addr --------
05-04 09:37:07.407 8512 8512 F DEBUG : x0 0000000000000000 x1 0000000000002129 x2 0000000000000006 x3 0000007fdf70a910
05-04 09:37:07.407 8512 8512 F DEBUG : x4 000000000000000a x5 000000000000000a x6 000000000000000a x7 000000000000000a
05-04 09:37:07.407 8512 8512 F DEBUG : x8 00000000000000f0 x9 abaf9c09b7b85b78 x10 0000000000000000 x11 ffffff80ffffffdf
05-04 09:37:07.407 8512 8512 F DEBUG : x12 0000000000000001 x13 3a73747069726373 x14 0000000000000010 x15 0000000000000000
05-04 09:37:07.407 8512 8512 F DEBUG : x16 0000007fa9b10060 x17 0000007fa9aec560 x18 0000007fac5e2000 x19 0000000000002129
05-04 09:37:07.407 8512 8512 F DEBUG : x20 0000000000002129 x21 00000000ffffffff x22 0000007fac4a1000 x23 0000007fac4a1000
05-04 09:37:07.407 8512 8512 F DEBUG : x24 0000007fdf70abe0 x25 0000007fdf70abe0 x26 0000000000000000 x27 0000007fac4a1000
05-04 09:37:07.407 8512 8512 F DEBUG : x28 0000007fa9aa0d20 x29 0000007fdf70a990
05-04 09:37:07.407 8512 8512 F DEBUG : lr 0000007fa9a9c95c sp 0000007fdf70a8f0 pc 0000007fa9a9c988 pst 0000000000001000
05-04 09:37:07.407 8512 8512 F DEBUG : backtrace:
05-04 09:37:07.407 8512 8512 F DEBUG : #00 pc 0000000000051988 /system/lib64/bootstrap/libc.so (abort+168) (BuildId: 369edc656806aeaf384cbeb8f7a347af)
05-04 09:37:07.407 8512 8512 F DEBUG : #01 pc 0000000000015038 /system/lib64/libbase.so (android::base::DefaultAborter(char const*)+16) (BuildId: 96895dcea0300fc102132e9762aef6bc)
05-04 09:37:07.407 8512 8512 F DEBUG : #02 pc 0000000000016bc4 /system/lib64/libbase.so (android::base::SetAborter(std::__1::function&&)::$_3::__invoke(char const*)+80) (BuildId: 96895dcea0300fc102132e9762aef6bc)
05-04 09:37:07.407 8512 8512 F DEBUG : #03 pc 0000000000016184 /system/lib64/libbase.so (android::base::LogMessage::~LogMessage()+368) (BuildId: 96895dcea0300fc102132e9762aef6bc)
05-04 09:37:07.407 8512 8512 F DEBUG : #04 pc 00000000000d8128 /system/bin/init (android::init::Service::SetProcessAttributesAndCaps()+716) (BuildId: 22e05086498bc9c9e3a5fc9a10a930c1)
05-04 09:37:07.407 8512 8512 F DEBUG : #05 pc 00000000000dac18 /system/bin/init (android::init::Service::Start()+7348) (BuildId: 22e05086498bc9c9e3a5fc9a10a930c1)
05-04 09:37:07.407 8512 8512 F DEBUG : #06 pc 00000000000cda20 /system/bin/init (android::init::do_start(android::init::BuiltinArguments const&)+316) (BuildId: 22e05086498bc9c9e3a5fc9a10a930c1)
05-04 09:37:07.407 8512 8512 F DEBUG : #07 pc 00000000000b16cc /system/bin/init (android::init::RunBuiltinFunction(std::__1::function (android::init::BuiltinArguments const&)> const&, std::__1::vector, std::__1::allocator >, std::__1::allocator, std::__1::allocator > > > const&, std::__1::basic_string, std::__1::allocator > const&)+476) (BuildId: 22e05086498bc9c9e3a5fc9a10a930c1)
05-04 09:37:07.407 8512 8512 F DEBUG : #08 pc 00000000000b1880 /system/bin/init (android::init::Command::InvokeFunc(android::init::Subcontext*) const+284) (BuildId: 22e05086498bc9c9e3a5fc9a10a930c1)
05-04 09:37:07.407 8512 8512 F DEBUG : #09 pc 00000000000b22e4 /system/bin/init (android::init::Action::ExecuteCommand(android::init::Command const&) const+80) (BuildId: 22e05086498bc9c9e3a5fc9a10a930c1)
05-04 09:37:07.407 8512 8512 F DEBUG : #10 pc 00000000000b21d8 /system/bin/init (android::init::Action::ExecuteOneCommand(unsigned long) const+336) (BuildId: 22e05086498bc9c9e3a5fc9a10a930c1)
05-04 09:37:07.407 8512 8512 F DEBUG : #11 pc 00000000000e2d74 /system/bin/init (android::init::ActionManager::ExecuteOneCommand()+188) (BuildId: 22e05086498bc9c9e3a5fc9a10a930c1)
05-04 09:37:07.407 8512 8512 F DEBUG : #12 pc 00000000000fa6dc /system/bin/init (android::init::SecondStageMain(int, char**)+7560) (BuildId: 22e05086498bc9c9e3a5fc9a10a930c1)
05-04 09:37:07.407 8512 8512 F DEBUG : #13 pc 00000000000ac19c /system/bin/init (main+308) (BuildId: 22e05086498bc9c9e3a5fc9a10a930c1)
05-04 09:37:07.407 8512 8512 F DEBUG : #14 pc 000000000004a084 /system/lib64/bootstrap/libc.so (__libc_init+100) (BuildId: 369edc656806aeaf384cbeb8f7a347af)
05-04 09:37:07.409 7469 7741 W NativeCrashListener: Couldn't find ProcessRecord for pid 8489
05-04 09:37:07.413 0 0 I android_work: sent uevent USB_STATE=DISCONNECTED
05-04 09:37:07.414 7469 7583 I BootReceiver: Copying /data/tombstones/tombstone_04 to DropBox (SYSTEM_TOMBSTONE)
05-04 09:37:07.414 7469 7583 I DropBoxManagerService: add tag=SYSTEM_TOMBSTONE isTagEnabled=true flags=0x6
05-04 09:37:07.424 0 0 W QSEECOM : qseecom_load_app: App with id 11 (fingerpr) now loaded
05-04 09:37:07.416 7469 7583 I dropbox_file_copy: [/data/tombstones/tombstone_04,98304,SYSTEM_TOMBSTONE]
05-04 09:37:07.417 7469 7583 I commit_sys_config_file: [log-files,2908]
05-04 09:37:07.418 7469 7583 E NativeTombstoneManager: Tombstone's UID (0) not an app, ignoring
05-04 09:37:07.418 7469 7583 I DropBoxManagerService: add tag=SYSTEM_TOMBSTONE_PROTO isTagEnabled=true flags=0x4
05-04 09:37:07.421 7469 7583 I commit_sys_config_file: [log-files,2912]
05-04 09:37:07.424 7469 7486 D UsbDeviceManager: Clear notification
05-04 09:37:07.424 7469 7486 D UsbDeviceManager: push notification:已开启 USB 文件传输模式
05-04 09:37:07.424 7469 7486 W Looper : Slow dispatch took 304ms android.fg h=com.android.server.usb.UsbDeviceManager$UsbHandlerLegacy c=null m=4
05-04 09:37:07.425 7469 7486 W Looper : Slow delivery took 304ms android.fg h=com.android.server.adb.AdbDebuggingManager$AdbDebuggingHandler c=null m=1
05-04 09:37:07.425 549 642 D vold : fscrypt_prepare_user_storage for volume null, user 0, serial 0, flags 2
05-04 09:37:07.425 549 642 D vold : Preparing: /data/system_ce/0
05-04 09:37:07.426 549 642 D vold : Preparing: /data/misc_ce/0
05-04 09:37:07.426 549 642 D vold : Preparing: /data/vendor_ce/0
05-04 09:37:07.426 549 642 D vold : Preparing: /data/media/0
05-04 09:37:07.426 549 642 D vold : Preparing: /data/data
