05-04 09:35:23.229 0 0 I : Wifi Turning On from UI
05-04 09:35:23.229 0 0 I [wifi@1][0x2729a065][09:35:23.229985] wlan: [836:I:DP] dp_vdev_attach_wifi3: wlan_cfg_ap_bridge_enabled 0
05-04 09:35:23.230 0 0 I [wifi@1][0x2729a170][09:35:23.229999] wlan: [836:I:DP] 00000000: df ba 4a 0a 90 b3 eb 27 69 52 43 26 1b cb 71 3e
05-04 09:35:23.230 0 0 I [wifi@1][0x2729a1c5][09:35:23.230004] wlan: [836:I:DP] 00000010: 50 a7 7a d7
05-04 09:35:23.230 0 0 I [wifi@1][0x2729a1ec][09:35:23.230006] wlan: [836:I:DP] 00000000: e5 4c 7d 56 3d 2a 50 61 76 a4 f3 97 72 0c 7a 9b
05-04 09:35:23.230 0 0 I [wifi@1][0x2729a204][09:35:23.230007] wlan: [836:I:DP] 00000010: dc ef 7f 2d 8d 0f 6e 13 32 c0 24 15 17 d1 ed 32
05-04 09:35:23.230 0 0 I [wifi@1][0x2729a21c][09:35:23.230008] wlan: [836:I:DP] 00000020: f5 71 bc 4e f0 bc 1e b0 c5 04 fe 5e
05-04 09:35:23.230 0 0 I IPv6 : ADDRCONF(NETDEV_UP): wlan0: link is not ready
05-04 09:35:23.232 0 0 I [lowi-s][0x272a601e][09:35:23.232542] wlan: [1408:I:wifipos] wifi_pos_get_ch_info: 461: num channels: 26
05-04 09:35:23.233 0 0 E [wifi@1][0x272abc84][09:35:23.233774] wlan: [1918:E:wifipos] wifi_pos_process_app_reg_req: 608: Received App Req Req pid(-285211836), len(16)
05-04 09:35:23.234 0 0 I [wifi@1][0x272ad00b][09:35:23.234034] wlan: [1918:I:wifipos] wifi_pos_get_ch_info: 461: num channels: 26
05-04 09:35:23.234 0 0 I [wifi@1][0x272adab6][09:35:23.234176] wlan: [1918:I:wifipos] wifi_pos_get_ch_info: 461: num channels: 26
05-04 09:35:23.247 0 0 I init : starting service 'wpa_supplicant'...
05-04 09:35:23.247 0 0 I init : Created socket '/dev/socket/vendor_wpa_wlan0', mode 660, user 1010, group 1010
05-04 09:35:23.250 0 0 I init : Control message: Processed ctl.interface_start for 'android.hardware.wifi.supplicant@1.0::ISupplicant/default' from pid: 508 (/system/bin/hwservicemanager)
05-04 09:35:23.292 1537 1537 I commit_sys_config_file: [package-session,1]
05-04 09:35:23.347 1537 1668 I commit_sys_config_file: [notification-policy,1]
05-04 09:35:23.386 1537 1537 I snet_event_log: [35028827,-1,account:Account {name=应用宝, type=com.tencent.android.qqdownloader.YYBLiveAccountProvider.account} provider:com.tencent.android.qqdownloader.YYBLiveAccountProvider1 user:0]
05-04 09:35:23.386 1537 1537 I snet_event_log: [26513719,-1,Malformed authority]
05-04 09:35:23.392 1537 1537 I auditd : type=1400 audit(0.0:804): avc: denied { read } for comm="android.display" name="u:object_r:vendor_wfd_sys_debug_prop:s0" dev="tmpfs" ino=15753 scontext=u:r:system_server:s0 tcontext=u:object_r:vendor_wfd_sys_debug_prop:s0 tclass=file permissive=1
05-04 09:35:23.392 1537 1537 I auditd : type=1400 audit(0.0:805): avc: denied { open } for comm="android.display" path="/dev/__properties__/u:object_r:vendor_wfd_sys_debug_prop:s0" dev="tmpfs" ino=15753 scontext=u:r:system_server:s0 tcontext=u:object_r:vendor_wfd_sys_debug_prop:s0 tclass=file permissive=1
05-04 09:35:23.392 1537 1537 I auditd : type=1400 audit(0.0:806): avc: denied { getattr } for comm="android.display" path="/dev/__properties__/u:object_r:vendor_wfd_sys_debug_prop:s0" dev="tmpfs" ino=15753 scontext=u:r:system_server:s0 tcontext=u:object_r:vendor_wfd_sys_debug_prop:s0 tclass=file permissive=1
05-04 09:35:23.392 1537 1537 I auditd : type=1400 audit(0.0:807): avc: denied { map } for comm="android.display" path="/dev/__properties__/u:object_r:vendor_wfd_sys_debug_prop:s0" dev="tmpfs" ino=15753 scontext=u:r:system_server:s0 tcontext=u:object_r:vendor_wfd_sys_debug_prop:s0 tclass=file permissive=1
05-04 09:35:23.406 1537 1537 I boot_progress_ams_ready: 15418
05-04 09:35:23.408 1537 1537 I configuration_changed: 268435712
05-04 09:35:23.417 1537 1807 I commit_sys_config_file: [log-files,0]
05-04 09:35:23.418 1537 1668 I am_uid_running: 1002
05-04 09:35:23.422 1537 1677 I am_proc_start: [0,1942,1002,com.android.bluetooth,service,{com.android.bluetooth/com.android.bluetooth.btservice.AdapterService}]
05-04 09:35:23.431 0 0 I binder : 1942:1942 ioctl 40046210 7fee715e34 returned -22
05-04 09:35:23.433 1537 1537 I am_uid_running: 10079
05-04 09:35:23.433 1537 1573 I am_proc_bound: [0,1942,com.android.bluetooth]
05-04 09:35:23.437 1537 1573 I am_uid_active: 1002
05-04 09:35:23.438 1537 1677 I am_proc_start: [0,1958,10079,com.android.systemui,service,{com.android.systemui/com.android.systemui.ImageWallpaper}]
05-04 09:35:23.441 1537 1666 I am_uid_running: 10091
05-04 09:35:23.445 1537 1677 I am_proc_start: [0,1967,10091,com.android.permissioncontroller,service,{com.android.permissioncontroller/com.android.permissioncontroller.permission.service.PermissionControllerServiceImpl}]
05-04 09:35:23.448 0 0 I binder : 1958:1958 ioctl 40046210 7fee715e34 returned -22
05-04 09:35:23.450 1537 1572 I am_proc_bound: [0,1958,com.android.systemui]
05-04 09:35:23.453 1537 1572 I am_uid_active: 10079
05-04 09:35:23.459 0 0 I binder : 1967:1967 ioctl 40046210 7fee715e34 returned -22
05-04 09:35:23.461 1537 1572 I am_proc_bound: [0,1967,com.android.permissioncontroller]
05-04 09:35:23.463 1537 1572 I am_uid_active: 10091
05-04 09:35:23.505 0 0 I binder : 1221:1221 ioctl 40046210 7fea366314 returned -22
05-04 09:35:23.519 1537 1807 I commit_sys_config_file: [log-files,103]
05-04 09:35:23.520 1537 1807 I commit_sys_config_file: [log-files,104]
05-04 09:35:23.525 1537 1807 I commit_sys_config_file: [log-files,109]
05-04 09:35:23.526 1537 1807 I commit_sys_config_file: [log-files,109]
05-04 09:35:23.525 0 0 I msm_vidc: high: 00000001: ....e: Opening video instance: 0000000000000000, 0
05-04 09:35:23.525 0 0 I msm_vidc: err : 00000001: ....e: Failed to create debugfs for msm_vidc
05-04 09:35:23.533 0 0 I msm_vidc: high: 00000001: h265e: Closed video instance: 0000000000000000
05-04 09:35:23.535 1537 1572 I wm_task_created: [2,-1]
05-04 09:35:23.537 1537 1572 I wm_task_created: [3,-1]
05-04 09:35:23.542 1537 1807 I commit_sys_config_file: [log-files,126]
05-04 09:35:23.543 1537 1807 I commit_sys_config_file: [log-files,127]
05-04 09:35:23.548 1537 1807 I commit_sys_config_file: [log-files,131]
05-04 09:35:23.546 0 0 I msm_vidc: high: 00000001: ....d: Opening video instance: 0000000000000000, 1
05-04 09:35:23.546 0 0 I msm_vidc: err : 00000001: ....d: Failed to create debugfs for msm_vidc
05-04 09:35:23.550 1537 1807 I commit_sys_config_file: [log-files,134]
05-04 09:35:23.551 0 0 I msm_vidc: high: 00000001: h264d: Closed video instance: 0000000000000000
05-04 09:35:23.556 1537 1807 I commit_sys_config_file: [log-files,140]
05-04 09:35:23.557 1537 1807 I commit_sys_config_file: [log-files,141]
05-04 09:35:23.558 0 0 I msm_vidc: high: 00000001: ....d: Opening video instance: 0000000000000000, 1
05-04 09:35:23.558 0 0 I msm_vidc: err : 00000001: ....d: Failed to create debugfs for msm_vidc
05-04 09:35:23.562 1537 1889 I wm_task_created: [4,-1]
05-04 09:35:23.562 0 0 I msm_vidc: high: 00000001: h264d: Closed video instance: 0000000000000000
05-04 09:35:23.566 1537 2064 I wm_task_created: [5,-1]
05-04 09:35:23.568 1537 1807 I commit_sys_config_file: [log-files,151]
05-04 09:35:23.569 1537 1807 I commit_sys_config_file: [log-files,152]
05-04 09:35:23.569 1537 1889 I wm_task_created: [6,-1]
05-04 09:35:23.572 1942 2068 I bt_config_source: 1
05-04 09:35:23.573 1942 2068 I bt_config_source: 1
05-04 09:35:23.576 1537 1807 I commit_sys_config_file: [log-files,160]
05-04 09:35:23.577 1537 1807 I commit_sys_config_file: [log-files,161]
05-04 09:35:23.593 0 0 I msm_vidc: high: 00000001: ....d: Opening video instance: 0000000000000000, 1
05-04 09:35:23.593 0 0 I msm_vidc: err : 00000001: ....d: Failed to create debugfs for msm_vidc
05-04 09:35:23.598 0 0 I msm_vidc: high: 00000001: h265d: Closed video instance: 0000000000000000
05-04 09:35:23.598 0 0 I binder : 1942:1942 ioctl 40046210 7fee7154a4 returned -22
05-04 09:35:23.602 0 0 I msm_vidc: high: 00000001: ....d: Opening video instance: 0000000000000000, 1
05-04 09:35:23.602 0 0 I msm_vidc: err : 00000001: ....d: Failed to create debugfs for msm_vidc
05-04 09:35:23.611 0 0 I msm_vidc: high: 00000001: h265d: Closed video instance: 0000000000000000
05-04 09:35:23.630 0 0 I msm_vidc: high: 00000001: ....d: Opening video instance: 0000000000000000, 1
05-04 09:35:23.630 0 0 I msm_vidc: err : 00000001: ....d: Failed to create debugfs for msm_vidc
05-04 09:35:23.633 0 0 I msm_vidc: high: 00000001: mpg2d: Closed video instance: 0000000000000000
05-04 09:35:23.638 0 0 I msm_vidc: high: 00000001: ....d: Opening video instance: 0000000000000000, 1
05-04 09:35:23.639 0 0 I msm_vidc: err : 00000001: ....d: Failed to create debugfs for msm_vidc
05-04 09:35:23.642 0 0 I msm_vidc: high: 00000001: mpg2d: Closed video instance: 0000000000000000
05-04 09:35:23.672 1537 1809 I am_uid_running: 1037
05-04 09:35:23.673 0 0 I msm_vidc: high: 00000001: ....d: Opening video instance: 0000000000000000, 1
05-04 09:35:23.673 0 0 I msm_vidc: err : 00000001: ....d: Failed to create debugfs for msm_vidc
05-04 09:35:23.674 1537 1867 I commit_sys_config_file: [net-policy,2]
05-04 09:35:23.677 0 0 I msm_vidc: high: 00000001: vp8d: Closed video instance: 0000000000000000
05-04 09:35:23.687 1537 1867 D TelephonyRegistry: listen oscl: mHasNotifySubscriptionInfoChangedOccurred==false no callback
05-04 09:35:23.693 1537 2064 D TelephonyRegistry: listen oscl: mHasNotifySubscriptionInfoChangedOccurred==false no callback
05-04 09:35:23.694 1537 1866 D TelephonyRegistry: listen oscl: mHasNotifySubscriptionInfoChangedOccurred==false no callback
05-04 09:35:23.705 0 0 I msm_vidc: high: 00000001: ....d: Opening video instance: 0000000000000000, 1
05-04 09:35:23.705 0 0 I msm_vidc: err : 00000001: ....d: Failed to create debugfs for msm_vidc
05-04 09:35:23.712 0 0 I msm_vidc: high: 00000001: vp9d: Closed video instance: 0000000000000000
05-04 09:35:23.718 0 0 I msm_vidc: high: 00000001: ....d: Opening video instance: 0000000000000000, 1
05-04 09:35:23.718 0 0 I msm_vidc: err : 00000001: ....d: Failed to create debugfs for msm_vidc
05-04 09:35:23.719 1537 1537 D TelephonyRegistry: listen oscl: mHasNotifySubscriptionInfoChangedOccurred==false no callback
05-04 09:35:23.723 0 0 I msm_vidc: high: 00000001: vp9d: Closed video instance: 0000000000000000
05-04 09:35:23.735 1537 1807 I commit_sys_config_file: [log-files,318]
05-04 09:35:23.736 1537 1807 I commit_sys_config_file: [log-files,320]
05-04 09:35:23.743 0 0 I msm_vidc: high: 00000001: ....e: Opening video instance: 0000000000000000, 0
05-04 09:35:23.743 0 0 I msm_vidc: err : 00000001: ....e: Failed to create debugfs for msm_vidc
05-04 09:35:23.746 1537 1537 D TelephonyRegistry: listen oscl: mHasNotifySubscriptionInfoChangedOccurred==false no callback
05-04 09:35:23.747 0 0 I msm_vidc: high: 00000001: h264e: Closed video instance: 0000000000000000
05-04 09:35:23.744 818 818 I auditd : type=1400 audit(0.0:808): avc: denied { read } for comm="Loc_hal_worker" name="u:object_r:vendor_pd_locater_dbg_prop:s0" dev="tmpfs" ino=15717 scontext=u:r:vendor_hal_gnss_qti:s0 tcontext=u:object_r:vendor_pd_locater_dbg_prop:s0 tclass=file permissive=1
05-04 09:35:23.744 818 818 I auditd : type=1400 audit(0.0:809): avc: denied { open } for comm="Loc_hal_worker" path="/dev/__properties__/u:object_r:vendor_pd_locater_dbg_prop:s0" dev="tmpfs" ino=15717 scontext=u:r:vendor_hal_gnss_qti:s0 tcontext=u:object_r:vendor_pd_locater_dbg_prop:s0 tclass=file permissive=1
05-04 09:35:23.744 818 818 I auditd : type=1400 audit(0.0:810): avc: denied { getattr } for comm="Loc_hal_worker" path="/dev/__properties__/u:object_r:vendor_pd_locater_dbg_prop:s0" dev="tmpfs" ino=15717 scontext=u:r:vendor_hal_gnss_qti:s0 tcontext=u:object_r:vendor_pd_locater_dbg_prop:s0 tclass=file permissive=1
05-04 09:35:23.744 818 818 I auditd : type=1400 audit(0.0:811): avc: denied { map } for comm="Loc_hal_worker" path="/dev/__properties__/u:object_r:vendor_pd_locater_dbg_prop:s0" dev="tmpfs" ino=15717 scontext=u:r:vendor_hal_gnss_qti:s0 tcontext=u:object_r:vendor_pd_locater_dbg_prop:s0 tclass=file permissive=1
05-04 09:35:23.767 1537 1666 W CarrierConfigManager: Error getting config for subId -1 ICarrierConfigLoader is null
05-04 09:35:23.777 1537 1537 I am_uid_running: 1073
05-04 09:35:23.779 1537 1677 I am_proc_start: [0,2152,1037,WebViewLoader-armeabi-v7a,NULL,]
05-04 09:35:23.781 1537 1807 I commit_sys_config_file: [log-files,365]
05-04 09:35:23.782 1537 1807 I commit_sys_config_file: [log-files,366]
05-04 09:35:23.783 1537 1675 I netstats_mobile_sample: [0,0,0,0,0,0,0,0,0,0,0,0,1683164123783]
05-04 09:35:23.783 1537 1675 I netstats_wifi_sample: [0,0,0,0,0,0,0,0,0,0,0,0,1683164123783]
05-04 09:35:23.784 1537 1537 I configuration_changed: 16640
05-04 09:35:23.785 1537 1677 I am_proc_start: [0,2156,1037,WebViewLoader-arm64-v8a,NULL,]
05-04 09:35:23.794 1537 1675 I netstats_mobile_sample: [0,0,0,0,0,0,0,0,0,0,0,0,1683164123794]
05-04 09:35:23.794 1537 1675 I netstats_wifi_sample: [0,0,0,0,0,0,0,0,0,0,0,0,1683164123794]
05-04 09:35:23.794 1537 1537 D TelephonyRegistry: systemRunning register for intents
05-04 09:35:23.795 0 0 I binder : 2152:2152 ioctl 40046210 ffae0398 returned -22
05-04 09:35:23.802 0 0 I msm_vidc: high: 00000001: ....e: Opening video instance: 0000000000000000, 0
05-04 09:35:23.796 1537 1537 I ssm_user_starting: 0
05-04 09:35:23.801 1537 1677 I am_proc_start: [0,2175,1073,com.android.networkstack.process,service,{com.android.networkstack/com.android.server.NetworkStackService}]
05-04 09:35:23.802 0 0 I msm_vidc: err : 00000001: ....e: Failed to create debugfs for msm_vidc
05-04 09:35:23.802 0 0 I binder : 2156:2156 ioctl 40046210 7fee715e34 returned -22
05-04 09:35:23.806 1537 1573 I am_proc_bound: [0,2152,WebViewLoader-armeabi-v7a]
05-04 09:35:23.806 1537 1675 I netstats_mobile_sample: [0,0,0,0,0,0,0,0,0,0,0,0,1683164123806]
05-04 09:35:23.806 1537 1675 I netstats_wifi_sample: [0,0,0,0,0,0,0,0,0,0,0,0,1683164123806]
05-04 09:35:23.807 1537 1573 I am_uid_active: 1037
05-04 09:35:23.809 1537 1905 I am_proc_bound: [0,2156,WebViewLoader-arm64-v8a]
05-04 09:35:23.808 0 0 I msm_vidc: high: 00000001: h265e: Closed video instance: 0000000000000000
05-04 09:35:23.814 1537 1675 I netstats_mobile_sample: [0,0,0,0,0,0,0,0,0,0,0,0,1683164123814]
05-04 09:35:23.814 1537 1675 I netstats_wifi_sample: [0,0,0,0,0,0,0,0,0,0,0,0,1683164123814]
05-04 09:35:23.817 1537 1537 I am_uid_running: 1001
05-04 09:35:23.817 1537 1537 I am_uid_running: 10054
05-04 09:35:23.826 0 0 I msm_vidc: high: 00000001: ....e: Opening video instance: 0000000000000000, 0
05-04 09:35:23.826 0 0 I msm_vidc: err : 00000001: ....e: Failed to create debugfs for msm_vidc
05-04 09:35:23.827 0 0 I binder : 2175:2175 ioctl 40046210 7fee715e34 returned -22
05-04 09:35:23.828 1537 1537 I am_uid_running: 10086
05-04 09:35:23.829 1537 1537 I am_uid_running: 1068
05-04 09:35:23.832 1537 1537 I am_uid_running: 10064
05-04 09:35:23.834 0 0 I msm_vidc: high: 00000001: h265e: Closed video instance: 0000000000000000
05-04 09:35:23.842 1537 1675 I netstats_mobile_sample: [0,0,0,0,0,0,0,0,0,0,0,0,1683164123842]
05-04 09:35:23.842 1537 1675 I netstats_wifi_sample: [0,0,0,0,0,0,0,0,0,0,0,0,1683164123842]
05-04 09:35:23.853 1537 1537 I wm_task_created: [7,-1]
05-04 09:35:23.853 1537 1537 I wm_task_moved: [7,1,2147483647]
05-04 09:35:23.854 1537 1537 I wm_task_moved: [1,1,5]
05-04 09:35:23.854 1537 1537 I wm_create_task: [0,7]
05-04 09:35:23.854 1537 1537 I wm_create_activity: [0,27459034,7,com.android.settings/.FallbackHome,android.intent.action.MAIN,NULL,NULL,276824320]
05-04 09:35:23.854 1537 1537 I wm_task_moved: [1,1,5]
05-04 09:35:23.855 1537 1537 I wm_task_moved: [7,1,2147483647]
05-04 09:35:23.855 1537 1537 I wm_task_to_front: [0,7]
05-04 09:35:23.857 1537 1675 I netstats_mobile_sample: [0,0,0,0,0,0,0,0,0,0,0,0,1683164123857]
05-04 09:35:23.857 1537 1675 I netstats_wifi_sample: [0,0,0,0,0,0,0,0,0,0,0,0,1683164123857]
05-04 09:35:23.858 0 0 I binder : 2193:2193 ioctl 40046210 7fee715e34 returned -22
05-04 09:35:23.863 1537 1675 I netstats_mobile_sample: [0,0,0,0,0,0,0,0,0,0,0,0,1683164123863]
05-04 09:35:23.863 1537 1675 I netstats_wifi_sample: [0,0,0,0,0,0,0,0,0,0,0,0,1683164123863]
05-04 09:35:23.863 0 0 I msm_vidc: high: 00000001: ....e: Opening video instance: 0000000000000000, 0
05-04 09:35:23.863 0 0 I msm_vidc: err : 00000001: ....e: Failed to create debugfs for msm_vidc
05-04 09:35:23.863 0 0 I msm_vidc: err : 00000001: ....e: msm_vidc_comm_update_ctrl: failed: control name Ltr Count, min 0, max 0, step 0, default_value 0
05-04 09:35:23.868 0 0 I msm_vidc: high: 00000001: vp8e: Closed video instance: 0000000000000000
05-04 09:35:23.870 1537 1675 I netstats_mobile_sample: [0,0,0,0,0,0,0,0,0,0,0,0,1683164123870]
05-04 09:35:23.870 1537 1675 I netstats_wifi_sample: [0,0,0,0,0,0,0,0,0,0,0,0,1683164123870]
05-04 09:35:23.873 1537 1675 I netstats_mobile_sample: [0,0,0,0,0,0,0,0,0,0,0,0,1683164123873]
05-04 09:35:23.873 1537 1675 I netstats_wifi_sample: [0,0,0,0,0,0,0,0,0,0,0,0,1683164123873]
05-04 09:35:23.877 1537 1675 I netstats_mobile_sample: [0,0,0,0,0,0,0,0,0,0,0,0,1683164123877]
05-04 09:35:23.877 1537 1675 I netstats_wifi_sample: [0,0,0,0,0,0,0,0,0,0,0,0,1683164123877]
05-04 09:35:23.880 1537 1807 I commit_sys_config_file: [log-files,464]
05-04 09:35:23.882 1537 1807 I commit_sys_config_file: [log-files,466]
05-04 09:35:23.882 1537 1675 I netstats_mobile_sample: [0,0,0,0,0,0,0,0,0,0,0,0,1683164123882]
05-04 09:35:23.882 1537 1675 I netstats_wifi_sample: [0,0,0,0,0,0,0,0,0,0,0,0,1683164123882]
05-04 09:35:23.884 1537 1811 I commit_sys_config_file: [settings-0-0,0]
05-04 09:35:23.886 1537 1675 I netstats_mobile_sample: [0,0,0,0,0,0,0,0,0,0,0,0,1683164123886]
05-04 09:35:23.886 1537 1675 I netstats_wifi_sample: [0,0,0,0,0,0,0,0,0,0,0,0,1683164123886]
05-04 09:35:23.888 1537 1807 I commit_sys_config_file: [log-files,471]
05-04 09:35:23.889 1537 1675 I netstats_mobile_sample: [0,0,0,0,0,0,0,0,0,0,0,0,1683164123889]
05-04 09:35:23.889 1537 1675 I netstats_wifi_sample: [0,0,0,0,0,0,0,0,0,0,0,0,1683164123889]
05-04 09:35:23.889 1537 1807 I commit_sys_config_file: [log-files,473]
05-04 09:35:23.897 1537 1537 I uc_send_user_broadcast: [0,android.intent.action.USER_FOREGROUND]
05-04 09:35:23.897 1537 1537 I uc_send_user_broadcast: [0,android.intent.action.USER_SWITCHED]
05-04 09:35:23.899 1537 1573 I am_proc_start: [0,2193,1000,com.thundercomm.gamemode,added application,com.thundercomm.gamemode]
05-04 09:35:23.899 1537 1573 I am_proc_bound: [0,2193,com.thundercomm.gamemode]
05-04 09:35:23.901 1537 1675 I netstats_mobile_sample: [0,0,0,0,0,0,0,0,0,0,0,0,1683164123901]
05-04 09:35:23.901 1537 1675 I netstats_wifi_sample: [0,0,0,0,0,0,0,0,0,0,0,0,1683164123901]
05-04 09:35:23.905 1537 2064 I am_proc_died: [0,2152,WebViewLoader-armeabi-v7a,-700,0]
05-04 09:35:23.906 1537 2064 I am_low_memory: 6
05-04 09:35:23.908 1537 1905 I am_drop_process: 2175
05-04 09:35:23.909 1537 1675 I netstats_mobile_sample: [0,0,0,0,0,0,0,0,0,0,0,0,1683164123909]
05-04 09:35:23.909 1537 1675 I netstats_wifi_sample: [0,0,0,0,0,0,0,0,0,0,0,0,1683164123909]
05-04 09:35:23.911 1537 1675 D TelephonyRegistry: listen oscl: mHasNotifySubscriptionInfoChangedOccurred==false no callback
05-04 09:35:23.914 1537 1573 I am_proc_died: [0,2156,WebViewLoader-arm64-v8a,-700,0]
05-04 09:35:23.914 1537 1573 I am_uid_stopped: 1037
05-04 09:35:23.914 1537 1573 I am_mem_factor: [1,0]
05-04 09:35:23.915 1537 1573 I am_low_memory: 5
05-04 09:35:23.919 0 0 I binder : undelivered TRANSACTION_COMPLETE
05-04 09:35:23.919 0 0 I binder : undelivered transaction 23238, process died.
05-04 09:35:23.940 0 0 I binder : 2271:2271 ioctl 40046210 7fee715e34 returned -22
05-04 09:35:23.945 1537 1807 I commit_sys_config_file: [log-files,528]
05-04 09:35:23.946 1537 1807 I commit_sys_config_file: [log-files,529]
05-04 09:35:23.952 1537 1677 I am_proc_start: [0,2271,1000,com.thundercomm.microservice,added application,com.thundercomm.microservice]
05-04 09:35:23.952 1537 1573 I am_proc_bound: [0,2271,com.thundercomm.microservice]
05-04 09:35:23.958 1537 1677 I am_proc_start: [0,2293,1000,com.thundercomm.microsettings,added application,com.thundercomm.microsettings]
05-04 09:35:23.964 1537 1677 I am_proc_start: [0,2297,1001,.dataservices,added application,.dataservices]
05-04 09:35:23.968 1537 1573 I am_uid_running: 10063
05-04 09:35:23.969 1537 1677 I am_proc_start: [0,2298,10054,.qtidataservices,added application,.qtidataservices]
05-04 09:35:23.975 1537 1677 I am_proc_start: [0,2299,1000,com.thundercomm.tchttpserver,added application,com.thundercomm.tchttpserver]
05-04 09:35:23.977 1537 1537 I notification_cancel_all: [1000,1537,android,0,0,0,20,NULL]
05-04 09:35:23.982 1537 1537 I am_uid_running: 10093
05-04 09:35:23.983 0 0 I binder : 2293:2293 ioctl 40046210 7fee715e34 returned -22
05-04 09:35:23.993 1537 1677 I am_proc_start: [0,2341,1000,com.tc.logclient,added application,com.tc.logclient]
05-04 09:35:23.994 1537 1807 I commit_sys_config_file: [log-files,578]
05-04 09:35:23.990 0 0 I binder : 2297:2297 ioctl 40046210 7fee715e34 returned -22
05-04 09:35:23.990 0 0 I binder : 2298:2298 ioctl 40046210 7fee715e34 returned -22
05-04 09:35:23.995 1537 2064 I am_proc_bound: [0,2293,com.thundercomm.microsettings]
05-04 09:35:23.999 1537 1807 I commit_sys_config_file: [log-files,583]
05-04 09:35:24.000 1537 1572 I am_proc_bound: [0,2298,.qtidataservices]
05-04 09:35:24.004 1537 1572 I am_uid_active: 10054
05-04 09:35:24.006 1537 1573 I am_proc_bound: [0,2297,.dataservices]
05-04 09:35:24.010 1537 1573 I am_uid_active: 1001
05-04 09:35:24.018 0 0 I binder : 2299:2299 ioctl 40046210 7fee715e34 returned -22
05-04 09:35:24.019 0 0 I binder : 2341:2341 ioctl 40046210 7fee715e34 returned -22
05-04 09:35:24.012 1537 1677 I am_proc_start: [0,2345,1073,com.android.networkstack.process,added application,com.android.networkstack.process]
05-04 09:35:24.019 1537 1677 I am_proc_start: [0,2377,1000,com.thundercomm.tcsetupwizard,added application,com.thundercomm.tcsetupwizard]
05-04 09:35:24.021 1537 2064 I am_proc_bound: [0,2299,com.thundercomm.tchttpserver]
05-04 09:35:24.029 0 0 I binder : 2345:2345 ioctl 40046210 7fee715e34 returned -22
05-04 09:35:24.047 0 0 I binder : 2377:2377 ioctl 40046210 7fee715e34 returned -22
05-04 09:35:24.027 1537 1889 I am_proc_bound: [0,2341,com.tc.logclient]
05-04 09:35:24.031 1537 1677 I am_proc_start: [0,2391,1000,vendor.qti.qesdk.sysservice,added application,vendor.qti.qesdk.sysservice]
05-04 09:35:24.037 1537 1573 I am_proc_bound: [0,2345,com.android.networkstack.process]
05-04 09:35:24.041 1537 1573 I am_uid_active: 1073
05-04 09:35:24.054 0 0 I binder : 2391:2391 ioctl 40046210 7fee715e34 returned -22
05-04 09:35:24.056 1537 1677 I am_proc_start: [0,2426,10086,com.qti.qualcomm.mstatssystemservice,added application,com.qti.qualcomm.mstatssystemservice]
05-04 09:35:24.057 1537 1889 I am_proc_bound: [0,2391,vendor.qti.qesdk.sysservice]
05-04 09:35:24.066 1537 1572 I am_proc_bound: [0,2377,com.thundercomm.tcsetupwizard]
05-04 09:35:24.068 1537 1807 I commit_sys_config_file: [log-files,652]
05-04 09:35:24.069 1537 1677 I am_proc_start: [0,2439,1068,com.android.se,added application,com.android.se]
05-04 09:35:24.069 1537 1807 I commit_sys_config_file: [log-files,653]
05-04 09:35:24.081 0 0 I binder : 2297:2455 ioctl 40046210 7b38d1b9e4 returned -22
05-04 09:35:24.085 0 0 I binder : 2439:2439 ioctl 40046210 7fee715e34 returned -22
05-04 09:35:24.108 0 0 I binder : 2426:2426 ioctl 40046210 7fee715e34 returned -22
05-04 09:35:24.089 1537 1905 I am_uid_running: 10078
05-04 09:35:24.091 1537 1889 I am_proc_bound: [0,2439,com.android.se]
05-04 09:35:24.096 1537 1889 I am_uid_active: 1068
05-04 09:35:24.121 0 0 I binder : 2480:2480 ioctl 40046210 7fee715e34 returned -22
05-04 09:35:24.102 1537 1677 I am_proc_start: [0,2480,1000,com.thundercomm.remotecontrolservice,added application,com.thundercomm.remotecontrolservice]
05-04 09:35:24.115 1537 1807 I commit_sys_config_file: [log-files,699]
05-04 09:35:24.115 1537 2483 I am_proc_bound: [0,2426,com.qti.qualcomm.mstatssystemservice]
05-04 09:35:24.122 1537 2483 I am_uid_active: 10086
05-04 09:35:24.151 0 0 I binder : 2514:2514 ioctl 40046210 7fee715e34 returned -22
05-04 09:35:24.125 1537 2483 I am_proc_bound: [0,2480,com.thundercomm.remotecontrolservice]
05-04 09:35:24.131 1537 1677 I am_proc_start: [0,2514,1000,com.thundercomm.tcservice,added application,com.thundercomm.tcservice]
05-04 09:35:24.144 1537 1807 I commit_sys_config_file: [log-files,728]
05-04 09:35:24.153 0 0 I binder : 2439:2439 ioctl 40046210 7fee714de4 returned -22
05-04 09:35:24.150 1537 1677 I am_proc_start: [0,2535,10064,com.qualcomm.qti.devicestatisticsservice,added application,com.qualcomm.qti.devicestatisticsservice]
05-04 09:35:24.160 1537 2488 I am_proc_bound: [0,2514,com.thundercomm.tcservice]
05-04 09:35:24.170 1958 2484 I sysui_multi_action: [757,213,758,4,759,-1]
05-04 09:35:24.173 1537 1677 I am_proc_start: [0,2548,1000,com.qualcomm.qti.qdma,added application,com.qualcomm.qti.qdma]
05-04 09:35:24.182 0 0 I binder : 2548:2548 ioctl 40046210 7fee715e34 returned -22
05-04 09:35:24.187 0 0 I binder : 2535:2535 ioctl 40046210 7fee715e34 returned -22
05-04 09:35:24.191 1537 2253 I am_proc_bound: [0,2548,com.qualcomm.qti.qdma]
05-04 09:35:24.200 0 0 I binder : 1958:2492 ioctl 40046210 7b27f5d124 returned -22
05-04 09:35:24.199 1537 1677 I am_proc_start: [0,2582,1000,com.android.settings,top-activity,{com.android.settings/com.android.settings.FallbackHome}]
05-04 09:35:24.204 1537 2483 I am_proc_bound: [0,2535,com.qualcomm.qti.devicestatisticsservice]
05-04 09:35:24.207 1537 2483 I am_uid_active: 10064
05-04 09:35:24.227 0 0 I binder : 2514:2514 ioctl 40046210 7fee7149a4 returned -22
05-04 09:35:24.228 0 0 I input : Remote Mouse Controller as /devices/virtual/input/input4
05-04 09:35:24.233 0 0 I input : Remote Keyboard Controller as /devices/virtual/input/input5
05-04 09:35:24.235 1537 1677 I am_proc_start: [0,2617,10063,com.thundercomm.gamemode.provider,content provider,{com.thundercomm.gamemode.provider/com.thundercomm.gamemode.provider.SettingsProvider}]
05-04 09:35:24.238 0 0 I binder : 2582:2582 ioctl 40046210 7fee715e34 returned -22
05-04 09:35:24.253 1537 2483 I am_proc_bound: [0,2582,com.android.settings]
05-04 09:35:24.257 1537 2483 I wm_restart_activity: [0,27459034,7,com.android.settings/.FallbackHome]
05-04 09:35:24.258 1537 2483 I wm_set_resumed_activity: [0,com.android.settings/.FallbackHome,minimalResumeActivityLocked]
05-04 09:35:24.265 1958 1958 W CarrierConfigManager: Error getting config for subId -1 ICarrierConfigLoader is null
05-04 09:35:24.272 1537 1677 I am_proc_start: [0,2648,10093,android.ext.services,service,{android.ext.services/android.ext.services.autofill.InlineSuggestionRenderServiceImpl}]
05-04 09:35:24.280 1537 1677 I am_proc_start: [0,2651,10078,com.android.launcher3,service,{com.android.launcher3/com.android.quickstep.TouchInteractionService}]
05-04 09:35:24.288 1537 2253 D TelephonyRegistry: listen oscl: mHasNotifySubscriptionInfoChangedOccurred==false no callback
05-04 09:35:24.292 0 0 I binder : 2648:2648 ioctl 40046210 7fee715e34 returned -22
05-04 09:35:24.293 0 0 I binder : 2617:2617 ioctl 40046210 7fee715e34 returned -22
05-04 09:35:24.299 1537 2064 I am_proc_bound: [0,2617,com.thundercomm.gamemode.provider]
05-04 09:35:24.303 1537 2064 I am_uid_active: 10063
05-04 09:35:24.304 1537 2253 I am_proc_bound: [0,2648,android.ext.services]
05-04 09:35:24.308 1537 2253 I am_uid_active: 10093
05-04 09:35:24.321 0 0 I binder : 2651:2651 ioctl 40046210 7fee715e34 returned -22
05-04 09:35:24.327 1537 2253 I am_proc_bound: [0,2651,com.android.launcher3]
05-04 09:35:24.329 1537 2253 I am_uid_active: 10078
05-04 09:35:24.340 0 0 E link_delay_work_func: DTC_ETH: SQI=0, link=0
05-04 09:35:24.370 0 0 I binder : 2548:2548 ioctl 40046210 7fee713e14 returned -22
05-04 09:35:24.392 1537 1807 I commit_sys_config_file: [log-files,976]
05-04 09:35:24.395 1537 1807 I commit_sys_config_file: [log-files,979]
05-04 09:35:24.396 2582 2582 I wm_on_create_called: [27459034,com.android.settings.FallbackHome,performCreate]
05-04 09:35:24.397 2582 2582 I wm_on_start_called: [27459034,com.android.settings.FallbackHome,handleStartActivity]
05-04 09:35:24.398 2582 2582 I wm_on_resume_called: [27459034,com.android.settings.FallbackHome,RESUME_ACTIVITY]
05-04 09:35:24.405 2582 2582 I wm_on_top_resumed_gained_called: [27459034,com.android.settings.FallbackHome,topStateChangedWhenResumed]
05-04 09:35:24.406 1537 1807 I commit_sys_config_file: [log-files,990]
05-04 09:35:24.407 1537 1807 I commit_sys_config_file: [log-files,991]
05-04 09:35:24.415 1537 1670 I input_focus: [Focus request 6737be1 com.android.settings/com.android.settings.FallbackHome,reason=UpdateInputWindows]
05-04 09:35:24.441 0 0 I binder : 2582:2721 ioctl 40046210 7b9e0f71f4 returned -22
05-04 09:35:24.443 1537 2488 I am_uid_running: 10085
05-04 09:35:24.453 1537 1677 I am_proc_start: [0,2741,10085,com.qualcomm.qti.qccauthmgr,content provider,{com.qualcomm.qti.qccauthmgr/com.qualcomm.qti.qccauthmgr.providers.SMQContentProvider}]
05-04 09:35:24.459 1537 1669 I boot_progress_enable_screen: 16471
05-04 09:35:24.464 1537 1669 I screen_toggled: 1
05-04 09:35:24.474 0 0 I binder : 2741:2741 ioctl 40046210 7fee715e34 returned -22
05-04 09:35:24.476 1537 1791 I am_proc_bound: [0,2741,com.qualcomm.qti.qccauthmgr]
05-04 09:35:24.479 1537 1791 I am_uid_active: 10085
05-04 09:35:24.499 1537 1807 I commit_sys_config_file: [log-files,1083]
05-04 09:35:24.501 1537 1807 I commit_sys_config_file: [log-files,1084]
05-04 09:35:24.505 1537 1807 I commit_sys_config_file: [log-files,1089]
05-04 09:35:24.506 1537 1807 I commit_sys_config_file: [log-files,1090]
05-04 09:35:24.551 1537 1807 I commit_sys_config_file: [log-files,1135]
05-04 09:35:24.552 1537 1807 I commit_sys_config_file: [log-files,1135]
05-04 09:35:24.562 1537 1807 I commit_sys_config_file: [log-files,1146]
05-04 09:35:24.563 1537 1807 I commit_sys_config_file: [log-files,1146]
05-04 09:35:24.607 1537 1807 I commit_sys_config_file: [log-files,1190]
05-04 09:35:24.607 1537 1807 I commit_sys_config_file: [log-files,1191]
05-04 09:35:24.615 1537 1807 I commit_sys_config_file: [log-files,1199]
05-04 09:35:24.616 1537 1807 I commit_sys_config_file: [log-files,1199]
05-04 09:35:24.653 1537 1807 I commit_sys_config_file: [log-files,1237]
05-04 09:35:24.654 1537 1807 I commit_sys_config_file: [log-files,1238]
05-04 09:35:24.662 1537 1807 I commit_sys_config_file: [log-files,1246]
05-04 09:35:24.663 1537 1807 I commit_sys_config_file: [log-files,1246]
05-04 09:35:24.693 1537 1807 I commit_sys_config_file: [log-files,1277]
05-04 09:35:24.694 1537 1807 I commit_sys_config_file: [log-files,1278]
05-04 09:35:24.698 1537 1807 I commit_sys_config_file: [log-files,1282]
05-04 09:35:24.698 1537 1807 I commit_sys_config_file: [log-files,1282]
05-04 09:35:24.727 1537 1807 I commit_sys_config_file: [log-files,1311]
05-04 09:35:24.727 1537 1807 I commit_sys_config_file: [log-files,1311]
05-04 09:35:24.742 1537 1807 I commit_sys_config_file: [log-files,1326]
05-04 09:35:24.743 1537 1807 I commit_sys_config_file: [log-files,1326]
05-04 09:35:24.759 1537 1807 I commit_sys_config_file: [log-files,1343]
05-04 09:35:24.760 1537 1807 I commit_sys_config_file: [log-files,1343]
05-04 09:35:24.798 1537 1807 I commit_sys_config_file: [log-files,1381]
05-04 09:35:24.798 1537 1807 I commit_sys_config_file: [log-files,1382]
05-04 09:35:24.811 1537 1807 I commit_sys_config_file: [log-files,1395]
05-04 09:35:25.456 1537 1537 I notification_enqueue: [10079,1958,com.android.systemui,1,empty_media,0,Notification(channel=empty_media_style_id shortcut=null contentView=null vibrate=null sound=null defaults=0x0 flags=0x20 color=0x00000000 category=transport groupKey=empty_media actions=5 vis=PRIVATE),0]
05-04 09:35:25.476 0 0 E bt_ioctl: BT_CMD_PWR_CTRL pwr_cntrl:0
05-04 09:35:25.476 0 0 E bt_ioctl: BT state already:0 no change done
05-04 09:35:25.476 0 0 E bt_ioctl: BT_CMD_PWR_CTRL pwr_cntrl:1
05-04 09:35:25.476 0 0 I bt_power vendor: bt_qca6390: Linked as a consumer to regulator.9
05-04 09:35:25.476 0 0 E bt_vreg_enable: vreg_en successful for : qca,bt-vdd-aon
05-04 09:35:25.476 0 0 I bt_power vendor: bt_qca6390: Linked as a consumer to regulator.51
05-04 09:35:25.477 0 0 E bt_vreg_enable: vreg_en successful for : qca,bt-vdd-dig
05-04 09:35:25.477 0 0 I bt_power vendor: bt_qca6390: Linked as a consumer to regulator.8
05-04 09:35:25.477 0 0 E bt_vreg_enable: vreg_en successful for : qca,bt-vdd-rfa1
05-04 09:35:25.477 0 0 I bt_power vendor: bt_qca6390: Linked as a consumer to regulator.36
05-04 09:35:25.477 0 0 E bt_vreg_enable: vreg_en successful for : qca,bt-vdd-rfa2
05-04 09:35:25.477 0 0 I bt_power vendor: bt_qca6390: Linked as a consumer to regulator.27
05-04 09:35:25.477 0 0 E bt_vreg_enable: vreg_en successful for : qca,bt-vdd-asd
05-04 09:35:25.532 0 0 I bt_configure_gpios: BTON:Turn Bt Off bt-reset-gpio(1121) value(0)
05-04 09:35:25.532 0 0 I bt_configure_gpios: BTON:Turn Bt Off
05-04 09:35:25.532 0 0 I bt_configure_gpios: bt-sw-ctrl-gpio(1224) value(1)
05-04 09:35:25.532 0 0 I bt_enable_bt_reset_gpios_safely: bt_enable_bt_reset_gpios_safely: BTON:Turn Bt On
05-04 09:35:25.532 0 0 I bt_enable_bt_reset_gpios_safely: bt_enable_bt_reset_gpios_safely: wl-reset-gpio(1120) value(1)
05-04 09:35:25.532 0 0 I bt_enable_bt_reset_gpios_safely: bt_enable_bt_reset_gpios_safely: BTON: Asserting BT_EN
05-04 09:35:25.566 0 0 D qbt : qbt_open: entry minor_no=0 fd_available=1
05-04 09:35:25.566 0 0 D qbt : qbt_open: exit : 0 fd_available=0
05-04 09:35:25.566 0 0 D qbt : qbt_open: entry minor_no=1 fd_available=0
05-04 09:35:25.566 0 0 D qbt : qbt_open: exit : 0 fd_available=0
05-04 09:35:25.566 0 0 D qbt : qbt_ioctl: cmd received 107
05-04 09:35:25.566 0 0 D qbt : qbt_ioctl: Acquiring wakelock
05-04 09:35:25.571 1537 1669 I wm_boot_animation_done: 17583
05-04 09:35:25.581 0 0 W QSEECOM : qseecom_load_app: App (fingerpr) does'nt exist, loading apps for first time
05-04 09:35:25.588 0 0 I bt_configure_gpios: BTON:Turn Bt On bt-reset-gpio(1121) value(1)
05-04 09:35:25.588 0 0 I bt_configure_gpios: BTON:Turn Bt On
05-04 09:35:25.588 0 0 I bt_configure_gpios: bt-sw-ctrl-gpio(1224) value(1)
05-04 09:35:25.588 0 0 I bt_configure_gpios: bt_gpio= 1121 on: 1 is successful
05-04 09:35:25.604 810 810 I auditd : type=1400 audit(0.0:812): avc: denied { search } for comm="bluetooth@1.0-s" name="bluetooth" dev="sda2" ino=27 scontext=u:r:hal_bluetooth_default:s0 tcontext=u:object_r:mnt_product_file:s0 tclass=dir permissive=1
05-04 09:35:25.615 0 0 E bt_ioctl: unified Current SOC Version : 400a0200
05-04 09:35:25.651 0 0 I F2FS-fs (dm-10): Preserve previous reserve_root=76800
05-04 09:35:25.682 0 0 W QSEECOM : qseecom_load_app: App with id 7 (fingerpr) now loaded
05-04 09:35:25.696 547 547 I auditd : type=1400 audit(0.0:813): avc: denied { open } for comm="qseecomd" path="/" dev="dm-5" ino=2 scontext=u:r:tee:s0 tcontext=u:object_r:rootfs:s0 tclass=dir permissive=1
05-04 09:35:25.715 0 0 I [wifi@1][0x2a01c66f][09:35:25.715399] wlan: [836:I:DP] dp_vdev_attach_wifi3: wlan_cfg_ap_bridge_enabled 1
05-04 09:35:25.715 0 0 E [wifi@1][0x2a01ce46][09:35:25.715504] wlan: [836:E:PMO] pmo_register_wow_wakeup_events: 88: Skipping wake event configuration for vdev_opmode 16
05-04 09:35:25.715 0 0 E [wifi@1][0x2a01d148][09:35:25.715544] wlan: [836:E:SME] sme_get_nss_chain_shift: 4045: Device mode 16 invalid
05-04 09:35:25.715 0 0 E [wifi@1][0x2a01d181][09:35:25.715547] wlan: [836:E:SME] sme_get_nss_chain_shift: 4045: Device mode 16 invalid
05-04 09:35:25.715 0 0 I IPv6 : ADDRCONF(NETDEV_UP): wifi-aware0: link is not ready
05-04 09:35:25.726 1537 1669 I uc_finish_user_boot: 0
05-04 09:35:25.726 1537 1669 I am_user_state_changed: [0,1]
05-04 09:35:25.726 1537 1669 I uc_send_user_broadcast: [0,android.intent.action.LOCKED_BOOT_COMPLETED]
05-04 09:35:25.728 476 476 I auditd : type=1400 audit(0.0:814): avc: denied { add_name } for comm="init" name="clkscale_enable" scontext=u:r:vendor_init:s0 tcontext=u:object_r:sysfs:s0 tclass=dir permissive=1
05-04 09:35:25.728 476 476 I auditd : type=1400 audit(0.0:815): avc: denied { create } for comm="init" name="clkscale_enable" scontext=u:r:vendor_init:s0 tcontext=u:object_r:sysfs:s0 tclass=file permissive=1
05-04 09:35:25.732 476 476 I auditd : type=1400 audit(0.0:816): avc: denied { add_name } for comm="init" name="read_ahead_kb" scontext=u:r:vendor_init:s0 tcontext=u:object_r:sysfs_dm:s0 tclass=dir permissive=1
05-04 09:35:25.732 476 476 I auditd : type=1400 audit(0.0:817): avc: denied { create } for comm="init" name="read_ahead_kb" scontext=u:r:vendor_init:s0 tcontext=u:object_r:sysfs_dm:s0 tclass=file permissive=1
05-04 09:35:25.739 2821 2821 F libc : Fatal signal 6 (SIGABRT), code -1 (SI_QUEUE) in tid 2821 (init), pid 2821 (init)
05-04 09:35:25.756 2828 2828 I auditd : type=1400 audit(0.0:818): avc: denied { ptrace } for comm="crash_dump64" scontext=u:r:crash_dump:s0 tcontext=u:r:init:s0 tclass=process permissive=1
05-04 09:35:25.766 1537 1669 I uc_finish_user_unlocking: 0
05-04 09:35:25.764 2828 2828 I auditd : type=1400 audit(0.0:819): avc: denied { search } for comm="crash_dump64" name="bootstrap" dev="dm-5" ino=2999 scontext=u:r:crash_dump:s0 tcontext=u:object_r:system_bootstrap_lib_file:s0 tclass=dir permissive=1
05-04 09:35:25.764 2828 2828 I auditd : type=1400 audit(0.0:820): avc: denied { read } for comm="crash_dump64" name="libc.so" dev="dm-5" ino=3000 scontext=u:r:crash_dump:s0 tcontext=u:object_r:system_bootstrap_lib_file:s0 tclass=file permissive=1
05-04 09:35:25.764 2828 2828 I auditd : type=1400 audit(0.0:821): avc: denied { open } for comm="crash_dump64" path="/system/lib64/bootstrap/libc.so" dev="dm-5" ino=3000 scontext=u:r:crash_dump:s0 tcontext=u:object_r:system_bootstrap_lib_file:s0 tclass=file permissive=1
05-04 09:35:25.764 2828 2828 I auditd : type=1400 audit(0.0:822): avc: denied { getattr } for comm="crash_dump64" path="/system/lib64/bootstrap/libc.so" dev="dm-5" ino=3000 scontext=u:r:crash_dump:s0 tcontext=u:object_r:system_bootstrap_lib_file:s0 tclass=file permissive=1
05-04 09:35:25.764 2828 2828 I auditd : type=1400 audit(0.0:823): avc: denied { map } for comm="crash_dump64" path="/system/lib64/bootstrap/libc.so" dev="dm-5" ino=3000 scontext=u:r:crash_dump:s0 tcontext=u:object_r:system_bootstrap_lib_file:s0 tclass=file permissive=1
05-04 09:35:25.770 1537 2488 I am_uid_running: 10070
05-04 09:35:25.772 2828 2828 I auditd : type=1400 audit(0.0:824): avc: denied { open } for comm="crash_dump64" path="/dev/__properties__/u:object_r:zram_control_prop:s0" dev="tmpfs" ino=15775 scontext=u:r:crash_dump:s0 tcontext=u:object_r:zram_control_prop:s0 tclass=file permissive=1
05-04 09:35:25.772 2828 2828 I auditd : type=1400 audit(0.0:825): avc: denied { getattr } for comm="crash_dump64" path="/dev/__properties__/u:object_r:zram_control_prop:s0" dev="tmpfs" ino=15775 scontext=u:r:crash_dump:s0 tcontext=u:object_r:zram_control_prop:s0 tclass=file permissive=1
05-04 09:35:25.772 2828 2828 I auditd : type=1400 audit(0.0:826): avc: denied { map } for comm="crash_dump64" path="/dev/__properties__/u:object_r:zram_control_prop:s0" dev="tmpfs" ino=15775 scontext=u:r:crash_dump:s0 tcontext=u:object_r:zram_control_prop:s0 tclass=file permissive=1
05-04 09:35:25.772 2828 2828 I auditd : type=1400 audit(0.0:827): avc: denied { open } for comm="crash_dump64" path="/dev/__properties__/u:object_r:zram_config_prop:s0" dev="tmpfs" ino=15774 scontext=u:r:crash_dump:s0 tcontext=u:object_r:zram_config_prop:s0 tclass=file permissive=1
05-04 09:35:25.772 2828 2828 I auditd : type=1400 audit(0.0:828): avc: denied { getattr } for comm="crash_dump64" path="/dev/__properties__/u:object_r:zram_config_prop:s0" dev="tmpfs" ino=15774 scontext=u:r:crash_dump:s0 tcontext=u:object_r:zram_config_prop:s0 tclass=file permissive=1
05-04 09:35:25.772 2828 2828 I auditd : type=1400 audit(0.0:829): avc: denied { map } for comm="crash_dump64" path="/dev/__properties__/u:object_r:zram_config_prop:s0" dev="tmpfs" ino=15774 scontext=u:r:crash_dump:s0 tcontext=u:object_r:zram_config_prop:s0 tclass=file permissive=1
05-04 09:35:25.772 2828 2828 I auditd : type=1400 audit(0.0:830): avc: denied { open } for comm="crash_dump64" path="/dev/__properties__/u:object_r:wifi_prop:s0" dev="tmpfs" ino=15773 scontext=u:r:crash_dump:s0 tcontext=u:object_r:wifi_prop:s0 tclass=file permissive=1
05-04 09:35:25.772 2828 2828 I auditd : type=1400 audit(0.0:831): avc: denied { getattr } for comm="crash_dump64" path="/dev/__properties__/u:object_r:wifi_prop:s0" dev="tmpfs" ino=15773 scontext=u:r:crash_dump:s0 tcontext=u:object_r:wifi_prop:s0 tclass=file permissive=1
05-04 09:35:25.772 2828 2828 I auditd : type=1400 audit(0.0:832): avc: denied { map } for comm="crash_dump64" path="/dev/__properties__/u:object_r:wifi_prop:s0" dev="tmpfs" ino=15773 scontext=u:r:crash_dump:s0 tcontext=u:object_r:wifi_prop:s0 tclass=file permissive=1
05-04 09:35:25.772 2828 2828 I auditd : type=1400 audit(0.0:833): avc: denied { open } for comm="crash_dump64" path="/dev/__properties__/u:object_r:wifi_hal_prop:s0" dev="tmpfs" ino=15771 scontext=u:r:crash_dump:s0 tcontext=u:object_r:wifi_hal_prop:s0 tclass=file permissive=1
05-04 09:35:25.772 2828 2828 I auditd : type=1400 audit(0.0:834): avc: denied { getattr } for comm="crash_dump64" path="/dev/__properties__/u:object_r:wifi_hal_prop:s0" dev="tmpfs" ino=15771 scontext=u:r:crash_dump:s0 tcontext=u:object_r:wifi_hal_prop:s0 tclass=file permissive=1
05-04 09:35:25.772 2828 2828 I auditd : type=1400 audit(0.0:835): avc: denied { map } for comm="crash_dump64" path="/dev/__properties__/u:object_r:wifi_hal_prop:s0" dev="tmpfs" ino=15771 scontext=u:r:crash_dump:s0 tcontext=u:object_r:wifi_hal_prop:s0 tclass=file permissive=1
05-04 09:35:25.772 2828 2828 I auditd : type=1400 audit(0.0:836): avc: denied { open } for comm="crash_dump64" path="/dev/__properties__/u:object_r:wifi_config_prop:s0" dev="tmpfs" ino=15770 scontext=u:r:crash_dump:s0 tcontext=u:object_r:wifi_config_prop:s0 tclass=file permissive=1
05-04 09:35:25.772 2828 2828 I auditd : type=1400 audit(0.0:837): avc: denied { getattr } for comm="crash_dump64" path="/dev/__properties__/u:object_r:wifi_config_prop:s0" dev="tmpfs" ino=15770 scontext=u:r:crash_dump:s0 tcontext=u:object_r:wifi_config_prop:s0 tclass=file permissive=1
05-04 09:35:25.772 2828 2828 I auditd : type=1400 audit(0.0:838): avc: denied { map } for comm="crash_dump64" path="/dev/__properties__/u:object_r:wifi_config_prop:s0" dev="tmpfs" ino=15770 scontext=u:r:crash_dump:s0 tcontext=u:object_r:wifi_config_prop:s0 tclass=file permissive=1
05-04 09:35:25.772 2828 2828 I auditd : type=1400 audit(0.0:839): avc: denied { open } for comm="crash_dump64" path="/dev/__properties__/u:object_r:vold_post_fs_data_prop:s0" dev="tmpfs" ino=15765 scontext=u:r:crash_dump:s0 tcontext=u:object_r:vold_post_fs_data_prop:s0 tclass=file permissive=1
05-04 09:35:25.772 2828 2828 I auditd : type=1400 audit(0.0:840): avc: denied { getattr } for comm="crash_dump64" path="/dev/__properties__/u:object_r:vold_post_fs_data_prop:s0" dev="tmpfs" ino=15765 scontext=u:r:crash_dump:s0 tcontext=u:object_r:vold_post_fs_data_prop:s0 tclass=file permissive=1
05-04 09:35:25.772 2828 2828 I auditd : type=1400 audit(0.0:841): avc: denied { map } for comm="crash_dump64" path="/dev/__properties__/u:object_r:vold_post_fs_data_prop:s0" dev="tmpfs" ino=15765 scontext=u:r:crash_dump:s0 tcontext=u:object_r:vold_post_fs_data_prop:s0 tclass=file permissive=1
05-04 09:35:25.772 2828 2828 I auditd : type=1400 audit(0.0:842): avc: denied { open } for comm="crash_dump64" path="/dev/__properties__/u:object_r:virtual_ab_prop:s0" dev="tmpfs" ino=15762 scontext=u:r:crash_dump:s0 tcontext=u:object_r:virtual_ab_prop:s0 tclass=file permissive=1
05-04 09:35:25.772 2828 2828 I auditd : type=1400 audit(0.0:843): avc: denied { getattr } for comm="crash_dump64" path="/dev/__properties__/u:object_r:virtual_ab_prop:s0" dev="tmpfs" ino=15762 scontext=u:r:crash_dump:s0 tcontext=u:object_r:virtual_ab_prop:s0 tclass=file permissive=1
05-04 09:35:25.772 2828 2828 I auditd : type=1400 audit(0.0:844): avc: denied { map } for comm="crash_dump64" path="/dev/__properties__/u:object_r:virtual_ab_prop:s0" dev="tmpfs" ino=15762 scontext=u:r:crash_dump:s0 tcontext=u:object_r:virtual_ab_prop:s0 tclass=file permissive=1
05-04 09:35:25.772 2828 2828 I auditd : type=1400 audit(0.0:845): avc: denied { open } for comm="crash_dump64" path="/dev/__properties__/u:object_r:vendor_xrcb_prop:s0" dev="tmpfs" ino=15760 scontext=u:r:crash_dump:s0 tcontext=u:object_r:vendor_xrcb_prop:s0 tclass=file permissive=1
05-04 09:35:25.772 2828 2828 I auditd : type=1400 audit(0.0:846): avc: denied { getattr } for comm="crash_dump64" path="/dev/__properties__/u:object_r:vendor_xrcb_prop:s0" dev="tmpfs" ino=15760 scontext=u:r:crash_dump:s0 tcontext=u:object_r:vendor_xrcb_prop:s0 tclass=file permissive=1
05-04 09:35:25.772 2828 2828 I auditd : type=1400 audit(0.0:847): avc: denied { map } for comm="crash_dump64" path="/dev/__properties__/u:object_r:vendor_xrcb_prop:s0" dev="tmpfs" ino=15760 scontext=u:r:crash_dump:s0 tcontext=u:object_r:vendor_xrcb_prop:s0 tclass=file permissive=1
05-04 09:35:25.772 2828 2828 I auditd : type=1400 audit(0.0:848): avc: denied { open } for comm="crash_dump64" path="/dev/__properties__/u:object_r:vendor_xlat_prop:s0" dev="tmpfs" ino=15759 scontext=u:r:crash_dump:s0 tcontext=u:object_r:vendor_xlat_prop:s0 tclass=file permissive=1
05-04 09:35:25.772 2828 2828 I auditd : type=1400 audit(0.0:849): avc: denied { getattr } for comm="crash_dump64" path="/dev/__properties__/u:object_r:vendor_xlat_prop:s0" dev="tmpfs" ino=15759 scontext=u:r:crash_dump:s0 tcontext=u:object_r:vendor_xlat_prop:s0 tclass=file permissive=1
05-04 09:35:25.772 2828 2828 I auditd : type=1400 audit(0.0:850): avc: denied { map } for comm="crash_dump64" path="/dev/__properties__/u:object_r:vendor_xlat_prop:s0" dev="tmpfs" ino=15759 scontext=u:r:crash_dump:s0 tcontext=u:object_r:vendor_xlat_prop:s0 tclass=file permissive=1
05-04 09:35:25.772 2828 2828 I auditd : type=1400 audit(0.0:851): avc: denied { open } for comm="crash_dump64" path="/dev/__properties__/u:object_r:vendor_wlc_prop:s0" dev="tmpfs" ino=15758 scontext=u:r:crash_dump:s0 tcontext=u:object_r:vendor_wlc_prop:s0 tclass=file permissive=1
05-04 09:35:25.772 2828 2828 I auditd : type=1400 audit(0.0:852): avc: denied { getattr } for comm="crash_dump64" path="/dev/__properties__/u:object_r:vendor_wlc_prop:s0" dev="tmpfs" ino=15758 scontext=u:r:crash_dump:s0 tcontext=u:object_r:vendor_wlc_prop:s0 tclass=file permissive=1
05-04 09:35:25.772 2828 2828 I auditd : type=1400 audit(0.0:853): avc: denied { map } for comm="crash_dump64" path="/dev/__properties__/u:object_r:vendor_wlc_prop:s0" dev="tmpfs" ino=15758 scontext=u:r:crash_dump:s0 tcontext=u:object_r:vendor_wlc_prop:s0 tclass=file permissive=1
05-04 09:35:25.772 2828 2828 I auditd : type=1400 audit(0.0:854): avc: denied { open } for comm="crash_dump64" path="/dev/__properties__/u:object_r:vendor_wigig_prop:s0" dev="tmpfs" ino=15757 scontext=u:r:crash_dump:s0 tcontext=u:object_r:vendor_wigig_prop:s0 tclass=file permissive=1
05-04 09:35:25.772 2828 2828 I auditd : type=1400 audit(0.0:855): avc: denied { getattr } for comm="crash_dump64" path="/dev/__properties__/u:object_r:vendor_wigig_prop:s0" dev="tmpfs" ino=15757 scontext=u:r:crash_dump:s0 tcontext=u:object_r:vendor_wigig_prop:s0 tclass=file permissive=1
05-04 09:35:25.772 2828 2828 I auditd : type=1400 audit(0.0:856): avc: denied { map } for comm="crash_dump64" path="/dev/__properties__/u:object_r:vendor_wigig_prop:s0" dev="tmpfs" ino=15757 scontext=u:r:crash_dump:s0 tcontext=u:object_r:vendor_wigig_prop:s0 tclass=file permissive=1
05-04 09:35:25.772 2828 2828 I auditd : type=1400 audit(0.0:857): avc: denied { open } for comm="crash_dump64" path="/dev/__properties__/u:object_r:vendor_wigig_core_prop:s0" dev="tmpfs" ino=15756 scontext=u:r:crash_dump:s0 tcontext=u:object_r:vendor_wigig_core_prop:s0 tclass=file permissive=1
05-04 09:35:25.772 2828 2828 I auditd : type=1400 audit(0.0:858): avc: denied { getattr } for comm="crash_dump64" path="/dev/__properties__/u:object_r:vendor_wigig_core_prop:s0" dev="tmpfs" ino=15756 scontext=u:r:crash_dump:s0 tcontext=u:object_r:vendor_wigig_core_prop:s0 tclass=file permissive=1
05-04 09:35:25.772 2828 2828 I auditd : type=1400 audit(0.0:859): avc: denied { map } for comm="crash_dump64" path="/dev/__properties__/u:object_r:vendor_wigig_core_prop:s0" dev="tmpfs" ino=15756 scontext=u:r:crash_dump:s0 tcontext=u:object_r:vendor_wigig_core_prop:s0 tclass=file permissive=1
05-04 09:35:25.772 2828 2828 I auditd : type=1400 audit(0.0:860): avc: denied { open } for comm="crash_dump64" path="/dev/__properties__/u:object_r:vendor_wifi_version:s0" dev="tmpfs" ino=15755 scontext=u:r:crash_dump:s0 tcontext=u:object_r:vendor_wifi_version:s0 tclass=file permissive=1
05-04 09:35:25.772 2828 2828 I auditd : type=1400 audit(0.0:861): avc: denied { getattr } for comm="crash_dump64" path="/dev/__properties__/u:object_r:vendor_wifi_version:s0" dev="tmpfs" ino=15755 scontext=u:r:crash_dump:s0 tcontext=u:object_r:vendor_wifi_version:s0 tclass=file permissive=1
05-04 09:35:25.772 2828 2828 I auditd : type=1400 audit(0.0:862): avc: denied { map } for comm="crash_dump64" path="/dev/__properties__/u:object_r:vendor_wifi_version:s0" dev="tmpfs" ino=15755 scontext=u:r:crash_dump:s0 tcontext=u:object_r:vendor_wifi_version:s0 tclass=file permissive=1
05-04 09:35:25.772 2828 2828 I auditd : type=1400 audit(0.0:863): avc: denied { open } for comm="crash_dump64" path="/dev/__properties__/u:object_r:vendor_wifi_prop:s0" dev="tmpfs" ino=15754 scontext=u:r:crash_dump:s0 tcontext=u:object_r:vendor_wifi_prop:s0 tclass=file permissive=1
