05-04 09:37:20.170 11394 11394 D CompatConfig: Adding: com.android.server.compat.config.Change@3105157
05-04 09:37:20.170 11394 11418 I SystemConfig: Reading permissions from /system/etc/permissions/com.android.networkstack.tethering.xml
05-04 09:37:20.170 11394 11394 D CompatConfig: Adding: com.android.server.compat.config.Change@d89c92d
05-04 09:37:20.171 11394 11394 D CompatConfig: Adding: com.android.server.compat.config.Change@4c48e62
05-04 09:37:20.171 11394 11418 I SystemConfig: Reading permissions from /system/etc/permissions/com.thundercomm.debugtools.xml
05-04 09:37:20.171 11394 11394 D CompatConfig: Adding: com.android.server.compat.config.Change@42570b0
05-04 09:37:20.171 11394 11394 D CompatConfig: Adding: com.android.server.compat.config.Change@466cb29
05-04 09:37:20.171 11394 11418 I SystemConfig: Reading permissions from /system/etc/permissions/com.thundercomm.tcservice.xml
05-04 09:37:20.171 11394 11394 D CompatConfig: Adding: com.android.server.compat.config.Change@a2e144f
05-04 09:37:20.171 11394 11394 D CompatConfig: Adding: com.android.server.compat.config.Change@3e8e7dc
05-04 09:37:20.172 11394 11418 I SystemConfig: Reading permissions from /system/etc/permissions/com.android.future.usb.accessory.xml
05-04 09:37:20.172 11394 11394 D CompatConfig: Adding: com.android.server.compat.config.Change@b1587ba
05-04 09:37:20.172 11394 11394 D CompatConfig: Adding: com.android.server.compat.config.Change@b61a66b
05-04 09:37:20.172 11394 11418 I SystemConfig: Reading permissions from /system/etc/permissions/javax.obex.xml
05-04 09:37:20.172 11394 11394 D CompatConfig: Adding: com.android.server.compat.config.Change@2bbb661
05-04 09:37:20.173 11394 11394 D CompatConfig: Adding: com.android.server.compat.config.Change@b846586
05-04 09:37:20.173 11394 11418 I SystemConfig: Reading permissions from /system/etc/permissions/privapp-permissions-qti.xml
05-04 09:37:20.173 11394 11394 D CompatConfig: Adding: com.android.server.compat.config.Change@d085674
05-04 09:37:20.173 11394 11394 D CompatConfig: Adding: com.android.server.compat.config.Change@89c579d
05-04 09:37:20.173 11394 11394 D CompatConfig: Adding: com.android.server.compat.config.Change@db15412
05-04 09:37:20.173 11394 11394 D CompatConfig: Adding: com.android.server.compat.config.Change@40a77e3
05-04 09:37:20.174 11394 11394 D CompatConfig: Adding: com.android.server.compat.config.Change@58e65e0
05-04 09:37:20.174 11394 11394 D CompatConfig: Adding: com.android.server.compat.config.Change@bebd099
05-04 09:37:20.174 11394 11394 D CompatConfig: Adding: com.android.server.compat.config.Change@c4c9f5e
05-04 09:37:20.174 11394 11394 D CompatConfig: Adding: com.android.server.compat.config.Change@5e2af3f
05-04 09:37:20.174 11394 11418 I SystemConfig: Reading permissions from /system/etc/permissions/com.android.documentsui.xml
05-04 09:37:20.174 11394 11394 D CompatConfig: Adding: com.android.server.compat.config.Change@f1fdd55
05-04 09:37:20.175 11394 11394 D CompatConfig: Adding: com.android.server.compat.config.Change@abf536a
05-04 09:37:20.175 11394 11418 I SystemConfig: Reading permissions from /system/etc/permissions/com.thundercomm.screensaver.xml
05-04 09:37:20.175 11394 11394 D CompatConfig: Adding: com.android.server.compat.config.Change@19710f8
05-04 09:37:20.175 11394 11394 D CompatConfig: Adding: com.android.server.compat.config.Change@c4df9d1
05-04 09:37:20.175 11394 11418 I SystemConfig: Reading permissions from /system/etc/permissions/platform.xml
05-04 09:37:20.175 11394 11394 D CompatConfig: Adding: com.android.server.compat.config.Change@614737
05-04 09:37:20.175 11394 11394 D CompatConfig: Adding: com.android.server.compat.config.Change@8a844a4
05-04 09:37:20.176 11394 11394 D CompatConfig: Adding: com.android.server.compat.config.Change@f67620d
05-04 09:37:20.176 11394 11394 D CompatConfig: Adding: com.android.server.compat.config.Change@1f2e5c2
05-04 09:37:20.176 11394 11394 D CompatConfig: Adding: com.android.server.compat.config.Change@c791fd3
05-04 09:37:20.176 11394 11394 D CompatConfig: Adding: com.android.server.compat.config.Change@7770710
05-04 09:37:20.177 11394 11394 D CompatConfig: Adding: com.android.server.compat.config.Change@8351209
05-04 09:37:20.177 11394 11394 D CompatConfig: Adding: com.android.server.compat.config.Change@60d9c0e
05-04 09:37:20.177 11394 11394 D CompatConfig: Adding: com.android.server.compat.config.Change@a2be62f
05-04 09:37:20.177 11394 11394 D CompatConfig: Adding: com.android.server.compat.config.Change@c2d843c
05-04 09:37:20.178 11394 11394 D CompatConfig: Adding: com.android.server.compat.config.Change@13c5c5
05-04 09:37:20.178 11394 11394 D CompatConfig: Adding: com.android.server.compat.config.Change@a0b6b1a
05-04 09:37:20.178 11394 11394 D CompatConfig: Adding: com.android.server.compat.config.Change@19ab64b
05-04 09:37:20.178 11394 11394 D CompatConfig: Adding: com.android.server.compat.config.Change@f6ff941
05-04 09:37:20.178 11394 11418 I SystemConfig: Reading permissions from /vendor/etc/permissions/android.hardware.wifi.rtt.xml
05-04 09:37:20.178 11394 11394 D CompatConfig: Adding: com.android.server.compat.config.Change@9e51ee6
05-04 09:37:20.179 11394 11418 I SystemConfig: Reading permissions from /vendor/etc/permissions/android.hardware.sensor.compass.xml
05-04 09:37:20.179 11394 11394 D CompatConfig: Adding: com.android.server.compat.config.Change@f81ed4
05-04 09:37:20.179 11394 11394 D CompatConfig: Adding: com.android.server.compat.config.Change@6544372
05-04 09:37:20.179 11394 11418 I SystemConfig: Reading permissions from /vendor/etc/permissions/android.hardware.bluetooth.xml
05-04 09:37:20.179 11394 11394 D CompatConfig: Adding: com.android.server.compat.config.Change@a99a3c3
05-04 09:37:20.179 11394 11418 I SystemConfig: Reading permissions from /vendor/etc/permissions/android.hardware.usb.accessory.xml
05-04 09:37:20.179 11394 11394 D CompatConfig: Adding: com.android.server.compat.config.Change@c98f79
05-04 09:37:20.179 11394 11394 D CompatConfig: Adding: com.android.server.compat.config.Change@368b91f
05-04 09:37:20.179 11394 11418 I SystemConfig: Reading permissions from /vendor/etc/permissions/android.hardware.wifi.xml
05-04 09:37:20.180 11394 11394 D CompatConfig: Adding: com.android.server.compat.config.Change@8f8746c
05-04 09:37:20.180 11394 11418 I SystemConfig: Reading permissions from /vendor/etc/permissions/android.software.verified_boot.xml
05-04 09:37:20.180 11394 11394 D CompatConfig: Adding: com.android.server.compat.config.Change@ce9c83b
05-04 09:37:20.180 11394 11418 I SystemConfig: Reading permissions from /vendor/etc/permissions/android.software.ipsec_tunnels.xml
05-04 09:37:20.180 11394 11418 I SystemConfig: Reading permissions from /vendor/etc/permissions/android.hardware.vulkan.level-1.xml
05-04 09:37:20.181 11394 11394 D CompatConfig: Adding: com.android.server.compat.config.Change@d88b4b1
05-04 09:37:20.181 11394 11418 I SystemConfig: Reading permissions from /vendor/etc/permissions/handheld_core_hardware.xml
05-04 09:37:20.181 11394 11418 I SystemConfig: Reading permissions from /vendor/etc/permissions/android.hardware.audio.pro.xml
05-04 09:37:20.181 11394 11394 D CompatConfig: Adding: com.android.server.compat.config.Change@7cae504
05-04 09:37:20.181 11394 11418 I SystemConfig: Reading permissions from /vendor/etc/permissions/android.hardware.sensor.accelerometer.xml
05-04 09:37:20.181 11394 11394 D CompatConfig: Adding: com.android.server.compat.config.Change@c9b03b3
05-04 09:37:20.181 11394 11418 I SystemConfig: Reading permissions from /vendor/etc/permissions/android.hardware.sensor.gyroscope.xml
05-04 09:37:20.181 11394 11418 I SystemConfig: Reading permissions from /vendor/etc/permissions/android.software.device_id_attestation.xml
05-04 09:37:20.182 11394 11418 I SystemConfig: Reading permissions from /vendor/etc/permissions/android.hardware.sensor.ambient_temperature.xml
05-04 09:37:20.182 11394 11418 I SystemConfig: Reading permissions from /vendor/etc/permissions/android.hardware.location.gps.xml
05-04 09:37:20.182 11394 11418 I SystemConfig: Reading permissions from /vendor/etc/permissions/android.hardware.light.xml
05-04 09:37:20.182 11394 11418 I SystemConfig: Reading permissions from /vendor/etc/permissions/android.software.vulkan.deqp.level.xml
05-04 09:37:20.182 11394 11418 I SystemConfig: Reading permissions from /vendor/etc/permissions/android.hardware.bluetooth_le.xml
05-04 09:37:20.182 11394 11418 I SystemConfig: Reading permissions from /vendor/etc/permissions/android.hardware.vulkan.version-1_1.xml
05-04 09:37:20.183 11394 11418 I SystemConfig: Reading permissions from /vendor/etc/permissions/vendor.qti.hardware.factory.xml
05-04 09:37:20.183 11394 11418 I SystemConfig: Reading permissions from /vendor/etc/permissions/android.hardware.audio.low_latency.xml
05-04 09:37:20.183 11394 11418 I SystemConfig: Reading permissions from /vendor/etc/permissions/android.hardware.wifi.direct.xml
05-04 09:37:20.183 11394 11418 I SystemConfig: Reading permissions from /vendor/etc/permissions/vendor-qti-hardware-sensorscalibrate.xml
05-04 09:37:20.183 11394 11418 I SystemConfig: Reading permissions from /vendor/etc/permissions/android.hardware.vulkan.compute-0.xml
05-04 09:37:20.183 11394 11418 I SystemConfig: Reading permissions from /vendor/etc/permissions/qti_fingerprint_interface.xml
05-04 09:37:20.184 11394 11418 I SystemConfig: Reading permissions from /vendor/etc/permissions/android.software.midi.xml
05-04 09:37:20.184 11394 11418 I SystemConfig: Reading permissions from /vendor/etc/permissions/android.hardware.sensor.hifi_sensors.xml
05-04 09:37:20.184 11394 11418 I SystemConfig: Reading permissions from /vendor/etc/permissions/android.hardware.fingerprint.xml
05-04 09:37:20.184 11394 11418 I SystemConfig: Reading permissions from /vendor/etc/permissions/android.hardware.opengles.aep.xml
05-04 09:37:20.184 11394 11418 I SystemConfig: Reading permissions from /vendor/etc/permissions/android.hardware.touchscreen.multitouch.jazzhand.xml
05-04 09:37:20.184 11394 11418 I SystemConfig: Reading permissions from /vendor/etc/permissions/android.hardware.se.omapi.uicc.xml
05-04 09:37:20.185 11394 11418 I SystemConfig: Reading permissions from /vendor/etc/permissions/android.hardware.se.omapi.ese.xml
05-04 09:37:20.185 11394 11418 I SystemConfig: Reading permissions from /vendor/etc/permissions/android.hardware.sensor.barometer.xml
05-04 09:37:20.185 11394 11418 I SystemConfig: Reading permissions from /vendor/etc/permissions/android.hardware.wifi.aware.xml
05-04 09:37:20.185 11394 11418 I SystemConfig: Reading permissions from /vendor/etc/permissions/android.hardware.wifi.passpoint.xml
05-04 09:37:20.186 11394 11418 I SystemConfig: Reading permissions from /vendor/etc/permissions/android.hardware.usb.host.xml
05-04 09:37:20.186 11394 11418 I SystemConfig: Reading permissions from /vendor/etc/permissions/android.hardware.sensor.relative_humidity.xml
05-04 09:37:20.186 11394 11418 I SystemConfig: Reading permissions from /product/etc/sysconfig/preinstalled-packages-platform-handheld-product.xml
05-04 09:37:20.187 11394 11418 I SystemConfig: Reading permissions from /product/etc/sysconfig/preinstalled-packages-platform-overlays.xml
05-04 09:37:20.187 11394 11418 I SystemConfig: Reading permissions from /product/etc/permissions/ims_ext_common.xml
05-04 09:37:20.187 11394 11418 I SystemConfig: Reading permissions from /product/etc/permissions/com.qti.snapdragon.sdk.display.xml
05-04 09:37:20.188 11394 11418 I SystemConfig: Reading permissions from /product/etc/permissions/UimService.xml
05-04 09:37:20.188 11394 11394 D CompatConfig: Adding: com.android.server.compat.config.Change@7652482
05-04 09:37:20.188 11394 11418 I SystemConfig: Reading permissions from /product/etc/permissions/vendor.qti.hardware.data.connection-V1.0-java.xml
05-04 09:37:20.188 11394 11418 I SystemConfig: Reading permissions from /product/etc/permissions/telephony_product_privapp-permissions-qti.xml
05-04 09:37:20.188 11394 11394 D CompatConfig: Adding: com.android.server.compat.config.Change@bd06fc9
05-04 09:37:20.189 11394 11418 I SystemConfig: Reading permissions from /product/etc/permissions/com.android.settings.intelligence.xml
05-04 09:37:20.189 11394 11418 I SystemConfig: Reading permissions from /product/etc/permissions/vendor.qti.hardware.data.connection-V1.1-java.xml
05-04 09:37:20.189 11394 11418 I SystemConfig: Reading permissions from /system_ext/etc/sysconfig/qti_whitelist_system_ext.xml
05-04 09:37:20.189 11394 11418 I SystemConfig: Reading permissions from /system_ext/etc/sysconfig/qti_telephony_system_packages_config.xml
05-04 09:37:20.189 11394 11394 D CompatConfig: Found a config file: /system/etc/compatconfig/icu4j-platform-compat-config.xml
05-04 09:37:20.190 11394 11394 D CompatConfig: Adding: com.android.server.compat.config.Change@195260b
05-04 09:37:20.190 11394 11418 I SystemConfig: Reading permissions from /system_ext/etc/permissions/com.qualcomm.qti.imscmservice.xml
05-04 09:37:20.190 11394 11394 D CompatConfig: Found a config file: /system/system_ext/etc/compatconfig/settings-platform-compat-config.xml
05-04 09:37:20.190 11394 11418 I SystemConfig: Reading permissions from /system_ext/etc/permissions/android.software.verified_boot.xml
05-04 09:37:20.190 11394 11394 D CompatConfig: Adding: com.android.server.compat.config.Change@6d2bf94
05-04 09:37:20.190 11394 11418 I SystemConfig: Reading permissions from /system_ext/etc/permissions/telephony_system-ext_privapp-permissions-qti.xml
05-04 09:37:20.190 11394 11418 I SystemConfig: Reading permissions from /system_ext/etc/permissions/embms-noship_product_privapp_permissions_qti.xml
05-04 09:37:20.191 11394 11418 I SystemConfig: Reading permissions from /system_ext/etc/permissions/audiosphere.xml
05-04 09:37:20.191 11394 11418 I SystemConfig: Reading permissions from /system_ext/etc/permissions/com.android.storagemanager.xml
05-04 09:37:20.191 11394 11418 I SystemConfig: Reading permissions from /system_ext/etc/permissions/dpmapi.xml
05-04 09:37:20.191 11394 11418 I SystemConfig: Reading permissions from /system_ext/etc/permissions/embms.xml
05-04 09:37:20.191 11394 11418 I SystemConfig: Reading permissions from /system_ext/etc/permissions/com.qualcomm.qti.imscmservice-V2.0-java.xml
05-04 09:37:20.191 11394 11418 I SystemConfig: Reading permissions from /system_ext/etc/permissions/com.qti.dpmframework.xml
05-04 09:37:20.192 11394 11418 I SystemConfig: Reading permissions from /system_ext/etc/permissions/qti_libpermissions.xml
05-04 09:37:20.192 11394 11418 I SystemConfig: Reading permissions from /system_ext/etc/permissions/com.android.provision.xml
05-04 09:37:20.192 11394 11418 I SystemConfig: Reading permissions from /system_ext/etc/permissions/wfd-system-ext-privapp-permissions-qti.xml
05-04 09:37:20.192 11394 11418 I SystemConfig: Reading permissions from /system_ext/etc/permissions/com.qualcomm.qti.izattools.xml
05-04 09:37:20.193 11394 11418 I SystemConfig: Reading permissions from /system_ext/etc/permissions/com.android.launcher3.xml
05-04 09:37:20.193 11394 11418 I SystemConfig: Reading permissions from /system_ext/etc/permissions/com.qti.media.secureprocessor.xml
05-04 09:37:20.193 11394 11418 I SystemConfig: Reading permissions from /system_ext/etc/permissions/com.android.systemui.xml
05-04 09:37:20.193 11394 11418 I SystemConfig: Reading permissions from /system_ext/etc/permissions/com.android.settings.xml
05-04 09:37:20.194 11394 11418 I SystemConfig: Reading permissions from /system_ext/etc/permissions/izat.xt.srv.xml
05-04 09:37:20.194 11394 11418 I SystemConfig: Reading permissions from /system_ext/etc/permissions/privapp-permissions-com.qualcomm.location.xml
05-04 09:37:20.194 11394 11418 I SystemConfig: Reading permissions from /system_ext/etc/permissions/com.qti.location.sdk.xml
05-04 09:37:20.194 11394 11418 I SystemConfig: Reading permissions from /system_ext/etc/permissions/privapp-permissions-aptxals.xml
05-04 09:37:20.194 11394 11418 I SystemConfig: Reading permissions from /system_ext/etc/permissions/qti_permissions.xml
05-04 09:37:20.195 11394 11418 I SystemConfig: Reading permissions from /system_ext/etc/permissions/com.hht.lebocast.xml
05-04 09:37:20.195 11394 11418 I SystemConfig: Reading permissions from /system_ext/etc/permissions/com.qualcomm.qti.imscmservice-V2.2-java.xml
05-04 09:37:20.195 11394 11418 I SystemConfig: Reading permissions from /system_ext/etc/permissions/com.thundercomm.microsettings.xml
05-04 09:37:20.195 11394 11418 I SystemConfig: Reading permissions from /system_ext/etc/permissions/com.qualcomm.location.xml
05-04 09:37:20.195 11394 11418 I SystemConfig: Reading permissions from /system_ext/etc/permissions/com.qualcomm.qti.imscmservice-V2.1-java.xml
05-04 09:37:20.196 11394 11418 I SystemConfig: Reading permissions from /system_ext/etc/permissions/vendor.qti.ims.rcsservice.xml
05-04 09:37:20.196 11394 11394 D CompatConfig: No directory /apex/com.android.vndk.v30/etc/compatconfig, skipping
05-04 09:37:20.196 11394 11394 D CompatConfig: No directory /apex/com.android.wifi/etc/compatconfig, skipping
05-04 09:37:20.196 11394 11394 D CompatConfig: No directory /apex/com.android.vndk.v31/etc/compatconfig, skipping
05-04 09:37:20.196 11394 11418 I SystemConfig: Reading permissions from /system_ext/etc/permissions/com.android.emergency.xml
05-04 09:37:20.196 11394 11394 D CompatConfig: No directory /apex/com.android.tzdata/etc/compatconfig, skipping
05-04 09:37:20.196 11394 11394 D CompatConfig: No directory /apex/com.android.tethering/etc/compatconfig, skipping
05-04 09:37:20.196 11394 11394 D CompatConfig: No directory /apex/com.android.sdkext/etc/compatconfig, skipping
05-04 09:37:20.196 11394 11394 D CompatConfig: No directory /apex/com.android.scheduling/etc/compatconfig, skipping
05-04 09:37:20.196 11394 11394 D CompatConfig: No directory /apex/com.android.runtime/etc/compatconfig, skipping
05-04 09:37:20.196 11394 11394 D CompatConfig: No directory /apex/com.android.resolv/etc/compatconfig, skipping
05-04 09:37:20.196 11394 11394 D CompatConfig: No directory /apex/com.android.permission/etc/compatconfig, skipping
05-04 09:37:20.196 11394 11394 D CompatConfig: No directory /apex/com.android.os.statsd/etc/compatconfig, skipping
05-04 09:37:20.196 11394 11394 D CompatConfig: No directory /apex/com.android.neuralnetworks/etc/compatconfig, skipping
05-04 09:37:20.196 11394 11394 D CompatConfig: Found a config file: /apex/com.android.mediaprovider/etc/compatconfig/media-provider-platform-compat-config.xml
05-04 09:37:20.196 11394 11418 I SystemConfig: Reading permissions from /system_ext/etc/permissions/qti_supplicant_interface.xml
05-04 09:37:20.197 11394 11394 D CompatConfig: Adding: com.android.server.compat.config.Change@4f86b06
05-04 09:37:20.197 11394 11418 I SystemConfig: Reading permissions from /system_ext/etc/permissions/com.nxp.nfc.nq.xml
05-04 09:37:20.197 11394 11418 I SystemConfig: Reading permissions from /system_ext/etc/permissions/com.qualcomm.qmapbridge.xml
05-04 09:37:20.197 11394 11394 D CompatConfig: Adding: com.android.server.compat.config.Change@b2e3b1d
05-04 09:37:20.197 11394 11418 I SystemConfig: Reading permissions from /system_ext/etc/permissions/privapp-permissions-qti-system-ext.xml
05-04 09:37:20.197 11394 11394 D CompatConfig: Adding: com.android.server.compat.config.Change@bbbc763
05-04 09:37:20.197 11394 11394 D CompatConfig: Adding: com.android.server.compat.config.Change@f463f60
05-04 09:37:20.198 11394 11394 D CompatConfig: Adding: com.android.server.compat.config.Change@c786c19
05-04 09:37:20.198 11394 11418 I SystemConfig: Reading permissions from /apex/com.android.ipsec/etc/permissions/android.net.ipsec.ike.xml
05-04 09:37:20.198 11394 11394 D CompatConfig: Adding: com.android.server.compat.config.Change@c1976bf
05-04 09:37:20.198 11394 11394 D CompatConfig: Adding: com.android.server.compat.config.Change@fbff18c
05-04 09:37:20.199 11394 11394 D CompatConfig: No directory /apex/com.android.media.swcodec/etc/compatconfig, skipping
05-04 09:37:20.199 11394 11394 D CompatConfig: No directory /apex/com.android.media/etc/compatconfig, skipping
05-04 09:37:20.199 11394 11394 D CompatConfig: No directory /apex/com.android.ipsec/etc/compatconfig, skipping
05-04 09:37:20.199 11394 11394 D CompatConfig: No directory /apex/com.android.i18n/etc/compatconfig, skipping
05-04 09:37:20.200 11394 11394 D CompatConfig: No directory /apex/com.android.extservices/etc/compatconfig, skipping
05-04 09:37:20.200 11394 11394 D CompatConfig: No directory /apex/com.android.conscrypt/etc/compatconfig, skipping
05-04 09:37:20.200 11394 11394 D CompatConfig: Found a config file: /apex/com.android.art/etc/compatconfig/libcore-platform-compat-config.xml
05-04 09:37:20.200 11394 11394 D CompatConfig: Adding: com.android.server.compat.config.Change@78bfdb
05-04 09:37:20.200 11394 11394 D CompatConfig: Adding: com.android.server.compat.config.Change@737a1b6
05-04 09:37:20.200 11394 11418 D SystemServerInitThreadPool: Finished executing ReadingSystemConfig
05-04 09:37:20.201 11394 11394 D CompatConfig: Adding: com.android.server.compat.config.Change@220e624
05-04 09:37:20.201 11394 11394 D CompatConfig: Adding: com.android.server.compat.config.Change@1f9258d
05-04 09:37:20.201 11394 11394 D CompatConfig: Adding: com.android.server.compat.config.Change@8942342
05-04 09:37:20.201 11394 11394 D CompatConfig: No directory /apex/com.android.appsearch/etc/compatconfig, skipping
05-04 09:37:20.201 11394 11394 D CompatConfig: No directory /apex/com.android.adbd/etc/compatconfig, skipping
05-04 09:37:20.205 11394 11394 I SystemServerTiming: StartFileIntegrityService
05-04 09:37:20.205 11394 11394 I SystemServiceManager: Starting com.android.server.security.FileIntegrityService
05-04 09:37:20.208 11394 11394 I SystemServerTiming: StartInstaller
05-04 09:37:20.209 11394 11394 I SystemServiceManager: Starting com.android.server.pm.Installer
05-04 09:37:20.210 11394 11394 I SystemServerTiming: DeviceIdentifiersPolicyService
05-04 09:37:20.210 11394 11394 I SystemServiceManager: Starting com.android.server.os.DeviceIdentifiersPolicyService
05-04 09:37:20.210 11394 11394 I SystemServerTiming: UriGrantsManagerService
05-04 09:37:20.210 11394 11394 I SystemServiceManager: Starting com.android.server.uri.UriGrantsManagerService$Lifecycle
05-04 09:37:20.211 11394 11394 I SystemServerTiming: StartPowerStatsService
05-04 09:37:20.211 11394 11394 I SystemServiceManager: Starting com.android.server.powerstats.PowerStatsService
05-04 09:37:20.213 11394 11394 I SystemServerTiming: StartIStatsService
05-04 09:37:20.214 11394 11394 I SystemServerTiming: MemtrackProxyService
05-04 09:37:20.215 11394 11394 I SystemServerTiming: StartActivityManager
05-04 09:37:20.216 11394 11394 I SystemServiceManager: Starting com.android.server.wm.ActivityTaskManagerService$Lifecycle
05-04 09:37:20.212 0 0 I binder : 11394:11394 ioctl 40046210 7fd13a16d4 returned -22
05-04 09:37:20.217 11394 11394 I SystemServiceManager: Starting com.android.server.am.ActivityManagerService$Lifecycle
05-04 09:37:20.218 11394 11394 I ActivityManager: Memory class: 512
05-04 09:37:20.220 11394 11421 I Binder : Setting heavy hitter watcher config: false, 0, 0.0
05-04 09:37:20.229 11394 11394 I PackageWatchdog: Updated health check state for package com.qualcomm.qti.devicestatisticsservice: INACTIVE -> PASSED
05-04 09:37:20.234 11394 11394 D BatteryStatsImpl: Reading daily items from /data/system/batterystats-daily.xml
05-04 09:37:20.244 11394 11428 I KernelCpuUidFreqTimeReader: mPerClusterTimesAvailable=false
05-04 09:37:20.255 11394 11428 W KernelCpuUidFreqTimeBpfMapReader: Failed to start tracking
05-04 09:37:20.259 11394 11428 W KernelCpuUidActiveTimeBpfMapReader: Failed to start tracking
05-04 09:37:20.261 11394 11428 W KernelCpuUidClusterTimeBpfMapReader: Failed to start tracking
05-04 09:37:20.263 11394 11428 E KernelCpuSpeedReader: Failed to read cpu-freq: /sys/devices/system/cpu/cpu4/cpufreq/stats/time_in_state: open failed: ENOENT (No such file or directory)
05-04 09:37:20.263 11394 11428 E KernelCpuSpeedReader: Failed to read cpu-freq: /sys/devices/system/cpu/cpu0/cpufreq/stats/time_in_state: open failed: ENOENT (No such file or directory)
05-04 09:37:20.260 572 572 I auditd : type=1400 audit(0.0:11395): avc: denied { read } for comm="Binder:572_3" name="wakeup58" dev="sysfs" ino=71912 scontext=u:r:system_suspend:s0 tcontext=u:object_r:sysfs:s0 tclass=dir permissive=1
05-04 09:37:20.260 572 572 I auditd : type=1400 audit(0.0:11396): avc: denied { open } for comm="Binder:572_3" path="/sys/devices/virtual/misc/msm_g711alaw/wakeup58" dev="sysfs" ino=71912 scontext=u:r:system_suspend:s0 tcontext=u:object_r:sysfs:s0 tclass=dir permissive=1
05-04 09:37:20.260 572 572 I auditd : type=1400 audit(0.0:11397): avc: denied { read } for comm="Binder:572_3" name="event_count" dev="sysfs" ino=71919 scontext=u:r:system_suspend:s0 tcontext=u:object_r:sysfs:s0 tclass=file permissive=1
05-04 09:37:20.281 11330 11330 I liblog : 84
05-04 09:37:20.294 11394 11394 I service_manager_stats: [100,16,132306]
05-04 09:37:20.302 11394 11428 W KernelMemoryBandwidthStats: No kernel memory bandwidth stats available
05-04 09:37:20.308 11394 11420 I commit_sys_config_file: [batterystats,4]
05-04 09:37:20.309 11394 11420 I commit_sys_config_file: [batterystats,1]
05-04 09:37:20.348 11394 11394 I IntentFirewall: Read new rules (A:0 B:0 S:0)
05-04 09:37:20.355 11394 11394 D AppOps : AppOpsService published
05-04 09:37:20.355 11394 11394 I SystemServerTiming: StartDataLoaderManagerService
05-04 09:37:20.355 11394 11394 I SystemServiceManager: Starting com.android.server.pm.DataLoaderManagerService
05-04 09:37:20.357 11394 11394 I SystemServerTiming: StartIncrementalService
05-04 09:37:20.358 11394 11394 I SystemServerTiming: StartPowerManager
05-04 09:37:20.358 11394 11394 I SystemServiceManager: Starting com.android.server.power.PowerManagerService
05-04 09:37:20.364 11394 11394 I SystemServerTiming: StartThermalManager
05-04 09:37:20.364 11394 11394 I SystemServiceManager: Starting com.android.server.power.ThermalManagerService
05-04 09:37:20.365 11394 11394 I SystemServerTiming: StartHintManager
05-04 09:37:20.365 11394 11394 I SystemServiceManager: Starting com.android.server.power.hint.HintManagerService
05-04 09:37:20.365 11394 11394 I SystemServerTiming: InitPowerManagement
05-04 09:37:20.366 11394 11394 I SystemServerTiming: StartRecoverySystemService
05-04 09:37:20.366 11394 11394 I SystemServiceManager: Starting com.android.server.recoverysystem.RecoverySystemService$Lifecycle
05-04 09:37:20.367 11394 11394 I rescue_note: [0,3,132378]
05-04 09:37:20.367 11394 11394 I SystemServerTiming: StartLightsService
05-04 09:37:20.367 11394 11394 I SystemServiceManager: Starting com.android.server.lights.LightsService
05-04 09:37:20.368 11394 11394 I SystemServerTiming: StartSidekickService
05-04 09:37:20.368 11394 11394 I SystemServerTiming: StartDisplayManager
05-04 09:37:20.368 11394 11394 I SystemServiceManager: Starting com.android.server.display.DisplayManagerService
05-04 09:37:20.370 11394 11394 I SystemServerTiming: WaitForDisplay
05-04 09:37:20.370 11394 11394 I SystemServiceManager: Starting phase 100
05-04 09:37:20.370 11394 11394 I SystemServerTiming: OnBootPhase_100
05-04 09:37:20.370 11394 11394 I SystemServerTiming: OnBootPhase_100_com.android.server.security.FileIntegrityService
05-04 09:37:20.370 11394 11394 I SystemServerTiming: OnBootPhase_100_com.android.server.pm.Installer
05-04 09:37:20.370 11394 11394 I SystemServerTiming: OnBootPhase_100_com.android.server.os.DeviceIdentifiersPolicyService
05-04 09:37:20.370 11394 11394 I SystemServerTiming: OnBootPhase_100_com.android.server.uri.UriGrantsManagerService$Lifecycle
05-04 09:37:20.370 11394 11394 I SystemServerTiming: OnBootPhase_100_com.android.server.powerstats.PowerStatsService
05-04 09:37:20.370 11394 11394 I SystemServerTiming: OnBootPhase_100_com.android.server.wm.ActivityTaskManagerService$Lifecycle
05-04 09:37:20.370 11394 11394 I SystemServerTiming: OnBootPhase_100_com.android.server.am.ActivityManagerService$Lifecycle
05-04 09:37:20.370 11394 11394 I SystemServerTiming: OnBootPhase_100_com.android.server.pm.DataLoaderManagerService
05-04 09:37:20.370 11394 11394 I SystemServerTiming: OnBootPhase_100_com.android.server.power.PowerManagerService
05-04 09:37:20.370 11394 11394 I SystemServerTiming: OnBootPhase_100_com.android.server.power.ThermalManagerService
05-04 09:37:20.370 11394 11394 I SystemServerTiming: OnBootPhase_100_com.android.server.power.hint.HintManagerService
05-04 09:37:20.370 11394 11394 I SystemServerTiming: OnBootPhase_100_com.android.server.recoverysystem.RecoverySystemService$Lifecycle
05-04 09:37:20.370 11394 11394 I SystemServerTiming: OnBootPhase_100_com.android.server.lights.LightsService
05-04 09:37:20.370 11394 11394 I SystemServerTiming: OnBootPhase_100_com.android.server.display.DisplayManagerService
05-04 09:37:20.375 11394 11414 I DisplayDeviceRepository: Display device added: DisplayDeviceInfo{"内置屏幕": uniqueId="local:4630946370410392961", 2380 x 1020, modeId 1, defaultModeId 1, supportedModes [{id=1, width=2380, height=1020, fps=60.000004, alternativeRefreshRates=[30.000002, 45.0]}, {id=2, width=2380, height=1020, fps=45.0, alternativeRefreshRates=[30.000002, 60.000004]}, {id=3, width=2380, height=1020, fps=30.000002, alternativeRefreshRates=[45.0, 60.000004]}], colorMode 0, supportedColorModes [0], hdrCapabilities HdrCapabilities{mSupportedHdrTypes=[2, 3, 4], mMaxLuminance=500.0, mMaxAverageLuminance=500.0, mMinLuminance=0.0}, allmSupported false, gameContentTypeSupported false, density 240, 319.851 x 319.851 dpi, appVsyncOff 1000000, presDeadline 16666666, touch INTERNAL, rotation 0, type INTERNAL, address {port=129, model=0x40446d3026322d}, deviceProductInfo DeviceProductInfo{name=, manufacturerPnpId=QCM, productId=1, modelYear=null, manufactureDate=ManufactureDate{week=27, year=2006}, connectionToSinkType=0}, state UNKNOWN, frameRateOverride , brightnessMinimum 0.0, brightnessMaximum 1.0, brightnessDefault 1.0, FLAG_DEFAULT_DISPLAY, FLAG_ROTATES_WITH_CONTENT, FLAG_SECURE, FLAG_SUPPORTS_PROTECTED_BUFFERS}
05-04 09:37:20.376 11394 11414 I LogicalDisplayMapper: Applying layout: [{addr: {port=129, model=0x40446d3026322d}, dispId: 0(ON)}], Previous layout: null
05-04 09:37:20.378 11394 11414 I LogicalDisplayMapper: Adding new display: 0: DisplayInfo{"内置屏幕", displayId 0", displayGroupId -1, FLAG_SECURE, FLAG_SUPPORTS_PROTECTED_BUFFERS, FLAG_TRUSTED, real 2380 x 1020, largest app 2380 x 1020, smallest app 2380 x 1020, appVsyncOff 1000000, presDeadline 16666666, mode 1, defaultMode 1, modes [{id=1, width=2380, height=1020, fps=60.000004, alternativeRefreshRates=[30.000002, 45.0]}, {id=2, width=2380, height=1020, fps=45.0, alternativeRefreshRates=[30.000002, 60.000004]}, {id=3, width=2380, height=1020, fps=30.000002, alternativeRefreshRates=[45.0, 60.000004]}], hdrCapabilities HdrCapabilities{mSupportedHdrTypes=[2, 3, 4], mMaxLuminance=500.0, mMaxAverageLuminance=500.0, mMinLuminance=0.0}, userDisabledHdrTypes [], minimalPostProcessingSupported false, rotation 0, state UNKNOWN, type INTERNAL, uniqueId "local:4630946370410392961", app 2380 x 1020, density 240 (319.851 x 319.851) dpi, layerStack 0, colorMode 0, supportedColorModes [0], address {port=129, model=0x40446d3026322d}, deviceProductInfo DeviceProductInfo{name=, manufacturerPnpId=QCM, productId=1, modelYear=null, manufactureDate=ManufactureDate{week=27, year=2006}, connectionToSinkType=0}, removeMode 0, refreshRateOverride 0.0, brightnessMinimum 0.0, brightnessMaximum 1.0, brightnessDefault 1.0}
05-04 09:37:20.378 11394 11414 I LogicalDisplayMapper: Setting new display group 0 for display 0, from previous group: null
05-04 09:37:20.379 11394 11414 E DisplayDeviceConfig: requesting nits when no mapping exists.
05-04 09:37:20.381 11394 11414 I am_wtf : [0,11394,system_server,-1,DisplayDeviceConfig,requesting nits when no mapping exists.]
05-04 09:37:20.381 11394 11414 E DisplayDeviceConfig: requesting nits when no mapping exists.
05-04 09:37:20.381 11394 11414 I am_wtf : [0,11394,system_server,-1,DisplayDeviceConfig,requesting nits when no mapping exists.]
05-04 09:37:20.384 11394 11394 I SystemServerTiming: StartDomainVerificationService
05-04 09:37:20.385 11394 11414 I DisplayDeviceRepository: Display device changed state: "内置屏幕", ON
05-04 09:37:20.386 11394 11394 I SystemServerTiming: StartPackageManagerService
05-04 09:37:20.386 11394 11394 I Watchdog: Pausing HandlerChecker: main thread for reason: packagemanagermain. Pause count: 1
05-04 09:37:20.387 11394 11394 I PackageManagerTiming: create package manager
05-04 09:37:20.389 11394 11394 I boot_progress_pms_start: 132401
05-04 09:37:20.389 11394 11394 I PackageManagerTiming: readListOfPackagesToBeDisabled
05-04 09:37:20.389 11394 11394 D PackageManager: Disabling packages for wifi-only device, source: /vendor/etc/telephony_packages.xml
05-04 09:37:20.390 11394 11394 I PackageManagerTiming: createSubComponents
05-04 09:37:20.395 11394 11394 I PackageManagerTiming: addSharedUsers
05-04 09:37:20.396 11394 11394 I PackageManagerTiming: get system config
05-04 09:37:20.397 11394 11394 D PackageManager: Directories scanned as system partitions: [/system:0, /vendor:524288, /odm:4194304, /oem:262144, /product:1048576, /system_ext:2097152, /apex/com.android.vndk.v30:8388608, /apex/com.android.wifi:8388608, /apex/com.android.vndk.v31:8388608, /apex/com.android.tzdata:8388608, /apex/com.android.tethering:8388608, /apex/com.android.sdkext:8388608, /apex/com.android.scheduling:8388608, /apex/com.android.runtime:8388608, /apex/com.android.resolv:8388608, /apex/com.android.permission:8388608, /apex/com.android.os.statsd:8388608, /apex/com.android.neuralnetworks:8388608, /apex/com.android.mediaprovider:8388608, /apex/com.android.media.swcodec:8388608, /apex/com.android.media:8388608, /apex/com.android.ipsec:8388608, /apex/com.android.i18n:8388608, /apex/com.android.extservices:8388608, /apex/com.android.conscrypt:8388608, /apex/com.android.art:8388608, /apex/com.android.appsearch:8388608, /apex/com.android.adbd:8388608]
05-04 09:37:20.397 11394 11394 D SELinuxMMAC: Using policy file /system/etc/selinux/plat_mac_permissions.xml
05-04 09:37:20.398 11394 11394 D SELinuxMMAC: Using policy file /system_ext/etc/selinux/system_ext_mac_permissions.xml
05-04 09:37:20.398 11394 11394 D SELinuxMMAC: Using policy file /product/etc/selinux/product_mac_permissions.xml
05-04 09:37:20.398 11394 11394 D SELinuxMMAC: Using policy file /vendor/etc/selinux/vendor_mac_permissions.xml
05-04 09:37:20.398 11394 11394 D SELinuxMMAC: Using policy file /odm/etc/selinux/odm_mac_permissions.xml
05-04 09:37:20.398 11394 11394 I PackageManagerTiming: loadFallbacks
05-04 09:37:20.399 11394 11394 I PackageManagerTiming: read user settings
05-04 09:37:20.436 11394 11394 W android.permission.PermissionManager: Missing ActivityManager; assuming 1000 holds android.permission.SET_PREFERRED_APPLICATIONS
05-04 09:37:20.437 11394 11394 W android.permission.PermissionManager: Missing ActivityManager; assuming 1000 holds android.permission.SET_PREFERRED_APPLICATIONS
05-04 09:37:20.437 11394 11394 W android.permission.PermissionManager: Missing ActivityManager; assuming 1000 holds android.permission.SET_PREFERRED_APPLICATIONS
05-04 09:37:20.437 11394 11394 W android.permission.PermissionManager: Missing ActivityManager; assuming 1000 holds android.permission.SET_PREFERRED_APPLICATIONS
05-04 09:37:20.437 11394 11394 W android.permission.PermissionManager: Missing ActivityManager; assuming 1000 holds android.permission.SET_PREFERRED_APPLICATIONS
05-04 09:37:20.437 11394 11394 W android.permission.PermissionManager: Missing ActivityManager; assuming 1000 holds android.permission.SET_PREFERRED_APPLICATIONS
05-04 09:37:20.437 11394 11394 W android.permission.PermissionManager: Missing ActivityManager; assuming 1000 holds android.permission.SET_PREFERRED_APPLICATIONS
05-04 09:37:20.437 11394 11394 W android.permission.PermissionManager: Missing ActivityManager; assuming 1000 holds android.permission.SET_PREFERRED_APPLICATIONS
05-04 09:37:20.437 11394 11394 W android.permission.PermissionManager: Missing ActivityManager; assuming 1000 holds android.permission.SET_PREFERRED_APPLICATIONS
05-04 09:37:20.438 11394 11394 W android.permission.PermissionManager: Missing ActivityManager; assuming 1000 holds android.permission.SET_PREFERRED_APPLICATIONS
05-04 09:37:20.438 11394 11394 W android.permission.PermissionManager: Missing ActivityManager; assuming 1000 holds android.permission.SET_PREFERRED_APPLICATIONS
05-04 09:37:20.438 11394 11394 W android.permission.PermissionManager: Missing ActivityManager; assuming 1000 holds android.permission.SET_PREFERRED_APPLICATIONS
05-04 09:37:20.438 11394 11394 W android.permission.PermissionManager: Missing ActivityManager; assuming 1000 holds android.permission.SET_PREFERRED_APPLICATIONS
05-04 09:37:20.438 11394 11394 W android.permission.PermissionManager: Missing ActivityManager; assuming 1000 holds android.permission.SET_PREFERRED_APPLICATIONS
05-04 09:37:20.438 11394 11394 W android.permission.PermissionManager: Missing ActivityManager; assuming 1000 holds android.permission.SET_PREFERRED_APPLICATIONS
05-04 09:37:20.438 11394 11394 W android.permission.PermissionManager: Missing ActivityManager; assuming 1000 holds android.permission.SET_PREFERRED_APPLICATIONS
05-04 09:37:20.438 11394 11394 W android.permission.PermissionManager: Missing ActivityManager; assuming 1000 holds android.permission.SET_PREFERRED_APPLICATIONS
05-04 09:37:20.439 11394 11394 W android.permission.PermissionManager: Missing ActivityManager; assuming 1000 holds android.permission.SET_PREFERRED_APPLICATIONS
05-04 09:37:20.439 11394 11394 W android.permission.PermissionManager: Missing ActivityManager; assuming 1000 holds android.permission.SET_PREFERRED_APPLICATIONS
05-04 09:37:20.439 11394 11394 W android.permission.PermissionManager: Missing ActivityManager; assuming 1000 holds android.permission.SET_PREFERRED_APPLICATIONS
05-04 09:37:20.439 11394 11394 W android.permission.PermissionManager: Missing ActivityManager; assuming 1000 holds android.permission.SET_PREFERRED_APPLICATIONS
05-04 09:37:20.439 11394 11394 W android.permission.PermissionManager: Missing ActivityManager; assuming 1000 holds android.permission.SET_PREFERRED_APPLICATIONS
05-04 09:37:20.439 11394 11394 W android.permission.PermissionManager: Missing ActivityManager; assuming 1000 holds android.permission.SET_PREFERRED_APPLICATIONS
05-04 09:37:20.439 11394 11394 W android.permission.PermissionManager: Missing ActivityManager; assuming 1000 holds android.permission.SET_PREFERRED_APPLICATIONS
05-04 09:37:20.439 11394 11394 W android.permission.PermissionManager: Missing ActivityManager; assuming 1000 holds android.permission.SET_PREFERRED_APPLICATIONS
05-04 09:37:20.440 11394 11394 W android.permission.PermissionManager: Missing ActivityManager; assuming 1000 holds android.permission.SET_PREFERRED_APPLICATIONS
05-04 09:37:20.440 11394 11394 W android.permission.PermissionManager: Missing ActivityManager; assuming 1000 holds android.permission.SET_PREFERRED_APPLICATIONS
05-04 09:37:20.440 11394 11394 W android.permission.PermissionManager: Missing ActivityManager; assuming 1000 holds android.permission.SET_PREFERRED_APPLICATIONS
05-04 09:37:20.440 11394 11394 W android.permission.PermissionManager: Missing ActivityManager; assuming 1000 holds android.permission.SET_PREFERRED_APPLICATIONS
05-04 09:37:20.440 11394 11394 W android.permission.PermissionManager: Missing ActivityManager; assuming 1000 holds android.permission.SET_PREFERRED_APPLICATIONS
05-04 09:37:20.440 11394 11394 W android.permission.PermissionManager: Missing ActivityManager; assuming 1000 holds android.permission.SET_PREFERRED_APPLICATIONS
05-04 09:37:20.440 11394 11394 W android.permission.PermissionManager: Missing ActivityManager; assuming 1000 holds android.permission.SET_PREFERRED_APPLICATIONS
05-04 09:37:20.440 11394 11394 W android.permission.PermissionManager: Missing ActivityManager; assuming 1000 holds android.permission.SET_PREFERRED_APPLICATIONS
05-04 09:37:20.441 11394 11394 W android.permission.PermissionManager: Missing ActivityManager; assuming 1000 holds android.permission.SET_PREFERRED_APPLICATIONS
05-04 09:37:20.441 11394 11394 W android.permission.PermissionManager: Missing ActivityManager; assuming 1000 holds android.permission.SET_PREFERRED_APPLICATIONS
05-04 09:37:20.441 11394 11394 W android.permission.PermissionManager: Missing ActivityManager; assuming 1000 holds android.permission.SET_PREFERRED_APPLICATIONS
05-04 09:37:20.441 11394 11394 W android.permission.PermissionManager: Missing ActivityManager; assuming 1000 holds android.permission.SET_PREFERRED_APPLICATIONS
05-04 09:37:20.441 11394 11394 W android.permission.PermissionManager: Missing ActivityManager; assuming 1000 holds android.permission.SET_PREFERRED_APPLICATIONS
05-04 09:37:20.441 11394 11394 W android.permission.PermissionManager: Missing ActivityManager; assuming 1000 holds android.permission.SET_PREFERRED_APPLICATIONS
05-04 09:37:20.441 11394 11394 W android.permission.PermissionManager: Missing ActivityManager; assuming 1000 holds android.permission.SET_PREFERRED_APPLICATIONS
05-04 09:37:20.441 11394 11394 W android.permission.PermissionManager: Missing ActivityManager; assuming 1000 holds android.permission.SET_PREFERRED_APPLICATIONS
05-04 09:37:20.441 11394 11394 W android.permission.PermissionManager: Missing ActivityManager; assuming 1000 holds android.permission.SET_PREFERRED_APPLICATIONS
05-04 09:37:20.442 11394 11394 W android.permission.PermissionManager: Missing ActivityManager; assuming 1000 holds android.permission.SET_PREFERRED_APPLICATIONS
05-04 09:37:20.442 11394 11394 W android.permission.PermissionManager: Missing ActivityManager; assuming 1000 holds android.permission.SET_PREFERRED_APPLICATIONS
05-04 09:37:20.442 11394 11394 W android.permission.PermissionManager: Missing ActivityManager; assuming 1000 holds android.permission.SET_PREFERRED_APPLICATIONS
05-04 09:37:20.442 11394 11394 W android.permission.PermissionManager: Missing ActivityManager; assuming 1000 holds android.permission.SET_PREFERRED_APPLICATIONS
05-04 09:37:20.442 11394 11394 W android.permission.PermissionManager: Missing ActivityManager; assuming 1000 holds android.permission.SET_PREFERRED_APPLICATIONS
05-04 09:37:20.442 11394 11394 W android.permission.PermissionManager: Missing ActivityManager; assuming 1000 holds android.permission.SET_PREFERRED_APPLICATIONS
05-04 09:37:20.442 11394 11394 W android.permission.PermissionManager: Missing ActivityManager; assuming 1000 holds android.permission.SET_PREFERRED_APPLICATIONS
05-04 09:37:20.442 11394 11394 W android.permission.PermissionManager: Missing ActivityManager; assuming 1000 holds android.permission.SET_PREFERRED_APPLICATIONS
05-04 09:37:20.443 11394 11394 W android.permission.PermissionManager: Missing ActivityManager; assuming 1000 holds android.permission.SET_PREFERRED_APPLICATIONS
05-04 09:37:20.443 11394 11394 W android.permission.PermissionManager: Missing ActivityManager; assuming 1000 holds android.permission.SET_PREFERRED_APPLICATIONS
05-04 09:37:20.443 11394 11394 W android.permission.PermissionManager: Missing ActivityManager; assuming 1000 holds android.permission.SET_PREFERRED_APPLICATIONS
05-04 09:37:20.443 11394 11394 W android.permission.PermissionManager: Missing ActivityManager; assuming 1000 holds android.permission.SET_PREFERRED_APPLICATIONS
05-04 09:37:20.443 11394 11394 W android.permission.PermissionManager: Missing ActivityManager; assuming 1000 holds android.permission.SET_PREFERRED_APPLICATIONS
05-04 09:37:20.443 11394 11394 W android.permission.PermissionManager: Missing ActivityManager; assuming 1000 holds android.permission.SET_PREFERRED_APPLICATIONS
05-04 09:37:20.443 11394 11394 W android.permission.PermissionManager: Missing ActivityManager; assuming 1000 holds android.permission.SET_PREFERRED_APPLICATIONS
05-04 09:37:20.443 11394 11394 W android.permission.PermissionManager: Missing ActivityManager; assuming 1000 holds android.permission.SET_PREFERRED_APPLICATIONS
05-04 09:37:20.444 11394 11394 W android.permission.PermissionManager: Missing ActivityManager; assuming 1000 holds android.permission.SET_PREFERRED_APPLICATIONS
05-04 09:37:20.444 11394 11394 W android.permission.PermissionManager: Missing ActivityManager; assuming 1000 holds android.permission.SET_PREFERRED_APPLICATIONS
05-04 09:37:20.444 11394 11394 W android.permission.PermissionManager: Missing ActivityManager; assuming 1000 holds android.permission.SET_PREFERRED_APPLICATIONS
05-04 09:37:20.444 11394 11394 W android.permission.PermissionManager: Missing ActivityManager; assuming 1000 holds android.permission.SET_PREFERRED_APPLICATIONS
05-04 09:37:20.444 11394 11394 W android.permission.PermissionManager: Missing ActivityManager; assuming 1000 holds android.permission.SET_PREFERRED_APPLICATIONS
05-04 09:37:20.444 11394 11394 W android.permission.PermissionManager: Missing ActivityManager; assuming 1000 holds android.permission.SET_PREFERRED_APPLICATIONS
05-04 09:37:20.444 11394 11394 W android.permission.PermissionManager: Missing ActivityManager; assuming 1000 holds android.permission.SET_PREFERRED_APPLICATIONS
05-04 09:37:20.445 11394 11394 W android.permission.PermissionManager: Missing ActivityManager; assuming 1000 holds android.permission.SET_PREFERRED_APPLICATIONS
05-04 09:37:20.445 11394 11394 W android.permission.PermissionManager: Missing ActivityManager; assuming 1000 holds android.permission.SET_PREFERRED_APPLICATIONS
05-04 09:37:20.445 11394 11394 W android.permission.PermissionManager: Missing ActivityManager; assuming 1000 holds android.permission.SET_PREFERRED_APPLICATIONS
05-04 09:37:20.445 11394 11394 W android.permission.PermissionManager: Missing ActivityManager; assuming 1000 holds android.permission.SET_PREFERRED_APPLICATIONS
05-04 09:37:20.445 11394 11394 W android.permission.PermissionManager: Missing ActivityManager; assuming 1000 holds android.permission.SET_PREFERRED_APPLICATIONS
05-04 09:37:20.445 11394 11394 W android.permission.PermissionManager: Missing ActivityManager; assuming 1000 holds android.permission.SET_PREFERRED_APPLICATIONS
05-04 09:37:20.445 11394 11394 W android.permission.PermissionManager: Missing ActivityManager; assuming 1000 holds android.permission.SET_PREFERRED_APPLICATIONS
05-04 09:37:20.445 11394 11394 W android.permission.PermissionManager: Missing ActivityManager; assuming 1000 holds android.permission.SET_PREFERRED_APPLICATIONS
05-04 09:37:20.446 11394 11394 W android.permission.PermissionManager: Missing ActivityManager; assuming 1000 holds android.permission.SET_PREFERRED_APPLICATIONS
05-04 09:37:20.446 11394 11394 W android.permission.PermissionManager: Missing ActivityManager; assuming 1000 holds android.permission.SET_PREFERRED_APPLICATIONS
05-04 09:37:20.446 11394 11394 W android.permission.PermissionManager: Missing ActivityManager; assuming 1000 holds android.permission.SET_PREFERRED_APPLICATIONS
05-04 09:37:20.446 11394 11394 W android.permission.PermissionManager: Missing ActivityManager; assuming 1000 holds android.permission.SET_PREFERRED_APPLICATIONS
05-04 09:37:20.446 11394 11394 W android.permission.PermissionManager: Missing ActivityManager; assuming 1000 holds android.permission.SET_PREFERRED_APPLICATIONS
05-04 09:37:20.446 11394 11394 W android.permission.PermissionManager: Missing ActivityManager; assuming 1000 holds android.permission.SET_PREFERRED_APPLICATIONS
05-04 09:37:20.446 11394 11394 W android.permission.PermissionManager: Missing ActivityManager; assuming 1000 holds android.permission.SET_PREFERRED_APPLICATIONS
05-04 09:37:20.446 11394 11394 W android.permission.PermissionManager: Missing ActivityManager; assuming 1000 holds android.permission.SET_PREFERRED_APPLICATIONS
05-04 09:37:20.447 11394 11394 W android.permission.PermissionManager: Missing ActivityManager; assuming 1000 holds android.permission.SET_PREFERRED_APPLICATIONS
05-04 09:37:20.447 11394 11394 W android.permission.PermissionManager: Missing ActivityManager; assuming 1000 holds android.permission.SET_PREFERRED_APPLICATIONS
05-04 09:37:20.447 11394 11394 W android.permission.PermissionManager: Missing ActivityManager; assuming 1000 holds android.permission.SET_PREFERRED_APPLICATIONS
05-04 09:37:20.447 11394 11394 W android.permission.PermissionManager: Missing ActivityManager; assuming 1000 holds android.permission.SET_PREFERRED_APPLICATIONS
05-04 09:37:20.447 11394 11394 W android.permission.PermissionManager: Missing ActivityManager; assuming 1000 holds android.permission.SET_PREFERRED_APPLICATIONS
05-04 09:37:20.447 11394 11394 W android.permission.PermissionManager: Missing ActivityManager; assuming 1000 holds android.permission.SET_PREFERRED_APPLICATIONS
05-04 09:37:20.447 11394 11394 W android.permission.PermissionManager: Missing ActivityManager; assuming 1000 holds android.permission.SET_PREFERRED_APPLICATIONS
05-04 09:37:20.447 11394 11394 W android.permission.PermissionManager: Missing ActivityManager; assuming 1000 holds android.permission.SET_PREFERRED_APPLICATIONS
05-04 09:37:20.448 11394 11394 W android.permission.PermissionManager: Missing ActivityManager; assuming 1000 holds android.permission.SET_PREFERRED_APPLICATIONS
05-04 09:37:20.448 11394 11394 W android.permission.PermissionManager: Missing ActivityManager; assuming 1000 holds android.permission.SET_PREFERRED_APPLICATIONS
05-04 09:37:20.448 11394 11394 W android.permission.PermissionManager: Missing ActivityManager; assuming 1000 holds android.permission.SET_PREFERRED_APPLICATIONS
05-04 09:37:20.448 11394 11394 W android.permission.PermissionManager: Missing ActivityManager; assuming 1000 holds android.permission.SET_PREFERRED_APPLICATIONS
