05-04 09:35:27.848 0 0 I [schedu][0x2c72ba92][09:35:27.848574] wlan: [1858:I:WMI] LFR3:PMKSA caching enabled
05-04 09:35:27.920 0 0 E [wifi@1][0x2c87bbc2][09:35:27.920270] wlan: [836:E:HDD] hdd_enable_ns_offload: 484: Failed to cache ns request; status:4
05-04 09:35:27.935 1537 1668 I commit_sys_config_file: [jobs,2]
05-04 09:35:27.953 1537 1876 I service_manager_stats: [487,306,5004]
05-04 09:35:27.962 1537 1876 I netstats_mobile_sample: [0,0,0,0,0,0,0,0,0,0,0,0,1683164127962]
05-04 09:35:27.962 1537 1876 I netstats_wifi_sample: [0,0,0,0,0,0,0,0,0,0,0,0,1683164127962]
05-04 09:35:27.980 0 0 I [soft_i][0x2c996044][09:35:27.980491] wlan: [0:I:QDF] DHCP-R TX: SA:3a:29:3c:5e:14:d2 DA:ff:ff:ff:ff:ff:ff msdu_id:1 status: succ
05-04 09:35:28.001 0 0 I [dp_rx_][0x2c9f7bc4][09:35:28.001337] wlan: [1860:I:QDF] DHCP-A RX: SA:f8:af:05:82:ca:50 DA:3a:29:3c:5e:14:d2
05-04 09:35:28.030 1537 1876 I netstats_mobile_sample: [0,0,0,0,0,0,0,0,0,0,0,0,1683164128030]
05-04 09:35:28.030 1537 1876 I netstats_wifi_sample: [0,0,0,0,0,0,0,0,0,0,0,0,1683164128030]
05-04 09:35:28.031 0 0 I [dp_rx_][0x2ca860a6][09:35:28.031696] wlan: [1860:I:QDF] DHCP-R RX: SA:3a:29:3c:5e:14:d2 DA:ff:ff:ff:ff:ff:ff
05-04 09:35:28.089 1537 1677 I am_proc_start: [0,4087,10096,com.tencent.mobileqq,content provider,{com.tencent.mobileqq/com.tencent.mqq.shared_file_accessor.ContentProviderImpl}]
05-04 09:35:28.096 1537 1876 I netstats_mobile_sample: [0,0,0,0,0,0,0,0,0,0,0,0,1683164128096]
05-04 09:35:28.096 1537 1876 I netstats_wifi_sample: [0,0,0,0,0,0,0,0,0,0,0,0,1683164128096]
05-04 09:35:28.108 0 0 I binder : 4087:4087 ioctl 40046210 7fee715e34 returned -22
05-04 09:35:28.112 4097 4097 I auditd : type=1400 audit(0.0:1965): avc: denied { getattr } for comm="echo" path="/proc/sys/net/ipv4/ip_forward" dev="proc" ino=51099 scontext=u:r:ethernet:s0 tcontext=u:object_r:proc_net:s0 tclass=file permissive=1
05-04 09:35:28.117 0 0 I [soft_i][0x2cc1a052][09:35:28.117878] wlan: [0:I:DP] dp_addba_requestprocess_wifi3 restore BA win 256 based on addba req
05-04 09:35:28.121 0 0 I [soft_i][0x2cc2a31b][09:35:28.121328] wlan: [0:I:DP] dp_addba_requestprocess_wifi3 restore BA win 256 based on addba req
05-04 09:35:28.120 4110 4110 I auditd : type=1400 audit(0.0:1966): avc: denied { getattr } for comm="echo" path="/proc/sys/net/ipv4/ip_default_ttl" dev="proc" ino=51142 scontext=u:r:ethernet:s0 tcontext=u:object_r:proc_net:s0 tclass=file permissive=1
05-04 09:35:28.120 2906 2906 I auditd : type=1400 audit(0.0:1967): avc: denied { write } for comm="sh" name="tcp_keepalive_probes" dev="proc" ino=51161 scontext=u:r:ethernet:s0 tcontext=u:object_r:proc_net:s0 tclass=file permissive=1
05-04 09:35:28.120 2906 2906 I auditd : type=1400 audit(0.0:1968): avc: denied { open } for comm="sh" path="/proc/sys/net/ipv4/tcp_keepalive_probes" dev="proc" ino=51161 scontext=u:r:ethernet:s0 tcontext=u:object_r:proc_net:s0 tclass=file permissive=1
05-04 09:35:28.132 1537 2488 I am_proc_bound: [0,4087,com.tencent.mobileqq]
05-04 09:35:28.132 1537 1876 I service_manager_slow: [12,alarm]
05-04 09:35:28.132 1537 1876 I netstats_mobile_sample: [0,0,0,0,0,0,0,0,0,0,0,0,1683164128132]
05-04 09:35:28.132 1537 1876 I netstats_wifi_sample: [0,0,0,0,0,0,0,0,0,0,0,0,1683164128132]
05-04 09:35:28.212 3666 3666 I auditd : type=1400 audit(0.0:1969): avc: granted { nlmsg_readpriv } for comm="halley_2800_Tem" scontext=u:r:untrusted_app_27:s0:c512,c768 tcontext=u:r:untrusted_app_27:s0:c512,c768 tclass=netlink_route_socket app=com.tencent.android.qqdownloader
05-04 09:35:28.226 0 0 E [wifi@1][0x2ce17236][09:35:28.226489] wlan: [836:E:QDF] Cannot malloc 0 bytes @ csr_get_cfg_max_tx_power:14199
05-04 09:35:28.226 0 0 E [wifi@1][0x2ce17aab][09:35:28.226602] wlan: [836:E:QDF] Cannot malloc 0 bytes @ csr_get_cfg_max_tx_power:14199
05-04 09:35:28.226 0 0 I [schedu][0x2ce188b0][09:35:28.226789] wlan: [1858:I:WMI] LFR3:OKC enabled
05-04 09:35:28.226 0 0 I [schedu][0x2ce188de][09:35:28.226792] wlan: [1858:I:WMI] LFR3:PMKSA caching enabled
05-04 09:35:28.226 0 0 I [schedu][0x2ce1978a][09:35:28.226987] wlan: [1858:I:WMI] LFR3:OKC enabled
05-04 09:35:28.227 0 0 I [schedu][0x2ce197af][09:35:28.226989] wlan: [1858:I:WMI] LFR3:PMKSA caching enabled
05-04 09:35:28.241 0 0 I logd : start watching /data/system/packages.list ...
05-04 09:35:28.177 1537 1876 I netstats_mobile_sample: [0,0,0,0,0,0,0,0,0,0,0,0,1683164128177]
05-04 09:35:28.177 1537 1876 I netstats_wifi_sample: [319,4,120,3,319,4,120,3,40,1,160,4,1683164128177]
05-04 09:35:28.269 0 0 I logd : ReadPackageList, total packages: 119
05-04 09:35:28.288 1537 1938 I sync : [com.tencent.android.qqdownloader.YYBLiveAccountProvider,0,3,24220937]
05-04 09:35:28.299 1537 1938 I sync : [com.tencent.android.qqdownloader.YYBLiveAccountProvider,1,3,24220937]
05-04 09:35:28.300 1537 1938 I commit_sys_config_file: [sync-status,1]
05-04 09:35:28.305 1537 1938 I sync : [com.tencent.android.qqdownloader.YYBLiveAccountProvider,0,3,24220937]
05-04 09:35:28.320 1537 1938 I sync : [com.tencent.android.qqdownloader.YYBLiveAccountProvider,1,3,24220937]
05-04 09:35:28.320 1537 1938 I commit_sys_config_file: [sync-status,21]
05-04 09:35:28.423 0 0 I init : Service 'ethernet' (pid 2906) exited with status 0 oneshot service took 2.486000 seconds in background
05-04 09:35:28.423 0 0 I init : Sending signal 9 to service 'ethernet' (pid 2906) process group...
05-04 09:35:28.423 0 0 I libprocessgroup: Successfully killed process cgroup uid 0 pid 2906 in 0ms
05-04 09:35:28.431 1537 1715 I commit_sys_config_file: [package-user-0,1]
05-04 09:35:28.431 1537 1715 I commit_sys_config_file: [package,19]
05-04 09:35:28.429 0 0 I logd : start watching /data/system/packages.list ...
05-04 09:35:28.617 1537 1886 I stream_devices_changed: [3,2,128]
05-04 09:35:28.641 1537 1886 I stream_devices_changed: [6,1,128]
05-04 09:35:29.069 2535 2535 E AndroidRuntime: FATAL EXCEPTION: main
05-04 09:35:29.069 2535 2535 E AndroidRuntime: Process: com.qualcomm.qti.devicestatisticsservice, PID: 2535
05-04 09:35:29.069 2535 2535 E AndroidRuntime: java.lang.NoClassDefFoundError: Failed resolution of: Landroid/hidl/manager/V1_0/IServiceNotification$Stub;
05-04 09:35:29.069 2535 2535 E AndroidRuntime: at com.qualcomm.qti.devicestatisticsservice.DeviceStatisticsService.onStartCommand(DeviceStatisticsService.java:83)
05-04 09:35:29.069 2535 2535 E AndroidRuntime: at android.app.ActivityThread.handleServiceArgs(ActivityThread.java:4640)
05-04 09:35:29.069 2535 2535 E AndroidRuntime: at android.app.ActivityThread.access$2000(ActivityThread.java:248)
05-04 09:35:29.069 2535 2535 E AndroidRuntime: at android.app.ActivityThread$H.handleMessage(ActivityThread.java:2092)
05-04 09:35:29.069 2535 2535 E AndroidRuntime: at android.os.Handler.dispatchMessage(Handler.java:106)
05-04 09:35:29.069 2535 2535 E AndroidRuntime: at android.os.Looper.loopOnce(Looper.java:201)
05-04 09:35:29.069 2535 2535 E AndroidRuntime: at android.os.Looper.loop(Looper.java:288)
05-04 09:35:29.069 2535 2535 E AndroidRuntime: at android.app.ActivityThread.main(ActivityThread.java:7880)
05-04 09:35:29.069 2535 2535 E AndroidRuntime: at java.lang.reflect.Method.invoke(Native Method)
05-04 09:35:29.069 2535 2535 E AndroidRuntime: at com.android.internal.os.RuntimeInit$MethodAndArgsCaller.run(RuntimeInit.java:548)
05-04 09:35:29.069 2535 2535 E AndroidRuntime: at com.android.internal.os.ZygoteInit.main(ZygoteInit.java:1009)
05-04 09:35:29.069 2535 2535 E AndroidRuntime: Caused by: java.lang.ClassNotFoundException: android.hidl.manager.V1_0.IServiceNotification$Stub
05-04 09:35:29.069 2535 2535 E AndroidRuntime: ... 11 more
05-04 09:35:29.069 1537 2488 I am_crash: [2535,0,com.qualcomm.qti.devicestatisticsservice,814235213,java.lang.ClassNotFoundException,android.hidl.manager.V1_0.IServiceNotification$Stub,DeviceStatisticsService.java,83]
05-04 09:35:29.071 1537 2488 I sysui_multi_action: [757,316,758,4,759,-1]
05-04 09:35:29.070 0 0 I binder : 3451:4298 ioctl 40046210 7b0fbcdab4 returned -22
05-04 09:35:29.072 1537 1676 I am_wtf : [0,1537,system_server,-1,BootReceiver,open failed: ENOENT (No such file or directory)]
05-04 09:35:29.086 1537 4323 I commit_sys_config_file: [log-files,5670]
05-04 09:35:29.089 1537 4323 I am_uid_active: 10018
05-04 09:35:29.104 1537 2723 I am_proc_died: [0,2535,com.qualcomm.qti.devicestatisticsservice,-800,0]
05-04 09:35:29.104 1537 2723 I am_schedule_service_restart: [0,com.qualcomm.qti.devicestatisticsservice/.DeviceStatisticsService,0]
05-04 09:35:29.105 1537 2723 I am_uid_stopped: 10064
05-04 09:35:29.105 1537 2723 I am_uid_running: 10064
05-04 09:35:29.122 0 0 I binder : 3082:4335 ioctl 40046210 7b9e016604 returned -22
05-04 09:35:29.105 1537 2723 I am_uid_active: 10064
05-04 09:35:29.108 1537 2775 D TelephonyRegistry: listen oscl: mHasNotifySubscriptionInfoChangedOccurred==false no callback
05-04 09:35:29.115 1537 2971 I backup_transport_lifecycle: [com.android.localtransport/.LocalTransportService,1]
05-04 09:35:29.115 1537 1677 I am_proc_start: [0,4333,10064,com.qualcomm.qti.devicestatisticsservice,restart,com.qualcomm.qti.devicestatisticsservice]
05-04 09:35:29.126 1537 2488 I am_proc_bound: [0,4333,com.qualcomm.qti.devicestatisticsservice]
05-04 09:35:29.124 0 0 I binder : 4333:4333 ioctl 40046210 7fee715e34 returned -22
05-04 09:35:29.131 1537 1677 I am_proc_start: [0,4355,1000,com.android.localtransport,service,{com.android.localtransport/com.android.localtransport.LocalTransportService}]
05-04 09:35:29.138 0 0 I binder : 4355:4355 ioctl 40046210 7fee715e34 returned -22
05-04 09:35:29.138 1537 1677 I am_proc_start: [0,4364,1000,com.qti.diagservices,broadcast,{com.qti.diagservices/com.qti.diagservices.Diag_OnBoot}]
05-04 09:35:29.142 1537 2488 I am_proc_bound: [0,4355,com.android.localtransport]
05-04 09:35:29.155 1537 2723 I am_proc_bound: [0,4364,com.qti.diagservices]
05-04 09:35:29.152 0 0 I binder : 4364:4364 ioctl 40046210 7fee715e34 returned -22
05-04 09:35:29.174 1537 1537 I backup_transport_connection: [com.android.localtransport/.LocalTransportService,1]
05-04 09:35:29.177 1537 2971 I backup_transport_lifecycle: [com.android.localtransport/.LocalTransportService,0]
05-04 09:35:29.177 1537 2971 I backup_transport_connection: [com.android.localtransport/.LocalTransportService,0]
05-04 09:35:29.168 3666 3666 I auditd : type=1400 audit(0.0:3084): avc: denied { read } for comm="pool-15-thread-" name="version" dev="proc" ino=4026532247 scontext=u:r:untrusted_app_27:s0:c512,c768 tcontext=u:object_r:proc_version:s0 tclass=file permissive=1 app=com.tencent.android.qqdownloader
05-04 09:35:29.168 3666 3666 I auditd : type=1400 audit(0.0:3085): avc: denied { open } for comm="pool-15-thread-" path="/proc/version" dev="proc" ino=4026532247 scontext=u:r:untrusted_app_27:s0:c512,c768 tcontext=u:object_r:proc_version:s0 tclass=file permissive=1 app=com.tencent.android.qqdownloader
05-04 09:35:29.168 3666 3666 I auditd : type=1400 audit(0.0:3086): avc: denied { getattr } for comm="pool-15-thread-" path="/proc/version" dev="proc" ino=4026532247 scontext=u:r:untrusted_app_27:s0:c512,c768 tcontext=u:object_r:proc_version:s0 tclass=file permissive=1 app=com.tencent.android.qqdownloader
05-04 09:35:29.243 1537 1677 I am_proc_start: [0,4401,1000,com.android.dynsystem,broadcast,{com.android.dynsystem/com.android.dynsystem.BootCompletedReceiver}]
05-04 09:35:29.236 4364 4364 I auditd : type=1400 audit(0.0:3087): avc: denied { read write } for comm="ti.diagservices" name="diag" dev="tmpfs" ino=11461 scontext=u:r:system_app:s0 tcontext=u:object_r:vendor_diag_device:s0 tclass=chr_file permissive=1
05-04 09:35:29.236 4364 4364 I auditd : type=1400 audit(0.0:3088): avc: denied { open } for comm="ti.diagservices" path="/dev/diag" dev="tmpfs" ino=11461 scontext=u:r:system_app:s0 tcontext=u:object_r:vendor_diag_device:s0 tclass=chr_file permissive=1
05-04 09:35:29.260 0 0 I binder : 4401:4401 ioctl 40046210 7fee715e34 returned -22
05-04 09:35:29.263 1537 2488 I am_proc_bound: [0,4401,com.android.dynsystem]
05-04 09:35:29.345 1537 2723 I am_uid_running: 10067
05-04 09:35:29.351 1537 1677 I am_proc_start: [0,4426,1000,com.android.dynsystem:dynsystem,service,{com.android.dynsystem/com.android.dynsystem.DynamicSystemInstallationService}]
05-04 09:35:29.370 0 0 I binder : 4434:4434 ioctl 40046210 7fee715e34 returned -22
05-04 09:35:29.359 1537 1677 I am_proc_start: [0,4434,10067,com.android.inputmethod.latin,broadcast,{com.android.inputmethod.latin/com.android.inputmethod.latin.SystemBroadcastReceiver}]
05-04 09:35:29.372 0 0 I binder : 4426:4426 ioctl 40046210 7fee715e34 returned -22
05-04 09:35:29.373 1537 2723 I am_proc_bound: [0,4434,com.android.inputmethod.latin]
05-04 09:35:29.376 1537 2723 I am_uid_active: 10067
05-04 09:35:29.376 1537 2488 I am_proc_bound: [0,4426,com.android.dynsystem:dynsystem]
05-04 09:35:29.460 0 0 E link_delay_work_func: DTC_ETH: SQI=0, link=0
05-04 09:35:29.488 1537 2630 I am_proc_died: [0,4434,com.android.inputmethod.latin,0,11]
05-04 09:35:29.489 1537 2630 I am_broadcast_discard_app: [0,194248112,android.intent.action.BOOT_COMPLETED,17,ResolveInfo{8923b64 com.android.inputmethod.latin/.SystemBroadcastReceiver m=0x108000}]
05-04 09:35:29.489 1537 2630 I am_uid_stopped: 10067
05-04 09:35:29.513 1537 2723 I am_uid_running: 10082
05-04 09:35:29.533 0 0 I binder : 4478:4478 ioctl 40046210 7fee715e34 returned -22
05-04 09:35:29.523 1537 1677 I am_proc_start: [0,4478,10082,com.android.music,broadcast,{com.android.music/com.android.music.MediaPlaybackReceiver}]
05-04 09:35:29.535 1537 2723 I am_proc_bound: [0,4478,com.android.music]
05-04 09:35:29.537 1537 2723 I am_uid_active: 10082
05-04 09:35:29.664 1537 2630 I am_uid_running: 10060
05-04 09:35:29.672 1537 1677 I am_proc_start: [0,4521,10060,com.android.onetimeinitializer,broadcast,{com.android.onetimeinitializer/com.android.onetimeinitializer.OneTimeInitializerReceiver}]
05-04 09:35:29.683 1537 2630 I am_proc_bound: [0,4521,com.android.onetimeinitializer]
05-04 09:35:29.680 0 0 I binder : 4521:4521 ioctl 40046210 7fee715e34 returned -22
05-04 09:35:29.685 1537 2630 I am_uid_active: 10060
05-04 09:35:29.714 1537 2630 I am_uid_running: 10032
05-04 09:35:29.722 1537 1677 I am_proc_start: [0,4540,10032,com.android.packageinstaller,broadcast,{com.android.packageinstaller/com.android.packageinstaller.TemporaryFileManager}]
05-04 09:35:29.730 0 0 I binder : 4540:4540 ioctl 40046210 7fee715e34 returned -22
05-04 09:35:29.732 1537 2630 I am_proc_bound: [0,4540,com.android.packageinstaller]
05-04 09:35:29.734 1537 2630 I am_uid_active: 10032
05-04 09:35:29.855 1537 2723 I am_uid_active: 2000
05-04 09:35:29.879 1537 2488 I am_uid_running: 10073
05-04 09:35:29.885 1537 1668 I commit_sys_config_file: [notification-policy,6539]
05-04 09:35:29.887 1537 1677 I am_proc_start: [0,4562,10073,com.qti.ltebc,broadcast,{com.qti.ltebc/com.qualcomm.ltebc.LTEBroadcastBootReceiver}]
05-04 09:35:29.897 0 0 I binder : 4562:4562 ioctl 40046210 7fee715e34 returned -22
05-04 09:35:29.899 1537 2723 I am_proc_bound: [0,4562,com.qti.ltebc]
05-04 09:35:29.901 1537 2723 I am_uid_active: 10073
05-04 09:35:30.224 3666 3666 I auditd : type=1400 audit(0.0:3094): avc: granted { nlmsg_readpriv } for comm="halley_2800_Tem" scontext=u:r:untrusted_app_27:s0:c512,c768 tcontext=u:r:untrusted_app_27:s0:c512,c768 tclass=netlink_route_socket app=com.tencent.android.qqdownloader
05-04 09:35:30.243 1537 1675 I sysui_multi_action: [757,1717,758,1,759,0]
05-04 09:35:30.243 1537 1675 I sysui_multi_action: [757,1717,758,2,759,0]
05-04 09:35:30.243 1537 1675 I sysui_multi_action: [757,1717,758,3,759,0]
05-04 09:35:30.281 1537 1668 I commit_sys_config_file: [jobs,0]
05-04 09:35:30.331 1537 2630 I am_uid_running: 10058
05-04 09:35:30.337 1537 1677 I am_proc_start: [0,4701,10058,com.qualcomm.qti.qms.service.connectionsecurity,broadcast,{com.qualcomm.qti.qms.service.connectionsecurity/com.qualcomm.qti.qms.service.connectionsecurity.ConnSecBroadcastReceiver}]
05-04 09:35:30.351 0 0 I binder : 4701:4701 ioctl 40046210 ffae0398 returned -22
05-04 09:35:30.352 1537 2630 I am_proc_died: [0,4562,com.qti.ltebc,905,19]
05-04 09:35:30.353 1537 2630 I am_uid_stopped: 10073
05-04 09:35:30.353 1537 2630 I am_mem_factor: [1,0]
05-04 09:35:30.356 1537 2630 I am_uid_active: 10058
05-04 09:35:30.357 1537 2488 I am_proc_bound: [0,4701,com.qualcomm.qti.qms.service.connectionsecurity]
05-04 09:35:30.404 0 0 I binder : 3125:3125 ioctl 40046210 7fee7154e4 returned -22
05-04 09:35:30.427 1537 2488 I am_uid_running: 10098
05-04 09:35:30.434 1537 1677 I am_proc_start: [0,4727,10098,com.tencent.mm:push,broadcast,{com.tencent.mm/com.tencent.mm.booter.MMReceivers$BootReceiver}]
05-04 09:35:30.445 0 0 I binder : 2193:2193 ioctl 40046210 7fee714974 returned -22
05-04 09:35:30.446 0 0 I binder : 4727:4727 ioctl 40046210 7fee715e34 returned -22
05-04 09:35:30.450 1537 2723 I am_proc_bound: [0,4727,com.tencent.mm:push]
05-04 09:35:30.452 1537 2723 I am_uid_active: 10098
05-04 09:35:30.838 1537 2723 I am_mem_factor: [0,1]
05-04 09:35:31.040 4727 4727 I auditd : type=1400 audit(0.0:3095): avc: granted { execute } for comm="tencent.mm:push" path="/data/user/0/com.tencent.mm/tinker/patch-13ff42e7/lib/lib/arm64-v8a/libwechatxlog.so" dev="dm-10" ino=94450 scontext=u:r:untrusted_app_29:s0:c98,c256,c512,c768 tcontext=u:object_r:app_data_file:s0:c98,c256,c512,c768 tclass=file app=com.tencent.mm
05-04 09:35:31.052 4727 4727 I auditd : type=1400 audit(0.0:3096): avc: denied { read } for comm="tencent.mm:push" name="anr" dev="dm-10" ino=22 scontext=u:r:untrusted_app_29:s0:c98,c256,c512,c768 tcontext=u:object_r:anr_data_file:s0 tclass=dir permissive=1 app=com.tencent.mm
05-04 09:35:31.068 4727 4727 I auditd : type=1400 audit(0.0:3097): avc: granted { execute } for comm="tencent.mm:push" path="/data/user/0/com.tencent.mm/tinker/patch-13ff42e7/lib/lib/arm64-v8a/libtrace-canary.so" dev="dm-10" ino=86067 scontext=u:r:untrusted_app_29:s0:c98,c256,c512,c768 tcontext=u:object_r:app_data_file:s0:c98,c256,c512,c768 tclass=file app=com.tencent.mm
05-04 09:35:31.068 4727 4727 I auditd : type=1400 audit(0.0:3098): avc: granted { execute } for comm="tencent.mm:push" path="/data/user/0/com.tencent.mm/tinker/patch-13ff42e7/lib/lib/arm64-v8a/libwechatbacktrace.so" dev="dm-10" ino=91518 scontext=u:r:untrusted_app_29:s0:c98,c256,c512,c768 tcontext=u:object_r:app_data_file:s0:c98,c256,c512,c768 tclass=file app=com.tencent.mm
05-04 09:35:31.152 0 0 W audit_log_lost: 1063 callbacks suppressed
05-04 09:35:31.152 0 0 W audit : audit_lost=3167 audit_rate_limit=5 audit_backlog_limit=64
05-04 09:35:31.152 0 0 E audit : rate limit exceeded
05-04 09:35:31.476 4727 4727 I auditd : type=1400 audit(0.0:3102): avc: granted { execute } for comm="wc_srvinit_1" path="/data/user/0/com.tencent.mm/tinker/patch-13ff42e7/lib/lib/arm64-v8a/libwechatbase.so" dev="dm-10" ino=87418 scontext=u:r:untrusted_app_29:s0:c98,c256,c512,c768 tcontext=u:object_r:app_data_file:s0:c98,c256,c512,c768 tclass=file app=com.tencent.mm
05-04 09:35:31.484 4727 4727 I auditd : type=1400 audit(0.0:3103): avc: granted { execute } for comm="wc_srvinit_1" path="/data/user/0/com.tencent.mm/tinker/patch-13ff42e7/lib/lib/arm64-v8a/libwechatnetwork.so" dev="dm-10" ino=75555 scontext=u:r:untrusted_app_29:s0:c98,c256,c512,c768 tcontext=u:object_r:app_data_file:s0:c98,c256,c512,c768 tclass=file app=com.tencent.mm
05-04 09:35:31.484 4727 4727 I auditd : type=1400 audit(0.0:3104): avc: granted { execute } for comm="wc_srvinit_1" path="/data/user/0/com.tencent.mm/tinker/patch-13ff42e7/lib/lib/arm64-v8a/libandromeda.so" dev="dm-10" ino=86137 scontext=u:r:untrusted_app_29:s0:c98,c256,c512,c768 tcontext=u:object_r:app_data_file:s0:c98,c256,c512,c768 tclass=file app=com.tencent.mm
05-04 09:35:31.540 4727 4727 I auditd : type=1400 audit(0.0:3105): avc: granted { execute } for comm="wc_srvinit_1" path="/data/user/0/com.tencent.mm/tinker/patch-13ff42e7/lib/lib/arm64-v8a/libwechatmm.so" dev="dm-10" ino=91936 scontext=u:r:untrusted_app_29:s0:c98,c256,c512,c768 tcontext=u:object_r:app_data_file:s0:c98,c256,c512,c768 tclass=file app=com.tencent.mm
05-04 09:35:31.796 1537 2488 I netstats_mobile_sample: [0,0,0,0,0,0,0,0,0,0,0,0,1683164131796]
05-04 09:35:31.796 1537 2488 I netstats_wifi_sample: [92141,245,64761,292,92141,245,64761,292,157113,389,52173,258,1683164131796]
05-04 09:35:31.903 1537 2253 I am_uid_running: 10073
05-04 09:35:31.911 1537 1677 I am_proc_start: [0,4826,10073,com.qti.ltebc,broadcast,{com.qti.ltebc/com.qualcomm.ltebc.LTEBroadcastReceiver}]
05-04 09:35:31.920 0 0 I binder : 4826:4826 ioctl 40046210 7fee715e34 returned -22
05-04 09:35:31.921 1537 2775 I am_proc_bound: [0,4826,com.qti.ltebc]
05-04 09:35:31.923 1537 2775 I am_uid_active: 10073
05-04 09:35:32.108 4727 4727 I auditd : type=1400 audit(0.0:3106): avc: denied { read } for comm="mars::4847" name="route" dev="proc" ino=4026532257 scontext=u:r:untrusted_app_29:s0:c98,c256,c512,c768 tcontext=u:object_r:proc_net:s0 tclass=file permissive=1 app=com.tencent.mm
05-04 09:35:32.166 0 0 W audit : audit_lost=3175 audit_rate_limit=5 audit_backlog_limit=64
05-04 09:35:32.166 0 0 E audit : rate limit exceeded
05-04 09:35:32.199 0 0 I init : Sending signal 9 to service 'idmap2d' (pid 1195) process group...
05-04 09:35:32.204 0 0 I libprocessgroup: Successfully killed process cgroup uid 1000 pid 1195 in 5ms
05-04 09:35:32.205 0 0 I init : Control message: Processed ctl.stop for 'idmap2d' from pid: 1537 (system_server)
05-04 09:35:32.205 0 0 I init : Service 'idmap2d' (pid 1195) received signal 9
05-04 09:35:32.273 1537 1677 I am_proc_start: [0,4871,10098,com.tencent.mm,service,{com.tencent.mm/com.tencent.mm.service.ProcessService$MMProcessService}]
05-04 09:35:32.282 0 0 I binder : 4871:4871 ioctl 40046210 7fee715e34 returned -22
05-04 09:35:32.280 1958 1958 I sysui_heads_up_status: [-1|android|26|null|1000,0]
05-04 09:35:32.288 1537 2253 I am_proc_bound: [0,4871,com.tencent.mm]
05-04 09:35:32.377 1537 2253 I am_proc_died: [0,4826,com.qti.ltebc,0,11]
05-04 09:35:32.377 1537 2253 I am_broadcast_discard_app: [0,74420391,android.intent.action.MEDIA_MOUNTED,2,ResolveInfo{6f675fe com.qti.ltebc/com.qualcomm.ltebc.LTEBroadcastReceiver m=0x208000}]
05-04 09:35:32.377 1537 2253 I am_uid_stopped: 10073
05-04 09:35:32.395 1537 2253 I am_uid_running: 10073
05-04 09:35:32.402 1537 1677 I am_proc_start: [0,4901,10073,com.qti.ltebc,broadcast,{com.qti.ltebc/com.qualcomm.ltebc.LTEBroadcastReceiver}]
05-04 09:35:32.410 0 0 I binder : 4901:4901 ioctl 40046210 7fee715e34 returned -22
05-04 09:35:32.412 1537 2253 I am_proc_bound: [0,4901,com.qti.ltebc]
05-04 09:35:32.413 1537 2253 I am_uid_active: 10073
05-04 09:35:32.516 3362 3362 I auditd : type=1400 audit(0.0:3125): avc: denied { read } for comm="StartThread-48" name="drivers" dev="proc" ino=4026531852 scontext=u:r:untrusted_app_27:s0:c512,c768 tcontext=u:object_r:proc_tty_drivers:s0 tclass=file permissive=1 app=com.tencent.android.qqdownloader
05-04 09:35:32.516 3362 3362 I auditd : type=1400 audit(0.0:3126): avc: denied { open } for comm="StartThread-48" path="/proc/tty/drivers" dev="proc" ino=4026531852 scontext=u:r:untrusted_app_27:s0:c512,c768 tcontext=u:object_r:proc_tty_drivers:s0 tclass=file permissive=1 app=com.tencent.android.qqdownloader
05-04 09:35:32.516 3362 3362 I auditd : type=1400 audit(0.0:3127): avc: denied { getattr } for comm="StartThread-48" path="/proc/tty/drivers" dev="proc" ino=4026531852 scontext=u:r:untrusted_app_27:s0:c512,c768 tcontext=u:object_r:proc_tty_drivers:s0 tclass=file permissive=1 app=com.tencent.android.qqdownloader
05-04 09:35:32.516 3362 3362 I auditd : type=1400 audit(0.0:3128): avc: denied { read } for comm="qimei-thread-1" name="/" dev="dm-5" ino=2 scontext=u:r:untrusted_app_27:s0:c512,c768 tcontext=u:object_r:rootfs:s0 tclass=dir permissive=1 app=com.tencent.android.qqdownloader
05-04 09:35:32.516 3362 3362 I auditd : type=1400 audit(0.0:3129): avc: denied { open } for comm="qimei-thread-1" path="/" dev="dm-5" ino=2 scontext=u:r:untrusted_app_27:s0:c512,c768 tcontext=u:object_r:rootfs:s0 tclass=dir permissive=1 app=com.tencent.android.qqdownloader
05-04 09:35:32.627 1537 1537 I notification_enqueue: [10095,3362,com.tencent.android.qqdownloader,127,NULL,0,Notification(channel=channel_id_default_silent shortcut=null contentView=com.tencent.android.qqdownloader/0x7f0a01c2 vibrate=null sound=null defaults=0x0 flags=0x2a2 color=0x00000000 groupKey=com.tencent.android.qqdownloader vis=PRIVATE),0]
05-04 09:35:32.628 1537 1537 I sysui_multi_action: [757,128,758,5,759,8,793,4,794,0,795,4,796,127,806,com.tencent.android.qqdownloader,857,channel_id_default_silent,858,3,946,com.tencent.android.qqdownloader,947,1,1500,4]
05-04 09:35:32.628 1537 1537 I notification_canceled: [0|com.tencent.android.qqdownloader|127|null|10095,8,4,4,0,-1,-1,NULL]
05-04 09:35:32.728 1537 2488 I sysui_multi_action: [757,128,758,1,793,6547,794,0,795,6547,796,27,798,1,806,android,857,USB,858,1,947,0,1395,2,1500,6384,1688,1]
05-04 09:35:32.728 1537 2488 I sysui_multi_action: [757,804,799,note_freshness,801,6547,802,1]
05-04 09:35:32.728 1537 2488 I notification_visibility: [-1|android|27|null|1000,1,6547,6547,0,1]
05-04 09:35:32.731 1537 2488 I sysui_multi_action: [757,128,758,2,793,7017,794,5632,795,7017,796,26,798,0,806,android,857,DEVELOPER_IMPORTANT,858,4,947,0,1395,2,1500,6414,1688,1]
05-04 09:35:32.731 1537 2488 I notification_visibility: [-1|android|26|null|1000,0,7017,7017,0,0]
05-04 09:35:32.731 1537 2488 I sysui_multi_action: [757,128,758,2,793,6550,794,3,795,6550,796,27,798,1,806,android,857,USB,858,1,947,0,1395,2,1500,6387,1688,1]
05-04 09:35:32.731 1537 2488 I notification_visibility: [-1|android|27|null|1000,0,6550,6550,0,1]
05-04 09:35:32.735 1537 2775 I sysui_multi_action: [757,127,758,2]
05-04 09:35:32.735 1537 2775 I notification_panel_hidden:
05-04 09:35:32.790 0 0 I [soft_i][0x321a6ae1][09:35:32.790018] wlan: [0:I:DP] dp_addba_requestprocess_wifi3 restore BA win 256 based on addba req
05-04 09:35:32.918 1537 2483 I am_proc_died: [0,4901,com.qti.ltebc,0,11]
05-04 09:35:32.918 1537 2483 I am_broadcast_discard_app: [0,145311660,android.intent.action.MEDIA_MOUNTED,2,ResolveInfo{69cc1c4 com.qti.ltebc/com.qualcomm.ltebc.LTEBroadcastReceiver m=0x208000}]
05-04 09:35:32.918 1537 2483 I am_uid_stopped: 10073
05-04 09:35:33.131 1537 2483 I am_wtf : [0,4871,com.tencent.mm,949501508,FirebaseApp,Remote stack trace:
05-04 09:35:33.131 1537 2483 I am_wtf : at com.android.server.content.ContentService.registerContentObserver(ContentService.java:357)
05-04 09:35:33.131 1537 2483 I am_wtf : at android.content.IContentService$Stub.onTransact(IContentService.java:484)
05-04 09:35:33.131 1537 2483 I am_wtf : at android.os.Binder.execTransactInternal(Binder.java:1179)
05-04 09:35:33.131 1537 2483 I am_wtf : at android.os.Binder.execTransact(Binder.java:1143)
05-04 09:35:33.131 1537 2483 I am_wtf : ]
05-04 09:35:33.131 1537 2483 I service_manager_stats: [100,99,5178]
05-04 09:35:33.192 0 0 W audit : audit_lost=3884 audit_rate_limit=5 audit_backlog_limit=64
05-04 09:35:33.192 0 0 E audit : rate limit exceeded
05-04 09:35:33.268 1537 2153 I ntp_failure: [time.android.com/216.239.35.8,java.net.SocketTimeoutException: Poll timed out]
05-04 09:35:33.409 1537 2123 I commit_sys_config_file: [appops,3]
05-04 09:35:33.616 4871 4871 I auditd : type=1400 audit(0.0:3827): avc: denied { read } for comm="wc_srvinit_1" name="u:object_r:qemu_hw_prop:s0" dev="tmpfs" ino=15603 scontext=u:r:untrusted_app_29:s0:c98,c256,c512,c768 tcontext=u:object_r:qemu_hw_prop:s0 tclass=file permissive=1 app=com.tencent.mm
05-04 09:35:33.616 4871 4871 I auditd : type=1400 audit(0.0:3828): avc: denied { open } for comm="wc_srvinit_1" path="/dev/__properties__/u:object_r:qemu_hw_prop:s0" dev="tmpfs" ino=15603 scontext=u:r:untrusted_app_29:s0:c98,c256,c512,c768 tcontext=u:object_r:qemu_hw_prop:s0 tclass=file permissive=1 app=com.tencent.mm
05-04 09:35:33.616 4871 4871 I auditd : type=1400 audit(0.0:3829): avc: denied { getattr } for comm="wc_srvinit_1" path="/dev/__properties__/u:object_r:qemu_hw_prop:s0" dev="tmpfs" ino=15603 scontext=u:r:untrusted_app_29:s0:c98,c256,c512,c768 tcontext=u:object_r:qemu_hw_prop:s0 tclass=file permissive=1 app=com.tencent.mm
05-04 09:35:33.616 4871 4871 I auditd : type=1400 audit(0.0:3830): avc: denied { map } for comm="wc_srvinit_1" path="/dev/__properties__/u:object_r:qemu_hw_prop:s0" dev="tmpfs" ino=15603 scontext=u:r:untrusted_app_29:s0:c98,c256,c512,c768 tcontext=u:object_r:qemu_hw_prop:s0 tclass=file permissive=1 app=com.tencent.mm
05-04 09:35:33.630 1537 1537 I notification_enqueue: [10095,3362,com.tencent.android.qqdownloader,127,NULL,0,Notification(channel=channel_id_default_silent shortcut=null contentView=com.tencent.android.qqdownloader/0x7f0a01c2 vibrate=null sound=null defaults=0x0 flags=0x2a2 color=0x00000000 groupKey=com.tencent.android.qqdownloader vis=PRIVATE),0]
05-04 09:35:33.648 4871 4871 I auditd : type=1400 audit(0.0:3831): avc: granted { execute } for comm="wc_srvinit_1" path="/data/user/0/com.tencent.mm/tinker/patch-13ff42e7/lib/lib/arm64-v8a/libwechatbase.so" dev="dm-10" ino=87418 scontext=u:r:untrusted_app_29:s0:c98,c256,c512,c768 tcontext=u:object_r:app_data_file:s0:c98,c256,c512,c768 tclass=file app=com.tencent.mm
05-04 09:35:34.580 0 0 E link_delay_work_func: DTC_ETH: SQI=0, link=0
05-04 09:35:34.633 1537 1537 I notification_enqueue: [10095,3362,com.tencent.android.qqdownloader,127,NULL,0,Notification(channel=channel_id_default_silent shortcut=null contentView=com.tencent.android.qqdownloader/0x7f0a01c2 vibrate=null sound=null defaults=0x0 flags=0x2a2 color=0x00000000 groupKey=com.tencent.android.qqdownloader vis=PRIVATE),1]
05-04 09:35:35.188 0 0 I auditd : type=1400 audit(0.0:3835): avc: denied { kill } for comm="swapper/7" capability=5 scontext=u:r:kernel:s0 tcontext=u:r:kernel:s0 tclass=capability permissive=1
05-04 09:35:35.318 1537 1676 I am_uid_running: 10073
05-04 09:35:35.326 1537 1677 I am_proc_start: [0,5192,10073,com.qti.ltebc,broadcast,{com.qti.ltebc/com.qualcomm.ltebc.LTEBroadcastAlarmReceiver}]
05-04 09:35:35.339 1537 2253 I am_proc_bound: [0,5192,com.qti.ltebc]
05-04 09:35:35.341 1537 2253 I am_uid_active: 10073
05-04 09:35:35.337 0 0 I binder : 5192:5192 ioctl 40046210 7fee715e34 returned -22
05-04 09:35:35.424 0 0 I binder : 2341:5213 ioctl 40046210 7ba4c0aef4 returned -22
05-04 09:35:35.444 5220 5220 I auditd : type=1400 audit(0.0:3836): avc: denied { map } for comm="getprop" path="/dev/__properties__/u:object_r:adbd_prop:s0" dev="tmpfs" ino=15435 scontext=u:r:system_app:s0 tcontext=u:object_r:adbd_prop:s0 tclass=file permissive=1
05-04 09:35:35.444 5220 5220 I auditd : type=1400 audit(0.0:3837): avc: denied { open } for comm="getprop" path="/dev/__properties__/u:object_r:apexd_config_prop:s0" dev="tmpfs" ino=15436 scontext=u:r:system_app:s0 tcontext=u:object_r:apexd_config_prop:s0 tclass=file permissive=1
05-04 09:35:35.444 5220 5220 I auditd : type=1400 audit(0.0:3838): avc: denied { getattr } for comm="getprop" path="/dev/__properties__/u:object_r:apexd_config_prop:s0" dev="tmpfs" ino=15436 scontext=u:r:system_app:s0 tcontext=u:object_r:apexd_config_prop:s0 tclass=file permissive=1
05-04 09:35:35.444 5220 5220 I auditd : type=1400 audit(0.0:3839): avc: denied { map } for comm="getprop" path="/dev/__properties__/u:object_r:apexd_config_prop:s0" dev="tmpfs" ino=15436 scontext=u:r:system_app:s0 tcontext=u:object_r:apexd_config_prop:s0 tclass=file permissive=1
05-04 09:35:35.451 0 0 W audit : audit_lost=3888 audit_rate_limit=5 audit_backlog_limit=64
05-04 09:35:35.451 0 0 E audit : rate limit exceeded
05-04 09:35:35.471 0 0 I init : processing action (sys.tlog.tlogdsho.active=1) from (/system/etc/init/tlogd.rc:163)
05-04 09:35:35.471 0 0 I init : starting service 'tlogdsho'...
05-04 09:35:35.517 0 0 I init : Service 'tlogdsho' (pid 5227) exited with status 0 oneshot service took 0.045000 seconds in background
05-04 09:35:35.517 0 0 I init : Sending signal 9 to service 'tlogdsho' (pid 5227) process group...
05-04 09:35:35.518 0 0 I libprocessgroup: Successfully killed process cgroup uid 0 pid 5227 in 0ms
05-04 09:35:35.585 0 0 I init : Untracked pid 5231 exited with status 0
05-04 09:35:35.604 0 0 I mv2112_setup_work_handler: Try to setup link again!
05-04 09:35:35.604 0 0 I : mv2112_setup_forced
05-04 09:35:35.638 1537 1537 I notification_enqueue: [10095,3362,com.tencent.android.qqdownloader,127,NULL,0,Notification(channel=channel_id_default_silent shortcut=null contentView=com.tencent.android.qqdownloader/0x7f0a01c2 vibrate=null sound=null defaults=0x0 flags=0x2a2 color=0x00000000 groupKey=com.tencent.android.qqdownloader vis=PRIVATE),1]
05-04 09:35:36.296 1537 1675 I am_pss : [2651,10078,com.android.launcher3,143345664,126607360,0,281686016,0,2,11]
05-04 09:35:36.328 4727 4727 I auditd : type=1400 audit(0.0:5133): avc: denied { read } for comm="mars::4847" name="route" dev="proc" ino=4026532257 scontext=u:r:untrusted_app_29:s0:c98,c256,c512,c768 tcontext=u:object_r:proc_net:s0 tclass=file permissive=1 app=com.tencent.mm
05-04 09:35:36.351 0 0 I binder : 4871:5311 ioctl 40046210 7af28d3484 returned -22
05-04 09:35:36.328 4727 4727 I auditd : type=1400 audit(0.0:5134): avc: denied { open } for comm="mars::4847" path="/proc/4727/net/route" dev="proc" ino=4026532257 scontext=u:r:untrusted_app_29:s0:c98,c256,c512,c768 tcontext=u:object_r:proc_net:s0 tclass=file permissive=1 app=com.tencent.mm
05-04 09:35:36.332 4727 4727 I auditd : type=1400 audit(0.0:5135): avc: denied { getattr } for comm="mars::4847" path="/proc/4727/net/route" dev="proc" ino=4026532257 scontext=u:r:untrusted_app_29:s0:c98,c256,c512,c768 tcontext=u:object_r:proc_net:s0 tclass=file permissive=1 app=com.tencent.mm
05-04 09:35:36.332 4727 4727 I auditd : type=1400 audit(0.0:5136): avc: granted { nlmsg_readpriv } for comm="mars::4847" scontext=u:r:untrusted_app_29:s0:c98,c256,c512,c768 tcontext=u:r:untrusted_app_29:s0:c98,c256,c512,c768 tclass=netlink_route_socket app=com.tencent.mm
05-04 09:35:36.332 4727 4727 I auditd : type=1400 audit(0.0:5137): avc: granted { nlmsg_readpriv } for comm="mars::4847" scontext=u:r:untrusted_app_29:s0:c98,c256,c512,c768 tcontext=u:r:untrusted_app_29:s0:c98,c256,c512,c768 tclass=netlink_route_socket app=com.tencent.mm
05-04 09:35:36.361 0 0 I msm_vidc: high: 00000001: ....e: Opening video instance: 0000000000000000, 0
05-04 09:35:36.361 0 0 I msm_vidc: err : 00000001: ....e: Failed to create debugfs for msm_vidc
05-04 09:35:36.415 0 0 I msm_vidc: high: 00000001: h264e: Closed video instance: 0000000000000000
05-04 09:35:36.607 0 0 I msm_vidc: high: 00000001: ....e: Opening video instance: 0000000000000000, 0
05-04 09:35:36.607 0 0 I msm_vidc: err : 00000001: ....e: Failed to create debugfs for msm_vidc
05-04 09:35:36.644 1537 1537 I notification_enqueue: [10095,3362,com.tencent.android.qqdownloader,127,NULL,0,Notification(channel=channel_id_default_silent shortcut=null contentView=com.tencent.android.qqdownloader/0x7f0a01c2 vibrate=null sound=null defaults=0x0 flags=0x2a2 color=0x00000000 groupKey=com.tencent.android.qqdownloader vis=PRIVATE),1]
05-04 09:35:36.693 0 0 W audit : audit_lost=5182 audit_rate_limit=5 audit_backlog_limit=64
05-04 09:35:36.693 0 0 E audit : rate limit exceeded
05-04 09:35:36.702 0 0 I msm_vidc: high: 00000001: h265e: Closed video instance: 0000000000000000
05-04 09:35:36.833 1537 2253 I am_uid_running: 10056
05-04 09:35:36.841 1537 1677 I am_proc_start: [0,5355,10056,com.qualcomm.qti.qms.service.trustzoneaccess,service,{com.qualcomm.qti.qms.service.trustzoneaccess/com.qualcomm.qti.qms.service.trustzoneaccess.TZAccessService}]
05-04 09:35:36.850 0 0 I binder : 5355:5355 ioctl 40046210 7fee715e34 returned -22
05-04 09:35:36.852 1537 2253 I am_proc_bound: [0,5355,com.qualcomm.qti.qms.service.trustzoneaccess]
05-04 09:35:37.137 1537 2253 I am_proc_died: [0,5192,com.qti.ltebc,905,19]
05-04 09:35:37.137 1537 2253 I am_uid_stopped: 10073
05-04 09:35:37.456 4871 4871 I auditd : type=1400 audit(0.0:5150): avc: denied { read } for comm="Binder:4871_2" name="drivers" dev="proc" ino=4026531852 scontext=u:r:untrusted_app_29:s0:c98,c256,c512,c768 tcontext=u:object_r:proc_tty_drivers:s0 tclass=file permissive=1 app=com.tencent.mm
05-04 09:35:37.456 4871 4871 I auditd : type=1400 audit(0.0:5151): avc: denied { getattr } for comm="Binder:4871_2" path="/proc/tty/drivers" dev="proc" ino=4026531852 scontext=u:r:untrusted_app_29:s0:c98,c256,c512,c768 tcontext=u:object_r:proc_tty_drivers:s0 tclass=file permissive=1 app=com.tencent.mm
05-04 09:35:37.648 1537 1537 I notification_enqueue: [10095,3362,com.tencent.android.qqdownloader,127,NULL,0,Notification(channel=channel_id_default_silent shortcut=null contentView=com.tencent.android.qqdownloader/0x7f0a01c2 vibrate=null sound=null defaults=0x0 flags=0x2a2 color=0x00000000 groupKey=com.tencent.android.qqdownloader vis=PRIVATE),1]
05-04 09:35:37.700 3362 3362 I auditd : type=1400 audit(0.0:5152): avc: granted { execute } for comm="gatherer-1-thre" path="/data/user/0/com.tencent.android.qqdownloader/app_e_qq_com_plugin_new_b11baa871a179485a20599a8c8554089/libturingga.so" dev="dm-10" ino=10923 scontext=u:r:untrusted_app_27:s0:c512,c768 tcontext=u:object_r:app_data_file:s0:c512,c768 tclass=file app=com.tencent.android.qqdownloader
05-04 09:35:37.708 4871 4871 I auditd : type=1400 audit(0.0:5153): avc: denied { read } for comm="Binder:4871_2" name="devices" dev="proc" ino=4026532305 scontext=u:r:untrusted_app_29:s0:c98,c256,c512,c768 tcontext=u:object_r:proc:s0 tclass=file permissive=1 app=com.tencent.mm
05-04 09:35:37.708 4871 4871 I auditd : type=1400 audit(0.0:5154): avc: denied { open } for comm="Binder:4871_2" path="/proc/bus/pci/devices" dev="proc" ino=4026532305 scontext=u:r:untrusted_app_29:s0:c98,c256,c512,c768 tcontext=u:object_r:proc:s0 tclass=file permissive=1 app=com.tencent.mm
05-04 09:35:37.713 0 0 W audit : audit_lost=5193 audit_rate_limit=5 audit_backlog_limit=64
05-04 09:35:37.713 0 0 E audit : rate limit exceeded
05-04 09:35:37.899 1537 1675 I sysui_multi_action: [757,1717,758,1,759,0]
05-04 09:35:37.899 1537 1675 I sysui_multi_action: [757,1717,758,2,759,0]
05-04 09:35:37.899 1537 1675 I sysui_multi_action: [757,1717,758,3,759,0]
05-04 09:35:38.229 0 0 I msm_vidc: err : ffffffff: .....: DBLP Set: status 0
05-04 09:35:38.272 1537 2153 I ntp_failure: [time.android.com/216.239.35.0,java.net.SocketTimeoutException: Poll timed out]
05-04 09:35:38.651 1537 1537 I notification_enqueue: [10095,3362,com.tencent.android.qqdownloader,127,NULL,0,Notification(channel=channel_id_default_silent shortcut=null contentView=com.tencent.android.qqdownloader/0x7f0a01c2 vibrate=null sound=null defaults=0x0 flags=0x2a2 color=0x00000000 groupKey=com.tencent.android.qqdownloader vis=PRIVATE),1]
05-04 09:35:38.868 5451 5451 I auditd : type=1400 audit(0.0:5830): avc: granted { bind } for comm="ip" scontext=u:r:untrusted_app_29:s0:c98,c256,c512,c768 tcontext=u:r:untrusted_app_29:s0:c98,c256,c512,c768 tclass=netlink_route_socket
05-04 09:35:38.868 4871 4871 I auditd : type=1400 audit(0.0:5831): avc: denied { read } for comm="Binder:4871_2" name="route" dev="proc" ino=4026532257 scontext=u:r:untrusted_app_29:s0:c98,c256,c512,c768 tcontext=u:object_r:proc_net:s0 tclass=file permissive=1 app=com.tencent.mm
05-04 09:35:38.868 4871 4871 I auditd : type=1400 audit(0.0:5832): avc: denied { open } for comm="Binder:4871_2" path="/proc/4871/net/route" dev="proc" ino=4026532257 scontext=u:r:untrusted_app_29:s0:c98,c256,c512,c768 tcontext=u:object_r:proc_net:s0 tclass=file permissive=1 app=com.tencent.mm
05-04 09:35:38.868 4871 4871 I auditd : type=1400 audit(0.0:5833): avc: denied { getattr } for comm="Binder:4871_2" path="/proc/4871/net/route" dev="proc" ino=4026532257 scontext=u:r:untrusted_app_29:s0:c98,c256,c512,c768 tcontext=u:object_r:proc_net:s0 tclass=file permissive=1 app=com.tencent.mm
05-04 09:35:38.903 0 0 W audit : audit_lost=5868 audit_rate_limit=5 audit_backlog_limit=64
05-04 09:35:38.903 0 0 E audit : rate limit exceeded
05-04 09:35:38.896 4871 4871 I auditd : type=1400 audit(0.0:5834): avc: denied { read } for comm="Binder:4871_2" name="version" dev="proc" ino=4026532247 scontext=u:r:untrusted_app_29:s0:c98,c256,c512,c768 tcontext=u:object_r:proc_version:s0 tclass=file permissive=1 app=com.tencent.mm
05-04 09:35:39.655 1537 1537 I notification_enqueue: [10095,3362,com.tencent.android.qqdownloader,127,NULL,0,Notification(channel=channel_id_default_silent shortcut=null contentView=com.tencent.android.qqdownloader/0x7f0a01c2 vibrate=null sound=null defaults=0x0 flags=0x2a2 color=0x00000000 groupKey=com.tencent.android.qqdownloader vis=PRIVATE),1]
05-04 09:35:39.700 0 0 E link_delay_work_func: DTC_ETH: SQI=0, link=0
05-04 09:35:39.948 5461 5461 I auditd : type=1400 audit(0.0:5838): avc: denied { read } for comm="cat" name="uptime" dev="proc" ino=4026532246 scontext=u:r:priv_app:s0:c512,c768 tcontext=u:object_r:proc_uptime:s0 tclass=file permissive=1 app=com.baidu.input
05-04 09:35:39.948 5461 5461 I auditd : type=1400 audit(0.0:5839): avc: denied { open } for comm="cat" path="/proc/uptime" dev="proc" ino=4026532246 scontext=u:r:priv_app:s0:c512,c768 tcontext=u:object_r:proc_uptime:s0 tclass=file permissive=1 app=com.baidu.input
05-04 09:35:40.104 0 0 I [soft_i][0x3a79584c][09:35:40.104544] wlan: [0:I:DP] dp_addba_requestprocess_wifi3 restore BA win 256 based on addba req
05-04 09:35:40.152 507 507 I auditd : avc: denied { find } for pid=4871 uid=10098 name=authentication_service scontext=u:r:untrusted_app_29:s0:c98,c256,c512,c768 tcontext=u:object_r:default_android_service:s0 tclass=service_manager permissive=1
05-04 09:35:40.204 4871 4871 I auditd : type=1400 audit(0.0:5840): avc: denied { read } for comm="mars::5132" name="u:object_r:serialno_prop:s0" dev="tmpfs" ino=15615 scontext=u:r:untrusted_app_29:s0:c98,c256,c512,c768 tcontext=u:object_r:serialno_prop:s0 tclass=file permissive=1 app=com.tencent.mm
05-04 09:35:40.204 4871 4871 I auditd : type=1400 audit(0.0:5841): avc: denied { open } for comm="mars::5132" path="/dev/__properties__/u:object_r:serialno_prop:s0" dev="tmpfs" ino=15615 scontext=u:r:untrusted_app_29:s0:c98,c256,c512,c768 tcontext=u:object_r:serialno_prop:s0 tclass=file permissive=1 app=com.tencent.mm
05-04 09:35:40.204 4871 4871 I auditd : type=1400 audit(0.0:5842): avc: denied { getattr } for comm="mars::5132" path="/dev/__properties__/u:object_r:serialno_prop:s0" dev="tmpfs" ino=15615 scontext=u:r:untrusted_app_29:s0:c98,c256,c512,c768 tcontext=u:object_r:serialno_prop:s0 tclass=file permissive=1 app=com.tencent.mm
05-04 09:35:40.210 0 0 W audit : audit_lost=5871 audit_rate_limit=5 audit_backlog_limit=64
05-04 09:35:40.210 0 0 E audit : rate limit exceeded
05-04 09:35:41.677 1537 1668 I commit_sys_config_file: [jobs,2]
05-04 09:35:41.748 0 0 E thermal cooling_device4: DTC_Fan: ERROR, avg(0) out of range(1680, 2800)
at stat(1)
05-04 09:35:41.748 0 0 I display_panel_avdd: disabling
05-04 09:35:41.749 0 0 I vdd_tof : disabling
05-04 09:35:42.588 3362 3362 I auditd : type=1400 audit(0.0:5850): avc: granted { execute } for comm="tbs_preinit" path="/data/user/0/com.tencent.android.qqdownloader/app_tbs_64/core_share/libwebp_base.so" dev="dm-10" ino=10639 scontext=u:r:untrusted_app_27:s0:c512,c768 tcontext=u:object_r:app_data_file:s0:c512,c768 tclass=file app=com.tencent.android.qqdownloader
05-04 09:35:42.632 3362 3362 I auditd : type=1400 audit(0.0:5851): avc: granted { execute } for comm="logging-thread" path="/data/user/0/com.tencent.android.qqdownloader/app_tbs_64/core_share/libx5log.so" dev="dm-10" ino=10641 scontext=u:r:untrusted_app_27:s0:c512,c768 tcontext=u:object_r:app_data_file:s0:c512,c768 tclass=file app=com.tencent.android.qqdownloader
05-04 09:35:42.660 3362 3362 I auditd : type=1400 audit(0.0:5852): avc: granted { execute } for comm="TP-IoBound-3" path="/data/user/0/com.tencent.android.qqdownloader/app_tbs_64/core_share/libqb_keystore.so" dev="dm-10" ino=10631 scontext=u:r:untrusted_app_27:s0:c512,c768 tcontext=u:object_r:app_data_file:s0:c512,c768 tclass=file app=com.tencent.android.qqdownloader
05-04 09:35:42.736 3362 3362 I auditd : type=1400 audit(0.0:5853): avc: granted { execute } for comm="tbs_preinit" path="/data/user/0/com.tencent.android.qqdownloader/app_tbs_64/core_share/libmttwebview.so" dev="dm-10" ino=10548 scontext=u:r:untrusted_app_27:s0:c512,c768 tcontext=u:object_r:app_data_file:s0:c512,c768 tclass=file app=com.tencent.android.qqdownloader
05-04 09:35:42.785 0 0 W audit : audit_lost=5878 audit_rate_limit=5 audit_backlog_limit=64
05-04 09:35:42.785 0 0 E audit : rate limit exceeded
05-04 09:35:42.780 5636 5636 I auditd : type=1400 audit(0.0:5854): avc: granted { execute } for comm="X5MemoryMonitor" name="libcmdsh.so" dev="dm-10" ino=10545 scontext=u:r:untrusted_app_27:s0:c512,c768 tcontext=u:object_r:app_data_file:s0:c512,c768 tclass=file app=com.tencent.android.qqdownloader
05-04 09:35:42.984 1537 2483 I am_uid_running: 99000
05-04 09:35:42.990 1537 1677 I am_proc_start: [0,5676,99000,com.android.webview:sandboxed_process0:org.chromium.content.app.SandboxedProcessService0:0,,{com.tencent.android.qqdownloader/org.chromium.content.app.SandboxedProcessService0:0}]
05-04 09:35:43.002 0 0 I binder : 5676:5676 ioctl 40046210 ffadfae8 returned -22
05-04 09:35:43.005 1537 2483 I am_proc_bound: [0,5676,com.android.webview:sandboxed_process0:org.chromium.content.app.SandboxedProcessService0:0]
05-04 09:35:43.008 1537 2483 I am_uid_active: 99000
05-04 09:35:43.022 1537 2483 I am_uid_running: 10068
05-04 09:35:43.025 507 507 I auditd : avc: denied { find } for pid=5676 uid=99000 name=content_capture scontext=u:r:isolated_app:s0:c512,c768 tcontext=u:object_r:content_capture_service:s0 tclass=service_manager permissive=1
05-04 09:35:43.028 1537 1677 I am_proc_start: [0,5705,10068,com.android.webview:webview_service,service,{com.android.webview/org.chromium.android_webview.services.ComponentsProviderService}]
05-04 09:35:43.053 0 0 I binder : 5705:5705 ioctl 40046210 ffae0398 returned -22
05-04 09:35:43.061 1537 2483 I am_proc_bound: [0,5705,com.android.webview:webview_service]
05-04 09:35:43.065 1537 2483 I am_uid_active: 10068
05-04 09:35:43.278 1537 2153 I ntp_failure: [time.android.com/216.239.35.4,java.net.SocketTimeoutException: Poll timed out]
05-04 09:35:44.820 0 0 E link_delay_work_func: DTC_ETH: SQI=0, link=0
05-04 09:35:46.424 1537 1675 I am_pss : [2651,10078,com.android.launcher3,142974976,126586880,0,281686016,0,2,15]
05-04 09:35:46.433 1537 1675 I am_pss : [3259,10095,com.tencent.android.qqdownloader:live,21825536,14999552,0,131964928,0,5,8]
05-04 09:35:46.442 1537 1675 I am_pss : [3199,10087,com.qualcomm.qtil.aptxui,9494528,3817472,4767744,58224640,0,19,6]
05-04 09:35:46.450 1537 1675 I am_pss : [3233,10071,com.qualcomm.location.XT,5964800,4395008,0,91418624,0,6,6]
05-04 09:35:46.460 1537 1675 I am_pss : [2582,1000,com.android.settings,23442432,13451264,6306816,96579584,0,19,7]
05-04 09:35:46.466 1537 1675 I am_pss : [2648,10093,android.ext.services,12228608,8413184,0,111239168,0,5,6]
05-04 09:35:47.001 1537 1675 I am_pss : [3362,10095,com.tencent.android.qqdownloader:daemon,204343296,179929088,0,353980416,0,5,21]
05-04 09:35:47.007 1537 1675 I am_pss : [3431,10035,com.android.managedprovisioning,10782720,4800512,4698112,63176704,0,19,5]
05-04 09:35:47.020 1537 1675 I am_pss : [3451,10031,com.baidu.input,100630528,82518016,0,237748224,0,7,12]
05-04 09:35:47.027 1537 1675 I am_pss : [3311,10033,com.android.documentsui,16173056,9609216,4584448,82227200,0,19,6]
05-04 09:35:47.033 1537 1675 I am_pss : [3173,1000,com.android.keychain,14358528,3706880,9654272,55291904,0,19,4]
05-04 09:35:47.237 1537 1675 I am_pss : [3586,10025,com.android.traceur,11407360,5398528,5040128,63688704,0,19,8]
05-04 09:35:47.690 1537 1677 I am_proc_start: [0,5764,10095,com.tencent.ilink.ServiceProcess,service,{com.tencent.android.qqdownloader/com.tencent.luggage.services.WxaStartUpService}]
05-04 09:35:47.707 1537 2775 I am_proc_bound: [0,5764,com.tencent.ilink.ServiceProcess]
05-04 09:35:47.704 0 0 I binder : 5764:5764 ioctl 40046210 7fee715e34 returned -22
05-04 09:35:47.768 5764 5764 I auditd : type=1400 audit(0.0:5860): avc: granted { execute } for comm=".ServiceProcess" path="/data/user/0/com.tencent.android.qqdownloader/files/res_hub/yyb/online/wx_lib_host_so_64_10/arm64-v8a/libc++_shared.so" dev="dm-10" ino=10256 scontext=u:r:untrusted_app_27:s0:c512,c768 tcontext=u:object_r:app_data_file:s0:c512,c768 tclass=file app=com.tencent.android.qqdownloader
05-04 09:35:47.772 5764 5764 I auditd : type=1400 audit(0.0:5861): avc: granted { execute } for comm=".ServiceProcess" path="/data/user/0/com.tencent.android.qqdownloader/files/res_hub/yyb/online/wx_lib_host_so_64_10/arm64-v8a/libwechatxlog.so" dev="dm-10" ino=10259 scontext=u:r:untrusted_app_27:s0:c512,c768 tcontext=u:object_r:app_data_file:s0:c512,c768 tclass=file app=com.tencent.android.qqdownloader
05-04 09:35:48.188 0 0 I auditd : type=1400 audit(0.0:5862): avc: denied { kill } for comm="swapper/6" capability=5 scontext=u:r:kernel:s0 tcontext=u:r:kernel:s0 tclass=capability permissive=1
05-04 09:35:48.252 5764 5764 I auditd : type=1400 audit(0.0:5863): avc: granted { execute } for comm="Binder:5764_2" path="/data/user/0/com.tencent.android.qqdownloader/app_wxa_sdk_plugin/554172673/wxa_libs/libc++_shared.so" dev="dm-10" ino=9938 scontext=u:r:untrusted_app_27:s0:c512,c768 tcontext=u:object_r:app_data_file:s0:c512,c768 tclass=file app=com.tencent.android.qqdownloader
05-04 09:35:48.252 5764 5764 I auditd : type=1400 audit(0.0:5864): avc: granted { execute } for comm="Binder:5764_2" path="/data/user/0/com.tencent.android.qqdownloader/app_wxa_sdk_plugin/554172673/wxa_libs/libwechatxlog.so" dev="dm-10" ino=10248 scontext=u:r:untrusted_app_27:s0:c512,c768 tcontext=u:object_r:app_data_file:s0:c512,c768 tclass=file app=com.tencent.android.qqdownloader
05-04 09:35:48.267 0 0 W audit : audit_lost=5883 audit_rate_limit=5 audit_backlog_limit=64
