05-04 09:37:07.426 549 642 I vold : Verified that /data/system_ce/0 has the encryption policy f70a65e6d33eae85d6c13e8d156178d2 v2 modes 1/4 flags 0xa
05-04 09:37:07.426 549 642 I vold : Verified that /data/misc_ce/0 has the encryption policy f70a65e6d33eae85d6c13e8d156178d2 v2 modes 1/4 flags 0xa
05-04 09:37:07.426 549 642 I vold : Verified that /data/vendor_ce/0 has the encryption policy f70a65e6d33eae85d6c13e8d156178d2 v2 modes 1/4 flags 0xa
05-04 09:37:07.426 549 642 I vold : Verified that /data/media/0 has the encryption policy f70a65e6d33eae85d6c13e8d156178d2 v2 modes 1/4 flags 0xa
05-04 09:37:07.426 549 642 I vold : Verified that /data/data has the encryption policy f70a65e6d33eae85d6c13e8d156178d2 v2 modes 1/4 flags 0xa
05-04 09:37:07.426 549 642 D vold : Starting restorecon of /data/system_ce/0
05-04 09:37:07.428 549 642 D vold : Finished restorecon of /data/system_ce/0
05-04 09:37:07.428 549 642 D vold : Starting restorecon of /data/vendor_ce/0
05-04 09:37:07.429 549 642 D vold : Finished restorecon of /data/vendor_ce/0
05-04 09:37:07.429 549 642 D vold : Starting restorecon of /data/misc_ce/0
05-04 09:37:07.433 549 642 D vold : Finished restorecon of /data/misc_ce/0
05-04 09:37:07.433 549 642 D vold : /system/bin/vold_prepare_subdirs
05-04 09:37:07.433 549 642 D vold : prepare
05-04 09:37:07.433 549 642 D vold :
05-04 09:37:07.433 549 642 D vold : 0
05-04 09:37:07.433 549 642 D vold : 2
05-04 09:37:07.441 7469 7673 D CompatibilityChangeReporter: Compat change id reported: 168419799; UID 10054; state: DISABLED
05-04 09:37:07.444 7469 7681 D CompatibilityChangeReporter: Compat change id reported: 168419799; UID 1000; state: DISABLED
05-04 09:37:07.444 0 0 I binder : 7974:7974 ioctl 40046210 7fed10db14 returned -22
05-04 09:37:07.446 8063 8063 W ContextImpl: Calling a method in the system process without a qualified user: android.app.ContextImpl.startService:1816 android.content.ContextWrapper.startService:774 android.content.ContextWrapper.startService:774 vendor.qti.qesdk.sysservice.QesdkSysReceiver.onReceive:42 android.app.ActivityThread.handleReceiver:4309
05-04 09:37:07.451 0 0 I [schedu][0x9e6f54ab][09:37:07.451696] wlan: [1858:I:OSIF] scan start scan id 40964
05-04 09:37:07.454 7469 7486 V UserDataPreparer: Found /data/user/0 with serial number 0
05-04 09:37:07.454 7469 7486 V UserDataPreparer: Found /data/system_ce/0 with serial number 0
05-04 09:37:07.455 7469 7486 D UserDataPreparer: Setting property: sys.user.0.ce_available=true
05-04 09:37:07.455 7469 7486 V PackageManager: reconcileAppsData for null u0 0x2 migrateAppData=false
05-04 09:37:07.485 0 0 I [schedu][0x9e792d68][09:37:07.485305] wlan: [1858:I:HIF] Deinitializing Runtime PM wakelock &vdev->vdev_set_key_runtime_wakelock
05-04 09:37:07.485 0 0 I [schedu][0x9e79570a][09:37:07.485861] wlan: [1858:I:HIF] Initializing Runtime PM wakelock &vdev->vdev_set_key_runtime_wakelock
05-04 09:37:07.522 0 0 I zram : Cannot change disksize for initialized device
05-04 09:37:07.524 7469 7486 V PackageManager: reconcileAppsData finished 154 packages
05-04 09:37:07.524 7469 7486 I ActivityManager: User 0 state changed from RUNNING_LOCKED to RUNNING_UNLOCKING
05-04 09:37:07.524 7469 7486 I am_user_state_changed: [0,2]
05-04 09:37:07.525 7469 7486 D ActivityManager: Unlocking user 0 progress 20
05-04 09:37:07.527 0 0 E msm-dwc3 a600000.ssusb: Could not get usb psy
05-04 09:37:07.525 7469 7496 I ssm_user_unlocking: 0
05-04 09:37:07.525 7469 7486 W Looper : Slow dispatch took 100ms android.fg h=android.os.Handler c=com.android.server.am.UserController$$ExternalSyntheticLambda3@67f7d68 m=0
05-04 09:37:07.525 7469 7496 I SystemServerTimingAsync: ssm.UnlockingUser-0
05-04 09:37:07.525 7469 7496 I SystemServiceManager: Calling onUnlockingUser 0
05-04 09:37:07.525 7469 7496 I SystemServerTimingAsync: ssm.onUnlockingUser-0_com.android.server.security.FileIntegrityService
05-04 09:37:07.525 7469 7496 I SystemServerTimingAsync: ssm.onUnlockingUser-0_com.android.server.pm.Installer
05-04 09:37:07.525 7469 7496 I SystemServerTimingAsync: ssm.onUnlockingUser-0_com.android.server.os.DeviceIdentifiersPolicyService
05-04 09:37:07.525 7469 7496 I SystemServerTimingAsync: ssm.onUnlockingUser-0_com.android.server.uri.UriGrantsManagerService$Lifecycle
05-04 09:37:07.525 7469 7496 I SystemServerTimingAsync: ssm.onUnlockingUser-0_com.android.server.powerstats.PowerStatsService
05-04 09:37:07.525 7469 7496 I SystemServerTimingAsync: ssm.onUnlockingUser-0_com.android.server.wm.ActivityTaskManagerService$Lifecycle
05-04 09:37:07.525 7469 7496 I SystemServerTimingAsync: ssm.onUnlockingUser-0_com.android.server.am.ActivityManagerService$Lifecycle
05-04 09:37:07.525 7469 7496 I SystemServerTimingAsync: ssm.onUnlockingUser-0_com.android.server.pm.DataLoaderManagerService
05-04 09:37:07.525 7469 7496 I SystemServerTimingAsync: ssm.onUnlockingUser-0_com.android.server.power.PowerManagerService
05-04 09:37:07.525 7469 7496 I SystemServerTimingAsync: ssm.onUnlockingUser-0_com.android.server.power.ThermalManagerService
05-04 09:37:07.525 7469 7496 I SystemServerTimingAsync: ssm.onUnlockingUser-0_com.android.server.power.hint.HintManagerService
05-04 09:37:07.525 7469 7496 I SystemServerTimingAsync: ssm.onUnlockingUser-0_com.android.server.recoverysystem.RecoverySystemService$Lifecycle
05-04 09:37:07.525 7469 7496 I SystemServerTimingAsync: ssm.onUnlockingUser-0_com.android.server.lights.LightsService
05-04 09:37:07.525 7469 7496 I SystemServerTimingAsync: ssm.onUnlockingUser-0_com.android.server.display.DisplayManagerService
05-04 09:37:07.525 7469 7496 I SystemServerTimingAsync: ssm.onUnlockingUser-0_com.android.server.pm.verify.domain.DomainVerificationService
05-04 09:37:07.525 7469 7496 I SystemServerTimingAsync: ssm.onUnlockingUser-0_com.android.server.pm.PackageInstallerService$Lifecycle
05-04 09:37:07.525 7469 7496 I SystemServerTimingAsync: ssm.onUnlockingUser-0_com.android.server.pm.UserManagerService$LifeCycle
05-04 09:37:07.525 7469 7496 I SystemServerTimingAsync: ssm.onUnlockingUser-0_com.android.server.om.OverlayManagerService
05-04 09:37:07.525 7469 7496 I SystemServerTimingAsync: ssm.onUnlockingUser-0_com.android.server.SensorPrivacyService
05-04 09:37:07.525 7469 7496 I SystemServerTimingAsync: ssm.onUnlockingUser-0_com.android.server.thunderperf.ThunderBoostPerfService
05-04 09:37:07.525 7469 7496 I SystemServerTimingAsync: ssm.onUnlockingUser-0_com.android.server.sensors.SensorService
05-04 09:37:07.525 7469 7496 I SystemServerTimingAsync: ssm.onUnlockingUser-0_com.android.server.SystemConfigService
05-04 09:37:07.525 7469 7496 I SystemServerTimingAsync: ssm.onUnlockingUser-0_com.android.server.BatteryService
05-04 09:37:07.525 7469 7496 I SystemServerTimingAsync: ssm.onUnlockingUser-0_com.android.server.usage.UsageStatsService
05-04 09:37:07.525 7469 7496 I SystemServerTimingAsync: ssm.onUnlockingUser-0_com.android.server.webkit.WebViewUpdateService
05-04 09:37:07.525 7469 7496 I SystemServerTimingAsync: ssm.onUnlockingUser-0_com.android.server.CachedDeviceStateService
05-04 09:37:07.525 7469 7496 I SystemServerTimingAsync: ssm.onUnlockingUser-0_com.android.server.BinderCallsStatsService$LifeCycle
05-04 09:37:07.525 7469 7496 I SystemServerTimingAsync: ssm.onUnlockingUser-0_com.android.server.LooperStatsService$Lifecycle
05-04 09:37:07.526 7469 7496 I SystemServerTimingAsync: ssm.onUnlockingUser-0_com.android.server.rollback.RollbackManagerService
05-04 09:37:07.526 7469 7496 I SystemServerTimingAsync: ssm.onUnlockingUser-0_com.android.server.os.NativeTombstoneManagerService
05-04 09:37:07.527 7469 7496 I SystemServerTimingAsync: ssm.onUnlockingUser-0_com.android.server.os.BugreportManagerService
05-04 09:37:07.527 7469 7496 I SystemServerTimingAsync: ssm.onUnlockingUser-0_com.android.server.gpu.GpuService
05-04 09:37:07.527 7469 7496 I SystemServerTimingAsync: ssm.onUnlockingUser-0_com.android.server.security.KeyChainSystemService
05-04 09:37:07.527 7469 7496 I SystemServerTimingAsync: ssm.onUnlockingUser-0_com.android.server.telecom.TelecomLoaderService
05-04 09:37:07.527 7469 7496 I SystemServerTimingAsync: ssm.onUnlockingUser-0_com.android.server.accounts.AccountManagerService$Lifecycle
05-04 09:37:07.527 7469 7496 I SystemServerTimingAsync: ssm.onUnlockingUser-0_com.android.server.content.ContentService$Lifecycle
05-04 09:37:07.527 7469 7496 I SystemServerTimingAsync: ssm.onUnlockingUser-0_com.android.server.DropBoxManagerService
05-04 09:37:07.527 7469 7496 I SystemServerTimingAsync: ssm.onUnlockingUser-0_com.android.role.RoleService
05-04 09:37:07.527 7469 7496 I SystemServerTimingAsync: ssm.onUnlockingUser-0_com.android.server.vibrator.VibratorManagerService$Lifecycle
05-04 09:37:07.527 7469 7496 I SystemServerTimingAsync: ssm.onUnlockingUser-0_com.android.server.alarm.AlarmManagerService
05-04 09:37:07.527 7469 7496 I SystemServerTimingAsync: ssm.onUnlockingUser-0_com.android.server.devicestate.DeviceStateManagerService
05-04 09:37:07.527 7469 7496 I SystemServerTimingAsync: ssm.onUnlockingUser-0_com.android.server.camera.CameraServiceProxy
05-04 09:37:07.527 7469 7496 I SystemServerTimingAsync: ssm.onUnlockingUser-0_com.android.server.BluetoothService
05-04 09:37:07.527 7469 7496 D BluetoothManagerService: User 0 unlocked
05-04 09:37:07.527 7469 7496 I SystemServerTimingAsync: ssm.onUnlockingUser-0_com.android.server.connectivity.IpConnectivityMetrics
05-04 09:37:07.527 7469 7496 I SystemServerTimingAsync: ssm.onUnlockingUser-0_com.android.server.net.watchlist.NetworkWatchlistService$Lifecycle
05-04 09:37:07.527 7469 7496 I SystemServerTimingAsync: ssm.onUnlockingUser-0_com.android.server.PinnerService
05-04 09:37:07.527 7469 7488 D BluetoothManagerService: MESSAGE_USER_UNLOCKED
05-04 09:37:07.527 7469 7496 I SystemServerTimingAsync: ssm.onUnlockingUser-0_com.google.android.startop.iorap.IorapForwardingService
05-04 09:37:07.527 7469 7496 I SystemServerTimingAsync: ssm.onUnlockingUser-0_com.android.server.ActivityTriggerService
05-04 09:37:07.527 7469 7496 I SystemServerTimingAsync: ssm.onUnlockingUser-0_com.android.server.integrity.AppIntegrityManagerService
05-04 09:37:07.527 7469 7496 I SystemServerTimingAsync: ssm.onUnlockingUser-0_com.android.server.inputmethod.InputMethodManagerService$Lifecycle
05-04 09:37:07.527 7469 7496 I SystemServerTimingAsync: ssm.onUnlockingUser-0_com.android.server.accessibility.AccessibilityManagerService$Lifecycle
05-04 09:37:07.527 7469 7496 I SystemServerTimingAsync: ssm.onUnlockingUser-0_com.android.server.StorageManagerService$Lifecycle
05-04 09:37:07.527 7469 7496 D StorageManagerService: onUnlockUser 0
05-04 09:37:07.527 7469 7496 I StorageSessionController: On user unlock 0
05-04 09:37:07.527 7469 7496 I StorageSessionController: Initialialising...
05-04 09:37:07.530 7469 7486 W Looper : Drained
05-04 09:37:07.531 549 642 I vold : onUserStarted: 0
05-04 09:37:07.533 7469 7496 I SystemServerTimingAsync: ssm.onUnlockingUser-0_com.android.server.usage.StorageStatsService$Lifecycle
05-04 09:37:07.533 7469 7496 I SystemServerTimingAsync: ssm.onUnlockingUser-0_com.android.server.UiModeManagerService
05-04 09:37:07.533 7469 7496 I SystemServerTimingAsync: ssm.onUnlockingUser-0_com.android.server.locksettings.LockSettingsService$Lifecycle
05-04 09:37:07.533 7469 7496 I SystemServerTimingAsync: ssm.onUnlockingUser-0_com.android.server.PersistentDataBlockService
05-04 09:37:07.533 7469 7496 I SystemServerTimingAsync: ssm.onUnlockingUser-0_com.android.server.testharness.TestHarnessModeService
05-04 09:37:07.533 7469 7496 I SystemServerTimingAsync: ssm.onUnlockingUser-0_com.android.server.oemlock.OemLockService
05-04 09:37:07.533 7469 7496 I SystemServerTimingAsync: ssm.onUnlockingUser-0_com.android.server.DeviceIdleController
05-04 09:37:07.533 7469 7496 I SystemServerTimingAsync: ssm.onUnlockingUser-0_com.android.server.devicepolicy.DevicePolicyManagerService$Lifecycle
05-04 09:37:07.533 7469 7496 I SystemServerTimingAsync: ssm.onUnlockingUser-0_com.android.server.texttospeech.TextToSpeechManagerService
05-04 09:37:07.533 7469 8153 V StorageManagerService: Found primary storage at VolumeInfo{emulated;0}:
05-04 09:37:07.533 7469 8153 V StorageManagerService: type=EMULATED diskId=null partGuid= mountFlags=0 mountUserId=0
05-04 09:37:07.533 7469 8153 V StorageManagerService: state=UNMOUNTED
05-04 09:37:07.533 7469 8153 V StorageManagerService: fsType=null fsUuid=null fsLabel=null
05-04 09:37:07.533 7469 8153 V StorageManagerService: path=null internalPath=null
05-04 09:37:07.533 7469 7496 I SystemServerTimingAsync: ssm.onUnlockingUser-0_com.android.server.speech.SpeechRecognitionManagerService
05-04 09:37:07.533 7469 7608 I StorageManagerService: Mounting volume VolumeInfo{emulated;0}:
05-04 09:37:07.533 7469 7608 I StorageManagerService: type=EMULATED diskId=null partGuid= mountFlags=PRIMARY|VISIBLE
05-04 09:37:07.533 7469 7608 I StorageManagerService: mountUserId=0 state=UNMOUNTED
05-04 09:37:07.533 7469 7608 I StorageManagerService: fsType=null fsUuid=null fsLabel=null
05-04 09:37:07.533 7469 7608 I StorageManagerService: path=null internalPath=null
05-04 09:37:07.534 549 642 I vold : Executing sdcardfs
05-04 09:37:07.534 7469 7496 I SystemServerTimingAsync: ssm.onUnlockingUser-0_com.android.server.searchui.SearchUiManagerService
05-04 09:37:07.534 549 642 D vold : Waiting for sdcardfs to spin up...
05-04 09:37:07.534 7469 7496 I SystemServerTimingAsync: ssm.onUnlockingUser-0_com.android.server.smartspace.SmartspaceManagerService
05-04 09:37:07.534 7469 7496 I SystemServerTimingAsync: ssm.onUnlockingUser-0_com.android.server.graphics.fonts.FontManagerService$Lifecycle
05-04 09:37:07.534 7469 7496 I SystemServerTimingAsync: ssm.onUnlockingUser-0_com.android.server.textservices.TextServicesManagerService$Lifecycle
05-04 09:37:07.538 7469 7496 I SystemServerTimingAsync: ssm.onUnlockingUser-0_com.android.server.textclassifier.TextClassificationManagerService$Lifecycle
05-04 09:37:07.538 7469 7496 I SystemServerTimingAsync: ssm.onUnlockingUser-0_com.android.server.NetworkScoreService$Lifecycle
05-04 09:37:07.538 7469 7496 I SystemServerTimingAsync: ssm.onUnlockingUser-0_com.android.server.wifi.WifiService
05-04 09:37:07.539 7469 7496 I SystemServerTimingAsync: ssm.onUnlockingUser-0_com.android.server.wifi.scanner.WifiScanningService
05-04 09:37:07.539 7469 7496 I SystemServerTimingAsync: ssm.onUnlockingUser-0_com.android.server.wifi.rtt.RttService
05-04 09:37:07.539 7469 7496 I SystemServerTimingAsync: ssm.onUnlockingUser-0_com.android.server.wifi.aware.WifiAwareService
05-04 09:37:07.539 7469 7496 I SystemServerTimingAsync: ssm.onUnlockingUser-0_com.android.server.wifi.p2p.WifiP2pService
05-04 09:37:07.539 7469 7496 I SystemServerTimingAsync: ssm.onUnlockingUser-0_com.android.server.ethernet.EthernetService
05-04 09:37:07.539 7469 7496 I SystemServerTimingAsync: ssm.onUnlockingUser-0_com.android.server.ConnectivityServiceInitializer
05-04 09:37:07.539 7469 7496 I SystemServerTimingAsync: ssm.onUnlockingUser-0_com.android.server.notification.NotificationManagerService
05-04 09:37:07.539 7469 7496 I SystemServerTimingAsync: ssm.onUnlockingUser-0_com.android.server.storage.DeviceStorageMonitorService
05-04 09:37:07.539 7469 7496 I SystemServerTimingAsync: ssm.onUnlockingUser-0_com.android.server.location.LocationManagerService$Lifecycle
05-04 09:37:07.539 7469 7496 I SystemServerTimingAsync: ssm.onUnlockingUser-0_com.android.server.timedetector.TimeDetectorService$Lifecycle
05-04 09:37:07.539 7469 7496 I SystemServerTimingAsync: ssm.onUnlockingUser-0_com.android.server.timezonedetector.TimeZoneDetectorService$Lifecycle
05-04 09:37:07.539 7469 7496 I SystemServerTimingAsync: ssm.onUnlockingUser-0_com.android.server.timezonedetector.location.LocationTimeZoneManagerService$Lifecycle
05-04 09:37:07.539 7469 7496 I SystemServerTimingAsync: ssm.onUnlockingUser-0_com.android.server.search.SearchManagerService$Lifecycle
05-04 09:37:07.539 7469 7496 I SystemServerTimingAsync: ssm.onUnlockingUser-0_com.android.server.wallpaper.WallpaperManagerService$Lifecycle
05-04 09:37:07.539 7469 7496 I WallpaperManagerService: on-unlock-user-0
05-04 09:37:07.539 7469 7496 I SystemServerTimingAsync: ssm.onUnlockingUser-0_com.android.server.audio.AudioService$Lifecycle
05-04 09:37:07.539 7469 7496 I SystemServerTimingAsync: ssm.onUnlockingUser-0_com.android.server.soundtrigger_middleware.SoundTriggerMiddlewareService$Lifecycle
05-04 09:37:07.539 7469 7496 I SystemServerTimingAsync: ssm.onUnlockingUser-0_com.android.server.DockObserver
05-04 09:37:07.539 7469 7496 I SystemServerTimingAsync: ssm.onUnlockingUser-0_com.android.server.midi.MidiService$Lifecycle
05-04 09:37:07.540 7469 7496 I SystemServerTimingAsync: ssm.onUnlockingUser-0_com.android.server.adb.AdbService$Lifecycle
05-04 09:37:07.540 7469 7496 I SystemServerTimingAsync: ssm.onUnlockingUser-0_com.android.server.usb.UsbService$Lifecycle
05-04 09:37:07.540 7469 7496 I SystemServerTimingAsync: ssm.onUnlockingUser-0_com.android.server.twilight.TwilightService
05-04 09:37:07.540 7469 7496 I SystemServerTimingAsync: ssm.onUnlockingUser-0_com.android.server.display.color.ColorDisplayService
05-04 09:37:07.540 7469 7496 I SystemServerTimingAsync: ssm.onUnlockingUser-0_com.android.server.job.JobSchedulerService
05-04 09:37:07.540 7469 7496 I SystemServerTimingAsync: ssm.onUnlockingUser-0_com.android.server.soundtrigger.SoundTriggerService
05-04 09:37:07.540 7469 7496 I SystemServerTimingAsync: ssm.onUnlockingUser-0_com.android.server.trust.TrustManagerService
05-04 09:37:07.540 7469 7496 I SystemServerTimingAsync: ssm.onUnlockingUser-0_com.android.server.backup.BackupManagerService$Lifecycle
05-04 09:37:07.540 7469 7496 I SystemServerTimingAsync: ssm.onUnlockingUser-0_com.android.server.appwidget.AppWidgetService
05-04 09:37:07.540 7469 7496 I SystemServerTimingAsync: ssm.onUnlockingUser-0_com.android.server.voiceinteraction.VoiceInteractionManagerService
05-04 09:37:07.541 7469 7496 W VoiceInteractionManager: no available voice recognition services found for user 0
05-04 09:37:07.543 7469 7496 I SystemServerTimingAsync: ssm.onUnlockingUser-0_com.android.server.apphibernation.AppHibernationService
05-04 09:37:07.543 7469 7646 I BackupManagerService: Starting service for user: 0
05-04 09:37:07.543 7469 7496 I SystemServerTimingAsync: ssm.onUnlockingUser-0_com.android.server.SensorNotificationService
05-04 09:37:07.543 7469 7496 I SystemServerTimingAsync: ssm.onUnlockingUser-0_com.android.server.emergency.EmergencyAffordanceService
05-04 09:37:07.543 7469 7496 I SystemServerTimingAsync: ssm.onUnlockingUser-0_com.android.server.blob.BlobStoreManagerService
05-04 09:37:07.543 7469 7496 I SystemServerTimingAsync: ssm.onUnlockingUser-0_com.android.server.dreams.DreamManagerService
05-04 09:37:07.543 7469 7496 I SystemServerTimingAsync: ssm.onUnlockingUser-0_com.android.server.companion.CompanionDeviceManagerService
05-04 09:37:07.543 7469 7646 V BackupManagerService: [UserID:0] Starting with transport com.android.localtransport/.LocalTransport
05-04 09:37:07.543 7469 8463 I HibernationStateDiskStore: No hibernation file on disk for file /data/system_ce/0/hibernation/states
05-04 09:37:07.543 7469 7496 I CompanionDeviceManagerService: Read associations from disk: {0=[]}
05-04 09:37:07.543 7469 7496 I SystemServerTimingAsync: ssm.onUnlockingUser-0_com.android.server.restrictions.RestrictionsManagerService
05-04 09:37:07.543 7469 7496 I SystemServerTimingAsync: ssm.onUnlockingUser-0_com.android.server.media.MediaSessionService
05-04 09:37:07.543 7469 7496 I SystemServerTimingAsync: ssm.onUnlockingUser-0_com.android.server.media.MediaResourceMonitorService
05-04 09:37:07.543 7469 7646 D BackupManagerService: [UserID:0] Started thread backup-0
05-04 09:37:07.543 7469 7496 I SystemServerTimingAsync: ssm.onUnlockingUser-0_com.android.server.biometrics.sensors.fingerprint.FingerprintService
05-04 09:37:07.544 7469 7496 I SystemServerTimingAsync: ssm.onUnlockingUser-0_com.android.server.biometrics.BiometricService
05-04 09:37:07.544 7469 7496 I SystemServerTimingAsync: ssm.onUnlockingUser-0_com.android.server.biometrics.AuthService
05-04 09:37:07.544 7469 7496 I SystemServerTimingAsync: ssm.onUnlockingUser-0_com.android.server.pm.ShortcutService$Lifecycle
05-04 09:37:07.544 7469 7496 I SystemServerTimingAsync: ssm.onUnlockingUser-0_com.android.server.pm.LauncherAppsService
05-04 09:37:07.544 7469 7496 I SystemServerTimingAsync: ssm.onUnlockingUser-0_com.android.server.pm.CrossProfileAppsService
05-04 09:37:07.544 7469 7496 I SystemServerTimingAsync: ssm.onUnlockingUser-0_com.android.server.people.PeopleService
05-04 09:37:07.544 7469 7496 I SystemServerTimingAsync: ssm.onUnlockingUser-0_com.android.server.media.metrics.MediaMetricsManagerService
05-04 09:37:07.544 7469 7496 I SystemServerTimingAsync: ssm.onUnlockingUser-0_com.android.server.media.projection.MediaProjectionManagerService
05-04 09:37:07.544 7469 7496 I SystemServerTimingAsync: ssm.onUnlockingUser-0_com.android.server.slice.SliceManagerService$Lifecycle
05-04 09:37:07.544 7469 7496 I SystemServerTimingAsync: ssm.onUnlockingUser-0_com.android.server.stats.StatsCompanion$Lifecycle
05-04 09:37:07.544 7469 7496 I SystemServerTimingAsync: ssm.onUnlockingUser-0_com.android.server.scheduling.RebootReadinessManagerService$Lifecycle
05-04 09:37:07.544 7469 7496 I SystemServerTimingAsync: ssm.onUnlockingUser-0_com.android.server.stats.pull.StatsPullAtomService
05-04 09:37:07.544 7469 7496 I SystemServerTimingAsync: ssm.onUnlockingUser-0_com.android.server.incident.IncidentCompanionService
05-04 09:37:07.544 7469 7496 I SystemServerTimingAsync: ssm.onUnlockingUser-0_com.android.server.MmsServiceBroker
05-04 09:37:07.544 7469 7496 I SystemServerTimingAsync: ssm.onUnlockingUser-0_com.android.server.autofill.AutofillManagerService
05-04 09:37:07.545 7469 7496 I SystemServerTimingAsync: ssm.onUnlockingUser-0_com.android.server.clipboard.ClipboardService
05-04 09:37:07.545 7469 7496 I SystemServerTimingAsync: ssm.onUnlockingUser-0_com.android.server.appbinding.AppBindingService$Lifecycle
05-04 09:37:07.545 7469 7496 W AppBindingService: [Default SMS app] u0 Target package not found
05-04 09:37:07.545 7469 7496 I SystemServerTimingAsync: ssm.onUnlockingUser-0_com.android.server.tracing.TracingServiceProxy
05-04 09:37:07.545 7469 7496 I SystemServerTimingAsync: ssm.onUnlockingUser-0_com.android.server.policy.PermissionPolicyService
05-04 09:37:07.545 7469 7496 I SystemServerTimingAsync: ssm.onUnlockingUser-0_com.android.server.pm.StagingManager$Lifecycle
05-04 09:37:07.545 7469 7496 I SystemServerTimingAsync: ssm.onUnlockingUser-0_com.android.server.app.GameManagerService$Lifecycle
05-04 09:37:07.545 7469 7496 I SystemServerTimingAsync: ssm.onUnlockingUser-0_com.android.server.appsearch.AppSearchManagerService
05-04 09:37:07.545 7469 7496 I SystemServerTimingAsync: ssm.onUnlockingUser-0_com.android.server.media.MediaCommunicationService
05-04 09:37:07.545 7469 7496 W ActivityManager: UserLifecycleEvent 5 received without an active userJourneySession.
05-04 09:37:07.545 7469 7496 W ActivityManager: UserLifecycleEvent 6 received without an active userJourneySession.
05-04 09:37:07.545 7469 7496 I uc_finish_user_unlocked: 0
05-04 09:37:07.545 7469 7496 I ActivityManager: User 0 state changed from RUNNING_UNLOCKING to RUNNING_UNLOCKED
05-04 09:37:07.545 7469 7496 I am_user_state_changed: [0,3]
05-04 09:37:07.545 7469 7486 I ActivityTaskManager: Loading recents for user 0 into memory.
05-04 09:37:07.546 7469 7496 D SystemServerTiming: SystemUserUnlock took to complete: 408ms
05-04 09:37:07.546 7469 7486 I wm_task_created: [274,-1]
05-04 09:37:07.547 7469 7486 I wm_task_created: [180,-1]
05-04 09:37:07.547 8657 8657 W sdcard : Device explicitly enabled sdcardfs
05-04 09:37:07.548 7469 7486 I wm_task_created: [195,-1]
05-04 09:37:07.549 7469 7486 I wm_task_created: [214,-1]
05-04 09:37:07.549 7469 7486 I wm_task_created: [240,-1]
05-04 09:37:07.549 7469 7486 I wm_task_created: [277,-1]
05-04 09:37:07.550 7469 7486 I wm_task_created: [278,-1]
05-04 09:37:07.550 7469 7486 I wm_task_created: [217,-1]
05-04 09:37:07.551 7469 7486 I wm_task_created: [220,-1]
05-04 09:37:07.552 7469 7486 I wm_task_created: [235,-1]
05-04 09:37:07.552 7469 7486 I wm_task_created: [236,-1]
05-04 09:37:07.548 0 0 I : sdcardfs version 2.0
05-04 09:37:07.548 0 0 I sdcardfs: dev_name -> /data/media
05-04 09:37:07.548 0 0 I sdcardfs: options -> fsuid=1023,fsgid=1023,multiuser,derive_gid,default_normal,unshared_obb,mask=6,userid=0,gid=1015
05-04 09:37:07.548 0 0 I sdcardfs: mnt -> 00000000fc18c9de
05-04 09:37:07.548 0 0 I sdcardfs: mounted on top of /data/media type f2fs
05-04 09:37:07.552 7469 7486 I wm_task_created: [257,-1]
05-04 09:37:07.554 7469 7646 E BackupPasswordManager: Unable to read backup pw version
05-04 09:37:07.554 7469 7486 I wm_task_created: [269,-1]
05-04 09:37:07.554 7469 7646 E BackupPasswordManager: Unable to read saved backup pw hash
05-04 09:37:07.555 7469 7486 V PackageConfigPersister: loadPackages: empty list files from /data/system_ce/0/package_configs
05-04 09:37:07.555 7469 7496 I am_uid_running: 10084
05-04 09:37:07.556 7469 7496 D CompatibilityChangeReporter: Compat change id reported: 135634846; UID 10084; state: DISABLED
05-04 09:37:07.556 0 0 I : Remount options were mask=23,gid=9997 for vfsmnt 000000006e41b0af.
05-04 09:37:07.556 0 0 I sdcardfs: options - debug:1
05-04 09:37:07.556 0 0 I sdcardfs: options - gid:9997
05-04 09:37:07.556 0 0 I sdcardfs: options - mask:23
05-04 09:37:07.556 7469 7496 I am_uid_running: 10059
05-04 09:37:07.556 7469 7496 D CompatibilityChangeReporter: Compat change id reported: 135634846; UID 10059; state: DISABLED
05-04 09:37:07.556 7469 7496 D CompatibilityChangeReporter: Compat change id reported: 177438394; UID 10059; state: DISABLED
05-04 09:37:07.556 7469 7496 D CompatibilityChangeReporter: Compat change id reported: 135772972; UID 10059; state: DISABLED
05-04 09:37:07.556 7469 7496 D CompatibilityChangeReporter: Compat change id reported: 135754954; UID 10059; state: ENABLED
05-04 09:37:07.557 7469 7496 D CompatibilityChangeReporter: Compat change id reported: 135634846; UID 1000; state: DISABLED
05-04 09:37:07.557 7469 7496 D CompatibilityChangeReporter: Compat change id reported: 177438394; UID 1000; state: DISABLED
05-04 09:37:07.557 7469 7496 D CompatibilityChangeReporter: Compat change id reported: 135772972; UID 1000; state: DISABLED
05-04 09:37:07.557 7469 7496 D CompatibilityChangeReporter: Compat change id reported: 135754954; UID 1000; state: ENABLED
05-04 09:37:07.557 7469 7496 I am_uid_running: 10055
05-04 09:37:07.557 7469 7496 D CompatibilityChangeReporter: Compat change id reported: 135634846; UID 10055; state: DISABLED
05-04 09:37:07.557 7469 7496 D CompatibilityChangeReporter: Compat change id reported: 177438394; UID 10055; state: DISABLED
05-04 09:37:07.557 7469 7496 D CompatibilityChangeReporter: Compat change id reported: 135772972; UID 10055; state: DISABLED
05-04 09:37:07.557 7469 7496 D CompatibilityChangeReporter: Compat change id reported: 135754954; UID 10055; state: ENABLED
05-04 09:37:07.557 7469 7496 I am_uid_running: 10069
05-04 09:37:07.558 7469 7497 D CompatibilityChangeReporter: Compat change id reported: 143937733; UID 10084; state: ENABLED
05-04 09:37:07.558 7469 7496 D CompatibilityChangeReporter: Compat change id reported: 135634846; UID 10069; state: DISABLED
05-04 09:37:07.558 7469 7496 D CompatibilityChangeReporter: Compat change id reported: 177438394; UID 10069; state: DISABLED
05-04 09:37:07.558 7469 7496 D CompatibilityChangeReporter: Compat change id reported: 135772972; UID 10069; state: DISABLED
05-04 09:37:07.558 7469 7496 D CompatibilityChangeReporter: Compat change id reported: 135754954; UID 10069; state: DISABLED
05-04 09:37:07.559 7469 7496 I am_uid_running: 10083
05-04 09:37:07.559 7469 7496 D CompatibilityChangeReporter: Compat change id reported: 135634846; UID 10083; state: DISABLED
05-04 09:37:07.559 7469 7496 D CompatibilityChangeReporter: Compat change id reported: 177438394; UID 10083; state: DISABLED
05-04 09:37:07.559 7469 7496 D CompatibilityChangeReporter: Compat change id reported: 135772972; UID 10083; state: DISABLED
05-04 09:37:07.559 7469 7496 D CompatibilityChangeReporter: Compat change id reported: 135754954; UID 10083; state: ENABLED
05-04 09:37:07.559 7469 7496 I am_uid_running: 10080
05-04 09:37:07.560 7469 7496 D CompatibilityChangeReporter: Compat change id reported: 135634846; UID 10080; state: DISABLED
05-04 09:37:07.560 7469 7496 D CompatibilityChangeReporter: Compat change id reported: 177438394; UID 10080; state: DISABLED
05-04 09:37:07.560 7469 7496 D CompatibilityChangeReporter: Compat change id reported: 135772972; UID 10080; state: DISABLED
05-04 09:37:07.560 7469 7496 D CompatibilityChangeReporter: Compat change id reported: 135754954; UID 10080; state: ENABLED
05-04 09:37:07.561 7469 7496 I uc_send_user_broadcast: [0,android.intent.action.USER_UNLOCKED]
05-04 09:37:07.561 7469 7496 I uc_finish_user_unlocked_completed: 0
05-04 09:37:07.561 7469 7496 I ActivityManager: Posting BOOT_COMPLETED user #0
05-04 09:37:07.562 7469 7496 I ssm_user_unlocked: 0
05-04 09:37:07.562 7469 7496 I SystemServerTimingAsync: ssm.UnlockedUser-0
05-04 09:37:07.562 7469 7496 I SystemServiceManager: Calling onUnlockedUser 0
05-04 09:37:07.562 7469 7496 I SystemServerTimingAsync: ssm.onUnlockedUser-0_com.android.server.security.FileIntegrityService
05-04 09:37:07.562 7469 7496 I SystemServerTimingAsync: ssm.onUnlockedUser-0_com.android.server.pm.Installer
05-04 09:37:07.562 7469 7496 I SystemServerTimingAsync: ssm.onUnlockedUser-0_com.android.server.os.DeviceIdentifiersPolicyService
05-04 09:37:07.562 7469 7496 I SystemServerTimingAsync: ssm.onUnlockedUser-0_com.android.server.uri.UriGrantsManagerService$Lifecycle
05-04 09:37:07.562 7469 7496 I SystemServerTimingAsync: ssm.onUnlockedUser-0_com.android.server.powerstats.PowerStatsService
05-04 09:37:07.562 7469 7496 I SystemServerTimingAsync: ssm.onUnlockedUser-0_com.android.server.wm.ActivityTaskManagerService$Lifecycle
05-04 09:37:07.562 7469 7496 I LaunchParamsPersister: Didn't find launch param folder for user 0
05-04 09:37:07.562 7469 7496 I SystemServerTimingAsync: ssm.onUnlockedUser-0_com.android.server.am.ActivityManagerService$Lifecycle
05-04 09:37:07.562 7469 7496 I SystemServerTimingAsync: ssm.onUnlockedUser-0_com.android.server.pm.DataLoaderManagerService
05-04 09:37:07.562 7469 7496 I SystemServerTimingAsync: ssm.onUnlockedUser-0_com.android.server.power.PowerManagerService
05-04 09:37:07.560 0 0 I : Remount options were mask=7,gid=9997 for vfsmnt 000000007202dbc6.
05-04 09:37:07.560 0 0 I sdcardfs: options - debug:1
05-04 09:37:07.560 0 0 I sdcardfs: options - gid:9997
05-04 09:37:07.560 0 0 I sdcardfs: options - mask:7
05-04 09:37:07.560 0 0 I : Remount options were mask=7,gid=9997 for vfsmnt 0000000000aa1ef5.
05-04 09:37:07.560 0 0 I sdcardfs: options - debug:1
05-04 09:37:07.560 0 0 I sdcardfs: options - gid:9997
05-04 09:37:07.560 0 0 I sdcardfs: options - mask:7
05-04 09:37:07.562 7469 7496 I SystemServerTimingAsync: ssm.onUnlockedUser-0_com.android.server.power.ThermalManagerService
05-04 09:37:07.562 7469 7496 I SystemServerTimingAsync: ssm.onUnlockedUser-0_com.android.server.power.hint.HintManagerService
05-04 09:37:07.562 7469 7496 I SystemServerTimingAsync: ssm.onUnlockedUser-0_com.android.server.recoverysystem.RecoverySystemService$Lifecycle
05-04 09:37:07.562 7469 7496 I SystemServerTimingAsync: ssm.onUnlockedUser-0_com.android.server.lights.LightsService
05-04 09:37:07.563 7469 7486 I AppWidgetServiceImpl: Processing of handleUserUnlocked u0 took 1 ms
05-04 09:37:07.563 7469 7486 I uc_send_user_broadcast: [0,android.intent.action.BOOT_COMPLETED]
05-04 09:37:07.565 7469 8153 I wm_finish_activity: [0,90223875,7,com.android.settings/.FallbackHome,app-request]
05-04 09:37:07.565 7469 7496 I SystemServerTimingAsync: ssm.onUnlockedUser-0_com.android.server.display.DisplayManagerService
05-04 09:37:07.566 7469 7496 I SystemServerTimingAsync: ssm.onUnlockedUser-0_com.android.server.pm.verify.domain.DomainVerificationService
05-04 09:37:07.566 7469 7496 I SystemServerTimingAsync: ssm.onUnlockedUser-0_com.android.server.pm.PackageInstallerService$Lifecycle
05-04 09:37:07.566 7469 7496 I SystemServerTimingAsync: ssm.onUnlockedUser-0_com.android.server.pm.UserManagerService$LifeCycle
05-04 09:37:07.566 7469 7496 I SystemServerTimingAsync: ssm.onUnlockedUser-0_com.android.server.om.OverlayManagerService
05-04 09:37:07.566 7469 7496 I SystemServerTimingAsync: ssm.onUnlockedUser-0_com.android.server.SensorPrivacyService
05-04 09:37:07.566 7469 7496 I SystemServerTimingAsync: ssm.onUnlockedUser-0_com.android.server.thunderperf.ThunderBoostPerfService
05-04 09:37:07.566 7469 7496 I SystemServerTimingAsync: ssm.onUnlockedUser-0_com.android.server.sensors.SensorService
05-04 09:37:07.566 7469 7496 I SystemServerTimingAsync: ssm.onUnlockedUser-0_com.android.server.SystemConfigService
05-04 09:37:07.566 7469 7496 I SystemServerTimingAsync: ssm.onUnlockedUser-0_com.android.server.BatteryService
05-04 09:37:07.566 7469 7496 I SystemServerTimingAsync: ssm.onUnlockedUser-0_com.android.server.usage.UsageStatsService
05-04 09:37:07.566 7469 7496 I SystemServerTimingAsync: ssm.onUnlockedUser-0_com.android.server.webkit.WebViewUpdateService
05-04 09:37:07.566 7469 7496 I SystemServerTimingAsync: ssm.onUnlockedUser-0_com.android.server.CachedDeviceStateService
05-04 09:37:07.566 7469 7496 I SystemServerTimingAsync: ssm.onUnlockedUser-0_com.android.server.BinderCallsStatsService$LifeCycle
05-04 09:37:07.566 7469 7496 I SystemServerTimingAsync: ssm.onUnlockedUser-0_com.android.server.LooperStatsService$Lifecycle
05-04 09:37:07.566 7469 7496 I SystemServerTimingAsync: ssm.onUnlockedUser-0_com.android.server.rollback.RollbackManagerService
05-04 09:37:07.566 7469 7496 I SystemServerTimingAsync: ssm.onUnlockedUser-0_com.android.server.os.NativeTombstoneManagerService
05-04 09:37:07.566 7469 7496 I SystemServerTimingAsync: ssm.onUnlockedUser-0_com.android.server.os.BugreportManagerService
05-04 09:37:07.566 7469 7496 I SystemServerTimingAsync: ssm.onUnlockedUser-0_com.android.server.gpu.GpuService
05-04 09:37:07.566 7469 7496 I SystemServerTimingAsync: ssm.onUnlockedUser-0_com.android.server.security.KeyChainSystemService
05-04 09:37:07.566 7469 7496 I SystemServerTimingAsync: ssm.onUnlockedUser-0_com.android.server.telecom.TelecomLoaderService
05-04 09:37:07.566 7469 8153 I wm_pause_activity: [0,90223875,com.android.settings/.FallbackHome,userLeaving=false,finish]
05-04 09:37:07.566 7469 7496 I SystemServerTimingAsync: ssm.onUnlockedUser-0_com.android.server.accounts.AccountManagerService$Lifecycle
05-04 09:37:07.566 7469 7496 I SystemServerTimingAsync: ssm.onUnlockedUser-0_com.android.server.content.ContentService$Lifecycle
05-04 09:37:07.566 7469 7496 I SystemServerTimingAsync: ssm.onUnlockedUser-0_com.android.server.DropBoxManagerService
05-04 09:37:07.566 7469 7496 I SystemServerTimingAsync: ssm.onUnlockedUser-0_com.android.role.RoleService
05-04 09:37:07.566 7469 7496 I SystemServerTimingAsync: ssm.onUnlockedUser-0_com.android.server.vibrator.VibratorManagerService$Lifecycle
05-04 09:37:07.566 7469 7496 I SystemServerTimingAsync: ssm.onUnlockedUser-0_com.android.server.alarm.AlarmManagerService
05-04 09:37:07.567 7469 7496 I SystemServerTimingAsync: ssm.onUnlockedUser-0_com.android.server.devicestate.DeviceStateManagerService
05-04 09:37:07.567 7469 7496 I SystemServerTimingAsync: ssm.onUnlockedUser-0_com.android.server.camera.CameraServiceProxy
05-04 09:37:07.567 7469 7496 I SystemServerTimingAsync: ssm.onUnlockedUser-0_com.android.server.BluetoothService
05-04 09:37:07.567 7469 7496 I SystemServerTimingAsync: ssm.onUnlockedUser-0_com.android.server.connectivity.IpConnectivityMetrics
05-04 09:37:07.567 7469 7496 I SystemServerTimingAsync: ssm.onUnlockedUser-0_com.android.server.net.watchlist.NetworkWatchlistService$Lifecycle
05-04 09:37:07.567 7469 7496 I SystemServerTimingAsync: ssm.onUnlockedUser-0_com.android.server.PinnerService
05-04 09:37:07.567 7469 7496 I SystemServerTimingAsync: ssm.onUnlockedUser-0_com.google.android.startop.iorap.IorapForwardingService
05-04 09:37:07.567 7469 7496 I SystemServerTimingAsync: ssm.onUnlockedUser-0_com.android.server.ActivityTriggerService
05-04 09:37:07.567 7469 7496 I SystemServerTimingAsync: ssm.onUnlockedUser-0_com.android.server.integrity.AppIntegrityManagerService
05-04 09:37:07.567 7469 7496 I SystemServerTimingAsync: ssm.onUnlockedUser-0_com.android.server.inputmethod.InputMethodManagerService$Lifecycle
05-04 09:37:07.567 7469 7496 I SystemServerTimingAsync: ssm.onUnlockedUser-0_com.android.server.accessibility.AccessibilityManagerService$Lifecycle
05-04 09:37:07.567 7469 7496 I SystemServerTimingAsync: ssm.onUnlockedUser-0_com.android.server.StorageManagerService$Lifecycle
05-04 09:37:07.567 7469 7496 I SystemServerTimingAsync: ssm.onUnlockedUser-0_com.android.server.usage.StorageStatsService$Lifecycle
05-04 09:37:07.567 7469 7496 I SystemServerTimingAsync: ssm.onUnlockedUser-0_com.android.server.UiModeManagerService
05-04 09:37:07.567 7469 7496 I SystemServerTimingAsync: ssm.onUnlockedUser-0_com.android.server.locksettings.LockSettingsService$Lifecycle
05-04 09:37:07.567 7469 7496 I SystemServerTimingAsync: ssm.onUnlockedUser-0_com.android.server.PersistentDataBlockService
05-04 09:37:07.567 7469 7496 I SystemServerTimingAsync: ssm.onUnlockedUser-0_com.android.server.testharness.TestHarnessModeService
05-04 09:37:07.567 7469 7496 I SystemServerTimingAsync: ssm.onUnlockedUser-0_com.android.server.oemlock.OemLockService
05-04 09:37:07.567 7469 7496 I SystemServerTimingAsync: ssm.onUnlockedUser-0_com.android.server.DeviceIdleController
05-04 09:37:07.567 7469 7496 I SystemServerTimingAsync: ssm.onUnlockedUser-0_com.android.server.devicepolicy.DevicePolicyManagerService$Lifecycle
05-04 09:37:07.567 7469 7496 I SystemServerTimingAsync: ssm.onUnlockedUser-0_com.android.server.texttospeech.TextToSpeechManagerService
05-04 09:37:07.567 7469 7496 I SystemServerTimingAsync: ssm.onUnlockedUser-0_com.android.server.speech.SpeechRecognitionManagerService
05-04 09:37:07.567 7469 7496 I SystemServerTimingAsync: ssm.onUnlockedUser-0_com.android.server.searchui.SearchUiManagerService
05-04 09:37:07.567 7469 7496 I SystemServerTimingAsync: ssm.onUnlockedUser-0_com.android.server.smartspace.SmartspaceManagerService
05-04 09:37:07.567 7469 7496 I SystemServerTimingAsync: ssm.onUnlockedUser-0_com.android.server.graphics.fonts.FontManagerService$Lifecycle
05-04 09:37:07.567 7469 7496 I SystemServerTimingAsync: ssm.onUnlockedUser-0_com.android.server.textservices.TextServicesManagerService$Lifecycle
05-04 09:37:07.567 7469 7496 I SystemServerTimingAsync: ssm.onUnlockedUser-0_com.android.server.textclassifier.TextClassificationManagerService$Lifecycle
05-04 09:37:07.567 7469 7496 I SystemServerTimingAsync: ssm.onUnlockedUser-0_com.android.server.NetworkScoreService$Lifecycle
05-04 09:37:07.567 7469 7496 I SystemServerTimingAsync: ssm.onUnlockedUser-0_com.android.server.wifi.WifiService
05-04 09:37:07.567 7469 7496 I SystemServerTimingAsync: ssm.onUnlockedUser-0_com.android.server.wifi.scanner.WifiScanningService
05-04 09:37:07.567 7469 7496 I SystemServerTimingAsync: ssm.onUnlockedUser-0_com.android.server.wifi.rtt.RttService
05-04 09:37:07.567 7469 7496 I SystemServerTimingAsync: ssm.onUnlockedUser-0_com.android.server.wifi.aware.WifiAwareService
05-04 09:37:07.567 7469 7496 I SystemServerTimingAsync: ssm.onUnlockedUser-0_com.android.server.wifi.p2p.WifiP2pService
05-04 09:37:07.567 7469 7496 I SystemServerTimingAsync: ssm.onUnlockedUser-0_com.android.server.ethernet.EthernetService
05-04 09:37:07.567 7469 7496 I SystemServerTimingAsync: ssm.onUnlockedUser-0_com.android.server.ConnectivityServiceInitializer
05-04 09:37:07.567 7469 7496 I SystemServerTimingAsync: ssm.onUnlockedUser-0_com.android.server.notification.NotificationManagerService
05-04 09:37:07.567 7469 7496 I SystemServerTimingAsync: ssm.onUnlockedUser-0_com.android.server.storage.DeviceStorageMonitorService
05-04 09:37:07.567 7469 7496 I SystemServerTimingAsync: ssm.onUnlockedUser-0_com.android.server.location.LocationManagerService$Lifecycle
05-04 09:37:07.567 7469 7496 I SystemServerTimingAsync: ssm.onUnlockedUser-0_com.android.server.timedetector.TimeDetectorService$Lifecycle
05-04 09:37:07.567 7469 7496 I SystemServerTimingAsync: ssm.onUnlockedUser-0_com.android.server.timezonedetector.TimeZoneDetectorService$Lifecycle
05-04 09:37:07.567 7469 7496 I SystemServerTimingAsync: ssm.onUnlockedUser-0_com.android.server.timezonedetector.location.LocationTimeZoneManagerService$Lifecycle
05-04 09:37:07.567 7469 7496 I SystemServerTimingAsync: ssm.onUnlockedUser-0_com.android.server.search.SearchManagerService$Lifecycle
05-04 09:37:07.567 7469 7496 I SystemServerTimingAsync: ssm.onUnlockedUser-0_com.android.server.wallpaper.WallpaperManagerService$Lifecycle
05-04 09:37:07.567 7469 7496 I SystemServerTimingAsync: ssm.onUnlockedUser-0_com.android.server.audio.AudioService$Lifecycle
05-04 09:37:07.567 7469 7496 I SystemServerTimingAsync: ssm.onUnlockedUser-0_com.android.server.soundtrigger_middleware.SoundTriggerMiddlewareService$Lifecycle
05-04 09:37:07.567 7469 7496 I SystemServerTimingAsync: ssm.onUnlockedUser-0_com.android.server.DockObserver
05-04 09:37:07.567 7469 7496 I SystemServerTimingAsync: ssm.onUnlockedUser-0_com.android.server.midi.MidiService$Lifecycle
05-04 09:37:07.567 7469 7496 I SystemServerTimingAsync: ssm.onUnlockedUser-0_com.android.server.adb.AdbService$Lifecycle
05-04 09:37:07.567 7469 7496 I SystemServerTimingAsync: ssm.onUnlockedUser-0_com.android.server.usb.UsbService$Lifecycle
05-04 09:37:07.567 7469 7496 I SystemServerTimingAsync: ssm.onUnlockedUser-0_com.android.server.twilight.TwilightService
05-04 09:37:07.567 7469 7496 I SystemServerTimingAsync: ssm.onUnlockedUser-0_com.android.server.display.color.ColorDisplayService
05-04 09:37:07.567 7469 7496 I SystemServerTimingAsync: ssm.onUnlockedUser-0_com.android.server.job.JobSchedulerService
05-04 09:37:07.567 7469 7496 I SystemServerTimingAsync: ssm.onUnlockedUser-0_com.android.server.soundtrigger.SoundTriggerService
05-04 09:37:07.567 7469 7496 I SystemServerTimingAsync: ssm.onUnlockedUser-0_com.android.server.trust.TrustManagerService
05-04 09:37:07.567 7469 7496 I SystemServerTimingAsync: ssm.onUnlockedUser-0_com.android.server.backup.BackupManagerService$Lifecycle
05-04 09:37:07.567 7469 7496 I SystemServerTimingAsync: ssm.onUnlockedUser-0_com.android.server.appwidget.AppWidgetService
05-04 09:37:07.567 7469 7496 I SystemServerTimingAsync: ssm.onUnlockedUser-0_com.android.server.voiceinteraction.VoiceInteractionManagerService
05-04 09:37:07.567 7469 7496 I SystemServerTimingAsync: ssm.onUnlockedUser-0_com.android.server.apphibernation.AppHibernationService
05-04 09:37:07.567 7469 7496 I SystemServerTimingAsync: ssm.onUnlockedUser-0_com.android.server.SensorNotificationService
05-04 09:37:07.567 7469 7496 I SystemServerTimingAsync: ssm.onUnlockedUser-0_com.android.server.emergency.EmergencyAffordanceService
05-04 09:37:07.567 7469 7496 I SystemServerTimingAsync: ssm.onUnlockedUser-0_com.android.server.blob.BlobStoreManagerService
05-04 09:37:07.567 7469 7496 I SystemServerTimingAsync: ssm.onUnlockedUser-0_com.android.server.dreams.DreamManagerService
05-04 09:37:07.567 7469 7496 I SystemServerTimingAsync: ssm.onUnlockedUser-0_com.android.server.companion.CompanionDeviceManagerService
05-04 09:37:07.567 7469 7496 I SystemServerTimingAsync: ssm.onUnlockedUser-0_com.android.server.restrictions.RestrictionsManagerService
05-04 09:37:07.567 7469 7496 I SystemServerTimingAsync: ssm.onUnlockedUser-0_com.android.server.media.MediaSessionService
05-04 09:37:07.567 7469 7496 I SystemServerTimingAsync: ssm.onUnlockedUser-0_com.android.server.media.MediaResourceMonitorService
05-04 09:37:07.567 7469 7496 I SystemServerTimingAsync: ssm.onUnlockedUser-0_com.android.server.biometrics.sensors.fingerprint.FingerprintService
05-04 09:37:07.567 7469 7496 I SystemServerTimingAsync: ssm.onUnlockedUser-0_com.android.server.biometrics.BiometricService
05-04 09:37:07.567 7469 7496 I SystemServerTimingAsync: ssm.onUnlockedUser-0_com.android.server.biometrics.AuthService
05-04 09:37:07.567 7469 7496 I SystemServerTimingAsync: ssm.onUnlockedUser-0_com.android.server.pm.ShortcutService$Lifecycle
05-04 09:37:07.567 7469 7496 I SystemServerTimingAsync: ssm.onUnlockedUser-0_com.android.server.pm.LauncherAppsService
05-04 09:37:07.567 7469 7496 I SystemServerTimingAsync: ssm.onUnlockedUser-0_com.android.server.pm.CrossProfileAppsService
05-04 09:37:07.567 7469 7496 I SystemServerTimingAsync: ssm.onUnlockedUser-0_com.android.server.people.PeopleService
05-04 09:37:07.567 7469 7496 I SystemServerTimingAsync: ssm.onUnlockedUser-0_com.android.server.media.metrics.MediaMetricsManagerService
05-04 09:37:07.567 7469 7496 I SystemServerTimingAsync: ssm.onUnlockedUser-0_com.android.server.media.projection.MediaProjectionManagerService
05-04 09:37:07.567 7469 7496 I SystemServerTimingAsync: ssm.onUnlockedUser-0_com.android.server.slice.SliceManagerService$Lifecycle
05-04 09:37:07.567 7469 7496 I SystemServerTimingAsync: ssm.onUnlockedUser-0_com.android.server.stats.StatsCompanion$Lifecycle
05-04 09:37:07.567 7469 7496 I SystemServerTimingAsync: ssm.onUnlockedUser-0_com.android.server.scheduling.RebootReadinessManagerService$Lifecycle
05-04 09:37:07.567 7469 7496 I SystemServerTimingAsync: ssm.onUnlockedUser-0_com.android.server.stats.pull.StatsPullAtomService
05-04 09:37:07.567 7469 7496 I SystemServerTimingAsync: ssm.onUnlockedUser-0_com.android.server.incident.IncidentCompanionService
05-04 09:37:07.567 7469 7496 I SystemServerTimingAsync: ssm.onUnlockedUser-0_com.android.server.MmsServiceBroker
05-04 09:37:07.567 7469 7496 I SystemServerTimingAsync: ssm.onUnlockedUser-0_com.android.server.autofill.AutofillManagerService
05-04 09:37:07.567 7469 7496 I SystemServerTimingAsync: ssm.onUnlockedUser-0_com.android.server.clipboard.ClipboardService
05-04 09:37:07.567 7469 7496 I SystemServerTimingAsync: ssm.onUnlockedUser-0_com.android.server.appbinding.AppBindingService$Lifecycle
05-04 09:37:07.567 7469 7496 I SystemServerTimingAsync: ssm.onUnlockedUser-0_com.android.server.tracing.TracingServiceProxy
05-04 09:37:07.567 7469 7496 I SystemServerTimingAsync: ssm.onUnlockedUser-0_com.android.server.policy.PermissionPolicyService
05-04 09:37:07.567 7469 7496 I SystemServerTimingAsync: ssm.onUnlockedUser-0_com.android.server.pm.StagingManager$Lifecycle
05-04 09:37:07.567 7469 7496 I SystemServerTimingAsync: ssm.onUnlockedUser-0_com.android.server.app.GameManagerService$Lifecycle
05-04 09:37:07.567 7469 7496 I SystemServerTimingAsync: ssm.onUnlockedUser-0_com.android.server.appsearch.AppSearchManagerService
05-04 09:37:07.567 7469 7496 I SystemServerTimingAsync: ssm.onUnlockedUser-0_com.android.server.media.MediaCommunicationService
05-04 09:37:07.567 7469 7496 W ActivityManager: UserLifecycleEvent 6 received without an active userJourneySession.
05-04 09:37:07.572 8192 8192 I wm_on_top_resumed_lost_called: [90223875,com.android.settings.FallbackHome,topStateChangedWhenResumed]
05-04 09:37:07.580 0 0 W QSEECOM : __qseecom_unload_app: App (11) is unloaded
05-04 09:37:07.581 0 0 D qbt : qbt_release: entry minor_no=0 fd_available=0
05-04 09:37:07.581 0 0 D qbt : qbt_release: Releasing wakelock
05-04 09:37:07.581 0 0 D qbt : qbt_release: exit : fd_available=1
05-04 09:37:07.581 0 0 D qbt : qbt_release: entry minor_no=1 fd_available=1
05-04 09:37:07.581 0 0 D qbt : qbt_release: exit : fd_available=1
05-04 09:37:07.574 7469 7489 I sysui_multi_action: [757,1144,758,7,806,com.android.settings,871,com.android.settings.FallbackHome]
05-04 09:37:07.575 7469 7496 I am_uid_running: 10025
05-04 09:37:07.575 8192 8192 I wm_on_paused_called: [90223875,com.android.settings.FallbackHome,performPause]
05-04 09:37:07.575 7469 7496 D CompatibilityChangeReporter: Compat change id reported: 135634846; UID 10025; state: DISABLED
05-04 09:37:07.575 7469 7496 D CompatibilityChangeReporter: Compat change id reported: 177438394; UID 10025; state: DISABLED
05-04 09:37:07.575 7469 7496 D CompatibilityChangeReporter: Compat change id reported: 135772972; UID 10025; state: DISABLED
05-04 09:37:07.575 7469 7496 D CompatibilityChangeReporter: Compat change id reported: 135754954; UID 10025; state: ENABLED
05-04 09:37:07.576 7469 8302 I ActivityTaskManager: START u0 {act=android.intent.action.MAIN cat=[android.intent.category.HOME] flg=0x10000100 cmp=com.android.launcher3/.uioverrides.QuickstepLauncher (has extras)} from uid 0
05-04 09:37:07.577 7469 7497 I am_proc_start: [0,8674,10084,com.hht.lebocast,added application,com.hht.lebocast]
05-04 09:37:07.577 7469 7497 I ActivityManager: Start proc 8674:com.hht.lebocast/u0a84 for added application com.hht.lebocast
05-04 09:37:07.578 7469 8302 D CompatibilityChangeReporter: Compat change id reported: 184838306; UID 10078; state: DISABLED
05-04 09:37:07.579 7469 8302 D CompatibilityChangeReporter: Compat change id reported: 185004937; UID 10078; state: DISABLED
05-04 09:37:07.579 7469 8302 D CompatibilityChangeReporter: Compat change id reported: 181136395; UID 10078; state: DISABLED
05-04 09:37:07.580 7469 8302 D CompatibilityChangeReporter: Compat change id reported: 174042936; UID 10078; state: DISABLED
05-04 09:37:07.580 7469 8302 D CompatibilityChangeReporter: Compat change id reported: 174042980; UID 10078; state: DISABLED
05-04 09:37:07.581 7469 7469 W Looper : Drained
05-04 09:37:07.581 7469 7469 W Looper : Slow dispatch took 275ms main h=android.os.Handler c=com.android.server.biometrics.sensors.BiometricScheduler$InternalCallback$$ExternalSyntheticLambda0@b45c191 m=0
