05-04 09:37:04.553 836 836 I android.hardware.wifi@1.0-service: Adding interface handle for p2p0
05-04 09:37:04.553 836 836 D android.hardware.wifi@1.0-service: Legacy HAL start complete
05-04 09:37:04.553 836 836 W android.hardware.wifi@1.0-service: No active wlan interfaces in use! Using default
05-04 09:37:04.553 836 836 W android.hardware.wifi@1.0-service: No active wlan interfaces in use! Using default
05-04 09:37:04.555 836 836 I android.hardware.wifi@1.0-service: Configured chip in mode 3
05-04 09:37:04.555 836 836 W android.hardware.wifi@1.0-service: No active wlan interfaces in use! Using default
05-04 09:37:04.560 836 836 W android.hardware.wifi@1.0-service: No active wlan interfaces in use! Using default
05-04 09:37:04.564 0 0 E [wifi@1][0x9b217e83][09:37:04.564573] wlan: [7683:E:wifipos] wifi_pos_process_app_reg_req: 608: Received App Req Req pid(432014148), len(16)
05-04 09:37:04.565 0 0 I [wifi@1][0x9b219dfe][09:37:04.564993] wlan: [7683:I:wifipos] wifi_pos_get_ch_info: 461: num channels: 26
05-04 09:37:04.565 0 0 I [wifi@1][0x9b21b682][09:37:04.565320] wlan: [7683:I:wifipos] wifi_pos_get_ch_info: 461: num channels: 26
05-04 09:37:04.568 7408 7408 I wificond: createClientInterface: wiphy_index 0 iface_name wlan0
05-04 09:37:04.568 7408 7408 I wificond: create scanner for interface with index: 17
05-04 09:37:04.568 7408 7408 I wificond: subscribe scan result for interface with index: 17
05-04 09:37:04.568 7408 7408 I wificond: add channel type 0 support at wiphy index: 0
05-04 09:37:04.568 7408 7408 I wificond: add channel type 1 support at wiphy index: 0
05-04 09:37:04.570 7469 7583 I commit_sys_config_file: [log-files,61]
05-04 09:37:04.575 7469 7583 I commit_sys_config_file: [log-files,66]
05-04 09:37:04.575 7469 7583 E NativeTombstoneManager: Tombstone's UID (0) not an app, ignoring
05-04 09:37:04.575 7469 7583 I DropBoxManagerService: add tag=SYSTEM_TOMBSTONE_PROTO isTagEnabled=true flags=0x4
05-04 09:37:04.578 7469 7469 I snet_event_log: [35028827,-1,account:Account {name=应用宝, type=com.tencent.android.qqdownloader.YYBLiveAccountProvider.account} provider:com.tencent.android.qqdownloader.YYBLiveAccountProvider1 user:0]
05-04 09:37:04.578 7469 7469 W SyncManager: Failure adding authority: auth=com.tencent.android.qqdownloader.YYBLiveAccountProvider1 enabled=false syncable=-1
05-04 09:37:04.578 7469 7469 I snet_event_log: [26513719,-1,Malformed authority]
05-04 09:37:04.579 7469 7583 I commit_sys_config_file: [log-files,69]
05-04 09:37:04.580 7469 7583 I commit_sys_config_file: [log-files,71]
05-04 09:37:04.580 7469 7583 E NativeTombstoneManager: Tombstone's UID (0) not an app, ignoring
05-04 09:37:04.580 7469 7583 I DropBoxManagerService: add tag=SYSTEM_TOMBSTONE_PROTO isTagEnabled=true flags=0x4
05-04 09:37:04.581 7469 7469 W SystemServiceManager: Service com.android.server.content.ContentService$Lifecycle took 74 ms in onBootPhase
05-04 09:37:04.581 7469 7469 I SystemServerTiming: OnBootPhase_550_com.android.server.DropBoxManagerService
05-04 09:37:04.581 7469 7469 I SystemServerTiming: OnBootPhase_550_com.android.role.RoleService
05-04 09:37:04.581 7469 7469 I SystemServerTiming: OnBootPhase_550_com.android.server.vibrator.VibratorManagerService$Lifecycle
05-04 09:37:04.581 7469 7469 I SystemServerTiming: OnBootPhase_550_com.android.server.alarm.AlarmManagerService
05-04 09:37:04.581 7469 7469 I SystemServerTiming: OnBootPhase_550_com.android.server.devicestate.DeviceStateManagerService
05-04 09:37:04.581 7469 7469 I SystemServerTiming: OnBootPhase_550_com.android.server.camera.CameraServiceProxy
05-04 09:37:04.581 7469 7469 I SystemServerTiming: OnBootPhase_550_com.android.server.BluetoothService
05-04 09:37:04.581 7469 7469 D BluetoothManagerService: Bluetooth boot completed
05-04 09:37:04.581 7469 7469 D BluetoothManagerService: Auto-enabling Bluetooth.
05-04 09:37:04.581 7469 7488 D BluetoothManagerService: MESSAGE_ENABLE(0): mBluetooth = null
05-04 09:37:04.581 7469 7488 D BluetoothManagerService: MESSAGE_ENABLE: handleEnable
05-04 09:37:04.581 7469 7488 D BluetoothManagerService: binding Bluetooth service
05-04 09:37:04.583 7469 7488 I am_uid_running: 1002
05-04 09:37:04.583 7469 7488 D CompatibilityChangeReporter: Compat change id reported: 135634846; UID 1002; state: DISABLED
05-04 09:37:04.584 7469 7488 D CompatibilityChangeReporter: Compat change id reported: 177438394; UID 1002; state: DISABLED
05-04 09:37:04.584 7469 7488 D CompatibilityChangeReporter: Compat change id reported: 135772972; UID 1002; state: DISABLED
05-04 09:37:04.584 7469 7488 D CompatibilityChangeReporter: Compat change id reported: 135754954; UID 1002; state: ENABLED
05-04 09:37:04.585 7469 7488 D BluetoothManagerService: Binding BT service. Current user: 0
05-04 09:37:04.585 7469 7583 I commit_sys_config_file: [log-files,76]
05-04 09:37:04.585 7469 7469 I SystemServerTiming: OnBootPhase_550_com.android.server.connectivity.IpConnectivityMetrics
05-04 09:37:04.585 7469 7469 I SystemServerTiming: OnBootPhase_550_com.android.server.net.watchlist.NetworkWatchlistService$Lifecycle
05-04 09:37:04.586 7469 7583 I BootReceiver: Copying /data/tombstones/tombstone_03 to DropBox (system_server_native_crash)
05-04 09:37:04.586 7469 7583 I DropBoxManagerService: add tag=system_server_native_crash isTagEnabled=true flags=0x6
05-04 09:37:04.587 7469 7469 I SystemServerTiming: OnBootPhase_550_com.android.server.PinnerService
05-04 09:37:04.587 7469 7469 I SystemServerTiming: OnBootPhase_550_com.google.android.startop.iorap.IorapForwardingService
05-04 09:37:04.587 7469 7469 I SystemServerTiming: OnBootPhase_550_com.android.server.ActivityTriggerService
05-04 09:37:04.587 7469 7469 I SystemServerTiming: OnBootPhase_550_com.android.server.integrity.AppIntegrityManagerService
05-04 09:37:04.587 7469 7469 I SystemServerTiming: OnBootPhase_550_com.android.server.inputmethod.InputMethodManagerService$Lifecycle
05-04 09:37:04.589 7469 7583 I dropbox_file_copy: [/data/tombstones/tombstone_03,98304,system_server_native_crash]
05-04 09:37:04.589 7469 7583 I BootReceiver: Copying /data/tombstones/tombstone_03 to DropBox (SYSTEM_TOMBSTONE)
05-04 09:37:04.589 7469 7583 I DropBoxManagerService: add tag=SYSTEM_TOMBSTONE isTagEnabled=true flags=0x6
05-04 09:37:04.589 7469 7469 W InputMethodManagerService: Default IME is uninstalled. Choose new default IME.
05-04 09:37:04.591 7469 7497 I am_proc_start: [0,7687,1002,com.android.bluetooth,service,{com.android.bluetooth/com.android.bluetooth.btservice.AdapterService}]
05-04 09:37:04.591 7469 7497 I ActivityManager: Start proc 7687:com.android.bluetooth/1002 for service {com.android.bluetooth/com.android.bluetooth.btservice.AdapterService}
05-04 09:37:04.591 7469 7583 I dropbox_file_copy: [/data/tombstones/tombstone_03,98304,SYSTEM_TOMBSTONE]
05-04 09:37:04.592 7469 7469 I SystemServerTiming: OnBootPhase_550_com.android.server.accessibility.AccessibilityManagerService$Lifecycle
05-04 09:37:04.592 7469 7469 I SystemServerTiming: OnBootPhase_550_com.android.server.StorageManagerService$Lifecycle
05-04 09:37:04.592 7469 7469 I SystemServerTiming: OnBootPhase_550_com.android.server.usage.StorageStatsService$Lifecycle
05-04 09:37:04.592 7469 7469 I SystemServerTiming: OnBootPhase_550_com.android.server.UiModeManagerService
05-04 09:37:04.592 7469 7469 I SystemServerTiming: OnBootPhase_550_com.android.server.locksettings.LockSettingsService$Lifecycle
05-04 09:37:04.593 7469 7469 I RebootEscrowManager: No reboot escrow data found for users, skipping loading escrow data
05-04 09:37:04.593 7469 7469 I SystemServerTiming: OnBootPhase_550_com.android.server.PersistentDataBlockService
05-04 09:37:04.593 7469 7469 I SystemServerTiming: OnBootPhase_550_com.android.server.testharness.TestHarnessModeService
05-04 09:37:04.593 7469 7469 I SystemServerTiming: OnBootPhase_550_com.android.server.oemlock.OemLockService
05-04 09:37:04.593 7469 7469 I SystemServerTiming: OnBootPhase_550_com.android.server.DeviceIdleController
05-04 09:37:04.593 7469 7469 I SystemServerTiming: OnBootPhase_550_com.android.server.devicepolicy.DevicePolicyManagerService$Lifecycle
05-04 09:37:04.593 7469 7469 I SystemServerTiming: OnBootPhase_550_com.android.server.texttospeech.TextToSpeechManagerService
05-04 09:37:04.593 7469 7469 I SystemServerTiming: OnBootPhase_550_com.android.server.speech.SpeechRecognitionManagerService
05-04 09:37:04.593 7469 7469 I SystemServerTiming: OnBootPhase_550_com.android.server.searchui.SearchUiManagerService
05-04 09:37:04.593 7469 7469 I SystemServerTiming: OnBootPhase_550_com.android.server.smartspace.SmartspaceManagerService
05-04 09:37:04.593 7469 7469 I SystemServerTiming: OnBootPhase_550_com.android.server.graphics.fonts.FontManagerService$Lifecycle
05-04 09:37:04.593 7469 7469 I SystemServerTiming: OnBootPhase_550_com.android.server.textservices.TextServicesManagerService$Lifecycle
05-04 09:37:04.593 7469 7469 I SystemServerTiming: OnBootPhase_550_com.android.server.textclassifier.TextClassificationManagerService$Lifecycle
05-04 09:37:04.593 7469 7469 I SystemServerTiming: OnBootPhase_550_com.android.server.NetworkScoreService$Lifecycle
05-04 09:37:04.593 7469 7469 I SystemServerTiming: OnBootPhase_550_com.android.server.wifi.WifiService
05-04 09:37:04.593 7469 7469 I SystemServerTiming: OnBootPhase_550_com.android.server.wifi.scanner.WifiScanningService
05-04 09:37:04.593 7469 7469 I SystemServerTiming: OnBootPhase_550_com.android.server.wifi.rtt.RttService
05-04 09:37:04.593 7469 7469 I SystemServerTiming: OnBootPhase_550_com.android.server.wifi.aware.WifiAwareService
05-04 09:37:04.593 7469 7469 I SystemServerTiming: OnBootPhase_550_com.android.server.wifi.p2p.WifiP2pService
05-04 09:37:04.593 7469 7469 I SystemServerTiming: OnBootPhase_550_com.android.server.ethernet.EthernetService
05-04 09:37:04.593 7469 7469 I SystemServerTiming: OnBootPhase_550_com.android.server.ConnectivityServiceInitializer
05-04 09:37:04.593 7469 7469 I SystemServerTiming: OnBootPhase_550_com.android.server.notification.NotificationManagerService
05-04 09:37:04.593 7469 7469 I SystemServerTiming: OnBootPhase_550_com.android.server.storage.DeviceStorageMonitorService
05-04 09:37:04.593 7469 7469 I SystemServerTiming: OnBootPhase_550_com.android.server.location.LocationManagerService$Lifecycle
05-04 09:37:04.593 7469 7469 I SystemServerTiming: OnBootPhase_550_com.android.server.timedetector.TimeDetectorService$Lifecycle
05-04 09:37:04.593 7469 7469 I SystemServerTiming: OnBootPhase_550_com.android.server.timezonedetector.TimeZoneDetectorService$Lifecycle
05-04 09:37:04.593 7469 7469 I SystemServerTiming: OnBootPhase_550_com.android.server.timezonedetector.location.LocationTimeZoneManagerService$Lifecycle
05-04 09:37:04.594 7469 7469 I SystemServerTiming: OnBootPhase_550_com.android.server.search.SearchManagerService$Lifecycle
05-04 09:37:04.594 7469 7469 I SystemServerTiming: OnBootPhase_550_com.android.server.wallpaper.WallpaperManagerService$Lifecycle
05-04 09:37:04.594 7469 7469 I WallpaperManagerService: No static wallpaper imagery; defaults will be shown
05-04 09:37:04.594 7469 7469 V WallpaperManagerService: bindWallpaperComponentLocked: componentName=ComponentInfo{com.android.systemui/com.android.systemui.ImageWallpaper}
05-04 09:37:04.595 7469 7469 I am_uid_running: 10079
05-04 09:37:04.595 7469 7469 D CompatibilityChangeReporter: Compat change id reported: 135634846; UID 10079; state: DISABLED
05-04 09:37:04.596 7469 7469 D CompatibilityChangeReporter: Compat change id reported: 177438394; UID 10079; state: DISABLED
05-04 09:37:04.596 7469 7469 D CompatibilityChangeReporter: Compat change id reported: 135772972; UID 10079; state: DISABLED
05-04 09:37:04.596 7469 7469 D CompatibilityChangeReporter: Compat change id reported: 135754954; UID 10079; state: ENABLED
05-04 09:37:04.596 7469 7497 D CompatibilityChangeReporter: Compat change id reported: 143937733; UID 10079; state: ENABLED
05-04 09:37:04.597 7469 7469 W WallpaperManagerService: Invalid wallpaper data
05-04 09:37:04.597 7469 7469 E WallpaperManagerService: Unable to apply new wallpaper
05-04 09:37:04.597 7469 7469 I SystemServerTiming: OnBootPhase_550_com.android.server.audio.AudioService$Lifecycle
05-04 09:37:04.597 7469 7469 I SystemServerTiming: OnBootPhase_550_com.android.server.soundtrigger_middleware.SoundTriggerMiddlewareService$Lifecycle
05-04 09:37:04.597 7469 7469 I SystemServerTiming: OnBootPhase_550_com.android.server.DockObserver
05-04 09:37:04.597 7469 7469 I SystemServerTiming: OnBootPhase_550_com.android.server.midi.MidiService$Lifecycle
05-04 09:37:04.597 7469 7469 I SystemServerTiming: OnBootPhase_550_com.android.server.adb.AdbService$Lifecycle
05-04 09:37:04.597 7469 7469 I SystemServerTiming: OnBootPhase_550_com.android.server.usb.UsbService$Lifecycle
05-04 09:37:04.597 7469 7469 I SystemServerTiming: OnBootPhase_550_com.android.server.twilight.TwilightService
05-04 09:37:04.597 7469 7636 W BluetoothManagerService: bindBluetoothProfileService:Trying to bind to profile: 1, while Bluetooth is disabled
05-04 09:37:04.597 7469 7469 I SystemServerTiming: OnBootPhase_550_com.android.server.display.color.ColorDisplayService
05-04 09:37:04.597 7469 7469 I SystemServerTiming: OnBootPhase_550_com.android.server.job.JobSchedulerService
05-04 09:37:04.597 7469 7469 I SystemServerTiming: OnBootPhase_550_com.android.server.soundtrigger.SoundTriggerService
05-04 09:37:04.597 7469 7469 D SoundTriggerService: onBootPhase: 550 : false
05-04 09:37:04.597 7469 7469 I SystemServerTiming: OnBootPhase_550_com.android.server.trust.TrustManagerService
05-04 09:37:04.597 7469 7469 I SystemServerTiming: OnBootPhase_550_com.android.server.backup.BackupManagerService$Lifecycle
05-04 09:37:04.597 7469 7469 I SystemServerTiming: OnBootPhase_550_com.android.server.appwidget.AppWidgetService
05-04 09:37:04.597 7469 7469 I SystemServerTiming: OnBootPhase_550_com.android.server.voiceinteraction.VoiceInteractionManagerService
05-04 09:37:04.597 7469 7469 I SystemServerTiming: OnBootPhase_550_com.android.server.apphibernation.AppHibernationService
05-04 09:37:04.597 7469 7598 I SystemServerTimingAsync: InitThreadPoolExec:UsbService$Lifecycle#onBootPhase
05-04 09:37:04.597 7469 7469 I SystemServerTiming: OnBootPhase_550_com.android.server.SensorNotificationService
05-04 09:37:04.597 7469 7598 D SystemServerInitThreadPool: Started executing UsbService$Lifecycle#onBootPhase
05-04 09:37:04.597 7469 7469 I SystemServerTiming: OnBootPhase_550_com.android.server.emergency.EmergencyAffordanceService
05-04 09:37:04.597 7469 7469 I SystemServerTiming: OnBootPhase_550_com.android.server.blob.BlobStoreManagerService
05-04 09:37:04.598 7469 7469 I SystemServerTiming: OnBootPhase_550_com.android.server.dreams.DreamManagerService
05-04 09:37:04.598 7469 7469 I SystemServerTiming: OnBootPhase_550_com.android.server.companion.CompanionDeviceManagerService
05-04 09:37:04.598 7469 7469 I SystemServerTiming: OnBootPhase_550_com.android.server.restrictions.RestrictionsManagerService
05-04 09:37:04.598 7469 7469 I SystemServerTiming: OnBootPhase_550_com.android.server.media.MediaSessionService
05-04 09:37:04.598 7469 7469 I SystemServerTiming: OnBootPhase_550_com.android.server.media.MediaResourceMonitorService
05-04 09:37:04.598 7469 7469 I SystemServerTiming: OnBootPhase_550_com.android.server.biometrics.sensors.fingerprint.FingerprintService
05-04 09:37:04.598 7469 7469 I SystemServerTiming: OnBootPhase_550_com.android.server.biometrics.BiometricService
05-04 09:37:04.598 7469 7469 I SystemServerTiming: OnBootPhase_550_com.android.server.biometrics.AuthService
05-04 09:37:04.598 7469 7469 I SystemServerTiming: OnBootPhase_550_com.android.server.pm.ShortcutService$Lifecycle
05-04 09:37:04.598 7469 7469 I SystemServerTiming: OnBootPhase_550_com.android.server.pm.LauncherAppsService
05-04 09:37:04.598 7469 7469 I SystemServerTiming: OnBootPhase_550_com.android.server.pm.CrossProfileAppsService
05-04 09:37:04.598 7469 7469 I SystemServerTiming: OnBootPhase_550_com.android.server.people.PeopleService
05-04 09:37:04.598 7469 7469 I SystemServerTiming: OnBootPhase_550_com.android.server.media.metrics.MediaMetricsManagerService
05-04 09:37:04.598 7469 7469 I SystemServerTiming: OnBootPhase_550_com.android.server.media.projection.MediaProjectionManagerService
05-04 09:37:04.598 7469 7469 I SystemServerTiming: OnBootPhase_550_com.android.server.slice.SliceManagerService$Lifecycle
05-04 09:37:04.598 7469 7469 I SystemServerTiming: OnBootPhase_550_com.android.server.stats.StatsCompanion$Lifecycle
05-04 09:37:04.598 7469 7469 I SystemServerTiming: OnBootPhase_550_com.android.server.scheduling.RebootReadinessManagerService$Lifecycle
05-04 09:37:04.598 7469 7469 I SystemServerTiming: OnBootPhase_550_com.android.server.stats.pull.StatsPullAtomService
05-04 09:37:04.598 7469 7469 I SystemServerTiming: OnBootPhase_550_com.android.server.incident.IncidentCompanionService
05-04 09:37:04.598 7469 7469 I SystemServerTiming: OnBootPhase_550_com.android.server.MmsServiceBroker
05-04 09:37:04.598 7469 7469 I SystemServerTiming: OnBootPhase_550_com.android.server.autofill.AutofillManagerService
05-04 09:37:04.598 7469 7469 I SystemServerTiming: OnBootPhase_550_com.android.server.clipboard.ClipboardService
05-04 09:37:04.598 7469 7469 I SystemServerTiming: OnBootPhase_550_com.android.server.appbinding.AppBindingService$Lifecycle
05-04 09:37:04.598 7469 7469 I AppBindingService: Updating constants with: null
05-04 09:37:04.598 7469 7469 I SystemServerTiming: OnBootPhase_550_com.android.server.tracing.TracingServiceProxy
05-04 09:37:04.598 7469 7469 I SystemServerTiming: OnBootPhase_550_com.android.server.policy.PermissionPolicyService
05-04 09:37:04.598 7469 7598 D SystemServerInitThreadPool: Finished executing UsbService$Lifecycle#onBootPhase
05-04 09:37:04.600 7469 7583 I commit_sys_config_file: [log-files,91]
05-04 09:37:04.600 7469 7494 I UsbPortManager: ClientCallback V1_2:
05-04 09:37:04.601 7469 7486 I UsbPortManager: USB port added: port=UsbPort{id=, supportedModes=nonesupportedContaminantProtectionModes=0supportsEnableContaminantPresenceProtection=falsesupportsEnableContaminantPresenceDetection=false, status=UsbPortStatus{connected=false, currentMode=none, currentPowerRole=no-power, currentDataRole=no-data, supportedRoleCombinations=[no-power:no-data], contaminantDetectionStatus=0, contaminantProtectionStatus=0}, canChangeMode=false, canChangePowerRole=false, canChangeDataRole=false, connectedAtMillis=0, lastConnectDurationMillis=0
05-04 09:37:04.601 7469 7583 E NativeTombstoneManager: Tombstone's UID (1000) not an app, ignoring
05-04 09:37:04.601 7469 7583 I DropBoxManagerService: add tag=SYSTEM_TOMBSTONE_PROTO isTagEnabled=true flags=0x4
05-04 09:37:04.607 0 0 I binder : 7687:7687 ioctl 40046210 7fed10e184 returned -22
05-04 09:37:04.615 7469 7497 I am_proc_start: [0,7689,10079,com.android.systemui,service,{com.android.systemui/com.android.systemui.ImageWallpaper}]
05-04 09:37:04.615 7469 7497 I ActivityManager: Start proc 7689:com.android.systemui/u0a79 for service {com.android.systemui/com.android.systemui.ImageWallpaper}
05-04 09:37:04.617 7469 7483 I am_proc_bound: [0,7687,com.android.bluetooth]
05-04 09:37:04.616 0 0 I binder : 7689:7689 ioctl 40046210 7fed10e184 returned -22
05-04 09:37:04.625 7469 7483 D CompatibilityChangeReporter: Compat change id reported: 168419799; UID 1002; state: DISABLED
05-04 09:37:04.628 7469 7469 I PackageManager: Permission ownership changed. Updating all permissions.
05-04 09:37:04.630 7469 7583 I commit_sys_config_file: [log-files,120]
05-04 09:37:04.632 7469 7583 I commit_sys_config_file: [log-files,122]
05-04 09:37:04.632 7469 7583 E NativeTombstoneManager: Tombstone's UID (0) not an app, ignoring
05-04 09:37:04.632 7469 7583 I DropBoxManagerService: add tag=SYSTEM_TOMBSTONE_PROTO isTagEnabled=true flags=0x4
05-04 09:37:04.632 7469 7483 I am_uid_active: 1002
05-04 09:37:04.635 7469 7583 I commit_sys_config_file: [log-files,126]
05-04 09:37:04.636 7469 7583 I commit_sys_config_file: [log-files,127]
05-04 09:37:04.636 7469 7583 E NativeTombstoneManager: Tombstone's UID (0) not an app, ignoring
05-04 09:37:04.637 7469 7583 I DropBoxManagerService: add tag=SYSTEM_TOMBSTONE_PROTO isTagEnabled=true flags=0x4
05-04 09:37:04.640 7469 7583 I commit_sys_config_file: [log-files,131]
05-04 09:37:04.641 7469 7583 I commit_sys_config_file: [log-files,132]
05-04 09:37:04.641 7469 7583 E NativeTombstoneManager: Tombstone's UID (1041) not an app, ignoring
05-04 09:37:04.641 7469 7469 I SystemServerTiming: OnBootPhase_550_com.android.server.pm.StagingManager$Lifecycle
05-04 09:37:04.641 7469 7469 I SystemServerTiming: OnBootPhase_550_com.android.server.app.GameManagerService$Lifecycle
05-04 09:37:04.641 7469 7469 I SystemServerTiming: OnBootPhase_550_com.android.server.appsearch.AppSearchManagerService
05-04 09:37:04.641 7469 7469 I SystemServerTiming: OnBootPhase_550_com.android.server.media.MediaCommunicationService
05-04 09:37:04.641 7469 7469 I SystemServerTiming: StartObservingNativeCrashes
05-04 09:37:04.642 7469 7583 I DropBoxManagerService: add tag=SYSTEM_TOMBSTONE_PROTO isTagEnabled=true flags=0x4
05-04 09:37:04.642 7469 7469 I SystemServerTiming: RegisterAppOpsPolicy
05-04 09:37:04.643 7469 7681 I am_proc_bound: [0,7689,com.android.systemui]
05-04 09:37:04.645 7469 7681 D CompatibilityChangeReporter: Compat change id reported: 168419799; UID 10079; state: DISABLED
05-04 09:37:04.647 7469 7681 I am_uid_active: 10079
05-04 09:37:04.652 7469 7583 I commit_sys_config_file: [log-files,143]
05-04 09:37:04.652 7469 7469 I SystemServerTiming: MakeNetworkManagementServiceReady
05-04 09:37:04.653 7469 7565 I SystemServerTimingAsync: InitThreadPoolExec:WebViewFactoryPreparation
05-04 09:37:04.653 7469 7565 D SystemServerInitThreadPool: Started executing WebViewFactoryPreparation
05-04 09:37:04.653 7469 7565 I SystemServer: WebViewFactoryPreparation
05-04 09:37:04.653 7469 7565 I SystemServerTimingAsync: WebViewFactoryPreparation
05-04 09:37:04.657 7469 7565 I am_uid_running: 1037
05-04 09:37:04.658 7469 7565 D CompatibilityChangeReporter: Compat change id reported: 135634846; UID 1000; state: DISABLED
05-04 09:37:04.659 7469 7565 D CompatibilityChangeReporter: Compat change id reported: 177438394; UID 1000; state: DISABLED
05-04 09:37:04.659 7469 7565 D CompatibilityChangeReporter: Compat change id reported: 135772972; UID 1000; state: DISABLED
05-04 09:37:04.659 7469 7565 D CompatibilityChangeReporter: Compat change id reported: 178038272; UID 1000; state: DISABLED
05-04 09:37:04.659 7469 7583 I commit_sys_config_file: [log-files,150]
05-04 09:37:04.660 7469 7583 E NativeTombstoneManager: Tombstone's UID (1000) not an app, ignoring
05-04 09:37:04.661 7469 7583 I DropBoxManagerService: add tag=SYSTEM_TOMBSTONE_PROTO isTagEnabled=true flags=0x4
05-04 09:37:04.663 7469 7469 I SystemServerTiming: MakeIpSecServiceReady
05-04 09:37:04.664 7469 7469 D IpSecService: IpSecService is ready
05-04 09:37:04.664 7469 7469 I SystemServerTiming: MakeNetworkStatsServiceReady
05-04 09:37:04.664 7469 7565 D SystemServerInitThreadPool: Finished executing WebViewFactoryPreparation
05-04 09:37:04.667 7469 7614 I commit_sys_config_file: [net-policy,2]
05-04 09:37:04.667 7469 7614 W NetworkPolicy: setRestrictBackgroundUL: already false
05-04 09:37:04.680 7469 7613 D TelephonyRegistry: listen oscl: mHasNotifySubscriptionInfoChangedOccurred==false no callback
05-04 09:37:04.681 7469 7469 I SystemServerTiming: MakeConnectivityServiceReady
05-04 09:37:04.687 7469 7483 W StorageManagerService: No primary storage defined yet; hacking together a stub
05-04 09:37:04.691 7469 7469 I SystemServerTiming: MakeVpnManagerServiceReady
05-04 09:37:04.692 7469 7614 D TelephonyRegistry: listen oscl: mHasNotifySubscriptionInfoChangedOccurred==false no callback
05-04 09:37:04.702 0 0 I msm_vidc: high: 00000001: ....e: Opening video instance: 0000000000000000, 0
05-04 09:37:04.702 0 0 I msm_vidc: err : 00000001: ....e: Failed to create debugfs for msm_vidc
05-04 09:37:04.703 7469 7469 I SystemServerTiming: MakeVcnManagementServiceReady
05-04 09:37:04.704 7469 7469 D TelephonyRegistry: listen oscl: mHasNotifySubscriptionInfoChangedOccurred==false no callback
05-04 09:37:04.705 7469 7469 I SystemServerTiming: MakeNetworkPolicyServiceReady
05-04 09:37:04.706 7469 7469 I SystemServerTiming: PhaseThirdPartyAppsCanStart
05-04 09:37:04.706 7469 7469 I SystemServiceManager: Starting phase 600
05-04 09:37:04.706 7469 7469 I SystemServerTiming: OnBootPhase_600
05-04 09:37:04.706 7469 7469 I SystemServerTiming: OnBootPhase_600_com.android.server.security.FileIntegrityService
05-04 09:37:04.706 7469 7469 I SystemServerTiming: OnBootPhase_600_com.android.server.pm.Installer
05-04 09:37:04.706 7469 7469 I SystemServerTiming: OnBootPhase_600_com.android.server.os.DeviceIdentifiersPolicyService
05-04 09:37:04.706 7469 7469 I SystemServerTiming: OnBootPhase_600_com.android.server.uri.UriGrantsManagerService$Lifecycle
05-04 09:37:04.706 7469 7469 I SystemServerTiming: OnBootPhase_600_com.android.server.powerstats.PowerStatsService
05-04 09:37:04.706 7469 7469 I SystemServerTiming: OnBootPhase_600_com.android.server.wm.ActivityTaskManagerService$Lifecycle
05-04 09:37:04.706 7469 7469 I SystemServerTiming: OnBootPhase_600_com.android.server.am.ActivityManagerService$Lifecycle
05-04 09:37:04.706 7469 7469 I ExplicitHealthCheckController: Explicit health checks enabled.
05-04 09:37:04.706 7469 7469 I PackageWatchdog: Syncing state, reason: health check state enabled
05-04 09:37:04.706 7469 7469 I PackageWatchdog: Discarding observer rollback-observer. All packages expired
05-04 09:37:04.706 7469 7469 I SystemServerTiming: OnBootPhase_600_com.android.server.pm.DataLoaderManagerService
05-04 09:37:04.706 7469 7469 I SystemServerTiming: OnBootPhase_600_com.android.server.power.PowerManagerService
05-04 09:37:04.706 7469 7495 I PackageWatchdog: Saving observer state to file
05-04 09:37:04.707 7469 7469 I SystemServerTiming: OnBootPhase_600_com.android.server.power.ThermalManagerService
05-04 09:37:04.707 7469 7469 I SystemServerTiming: OnBootPhase_600_com.android.server.power.hint.HintManagerService
05-04 09:37:04.707 7469 7469 I SystemServerTiming: OnBootPhase_600_com.android.server.recoverysystem.RecoverySystemService$Lifecycle
05-04 09:37:04.707 7469 7469 I SystemServerTiming: OnBootPhase_600_com.android.server.lights.LightsService
05-04 09:37:04.707 7469 7469 I SystemServerTiming: OnBootPhase_600_com.android.server.display.DisplayManagerService
05-04 09:37:04.707 7469 7469 I SystemServerTiming: OnBootPhase_600_com.android.server.pm.verify.domain.DomainVerificationService
05-04 09:37:04.707 7469 7469 I SystemServerTiming: OnBootPhase_600_com.android.server.pm.PackageInstallerService$Lifecycle
05-04 09:37:04.707 7469 7469 I SystemServerTiming: OnBootPhase_600_com.android.server.pm.UserManagerService$LifeCycle
05-04 09:37:04.707 7469 7469 I SystemServerTiming: OnBootPhase_600_com.android.server.om.OverlayManagerService
05-04 09:37:04.707 7469 7469 I SystemServerTiming: OnBootPhase_600_com.android.server.SensorPrivacyService
05-04 09:37:04.707 7469 7469 I SystemServerTiming: OnBootPhase_600_com.android.server.thunderperf.ThunderBoostPerfService
05-04 09:37:04.707 7469 7469 I SystemServerTiming: OnBootPhase_600_com.android.server.sensors.SensorService
05-04 09:37:04.707 7469 7469 I SystemServerTiming: OnBootPhase_600_com.android.server.SystemConfigService
05-04 09:37:04.707 7469 7469 I SystemServerTiming: OnBootPhase_600_com.android.server.BatteryService
05-04 09:37:04.707 7469 7469 I SystemServerTiming: OnBootPhase_600_com.android.server.usage.UsageStatsService
05-04 09:37:04.707 7469 7469 I SystemServerTiming: OnBootPhase_600_com.android.server.webkit.WebViewUpdateService
05-04 09:37:04.707 7469 7469 I SystemServerTiming: OnBootPhase_600_com.android.server.CachedDeviceStateService
05-04 09:37:04.707 7469 7469 I SystemServerTiming: OnBootPhase_600_com.android.server.BinderCallsStatsService$LifeCycle
05-04 09:37:04.707 7469 7469 I SystemServerTiming: OnBootPhase_600_com.android.server.LooperStatsService$Lifecycle
05-04 09:37:04.707 7469 7469 I SystemServerTiming: OnBootPhase_600_com.android.server.rollback.RollbackManagerService
05-04 09:37:04.707 7469 7469 I SystemServerTiming: OnBootPhase_600_com.android.server.os.NativeTombstoneManagerService
05-04 09:37:04.707 7469 7469 I SystemServerTiming: OnBootPhase_600_com.android.server.os.BugreportManagerService
05-04 09:37:04.707 7469 7469 I SystemServerTiming: OnBootPhase_600_com.android.server.gpu.GpuService
05-04 09:37:04.707 7469 7469 I SystemServerTiming: OnBootPhase_600_com.android.server.security.KeyChainSystemService
05-04 09:37:04.707 7469 7469 I SystemServerTiming: OnBootPhase_600_com.android.server.telecom.TelecomLoaderService
05-04 09:37:04.707 7469 7469 I SystemServerTiming: OnBootPhase_600_com.android.server.accounts.AccountManagerService$Lifecycle
05-04 09:37:04.707 7469 7469 I SystemServerTiming: OnBootPhase_600_com.android.server.content.ContentService$Lifecycle
05-04 09:37:04.707 7469 7469 I SystemServerTiming: OnBootPhase_600_com.android.server.DropBoxManagerService
05-04 09:37:04.707 7469 7469 I SystemServerTiming: OnBootPhase_600_com.android.role.RoleService
05-04 09:37:04.707 7469 7469 I SystemServerTiming: OnBootPhase_600_com.android.server.vibrator.VibratorManagerService$Lifecycle
05-04 09:37:04.707 7469 7469 I SystemServerTiming: OnBootPhase_600_com.android.server.alarm.AlarmManagerService
05-04 09:37:04.707 7469 7469 I SystemServerTiming: OnBootPhase_600_com.android.server.devicestate.DeviceStateManagerService
05-04 09:37:04.707 7469 7469 I SystemServerTiming: OnBootPhase_600_com.android.server.camera.CameraServiceProxy
05-04 09:37:04.707 7469 7469 I SystemServerTiming: OnBootPhase_600_com.android.server.BluetoothService
05-04 09:37:04.707 7469 7469 I SystemServerTiming: OnBootPhase_600_com.android.server.connectivity.IpConnectivityMetrics
05-04 09:37:04.707 7469 7469 I SystemServerTiming: OnBootPhase_600_com.android.server.net.watchlist.NetworkWatchlistService$Lifecycle
05-04 09:37:04.707 7469 7469 I SystemServerTiming: OnBootPhase_600_com.android.server.PinnerService
05-04 09:37:04.707 7469 7469 I SystemServerTiming: OnBootPhase_600_com.google.android.startop.iorap.IorapForwardingService
05-04 09:37:04.707 7469 7469 I SystemServerTiming: OnBootPhase_600_com.android.server.ActivityTriggerService
05-04 09:37:04.707 7469 7469 I SystemServerTiming: OnBootPhase_600_com.android.server.integrity.AppIntegrityManagerService
05-04 09:37:04.707 7469 7469 I SystemServerTiming: OnBootPhase_600_com.android.server.inputmethod.InputMethodManagerService$Lifecycle
05-04 09:37:04.707 7469 7469 I SystemServerTiming: OnBootPhase_600_com.android.server.accessibility.AccessibilityManagerService$Lifecycle
05-04 09:37:04.707 7469 7469 I SystemServerTiming: OnBootPhase_600_com.android.server.StorageManagerService$Lifecycle
05-04 09:37:04.707 7469 7469 I SystemServerTiming: OnBootPhase_600_com.android.server.usage.StorageStatsService$Lifecycle
05-04 09:37:04.707 7469 7469 I SystemServerTiming: OnBootPhase_600_com.android.server.UiModeManagerService
05-04 09:37:04.707 7469 7469 I SystemServerTiming: OnBootPhase_600_com.android.server.locksettings.LockSettingsService$Lifecycle
05-04 09:37:04.707 7469 7469 I SystemServerTiming: OnBootPhase_600_com.android.server.PersistentDataBlockService
05-04 09:37:04.707 7469 7469 I SystemServerTiming: OnBootPhase_600_com.android.server.testharness.TestHarnessModeService
05-04 09:37:04.707 7469 7469 I SystemServerTiming: OnBootPhase_600_com.android.server.oemlock.OemLockService
05-04 09:37:04.707 7469 7469 I SystemServerTiming: OnBootPhase_600_com.android.server.DeviceIdleController
05-04 09:37:04.707 7469 7469 I SystemServerTiming: OnBootPhase_600_com.android.server.devicepolicy.DevicePolicyManagerService$Lifecycle
05-04 09:37:04.707 7469 7469 I SystemServerTiming: OnBootPhase_600_com.android.server.texttospeech.TextToSpeechManagerService
05-04 09:37:04.707 7469 7469 I SystemServerTiming: OnBootPhase_600_com.android.server.speech.SpeechRecognitionManagerService
05-04 09:37:04.707 7469 7469 I SystemServerTiming: OnBootPhase_600_com.android.server.searchui.SearchUiManagerService
05-04 09:37:04.707 7469 7469 I SystemServerTiming: OnBootPhase_600_com.android.server.smartspace.SmartspaceManagerService
05-04 09:37:04.707 7469 7469 I SystemServerTiming: OnBootPhase_600_com.android.server.graphics.fonts.FontManagerService$Lifecycle
05-04 09:37:04.707 7469 7469 I SystemServerTiming: OnBootPhase_600_com.android.server.textservices.TextServicesManagerService$Lifecycle
05-04 09:37:04.707 7469 7469 I SystemServerTiming: OnBootPhase_600_com.android.server.textclassifier.TextClassificationManagerService$Lifecycle
05-04 09:37:04.707 7469 7469 I SystemServerTiming: OnBootPhase_600_com.android.server.NetworkScoreService$Lifecycle
05-04 09:37:04.707 7469 7469 I SystemServerTiming: OnBootPhase_600_com.android.server.wifi.WifiService
05-04 09:37:04.707 7469 7469 I SystemServerTiming: OnBootPhase_600_com.android.server.wifi.scanner.WifiScanningService
05-04 09:37:04.707 7469 7469 I SystemServerTiming: OnBootPhase_600_com.android.server.wifi.rtt.RttService
05-04 09:37:04.707 7469 7469 I SystemServerTiming: OnBootPhase_600_com.android.server.wifi.aware.WifiAwareService
05-04 09:37:04.707 7469 7469 I SystemServerTiming: OnBootPhase_600_com.android.server.wifi.p2p.WifiP2pService
05-04 09:37:04.707 7469 7469 I SystemServerTiming: OnBootPhase_600_com.android.server.ethernet.EthernetService
05-04 09:37:04.707 7469 7469 I SystemServerTiming: OnBootPhase_600_com.android.server.ConnectivityServiceInitializer
05-04 09:37:04.707 7469 7469 I SystemServerTiming: OnBootPhase_600_com.android.server.notification.NotificationManagerService
05-04 09:37:04.709 7469 7469 I SystemServerTiming: OnBootPhase_600_com.android.server.storage.DeviceStorageMonitorService
05-04 09:37:04.709 7469 7469 I SystemServerTiming: OnBootPhase_600_com.android.server.location.LocationManagerService$Lifecycle
05-04 09:37:04.716 0 0 I msm_vidc: high: 00000001: h265e: Closed video instance: 0000000000000000
05-04 09:37:04.719 7469 7583 I commit_sys_config_file: [log-files,210]
05-04 09:37:04.724 7469 7583 I commit_sys_config_file: [log-files,215]
05-04 09:37:04.724 7469 7583 E NativeTombstoneManager: Tombstone's UID (0) not an app, ignoring
05-04 09:37:04.724 7469 7583 I DropBoxManagerService: add tag=SYSTEM_TOMBSTONE_PROTO isTagEnabled=true flags=0x4
05-04 09:37:04.729 0 0 I msm_vidc: high: 00000001: ....d: Opening video instance: 0000000000000000, 1
05-04 09:37:04.729 0 0 I msm_vidc: err : 00000001: ....d: Failed to create debugfs for msm_vidc
05-04 09:37:04.734 7469 7469 D TelephonyRegistry: listen oscl: mHasNotifySubscriptionInfoChangedOccurred==false no callback
05-04 09:37:04.734 0 0 I msm_vidc: high: 00000001: h264d: Closed video instance: 0000000000000000
05-04 09:37:04.738 7469 7583 I commit_sys_config_file: [log-files,229]
05-04 09:37:04.741 7469 7469 I SystemServerTiming: OnBootPhase_600_com.android.server.timedetector.TimeDetectorService$Lifecycle
05-04 09:37:04.741 7469 7469 I SystemServerTiming: OnBootPhase_600_com.android.server.timezonedetector.TimeZoneDetectorService$Lifecycle
05-04 09:37:04.741 7469 7469 I SystemServerTiming: OnBootPhase_600_com.android.server.timezonedetector.location.LocationTimeZoneManagerService$Lifecycle
05-04 09:37:04.741 7469 7469 I SystemServerTiming: OnBootPhase_600_com.android.server.search.SearchManagerService$Lifecycle
05-04 09:37:04.741 7469 7469 I SystemServerTiming: OnBootPhase_600_com.android.server.wallpaper.WallpaperManagerService$Lifecycle
05-04 09:37:04.741 7469 7469 I WallpaperManagerService: switch-user-0
05-04 09:37:04.741 7469 7469 V WallpaperManagerService: bindWallpaperComponentLocked: componentName=ComponentInfo{com.android.systemui/com.android.systemui.ImageWallpaper}
05-04 09:37:04.743 7469 7469 I SystemServerTiming: OnBootPhase_600_com.android.server.audio.AudioService$Lifecycle
05-04 09:37:04.744 7469 7469 I SystemServerTiming: OnBootPhase_600_com.android.server.soundtrigger_middleware.SoundTriggerMiddlewareService$Lifecycle
05-04 09:37:04.744 7469 7469 I SystemServerTiming: OnBootPhase_600_com.android.server.DockObserver
05-04 09:37:04.744 7469 7469 I SystemServerTiming: OnBootPhase_600_com.android.server.midi.MidiService$Lifecycle
05-04 09:37:04.744 7469 7469 I SystemServerTiming: OnBootPhase_600_com.android.server.adb.AdbService$Lifecycle
05-04 09:37:04.744 7469 7469 I SystemServerTiming: OnBootPhase_600_com.android.server.usb.UsbService$Lifecycle
05-04 09:37:04.744 7469 7469 I SystemServerTiming: OnBootPhase_600_com.android.server.twilight.TwilightService
05-04 09:37:04.744 7469 7469 I SystemServerTiming: OnBootPhase_600_com.android.server.display.color.ColorDisplayService
05-04 09:37:04.744 7469 7469 I SystemServerTiming: OnBootPhase_600_com.android.server.job.JobSchedulerService
05-04 09:37:04.747 7469 7583 I commit_sys_config_file: [log-files,238]
05-04 09:37:04.748 7469 7583 E NativeTombstoneManager: Tombstone's UID (1000) not an app, ignoring
05-04 09:37:04.748 7469 7583 I DropBoxManagerService: add tag=SYSTEM_TOMBSTONE_PROTO isTagEnabled=true flags=0x4
05-04 09:37:04.755 7469 7497 W ActivityManager: Slow operation: 98ms so far, now at startProcess: returned from zygote!
05-04 09:37:04.755 7469 7497 W ActivityManager: Slow operation: 98ms so far, now at startProcess: done updating battery stats
05-04 09:37:04.755 7469 7497 I am_proc_start: [0,7774,1037,WebViewLoader-armeabi-v7a,NULL,]
05-04 09:37:04.755 7469 7497 W ActivityManager: Slow operation: 98ms so far, now at startProcess: building log message
05-04 09:37:04.755 7469 7497 I ActivityManager: Start proc 7774:WebViewLoader-armeabi-v7a/1037 [android.webkit.WebViewLibraryLoader$RelroFileCreator] for null
05-04 09:37:04.755 7469 7497 W ActivityManager: Slow operation: 98ms so far, now at startProcess: starting to update pids map
05-04 09:37:04.756 7469 7497 W ActivityManager: Slow operation: 99ms so far, now at startProcess: done updating pids map
05-04 09:37:04.756 7469 7497 W ActivityManager: Slow operation: 97ms so far, now at startProcess: asking zygote to start proc
05-04 09:37:04.760 7469 7469 I SystemServerTiming: OnBootPhase_600_com.android.server.soundtrigger.SoundTriggerService
05-04 09:37:04.760 7469 7469 D SoundTriggerService: onBootPhase: 600 : false
05-04 09:37:04.760 7469 7469 I SystemServerTiming: OnBootPhase_600_com.android.server.trust.TrustManagerService
05-04 09:37:04.760 7469 7469 D BiometricService: Sensor ID(0), oemStrength: 15, updatedStrength: 15, modality 2, state: 0, cookie: 0, props: ID: 0, Strength: 2, Type: 1, sensorId 0, hasEnrollments: false cannot participate in Keystore operations
05-04 09:37:04.758 0 0 I msm_vidc: high: 00000001: ....d: Opening video instance: 0000000000000000, 1
05-04 09:37:04.758 0 0 I msm_vidc: err : 00000001: ....d: Failed to create debugfs for msm_vidc
05-04 09:37:04.761 7469 7469 I SystemServerTiming: OnBootPhase_600_com.android.server.backup.BackupManagerService$Lifecycle
05-04 09:37:04.761 7469 7469 I SystemServerTiming: OnBootPhase_600_com.android.server.appwidget.AppWidgetService
05-04 09:37:04.761 7469 7469 I SystemServerTiming: OnBootPhase_600_com.android.server.voiceinteraction.VoiceInteractionManagerService
05-04 09:37:04.764 7469 7469 I SystemServerTiming: OnBootPhase_600_com.android.server.apphibernation.AppHibernationService
05-04 09:37:04.764 7469 7469 I SystemServerTiming: OnBootPhase_600_com.android.server.SensorNotificationService
05-04 09:37:04.765 7469 7469 I SystemServerTiming: OnBootPhase_600_com.android.server.emergency.EmergencyAffordanceService
05-04 09:37:04.765 7469 7469 I SystemServerTiming: OnBootPhase_600_com.android.server.blob.BlobStoreManagerService
05-04 09:37:04.766 7469 7469 I SystemServerTiming: OnBootPhase_600_com.android.server.dreams.DreamManagerService
05-04 09:37:04.766 7469 7469 I SystemServerTiming: OnBootPhase_600_com.android.server.companion.CompanionDeviceManagerService
05-04 09:37:04.766 7469 7469 I SystemServerTiming: OnBootPhase_600_com.android.server.restrictions.RestrictionsManagerService
05-04 09:37:04.766 7469 7469 I SystemServerTiming: OnBootPhase_600_com.android.server.media.MediaSessionService
05-04 09:37:04.766 7469 7469 I SystemServerTiming: OnBootPhase_600_com.android.server.media.MediaResourceMonitorService
05-04 09:37:04.766 7469 7469 I SystemServerTiming: OnBootPhase_600_com.android.server.biometrics.sensors.fingerprint.FingerprintService
05-04 09:37:04.766 7469 7469 I SystemServerTiming: OnBootPhase_600_com.android.server.biometrics.BiometricService
05-04 09:37:04.766 7469 7469 I SystemServerTiming: OnBootPhase_600_com.android.server.biometrics.AuthService
05-04 09:37:04.766 7469 7469 I SystemServerTiming: OnBootPhase_600_com.android.server.pm.ShortcutService$Lifecycle
05-04 09:37:04.766 7469 7469 I SystemServerTiming: OnBootPhase_600_com.android.server.pm.LauncherAppsService
05-04 09:37:04.766 7469 7469 I SystemServerTiming: OnBootPhase_600_com.android.server.pm.CrossProfileAppsService
05-04 09:37:04.766 7469 7469 I SystemServerTiming: OnBootPhase_600_com.android.server.people.PeopleService
05-04 09:37:04.766 7469 7469 I SystemServerTiming: OnBootPhase_600_com.android.server.media.metrics.MediaMetricsManagerService
05-04 09:37:04.766 7469 7469 I SystemServerTiming: OnBootPhase_600_com.android.server.media.projection.MediaProjectionManagerService
05-04 09:37:04.766 7469 7469 I SystemServerTiming: OnBootPhase_600_com.android.server.slice.SliceManagerService$Lifecycle
05-04 09:37:04.766 7469 7469 I SystemServerTiming: OnBootPhase_600_com.android.server.stats.StatsCompanion$Lifecycle
05-04 09:37:04.764 0 0 I msm_vidc: high: 00000001: h264d: Closed video instance: 0000000000000000
05-04 09:37:04.767 7469 7497 W ActivityManager: Slow operation: 108ms so far, now at startProcess: returned from zygote!
05-04 09:37:04.767 7469 7497 W ActivityManager: Slow operation: 108ms so far, now at startProcess: done updating battery stats
05-04 09:37:04.767 7469 7497 I am_proc_start: [0,7778,1037,WebViewLoader-arm64-v8a,NULL,]
05-04 09:37:04.767 7469 7497 W ActivityManager: Slow operation: 108ms so far, now at startProcess: building log message
05-04 09:37:04.767 7469 7497 I ActivityManager: Start proc 7778:WebViewLoader-arm64-v8a/1037 [android.webkit.WebViewLibraryLoader$RelroFileCreator] for null
05-04 09:37:04.767 7469 7497 W ActivityManager: Slow operation: 108ms so far, now at startProcess: starting to update pids map
05-04 09:37:04.767 7469 7497 W ActivityManager: Slow operation: 108ms so far, now at startProcess: done updating pids map
05-04 09:37:04.768 7469 7486 W CarrierConfigManager: Error getting config for subId -1 ICarrierConfigLoader is null
05-04 09:37:04.769 0 0 I [schedu][0x9b5da487][09:37:04.769880] wlan: [1858:I:OSIF] scan start scan id 40963
05-04 09:37:04.775 7469 7469 I SystemServerTiming: OnBootPhase_600_com.android.server.scheduling.RebootReadinessManagerService$Lifecycle
05-04 09:37:04.775 7469 7469 I SystemServerTiming: OnBootPhase_600_com.android.server.stats.pull.StatsPullAtomService
05-04 09:37:04.772 0 0 I binder : 7774:7774 ioctl 40046210 fff504f8 returned -22
05-04 09:37:04.775 7469 7469 I SystemServerTiming: OnBootPhase_600_com.android.server.incident.IncidentCompanionService
05-04 09:37:04.775 7469 7469 I SystemServerTiming: OnBootPhase_600_com.android.server.MmsServiceBroker
05-04 09:37:04.775 7469 7469 I SystemServerTiming: OnBootPhase_600_com.android.server.autofill.AutofillManagerService
05-04 09:37:04.775 7469 7495 D StatsPullAtomService: Registering NetworkStats pullers with statsd
05-04 09:37:04.775 7469 7469 I SystemServerTiming: OnBootPhase_600_com.android.server.clipboard.ClipboardService
05-04 09:37:04.775 7469 7469 I SystemServerTiming: OnBootPhase_600_com.android.server.appbinding.AppBindingService$Lifecycle
05-04 09:37:04.776 7469 7469 I SystemServerTiming: OnBootPhase_600_com.android.server.tracing.TracingServiceProxy
05-04 09:37:04.776 7469 7469 I SystemServerTiming: OnBootPhase_600_com.android.server.policy.PermissionPolicyService
05-04 09:37:04.776 7469 7469 I SystemServerTiming: OnBootPhase_600_com.android.server.pm.StagingManager$Lifecycle
05-04 09:37:04.776 7469 7469 I SystemServerTiming: OnBootPhase_600_com.android.server.app.GameManagerService$Lifecycle
05-04 09:37:04.776 7469 7469 I SystemServerTiming: OnBootPhase_600_com.android.server.appsearch.AppSearchManagerService
05-04 09:37:04.776 7469 7469 I SystemServerTiming: OnBootPhase_600_com.android.server.media.MediaCommunicationService
05-04 09:37:04.776 7469 7469 I SystemServerTiming: StartNetworkStack
05-04 09:37:04.776 7469 7469 D ConnectivityModuleConnector: Starting networking module android.net.INetworkStackConnector
05-04 09:37:04.776 7469 7469 D ConnectivityModuleConnector: Starting networking module in network_stack process
05-04 09:37:04.776 7469 7681 I wm_task_created: [2,-1]
05-04 09:37:04.779 7469 7681 I wm_task_created: [3,-1]
05-04 09:37:04.779 7469 7486 D CompatibilityChangeReporter: Compat change id reported: 168936375; UID 1000; state: ENABLED
05-04 09:37:04.779 7469 7486 D CompatibilityChangeReporter: Compat change id reported: 168936375; UID 1000; state: DISABLED
05-04 09:37:04.779 7687 7791 I bt_config_source: 1
05-04 09:37:04.780 7687 7791 I bt_config_source: 1
05-04 09:37:04.782 7469 7583 I commit_sys_config_file: [log-files,273]
05-04 09:37:04.783 7469 7583 I commit_sys_config_file: [log-files,274]
05-04 09:37:04.783 7469 7583 E NativeTombstoneManager: Tombstone's UID (0) not an app, ignoring
05-04 09:37:04.783 7469 7583 I DropBoxManagerService: add tag=SYSTEM_TOMBSTONE_PROTO isTagEnabled=true flags=0x4
05-04 09:37:04.791 0 0 I binder : 7778:7778 ioctl 40046210 7fed10e184 returned -22
05-04 09:37:04.785 7469 7469 I am_uid_running: 1073
05-04 09:37:04.786 7469 7469 D CompatibilityChangeReporter: Compat change id reported: 135634846; UID 1073; state: DISABLED
05-04 09:37:04.786 7469 7469 D CompatibilityChangeReporter: Compat change id reported: 177438394; UID 1073; state: DISABLED
05-04 09:37:04.786 7469 7469 D CompatibilityChangeReporter: Compat change id reported: 135772972; UID 1073; state: DISABLED
05-04 09:37:04.786 7469 7469 D CompatibilityChangeReporter: Compat change id reported: 135754954; UID 1073; state: ENABLED
05-04 09:37:04.786 7469 7469 D ConnectivityModuleConnector: Networking module service start requested
05-04 09:37:04.786 7469 7483 I am_proc_bound: [0,7774,WebViewLoader-armeabi-v7a]
05-04 09:37:04.786 7469 7469 I SystemServerTiming: StartTethering
05-04 09:37:04.786 7469 7583 I commit_sys_config_file: [log-files,277]
05-04 09:37:04.786 7469 7469 D ConnectivityModuleConnector: Starting networking module android.net.ITetheringConnector
05-04 09:37:04.787 7469 7583 I commit_sys_config_file: [log-files,278]
05-04 09:37:04.788 7469 7583 E NativeTombstoneManager: Tombstone's UID (1000) not an app, ignoring
05-04 09:37:04.788 7469 7583 I DropBoxManagerService: add tag=SYSTEM_TOMBSTONE_PROTO isTagEnabled=true flags=0x4
05-04 09:37:04.790 7469 7469 D ConnectivityModuleConnector: Starting networking module in network_stack process
05-04 09:37:04.792 7469 7483 I am_uid_active: 1037
05-04 09:37:04.794 7469 7469 D ConnectivityModuleConnector: Networking module service start requested
05-04 09:37:04.795 7469 7469 I SystemServerTiming: MakeCountryDetectionServiceReady
05-04 09:37:04.795 7469 7469 I SystemServerTiming: MakeNetworkTimeUpdateReady
05-04 09:37:04.797 7687 7824 I liblog : 7
05-04 09:37:04.798 7469 7469 I SystemServerTiming: MakeInputManagerServiceReady
05-04 09:37:04.799 7469 7469 I configuration_changed: 16640
05-04 09:37:04.799 7469 7469 I ActivityTaskManager: Config changes=4100 {1.0 ?mcc?mnc [zh_CN] ldltr sw680dp w1586dp h625dp 240dpi lrg long hdr land finger -keyb/v/h -nav/h winConfig={ mBounds=Rect(0, 0 - 2380, 1020) mAppBounds=Rect(0, 0 - 2380, 974) mMaxBounds=Rect(0, 0 - 2380, 1020) mWindowingMode=fullscreen mDisplayWindowingMode=fullscreen mActivityType=undefined mAlwaysOnTop=undefined mRotation=ROTATION_0} s.10 fontWeightAdjustment=0}
05-04 09:37:04.800 7469 7681 I am_proc_bound: [0,7778,WebViewLoader-arm64-v8a]
05-04 09:37:04.801 7469 7469 I WindowManager: Override config changes=4100 {1.0 ?mcc?mnc [zh_CN] ldltr sw680dp w1586dp h625dp 240dpi lrg long hdr land finger -keyb/v/h -nav/h winConfig={ mBounds=Rect(0, 0 - 2380, 1020) mAppBounds=Rect(0, 0 - 2380, 974) mMaxBounds=Rect(0, 0 - 2380, 1020) mWindowingMode=fullscreen mDisplayWindowingMode=fullscreen mActivityType=undefined mAlwaysOnTop=undefined mRotation=ROTATION_0} s.10 fontWeightAdjustment=0} for displayId=0
05-04 09:37:04.807 7469 7469 I SystemServerTiming: MakeTelephonyRegistryReady
05-04 09:37:04.807 7469 7469 D TelephonyRegistry: systemRunning register for intents
05-04 09:37:04.807 7469 7469 I SystemServerTiming: MakeMediaRouterServiceReady
05-04 09:37:04.807 7469 7469 I SystemServerTiming: MakeMmsServiceReady
05-04 09:37:04.807 7469 7469 I MmsServiceBroker: Delay connecting to MmsService until an API is called
05-04 09:37:04.807 7469 7469 I SystemServerTiming: IncidentDaemonReady
05-04 09:37:04.810 7469 7469 I SystemServerTiming: MakeIncrementalServiceReady
05-04 09:37:04.810 7469 7469 I SystemServerTiming: getCurrentUser
05-04 09:37:04.810 7469 7469 I ActivityManager: Current user:0
05-04 09:37:04.810 7469 7469 I SystemServerTiming: ActivityManagerStartApps
05-04 09:37:04.811 7469 7469 I ssm_user_starting: 0
05-04 09:37:04.811 7469 7469 I SystemServerTiming: ssm.StartUser-0
05-04 09:37:04.811 7469 7469 I SystemServiceManager: Calling onStartUser 0
05-04 09:37:04.811 7469 7469 I SystemServerTiming: ssm.onStartUser-0_com.android.server.security.FileIntegrityService
05-04 09:37:04.811 7469 7469 I SystemServerTiming: ssm.onStartUser-0_com.android.server.pm.Installer
05-04 09:37:04.811 7469 7469 I SystemServerTiming: ssm.onStartUser-0_com.android.server.os.DeviceIdentifiersPolicyService
