05-04 09:37:10.748 7469 7469 E BootReceiver: at android.os.Looper.loop(Looper.java:288)
05-04 09:37:10.748 7469 7469 E BootReceiver: at com.android.server.SystemServer.run(SystemServer.java:909)
05-04 09:37:10.748 7469 7469 E BootReceiver: at com.android.server.SystemServer.main(SystemServer.java:616)
05-04 09:37:10.748 7469 7469 E BootReceiver: at java.lang.reflect.Method.invoke(Native Method)
05-04 09:37:10.748 7469 7469 E BootReceiver: at com.android.internal.os.RuntimeInit$MethodAndArgsCaller.run(RuntimeInit.java:548)
05-04 09:37:10.748 7469 7469 E BootReceiver: at com.android.internal.os.ZygoteInit.main(ZygoteInit.java:987)
05-04 09:37:10.749 7469 7496 I am_wtf : [0,7469,system_server,-1,BootReceiver,open failed: ENOENT (No such file or directory)]
05-04 09:37:10.750 7469 7891 I am_crash: [8172,0,com.qualcomm.qti.devicestatisticsservice,814235213,java.lang.ClassNotFoundException,android.hidl.manager.V1_0.IServiceNotification$Stub,DeviceStatisticsService.java,83]
05-04 09:37:10.751 7469 9727 I DropBoxManagerService: add tag=SYSTEM_RESTART isTagEnabled=true flags=0x2
05-04 09:37:10.751 7469 7496 I DropBoxManagerService: add tag=system_server_wtf isTagEnabled=true flags=0x2
05-04 09:37:10.751 7469 9727 I BootReceiver: Checking for fsck errors
05-04 09:37:10.752 7469 9727 I commit_sys_config_file: [log-files,6243]
05-04 09:37:10.753 7469 9727 I am_uid_active: 10018
05-04 09:37:10.758 7469 9733 I DropBoxManagerService: add tag=system_app_crash isTagEnabled=true flags=0x2
05-04 09:37:10.760 7469 7891 I sysui_multi_action: [757,316,758,4,759,-1]
05-04 09:37:10.765 7469 7631 I GameModeConfig: isGameModeOn = true
05-04 09:37:10.765 7469 7631 I GameModeConfig: isGaming = false
05-04 09:37:10.765 7469 7631 I GameModeConfig: isGameModeOn = true
05-04 09:37:10.765 7469 7631 I GameModeConfig: isGaming = false
05-04 09:37:10.765 7469 7631 I GameModeConfig: isGameModeOn = true
05-04 09:37:10.765 7469 7631 I GameModeConfig: isGaming = false
05-04 09:37:10.765 7469 7631 I GameModeConfig: isGameModeOn = true
05-04 09:37:10.765 7469 7631 I GameModeConfig: isGaming = false
05-04 09:37:10.765 7469 7631 I GameModeConfig: isGameModeOn = true
05-04 09:37:10.765 7469 7631 I GameModeConfig: isGaming = false
05-04 09:37:10.775 0 0 I binder : 8747:9737 ioctl 40046210 711165f604 returned -22
05-04 09:37:10.765 7469 7631 I GameModeConfig: isGameModeOn = true
05-04 09:37:10.765 7469 7631 I GameModeConfig: isGaming = false
05-04 09:37:10.765 7469 7631 I GameModeConfig: isGameModeOn = true
05-04 09:37:10.765 7469 7631 I GameModeConfig: isGaming = false
05-04 09:37:10.765 7469 7631 I GameModeConfig: isGameModeOn = true
05-04 09:37:10.765 7469 7631 I GameModeConfig: isGaming = false
05-04 09:37:10.765 7469 7631 I GameModeConfig: isGameModeOn = true
05-04 09:37:10.765 7469 7631 I GameModeConfig: isGaming = false
05-04 09:37:10.768 7469 7891 D CompatibilityChangeReporter: Compat change id reported: 168419799; UID 10069; state: DISABLED
05-04 09:37:10.770 7469 7891 I ActivityManager: Process com.qualcomm.qti.devicestatisticsservice (pid 8172) has died: pers PER
05-04 09:37:10.771 7469 7891 I am_proc_died: [0,8172,com.qualcomm.qti.devicestatisticsservice,-800,0]
05-04 09:37:10.771 7469 7891 W ActivityManager: Scheduling restart of crashed service com.qualcomm.qti.devicestatisticsservice/.DeviceStatisticsService in 0ms for persistent
05-04 09:37:10.771 7469 7891 I am_schedule_service_restart: [0,com.qualcomm.qti.devicestatisticsservice/.DeviceStatisticsService,0]
05-04 09:37:10.771 7469 7891 I am_uid_stopped: 10064
05-04 09:37:10.771 7469 7891 W ActivityManager: Re-adding persistent process ProcessRecord{59df47f 8172:com.qualcomm.qti.devicestatisticsservice/u0a64}
05-04 09:37:10.771 7469 7891 I am_uid_running: 10064
05-04 09:37:10.772 7469 7891 D CompatibilityChangeReporter: Compat change id reported: 135634846; UID 10064; state: DISABLED
05-04 09:37:10.772 7469 7891 D CompatibilityChangeReporter: Compat change id reported: 177438394; UID 10064; state: DISABLED
05-04 09:37:10.772 7469 7891 D CompatibilityChangeReporter: Compat change id reported: 135772972; UID 10064; state: DISABLED
05-04 09:37:10.772 7469 7891 D CompatibilityChangeReporter: Compat change id reported: 135754954; UID 10064; state: ENABLED
05-04 09:37:10.772 7469 7497 D CompatibilityChangeReporter: Compat change id reported: 143937733; UID 10064; state: ENABLED
05-04 09:37:10.772 7469 7891 I am_uid_active: 10064
05-04 09:37:10.774 7469 7567 D CompatibilityChangeReporter: Compat change id reported: 135634846; UID 1000; state: DISABLED
05-04 09:37:10.774 7469 7567 D CompatibilityChangeReporter: Compat change id reported: 177438394; UID 1000; state: DISABLED
05-04 09:37:10.774 7469 7567 D CompatibilityChangeReporter: Compat change id reported: 135772972; UID 1000; state: DISABLED
05-04 09:37:10.774 7469 7567 D CompatibilityChangeReporter: Compat change id reported: 135754954; UID 1000; state: ENABLED
05-04 09:37:10.777 7469 7891 D TelephonyRegistry: listen oscl: mHasNotifySubscriptionInfoChangedOccurred==false no callback
05-04 09:37:10.795 0 0 I binder : 9746:9746 ioctl 40046210 7fed10e184 returned -22
05-04 09:37:10.802 0 0 I binder : 9748:9748 ioctl 40046210 7fed10e184 returned -22
05-04 09:37:10.779 7469 7497 I am_proc_start: [0,9746,10064,com.qualcomm.qti.devicestatisticsservice,restart,com.qualcomm.qti.devicestatisticsservice]
05-04 09:37:10.779 7469 7497 I ActivityManager: Start proc 9746:com.qualcomm.qti.devicestatisticsservice/u0a64 for restart com.qualcomm.qti.devicestatisticsservice
05-04 09:37:10.787 7469 7497 I am_proc_start: [0,9748,1000,com.qti.diagservices,broadcast,{com.qti.diagservices/com.qti.diagservices.Diag_OnBoot}]
05-04 09:37:10.787 7469 7497 I ActivityManager: Start proc 9748:com.qti.diagservices/1000 for broadcast {com.qti.diagservices/com.qti.diagservices.Diag_OnBoot}
05-04 09:37:10.799 7469 7567 I am_proc_bound: [0,9746,com.qualcomm.qti.devicestatisticsservice]
05-04 09:37:10.804 7469 7567 I am_proc_bound: [0,9748,com.qti.diagservices]
05-04 09:37:10.807 7469 7567 D CompatibilityChangeReporter: Compat change id reported: 168419799; UID 1000; state: DISABLED
05-04 09:37:10.861 7469 7567 D CompatibilityChangeReporter: Compat change id reported: 149924527; UID 10096; state: ENABLED
05-04 09:37:10.861 7469 7567 D CompatibilityChangeReporter: Compat change id reported: 132649864; UID 10096; state: DISABLED
05-04 09:37:10.900 9748 9748 W ContextImpl: Calling a method in the system process without a qualified user: android.app.ContextImpl.startService:1816 android.content.ContextWrapper.startService:774 android.content.ContextWrapper.startService:774 com.qti.diagservices.Diag_OnBoot.onReceive:40 android.app.ActivityThread.handleReceiver:4309
05-04 09:37:10.909 7469 7469 I Telecom : DefaultDialerCache: Refreshing default dialer for user 0: now null: DDC.oR@AAw
05-04 09:37:10.909 7469 7469 I Telecom : MissedCallNotifierImpl: reloadAfterBootComplete: user=0: TSBCR.oR@AA0
05-04 09:37:10.909 7469 7469 I Telecom : MissedCallNotifierImpl: reloadAfterBootComplete: user=0: TSBCR.oR@AA0
05-04 09:37:10.910 7469 7469 D CompatibilityChangeReporter: Compat change id reported: 135634846; UID 1000; state: DISABLED
05-04 09:37:10.910 7469 7469 D CompatibilityChangeReporter: Compat change id reported: 177438394; UID 1000; state: DISABLED
05-04 09:37:10.910 7469 7469 D CompatibilityChangeReporter: Compat change id reported: 135772972; UID 1000; state: DISABLED
05-04 09:37:10.910 7469 7469 D CompatibilityChangeReporter: Compat change id reported: 135754954; UID 1000; state: ENABLED
05-04 09:37:10.935 0 0 I binder : 9796:9796 ioctl 40046210 7fed10e184 returned -22
05-04 09:37:10.919 7469 7497 I am_proc_start: [0,9796,1000,com.android.dynsystem,broadcast,{com.android.dynsystem/com.android.dynsystem.BootCompletedReceiver}]
05-04 09:37:10.919 7469 7497 I ActivityManager: Start proc 9796:com.android.dynsystem/1000 for broadcast {com.android.dynsystem/com.android.dynsystem.BootCompletedReceiver}
05-04 09:37:10.941 7469 7639 I am_proc_bound: [0,9796,com.android.dynsystem]
05-04 09:37:10.943 7469 7639 D CompatibilityChangeReporter: Compat change id reported: 168419799; UID 1000; state: DISABLED
05-04 09:37:11.022 7469 7469 D CompanionDeviceManagerService: onDeviceConnected(address = F4:4E:FD:AD:96:65)
05-04 09:37:11.023 7469 7469 I CompanionDeviceManagerService: onDeviceNearby(justAppeared, address = F4:4E:FD:AD:96:65)
05-04 09:37:11.033 7469 7639 D CompatibilityChangeReporter: Compat change id reported: 135634846; UID 1000; state: DISABLED
05-04 09:37:11.033 7469 7639 D CompatibilityChangeReporter: Compat change id reported: 177438394; UID 1000; state: DISABLED
05-04 09:37:11.033 7469 7639 D CompatibilityChangeReporter: Compat change id reported: 135772972; UID 1000; state: DISABLED
05-04 09:37:11.033 7469 7639 D CompatibilityChangeReporter: Compat change id reported: 135754954; UID 1000; state: ENABLED
05-04 09:37:11.034 7469 8972 I am_uid_running: 10067
05-04 09:37:11.034 7469 8972 D CompatibilityChangeReporter: Compat change id reported: 135634846; UID 10067; state: DISABLED
05-04 09:37:11.034 7469 8972 D CompatibilityChangeReporter: Compat change id reported: 177438394; UID 10067; state: DISABLED
05-04 09:37:11.034 7469 8972 D CompatibilityChangeReporter: Compat change id reported: 135772972; UID 10067; state: DISABLED
05-04 09:37:11.034 7469 8972 D CompatibilityChangeReporter: Compat change id reported: 135754954; UID 10067; state: ENABLED
05-04 09:37:11.041 7469 7497 I am_proc_start: [0,9827,1000,com.android.dynsystem:dynsystem,service,{com.android.dynsystem/com.android.dynsystem.DynamicSystemInstallationService}]
05-04 09:37:11.041 7469 7497 I ActivityManager: Start proc 9827:com.android.dynsystem:dynsystem/1000 for service {com.android.dynsystem/com.android.dynsystem.DynamicSystemInstallationService}
05-04 09:37:11.041 7469 7497 D CompatibilityChangeReporter: Compat change id reported: 143937733; UID 10067; state: ENABLED
05-04 09:37:11.049 7469 7497 I am_proc_start: [0,9828,10067,com.android.inputmethod.latin,broadcast,{com.android.inputmethod.latin/com.android.inputmethod.latin.SystemBroadcastReceiver}]
05-04 09:37:11.049 7469 7497 I ActivityManager: Start proc 9828:com.android.inputmethod.latin/u0a67 for broadcast {com.android.inputmethod.latin/com.android.inputmethod.latin.SystemBroadcastReceiver}
05-04 09:37:11.058 0 0 I binder : 9828:9828 ioctl 40046210 7fed10e184 returned -22
05-04 09:37:11.059 0 0 I binder : 9827:9827 ioctl 40046210 7fed10e184 returned -22
05-04 09:37:11.061 7469 7567 I am_proc_bound: [0,9828,com.android.inputmethod.latin]
05-04 09:37:11.062 7469 7567 D CompatibilityChangeReporter: Compat change id reported: 168419799; UID 10067; state: DISABLED
05-04 09:37:11.062 7469 7567 I am_uid_active: 10067
05-04 09:37:11.064 7469 7639 I am_proc_bound: [0,9827,com.android.dynsystem:dynsystem]
05-04 09:37:11.130 7469 7631 I GameModeConfig: isGameModeOn = true
05-04 09:37:11.130 7469 7631 I GameModeConfig: isGaming = false
05-04 09:37:11.130 7469 7631 I GameModeConfig: isGameModeOn = true
05-04 09:37:11.130 7469 7631 I GameModeConfig: isGaming = false
05-04 09:37:11.130 7469 7631 I GameModeConfig: isGameModeOn = true
05-04 09:37:11.130 7469 7631 I GameModeConfig: isGaming = false
05-04 09:37:11.139 7469 7639 I DynamicSystemService: isInstalled(): false
05-04 09:37:11.172 8949 8949 E ActivityThread: Failed to find provider info for telephony
05-04 09:37:11.298 0 0 I binder : 9024:9732 ioctl 40046210 705c5b5ab4 returned -22
05-04 09:37:11.326 7469 7639 W ActivityManager: Background start not allowed: service Intent { cmp=com.tencent.android.qqdownloader/com.tencent.assistant.tools.ToolService } to com.tencent.android.qqdownloader/com.tencent.assistant.tools.ToolService from pid=8995 uid=10095 pkg=com.tencent.android.qqdownloader startFg?=false
05-04 09:37:11.348 7469 7495 I service_manager_slow: [10,companiondevice]
05-04 09:37:11.350 7469 7639 I ActivityManager: Process com.android.inputmethod.latin (pid 9828) has died: fg RCVR
05-04 09:37:11.351 7469 7639 I am_proc_died: [0,9828,com.android.inputmethod.latin,0,11]
05-04 09:37:11.351 7469 7639 I am_broadcast_discard_app: [0,52209836,android.intent.action.BOOT_COMPLETED,17,ResolveInfo{fae1610 com.android.inputmethod.latin/.SystemBroadcastReceiver m=0x108000}]
05-04 09:37:11.351 7469 7639 I am_uid_stopped: 10067
05-04 09:37:11.353 7469 7496 I am_uid_running: 10035
05-04 09:37:11.353 7469 7496 I ActivityManager: com.android.managedprovisioning is exempt from freezer
05-04 09:37:11.353 7469 7496 D CompatibilityChangeReporter: Compat change id reported: 135634846; UID 10035; state: DISABLED
05-04 09:37:11.354 7469 7496 D CompatibilityChangeReporter: Compat change id reported: 177438394; UID 10035; state: DISABLED
05-04 09:37:11.354 7469 7496 D CompatibilityChangeReporter: Compat change id reported: 135772972; UID 10035; state: DISABLED
05-04 09:37:11.354 7469 7496 D CompatibilityChangeReporter: Compat change id reported: 135754954; UID 10035; state: ENABLED
05-04 09:37:11.354 7469 7497 D CompatibilityChangeReporter: Compat change id reported: 143937733; UID 10035; state: ENABLED
05-04 09:37:11.373 0 0 I binder : 9889:9889 ioctl 40046210 7fed10e184 returned -22
05-04 09:37:11.362 7469 7497 I am_proc_start: [0,9889,10035,com.android.managedprovisioning,broadcast,{com.android.managedprovisioning/com.android.managedprovisioning.BootReminder}]
05-04 09:37:11.362 7469 7497 I ActivityManager: Start proc 9889:com.android.managedprovisioning/u0a35 for broadcast {com.android.managedprovisioning/com.android.managedprovisioning.BootReminder}
05-04 09:37:11.375 7469 7639 I am_proc_bound: [0,9889,com.android.managedprovisioning]
05-04 09:37:11.377 7469 7639 D CompatibilityChangeReporter: Compat change id reported: 168419799; UID 10035; state: DISABLED
05-04 09:37:11.378 7469 7639 I am_uid_active: 10035
05-04 09:37:11.470 7469 7469 I Telecom : BluetoothStateReceiver: Device F4:4E:FD:AD:96:65 is now the preferred BT device for HFP: BSR.oR@ABI
05-04 09:37:11.470 7469 7469 I Telecom : BluetoothStateReceiver: Device F4:4E:FD:AD:96:65 changed state to 2: BSR.oR@ABM
05-04 09:37:11.470 7469 8442 I Telecom : CallAudioRouteStateMachine: Message received: BT_ACTIVE_DEVICE_PRESENT=8, arg1=0: BSR.oR->CARSM.pM_BT_ACTIVE_DEVICE_PRESENT@ABI
05-04 09:37:11.470 7469 8442 I Telecom : QuiescentEarpieceRoute: Processing message BT_ACTIVE_DEVICE_PRESENT: BSR.oR->CARSM.pM_BT_ACTIVE_DEVICE_PRESENT@ABI
05-04 09:37:11.470 7469 8442 I Telecom : Logging.Events: Non-call EVENT: AUDIO_ROUTE, Bluetooth active device present: BSR.oR->CARSM.pM_BT_ACTIVE_DEVICE_PRESENT@ABI
05-04 09:37:11.470 7469 8442 I Telecom : CallAudioRouteStateMachine: Message received: SWITCH_BLUETOOTH=1002, arg1=0: BSR.oR->CARSM.pM_BT_ACTIVE_DEVICE_PRESENT->CARSM.pM_SWITCH_BLUETOOTH@ABI
05-04 09:37:11.470 7469 8442 I Telecom : QuiescentEarpieceRoute: Processing message SWITCH_BLUETOOTH: BSR.oR->CARSM.pM_BT_ACTIVE_DEVICE_PRESENT->CARSM.pM_SWITCH_BLUETOOTH@ABI
05-04 09:37:11.470 7469 8442 W Telecom : QuiescentEarpieceRoute: Ignoring switch to bluetooth command. Not available.: BSR.oR->CARSM.pM_BT_ACTIVE_DEVICE_PRESENT->CARSM.pM_SWITCH_BLUETOOTH@ABI
05-04 09:37:11.471 7469 8442 I Telecom : CallAudioRouteStateMachine: Message received: BLUETOOTH_DEVICE_LIST_CHANGED=7, arg1=0: BSR.oR->CARSM.pM_BLUETOOTH_DEVICE_LIST_CHANGED@ABM
05-04 09:37:11.471 7469 8442 I Telecom : QuiescentEarpieceRoute: Processing message BLUETOOTH_DEVICE_LIST_CHANGED: BSR.oR->CARSM.pM_BLUETOOTH_DEVICE_LIST_CHANGED@ABM
05-04 09:37:11.471 7469 8442 I Telecom : Logging.Events: Non-call EVENT: AUDIO_ROUTE, Bluetooth device list changed: BSR.oR->CARSM.pM_BLUETOOTH_DEVICE_LIST_CHANGED@ABM
05-04 09:37:11.471 7469 8434 I Telecom : BluetoothRouteManager: Message received: NEW_DEVICE_CONNECTED.: BSR.oR->BRM.pM_1@ABM
05-04 09:37:11.472 7469 7469 I Telecom : WiredHeadsetManager: ACTION_HEADSET_PLUG event, plugged in: false, : WHC.oADA@ABQ
05-04 09:37:11.501 7469 8302 D CompatibilityChangeReporter: Compat change id reported: 168419799; UID 10018; state: DISABLED
05-04 09:37:11.502 7469 7639 I am_uid_running: 10082
05-04 09:37:11.503 7469 7639 D CompatibilityChangeReporter: Compat change id reported: 135634846; UID 10082; state: DISABLED
05-04 09:37:11.503 7469 7639 D CompatibilityChangeReporter: Compat change id reported: 177438394; UID 10082; state: DISABLED
05-04 09:37:11.503 7469 7639 D CompatibilityChangeReporter: Compat change id reported: 135772972; UID 10082; state: DISABLED
05-04 09:37:11.503 7469 7639 D CompatibilityChangeReporter: Compat change id reported: 135754954; UID 10082; state: ENABLED
05-04 09:37:11.503 7469 7497 D CompatibilityChangeReporter: Compat change id reported: 143937733; UID 10082; state: ENABLED
05-04 09:37:11.511 7469 7497 I am_proc_start: [0,9941,10082,com.android.music,broadcast,{com.android.music/com.android.music.MediaPlaybackReceiver}]
05-04 09:37:11.511 7469 7497 I ActivityManager: Start proc 9941:com.android.music/u0a82 for broadcast {com.android.music/com.android.music.MediaPlaybackReceiver}
05-04 09:37:11.531 7469 7639 I am_proc_bound: [0,9941,com.android.music]
05-04 09:37:11.528 0 0 I binder : 9941:9941 ioctl 40046210 7fed10e184 returned -22
05-04 09:37:11.533 7469 7639 D CompatibilityChangeReporter: Compat change id reported: 168419799; UID 10082; state: DISABLED
05-04 09:37:11.534 7469 7639 I am_uid_active: 10082
05-04 09:37:11.585 7469 7488 I commit_sys_config_file: [notification-policy,7082]
05-04 09:37:11.592 7469 8978 I am_uid_running: 10060
05-04 09:37:11.593 7469 8978 D CompatibilityChangeReporter: Compat change id reported: 135634846; UID 10060; state: DISABLED
05-04 09:37:11.593 7469 8978 D CompatibilityChangeReporter: Compat change id reported: 177438394; UID 10060; state: DISABLED
05-04 09:37:11.593 7469 8978 D CompatibilityChangeReporter: Compat change id reported: 135772972; UID 10060; state: DISABLED
05-04 09:37:11.593 7469 8978 D CompatibilityChangeReporter: Compat change id reported: 135754954; UID 10060; state: ENABLED
05-04 09:37:11.593 7469 7497 D CompatibilityChangeReporter: Compat change id reported: 143937733; UID 10060; state: ENABLED
05-04 09:37:11.604 7469 7497 I am_proc_start: [0,9959,10060,com.android.onetimeinitializer,broadcast,{com.android.onetimeinitializer/com.android.onetimeinitializer.OneTimeInitializerReceiver}]
05-04 09:37:11.604 7469 7497 I ActivityManager: Start proc 9959:com.android.onetimeinitializer/u0a60 for broadcast {com.android.onetimeinitializer/com.android.onetimeinitializer.OneTimeInitializerReceiver}
05-04 09:37:11.613 0 0 I binder : 9959:9959 ioctl 40046210 7fed10e184 returned -22
05-04 09:37:11.616 7469 8978 I am_proc_bound: [0,9959,com.android.onetimeinitializer]
05-04 09:37:11.619 7469 8978 D CompatibilityChangeReporter: Compat change id reported: 168419799; UID 10060; state: DISABLED
05-04 09:37:11.620 7469 8978 I am_uid_active: 10060
05-04 09:37:11.658 7469 8302 I am_uid_running: 10032
05-04 09:37:11.658 7469 8302 I ActivityManager: com.android.packageinstaller is exempt from freezer
05-04 09:37:11.658 7469 8302 D CompatibilityChangeReporter: Compat change id reported: 135634846; UID 10032; state: DISABLED
05-04 09:37:11.658 7469 8302 D CompatibilityChangeReporter: Compat change id reported: 177438394; UID 10032; state: DISABLED
05-04 09:37:11.658 7469 8302 D CompatibilityChangeReporter: Compat change id reported: 135772972; UID 10032; state: DISABLED
05-04 09:37:11.658 7469 8302 D CompatibilityChangeReporter: Compat change id reported: 135754954; UID 10032; state: ENABLED
05-04 09:37:11.658 7469 7497 D CompatibilityChangeReporter: Compat change id reported: 143937733; UID 10032; state: ENABLED
05-04 09:37:11.669 7469 7497 I am_proc_start: [0,9977,10032,com.android.packageinstaller,broadcast,{com.android.packageinstaller/com.android.packageinstaller.TemporaryFileManager}]
05-04 09:37:11.669 7469 7497 I ActivityManager: Start proc 9977:com.android.packageinstaller/u0a32 for broadcast {com.android.packageinstaller/com.android.packageinstaller.TemporaryFileManager}
05-04 09:37:11.679 0 0 I binder : 9977:9977 ioctl 40046210 7fed10e184 returned -22
05-04 09:37:11.689 7469 8978 I am_proc_bound: [0,9977,com.android.packageinstaller]
05-04 09:37:11.696 7469 8978 D CompatibilityChangeReporter: Compat change id reported: 168419799; UID 10032; state: DISABLED
05-04 09:37:11.697 7469 8978 I am_uid_active: 10032
05-04 09:37:11.740 7469 7639 I am_uid_running: 10091
05-04 09:37:11.740 7469 7639 D CompatibilityChangeReporter: Compat change id reported: 135634846; UID 10091; state: DISABLED
05-04 09:37:11.740 7469 7639 D CompatibilityChangeReporter: Compat change id reported: 177438394; UID 10091; state: DISABLED
05-04 09:37:11.741 7469 7639 D CompatibilityChangeReporter: Compat change id reported: 135772972; UID 10091; state: DISABLED
05-04 09:37:11.741 7469 7639 D CompatibilityChangeReporter: Compat change id reported: 135754954; UID 10091; state: DISABLED
05-04 09:37:11.741 7469 7497 D CompatibilityChangeReporter: Compat change id reported: 143937733; UID 10091; state: DISABLED
05-04 09:37:11.752 7469 7497 I am_proc_start: [0,9993,10091,com.android.permissioncontroller,broadcast,{com.android.permissioncontroller/com.android.permissioncontroller.permission.service.LocationAccessCheck$SetupPeriodicBackgroundLocationAccessCheck}]
05-04 09:37:11.752 7469 7497 I ActivityManager: Start proc 9993:com.android.permissioncontroller/u0a91 for broadcast {com.android.permissioncontroller/com.android.permissioncontroller.permission.service.LocationAccessCheck$SetupPeriodicBackgroundLocationAccessCheck}
05-04 09:37:11.760 0 0 I binder : 9993:9993 ioctl 40046210 7fed10e184 returned -22
05-04 09:37:11.763 7469 8978 I am_proc_bound: [0,9993,com.android.permissioncontroller]
05-04 09:37:11.764 7469 8978 D CompatibilityChangeReporter: Compat change id reported: 168419799; UID 10091; state: DISABLED
05-04 09:37:11.765 7469 8978 I am_uid_active: 10091
05-04 09:37:11.832 9253 9253 I auditd : type=1400 audit(0.0:10503): avc: granted { nlmsg_readpriv } for comm="halley_2800_Tem" scontext=u:r:untrusted_app_27:s0:c512,c768 tcontext=u:r:untrusted_app_27:s0:c512,c768 tclass=netlink_route_socket app=com.tencent.android.qqdownloader
05-04 09:37:11.860 0 0 E link_delay_work_func: DTC_ETH: SQI=0, link=0
05-04 09:37:11.861 7469 7639 W ActivityManager: Receiver with filter android.content.IntentFilter@39755f6 already registered for pid 9024, callerPackage is com.baidu.input
05-04 09:37:11.864 9253 9253 I auditd : type=1400 audit(0.0:10504): avc: denied { read } for comm="pool-15-thread-" name="version" dev="proc" ino=4026532247 scontext=u:r:untrusted_app_27:s0:c512,c768 tcontext=u:object_r:proc_version:s0 tclass=file permissive=1 app=com.tencent.android.qqdownloader
05-04 09:37:11.864 9253 9253 I auditd : type=1400 audit(0.0:10505): avc: denied { open } for comm="pool-15-thread-" path="/proc/version" dev="proc" ino=4026532247 scontext=u:r:untrusted_app_27:s0:c512,c768 tcontext=u:object_r:proc_version:s0 tclass=file permissive=1 app=com.tencent.android.qqdownloader
05-04 09:37:11.864 9253 9253 I auditd : type=1400 audit(0.0:10506): avc: denied { getattr } for comm="pool-15-thread-" path="/proc/version" dev="proc" ino=4026532247 scontext=u:r:untrusted_app_27:s0:c512,c768 tcontext=u:object_r:proc_version:s0 tclass=file permissive=1 app=com.tencent.android.qqdownloader
05-04 09:37:11.880 7469 8978 I am_uid_running: 10034
05-04 09:37:11.880 7469 8978 D CompatibilityChangeReporter: Compat change id reported: 135634846; UID 10034; state: DISABLED
05-04 09:37:11.880 7469 8978 D CompatibilityChangeReporter: Compat change id reported: 177438394; UID 10034; state: DISABLED
05-04 09:37:11.880 7469 8978 D CompatibilityChangeReporter: Compat change id reported: 135772972; UID 10034; state: DISABLED
05-04 09:37:11.880 7469 8978 D CompatibilityChangeReporter: Compat change id reported: 135754954; UID 10034; state: ENABLED
05-04 09:37:11.880 7469 7497 D CompatibilityChangeReporter: Compat change id reported: 143937733; UID 10034; state: ENABLED
05-04 09:37:11.889 7469 7497 I am_proc_start: [0,10015,10034,com.android.providers.calendar,broadcast,{com.android.providers.calendar/com.android.providers.calendar.CalendarReceiver}]
05-04 09:37:11.889 7469 7497 I ActivityManager: Start proc 10015:com.android.providers.calendar/u0a34 for broadcast {com.android.providers.calendar/com.android.providers.calendar.CalendarReceiver}
05-04 09:37:11.901 0 0 I binder : 10015:10015 ioctl 40046210 7fed10e184 returned -22
05-04 09:37:11.896 9253 9253 I auditd : type=1400 audit(0.0:10507): avc: denied { read } for comm="pool-15-thread-" name="version" dev="proc" ino=4026532247 scontext=u:r:untrusted_app_27:s0:c512,c768 tcontext=u:object_r:proc_version:s0 tclass=file permissive=1 app=com.tencent.android.qqdownloader
05-04 09:37:11.902 0 0 W audit : audit_lost=10266 audit_rate_limit=5 audit_backlog_limit=64
05-04 09:37:11.902 0 0 E audit : rate limit exceeded
05-04 09:37:11.906 7469 8302 I am_proc_bound: [0,10015,com.android.providers.calendar]
05-04 09:37:11.908 7469 8302 D CompatibilityChangeReporter: Compat change id reported: 168419799; UID 10034; state: DISABLED
05-04 09:37:11.909 7469 8302 I am_uid_active: 10034
05-04 09:37:11.934 7469 7469 I Telecom : WiredHeadsetManager: ACTION_HEADSET_PLUG event, plugged in: false, : WHC.oADA@ABU
05-04 09:37:11.937 7469 8302 I stream_devices_changed: [3,2,128]
05-04 09:37:11.961 7469 7636 I stream_devices_changed: [6,1,128]
05-04 09:37:11.983 7469 8972 D CompatibilityChangeReporter: Compat change id reported: 171306433; UID 10034; state: ENABLED
05-04 09:37:11.996 7469 8302 D CompatibilityChangeReporter: Compat change id reported: 168419799; UID 10092; state: DISABLED
05-04 09:37:11.998 7469 8302 D CompatibilityChangeReporter: Compat change id reported: 168419799; UID 1000; state: DISABLED
05-04 09:37:12.018 7469 8972 D CompatibilityChangeReporter: Compat change id reported: 143231523; UID 10034; state: DISABLED
05-04 09:37:12.058 7469 8302 I am_uid_running: 2000
05-04 09:37:12.058 7469 8302 I ActivityManager: com.android.shell is exempt from freezer
05-04 09:37:12.058 7469 8302 D CompatibilityChangeReporter: Compat change id reported: 135634846; UID 2000; state: DISABLED
05-04 09:37:12.058 7469 8302 D CompatibilityChangeReporter: Compat change id reported: 177438394; UID 2000; state: DISABLED
05-04 09:37:12.058 7469 8302 D CompatibilityChangeReporter: Compat change id reported: 135772972; UID 2000; state: DISABLED
05-04 09:37:12.058 7469 8302 D CompatibilityChangeReporter: Compat change id reported: 135754954; UID 2000; state: ENABLED
05-04 09:37:12.067 7469 7497 I am_proc_start: [0,10051,2000,com.android.shell,broadcast,{com.android.shell/com.android.shell.HeapDumpReceiver}]
05-04 09:37:12.067 7469 7497 I ActivityManager: Start proc 10051:com.android.shell/2000 for broadcast {com.android.shell/com.android.shell.HeapDumpReceiver}
05-04 09:37:12.076 0 0 I binder : 10051:10051 ioctl 40046210 7fed10e184 returned -22
05-04 09:37:12.079 7469 8978 I am_proc_bound: [0,10051,com.android.shell]
05-04 09:37:12.081 7469 8978 D CompatibilityChangeReporter: Compat change id reported: 168419799; UID 2000; state: DISABLED
05-04 09:37:12.082 7469 8978 I am_uid_active: 2000
05-04 09:37:12.136 7469 7891 W BroadcastQueue: Permission Denial: receiving Intent { act=android.intent.action.BOOT_COMPLETED flg=0x89000010 (has extras) } to com.baidu.input/.directboot.DirectBootReceiver requires android.permission.RECEIVE_BOOT_COMPLETED due to sender null (uid 1000)
05-04 09:37:12.137 7469 7496 W BroadcastQueue: Permission Denial: receiving Intent { act=android.intent.action.BOOT_COMPLETED flg=0x89000010 (has extras) } to com.baidu.input/.switchguide.InputMethodChangedReceiver requires android.permission.RECEIVE_BOOT_COMPLETED due to sender null (uid 1000)
05-04 09:37:12.139 7469 7496 D CompatibilityChangeReporter: Compat change id reported: 168419799; UID 10084; state: DISABLED
05-04 09:37:12.146 8717 8717 W ContextImpl: Calling a method in the system process without a qualified user: android.app.ContextImpl.startService:1816 android.content.ContextWrapper.startService:774 com.hryt.hiphishowfsecontrol.mce_app.broadcasts.FseReceiver.onReceive:49 android.app.ActivityThread.handleReceiver:4309 android.app.ActivityThread.access$1600:248
05-04 09:37:12.149 7469 8972 I am_uid_running: 10073
05-04 09:37:12.149 7469 8972 D CompatibilityChangeReporter: Compat change id reported: 135634846; UID 10073; state: DISABLED
05-04 09:37:12.149 7469 8972 D CompatibilityChangeReporter: Compat change id reported: 177438394; UID 10073; state: DISABLED
05-04 09:37:12.149 7469 8972 D CompatibilityChangeReporter: Compat change id reported: 135772972; UID 10073; state: DISABLED
05-04 09:37:12.150 7469 8972 D CompatibilityChangeReporter: Compat change id reported: 135754954; UID 10073; state: ENABLED
05-04 09:37:12.150 7469 7497 D CompatibilityChangeReporter: Compat change id reported: 143937733; UID 10073; state: ENABLED
05-04 09:37:12.153 7469 7567 D CompatibilityChangeReporter: Compat change id reported: 149924527; UID 10084; state: ENABLED
05-04 09:37:12.153 7469 7567 D CompatibilityChangeReporter: Compat change id reported: 132649864; UID 10084; state: DISABLED
05-04 09:37:12.158 7469 7497 I am_proc_start: [0,10069,10073,com.qti.ltebc,broadcast,{com.qti.ltebc/com.qualcomm.ltebc.LTEBroadcastBootReceiver}]
05-04 09:37:12.159 7469 7497 I ActivityManager: Start proc 10069:com.qti.ltebc/u0a73 for broadcast {com.qti.ltebc/com.qualcomm.ltebc.LTEBroadcastBootReceiver}
05-04 09:37:12.173 0 0 I binder : 10069:10069 ioctl 40046210 7fed10e184 returned -22
05-04 09:37:12.176 7469 7483 I am_proc_bound: [0,10069,com.qti.ltebc]
05-04 09:37:12.177 7469 7483 D CompatibilityChangeReporter: Compat change id reported: 168419799; UID 10073; state: DISABLED
05-04 09:37:12.178 7469 7483 I am_uid_active: 10073
05-04 09:37:12.231 7469 7587 I commit_sys_config_file: [settings-0-0,3]
05-04 09:37:12.328 8674 10097 E ActivityThread: Failed to find provider info for com.tcl.xian.StartandroidService.MyContentProvider
05-04 09:37:12.495 7469 8972 W ActivityManager: Background start not allowed: service Intent { cmp=com.tencent.android.qqdownloader/com.live.sync.YYBLiveAuthService } to com.tencent.android.qqdownloader/com.live.sync.YYBLiveAuthService from pid=9253 uid=10095 pkg=com.tencent.android.qqdownloader startFg?=false
05-04 09:37:12.550 7469 8978 D CompatibilityChangeReporter: Compat change id reported: 168419799; UID 10055; state: DISABLED
05-04 09:37:12.554 7469 8978 D CompatibilityChangeReporter: Compat change id reported: 168419799; UID 10086; state: DISABLED
05-04 09:37:12.556 7469 8978 D CompatibilityChangeReporter: Compat change id reported: 168419799; UID 10070; state: DISABLED
05-04 09:37:12.562 7469 7673 D CompatibilityChangeReporter: Compat change id reported: 168419799; UID 10071; state: DISABLED
05-04 09:37:12.564 7469 7673 D CompatibilityChangeReporter: Compat change id reported: 168419799; UID 10085; state: DISABLED
05-04 09:37:12.567 7469 7673 D CompatibilityChangeReporter: Compat change id reported: 171306433; UID 10073; state: ENABLED
05-04 09:37:12.567 7469 8972 D CompatibilityChangeReporter: Compat change id reported: 168419799; UID 10083; state: DISABLED
05-04 09:37:12.569 7469 7673 I am_uid_running: 10058
05-04 09:37:12.570 7469 7673 D CompatibilityChangeReporter: Compat change id reported: 135634846; UID 10058; state: DISABLED
05-04 09:37:12.570 7469 7497 D CompatibilityChangeReporter: Compat change id reported: 143937733; UID 10058; state: DISABLED
05-04 09:37:12.576 7469 7497 I am_proc_start: [0,10211,10058,com.qualcomm.qti.qms.service.connectionsecurity,broadcast,{com.qualcomm.qti.qms.service.connectionsecurity/com.qualcomm.qti.qms.service.connectionsecurity.ConnSecBroadcastReceiver}]
05-04 09:37:12.576 7469 7497 I ActivityManager: Start proc 10211:com.qualcomm.qti.qms.service.connectionsecurity/u0a58 for broadcast {com.qualcomm.qti.qms.service.connectionsecurity/com.qualcomm.qti.qms.service.connectionsecurity.ConnSecBroadcastReceiver}
05-04 09:37:12.584 0 0 I binder : 10211:10211 ioctl 40046210 fff504f8 returned -22
05-04 09:37:12.587 7469 8972 I am_proc_bound: [0,10211,com.qualcomm.qti.qms.service.connectionsecurity]
05-04 09:37:12.590 7469 8972 D CompatibilityChangeReporter: Compat change id reported: 168419799; UID 10058; state: DISABLED
05-04 09:37:12.591 7469 8972 I am_uid_active: 10058
05-04 09:37:12.624 7469 8414 I ActivityManager: Process com.qti.ltebc (pid 10069) has died: cch+5 CEM
05-04 09:37:12.625 7469 8414 I am_proc_died: [0,10069,com.qti.ltebc,905,19]
05-04 09:37:12.625 7469 8414 I am_uid_stopped: 10073
05-04 09:37:12.643 7469 7673 D CompatibilityChangeReporter: Compat change id reported: 168419799; UID 10080; state: DISABLED
05-04 09:37:12.646 7469 7673 D CompatibilityChangeReporter: Compat change id reported: 168419799; UID 10087; state: DISABLED
05-04 09:37:12.644 0 0 I binder : 8786:8786 ioctl 40046210 7fed10d834 returned -22
05-04 09:37:12.688 7897 7897 W ContextImpl: Calling a method in the system process without a qualified user: android.app.ContextImpl.startService:1816 android.content.ContextWrapper.startService:774 com.thundercomm.gamemode.ingame.services.GameModeActionUtils.startGameModeService:118 com.thundercomm.gamemode.ingame.services.GameModeActionUtils.startGameModeEntry:29 com.thundercomm.gamemode.ingame.services.ActivityMonitoringService$1.onActivityLaunch:140
05-04 09:37:12.690 7469 8978 I am_uid_running: 10098
05-04 09:37:12.690 7469 7469 I GameModeConfig: Current uri is uri = content://com.thundercomm.gamemode.api/gamemode_settings/gamemode_isgaming
05-04 09:37:12.690 7469 8978 D CompatibilityChangeReporter: Compat change id reported: 135634846; UID 10098; state: DISABLED
05-04 09:37:12.690 7469 8978 D CompatibilityChangeReporter: Compat change id reported: 177438394; UID 10098; state: DISABLED
05-04 09:37:12.690 7469 8978 D CompatibilityChangeReporter: Compat change id reported: 135772972; UID 10098; state: DISABLED
05-04 09:37:12.690 7469 7497 D CompatibilityChangeReporter: Compat change id reported: 143937733; UID 10098; state: DISABLED
05-04 09:37:12.692 7469 7469 I GameModeConfig: isGameModeOn = true
05-04 09:37:12.692 7469 7469 I GameModeConfig: isGaming = false
05-04 09:37:12.692 7469 7469 I GameModeConfig: isGameModeOn = true
05-04 09:37:12.692 7469 7469 I GameModeConfig: isGaming = false
05-04 09:37:12.692 7469 7469 I GameModeConfig: isDisableVoice = false
05-04 09:37:12.692 0 0 I binder : 7897:7897 ioctl 40046210 7fed10ccc4 returned -22
05-04 09:37:12.703 7469 7497 I am_proc_start: [0,10245,10098,com.tencent.mm:push,broadcast,{com.tencent.mm/com.tencent.mm.booter.MMReceivers$BootReceiver}]
05-04 09:37:12.703 7469 7497 I ActivityManager: Start proc 10245:com.tencent.mm:push/u0a98 for broadcast {com.tencent.mm/com.tencent.mm.booter.MMReceivers$BootReceiver}
05-04 09:37:12.721 0 0 I binder : 10245:10245 ioctl 40046210 7fed10e184 returned -22
05-04 09:37:12.725 7469 8414 I am_proc_bound: [0,10245,com.tencent.mm:push]
05-04 09:37:12.726 7469 8414 D CompatibilityChangeReporter: Compat change id reported: 168419799; UID 10098; state: DISABLED
05-04 09:37:12.727 7469 8414 I am_uid_active: 10098
05-04 09:37:13.032 7469 7599 I input_interaction: Interaction with: 6bdf8e7 com.android.launcher3/com.android.launcher3.uioverrides.QuickstepLauncher (server), 1c67855 com.android.systemui.ImageWallpaper (server), edge-swipe (server), swipe-up (server), PointerEventDispatcher0 (server),
05-04 09:37:13.033 7689 7689 D ViewRootImpl[NavigationBar0]: updatePointerIcon called with position out of bounds
05-04 09:37:13.052 10245 10245 I auditd : type=1400 audit(0.0:10512): avc: granted { execute } for comm="tencent.mm:push" path="/data/user/0/com.tencent.mm/tinker/patch-13ff42e7/lib/lib/arm64-v8a/libwechatxlog.so" dev="dm-10" ino=94450 scontext=u:r:untrusted_app_29:s0:c98,c256,c512,c768 tcontext=u:object_r:app_data_file:s0:c98,c256,c512,c768 tclass=file app=com.tencent.mm
05-04 09:37:13.060 10245 10245 I auditd : type=1400 audit(0.0:10513): avc: denied { read } for comm="tencent.mm:push" name="anr" dev="dm-10" ino=22 scontext=u:r:untrusted_app_29:s0:c98,c256,c512,c768 tcontext=u:object_r:anr_data_file:s0 tclass=dir permissive=1 app=com.tencent.mm
05-04 09:37:13.076 10245 10245 I auditd : type=1400 audit(0.0:10514): avc: granted { execute } for comm="tencent.mm:push" path="/data/user/0/com.tencent.mm/tinker/patch-13ff42e7/lib/lib/arm64-v8a/libwechatbacktrace.so" dev="dm-10" ino=91518 scontext=u:r:untrusted_app_29:s0:c98,c256,c512,c768 tcontext=u:object_r:app_data_file:s0:c98,c256,c512,c768 tclass=file app=com.tencent.mm
05-04 09:37:13.076 10245 10245 I auditd : type=1400 audit(0.0:10515): avc: granted { execute } for comm="tencent.mm:push" path="/data/user/0/com.tencent.mm/tinker/patch-13ff42e7/lib/lib/arm64-v8a/libtrace-canary.so" dev="dm-10" ino=86067 scontext=u:r:untrusted_app_29:s0:c98,c256,c512,c768 tcontext=u:object_r:app_data_file:s0:c98,c256,c512,c768 tclass=file app=com.tencent.mm
05-04 09:37:13.135 7469 7599 I input_interaction: Interaction with: 6bdf8e7 com.android.launcher3/com.android.launcher3.uioverrides.QuickstepLauncher (server), PointerEventDispatcher0 (server),
05-04 09:37:13.135 7469 7469 I service_manager_stats: [132,106,5071]
05-04 09:37:13.159 7469 8972 I thunderperf: PlatormCompat.setOverrides: Uid1=10078 Pid1=8329 Uid2=10078 Pid2=8329
05-04 09:37:13.159 7469 8972 I thunderperf: PlatormCompat.setOverrides: needCheck:false
05-04 09:37:13.159 7469 8972 I thunderperf: CompatConfig.addOverrideUnsafe: bef-state=0
05-04 09:37:13.159 7469 8972 I thunderperf: CompatConfig.addOverrideUnsafe: aft-state=0
05-04 09:37:13.160 7469 8972 I thunderperf: CompatConfig.addOverrideUnsafe: bef-state=0
05-04 09:37:13.160 7469 8972 I thunderperf: CompatConfig.addOverrideUnsafe: aft-state=0
05-04 09:37:13.160 7469 8972 I thunderperf: CompatConfig.addOverrideUnsafe: bef-state=0
05-04 09:37:13.160 7469 8972 I thunderperf: CompatConfig.addOverrideUnsafe: aft-state=0
05-04 09:37:13.160 7469 8972 I thunderperf: CompatConfig.addOverrideUnsafe: bef-state=0
05-04 09:37:13.160 7469 8972 I thunderperf: CompatConfig.addOverrideUnsafe: aft-state=0
05-04 09:37:13.160 7469 8972 I thunderperf: CompatConfig.addOverrideUnsafe: bef-state=0
05-04 09:37:13.160 7469 8972 I thunderperf: CompatConfig.addOverrideUnsafe: aft-state=0
05-04 09:37:13.161 7469 8972 I thunderperf: CompatConfig.addOverrideUnsafe: bef-state=0
05-04 09:37:13.161 7469 8972 I thunderperf: CompatConfig.addOverrideUnsafe: aft-state=0
05-04 09:37:13.161 7469 8972 I thunderperf: CompatConfig.addOverrideUnsafe: bef-state=0
05-04 09:37:13.161 7469 8972 I thunderperf: CompatConfig.addOverrideUnsafe: aft-state=0
05-04 09:37:13.161 7469 8972 I thunderperf: CompatConfig.addOverrideUnsafe: bef-state=0
05-04 09:37:13.161 7469 8972 I thunderperf: CompatConfig.addOverrideUnsafe: aft-state=0
05-04 09:37:13.161 7469 8972 I thunderperf: CompatConfig.addOverrideUnsafe: bef-state=0
05-04 09:37:13.161 7469 8972 I thunderperf: CompatConfig.addOverrideUnsafe: aft-state=0
05-04 09:37:13.161 7469 8972 I thunderperf: CompatConfig.addOverrideUnsafe: bef-state=0
05-04 09:37:13.161 7469 8972 I thunderperf: CompatConfig.addOverrideUnsafe: aft-state=0
05-04 09:37:13.162 7469 8972 I thunderperf: CompatConfig.addOverrideUnsafe: bef-state=0
05-04 09:37:13.162 7469 8972 I thunderperf: CompatConfig.addOverrideUnsafe: aft-state=0
05-04 09:37:13.162 7469 8972 I thunderperf: CompatConfig.addOverrideUnsafe: bef-state=0
05-04 09:37:13.162 7469 8972 I thunderperf: CompatConfig.addOverrideUnsafe: aft-state=0
05-04 09:37:13.162 7469 8972 I thunderperf: CompatConfig.addOverrideUnsafe: bef-state=0
05-04 09:37:13.162 7469 8972 I thunderperf: CompatConfig.addOverrideUnsafe: aft-state=0
05-04 09:37:13.162 7469 8972 I thunderperf: CompatConfig.addOverrideUnsafe: bef-state=0
05-04 09:37:13.162 7469 8972 I thunderperf: CompatConfig.addOverrideUnsafe: aft-state=0
05-04 09:37:13.165 7469 8978 D CompatibilityChangeReporter: Compat change id reported: 149924527; UID 10098; state: ENABLED
05-04 09:37:13.166 7469 8978 D CompatibilityChangeReporter: Compat change id reported: 132649864; UID 10098; state: DISABLED
05-04 09:37:13.166 7469 8972 I ActivityTaskManager: START u0 {act=android.intent.action.MAIN cat=[android.intent.category.LAUNCHER] flg=0x10200000 cmp=com.tencent.mm/.ui.LauncherUI} from uid 10078
05-04 09:37:13.164 866 866 I auditd : type=1400 audit(0.0:10516): avc: denied { add_name } for comm="perf@2.2-servic" name="cpu_max_freq" scontext=u:r:vendor_hal_perf_default:s0 tcontext=u:object_r:vendor_sysfs_msm_perf:s0 tclass=dir permissive=1
05-04 09:37:13.171 7469 8972 I wm_task_created: [280,-1]
05-04 09:37:13.170 0 0 W audit : audit_lost=10270 audit_rate_limit=5 audit_backlog_limit=64
05-04 09:37:13.171 7469 8972 W ActivityTaskManager: Can't find TaskDisplayArea to determine support for multi window. Task id=280 attached=false
05-04 09:37:13.170 0 0 E audit : rate limit exceeded
05-04 09:37:13.172 7469 8972 D FreeFormWindowHelper: Add freeform task=Task{f5bfb57 #280 type=standard ?? U=0 visible=false mode=freeform translucent=true sz=0}
05-04 09:37:13.173 7469 8972 D CompatibilityChangeReporter: Compat change id reported: 174042980; UID 10098; state: DISABLED
05-04 09:37:13.174 7469 8972 D CompatibilityChangeReporter: Compat change id reported: 184838306; UID 10098; state: DISABLED
05-04 09:37:13.174 7469 8972 D CompatibilityChangeReporter: Compat change id reported: 185004937; UID 10098; state: DISABLED
05-04 09:37:13.174 7469 8972 D CompatibilityChangeReporter: Compat change id reported: 181136395; UID 10098; state: DISABLED
05-04 09:37:13.174 7469 8972 D CompatibilityChangeReporter: Compat change id reported: 174042936; UID 10098; state: DISABLED
05-04 09:37:13.175 7469 8972 I wm_task_moved: [280,1,6]
05-04 09:37:13.175 7469 8972 I wm_task_to_front: [0,280]
05-04 09:37:13.175 7469 8972 I wm_create_task: [0,280]
05-04 09:37:13.175 7469 8972 I wm_create_activity: [0,152813666,280,com.tencent.mm/.ui.LauncherUI,android.intent.action.MAIN,NULL,NULL,270532608]
05-04 09:37:13.176 7469 8972 I wm_task_moved: [280,1,6]
05-04 09:37:13.176 7469 8972 D CompatibilityChangeReporter: Compat change id reported: 168419799; UID 10098; state: DISABLED
05-04 09:37:13.176 7469 8972 V SplashScreenExceptionList: SplashScreen checking exception for package com.tencent.mm (target sdk:29) -> false
05-04 09:37:13.177 7469 8972 I ActivityTaskManager: FOREGROUND_APPLICATION_CHANGED to com.tencent.mm.ui.LauncherUI
05-04 09:37:13.179 8329 8329 I wm_on_top_resumed_lost_called: [47263184,com.android.launcher3.uioverrides.QuickstepLauncher,topStateChangedWhenResumed]
05-04 09:37:13.180 7469 7489 D CompatibilityChangeReporter: Compat change id reported: 135634846; UID 10098; state: DISABLED
05-04 09:37:13.180 7469 7489 D CompatibilityChangeReporter: Compat change id reported: 177438394; UID 10098; state: DISABLED
05-04 09:37:13.180 7469 7489 D CompatibilityChangeReporter: Compat change id reported: 135772972; UID 10098; state: DISABLED
05-04 09:37:13.180 7469 7497 D CompatibilityChangeReporter: Compat change id reported: 143937733; UID 10098; state: DISABLED
05-04 09:37:13.188 7469 7497 I am_proc_start: [0,10296,10098,com.tencent.mm,top-activity,{com.tencent.mm/com.tencent.mm.ui.LauncherUI}]
05-04 09:37:13.188 7469 7497 I ActivityManager: Start proc 10296:com.tencent.mm/u0a98 for top-activity {com.tencent.mm/com.tencent.mm.ui.LauncherUI}
05-04 09:37:13.198 0 0 I binder : 10296:10296 ioctl 40046210 7fed10e184 returned -22
05-04 09:37:13.208 7469 8972 I am_proc_bound: [0,10296,com.tencent.mm]
05-04 09:37:13.210 7469 8972 I ActivityTaskManager: clear resize flag in freeform mode
05-04 09:37:13.210 7469 8972 I ActivityTaskManager: The Process com.tencent.mm Already Exists in BG. So sending its PID: 10296
05-04 09:37:13.211 7469 8972 I wm_restart_activity: [0,152813666,280,com.tencent.mm/.ui.LauncherUI]
05-04 09:37:13.212 7469 8972 I wm_set_resumed_activity: [0,com.tencent.mm/.ui.LauncherUI,minimalResumeActivityLocked]
05-04 09:37:13.275 7469 7517 W PackageManager: /data/system/packages.xml fsync begin
05-04 09:37:13.276 7469 7517 W PackageManager: /data/system/packages.xml fsync end
05-04 09:37:13.286 7469 7517 I commit_sys_config_file: [package-user-0,2]
05-04 09:37:13.286 7469 7517 I commit_sys_config_file: [package,18]
05-04 09:37:13.333 7469 7673 I am_wtf : [0,10296,com.tencent.mm,949501508,FirebaseApp,Remote stack trace:
05-04 09:37:13.333 7469 7673 I am_wtf : at com.android.server.content.ContentService.registerContentObserver(ContentService.java:357)
05-04 09:37:13.333 7469 7673 I am_wtf : at android.content.IContentService$Stub.onTransact(IContentService.java:484)
05-04 09:37:13.333 7469 7673 I am_wtf : at android.os.Binder.execTransactInternal(Binder.java:1179)
05-04 09:37:13.333 7469 7673 I am_wtf : at android.os.Binder.execTransact(Binder.java:1143)
05-04 09:37:13.333 7469 7673 I am_wtf : ]
05-04 09:37:13.337 7469 10339 I DropBoxManagerService: add tag=data_app_wtf isTagEnabled=true flags=0x2
05-04 09:37:13.436 10296 10296 E ActivityThread: Failed to find provider info for com.google.android.gms.phenotype
05-04 09:37:13.450 7469 7673 I thunderperf: PlatormCompat.setOverrides: Uid1=10098 Pid1=10296 Uid2=10098 Pid2=10296
05-04 09:37:13.450 7469 7673 I thunderperf: PlatormCompat.setOverrides: needCheck:false
05-04 09:37:13.450 7469 7673 I thunderperf: CompatConfig.addOverrideUnsafe: bef-state=0
05-04 09:37:13.450 7469 7673 I thunderperf: CompatConfig.addOverrideUnsafe: aft-state=0
05-04 09:37:13.450 7469 7673 W PackageManager: MATCH_ANY_USER flag requires INTERACT_ACROSS_USERS permission: UID 10098 requires android.permission.INTERACT_ACROSS_USERS_FULL or android.permission.INTERACT_ACROSS_USERS to access user 0.
05-04 09:37:13.450 7469 7673 I ActivityTaskManager: START u0 {cmp=com.tencent.mm/.app.WeChatSplashActivity (has extras)} from uid 10098
05-04 09:37:13.452 7469 7673 D CompatibilityChangeReporter: Compat change id reported: 174042980; UID 10098; state: DISABLED
05-04 09:37:13.452 7469 7673 D CompatibilityChangeReporter: Compat change id reported: 184838306; UID 10098; state: DISABLED
05-04 09:37:13.452 7469 7673 D CompatibilityChangeReporter: Compat change id reported: 185004937; UID 10098; state: DISABLED
05-04 09:37:13.452 7469 7673 D CompatibilityChangeReporter: Compat change id reported: 181136395; UID 10098; state: DISABLED
05-04 09:37:13.453 7469 7673 D CompatibilityChangeReporter: Compat change id reported: 174042936; UID 10098; state: DISABLED
05-04 09:37:13.453 7469 7673 I wm_task_moved: [280,1,6]
05-04 09:37:13.453 7469 7673 I wm_set_resumed_activity: [0,com.tencent.mm/.ui.LauncherUI,positionChildAt]
05-04 09:37:13.453 7469 7673 I wm_create_activity: [0,228489615,280,com.tencent.mm/.app.WeChatSplashActivity,NULL,NULL,NULL,0]
05-04 09:37:13.454 7469 7673 D CompatibilityChangeReporter: Compat change id reported: 168419799; UID 10098; state: DISABLED
05-04 09:37:13.454 7469 7673 I wm_pause_activity: [0,152813666,com.tencent.mm/.ui.LauncherUI,userLeaving=true,resumeTopActivityInnerLocked]
05-04 09:37:13.456 10296 10296 I wm_on_create_called: [152813666,com.tencent.mm.ui.LauncherUI,performCreate]
05-04 09:37:13.495 10296 10296 I wm_on_start_called: [152813666,com.tencent.mm.ui.LauncherUI,handleStartActivity]
05-04 09:37:13.498 10296 10296 I wm_on_resume_called: [152813666,com.tencent.mm.ui.LauncherUI,RESUME_ACTIVITY]
05-04 09:37:13.676 0 0 I binder : 978:1065 transaction failed 29189/-22, size 180-0 line 3071
05-04 09:37:13.697 0 0 I binder : 10296:10349 ioctl 40046210 707af901f4 returned -22
05-04 09:37:13.668 10296 10296 I wm_on_top_resumed_gained_called: [152813666,com.tencent.mm.ui.LauncherUI,topStateChangedWhenResumed]
05-04 09:37:13.670 7469 7631 I GameModeConfig: isGameModeOn = true
05-04 09:37:13.670 7469 7631 I GameModeConfig: isGaming = false
05-04 09:37:13.670 7469 7631 I GameModeConfig: isGameModeOn = true
05-04 09:37:13.670 7469 7631 I GameModeConfig: isGaming = false
05-04 09:37:13.670 7469 7631 I GameModeConfig: isGameModeOn = true
05-04 09:37:13.670 7469 7631 I GameModeConfig: isGaming = false
05-04 09:37:13.670 7469 7631 I GameModeConfig: isGameModeOn = true
05-04 09:37:13.670 7469 7631 I GameModeConfig: isGaming = false
05-04 09:37:13.670 7469 7631 I GameModeConfig: isGameModeOn = true
05-04 09:37:13.670 7469 7631 I GameModeConfig: isGaming = false
05-04 09:37:13.670 7469 7631 I GameModeConfig: isGameModeOn = true
05-04 09:37:13.670 7469 7631 I GameModeConfig: isGaming = false
05-04 09:37:13.672 7469 7681 D CompatibilityChangeReporter: Compat change id reported: 171306433; UID 10098; state: DISABLED
05-04 09:37:13.676 7469 7490 I input_focus: [Focus request 76f1a1 com.tencent.mm/com.tencent.mm.ui.LauncherUI,reason=UpdateInputWindows]
05-04 09:37:13.700 7469 7599 I input_focus: [Focus leaving 6bdf8e7 com.android.launcher3/com.android.launcher3.uioverrides.QuickstepLauncher (server),reason=Waiting for window because NOT_VISIBLE]
05-04 09:37:13.724 10296 10296 I wm_on_top_resumed_lost_called: [152813666,com.tencent.mm.ui.LauncherUI,topStateChangedWhenResumed]
05-04 09:37:13.726 10296 10296 I wm_on_paused_called: [152813666,com.tencent.mm.ui.LauncherUI,performPause]
05-04 09:37:13.727 7469 7567 I ActivityTaskManager: FOREGROUND_APPLICATION_CHANGED to com.tencent.mm.app.WeChatSplashActivity
05-04 09:37:13.728 7469 7567 I ActivityTaskManager: The Process com.tencent.mm Already Exists in BG. So sending its PID: 10296
05-04 09:37:13.728 7469 7567 W ActivityTaskManager: Tried to set launchTime (0) < mLastActivityLaunchTime (125223)
05-04 09:37:13.728 7469 7567 I wm_restart_activity: [0,228489615,280,com.tencent.mm/.app.WeChatSplashActivity]
05-04 09:37:13.730 7469 7567 I wm_set_resumed_activity: [0,com.tencent.mm/.app.WeChatSplashActivity,minimalResumeActivityLocked]
05-04 09:37:13.732 7469 7489 I sysui_multi_action: [757,803,799,window_time_0,802,6]
