05-04 09:37:24.094 11394 11414 D CompatibilityChangeReporter: Compat change id reported: 168936375; UID 1000; state: DISABLED
05-04 09:37:24.095 11394 11414 D CompatibilityChangeReporter: Compat change id reported: 73144566; UID 1000; state: ENABLED
05-04 09:37:24.095 11394 11414 D CompatibilityChangeReporter: Compat change id reported: 73144566; UID 1000; state: DISABLED
05-04 09:37:24.096 11394 11414 I ActivityManagerTiming: OnBootPhase_1000_com.android.server.emergency.EmergencyAffordanceService
05-04 09:37:24.096 11394 11414 I ActivityManagerTiming: OnBootPhase_1000_com.android.server.blob.BlobStoreManagerService
05-04 09:37:24.096 11394 11414 I ActivityManagerTiming: OnBootPhase_1000_com.android.server.dreams.DreamManagerService
05-04 09:37:24.096 11394 11414 I ActivityManagerTiming: OnBootPhase_1000_com.android.server.companion.CompanionDeviceManagerService
05-04 09:37:24.096 11394 11414 I ActivityManagerTiming: OnBootPhase_1000_com.android.server.restrictions.RestrictionsManagerService
05-04 09:37:24.096 11394 11414 I ActivityManagerTiming: OnBootPhase_1000_com.android.server.media.MediaSessionService
05-04 09:37:24.096 11394 12398 I HibernationStateDiskStore: No hibernation file on disk for file /data/system/hibernation/states
05-04 09:37:24.097 11394 11414 I ActivityManagerTiming: OnBootPhase_1000_com.android.server.media.MediaResourceMonitorService
05-04 09:37:24.097 11394 11414 I ActivityManagerTiming: OnBootPhase_1000_com.android.server.biometrics.sensors.fingerprint.FingerprintService
05-04 09:37:24.097 11394 11414 I ActivityManagerTiming: OnBootPhase_1000_com.android.server.biometrics.BiometricService
05-04 09:37:24.097 11394 11414 I ActivityManagerTiming: OnBootPhase_1000_com.android.server.biometrics.AuthService
05-04 09:37:24.097 11394 11414 I ActivityManagerTiming: OnBootPhase_1000_com.android.server.pm.ShortcutService$Lifecycle
05-04 09:37:24.097 11394 11414 I ActivityManagerTiming: OnBootPhase_1000_com.android.server.pm.LauncherAppsService
05-04 09:37:24.097 11394 11414 I ActivityManagerTiming: OnBootPhase_1000_com.android.server.pm.CrossProfileAppsService
05-04 09:37:24.097 11394 11414 I ActivityManagerTiming: OnBootPhase_1000_com.android.server.people.PeopleService
05-04 09:37:24.097 11394 11414 I ActivityManagerTiming: OnBootPhase_1000_com.android.server.media.metrics.MediaMetricsManagerService
05-04 09:37:24.097 11394 11414 I ActivityManagerTiming: OnBootPhase_1000_com.android.server.media.projection.MediaProjectionManagerService
05-04 09:37:24.097 11394 11414 I ActivityManagerTiming: OnBootPhase_1000_com.android.server.slice.SliceManagerService$Lifecycle
05-04 09:37:24.097 11394 11414 I ActivityManagerTiming: OnBootPhase_1000_com.android.server.stats.StatsCompanion$Lifecycle
05-04 09:37:24.097 11394 11414 I ActivityManagerTiming: OnBootPhase_1000_com.android.server.scheduling.RebootReadinessManagerService$Lifecycle
05-04 09:37:24.097 11394 11414 I ActivityManagerTiming: OnBootPhase_1000_com.android.server.stats.pull.StatsPullAtomService
05-04 09:37:24.097 11394 11414 I ActivityManagerTiming: OnBootPhase_1000_com.android.server.incident.IncidentCompanionService
05-04 09:37:24.097 11394 11414 I ActivityManagerTiming: OnBootPhase_1000_com.android.server.MmsServiceBroker
05-04 09:37:24.097 11394 11414 I ActivityManagerTiming: OnBootPhase_1000_com.android.server.autofill.AutofillManagerService
05-04 09:37:24.097 11394 11414 I ActivityManagerTiming: OnBootPhase_1000_com.android.server.clipboard.ClipboardService
05-04 09:37:24.097 11394 11414 I ActivityManagerTiming: OnBootPhase_1000_com.android.server.appbinding.AppBindingService$Lifecycle
05-04 09:37:24.097 11394 11414 I ActivityManagerTiming: OnBootPhase_1000_com.android.server.tracing.TracingServiceProxy
05-04 09:37:24.097 11394 11414 I ActivityManagerTiming: OnBootPhase_1000_com.android.server.policy.PermissionPolicyService
05-04 09:37:24.097 11394 11414 I ActivityManagerTiming: OnBootPhase_1000_com.android.server.pm.StagingManager$Lifecycle
05-04 09:37:24.097 11394 11414 I ActivityManagerTiming: OnBootPhase_1000_com.android.server.app.GameManagerService$Lifecycle
05-04 09:37:24.097 11394 11414 D GameManagerService: onBootCompleted
05-04 09:37:24.097 11394 11414 I ActivityManagerTiming: OnBootPhase_1000_com.android.server.appsearch.AppSearchManagerService
05-04 09:37:24.098 11394 11414 I ActivityManagerTiming: OnBootPhase_1000_com.android.server.media.MediaCommunicationService
05-04 09:37:24.098 11394 11414 D ActivityManagerTiming: TotalBootTime took to complete: 4055ms
05-04 09:37:24.098 11394 11414 D SystemServerInitThreadPool: Shutdown requested
05-04 09:37:24.098 11394 11414 I SystemServerTiming: WaitInitThreadPoolShutdown
05-04 09:37:24.101 11394 11414 D SystemServerInitThreadPool: Shutdown successful
05-04 09:37:24.106 11394 11414 I uc_finish_user_boot: 0
05-04 09:37:24.106 11394 11414 I ActivityManager: User 0 state changed from BOOTING to RUNNING_LOCKED
05-04 09:37:24.106 11394 11414 I am_user_state_changed: [0,1]
05-04 09:37:24.106 11394 11414 W ActivityManager: UserLifecycleEvent 4 received without an active userJourneySession.
05-04 09:37:24.106 11394 11414 I uc_send_user_broadcast: [0,android.intent.action.LOCKED_BOOT_COMPLETED]
05-04 09:37:24.095 0 0 I init : processing action (sys.usb.config=none && sys.usb.configfs=1) from (/system/etc/init/hw/init.usb.configfs.rc:1)
05-04 09:37:24.098 0 0 I init : Command 'write /config/usb_gadget/g1/UDC none' action=sys.usb.config=none && sys.usb.configfs=1 (/system/etc/init/hw/init.usb.configfs.rc:2) took 2ms and failed: Unable to write to file '/config/usb_gadget/g1/UDC': Unable to write file contents: No such device
05-04 09:37:24.106 0 0 I [wifi@1][0xb17ecb3d][09:37:24.106930] wlan: [836:I:DP] dp_vdev_attach_wifi3: wlan_cfg_ap_bridge_enabled 1
05-04 09:37:24.107 0 0 E [wifi@1][0xb17efd22][09:37:24.107595] wlan: [836:E:PMO] pmo_register_wow_wakeup_events: 88: Skipping wake event configuration for vdev_opmode 16
05-04 09:37:24.107 11394 11414 I uc_finish_user_unlocking: 0
05-04 09:37:24.107 11394 11414 W ActivityManager: UserLifecycleEvent 5 received without an active userJourneySession.
05-04 09:37:24.107 11394 11414 D ActivityManager: Started unlocking user 0
05-04 09:37:24.107 11394 11414 D ActivityManager: Unlocking user 0 progress 0
05-04 09:37:24.107 11394 11414 D ActivityManager: Unlocking user 0 progress 5
05-04 09:37:24.107 0 0 E [wifi@1][0xb17f04e9][09:37:24.107699] wlan: [836:E:SME] sme_get_nss_chain_shift: 4045: Device mode 16 invalid
05-04 09:37:24.107 0 0 E [wifi@1][0xb17f065f][09:37:24.107718] wlan: [836:E:SME] sme_get_nss_chain_shift: 4045: Device mode 16 invalid
05-04 09:37:24.113 11394 11421 D CompatibilityChangeReporter: Compat change id reported: 168419799; UID 10086; state: DISABLED
05-04 09:37:24.114 11394 11414 D ColorDisplayService: setUp: currentUser=0
05-04 09:37:24.110 0 0 I IPv6 : ADDRCONF(NETDEV_UP): wifi-aware0: link is not ready
05-04 09:37:24.116 11394 11993 I am_uid_running: 10070
05-04 09:37:24.116 11394 11993 D CompatibilityChangeReporter: Compat change id reported: 135634846; UID 10070; state: DISABLED
05-04 09:37:24.116 11394 11993 D CompatibilityChangeReporter: Compat change id reported: 177438394; UID 10070; state: DISABLED
05-04 09:37:24.116 11394 11993 D CompatibilityChangeReporter: Compat change id reported: 135772972; UID 10070; state: DISABLED
05-04 09:37:24.116 11394 11993 D CompatibilityChangeReporter: Compat change id reported: 135754954; UID 10070; state: ENABLED
05-04 09:37:24.122 11394 11422 D CompatibilityChangeReporter: Compat change id reported: 143937733; UID 10070; state: ENABLED
05-04 09:37:24.130 11394 11414 D ColorDisplayService: onNightDisplayAutoModeChanged: autoMode=0
05-04 09:37:24.130 11394 11414 I ColorDisplayService: Turning on night display
05-04 09:37:24.130 11394 11414 D ColorDisplayService: Setting bright color reduction level: 50
05-04 09:37:24.130 11394 11438 V DisplayPowerController[0]: Brightness [1.0] manual adjustment.
05-04 09:37:24.132 11394 11422 I am_proc_start: [0,12406,10070,com.qualcomm.location,broadcast,{com.qualcomm.location/com.qualcomm.location.LocationServiceReceiver}]
05-04 09:37:24.132 11394 11422 I ActivityManager: Start proc 12406:com.qualcomm.location/u0a70 for broadcast {com.qualcomm.location/com.qualcomm.location.LocationServiceReceiver}
05-04 09:37:24.132 0 0 I bt_configure_gpios: BTON:Turn Bt Off bt-reset-gpio(1121) value(0)
05-04 09:37:24.132 0 0 I bt_configure_gpios: BTON:Turn Bt Off
05-04 09:37:24.132 0 0 I bt_configure_gpios: bt-sw-ctrl-gpio(1224) value(1)
05-04 09:37:24.132 0 0 I bt_enable_bt_reset_gpios_safely: bt_enable_bt_reset_gpios_safely: BTON:Turn Bt On
05-04 09:37:24.132 0 0 I bt_enable_bt_reset_gpios_safely: bt_enable_bt_reset_gpios_safely: wl-reset-gpio(1120) value(1)
05-04 09:37:24.132 0 0 I bt_enable_bt_reset_gpios_safely: bt_enable_bt_reset_gpios_safely: BTON: Asserting BT_EN
05-04 09:37:24.149 0 0 I [wpa_su][0xb18b5870][09:37:24.149772] wlan: [1925:I:HDD] wlan0(vdevid-0): Received Disconnect reason:3 WLAN_REASON_DEAUTH_LEAVING
05-04 09:37:24.153 0 0 I binder : 12406:12406 ioctl 40046210 7fd13a1c94 returned -22
05-04 09:37:24.156 0 0 I [schedu][0xb18d33a4][09:37:24.156109] wlan: [1858:I:PE] Deauth TX: vdev 0 seq_num 2073 reason 3 waitForAck 1 to f8:af:05:82:ca:5c from 3a:29:3c:5e:14:d2
05-04 09:37:24.157 11394 11605 I am_proc_bound: [0,12406,com.qualcomm.location]
05-04 09:37:24.159 11394 11605 D CompatibilityChangeReporter: Compat change id reported: 168419799; UID 10070; state: DISABLED
05-04 09:37:24.161 11394 11605 I am_uid_active: 10070
05-04 09:37:24.188 0 0 I bt_configure_gpios: BTON:Turn Bt On bt-reset-gpio(1121) value(1)
05-04 09:37:24.188 0 0 I bt_configure_gpios: BTON:Turn Bt On
05-04 09:37:24.188 0 0 I bt_configure_gpios: bt-sw-ctrl-gpio(1224) value(1)
05-04 09:37:24.188 0 0 I bt_configure_gpios: bt_gpio= 1121 on: 1 is successful
05-04 09:37:24.205 0 0 W QSEECOM : qseecom_load_app: App with id 13 (fingerpr) now loaded
05-04 09:37:24.207 0 0 E bt_ioctl: unified Current SOC Version : 400a0200
05-04 09:37:24.229 0 0 I binder : 12406:12430 ioctl 40046210 724ccf4934 returned -22
05-04 09:37:24.264 11394 12318 D TelephonyRegistry: listen oscl: mHasNotifySubscriptionInfoChangedOccurred==false no callback
05-04 09:37:24.266 12104 12104 W ContextImpl: Calling a method in the system process without a qualified user: android.app.ContextImpl.startService:1816 android.content.ContextWrapper.startService:774 android.content.ContextWrapper.startService:774 com.qualcomm.qti.qdma.app.BootReceiver.onBootReceived:115 com.qualcomm.qti.innodme.InnoBootReceiver.onReceive:22
05-04 09:37:24.278 11394 11993 I am_uid_running: 10087
05-04 09:37:24.278 11394 11993 D CompatibilityChangeReporter: Compat change id reported: 135634846; UID 10087; state: DISABLED
05-04 09:37:24.278 11394 11993 D CompatibilityChangeReporter: Compat change id reported: 177438394; UID 10087; state: DISABLED
05-04 09:37:24.278 11394 11993 D CompatibilityChangeReporter: Compat change id reported: 135772972; UID 10087; state: DISABLED
05-04 09:37:24.278 11394 11993 D CompatibilityChangeReporter: Compat change id reported: 135754954; UID 10087; state: ENABLED
05-04 09:37:24.279 11394 11422 D CompatibilityChangeReporter: Compat change id reported: 143937733; UID 10087; state: ENABLED
05-04 09:37:24.284 549 549 I vold : Unmounting /mnt/installer/0/emulated/0/Android/obb
05-04 09:37:24.287 11394 11422 I am_proc_start: [0,12440,10087,com.qualcomm.qtil.aptxui,broadcast,{com.qualcomm.qtil.aptxui/com.qualcomm.qtil.aptxui.aptxuiBootReceiver}]
05-04 09:37:24.287 11394 11422 I ActivityManager: Start proc 12440:com.qualcomm.qtil.aptxui/u0a87 for broadcast {com.qualcomm.qtil.aptxui/com.qualcomm.qtil.aptxui.aptxuiBootReceiver}
05-04 09:37:24.288 549 549 I vold : Unmounting /mnt/user/0/emulated/0/Android/data
05-04 09:37:24.289 549 549 I vold : Unmounted /mnt/user/0/emulated/0/Android/data
05-04 09:37:24.289 549 549 I vold : Unmounting /mnt/user/0/emulated/0/Android/obb
05-04 09:37:24.290 549 549 I vold : Unmounted /mnt/user/0/emulated/0/Android/obb
05-04 09:37:24.290 549 549 I vold : Unmounting fuse path /mnt/user/0/emulated
05-04 09:37:24.292 11394 12318 D CompatibilityChangeReporter: Compat change id reported: 182478738; UID 1001; state: DISABLED
05-04 09:37:24.295 549 549 I vold : Unmounting pass_through_path /mnt/pass_through/0/emulated
05-04 09:37:24.293 0 0 W : Boot completed
05-04 09:37:24.300 0 0 I binder : 12440:12440 ioctl 40046210 7fd13a1c94 returned -22
05-04 09:37:24.303 11394 12318 I am_proc_bound: [0,12440,com.qualcomm.qtil.aptxui]
05-04 09:37:24.304 12450 12450 F libc : Fatal signal 6 (SIGABRT), code -1 (SI_QUEUE) in tid 12450 (init), pid 12450 (init)
05-04 09:37:24.305 11394 12318 D CompatibilityChangeReporter: Compat change id reported: 168419799; UID 10087; state: DISABLED
05-04 09:37:24.305 11394 11536 I StorageManagerService: Reset vold
05-04 09:37:24.305 549 564 I vold : onUserAdded: 0
05-04 09:37:24.306 11394 12318 I am_uid_active: 10087
05-04 09:37:24.310 0 0 I [schedu][0xb1ba7f37][09:37:24.310716] wlan: [1858:I:HDD] wlan0(vdevid-0): disconnected
05-04 09:37:24.310 0 0 I [schedu][0xb1ba808c][09:37:24.310734] wlan: [1858:I:DP] dp_tx_flow_pool_unmap_handler: flow_id 0 flow_type 0 flow_pool_id 0
05-04 09:37:24.312 0 0 I [wpa_su][0xb1bb062b][09:37:24.312516] wlan: [1925:I:HDD] Disconnect reason: 3 WLAN_REASON_DEAUTH_LEAVING vendor: 0 LG: 1
05-04 09:37:24.319 0 0 I : read descriptors
05-04 09:37:24.319 0 0 I : read strings
05-04 09:37:24.322 0 0 I init : qssi copy & sync /metadata/vold/metadata_encryption/key/encrypted_key to /persist/key/encrypted_key_bak: No such file or directory
05-04 09:37:24.328 0 0 I init : qssi copy & sync /metadata/vold/metadata_encryption/key/keymaster_key_blob to /persist/key/keymaster_key_blob_bak: No such file or directory
05-04 09:37:24.331 0 0 I init : qssi copy & sync /metadata/vold/metadata_encryption/key/secdiscardable to /persist/key/secdiscardable_bak: No such file or directory
05-04 09:37:24.332 0 0 I init : qssi copy & sync /metadata/vold/metadata_encryption/key/stretching to /persist/key/stretching_bak: No such file or directory
05-04 09:37:24.341 0 0 I init : qssi copy & sync /metadata/vold/metadata_encryption/key/version to /persist/key/version_bak: No such file or directory
05-04 09:37:24.345 0 0 I [schedu][0xb1c4aa36][09:37:24.345423] wlan: [1858:I:HIF] Deinitializing Runtime PM wakelock &vdev->vdev_set_key_runtime_wakelock
05-04 09:37:24.345 0 0 I [schedu][0xb1c4d220][09:37:24.345955] wlan: [1858:I:HIF] Initializing Runtime PM wakelock &vdev->vdev_set_key_runtime_wakelock
05-04 09:37:24.357 11394 11761 D CompatibilityChangeReporter: Compat change id reported: 168419799; UID 10054; state: DISABLED
05-04 09:37:24.362 0 0 I binder : 11881:11881 ioctl 40046210 7fd13a1624 returned -22
05-04 09:37:24.362 11394 11993 D CompatibilityChangeReporter: Compat change id reported: 168419799; UID 1000; state: DISABLED
05-04 09:37:24.364 12004 12004 W ContextImpl: Calling a method in the system process without a qualified user: android.app.ContextImpl.startService:1816 android.content.ContextWrapper.startService:774 android.content.ContextWrapper.startService:774 vendor.qti.qesdk.sysservice.QesdkSysReceiver.onReceive:42 android.app.ActivityThread.handleReceiver:4309
05-04 09:37:24.369 11394 11394 W Looper : Slow dispatch took 311ms main h=android.os.Handler c=com.android.server.biometrics.sensors.fingerprint.hidl.Fingerprint21$$ExternalSyntheticLambda2@a9455df m=0
05-04 09:37:24.369 11394 11394 D BiometricScheduler/Fingerprint21: [Added] {[1] FingerprintUpdateActiveUserClient, proto=1, owner=android, cookie=0, requestId=-1, userId=0}, new queue size: 1
05-04 09:37:24.369 11394 11394 V BiometricScheduler/Fingerprint21: Not idle, current operation: {[0] FingerprintUpdateActiveUserClient, proto=1, owner=android, cookie=0, requestId=-1, userId=0}, State: 2
05-04 09:37:24.369 11394 11394 D BiometricScheduler/Fingerprint21: [Added] {[2] FingerprintInternalCleanupClient, proto=7, owner=android, cookie=0, requestId=-1, userId=0}, new queue size: 2
05-04 09:37:24.369 11394 11394 V BiometricScheduler/Fingerprint21: Not idle, current operation: {[0] FingerprintUpdateActiveUserClient, proto=1, owner=android, cookie=0, requestId=-1, userId=0}, State: 2
05-04 09:37:24.369 11394 11394 W Looper : Slow delivery took 311ms main h=android.os.Handler c=com.android.server.biometrics.sensors.fingerprint.hidl.Fingerprint21$$ExternalSyntheticLambda12@b7974f5 m=0
05-04 09:37:24.371 11394 11394 D BiometricScheduler/Fingerprint21: [Finishing] {[0] FingerprintUpdateActiveUserClient, proto=1, owner=android, cookie=0, requestId=-1, userId=0}, success: true
05-04 09:37:24.371 11394 11394 D BiometricScheduler/Fingerprint21: [Polled] {[1] FingerprintUpdateActiveUserClient, proto=1, owner=android, cookie=0, requestId=-1, userId=0}, State: 0
05-04 09:37:24.371 11394 11394 D BiometricScheduler/Fingerprint21: [Starting] {[1] FingerprintUpdateActiveUserClient, proto=1, owner=android, cookie=0, requestId=-1, userId=0}, State: 0
05-04 09:37:24.371 11394 11394 D BiometricScheduler/Fingerprint21: [Started] {[1] FingerprintUpdateActiveUserClient, proto=1, owner=android, cookie=0, requestId=-1, userId=0}
05-04 09:37:24.368 0 0 W QSEECOM : __qseecom_unload_app: App (13) is unloaded
05-04 09:37:24.376 12465 12465 F DEBUG : *** *** *** *** *** *** *** *** *** *** *** *** *** *** *** ***
05-04 09:37:24.368 0 0 D qbt : qbt_release: entry minor_no=0 fd_available=0
05-04 09:37:24.368 0 0 D qbt : qbt_release: Releasing wakelock
05-04 09:37:24.376 12465 12465 F DEBUG : Build fingerprint: 'HiPhi/PassengerDisplay_CN/PassengerDisplay:12/SKQ1.220201.001/3161:user/test-keys'
05-04 09:37:24.368 0 0 D qbt : qbt_release: exit : fd_available=1
05-04 09:37:24.376 12465 12465 F DEBUG : Revision: '0'
05-04 09:37:24.376 12465 12465 F DEBUG : ABI: 'arm64'
05-04 09:37:24.368 0 0 D qbt : qbt_release: entry minor_no=1 fd_available=1
05-04 09:37:24.376 12465 12465 F DEBUG : Timestamp: 2023-05-04 09:37:24.323796773+0800
05-04 09:37:24.376 12465 12465 F DEBUG : Process uptime: 0s
05-04 09:37:24.376 12465 12465 F DEBUG : Cmdline: /system/bin/init second_stage
05-04 09:37:24.376 12465 12465 F DEBUG : pid: 12450, tid: 12450, name: init >>> /system/bin/init <<<
05-04 09:37:24.368 0 0 D qbt : qbt_release: exit : fd_available=1
05-04 09:37:24.376 12465 12465 F DEBUG : uid: 0
05-04 09:37:24.376 12465 12465 F DEBUG : signal 6 (SIGABRT), code -1 (SI_QUEUE), fault addr --------
05-04 09:37:24.376 12465 12465 F DEBUG : x0 0000000000000000 x1 00000000000030a2 x2 0000000000000006 x3 0000007fdf70a910
05-04 09:37:24.371 0 0 D qbt : qbt_open: entry minor_no=0 fd_available=1
05-04 09:37:24.376 12465 12465 F DEBUG : x4 000000000000000a x5 000000000000000a x6 000000000000000a x7 000000000000000a
05-04 09:37:24.376 12465 12465 F DEBUG : x8 00000000000000f0 x9 abaf9c09b7b85b78 x10 0000000000000000 x11 ffffff80ffffffdf
05-04 09:37:24.376 12465 12465 F DEBUG : x12 0000000000000001 x13 3a73747069726373 x14 0000000000000010 x15 0000000000000000
05-04 09:37:24.371 0 0 D qbt : qbt_open: exit : 0 fd_available=0
05-04 09:37:24.376 12465 12465 F DEBUG : x16 0000007fa9b10060 x17 0000007fa9aec560 x18 0000007fac5e2000 x19 00000000000030a2
05-04 09:37:24.376 12465 12465 F DEBUG : x20 00000000000030a2 x21 00000000ffffffff x22 0000007fac4a1000 x23 0000007fac4a1000
05-04 09:37:24.376 12465 12465 F DEBUG : x24 0000007fdf70abe0 x25 0000007fdf70abe0 x26 0000000000000000 x27 0000007fac4a1000
05-04 09:37:24.376 12465 12465 F DEBUG : x28 0000007fa9aa0d20 x29 0000007fdf70a990
05-04 09:37:24.371 0 0 D qbt : qbt_open: entry minor_no=1 fd_available=0
05-04 09:37:24.376 12465 12465 F DEBUG : lr 0000007fa9a9c95c sp 0000007fdf70a8f0 pc 0000007fa9a9c988 pst 0000000000001000
05-04 09:37:24.376 12465 12465 F DEBUG : backtrace:
05-04 09:37:24.376 12465 12465 F DEBUG : #00 pc 0000000000051988 /system/lib64/bootstrap/libc.so (abort+168) (BuildId: 369edc656806aeaf384cbeb8f7a347af)
05-04 09:37:24.371 0 0 D qbt : qbt_open: exit : 0 fd_available=0
05-04 09:37:24.376 12465 12465 F DEBUG : #01 pc 0000000000015038 /system/lib64/libbase.so (android::base::DefaultAborter(char const*)+16) (BuildId: 96895dcea0300fc102132e9762aef6bc)
05-04 09:37:24.376 12465 12465 F DEBUG : #02 pc 0000000000016bc4 /system/lib64/libbase.so (android::base::SetAborter(std::__1::function&&)::$_3::__invoke(char const*)+80) (BuildId: 96895dcea0300fc102132e9762aef6bc)
05-04 09:37:24.376 12465 12465 F DEBUG : #03 pc 0000000000016184 /system/lib64/libbase.so (android::base::LogMessage::~LogMessage()+368) (BuildId: 96895dcea0300fc102132e9762aef6bc)
05-04 09:37:24.371 0 0 D qbt : qbt_ioctl: cmd received 107
05-04 09:37:24.376 12465 12465 F DEBUG : #04 pc 00000000000d8128 /system/bin/init (android::init::Service::SetProcessAttributesAndCaps()+716) (BuildId: 22e05086498bc9c9e3a5fc9a10a930c1)
05-04 09:37:24.371 0 0 D qbt : qbt_ioctl: Acquiring wakelock
05-04 09:37:24.376 12465 12465 F DEBUG : #05 pc 00000000000dac18 /system/bin/init (android::init::Service::Start()+7348) (BuildId: 22e05086498bc9c9e3a5fc9a10a930c1)
05-04 09:37:24.376 12465 12465 F DEBUG : #06 pc 00000000000cda20 /system/bin/init (android::init::do_start(android::init::BuiltinArguments const&)+316) (BuildId: 22e05086498bc9c9e3a5fc9a10a930c1)
05-04 09:37:24.376 12465 12465 F DEBUG : #07 pc 00000000000b16cc /system/bin/init (android::init::RunBuiltinFunction(std::__1::function (android::init::BuiltinArguments const&)> const&, std::__1::vector, std::__1::allocator >, std::__1::allocator, std::__1::allocator > > > const&, std::__1::basic_string, std::__1::allocator > const&)+476) (BuildId: 22e05086498bc9c9e3a5fc9a10a930c1)
05-04 09:37:24.376 12465 12465 F DEBUG : #08 pc 00000000000b1880 /system/bin/init (android::init::Command::InvokeFunc(android::init::Subcontext*) const+284) (BuildId: 22e05086498bc9c9e3a5fc9a10a930c1)
05-04 09:37:24.376 12465 12465 F DEBUG : #09 pc 00000000000b22e4 /system/bin/init (android::init::Action::ExecuteCommand(android::init::Command const&) const+80) (BuildId: 22e05086498bc9c9e3a5fc9a10a930c1)
05-04 09:37:24.376 12465 12465 F DEBUG : #10 pc 00000000000b21d8 /system/bin/init (android::init::Action::ExecuteOneCommand(unsigned long) const+336) (BuildId: 22e05086498bc9c9e3a5fc9a10a930c1)
05-04 09:37:24.376 12465 12465 F DEBUG : #11 pc 00000000000e2d74 /system/bin/init (android::init::ActionManager::ExecuteOneCommand()+188) (BuildId: 22e05086498bc9c9e3a5fc9a10a930c1)
05-04 09:37:24.376 12465 12465 F DEBUG : #12 pc 00000000000fa6dc /system/bin/init (android::init::SecondStageMain(int, char**)+7560) (BuildId: 22e05086498bc9c9e3a5fc9a10a930c1)
05-04 09:37:24.376 12465 12465 F DEBUG : #13 pc 00000000000ac19c /system/bin/init (main+308) (BuildId: 22e05086498bc9c9e3a5fc9a10a930c1)
05-04 09:37:24.376 12465 12465 F DEBUG : #14 pc 000000000004a084 /system/lib64/bootstrap/libc.so (__libc_init+100) (BuildId: 369edc656806aeaf384cbeb8f7a347af)
05-04 09:37:24.379 11394 11646 W NativeCrashListener: Couldn't find ProcessRecord for pid 12450
05-04 09:37:24.391 0 0 I [schedu][0xb1d21575][09:37:24.391226] wlan: [1858:I:HIF] Deinitializing Runtime PM wakelock &vdev->vdev_set_key_runtime_wakelock
05-04 09:37:24.392 0 0 W QSEECOM : qseecom_load_app: App (fingerpr) does'nt exist, loading apps for first time
05-04 09:37:24.393 0 0 I [schedu][0xb1d2b0e1][09:37:24.393299] wlan: [1858:I:HIF] Initializing Runtime PM wakelock &vdev->vdev_set_key_runtime_wakelock
05-04 09:37:24.384 11394 11511 I BootReceiver: Copying /data/tombstones/tombstone_06 to DropBox (SYSTEM_TOMBSTONE)
05-04 09:37:24.384 11394 11511 I DropBoxManagerService: add tag=SYSTEM_TOMBSTONE isTagEnabled=true flags=0x6
05-04 09:37:24.386 11394 11511 I dropbox_file_copy: [/data/tombstones/tombstone_06,98304,SYSTEM_TOMBSTONE]
05-04 09:37:24.388 11394 11511 I commit_sys_config_file: [log-files,2650]
05-04 09:37:24.388 11394 11511 E NativeTombstoneManager: Tombstone's UID (0) not an app, ignoring
05-04 09:37:24.389 11394 11511 I DropBoxManagerService: add tag=SYSTEM_TOMBSTONE_PROTO isTagEnabled=true flags=0x4
05-04 09:37:24.398 836 836 D android.hardware.wifi@1.0-service: Successfully SetMacAddress.
05-04 09:37:24.399 0 0 I [wifi@1][0xb1d45bc9][09:37:24.398990] wlan: [836:I:DP] dp_vdev_attach_wifi3: wlan_cfg_ap_bridge_enabled 0
05-04 09:37:24.401 11394 11511 I commit_sys_config_file: [log-files,2664]
05-04 09:37:24.410 0 0 E [wifi@1][0xb1d7db87][09:37:24.410934] wlan: [11609:E:wifipos] wifi_pos_process_app_reg_req: 608: Received App Req Req pid(1283457860), len(16)
05-04 09:37:24.411 0 0 I [wifi@1][0xb1d80679][09:37:24.411506] wlan: [11609:I:wifipos] wifi_pos_get_ch_info: 461: num channels: 26
05-04 09:37:24.411 0 0 I [wifi@1][0xb1d82103][09:37:24.411860] wlan: [11609:I:wifipos] wifi_pos_get_ch_info: 461: num channels: 26
05-04 09:37:24.430 0 0 I android_work: sent uevent USB_STATE=DISCONNECTED
05-04 09:37:24.444 11394 11411 D UsbDeviceManager: Clear notification
05-04 09:37:24.449 11394 11411 D UsbDeviceManager: push notification:已开启 USB 文件传输模式
05-04 09:37:24.451 11394 11411 W Looper : Slow dispatch took 372ms android.fg h=com.android.server.usb.UsbDeviceManager$UsbHandlerLegacy c=null m=4
05-04 09:37:24.452 11394 11411 W Looper : Slow delivery took 372ms android.fg h=com.android.server.adb.AdbDebuggingManager$AdbDebuggingHandler c=null m=1
05-04 09:37:24.453 549 549 D vold : fscrypt_prepare_user_storage for volume null, user 0, serial 0, flags 2
05-04 09:37:24.453 549 549 D vold : Preparing: /data/system_ce/0
05-04 09:37:24.453 549 549 D vold : Preparing: /data/misc_ce/0
05-04 09:37:24.453 549 549 D vold : Preparing: /data/vendor_ce/0
05-04 09:37:24.453 549 549 D vold : Preparing: /data/media/0
05-04 09:37:24.453 549 549 D vold : Preparing: /data/data
05-04 09:37:24.453 549 549 I vold : Verified that /data/system_ce/0 has the encryption policy f70a65e6d33eae85d6c13e8d156178d2 v2 modes 1/4 flags 0xa
05-04 09:37:24.453 549 549 I vold : Verified that /data/misc_ce/0 has the encryption policy f70a65e6d33eae85d6c13e8d156178d2 v2 modes 1/4 flags 0xa
05-04 09:37:24.453 549 549 I vold : Verified that /data/vendor_ce/0 has the encryption policy f70a65e6d33eae85d6c13e8d156178d2 v2 modes 1/4 flags 0xa
05-04 09:37:24.453 549 549 I vold : Verified that /data/media/0 has the encryption policy f70a65e6d33eae85d6c13e8d156178d2 v2 modes 1/4 flags 0xa
05-04 09:37:24.453 549 549 I vold : Verified that /data/data has the encryption policy f70a65e6d33eae85d6c13e8d156178d2 v2 modes 1/4 flags 0xa
05-04 09:37:24.453 549 549 D vold : Starting restorecon of /data/system_ce/0
05-04 09:37:24.457 549 549 D vold : Finished restorecon of /data/system_ce/0
05-04 09:37:24.457 549 549 D vold : Starting restorecon of /data/vendor_ce/0
05-04 09:37:24.461 549 549 D vold : Finished restorecon of /data/vendor_ce/0
05-04 09:37:24.461 549 549 D vold : Starting restorecon of /data/misc_ce/0
05-04 09:37:24.468 549 549 D vold : Finished restorecon of /data/misc_ce/0
05-04 09:37:24.468 549 549 D vold : /system/bin/vold_prepare_subdirs
05-04 09:37:24.469 549 549 D vold : prepare
05-04 09:37:24.469 549 549 D vold :
05-04 09:37:24.469 549 549 D vold : 0
05-04 09:37:24.469 549 549 D vold : 2
05-04 09:37:24.494 0 0 I oom_reaper: reaped process 12440 (omm.qtil.aptxui), now anon-rss:0kB, file-rss:0kB, shmem-rss:492kB
05-04 09:37:24.470 506 506 I killinfo: [12440,10087,905,606,76776,-1,7896244,2235244,3037532,16,4252,4904,107432,4194300,4189220,552428,95988,1687356,1243020,77064,176100,29728,54304,0,0,273420,0,15524,0,0,0,0]
05-04 09:37:24.489 11394 11411 V UserDataPreparer: Found /data/user/0 with serial number 0
05-04 09:37:24.489 11394 11411 V UserDataPreparer: Found /data/system_ce/0 with serial number 0
05-04 09:37:24.489 11394 11411 D UserDataPreparer: Setting property: sys.user.0.ce_available=true
05-04 09:37:24.498 11394 11411 V PackageManager: reconcileAppsData for null u0 0x2 migrateAppData=false
05-04 09:37:24.501 11394 11769 I ActivityManager: Process com.qualcomm.qtil.aptxui (pid 12440) has died: cch+5 CEM
05-04 09:37:24.502 11394 11769 I am_proc_died: [0,12440,com.qualcomm.qtil.aptxui,905,19]
05-04 09:37:24.503 11394 11769 I am_uid_stopped: 10087
05-04 09:37:24.505 11394 11769 I am_low_memory: 25
05-04 09:37:24.532 0 0 W QSEECOM : qseecom_load_app: App with id 14 (fingerpr) now loaded
05-04 09:37:24.542 0 0 E msm-dwc3 a600000.ssusb: Could not get usb psy
05-04 09:37:24.556 11394 11411 V PackageManager: reconcileAppsData finished 154 packages
05-04 09:37:24.557 11394 11411 I ActivityManager: User 0 state changed from RUNNING_LOCKED to RUNNING_UNLOCKING
05-04 09:37:24.557 11394 11411 I am_user_state_changed: [0,2]
05-04 09:37:24.558 11394 11411 D ActivityManager: Unlocking user 0 progress 20
05-04 09:37:24.558 11394 11421 I ssm_user_unlocking: 0
05-04 09:37:24.558 11394 11421 I SystemServerTimingAsync: ssm.UnlockingUser-0
05-04 09:37:24.558 11394 11411 W Looper : Slow dispatch took 106ms android.fg h=android.os.Handler c=com.android.server.am.UserController$$ExternalSyntheticLambda3@2b22fbf m=0
05-04 09:37:24.558 11394 11421 I SystemServiceManager: Calling onUnlockingUser 0
05-04 09:37:24.558 11394 11421 I SystemServerTimingAsync: ssm.onUnlockingUser-0_com.android.server.security.FileIntegrityService
05-04 09:37:24.558 11394 11421 I SystemServerTimingAsync: ssm.onUnlockingUser-0_com.android.server.pm.Installer
05-04 09:37:24.558 11394 11421 I SystemServerTimingAsync: ssm.onUnlockingUser-0_com.android.server.os.DeviceIdentifiersPolicyService
05-04 09:37:24.558 11394 11421 I SystemServerTimingAsync: ssm.onUnlockingUser-0_com.android.server.uri.UriGrantsManagerService$Lifecycle
05-04 09:37:24.558 11394 11421 I SystemServerTimingAsync: ssm.onUnlockingUser-0_com.android.server.powerstats.PowerStatsService
05-04 09:37:24.558 11394 11421 I SystemServerTimingAsync: ssm.onUnlockingUser-0_com.android.server.wm.ActivityTaskManagerService$Lifecycle
05-04 09:37:24.558 11394 11421 I SystemServerTimingAsync: ssm.onUnlockingUser-0_com.android.server.am.ActivityManagerService$Lifecycle
05-04 09:37:24.558 11394 11421 I SystemServerTimingAsync: ssm.onUnlockingUser-0_com.android.server.pm.DataLoaderManagerService
05-04 09:37:24.558 11394 11421 I SystemServerTimingAsync: ssm.onUnlockingUser-0_com.android.server.power.PowerManagerService
05-04 09:37:24.558 11394 11421 I SystemServerTimingAsync: ssm.onUnlockingUser-0_com.android.server.power.ThermalManagerService
05-04 09:37:24.558 11394 11421 I SystemServerTimingAsync: ssm.onUnlockingUser-0_com.android.server.power.hint.HintManagerService
05-04 09:37:24.558 11394 11421 I SystemServerTimingAsync: ssm.onUnlockingUser-0_com.android.server.recoverysystem.RecoverySystemService$Lifecycle
05-04 09:37:24.558 11394 11421 I SystemServerTimingAsync: ssm.onUnlockingUser-0_com.android.server.lights.LightsService
05-04 09:37:24.558 11394 11421 I SystemServerTimingAsync: ssm.onUnlockingUser-0_com.android.server.display.DisplayManagerService
05-04 09:37:24.558 11394 11421 I SystemServerTimingAsync: ssm.onUnlockingUser-0_com.android.server.pm.verify.domain.DomainVerificationService
05-04 09:37:24.558 11394 11421 I SystemServerTimingAsync: ssm.onUnlockingUser-0_com.android.server.pm.PackageInstallerService$Lifecycle
05-04 09:37:24.558 11394 11421 I SystemServerTimingAsync: ssm.onUnlockingUser-0_com.android.server.pm.UserManagerService$LifeCycle
05-04 09:37:24.558 11394 11421 I SystemServerTimingAsync: ssm.onUnlockingUser-0_com.android.server.om.OverlayManagerService
05-04 09:37:24.558 11394 11421 I SystemServerTimingAsync: ssm.onUnlockingUser-0_com.android.server.SensorPrivacyService
05-04 09:37:24.558 11394 11421 I SystemServerTimingAsync: ssm.onUnlockingUser-0_com.android.server.thunderperf.ThunderBoostPerfService
05-04 09:37:24.558 11394 11421 I SystemServerTimingAsync: ssm.onUnlockingUser-0_com.android.server.sensors.SensorService
05-04 09:37:24.558 11394 11421 I SystemServerTimingAsync: ssm.onUnlockingUser-0_com.android.server.SystemConfigService
05-04 09:37:24.558 11394 11421 I SystemServerTimingAsync: ssm.onUnlockingUser-0_com.android.server.BatteryService
05-04 09:37:24.558 11394 11421 I SystemServerTimingAsync: ssm.onUnlockingUser-0_com.android.server.usage.UsageStatsService
05-04 09:37:24.558 11394 11421 I SystemServerTimingAsync: ssm.onUnlockingUser-0_com.android.server.webkit.WebViewUpdateService
05-04 09:37:24.558 11394 11421 I SystemServerTimingAsync: ssm.onUnlockingUser-0_com.android.server.CachedDeviceStateService
05-04 09:37:24.558 11394 11421 I SystemServerTimingAsync: ssm.onUnlockingUser-0_com.android.server.BinderCallsStatsService$LifeCycle
05-04 09:37:24.558 11394 11421 I SystemServerTimingAsync: ssm.onUnlockingUser-0_com.android.server.LooperStatsService$Lifecycle
05-04 09:37:24.558 11394 11421 I SystemServerTimingAsync: ssm.onUnlockingUser-0_com.android.server.rollback.RollbackManagerService
05-04 09:37:24.559 11394 11421 I SystemServerTimingAsync: ssm.onUnlockingUser-0_com.android.server.os.NativeTombstoneManagerService
05-04 09:37:24.559 11394 11421 I SystemServerTimingAsync: ssm.onUnlockingUser-0_com.android.server.os.BugreportManagerService
05-04 09:37:24.559 11394 11421 I SystemServerTimingAsync: ssm.onUnlockingUser-0_com.android.server.gpu.GpuService
05-04 09:37:24.559 11394 11421 I SystemServerTimingAsync: ssm.onUnlockingUser-0_com.android.server.security.KeyChainSystemService
05-04 09:37:24.559 11394 11421 I SystemServerTimingAsync: ssm.onUnlockingUser-0_com.android.server.telecom.TelecomLoaderService
05-04 09:37:24.559 11394 11421 I SystemServerTimingAsync: ssm.onUnlockingUser-0_com.android.server.accounts.AccountManagerService$Lifecycle
05-04 09:37:24.559 11394 11421 I SystemServerTimingAsync: ssm.onUnlockingUser-0_com.android.server.content.ContentService$Lifecycle
05-04 09:37:24.559 11394 11421 I SystemServerTimingAsync: ssm.onUnlockingUser-0_com.android.server.DropBoxManagerService
05-04 09:37:24.559 11394 11421 I SystemServerTimingAsync: ssm.onUnlockingUser-0_com.android.role.RoleService
05-04 09:37:24.559 11394 11421 I SystemServerTimingAsync: ssm.onUnlockingUser-0_com.android.server.vibrator.VibratorManagerService$Lifecycle
05-04 09:37:24.559 11394 11421 I SystemServerTimingAsync: ssm.onUnlockingUser-0_com.android.server.alarm.AlarmManagerService
05-04 09:37:24.559 11394 11421 I SystemServerTimingAsync: ssm.onUnlockingUser-0_com.android.server.devicestate.DeviceStateManagerService
05-04 09:37:24.559 11394 11421 I SystemServerTimingAsync: ssm.onUnlockingUser-0_com.android.server.camera.CameraServiceProxy
05-04 09:37:24.559 11394 11421 I SystemServerTimingAsync: ssm.onUnlockingUser-0_com.android.server.BluetoothService
05-04 09:37:24.559 11394 11421 D BluetoothManagerService: User 0 unlocked
05-04 09:37:24.559 11394 11421 I SystemServerTimingAsync: ssm.onUnlockingUser-0_com.android.server.connectivity.IpConnectivityMetrics
05-04 09:37:24.559 11394 11421 I SystemServerTimingAsync: ssm.onUnlockingUser-0_com.android.server.net.watchlist.NetworkWatchlistService$Lifecycle
05-04 09:37:24.559 11394 11421 I SystemServerTimingAsync: ssm.onUnlockingUser-0_com.android.server.PinnerService
05-04 09:37:24.559 11394 11413 D BluetoothManagerService: MESSAGE_USER_UNLOCKED
05-04 09:37:24.559 11394 11421 I SystemServerTimingAsync: ssm.onUnlockingUser-0_com.google.android.startop.iorap.IorapForwardingService
05-04 09:37:24.559 11394 11421 I SystemServerTimingAsync: ssm.onUnlockingUser-0_com.android.server.ActivityTriggerService
05-04 09:37:24.559 11394 11421 I SystemServerTimingAsync: ssm.onUnlockingUser-0_com.android.server.integrity.AppIntegrityManagerService
05-04 09:37:24.559 11394 11421 I SystemServerTimingAsync: ssm.onUnlockingUser-0_com.android.server.inputmethod.InputMethodManagerService$Lifecycle
05-04 09:37:24.559 11394 11421 I SystemServerTimingAsync: ssm.onUnlockingUser-0_com.android.server.accessibility.AccessibilityManagerService$Lifecycle
05-04 09:37:24.559 11394 11421 I SystemServerTimingAsync: ssm.onUnlockingUser-0_com.android.server.StorageManagerService$Lifecycle
05-04 09:37:24.559 11394 11421 D StorageManagerService: onUnlockUser 0
05-04 09:37:24.559 11394 11421 I StorageSessionController: On user unlock 0
05-04 09:37:24.559 11394 11421 I StorageSessionController: Initialialising...
05-04 09:37:24.572 0 0 I zram : Cannot change disksize for initialized device
05-04 09:37:24.565 549 549 I vold : onUserStarted: 0
05-04 09:37:24.566 11394 11421 I SystemServerTimingAsync: ssm.onUnlockingUser-0_com.android.server.usage.StorageStatsService$Lifecycle
05-04 09:37:24.566 11394 11421 I SystemServerTimingAsync: ssm.onUnlockingUser-0_com.android.server.UiModeManagerService
05-04 09:37:24.566 11394 11421 I SystemServerTimingAsync: ssm.onUnlockingUser-0_com.android.server.locksettings.LockSettingsService$Lifecycle
05-04 09:37:24.566 11394 11421 I SystemServerTimingAsync: ssm.onUnlockingUser-0_com.android.server.PersistentDataBlockService
05-04 09:37:24.566 11394 11421 I SystemServerTimingAsync: ssm.onUnlockingUser-0_com.android.server.testharness.TestHarnessModeService
05-04 09:37:24.566 11394 11421 I SystemServerTimingAsync: ssm.onUnlockingUser-0_com.android.server.oemlock.OemLockService
05-04 09:37:24.566 11394 11421 I SystemServerTimingAsync: ssm.onUnlockingUser-0_com.android.server.DeviceIdleController
05-04 09:37:24.566 11394 11421 I SystemServerTimingAsync: ssm.onUnlockingUser-0_com.android.server.devicepolicy.DevicePolicyManagerService$Lifecycle
05-04 09:37:24.566 11394 11421 I SystemServerTimingAsync: ssm.onUnlockingUser-0_com.android.server.texttospeech.TextToSpeechManagerService
05-04 09:37:24.566 11394 11421 I SystemServerTimingAsync: ssm.onUnlockingUser-0_com.android.server.speech.SpeechRecognitionManagerService
05-04 09:37:24.566 11394 11421 I SystemServerTimingAsync: ssm.onUnlockingUser-0_com.android.server.searchui.SearchUiManagerService
05-04 09:37:24.567 11394 11421 I SystemServerTimingAsync: ssm.onUnlockingUser-0_com.android.server.smartspace.SmartspaceManagerService
05-04 09:37:24.567 11394 11421 I SystemServerTimingAsync: ssm.onUnlockingUser-0_com.android.server.graphics.fonts.FontManagerService$Lifecycle
05-04 09:37:24.567 11394 11421 I SystemServerTimingAsync: ssm.onUnlockingUser-0_com.android.server.textservices.TextServicesManagerService$Lifecycle
05-04 09:37:24.568 11394 11769 V StorageManagerService: Found primary storage at VolumeInfo{emulated;0}:
05-04 09:37:24.568 11394 11769 V StorageManagerService: type=EMULATED diskId=null partGuid= mountFlags=0 mountUserId=0
05-04 09:37:24.568 11394 11769 V StorageManagerService: state=UNMOUNTED
05-04 09:37:24.568 11394 11769 V StorageManagerService: fsType=null fsUuid=null fsLabel=null
05-04 09:37:24.568 11394 11769 V StorageManagerService: path=null internalPath=null
05-04 09:37:24.568 11394 11536 I StorageManagerService: Mounting volume VolumeInfo{emulated;0}:
05-04 09:37:24.568 11394 11536 I StorageManagerService: type=EMULATED diskId=null partGuid= mountFlags=PRIMARY|VISIBLE
05-04 09:37:24.568 11394 11536 I StorageManagerService: mountUserId=0 state=UNMOUNTED
05-04 09:37:24.568 11394 11536 I StorageManagerService: fsType=null fsUuid=null fsLabel=null
05-04 09:37:24.568 11394 11536 I StorageManagerService: path=null internalPath=null
05-04 09:37:24.568 549 549 I vold : Executing sdcardfs
05-04 09:37:24.569 549 549 D vold : Waiting for sdcardfs to spin up...
05-04 09:37:24.575 11394 11421 I SystemServerTimingAsync: ssm.onUnlockingUser-0_com.android.server.textclassifier.TextClassificationManagerService$Lifecycle
05-04 09:37:24.575 11394 11421 I SystemServerTimingAsync: ssm.onUnlockingUser-0_com.android.server.NetworkScoreService$Lifecycle
05-04 09:37:24.575 11394 11421 I SystemServerTimingAsync: ssm.onUnlockingUser-0_com.android.server.wifi.WifiService
05-04 09:37:24.576 11394 11421 I SystemServerTimingAsync: ssm.onUnlockingUser-0_com.android.server.wifi.scanner.WifiScanningService
05-04 09:37:24.576 11394 11421 I SystemServerTimingAsync: ssm.onUnlockingUser-0_com.android.server.wifi.rtt.RttService
05-04 09:37:24.576 11394 11421 I SystemServerTimingAsync: ssm.onUnlockingUser-0_com.android.server.wifi.aware.WifiAwareService
05-04 09:37:24.576 11394 11421 I SystemServerTimingAsync: ssm.onUnlockingUser-0_com.android.server.wifi.p2p.WifiP2pService
05-04 09:37:24.576 11394 11421 I SystemServerTimingAsync: ssm.onUnlockingUser-0_com.android.server.ethernet.EthernetService
05-04 09:37:24.576 11394 11421 I SystemServerTimingAsync: ssm.onUnlockingUser-0_com.android.server.ConnectivityServiceInitializer
05-04 09:37:24.576 11394 11421 I SystemServerTimingAsync: ssm.onUnlockingUser-0_com.android.server.notification.NotificationManagerService
05-04 09:37:24.576 11394 11421 I SystemServerTimingAsync: ssm.onUnlockingUser-0_com.android.server.storage.DeviceStorageMonitorService
05-04 09:37:24.576 11394 11421 I SystemServerTimingAsync: ssm.onUnlockingUser-0_com.android.server.location.LocationManagerService$Lifecycle
05-04 09:37:24.576 11394 11421 I SystemServerTimingAsync: ssm.onUnlockingUser-0_com.android.server.timedetector.TimeDetectorService$Lifecycle
05-04 09:37:24.576 11394 11421 I SystemServerTimingAsync: ssm.onUnlockingUser-0_com.android.server.timezonedetector.TimeZoneDetectorService$Lifecycle
05-04 09:37:24.576 11394 11421 I SystemServerTimingAsync: ssm.onUnlockingUser-0_com.android.server.timezonedetector.location.LocationTimeZoneManagerService$Lifecycle
05-04 09:37:24.576 11394 11421 I SystemServerTimingAsync: ssm.onUnlockingUser-0_com.android.server.search.SearchManagerService$Lifecycle
05-04 09:37:24.576 11394 11421 I SystemServerTimingAsync: ssm.onUnlockingUser-0_com.android.server.wallpaper.WallpaperManagerService$Lifecycle
05-04 09:37:24.576 11394 11421 I WallpaperManagerService: on-unlock-user-0
05-04 09:37:24.576 11394 11421 I SystemServerTimingAsync: ssm.onUnlockingUser-0_com.android.server.audio.AudioService$Lifecycle
05-04 09:37:24.576 11394 11421 I SystemServerTimingAsync: ssm.onUnlockingUser-0_com.android.server.soundtrigger_middleware.SoundTriggerMiddlewareService$Lifecycle
05-04 09:37:24.576 11394 11421 I SystemServerTimingAsync: ssm.onUnlockingUser-0_com.android.server.DockObserver
05-04 09:37:24.576 11394 11421 I SystemServerTimingAsync: ssm.onUnlockingUser-0_com.android.server.midi.MidiService$Lifecycle
05-04 09:37:24.577 11394 11421 I SystemServerTimingAsync: ssm.onUnlockingUser-0_com.android.server.adb.AdbService$Lifecycle
05-04 09:37:24.577 11394 11421 I SystemServerTimingAsync: ssm.onUnlockingUser-0_com.android.server.usb.UsbService$Lifecycle
05-04 09:37:24.577 11394 11421 I SystemServerTimingAsync: ssm.onUnlockingUser-0_com.android.server.twilight.TwilightService
05-04 09:37:24.577 11394 11421 I SystemServerTimingAsync: ssm.onUnlockingUser-0_com.android.server.display.color.ColorDisplayService
05-04 09:37:24.577 11394 11421 I SystemServerTimingAsync: ssm.onUnlockingUser-0_com.android.server.job.JobSchedulerService
05-04 09:37:24.577 11394 11421 I SystemServerTimingAsync: ssm.onUnlockingUser-0_com.android.server.soundtrigger.SoundTriggerService
05-04 09:37:24.577 11394 11411 W Looper : Drained
05-04 09:37:24.577 11394 11421 I SystemServerTimingAsync: ssm.onUnlockingUser-0_com.android.server.trust.TrustManagerService
05-04 09:37:24.577 11394 11421 I SystemServerTimingAsync: ssm.onUnlockingUser-0_com.android.server.backup.BackupManagerService$Lifecycle
05-04 09:37:24.577 11394 11421 I SystemServerTimingAsync: ssm.onUnlockingUser-0_com.android.server.appwidget.AppWidgetService
05-04 09:37:24.578 11394 11421 I SystemServerTimingAsync: ssm.onUnlockingUser-0_com.android.server.voiceinteraction.VoiceInteractionManagerService
05-04 09:37:24.578 11394 11421 W VoiceInteractionManager: no available voice recognition services found for user 0
05-04 09:37:24.578 12591 12591 W sdcard : Device explicitly enabled sdcardfs
05-04 09:37:24.578 11394 11577 I BackupManagerService: Starting service for user: 0
05-04 09:37:24.578 0 0 I : sdcardfs version 2.0
05-04 09:37:24.578 11394 11577 V BackupManagerService: [UserID:0] Starting with transport com.android.localtransport/.LocalTransport
05-04 09:37:24.579 11394 11577 D BackupManagerService: [UserID:0] Started thread backup-0
05-04 09:37:24.578 0 0 I sdcardfs: dev_name -> /data/media
05-04 09:37:24.578 0 0 I sdcardfs: options -> fsuid=1023,fsgid=1023,multiuser,derive_gid,default_normal,unshared_obb,mask=6,userid=0,gid=1015
05-04 09:37:24.578 0 0 I sdcardfs: mnt -> 00000000bc495c4a
05-04 09:37:24.578 0 0 I sdcardfs: mounted on top of /data/media type f2fs
05-04 09:37:24.578 0 0 I : Remount options were mask=23,gid=9997 for vfsmnt 00000000aa19eaa6.
05-04 09:37:24.578 0 0 I sdcardfs: options - debug:1
05-04 09:37:24.578 0 0 I sdcardfs: options - gid:9997
05-04 09:37:24.578 0 0 I sdcardfs: options - mask:23
05-04 09:37:24.578 0 0 I : Remount options were mask=7,gid=9997 for vfsmnt 00000000b7df9816.
05-04 09:37:24.578 0 0 I sdcardfs: options - debug:1
05-04 09:37:24.578 0 0 I sdcardfs: options - gid:9997
05-04 09:37:24.578 0 0 I sdcardfs: options - mask:7
05-04 09:37:24.579 0 0 I : Remount options were mask=7,gid=9997 for vfsmnt 00000000c033285d.
05-04 09:37:24.579 0 0 I sdcardfs: options - debug:1
05-04 09:37:24.579 0 0 I sdcardfs: options - gid:9997
05-04 09:37:24.579 0 0 I sdcardfs: options - mask:7
05-04 09:37:24.583 11394 11421 I SystemServerTimingAsync: ssm.onUnlockingUser-0_com.android.server.apphibernation.AppHibernationService
05-04 09:37:24.583 11394 11421 I SystemServerTimingAsync: ssm.onUnlockingUser-0_com.android.server.SensorNotificationService
05-04 09:37:24.583 11394 11421 I SystemServerTimingAsync: ssm.onUnlockingUser-0_com.android.server.emergency.EmergencyAffordanceService
05-04 09:37:24.583 11394 11421 I SystemServerTimingAsync: ssm.onUnlockingUser-0_com.android.server.blob.BlobStoreManagerService
05-04 09:37:24.583 11394 11421 I SystemServerTimingAsync: ssm.onUnlockingUser-0_com.android.server.dreams.DreamManagerService
05-04 09:37:24.583 11394 11421 I SystemServerTimingAsync: ssm.onUnlockingUser-0_com.android.server.companion.CompanionDeviceManagerService
05-04 09:37:24.583 11394 12398 I HibernationStateDiskStore: No hibernation file on disk for file /data/system_ce/0/hibernation/states
05-04 09:37:24.584 11394 11421 I CompanionDeviceManagerService: Read associations from disk: {0=[]}
05-04 09:37:24.584 11394 11421 I SystemServerTimingAsync: ssm.onUnlockingUser-0_com.android.server.restrictions.RestrictionsManagerService
05-04 09:37:24.584 11394 11421 I SystemServerTimingAsync: ssm.onUnlockingUser-0_com.android.server.media.MediaSessionService
05-04 09:37:24.584 11394 11421 I SystemServerTimingAsync: ssm.onUnlockingUser-0_com.android.server.media.MediaResourceMonitorService
05-04 09:37:24.584 11394 11421 I SystemServerTimingAsync: ssm.onUnlockingUser-0_com.android.server.biometrics.sensors.fingerprint.FingerprintService
05-04 09:37:24.584 11394 11421 I SystemServerTimingAsync: ssm.onUnlockingUser-0_com.android.server.biometrics.BiometricService
05-04 09:37:24.584 11394 11421 I SystemServerTimingAsync: ssm.onUnlockingUser-0_com.android.server.biometrics.AuthService
05-04 09:37:24.584 11394 11421 I SystemServerTimingAsync: ssm.onUnlockingUser-0_com.android.server.pm.ShortcutService$Lifecycle
05-04 09:37:24.584 11394 11421 I SystemServerTimingAsync: ssm.onUnlockingUser-0_com.android.server.pm.LauncherAppsService
05-04 09:37:24.584 11394 11421 I SystemServerTimingAsync: ssm.onUnlockingUser-0_com.android.server.pm.CrossProfileAppsService
05-04 09:37:24.584 11394 11421 I SystemServerTimingAsync: ssm.onUnlockingUser-0_com.android.server.people.PeopleService
05-04 09:37:24.584 11394 11421 I SystemServerTimingAsync: ssm.onUnlockingUser-0_com.android.server.media.metrics.MediaMetricsManagerService
05-04 09:37:24.584 11394 11421 I SystemServerTimingAsync: ssm.onUnlockingUser-0_com.android.server.media.projection.MediaProjectionManagerService
05-04 09:37:24.584 11394 11421 I SystemServerTimingAsync: ssm.onUnlockingUser-0_com.android.server.slice.SliceManagerService$Lifecycle
05-04 09:37:24.584 11394 11421 I SystemServerTimingAsync: ssm.onUnlockingUser-0_com.android.server.stats.StatsCompanion$Lifecycle
05-04 09:37:24.584 11394 11421 I SystemServerTimingAsync: ssm.onUnlockingUser-0_com.android.server.scheduling.RebootReadinessManagerService$Lifecycle
05-04 09:37:24.584 11394 11421 I SystemServerTimingAsync: ssm.onUnlockingUser-0_com.android.server.stats.pull.StatsPullAtomService
05-04 09:37:24.584 11394 11421 I SystemServerTimingAsync: ssm.onUnlockingUser-0_com.android.server.incident.IncidentCompanionService
05-04 09:37:24.584 11394 11421 I SystemServerTimingAsync: ssm.onUnlockingUser-0_com.android.server.MmsServiceBroker
05-04 09:37:24.584 11394 11421 I SystemServerTimingAsync: ssm.onUnlockingUser-0_com.android.server.autofill.AutofillManagerService
05-04 09:37:24.585 11394 11421 I SystemServerTimingAsync: ssm.onUnlockingUser-0_com.android.server.clipboard.ClipboardService
05-04 09:37:24.585 11394 11421 I SystemServerTimingAsync: ssm.onUnlockingUser-0_com.android.server.appbinding.AppBindingService$Lifecycle
05-04 09:37:24.585 11394 11421 W AppBindingService: [Default SMS app] u0 Target package not found
05-04 09:37:24.585 11394 11421 I SystemServerTimingAsync: ssm.onUnlockingUser-0_com.android.server.tracing.TracingServiceProxy
05-04 09:37:24.585 11394 11421 I SystemServerTimingAsync: ssm.onUnlockingUser-0_com.android.server.policy.PermissionPolicyService
05-04 09:37:24.585 11394 11421 I SystemServerTimingAsync: ssm.onUnlockingUser-0_com.android.server.pm.StagingManager$Lifecycle
05-04 09:37:24.585 11394 11421 I SystemServerTimingAsync: ssm.onUnlockingUser-0_com.android.server.app.GameManagerService$Lifecycle
05-04 09:37:24.585 11394 11421 I SystemServerTimingAsync: ssm.onUnlockingUser-0_com.android.server.appsearch.AppSearchManagerService
05-04 09:37:24.585 11394 11421 I SystemServerTimingAsync: ssm.onUnlockingUser-0_com.android.server.media.MediaCommunicationService
05-04 09:37:24.586 11394 11421 W ActivityManager: UserLifecycleEvent 5 received without an active userJourneySession.
