05-04 09:37:13.744 10296 10296 I wm_on_create_called: [228489615,com.tencent.mm.app.WeChatSplashActivity,performCreate]
05-04 09:37:13.770 10296 10296 I wm_on_start_called: [228489615,com.tencent.mm.app.WeChatSplashActivity,handleStartActivity]
05-04 09:37:13.771 10296 10296 I wm_on_resume_called: [228489615,com.tencent.mm.app.WeChatSplashActivity,RESUME_ACTIVITY]
05-04 09:37:13.774 10296 10296 I wm_on_top_resumed_gained_called: [228489615,com.tencent.mm.app.WeChatSplashActivity,topStateChangedWhenResumed]
05-04 09:37:13.777 7469 7490 I input_focus: [Focus request 121872a com.tencent.mm/com.tencent.mm.app.WeChatSplashActivity,reason=UpdateInputWindows]
05-04 09:37:13.798 0 0 I init : Sending signal 9 to service 'idmap2d' (pid 7571) process group...
05-04 09:37:13.804 0 0 I libprocessgroup: Successfully killed process cgroup uid 1000 pid 7571 in 5ms
05-04 09:37:13.794 7469 7486 I sysui_multi_action: [319,624,322,624,325,125,757,761,758,7,759,2,806,com.tencent.mm,871,com.tencent.mm.app.WeChatSplashActivity,904,com.tencent.mm,905,0,945,43,1320,4,1321,4]
05-04 09:37:13.795 7469 7486 I wm_activity_launch_time: [0,228489615,com.tencent.mm/.app.WeChatSplashActivity,624]
05-04 09:37:13.800 7689 7689 I sysui_heads_up_status: [-1|android|26|null|1000,0]
05-04 09:37:13.801 7469 7599 I input_focus: [Focus entering 76f1a1 com.tencent.mm/com.tencent.mm.ui.LauncherUI (server),reason=Window became focusable. Previous reason: NOT_VISIBLE]
05-04 09:37:13.801 7469 7599 I input_focus: [Focus leaving 76f1a1 com.tencent.mm/com.tencent.mm.ui.LauncherUI (server),reason=setFocusedWindow]
05-04 09:37:13.801 7469 7599 I input_focus: [Focus entering 121872a com.tencent.mm/com.tencent.mm.app.WeChatSplashActivity (server),reason=setFocusedWindow]
05-04 09:37:13.804 7469 7681 W OverlayManager: service 'idmap' died
05-04 09:37:13.806 0 0 I init : Control message: Processed ctl.stop for 'idmap2d' from pid: 7469 (system_server)
05-04 09:37:13.806 0 0 I init : Service 'idmap2d' (pid 7571) received signal 9
05-04 09:37:13.833 7469 8978 W FreeFormWindowHelper: Current Display FreeFormTask is Task{f5bfb57 #280 type=standard A=10098:com.tencent.mm U=0 visible=true mode=freeform translucent=false sz=2}
05-04 09:37:13.903 10296 10296 I wm_on_stop_called: [152813666,com.tencent.mm.ui.LauncherUI,handleRelaunchActivity]
05-04 09:37:13.904 10296 10296 I wm_on_destroy_called: [152813666,com.tencent.mm.ui.LauncherUI,performDestroy]
05-04 09:37:13.938 7469 7567 I netstats_mobile_sample: [0,0,0,0,0,0,0,0,0,0,0,0,1683164233938]
05-04 09:37:13.938 7469 7567 I netstats_wifi_sample: [405372,497,74231,448,405372,497,74231,448,498491,717,59471,399,1683164233938]
05-04 09:37:13.950 10296 10296 I wm_on_create_called: [152813666,com.tencent.mm.ui.LauncherUI,performCreate]
05-04 09:37:13.957 10296 10296 I wm_on_start_called: [152813666,com.tencent.mm.ui.LauncherUI,handleStartActivity]
05-04 09:37:13.962 10296 10296 I wm_on_resume_called: [152813666,com.tencent.mm.ui.LauncherUI,LIFECYCLER_RESUME_ACTIVITY]
05-04 09:37:13.970 10296 10296 I wm_on_paused_called: [152813666,com.tencent.mm.ui.LauncherUI,performPause]
05-04 09:37:13.989 7469 7673 I wm_finish_activity: [0,228489615,280,com.tencent.mm/.app.WeChatSplashActivity,app-request]
05-04 09:37:13.997 7469 8153 D CompatibilityChangeReporter: Compat change id reported: 157233955; UID 10098; state: DISABLED
05-04 09:37:14.000 7469 7673 I wm_pause_activity: [0,228489615,com.tencent.mm/.app.WeChatSplashActivity,userLeaving=false,finish]
05-04 09:37:14.019 10296 10296 I wm_on_top_resumed_lost_called: [228489615,com.tencent.mm.app.WeChatSplashActivity,topStateChangedWhenResumed]
05-04 09:37:14.021 10296 10296 I wm_on_paused_called: [228489615,com.tencent.mm.app.WeChatSplashActivity,performPause]
05-04 09:37:14.021 7469 7567 I ActivityTaskManager: FOREGROUND_APPLICATION_CHANGED to com.tencent.mm.ui.LauncherUI
05-04 09:37:14.022 7469 7599 I input_focus: [Focus leaving 121872a com.tencent.mm/com.tencent.mm.app.WeChatSplashActivity (server),reason=NO_WINDOW]
05-04 09:37:14.022 7469 7567 I wm_set_resumed_activity: [0,com.tencent.mm/.ui.LauncherUI,resumeTopActivityInnerLocked]
05-04 09:37:14.023 7469 7567 I wm_resume_activity: [0,152813666,280,com.tencent.mm/.ui.LauncherUI]
05-04 09:37:14.028 7469 7490 I input_focus: [Focus request fe76ec7 com.tencent.mm/com.tencent.mm.ui.LauncherUI,reason=UpdateInputWindows]
05-04 09:37:14.029 7469 7489 I sysui_multi_action: [757,803,799,window_time_2,802,1]
05-04 09:37:14.031 7469 7681 W BluetoothManagerService: psc is not null in bindBluetoothProfileService
05-04 09:37:14.033 10296 10296 I wm_on_activity_result_called: [152813666,com.tencent.mm.ui.LauncherUI,ACTIVITY_RESULT]
05-04 09:37:14.039 7469 7567 W BroadcastQueue: Permission Denial: receiving Intent { act=android.intent.action.BOOT_COMPLETED flg=0x89000010 (has extras) } to com.youku.phone/com.youku.service.push.receiver.LocalPushReceiver requires android.permission.RECEIVE_BOOT_COMPLETED due to sender null (uid 1000)
05-04 09:37:14.043 7469 7496 W BroadcastQueue: Permission Denial: receiving Intent { act=android.intent.action.BOOT_COMPLETED flg=0x89000010 (has extras) } to com.youku.phone/com.taobao.accs.EventReceiver requires android.permission.RECEIVE_BOOT_COMPLETED due to sender null (uid 1000)
05-04 09:37:14.043 7469 7496 I ActivityManager: Finished processing BOOT_COMPLETED for u0
05-04 09:37:14.044 7469 7496 W BroadcastQueue: Background execution not allowed: receiving Intent { act=android.intent.action.INPUT_METHOD_CHANGED flg=0x20000010 (has extras) } to com.baidu.input/.switchguide.InputMethodChangedReceiver
05-04 09:37:14.044 7469 7496 W BroadcastQueue: Target SDK mismatch: receiver ActivityInfo{b08d5c1 com.xiaomi.push.service.receivers.NetworkStatusReceiver} targets 29 but delivery restricted to [0, 23] broadcasting Intent { act=android.net.conn.CONNECTIVITY_CHANGE flg=0x4200010 (has extras) } from android (pid=7469, uid=1000) to cn.yonghui.hyd/com.xiaomi.push.service.receivers.NetworkStatusReceiver
05-04 09:37:14.044 7469 7496 W BroadcastQueue: Target SDK mismatch: receiver ActivityInfo{82a0166 com.xiaomi.push.service.receivers.NetworkStatusReceiver} targets 30 but delivery restricted to [0, 23] broadcasting Intent { act=android.net.conn.CONNECTIVITY_CHANGE flg=0x4200010 (has extras) } from android (pid=7469, uid=1000) to com.wudaokou.hippo/com.xiaomi.push.service.receivers.NetworkStatusReceiver
05-04 09:37:14.044 7469 7496 W BroadcastQueue: Target SDK mismatch: receiver ActivityInfo{133dca7 com.xiaomi.push.service.receivers.NetworkStatusReceiver} targets 31 but delivery restricted to [0, 23] broadcasting Intent { act=android.net.conn.CONNECTIVITY_CHANGE flg=0x4200010 (has extras) } from android (pid=7469, uid=1000) to com.youku.phone/com.xiaomi.push.service.receivers.NetworkStatusReceiver
05-04 09:37:14.044 7469 7496 W BroadcastQueue: Target SDK mismatch: receiver ActivityInfo{7a0554 com.igexin.sdk.PushReceiver} targets 29 but delivery restricted to [0, 23] broadcasting Intent { act=android.net.conn.CONNECTIVITY_CHANGE flg=0x4200010 (has extras) } from android (pid=7469, uid=1000) to cn.yonghui.hyd/com.igexin.sdk.PushReceiver
05-04 09:37:14.044 7469 7496 W BroadcastQueue: Target SDK mismatch: receiver ActivityInfo{48c0cfd com.happyelements.gsp.android.notification.gcn.GcnBroadcastReceiver} targets 26 but delivery restricted to [0, 23] broadcasting Intent { act=android.net.conn.CONNECTIVITY_CHANGE flg=0x4200010 (has extras) } from android (pid=7469, uid=1000) to com.happyelements.AndroidAnimal.qq/com.happyelements.gsp.android.notification.gcn.GcnBroadcastReceiver
05-04 09:37:14.044 7469 7496 W BroadcastQueue: Target SDK mismatch: receiver ActivityInfo{444cdf2 com.tencent.special.httpdns.Cache$ConnectReceiver} targets 28 but delivery restricted to [0, 23] broadcasting Intent { act=android.net.conn.CONNECTIVITY_CHANGE flg=0x4200010 (has extras) } from android (pid=7469, uid=1000) to com.qqgame.mic/com.tencent.special.httpdns.Cache$ConnectReceiver
05-04 09:37:14.044 7469 7496 W BroadcastQueue: Target SDK mismatch: receiver ActivityInfo{3379c43 com.tencent.mobileqq.msf.core.NetConnInfoCenter} targets 26 but delivery restricted to [0, 23] broadcasting Intent { act=android.net.conn.CONNECTIVITY_CHANGE flg=0x4200010 (has extras) } from android (pid=7469, uid=1000) to com.tencent.mobileqq/.msf.core.NetConnInfoCenter
05-04 09:37:14.044 7469 7496 W BroadcastQueue: Target SDK mismatch: receiver ActivityInfo{f1c22c0 com.igexin.sdk.PushReceiver} targets 29 but delivery restricted to [0, 23] broadcasting Intent { act=android.net.conn.CONNECTIVITY_CHANGE flg=0x4200010 (has extras) } from android (pid=7469, uid=1000) to com.wm.dmall/com.igexin.sdk.PushReceiver
05-04 09:37:14.044 7469 7496 W BroadcastQueue: Target SDK mismatch: receiver ActivityInfo{2117bf9 com.taobao.accs.EventReceiver} targets 30 but delivery restricted to [0, 23] broadcasting Intent { act=android.net.conn.CONNECTIVITY_CHANGE flg=0x4200010 (has extras) } from android (pid=7469, uid=1000) to com.wudaokou.hippo/com.taobao.accs.EventReceiver
05-04 09:37:14.044 7469 7496 W BroadcastQueue: Target SDK mismatch: receiver ActivityInfo{cdd73e com.taobao.orange.receiver.OrangeReceiver} targets 30 but delivery restricted to [0, 23] broadcasting Intent { act=android.net.conn.CONNECTIVITY_CHANGE flg=0x4200010 (has extras) } from android (pid=7469, uid=1000) to com.wudaokou.hippo/com.taobao.orange.receiver.OrangeReceiver
05-04 09:37:14.044 7469 7496 W BroadcastQueue: Target SDK mismatch: receiver ActivityInfo{72db99f cn.jpush.android.service.PushReceiver} targets 28 but delivery restricted to [0, 23] broadcasting Intent { act=android.net.conn.CONNECTIVITY_CHANGE flg=0x4200010 (has extras) } from android (pid=7469, uid=1000) to com.ximalaya.ting.android/cn.jpush.android.service.PushReceiver
05-04 09:37:14.044 7469 7496 W BroadcastQueue: Target SDK mismatch: receiver ActivityInfo{d00aaec com.taobao.accs.EventReceiver} targets 31 but delivery restricted to [0, 23] broadcasting Intent { act=android.net.conn.CONNECTIVITY_CHANGE flg=0x4200010 (has extras) } from android (pid=7469, uid=1000) to com.youku.phone/com.taobao.accs.EventReceiver
05-04 09:37:14.047 7469 7496 W BroadcastQueue: Target SDK mismatch: receiver ActivityInfo{be4deb5 com.taobao.orange.receiver.OrangeReceiver} targets 31 but delivery restricted to [0, 23] broadcasting Intent { act=android.net.conn.CONNECTIVITY_CHANGE flg=0x4200010 (has extras) } from android (pid=7469, uid=1000) to com.youku.phone/com.taobao.orange.receiver.OrangeReceiver
05-04 09:37:14.048 7469 7496 I am_uid_running: 10027
05-04 09:37:14.048 7469 7496 D CompatibilityChangeReporter: Compat change id reported: 135634846; UID 10027; state: DISABLED
05-04 09:37:14.048 7469 7496 D CompatibilityChangeReporter: Compat change id reported: 177438394; UID 10027; state: DISABLED
05-04 09:37:14.048 7469 7496 D CompatibilityChangeReporter: Compat change id reported: 135772972; UID 10027; state: DISABLED
05-04 09:37:14.048 7469 7496 D CompatibilityChangeReporter: Compat change id reported: 135754954; UID 10027; state: ENABLED
05-04 09:37:14.048 7469 7497 D CompatibilityChangeReporter: Compat change id reported: 143937733; UID 10027; state: ENABLED
05-04 09:37:14.054 7469 7599 I input_focus: [Focus entering fe76ec7 com.tencent.mm/com.tencent.mm.ui.LauncherUI (server),reason=setFocusedWindow]
05-04 09:37:14.058 7469 7497 I am_proc_start: [0,10490,10027,com.android.externalstorage,broadcast,{com.android.externalstorage/com.android.externalstorage.MountReceiver}]
05-04 09:37:14.058 7469 7497 I ActivityManager: Start proc 10490:com.android.externalstorage/u0a27 for broadcast {com.android.externalstorage/com.android.externalstorage.MountReceiver}
05-04 09:37:14.078 0 0 I binder : 10490:10490 ioctl 40046210 7fed10e184 returned -22
05-04 09:37:14.089 7469 8153 I am_proc_bound: [0,10490,com.android.externalstorage]
05-04 09:37:14.090 7469 8153 D CompatibilityChangeReporter: Compat change id reported: 168419799; UID 10027; state: DISABLED
05-04 09:37:14.131 7469 7681 W FreeFormWindowHelper: Current Display FreeFormTask is Task{f5bfb57 #280 type=standard A=10098:com.tencent.mm U=0 visible=true mode=freeform translucent=false sz=2}
05-04 09:37:14.133 7469 7489 I wm_destroy_activity: [0,228489615,280,com.tencent.mm/.app.WeChatSplashActivity,finish-transit]
05-04 09:37:14.148 10245 10245 I auditd : type=1400 audit(0.0:10541): avc: denied { read } for comm="mars::10524" name="route" dev="proc" ino=4026532257 scontext=u:r:untrusted_app_29:s0:c98,c256,c512,c768 tcontext=u:object_r:proc_net:s0 tclass=file permissive=1 app=com.tencent.mm
05-04 09:37:14.148 10245 10245 I auditd : type=1400 audit(0.0:10542): avc: denied { open } for comm="mars::10524" path="/proc/10245/net/route" dev="proc" ino=4026532257 scontext=u:r:untrusted_app_29:s0:c98,c256,c512,c768 tcontext=u:object_r:proc_net:s0 tclass=file permissive=1 app=com.tencent.mm
05-04 09:37:14.148 10245 10245 I auditd : type=1400 audit(0.0:10543): avc: denied { getattr } for comm="mars::10524" path="/proc/10245/net/route" dev="proc" ino=4026532257 scontext=u:r:untrusted_app_29:s0:c98,c256,c512,c768 tcontext=u:object_r:proc_net:s0 tclass=file permissive=1 app=com.tencent.mm
05-04 09:37:14.148 10245 10245 I auditd : type=1400 audit(0.0:10544): avc: denied { open } for comm="mars::10524" path="/dev/__properties__/u:object_r:net_dns_prop:s0" dev="tmpfs" ino=15582 scontext=u:r:untrusted_app_29:s0:c98,c256,c512,c768 tcontext=u:object_r:net_dns_prop:s0 tclass=file permissive=1 app=com.tencent.mm
05-04 09:37:14.148 10245 10245 I auditd : type=1400 audit(0.0:10545): avc: denied { getattr } for comm="mars::10524" path="/dev/__properties__/u:object_r:net_dns_prop:s0" dev="tmpfs" ino=15582 scontext=u:r:untrusted_app_29:s0:c98,c256,c512,c768 tcontext=u:object_r:net_dns_prop:s0 tclass=file permissive=1 app=com.tencent.mm
05-04 09:37:14.187 0 0 W audit : audit_lost=10295 audit_rate_limit=5 audit_backlog_limit=64
05-04 09:37:14.187 0 0 E audit : rate limit exceeded
05-04 09:37:14.246 7469 7567 I sysui_multi_action: [757,128,758,1,793,6822,794,0,795,6822,796,27,798,1,806,android,857,USB,858,1,947,0,1395,2,1500,6392,1688,1]
05-04 09:37:14.246 7469 7567 I sysui_multi_action: [757,804,799,note_freshness,801,6822,802,1]
05-04 09:37:14.246 7469 7567 I notification_visibility: [-1|android|27|null|1000,1,6822,6822,0,1]
05-04 09:37:14.249 7469 8153 I sysui_multi_action: [757,128,758,2,793,6825,794,5638,795,6825,796,26,798,0,806,android,857,DEVELOPER_IMPORTANT,858,4,947,0,1395,2,1500,6394,1688,1]
05-04 09:37:14.249 7469 8153 I notification_visibility: [-1|android|26|null|1000,0,6825,6825,0,0]
05-04 09:37:14.249 7469 8153 I sysui_multi_action: [757,128,758,2,793,6825,794,3,795,6825,796,27,798,1,806,android,857,USB,858,1,947,0,1395,2,1500,6395,1688,1]
05-04 09:37:14.249 7469 8153 I notification_visibility: [-1|android|27|null|1000,0,6825,6825,0,1]
05-04 09:37:14.252 7469 7567 I sysui_multi_action: [757,127,758,2]
05-04 09:37:14.252 7469 7567 I notification_panel_hidden:
05-04 09:37:14.284 7469 7823 I ntp_failure: [time.android.com/216.239.35.8,java.net.SocketTimeoutException: Poll timed out]
05-04 09:37:14.288 7469 7681 I am_uid_running: 10073
05-04 09:37:14.288 7469 7681 D CompatibilityChangeReporter: Compat change id reported: 135634846; UID 10073; state: DISABLED
05-04 09:37:14.288 7469 7681 D CompatibilityChangeReporter: Compat change id reported: 177438394; UID 10073; state: DISABLED
05-04 09:37:14.288 7469 7681 D CompatibilityChangeReporter: Compat change id reported: 135772972; UID 10073; state: DISABLED
05-04 09:37:14.288 7469 7681 D CompatibilityChangeReporter: Compat change id reported: 135754954; UID 10073; state: ENABLED
05-04 09:37:14.288 7469 7497 D CompatibilityChangeReporter: Compat change id reported: 143937733; UID 10073; state: ENABLED
05-04 09:37:14.303 7469 7497 I am_proc_start: [0,10553,10073,com.qti.ltebc,broadcast,{com.qti.ltebc/com.qualcomm.ltebc.LTEBroadcastReceiver}]
05-04 09:37:14.303 7469 7497 I ActivityManager: Start proc 10553:com.qti.ltebc/u0a73 for broadcast {com.qti.ltebc/com.qualcomm.ltebc.LTEBroadcastReceiver}
05-04 09:37:14.311 7469 8978 W ActivityManager: Background start not allowed: service Intent { cmp=com.tencent.android.qqdownloader/com.tencent.assistant.main.MainService } to com.tencent.android.qqdownloader/com.tencent.assistant.main.MainService from pid=8995 uid=10095 pkg=com.tencent.android.qqdownloader startFg?=false
05-04 09:37:14.316 0 0 I binder : 10553:10553 ioctl 40046210 7fed10e184 returned -22
05-04 09:37:14.316 7469 8978 W ActivityManager: Background start not allowed: service Intent { cmp=com.tencent.android.qqdownloader/com.tencent.assistant.daemon.CoreService (has extras) } to com.tencent.android.qqdownloader/com.tencent.assistant.daemon.CoreService from pid=8995 uid=10095 pkg=com.tencent.android.qqdownloader startFg?=false
05-04 09:37:14.322 7469 8978 W ActivityManager: Background start not allowed: service Intent { cmp=com.tencent.android.qqdownloader/com.tencent.assistant.main.MainService } to com.tencent.android.qqdownloader/com.tencent.assistant.main.MainService from pid=8995 uid=10095 pkg=com.tencent.android.qqdownloader startFg?=false
05-04 09:37:14.324 7469 8978 W ActivityManager: Background start not allowed: service Intent { cmp=com.tencent.android.qqdownloader/com.tencent.assistant.main.MainService } to com.tencent.android.qqdownloader/com.tencent.assistant.main.MainService from pid=8995 uid=10095 pkg=com.tencent.android.qqdownloader startFg?=false
05-04 09:37:14.326 7469 8978 W ActivityManager: Background start not allowed: service Intent { cmp=com.tencent.android.qqdownloader/com.tencent.assistant.main.MainService } to com.tencent.android.qqdownloader/com.tencent.assistant.main.MainService from pid=8995 uid=10095 pkg=com.tencent.android.qqdownloader startFg?=false
05-04 09:37:14.328 7469 7681 I am_proc_bound: [0,10553,com.qti.ltebc]
05-04 09:37:14.329 7469 7681 D CompatibilityChangeReporter: Compat change id reported: 168419799; UID 10073; state: DISABLED
05-04 09:37:14.332 7469 7681 I am_uid_active: 10073
05-04 09:37:14.345 7469 7673 W ActivityManager: Background start not allowed: service Intent { cmp=com.tencent.android.qqdownloader/com.tencent.assistant.main.MainService } to com.tencent.android.qqdownloader/com.tencent.assistant.main.MainService from pid=8995 uid=10095 pkg=com.tencent.android.qqdownloader startFg?=false
05-04 09:37:14.347 7469 7681 W ActivityManager: Background start not allowed: service Intent { cmp=com.tencent.android.qqdownloader/com.tencent.assistant.main.MainService } to com.tencent.android.qqdownloader/com.tencent.assistant.main.MainService from pid=8995 uid=10095 pkg=com.tencent.android.qqdownloader startFg?=false
05-04 09:37:14.350 7469 7681 W ActivityManager: Background start not allowed: service Intent { cmp=com.tencent.android.qqdownloader/com.tencent.assistant.main.MainService } to com.tencent.android.qqdownloader/com.tencent.assistant.main.MainService from pid=8995 uid=10095 pkg=com.tencent.android.qqdownloader startFg?=false
05-04 09:37:14.354 7469 7567 W ActivityManager: Background start not allowed: service Intent { cmp=com.tencent.android.qqdownloader/com.tencent.assistant.main.MainService } to com.tencent.android.qqdownloader/com.tencent.assistant.main.MainService from pid=8995 uid=10095 pkg=com.tencent.android.qqdownloader startFg?=false
05-04 09:37:14.355 7469 7673 W ActivityManager: Background start not allowed: service Intent { cmp=com.tencent.android.qqdownloader/com.tencent.assistant.main.MainService } to com.tencent.android.qqdownloader/com.tencent.assistant.main.MainService from pid=8995 uid=10095 pkg=com.tencent.android.qqdownloader startFg?=false
05-04 09:37:14.358 7469 7673 W ActivityManager: Background start not allowed: service Intent { cmp=com.tencent.android.qqdownloader/com.tencent.assistant.main.MainService } to com.tencent.android.qqdownloader/com.tencent.assistant.main.MainService from pid=8995 uid=10095 pkg=com.tencent.android.qqdownloader startFg?=false
05-04 09:37:14.359 7469 7673 W ActivityManager: Background start not allowed: service Intent { cmp=com.tencent.android.qqdownloader/com.tencent.assistant.main.MainService } to com.tencent.android.qqdownloader/com.tencent.assistant.main.MainService from pid=8995 uid=10095 pkg=com.tencent.android.qqdownloader startFg?=false
05-04 09:37:14.363 7469 7673 W ActivityManager: Background start not allowed: service Intent { cmp=com.tencent.android.qqdownloader/com.tencent.assistant.main.MainService } to com.tencent.android.qqdownloader/com.tencent.assistant.main.MainService from pid=8995 uid=10095 pkg=com.tencent.android.qqdownloader startFg?=false
05-04 09:37:14.364 7469 7673 W ActivityManager: Background start not allowed: service Intent { cmp=com.tencent.android.qqdownloader/com.tencent.assistant.main.MainService } to com.tencent.android.qqdownloader/com.tencent.assistant.main.MainService from pid=8995 uid=10095 pkg=com.tencent.android.qqdownloader startFg?=false
05-04 09:37:14.365 7469 7673 W ActivityManager: Background start not allowed: service Intent { cmp=com.tencent.android.qqdownloader/com.tencent.assistant.main.MainService } to com.tencent.android.qqdownloader/com.tencent.assistant.main.MainService from pid=8995 uid=10095 pkg=com.tencent.android.qqdownloader startFg?=false
05-04 09:37:14.367 7469 7567 W ActivityManager: Background start not allowed: service Intent { cmp=com.tencent.android.qqdownloader/com.tencent.assistant.main.MainService } to com.tencent.android.qqdownloader/com.tencent.assistant.main.MainService from pid=8995 uid=10095 pkg=com.tencent.android.qqdownloader startFg?=false
05-04 09:37:14.377 10296 10296 I wm_on_resume_called: [152813666,com.tencent.mm.ui.LauncherUI,RESUME_ACTIVITY]
05-04 09:37:14.379 10296 10296 I wm_on_top_resumed_gained_called: [152813666,com.tencent.mm.ui.LauncherUI,topWhenResuming]
05-04 09:37:14.385 7469 7567 W ActivityManager: Background start not allowed: service Intent { cmp=com.tencent.android.qqdownloader/com.tencent.assistant.main.MainService } to com.tencent.android.qqdownloader/com.tencent.assistant.main.MainService from pid=8995 uid=10095 pkg=com.tencent.android.qqdownloader startFg?=false
05-04 09:37:14.387 7469 7673 W ActivityManager: Background start not allowed: service Intent { cmp=com.tencent.android.qqdownloader/com.tencent.assistant.main.MainService } to com.tencent.android.qqdownloader/com.tencent.assistant.main.MainService from pid=8995 uid=10095 pkg=com.tencent.android.qqdownloader startFg?=false
05-04 09:37:14.389 7469 7673 W ActivityManager: Background start not allowed: service Intent { cmp=com.tencent.android.qqdownloader/com.tencent.assistant.main.MainService } to com.tencent.android.qqdownloader/com.tencent.assistant.main.MainService from pid=8995 uid=10095 pkg=com.tencent.android.qqdownloader startFg?=false
05-04 09:37:14.398 7469 7567 W ActivityManager: Background start not allowed: service Intent { cmp=com.tencent.android.qqdownloader/com.tencent.assistant.main.MainService } to com.tencent.android.qqdownloader/com.tencent.assistant.main.MainService from pid=8995 uid=10095 pkg=com.tencent.android.qqdownloader startFg?=false
05-04 09:37:14.403 7469 7567 W ActivityManager: Background start not allowed: service Intent { cmp=com.tencent.android.qqdownloader/com.tencent.assistant.main.MainService } to com.tencent.android.qqdownloader/com.tencent.assistant.main.MainService from pid=8995 uid=10095 pkg=com.tencent.android.qqdownloader startFg?=false
05-04 09:37:14.405 7469 8978 W ActivityManager: Background start not allowed: service Intent { cmp=com.tencent.android.qqdownloader/com.tencent.assistant.main.MainService } to com.tencent.android.qqdownloader/com.tencent.assistant.main.MainService from pid=8995 uid=10095 pkg=com.tencent.android.qqdownloader startFg?=false
05-04 09:37:14.408 7469 8978 W ActivityManager: Background start not allowed: service Intent { cmp=com.tencent.android.qqdownloader/com.tencent.assistant.main.MainService } to com.tencent.android.qqdownloader/com.tencent.assistant.main.MainService from pid=8995 uid=10095 pkg=com.tencent.android.qqdownloader startFg?=false
05-04 09:37:14.410 7469 7567 W ActivityManager: Background start not allowed: service Intent { cmp=com.tencent.android.qqdownloader/com.tencent.assistant.main.MainService } to com.tencent.android.qqdownloader/com.tencent.assistant.main.MainService from pid=8995 uid=10095 pkg=com.tencent.android.qqdownloader startFg?=false
05-04 09:37:14.411 7469 7567 W ActivityManager: Background start not allowed: service Intent { cmp=com.tencent.android.qqdownloader/com.tencent.assistant.main.MainService } to com.tencent.android.qqdownloader/com.tencent.assistant.main.MainService from pid=8995 uid=10095 pkg=com.tencent.android.qqdownloader startFg?=false
05-04 09:37:14.414 7469 8978 W ActivityManager: Background start not allowed: service Intent { cmp=com.tencent.android.qqdownloader/com.tencent.assistant.main.MainService } to com.tencent.android.qqdownloader/com.tencent.assistant.main.MainService from pid=8995 uid=10095 pkg=com.tencent.android.qqdownloader startFg?=false
05-04 09:37:14.415 7469 8978 W ActivityManager: Background start not allowed: service Intent { cmp=com.tencent.android.qqdownloader/com.tencent.assistant.main.MainService } to com.tencent.android.qqdownloader/com.tencent.assistant.main.MainService from pid=8995 uid=10095 pkg=com.tencent.android.qqdownloader startFg?=false
05-04 09:37:14.423 7469 8978 W ActivityManager: Background start not allowed: service Intent { cmp=com.tencent.android.qqdownloader/com.tencent.assistant.main.MainService } to com.tencent.android.qqdownloader/com.tencent.assistant.main.MainService from pid=8995 uid=10095 pkg=com.tencent.android.qqdownloader startFg?=false
05-04 09:37:14.424 7469 8978 W ActivityManager: Background start not allowed: service Intent { cmp=com.tencent.android.qqdownloader/com.tencent.assistant.main.MainService } to com.tencent.android.qqdownloader/com.tencent.assistant.main.MainService from pid=8995 uid=10095 pkg=com.tencent.android.qqdownloader startFg?=false
05-04 09:37:14.428 7469 8978 W ActivityManager: Background start not allowed: service Intent { cmp=com.tencent.android.qqdownloader/com.tencent.assistant.main.MainService } to com.tencent.android.qqdownloader/com.tencent.assistant.main.MainService from pid=8995 uid=10095 pkg=com.tencent.android.qqdownloader startFg?=false
05-04 09:37:14.490 7469 7567 W ActivityManager: Background start not allowed: service Intent { cmp=com.tencent.android.qqdownloader/com.tencent.assistant.main.MainService } to com.tencent.android.qqdownloader/com.tencent.assistant.main.MainService from pid=8995 uid=10095 pkg=com.tencent.android.qqdownloader startFg?=false
05-04 09:37:14.510 7469 7756 I commit_sys_config_file: [appops,19]
05-04 09:37:14.514 7469 8978 W ActivityManager: Background start not allowed: service Intent { cmp=com.tencent.android.qqdownloader/com.tencent.assistant.main.MainService } to com.tencent.android.qqdownloader/com.tencent.assistant.main.MainService from pid=8995 uid=10095 pkg=com.tencent.android.qqdownloader startFg?=false
05-04 09:37:14.523 10296 10357 E ActivityThread: Failed to find provider info for com.android.badge
05-04 09:37:14.523 10296 10389 E ActivityThread: Failed to find provider info for com.android.badge
05-04 09:37:14.524 10296 10330 E ActivityThread: Failed to find provider info for com.huawei.android.launcher.settings
05-04 09:37:14.605 7469 7567 W ActivityManager: Background start not allowed: service Intent { cmp=com.tencent.android.qqdownloader/com.tencent.assistant.main.MainService } to com.tencent.android.qqdownloader/com.tencent.assistant.main.MainService from pid=8995 uid=10095 pkg=com.tencent.android.qqdownloader startFg?=false
05-04 09:37:14.621 7469 8978 W ActivityManager: Background start not allowed: service Intent { cmp=com.tencent.android.qqdownloader/com.tencent.assistant.main.MainService } to com.tencent.android.qqdownloader/com.tencent.assistant.main.MainService from pid=8995 uid=10095 pkg=com.tencent.android.qqdownloader startFg?=false
05-04 09:37:14.635 7469 7681 W ActivityManager: Background start not allowed: service Intent { cmp=com.tencent.android.qqdownloader/com.tencent.assistant.main.MainService } to com.tencent.android.qqdownloader/com.tencent.assistant.main.MainService from pid=8995 uid=10095 pkg=com.tencent.android.qqdownloader startFg?=false
05-04 09:37:14.639 7469 7681 W ActivityManager: Background start not allowed: service Intent { cmp=com.tencent.android.qqdownloader/com.tencent.assistant.main.MainService } to com.tencent.android.qqdownloader/com.tencent.assistant.main.MainService from pid=8995 uid=10095 pkg=com.tencent.android.qqdownloader startFg?=false
05-04 09:37:14.642 7469 7673 W ActivityManager: Background start not allowed: service Intent { cmp=com.tencent.android.qqdownloader/com.tencent.assistant.main.MainService } to com.tencent.android.qqdownloader/com.tencent.assistant.main.MainService from pid=8995 uid=10095 pkg=com.tencent.android.qqdownloader startFg?=false
05-04 09:37:14.645 7469 7673 W ActivityManager: Background start not allowed: service Intent { cmp=com.tencent.android.qqdownloader/com.tencent.assistant.main.MainService } to com.tencent.android.qqdownloader/com.tencent.assistant.main.MainService from pid=8995 uid=10095 pkg=com.tencent.android.qqdownloader startFg?=false
05-04 09:37:14.653 7469 7681 W ActivityManager: Background start not allowed: service Intent { cmp=com.tencent.android.qqdownloader/com.tencent.assistant.main.MainService } to com.tencent.android.qqdownloader/com.tencent.assistant.main.MainService from pid=8995 uid=10095 pkg=com.tencent.android.qqdownloader startFg?=false
05-04 09:37:14.666 7469 7681 W ActivityManager: Background start not allowed: service Intent { cmp=com.tencent.android.qqdownloader/com.tencent.assistant.main.MainService } to com.tencent.android.qqdownloader/com.tencent.assistant.main.MainService from pid=8995 uid=10095 pkg=com.tencent.android.qqdownloader startFg?=false
05-04 09:37:14.675 7469 7673 W ActivityManager: Background start not allowed: service Intent { cmp=com.tencent.android.qqdownloader/com.tencent.assistant.main.MainService } to com.tencent.android.qqdownloader/com.tencent.assistant.main.MainService from pid=8995 uid=10095 pkg=com.tencent.android.qqdownloader startFg?=false
05-04 09:37:14.678 7469 7673 W ActivityManager: Background start not allowed: service Intent { cmp=com.tencent.android.qqdownloader/com.tencent.assistant.main.MainService } to com.tencent.android.qqdownloader/com.tencent.assistant.main.MainService from pid=8995 uid=10095 pkg=com.tencent.android.qqdownloader startFg?=false
05-04 09:37:14.679 7469 7673 W ActivityManager: Background start not allowed: service Intent { cmp=com.tencent.android.qqdownloader/com.tencent.assistant.main.MainService } to com.tencent.android.qqdownloader/com.tencent.assistant.main.MainService from pid=8995 uid=10095 pkg=com.tencent.android.qqdownloader startFg?=false
05-04 09:37:14.682 7469 7681 W ActivityManager: Background start not allowed: service Intent { cmp=com.tencent.android.qqdownloader/com.tencent.assistant.main.MainService } to com.tencent.android.qqdownloader/com.tencent.assistant.main.MainService from pid=8995 uid=10095 pkg=com.tencent.android.qqdownloader startFg?=false
05-04 09:37:14.683 7469 7681 W ActivityManager: Background start not allowed: service Intent { cmp=com.tencent.android.qqdownloader/com.tencent.assistant.main.MainService } to com.tencent.android.qqdownloader/com.tencent.assistant.main.MainService from pid=8995 uid=10095 pkg=com.tencent.android.qqdownloader startFg?=false
05-04 09:37:14.688 7469 7673 W ActivityManager: Background start not allowed: service Intent { cmp=com.tencent.android.qqdownloader/com.tencent.assistant.main.MainService } to com.tencent.android.qqdownloader/com.tencent.assistant.main.MainService from pid=8995 uid=10095 pkg=com.tencent.android.qqdownloader startFg?=false
05-04 09:37:14.689 7469 7673 W ActivityManager: Background start not allowed: service Intent { cmp=com.tencent.android.qqdownloader/com.tencent.assistant.main.MainService } to com.tencent.android.qqdownloader/com.tencent.assistant.main.MainService from pid=8995 uid=10095 pkg=com.tencent.android.qqdownloader startFg?=false
05-04 09:37:14.696 7469 7673 W ActivityManager: Background start not allowed: service Intent { cmp=com.tencent.android.qqdownloader/com.tencent.assistant.main.MainService } to com.tencent.android.qqdownloader/com.tencent.assistant.main.MainService from pid=8995 uid=10095 pkg=com.tencent.android.qqdownloader startFg?=false
05-04 09:37:14.697 7469 7681 W ActivityManager: Background start not allowed: service Intent { cmp=com.tencent.android.qqdownloader/com.tencent.assistant.main.MainService } to com.tencent.android.qqdownloader/com.tencent.assistant.main.MainService from pid=8995 uid=10095 pkg=com.tencent.android.qqdownloader startFg?=false
05-04 09:37:14.700 7469 7681 W ActivityManager: Background start not allowed: service Intent { cmp=com.tencent.android.qqdownloader/com.tencent.assistant.main.MainService } to com.tencent.android.qqdownloader/com.tencent.assistant.main.MainService from pid=8995 uid=10095 pkg=com.tencent.android.qqdownloader startFg?=false
05-04 09:37:14.701 7469 7681 W ActivityManager: Background start not allowed: service Intent { cmp=com.tencent.android.qqdownloader/com.tencent.assistant.main.MainService } to com.tencent.android.qqdownloader/com.tencent.assistant.main.MainService from pid=8995 uid=10095 pkg=com.tencent.android.qqdownloader startFg?=false
05-04 09:37:14.710 7469 7681 W ActivityManager: Background start not allowed: service Intent { cmp=com.tencent.android.qqdownloader/com.tencent.assistant.main.MainService } to com.tencent.android.qqdownloader/com.tencent.assistant.main.MainService from pid=8995 uid=10095 pkg=com.tencent.android.qqdownloader startFg?=false
05-04 09:37:14.723 7469 7681 W ActivityManager: Background start not allowed: service Intent { cmp=com.tencent.android.qqdownloader/com.tencent.assistant.main.MainService } to com.tencent.android.qqdownloader/com.tencent.assistant.main.MainService from pid=8995 uid=10095 pkg=com.tencent.android.qqdownloader startFg?=false
05-04 09:37:14.737 7469 7681 W ActivityManager: Background start not allowed: service Intent { cmp=com.tencent.android.qqdownloader/com.tencent.assistant.main.MainService } to com.tencent.android.qqdownloader/com.tencent.assistant.main.MainService from pid=8995 uid=10095 pkg=com.tencent.android.qqdownloader startFg?=false
05-04 09:37:14.758 7469 7681 W ActivityManager: Background start not allowed: service Intent { cmp=com.tencent.android.qqdownloader/com.tencent.assistant.main.MainService } to com.tencent.android.qqdownloader/com.tencent.assistant.main.MainService from pid=8995 uid=10095 pkg=com.tencent.android.qqdownloader startFg?=false
05-04 09:37:14.763 7469 7681 W ActivityManager: Background start not allowed: service Intent { cmp=com.tencent.android.qqdownloader/com.tencent.assistant.main.MainService } to com.tencent.android.qqdownloader/com.tencent.assistant.main.MainService from pid=8995 uid=10095 pkg=com.tencent.android.qqdownloader startFg?=false
05-04 09:37:14.764 7469 7681 W ActivityManager: Background start not allowed: service Intent { cmp=com.tencent.android.qqdownloader/com.tencent.assistant.main.MainService } to com.tencent.android.qqdownloader/com.tencent.assistant.main.MainService from pid=8995 uid=10095 pkg=com.tencent.android.qqdownloader startFg?=false
05-04 09:37:14.768 7469 7483 W ActivityManager: Background start not allowed: service Intent { cmp=com.tencent.android.qqdownloader/com.tencent.assistant.main.MainService } to com.tencent.android.qqdownloader/com.tencent.assistant.main.MainService from pid=8995 uid=10095 pkg=com.tencent.android.qqdownloader startFg?=false
05-04 09:37:14.775 0 0 I msm_vidc: high: 00000001: ....e: Opening video instance: 0000000000000000, 0
05-04 09:37:14.776 7469 7483 W ActivityManager: Background start not allowed: service Intent { cmp=com.tencent.android.qqdownloader/com.tencent.assistant.main.MainService } to com.tencent.android.qqdownloader/com.tencent.assistant.main.MainService from pid=8995 uid=10095 pkg=com.tencent.android.qqdownloader startFg?=false
05-04 09:37:14.775 0 0 I msm_vidc: err : 00000001: ....e: Failed to create debugfs for msm_vidc
05-04 09:37:14.779 7469 7483 W ActivityManager: Background start not allowed: service Intent { cmp=com.tencent.android.qqdownloader/com.tencent.assistant.main.MainService } to com.tencent.android.qqdownloader/com.tencent.assistant.main.MainService from pid=8995 uid=10095 pkg=com.tencent.android.qqdownloader startFg?=false
05-04 09:37:14.811 0 0 I msm_vidc: high: 00000001: h264e: Closed video instance: 0000000000000000
05-04 09:37:14.819 7469 7483 W ActivityManager: Background start not allowed: service Intent { cmp=com.tencent.android.qqdownloader/com.tencent.assistant.main.MainService } to com.tencent.android.qqdownloader/com.tencent.assistant.main.MainService from pid=8995 uid=10095 pkg=com.tencent.android.qqdownloader startFg?=false
05-04 09:37:14.830 7469 7483 W ActivityManager: Background start not allowed: service Intent { cmp=com.tencent.android.qqdownloader/com.tencent.assistant.main.MainService } to com.tencent.android.qqdownloader/com.tencent.assistant.main.MainService from pid=8995 uid=10095 pkg=com.tencent.android.qqdownloader startFg?=false
05-04 09:37:14.843 7469 7483 W ActivityManager: Background start not allowed: service Intent { cmp=com.tencent.android.qqdownloader/com.tencent.assistant.main.MainService } to com.tencent.android.qqdownloader/com.tencent.assistant.main.MainService from pid=8995 uid=10095 pkg=com.tencent.android.qqdownloader startFg?=false
05-04 09:37:14.850 0 0 I msm_vidc: high: 00000001: ....e: Opening video instance: 0000000000000000, 0
05-04 09:37:14.850 0 0 I msm_vidc: err : 00000001: ....e: Failed to create debugfs for msm_vidc
05-04 09:37:14.862 0 0 I msm_vidc: high: 00000001: h265e: Closed video instance: 0000000000000000
05-04 09:37:14.864 7469 7681 W ActivityManager: Background start not allowed: service Intent { cmp=com.tencent.android.qqdownloader/com.tencent.assistant.main.MainService } to com.tencent.android.qqdownloader/com.tencent.assistant.main.MainService from pid=8995 uid=10095 pkg=com.tencent.android.qqdownloader startFg?=false
05-04 09:37:14.865 10296 10296 I wm_on_stop_called: [228489615,com.tencent.mm.app.WeChatSplashActivity,LIFECYCLER_STOP_ACTIVITY]
05-04 09:37:14.872 7469 7483 W ActivityManager: Background start not allowed: service Intent { cmp=com.tencent.android.qqdownloader/com.tencent.assistant.main.MainService } to com.tencent.android.qqdownloader/com.tencent.assistant.main.MainService from pid=8995 uid=10095 pkg=com.tencent.android.qqdownloader startFg?=false
05-04 09:37:14.876 7469 7483 W ActivityManager: Background start not allowed: service Intent { cmp=com.tencent.android.qqdownloader/com.tencent.assistant.main.MainService } to com.tencent.android.qqdownloader/com.tencent.assistant.main.MainService from pid=8995 uid=10095 pkg=com.tencent.android.qqdownloader startFg?=false
05-04 09:37:14.878 7469 7483 W ActivityManager: Background start not allowed: service Intent { cmp=com.tencent.android.qqdownloader/com.tencent.assistant.main.MainService } to com.tencent.android.qqdownloader/com.tencent.assistant.main.MainService from pid=8995 uid=10095 pkg=com.tencent.android.qqdownloader startFg?=false
05-04 09:37:14.880 7469 7483 W ActivityManager: Background start not allowed: service Intent { cmp=com.tencent.android.qqdownloader/com.tencent.assistant.main.MainService } to com.tencent.android.qqdownloader/com.tencent.assistant.main.MainService from pid=8995 uid=10095 pkg=com.tencent.android.qqdownloader startFg?=false
05-04 09:37:14.881 7469 7483 W ActivityManager: Background start not allowed: service Intent { cmp=com.tencent.android.qqdownloader/com.tencent.assistant.main.MainService } to com.tencent.android.qqdownloader/com.tencent.assistant.main.MainService from pid=8995 uid=10095 pkg=com.tencent.android.qqdownloader startFg?=false
05-04 09:37:14.883 7469 7483 W ActivityManager: Background start not allowed: service Intent { cmp=com.tencent.android.qqdownloader/com.tencent.assistant.main.MainService } to com.tencent.android.qqdownloader/com.tencent.assistant.main.MainService from pid=8995 uid=10095 pkg=com.tencent.android.qqdownloader startFg?=false
05-04 09:37:14.884 7469 7483 W ActivityManager: Background start not allowed: service Intent { cmp=com.tencent.android.qqdownloader/com.tencent.assistant.main.MainService } to com.tencent.android.qqdownloader/com.tencent.assistant.main.MainService from pid=8995 uid=10095 pkg=com.tencent.android.qqdownloader startFg?=false
05-04 09:37:14.885 7469 7483 W ActivityManager: Background start not allowed: service Intent { cmp=com.tencent.android.qqdownloader/com.tencent.assistant.main.MainService } to com.tencent.android.qqdownloader/com.tencent.assistant.main.MainService from pid=8995 uid=10095 pkg=com.tencent.android.qqdownloader startFg?=false
05-04 09:37:14.886 7469 7483 W ActivityManager: Background start not allowed: service Intent { cmp=com.tencent.android.qqdownloader/com.tencent.assistant.main.MainService } to com.tencent.android.qqdownloader/com.tencent.assistant.main.MainService from pid=8995 uid=10095 pkg=com.tencent.android.qqdownloader startFg?=false
05-04 09:37:14.887 7469 7483 W ActivityManager: Background start not allowed: service Intent { cmp=com.tencent.android.qqdownloader/com.tencent.assistant.main.MainService } to com.tencent.android.qqdownloader/com.tencent.assistant.main.MainService from pid=8995 uid=10095 pkg=com.tencent.android.qqdownloader startFg?=false
05-04 09:37:14.888 7469 7483 W ActivityManager: Background start not allowed: service Intent { cmp=com.tencent.android.qqdownloader/com.tencent.assistant.main.MainService } to com.tencent.android.qqdownloader/com.tencent.assistant.main.MainService from pid=8995 uid=10095 pkg=com.tencent.android.qqdownloader startFg?=false
05-04 09:37:14.890 7469 7483 W ActivityManager: Background start not allowed: service Intent { cmp=com.tencent.android.qqdownloader/com.tencent.assistant.main.MainService } to com.tencent.android.qqdownloader/com.tencent.assistant.main.MainService from pid=8995 uid=10095 pkg=com.tencent.android.qqdownloader startFg?=false
05-04 09:37:14.890 7469 7483 W ActivityManager: Background start not allowed: service Intent { cmp=com.tencent.android.qqdownloader/com.tencent.assistant.main.MainService } to com.tencent.android.qqdownloader/com.tencent.assistant.main.MainService from pid=8995 uid=10095 pkg=com.tencent.android.qqdownloader startFg?=false
05-04 09:37:14.891 7469 7483 W ActivityManager: Background start not allowed: service Intent { cmp=com.tencent.android.qqdownloader/com.tencent.assistant.main.MainService } to com.tencent.android.qqdownloader/com.tencent.assistant.main.MainService from pid=8995 uid=10095 pkg=com.tencent.android.qqdownloader startFg?=false
05-04 09:37:14.892 7469 7483 W ActivityManager: Background start not allowed: service Intent { cmp=com.tencent.android.qqdownloader/com.tencent.assistant.main.MainService } to com.tencent.android.qqdownloader/com.tencent.assistant.main.MainService from pid=8995 uid=10095 pkg=com.tencent.android.qqdownloader startFg?=false
05-04 09:37:14.893 7469 7483 W ActivityManager: Background start not allowed: service Intent { cmp=com.tencent.android.qqdownloader/com.tencent.assistant.main.MainService } to com.tencent.android.qqdownloader/com.tencent.assistant.main.MainService from pid=8995 uid=10095 pkg=com.tencent.android.qqdownloader startFg?=false
05-04 09:37:14.894 7469 7483 W ActivityManager: Background start not allowed: service Intent { cmp=com.tencent.android.qqdownloader/com.tencent.assistant.main.MainService } to com.tencent.android.qqdownloader/com.tencent.assistant.main.MainService from pid=8995 uid=10095 pkg=com.tencent.android.qqdownloader startFg?=false
05-04 09:37:14.895 7469 7483 W ActivityManager: Background start not allowed: service Intent { cmp=com.tencent.android.qqdownloader/com.tencent.assistant.main.MainService } to com.tencent.android.qqdownloader/com.tencent.assistant.main.MainService from pid=8995 uid=10095 pkg=com.tencent.android.qqdownloader startFg?=false
05-04 09:37:14.896 7469 7483 W ActivityManager: Background start not allowed: service Intent { cmp=com.tencent.android.qqdownloader/com.tencent.assistant.main.MainService } to com.tencent.android.qqdownloader/com.tencent.assistant.main.MainService from pid=8995 uid=10095 pkg=com.tencent.android.qqdownloader startFg?=false
05-04 09:37:14.897 7469 7483 W ActivityManager: Background start not allowed: service Intent { cmp=com.tencent.android.qqdownloader/com.tencent.assistant.main.MainService } to com.tencent.android.qqdownloader/com.tencent.assistant.main.MainService from pid=8995 uid=10095 pkg=com.tencent.android.qqdownloader startFg?=false
05-04 09:37:14.897 7469 7483 W ActivityManager: Background start not allowed: service Intent { cmp=com.tencent.android.qqdownloader/com.tencent.assistant.main.MainService } to com.tencent.android.qqdownloader/com.tencent.assistant.main.MainService from pid=8995 uid=10095 pkg=com.tencent.android.qqdownloader startFg?=false
05-04 09:37:14.902 7469 7483 W ActivityManager: Unable to start service Intent { act=com.tencent.soter.soterserver.ISoterService pkg=com.tencent.soter.soterserver } U=0: not found
05-04 09:37:14.905 7469 7673 I ActivityManager: Process com.qti.ltebc (pid 10553) has died: fg RCVR
05-04 09:37:14.906 7469 7673 I am_proc_died: [0,10553,com.qti.ltebc,0,11]
05-04 09:37:14.906 7469 7673 I am_broadcast_discard_app: [0,163426234,android.intent.action.MEDIA_MOUNTED,2,ResolveInfo{13c78d5 com.qti.ltebc/com.qualcomm.ltebc.LTEBroadcastReceiver m=0x208000}]
05-04 09:37:14.906 7469 7673 I am_uid_stopped: 10073
05-04 09:37:14.906 7469 7673 I am_mem_factor: [1,0]
05-04 09:37:14.911 7469 7496 D CompatibilityChangeReporter: Compat change id reported: 168419799; UID 10096; state: DISABLED
05-04 09:37:14.916 7469 7639 W BroadcastQueue: Permission Denial: broadcasting Intent { act=android.intent.action.MEDIA_SCANNER_STARTED dat=file:///storage/emulated/0 flg=0x10 } from com.android.providers.media.module (pid=8880, uid=10092) to com.tencent.mobileqq/.msf.core.NetConnInfoCenter is not exported from uid 10096
05-04 09:37:14.916 7469 7496 W BroadcastQueue: Permission Denial: broadcasting Intent { act=android.intent.action.MEDIA_SCANNER_FINISHED dat=file:///storage/emulated/0 flg=0x10 } from com.android.providers.media.module (pid=8880, uid=10092) to com.tencent.mobileqq/.msf.core.NetConnInfoCenter is not exported from uid 10096
05-04 09:37:14.932 7469 7639 W ActivityManager: Background start not allowed: service Intent { cmp=com.tencent.android.qqdownloader/com.tencent.assistant.main.MainService } to com.tencent.android.qqdownloader/com.tencent.assistant.main.MainService from pid=8995 uid=10095 pkg=com.tencent.android.qqdownloader startFg?=false
05-04 09:37:14.936 7469 7639 W ActivityManager: Background start not allowed: service Intent { cmp=com.tencent.android.qqdownloader/com.tencent.assistant.main.MainService } to com.tencent.android.qqdownloader/com.tencent.assistant.main.MainService from pid=8995 uid=10095 pkg=com.tencent.android.qqdownloader startFg?=false
05-04 09:37:14.938 7469 7639 W ActivityManager: Background start not allowed: service Intent { cmp=com.tencent.android.qqdownloader/com.tencent.assistant.main.MainService } to com.tencent.android.qqdownloader/com.tencent.assistant.main.MainService from pid=8995 uid=10095 pkg=com.tencent.android.qqdownloader startFg?=false
05-04 09:37:14.944 7469 7639 W ActivityManager: Background start not allowed: service Intent { cmp=com.tencent.android.qqdownloader/com.tencent.assistant.main.MainService } to com.tencent.android.qqdownloader/com.tencent.assistant.main.MainService from pid=8995 uid=10095 pkg=com.tencent.android.qqdownloader startFg?=false
05-04 09:37:14.946 7469 7483 W ActivityManager: Background start not allowed: service Intent { cmp=com.tencent.android.qqdownloader/com.tencent.assistant.main.MainService } to com.tencent.android.qqdownloader/com.tencent.assistant.main.MainService from pid=8995 uid=10095 pkg=com.tencent.android.qqdownloader startFg?=false
05-04 09:37:14.952 7469 7483 W ActivityManager: Background start not allowed: service Intent { cmp=com.tencent.android.qqdownloader/com.tencent.assistant.main.MainService } to com.tencent.android.qqdownloader/com.tencent.assistant.main.MainService from pid=8995 uid=10095 pkg=com.tencent.android.qqdownloader startFg?=false
05-04 09:37:14.954 7469 7483 W ActivityManager: Background start not allowed: service Intent { cmp=com.tencent.android.qqdownloader/com.tencent.assistant.main.MainService } to com.tencent.android.qqdownloader/com.tencent.assistant.main.MainService from pid=8995 uid=10095 pkg=com.tencent.android.qqdownloader startFg?=false
05-04 09:37:14.961 7469 7483 W ActivityManager: Background start not allowed: service Intent { cmp=com.tencent.android.qqdownloader/com.tencent.assistant.main.MainService } to com.tencent.android.qqdownloader/com.tencent.assistant.main.MainService from pid=8995 uid=10095 pkg=com.tencent.android.qqdownloader startFg?=false
05-04 09:37:14.963 7469 7483 W ActivityManager: Background start not allowed: service Intent { cmp=com.tencent.android.qqdownloader/com.tencent.assistant.main.MainService } to com.tencent.android.qqdownloader/com.tencent.assistant.main.MainService from pid=8995 uid=10095 pkg=com.tencent.android.qqdownloader startFg?=false
05-04 09:37:14.965 7469 7483 W ActivityManager: Background start not allowed: service Intent { cmp=com.tencent.android.qqdownloader/com.tencent.assistant.main.MainService } to com.tencent.android.qqdownloader/com.tencent.assistant.main.MainService from pid=8995 uid=10095 pkg=com.tencent.android.qqdownloader startFg?=false
