05-04 09:37:04.811 7469 7469 I SystemServerTiming: ssm.onStartUser-0_com.android.server.uri.UriGrantsManagerService$Lifecycle
05-04 09:37:04.811 7469 7469 I SystemServerTiming: ssm.onStartUser-0_com.android.server.powerstats.PowerStatsService
05-04 09:37:04.811 7469 7469 I SystemServerTiming: ssm.onStartUser-0_com.android.server.wm.ActivityTaskManagerService$Lifecycle
05-04 09:37:04.811 7469 7469 I SystemServerTiming: ssm.onStartUser-0_com.android.server.am.ActivityManagerService$Lifecycle
05-04 09:37:04.811 7469 7469 I SystemServerTiming: ssm.onStartUser-0_com.android.server.pm.DataLoaderManagerService
05-04 09:37:04.811 7469 7469 I SystemServerTiming: ssm.onStartUser-0_com.android.server.power.PowerManagerService
05-04 09:37:04.811 7469 7469 I SystemServerTiming: ssm.onStartUser-0_com.android.server.power.ThermalManagerService
05-04 09:37:04.811 7469 7469 I SystemServerTiming: ssm.onStartUser-0_com.android.server.power.hint.HintManagerService
05-04 09:37:04.811 7469 7469 I SystemServerTiming: ssm.onStartUser-0_com.android.server.recoverysystem.RecoverySystemService$Lifecycle
05-04 09:37:04.811 7469 7469 I SystemServerTiming: ssm.onStartUser-0_com.android.server.lights.LightsService
05-04 09:37:04.811 7469 7469 I SystemServerTiming: ssm.onStartUser-0_com.android.server.display.DisplayManagerService
05-04 09:37:04.811 7469 7469 I SystemServerTiming: ssm.onStartUser-0_com.android.server.pm.verify.domain.DomainVerificationService
05-04 09:37:04.811 7469 7469 I SystemServerTiming: ssm.onStartUser-0_com.android.server.pm.PackageInstallerService$Lifecycle
05-04 09:37:04.811 7469 7469 I SystemServerTiming: ssm.onStartUser-0_com.android.server.pm.UserManagerService$LifeCycle
05-04 09:37:04.811 7469 7469 I SystemServerTiming: ssm.onStartUser-0_com.android.server.om.OverlayManagerService
05-04 09:37:04.811 7469 7469 I SystemServerTiming: ssm.onStartUser-0_com.android.server.SensorPrivacyService
05-04 09:37:04.811 7469 7469 I SystemServerTiming: ssm.onStartUser-0_com.android.server.thunderperf.ThunderBoostPerfService
05-04 09:37:04.811 7469 7469 I SystemServerTiming: ssm.onStartUser-0_com.android.server.sensors.SensorService
05-04 09:37:04.811 7469 7469 I SystemServerTiming: ssm.onStartUser-0_com.android.server.SystemConfigService
05-04 09:37:04.811 7469 7469 I SystemServerTiming: ssm.onStartUser-0_com.android.server.BatteryService
05-04 09:37:04.811 7469 7469 I SystemServerTiming: ssm.onStartUser-0_com.android.server.usage.UsageStatsService
05-04 09:37:04.811 7469 7469 I SystemServerTiming: ssm.onStartUser-0_com.android.server.webkit.WebViewUpdateService
05-04 09:37:04.811 7469 7469 I SystemServerTiming: ssm.onStartUser-0_com.android.server.CachedDeviceStateService
05-04 09:37:04.811 7469 7469 I SystemServerTiming: ssm.onStartUser-0_com.android.server.BinderCallsStatsService$LifeCycle
05-04 09:37:04.811 7469 7469 I SystemServerTiming: ssm.onStartUser-0_com.android.server.LooperStatsService$Lifecycle
05-04 09:37:04.811 7469 7469 I SystemServerTiming: ssm.onStartUser-0_com.android.server.rollback.RollbackManagerService
05-04 09:37:04.811 7469 7469 I SystemServerTiming: ssm.onStartUser-0_com.android.server.os.NativeTombstoneManagerService
05-04 09:37:04.811 7469 7469 I SystemServerTiming: ssm.onStartUser-0_com.android.server.os.BugreportManagerService
05-04 09:37:04.811 7469 7469 I SystemServerTiming: ssm.onStartUser-0_com.android.server.gpu.GpuService
05-04 09:37:04.811 7469 7469 I SystemServerTiming: ssm.onStartUser-0_com.android.server.security.KeyChainSystemService
05-04 09:37:04.811 7469 7469 I SystemServerTiming: ssm.onStartUser-0_com.android.server.telecom.TelecomLoaderService
05-04 09:37:04.811 7469 7469 I SystemServerTiming: ssm.onStartUser-0_com.android.server.accounts.AccountManagerService$Lifecycle
05-04 09:37:04.811 7469 7469 I SystemServerTiming: ssm.onStartUser-0_com.android.server.content.ContentService$Lifecycle
05-04 09:37:04.811 7469 7469 I SystemServerTiming: ssm.onStartUser-0_com.android.server.DropBoxManagerService
05-04 09:37:04.812 7469 7469 I SystemServerTiming: ssm.onStartUser-0_com.android.role.RoleService
05-04 09:37:04.812 7469 7681 W PackageManager: Loading a package that does not exist for the calling user. package=null, user=0
05-04 09:37:04.813 7469 7469 I SystemServerTiming: ssm.onStartUser-0_com.android.server.vibrator.VibratorManagerService$Lifecycle
05-04 09:37:04.813 7469 7469 I SystemServerTiming: ssm.onStartUser-0_com.android.server.alarm.AlarmManagerService
05-04 09:37:04.813 7469 7469 I SystemServerTiming: ssm.onStartUser-0_com.android.server.devicestate.DeviceStateManagerService
05-04 09:37:04.813 7469 7469 I SystemServerTiming: ssm.onStartUser-0_com.android.server.camera.CameraServiceProxy
05-04 09:37:04.814 7469 7469 I SystemServerTiming: ssm.onStartUser-0_com.android.server.BluetoothService
05-04 09:37:04.814 7469 7469 I SystemServerTiming: ssm.onStartUser-0_com.android.server.connectivity.IpConnectivityMetrics
05-04 09:37:04.814 7469 7469 I SystemServerTiming: ssm.onStartUser-0_com.android.server.net.watchlist.NetworkWatchlistService$Lifecycle
05-04 09:37:04.814 7469 7469 I SystemServerTiming: ssm.onStartUser-0_com.android.server.PinnerService
05-04 09:37:04.814 7469 7469 I SystemServerTiming: ssm.onStartUser-0_com.google.android.startop.iorap.IorapForwardingService
05-04 09:37:04.814 7469 7469 I SystemServerTiming: ssm.onStartUser-0_com.android.server.ActivityTriggerService
05-04 09:37:04.814 7469 7469 I SystemServerTiming: ssm.onStartUser-0_com.android.server.integrity.AppIntegrityManagerService
05-04 09:37:04.814 7469 7469 I SystemServerTiming: ssm.onStartUser-0_com.android.server.inputmethod.InputMethodManagerService$Lifecycle
05-04 09:37:04.814 7469 7469 I SystemServerTiming: ssm.onStartUser-0_com.android.server.accessibility.AccessibilityManagerService$Lifecycle
05-04 09:37:04.814 7469 7469 I SystemServerTiming: ssm.onStartUser-0_com.android.server.StorageManagerService$Lifecycle
05-04 09:37:04.815 7469 7469 V StorageManagerService: Package com.sohu.inputmethod.sogou.car has legacy storage
05-04 09:37:04.815 7469 7469 V StorageManagerService: Package android.frameworkres.overlay does not have legacy storage
05-04 09:37:04.815 7469 7469 V StorageManagerService: Package com.android.cts.priv.ctsshim does not have legacy storage
05-04 09:37:04.815 7469 7469 V StorageManagerService: Package com.thundercomm.gamemode.provider does not have legacy storage
05-04 09:37:04.815 7469 7469 V StorageManagerService: Package com.thundercomm.gamemode does not have legacy storage
05-04 09:37:04.815 7469 7469 V StorageManagerService: Package com.thundercomm.microservice does not have legacy storage
05-04 09:37:04.815 7469 7469 V StorageManagerService: Package com.android.dynsystem does not have legacy storage
05-04 09:37:04.815 7469 7469 V StorageManagerService: Package com.hht.lebocast does not have legacy storage
05-04 09:37:04.815 7469 7469 V StorageManagerService: Package com.thundercomm.gamecenter does not have legacy storage
05-04 09:37:04.815 7469 7469 V StorageManagerService: Package com.android.providers.calendar does not have legacy storage
05-04 09:37:04.816 7469 7469 V StorageManagerService: Package com.android.providers.media does not have legacy storage
05-04 09:37:04.816 7469 7469 V StorageManagerService: Package com.happyelements.AndroidAnimal.qq has legacy storage
05-04 09:37:04.816 7469 7469 V StorageManagerService: Package com.android.internal.systemui.navbar.gestural_wide_back does not have legacy storage
05-04 09:37:04.816 7469 7469 V StorageManagerService: Package com.android.wallpapercropper does not have legacy storage
05-04 09:37:04.816 7469 7469 V StorageManagerService: Package com.thundercomm.microsettings does not have legacy storage
05-04 09:37:04.816 7469 7469 V StorageManagerService: Package com.youku.phone does not have legacy storage
05-04 09:37:04.816 7469 7469 V StorageManagerService: Package com.qualcomm.qti.gpudrivers.kona.api30 does not have legacy storage
05-04 09:37:04.816 7469 7469 V StorageManagerService: Package com.android.documentsui does not have legacy storage
05-04 09:37:04.816 7469 7469 V StorageManagerService: Package com.android.externalstorage does not have legacy storage
05-04 09:37:04.816 7469 7469 V StorageManagerService: Package com.android.htmlviewer does not have legacy storage
05-04 09:37:04.816 7469 7469 V StorageManagerService: Package com.qualcomm.qti.uceShimService does not have legacy storage
05-04 09:37:04.816 7469 7469 V StorageManagerService: Package com.android.companiondevicemanager does not have legacy storage
05-04 09:37:04.816 7469 7469 V StorageManagerService: Package com.qualcomm.qti.qms.service.connectionsecurity does not have legacy storage
05-04 09:37:04.816 7469 7469 V StorageManagerService: Package com.android.providers.downloads does not have legacy storage
05-04 09:37:04.816 7469 7469 V StorageManagerService: Package com.qqgame.mic has legacy storage
05-04 09:37:04.816 7469 7469 V StorageManagerService: Package bf.sgs.hdexp has legacy storage
05-04 09:37:04.816 7469 7469 V StorageManagerService: Package com.android.internal.systemui.onehanded.gestural does not have legacy storage
05-04 09:37:04.816 7469 7469 V StorageManagerService: Package vendor.qti.hardware.cacert.server does not have legacy storage
05-04 09:37:04.816 7469 7469 V StorageManagerService: Package com.qileyx.ddz.yyb has legacy storage
05-04 09:37:04.816 7469 7469 V StorageManagerService: Package com.thundercomm.tchttpserver does not have legacy storage
05-04 09:37:04.816 7469 7469 V StorageManagerService: Package vendor.qti.iwlan does not have legacy storage
05-04 09:37:04.816 7469 7469 V StorageManagerService: Package com.tc.logclient does not have legacy storage
05-04 09:37:04.816 7469 7469 V StorageManagerService: Package android.qvaoverlay.common does not have legacy storage
05-04 09:37:04.816 7469 7469 V StorageManagerService: Package com.android.providers.downloads.ui does not have legacy storage
05-04 09:37:04.816 7469 7469 V StorageManagerService: Package com.android.pacprocessor does not have legacy storage
05-04 09:37:04.816 7469 7469 V StorageManagerService: Package com.android.networkstack does not have legacy storage
05-04 09:37:04.816 7469 7469 V StorageManagerService: Package android.overlay.common does not have legacy storage
05-04 09:37:04.816 7469 7469 V StorageManagerService: Package com.android.connectivity.resources does not have legacy storage
05-04 09:37:04.816 7469 7469 V StorageManagerService: Package com.tencent.mm has legacy storage
05-04 09:37:04.816 7469 7469 V StorageManagerService: Package com.android.modulemetadata does not have legacy storage
05-04 09:37:04.816 7469 7469 V StorageManagerService: Package com.android.certinstaller does not have legacy storage
05-04 09:37:04.816 7469 7469 V StorageManagerService: Package android does not have legacy storage
05-04 09:37:04.816 7469 7469 V StorageManagerService: Package com.tencent.android.qqdownloader has legacy storage
05-04 09:37:04.816 7469 7469 V StorageManagerService: Package com.qualcomm.wfd.service does not have legacy storage
05-04 09:37:04.816 7469 7469 V StorageManagerService: Package com.thundercomm.tcsetupwizard does not have legacy storage
05-04 09:37:04.816 7469 7469 V StorageManagerService: Package ts.car.uart does not have legacy storage
05-04 09:37:04.816 7469 7469 V StorageManagerService: Package com.android.egg does not have legacy storage
05-04 09:37:04.816 7469 7469 V StorageManagerService: Package com.android.mtp does not have legacy storage
05-04 09:37:04.816 7469 7469 V StorageManagerService: Package com.android.nfc does not have legacy storage
05-04 09:37:04.816 7469 7469 V StorageManagerService: Package com.android.launcher3 does not have legacy storage
05-04 09:37:04.816 7469 7469 V StorageManagerService: Package com.android.backupconfirm does not have legacy storage
05-04 09:37:04.816 7469 7469 V StorageManagerService: Package vendor.qti.qesdk.sysservice does not have legacy storage
05-04 09:37:04.816 7469 7469 V StorageManagerService: Package com.hryt.hiphishowfsecontrol does not have legacy storage
05-04 09:37:04.816 7469 7469 V StorageManagerService: Package com.android.provision does not have legacy storage
05-04 09:37:04.816 7469 7469 V StorageManagerService: Package com.thundercomm.debugtools does not have legacy storage
05-04 09:37:04.816 7469 7469 V StorageManagerService: Package android.overlay.target does not have legacy storage
05-04 09:37:04.816 7469 7469 V StorageManagerService: Package com.microsoft.emmx does not have legacy storage
05-04 09:37:04.816 7469 7469 V StorageManagerService: Package com.qti.pasrservice does not have legacy storage
05-04 09:37:04.817 7469 7469 V StorageManagerService: Package com.android.settings.intelligence does not have legacy storage
05-04 09:37:04.817 7469 7469 V StorageManagerService: Package com.android.internal.systemui.navbar.gestural_extra_wide_back does not have legacy storage
05-04 09:37:04.817 7469 7469 V StorageManagerService: Package com.qualcomm.qti.dynamicddsservice does not have legacy storage
05-04 09:37:04.817 7469 7469 V StorageManagerService: Package com.qualcomm.qti.xrvd.service does not have legacy storage
05-04 09:37:04.817 7469 7469 V StorageManagerService: Package com.android.providers.settings does not have legacy storage
05-04 09:37:04.817 7469 7469 V StorageManagerService: Package com.android.sharedstoragebackup does not have legacy storage
05-04 09:37:04.817 7469 7469 V StorageManagerService: Package com.android.printspooler does not have legacy storage
05-04 09:37:04.817 7469 7469 V StorageManagerService: Package com.qti.qualcomm.mstatssystemservice does not have legacy storage
05-04 09:37:04.817 7469 7469 V StorageManagerService: Package com.qualcomm.qti.services.systemhelper does not have legacy storage
05-04 09:37:04.817 7469 7469 V StorageManagerService: Package com.android.wifi.resources.overlay.common does not have legacy storage
05-04 09:37:04.817 7469 7469 V StorageManagerService: Package com.android.dreams.basic does not have legacy storage
05-04 09:37:04.817 7469 7469 V StorageManagerService: Package com.tencent.qqgame does not have legacy storage
05-04 09:37:04.817 7469 7469 V StorageManagerService: Package com.android.webview does not have legacy storage
05-04 09:37:04.817 7469 7469 V StorageManagerService: Package com.android.se does not have legacy storage
05-04 09:37:04.817 7469 7469 V StorageManagerService: Package com.android.inputdevices does not have legacy storage
05-04 09:37:04.817 7469 7469 V StorageManagerService: Package com.android.bips does not have legacy storage
05-04 09:37:04.817 7469 7469 V StorageManagerService: Package com.qti.dpmserviceapp does not have legacy storage
05-04 09:37:04.817 7469 7469 V StorageManagerService: Package com.thundercomm.remotecontrolservice does not have legacy storage
05-04 09:37:04.817 7469 7469 V StorageManagerService: Package com.android.musicfx does not have legacy storage
05-04 09:37:04.817 7469 7469 V StorageManagerService: Package com.android.settings.overlay.common does not have legacy storage
05-04 09:37:04.817 7469 7469 V StorageManagerService: Package com.qualcomm.qti.qccnetstat does not have legacy storage
05-04 09:37:04.817 7469 7469 V StorageManagerService: Package android.ext.shared does not have legacy storage
05-04 09:37:04.817 7469 7469 V StorageManagerService: Package com.android.onetimeinitializer does not have legacy storage
05-04 09:37:04.817 7469 7469 V StorageManagerService: Package com.wudaokou.hippo does not have legacy storage
05-04 09:37:04.817 7469 7469 V StorageManagerService: Package com.ss.android.article.news has legacy storage
05-04 09:37:04.817 7469 7469 V StorageManagerService: Package com.android.server.telecom does not have legacy storage
05-04 09:37:04.817 7469 7469 V StorageManagerService: Package com.android.keychain does not have legacy storage
05-04 09:37:04.817 7469 7469 V StorageManagerService: Package com.qti.snapdragon.qdcm_ff does not have legacy storage
05-04 09:37:04.817 7469 7469 V StorageManagerService: Package com.android.wifi.resources.overlay.target does not have legacy storage
05-04 09:37:04.818 0 0 I msm_vidc: high: 00000001: ....d: Opening video instance: 0000000000000000, 1
05-04 09:37:04.817 7469 7469 V StorageManagerService: Package com.android.printservice.recommendation does not have legacy storage
05-04 09:37:04.817 7469 7469 V StorageManagerService: Package com.android.gallery3d has legacy storage
05-04 09:37:04.817 7469 7469 V StorageManagerService: Package com.ss.android.ugc.aweme has legacy storage
05-04 09:37:04.818 7469 7469 V StorageManagerService: Package android.ext.services does not have legacy storage
05-04 09:37:04.818 7469 7469 V StorageManagerService: Package com.android.wifi.resources does not have legacy storage
05-04 09:37:04.818 7469 7469 V StorageManagerService: Package com.baidu.input does not have legacy storage
05-04 09:37:04.818 7469 7469 V StorageManagerService: Package com.android.systemui.overlay.common does not have legacy storage
05-04 09:37:04.818 7469 7469 V StorageManagerService: Package com.tencent.mobileqq has legacy storage
05-04 09:37:04.818 7469 7469 V StorageManagerService: Package com.android.cameraextensions does not have legacy storage
05-04 09:37:04.818 7469 7469 V StorageManagerService: Package com.thundercomm.tcservice does not have legacy storage
05-04 09:37:04.818 7469 7469 V StorageManagerService: Package com.ss.android.lark does not have legacy storage
05-04 09:37:04.818 7469 7469 V StorageManagerService: Package com.android.localtransport does not have legacy storage
05-04 09:37:04.818 7469 7469 V StorageManagerService: Package com.android.packageinstaller does not have legacy storage
05-04 09:37:04.818 7469 7469 V StorageManagerService: Package com.qualcomm.qti.devicestatisticsservice does not have legacy storage
05-04 09:37:04.818 7469 7469 V StorageManagerService: Package com.android.theme.font.notoserifsource does not have legacy storage
05-04 09:37:04.818 7469 7469 V StorageManagerService: Package com.android.proxyhandler does not have legacy storage
05-04 09:37:04.818 7469 7469 V StorageManagerService: Package com.android.internal.display.cutout.emulation.waterfall does not have legacy storage
05-04 09:37:04.818 0 0 I msm_vidc: err : 00000001: ....d: Failed to create debugfs for msm_vidc
05-04 09:37:04.821 7469 7469 V StorageManagerService: Package com.qualcomm.qti.workloadclassifier does not have legacy storage
05-04 09:37:04.821 7469 7495 I service_manager_slow: [24,alarm]
05-04 09:37:04.821 7469 7469 V StorageManagerService: Package com.android.inputmethod.latin does not have legacy storage
05-04 09:37:04.821 7469 7469 V StorageManagerService: Package com.android.providers.settings.overlay does not have legacy storage
05-04 09:37:04.821 7469 7469 V StorageManagerService: Package com.android.managedprovisioning does not have legacy storage
05-04 09:37:04.821 7469 7469 V StorageManagerService: Package com.android.networkstack.tethering does not have legacy storage
05-04 09:37:04.822 7469 7469 V StorageManagerService: Package com.android.soundpicker does not have legacy storage
05-04 09:37:04.822 7469 7469 V StorageManagerService: Package com.android.dreams.phototable does not have legacy storage
05-04 09:37:04.822 7469 7469 V StorageManagerService: Package com.ximalaya.ting.android has legacy storage
05-04 09:37:04.822 7469 7495 I netstats_mobile_sample: [0,0,0,0,0,0,0,0,0,0,0,0,1683164224822]
05-04 09:37:04.822 7469 7469 V StorageManagerService: Package com.thundercomm.screensaver does not have legacy storage
05-04 09:37:04.822 7469 7469 V StorageManagerService: Package com.android.wallpaper.livepicker does not have legacy storage
05-04 09:37:04.822 7469 7495 I netstats_wifi_sample: [0,0,0,0,0,0,0,0,0,0,0,0,1683164224822]
05-04 09:37:04.822 7469 7469 V StorageManagerService: Package com.android.apps.tag does not have legacy storage
05-04 09:37:04.822 7469 7673 W PackageManager: Loading a package that does not exist for the calling user. package=null, user=0
05-04 09:37:04.822 7469 7469 V StorageManagerService: Package com.tencent.news has legacy storage
05-04 09:37:04.822 7469 7469 V StorageManagerService: Package com.android.storagemanager does not have legacy storage
05-04 09:37:04.822 7469 7469 V StorageManagerService: Package com.android.bookmarkprovider does not have legacy storage
05-04 09:37:04.822 7469 7469 V StorageManagerService: Package com.android.settings does not have legacy storage
05-04 09:37:04.822 7469 7469 V StorageManagerService: Package com.android.networkstack.permissionconfig does not have legacy storage
05-04 09:37:04.822 7469 7469 V StorageManagerService: Package com.taptap has legacy storage
05-04 09:37:04.822 7469 7469 V StorageManagerService: Package com.qualcomm.location does not have legacy storage
05-04 09:37:04.822 7469 7469 V StorageManagerService: Package com.android.cts.ctsshim does not have legacy storage
05-04 09:37:04.822 7469 7469 V StorageManagerService: Package cn.yonghui.hyd has legacy storage
05-04 09:37:04.822 7469 7469 V StorageManagerService: Package com.wm.dmall has legacy storage
05-04 09:37:04.822 7469 7469 V StorageManagerService: Package com.qti.diagservices does not have legacy storage
05-04 09:37:04.822 7469 7469 V StorageManagerService: Package com.android.vpndialogs does not have legacy storage
05-04 09:37:04.822 7469 7469 V StorageManagerService: Package com.qualcomm.location.XT does not have legacy storage
05-04 09:37:04.822 7469 7469 V StorageManagerService: Package com.android.music does not have legacy storage
05-04 09:37:04.822 7469 7469 V StorageManagerService: Package com.android.shell does not have legacy storage
05-04 09:37:04.822 7469 7469 V StorageManagerService: Package com.android.wallpaperbackup does not have legacy storage
05-04 09:37:04.822 7469 7469 V StorageManagerService: Package com.android.providers.userdictionary does not have legacy storage
05-04 09:37:04.822 7469 7469 V StorageManagerService: Package com.android.providers.media.module does not have legacy storage
05-04 09:37:04.823 7469 7469 V StorageManagerService: Package com.android.emergency does not have legacy storage
05-04 09:37:04.823 7469 7469 V StorageManagerService: Package com.android.hotspot2.osulogin does not have legacy storage
05-04 09:37:04.823 7469 7469 V StorageManagerService: Package com.qualcomm.qti.qdma does not have legacy storage
05-04 09:37:04.823 7469 7469 V StorageManagerService: Package com.qualcomm.qti.xrcb does not have legacy storage
05-04 09:37:04.823 7469 7469 V StorageManagerService: Package com.android.internal.systemui.navbar.gestural does not have legacy storage
05-04 09:37:04.823 7469 7469 V StorageManagerService: Package com.android.location.fused does not have legacy storage
05-04 09:37:04.823 7469 7469 V StorageManagerService: Package com.android.systemui does not have legacy storage
05-04 09:37:04.823 7469 7469 V StorageManagerService: Package com.android.bluetoothmidiservice does not have legacy storage
05-04 09:37:04.823 7469 7469 V StorageManagerService: Package com.qti.ltebc does not have legacy storage
05-04 09:37:04.823 7469 7469 V StorageManagerService: Package com.android.permissioncontroller does not have legacy storage
05-04 09:37:04.823 7469 7469 V StorageManagerService: Package com.android.traceur does not have legacy storage
05-04 09:37:04.823 7469 7469 V StorageManagerService: Package com.qualcomm.qti.qccauthmgr does not have legacy storage
05-04 09:37:04.823 7469 7469 V StorageManagerService: Package com.qualcomm.qti.qms.service.trustzoneaccess does not have legacy storage
05-04 09:37:04.823 7469 7469 V StorageManagerService: Package com.qualcomm.qtil.aptxui does not have legacy storage
05-04 09:37:04.823 7469 7469 V StorageManagerService: Package com.android.bluetooth does not have legacy storage
05-04 09:37:04.823 7469 7469 V StorageManagerService: Package com.qualcomm.timeservice does not have legacy storage
05-04 09:37:04.823 7469 7469 V StorageManagerService: Package com.qualcomm.embms does not have legacy storage
05-04 09:37:04.823 7469 7469 V StorageManagerService: Package com.android.providers.contacts does not have legacy storage
05-04 09:37:04.823 7469 7469 V StorageManagerService: Package com.android.captiveportallogin does not have legacy storage
05-04 09:37:04.823 7469 7469 V StorageManagerService: Package com.android.internal.systemui.navbar.gestural_narrow_back does not have legacy storage
05-04 09:37:04.823 7469 7469 V StorageManagerService: Package com.android.cellbroadcastreceiver.overlay.common does not have legacy storage
05-04 09:37:04.823 7469 7469 I SystemServerTiming: ssm.onStartUser-0_com.android.server.usage.StorageStatsService$Lifecycle
05-04 09:37:04.824 7469 7469 I SystemServerTiming: ssm.onStartUser-0_com.android.server.UiModeManagerService
05-04 09:37:04.824 7469 7469 I SystemServerTiming: ssm.onStartUser-0_com.android.server.locksettings.LockSettingsService$Lifecycle
05-04 09:37:04.824 7469 7469 I SystemServerTiming: ssm.onStartUser-0_com.android.server.PersistentDataBlockService
05-04 09:37:04.824 7469 7469 I SystemServerTiming: ssm.onStartUser-0_com.android.server.testharness.TestHarnessModeService
05-04 09:37:04.824 7469 7469 I SystemServerTiming: ssm.onStartUser-0_com.android.server.oemlock.OemLockService
05-04 09:37:04.824 7469 7469 I SystemServerTiming: ssm.onStartUser-0_com.android.server.DeviceIdleController
05-04 09:37:04.824 7469 7469 I SystemServerTiming: ssm.onStartUser-0_com.android.server.devicepolicy.DevicePolicyManagerService$Lifecycle
05-04 09:37:04.824 7469 7469 I SystemServerTiming: ssm.onStartUser-0_com.android.server.texttospeech.TextToSpeechManagerService
05-04 09:37:04.824 7469 7469 I SystemServerTiming: ssm.onStartUser-0_com.android.server.speech.SpeechRecognitionManagerService
05-04 09:37:04.824 7469 7469 I SystemServerTiming: ssm.onStartUser-0_com.android.server.searchui.SearchUiManagerService
05-04 09:37:04.824 7469 7469 I SystemServerTiming: ssm.onStartUser-0_com.android.server.smartspace.SmartspaceManagerService
05-04 09:37:04.824 7469 7469 I SystemServerTiming: ssm.onStartUser-0_com.android.server.graphics.fonts.FontManagerService$Lifecycle
05-04 09:37:04.824 7469 7469 I SystemServerTiming: ssm.onStartUser-0_com.android.server.textservices.TextServicesManagerService$Lifecycle
05-04 09:37:04.824 7469 7469 I SystemServerTiming: ssm.onStartUser-0_com.android.server.textclassifier.TextClassificationManagerService$Lifecycle
05-04 09:37:04.824 7469 7469 I SystemServerTiming: ssm.onStartUser-0_com.android.server.NetworkScoreService$Lifecycle
05-04 09:37:04.824 7469 7469 I SystemServerTiming: ssm.onStartUser-0_com.android.server.wifi.WifiService
05-04 09:37:04.824 7469 7469 I SystemServerTiming: ssm.onStartUser-0_com.android.server.wifi.scanner.WifiScanningService
05-04 09:37:04.824 7469 7469 I SystemServerTiming: ssm.onStartUser-0_com.android.server.wifi.rtt.RttService
05-04 09:37:04.824 7469 7469 I SystemServerTiming: ssm.onStartUser-0_com.android.server.wifi.aware.WifiAwareService
05-04 09:37:04.824 7469 7469 I SystemServerTiming: ssm.onStartUser-0_com.android.server.wifi.p2p.WifiP2pService
05-04 09:37:04.824 7469 7469 I SystemServerTiming: ssm.onStartUser-0_com.android.server.ethernet.EthernetService
05-04 09:37:04.824 7469 7469 I SystemServerTiming: ssm.onStartUser-0_com.android.server.ConnectivityServiceInitializer
05-04 09:37:04.824 7469 7469 I SystemServerTiming: ssm.onStartUser-0_com.android.server.notification.NotificationManagerService
05-04 09:37:04.824 7469 7469 I SystemServerTiming: ssm.onStartUser-0_com.android.server.storage.DeviceStorageMonitorService
05-04 09:37:04.824 7469 7469 I SystemServerTiming: ssm.onStartUser-0_com.android.server.location.LocationManagerService$Lifecycle
05-04 09:37:04.824 7469 7469 I SystemServerTiming: ssm.onStartUser-0_com.android.server.timedetector.TimeDetectorService$Lifecycle
05-04 09:37:04.824 7469 7469 I SystemServerTiming: ssm.onStartUser-0_com.android.server.timezonedetector.TimeZoneDetectorService$Lifecycle
05-04 09:37:04.824 7469 7469 I SystemServerTiming: ssm.onStartUser-0_com.android.server.timezonedetector.location.LocationTimeZoneManagerService$Lifecycle
05-04 09:37:04.824 7469 7469 I SystemServerTiming: ssm.onStartUser-0_com.android.server.search.SearchManagerService$Lifecycle
05-04 09:37:04.824 7469 7469 I SystemServerTiming: ssm.onStartUser-0_com.android.server.wallpaper.WallpaperManagerService$Lifecycle
05-04 09:37:04.824 7469 7469 I SystemServerTiming: ssm.onStartUser-0_com.android.server.audio.AudioService$Lifecycle
05-04 09:37:04.824 7469 7469 I SystemServerTiming: ssm.onStartUser-0_com.android.server.soundtrigger_middleware.SoundTriggerMiddlewareService$Lifecycle
05-04 09:37:04.824 7469 7469 I SystemServerTiming: ssm.onStartUser-0_com.android.server.DockObserver
05-04 09:37:04.824 7469 7469 I SystemServerTiming: ssm.onStartUser-0_com.android.server.midi.MidiService$Lifecycle
05-04 09:37:04.824 7469 7469 I SystemServerTiming: ssm.onStartUser-0_com.android.server.adb.AdbService$Lifecycle
05-04 09:37:04.824 7469 7469 I SystemServerTiming: ssm.onStartUser-0_com.android.server.usb.UsbService$Lifecycle
05-04 09:37:04.824 7469 7469 I SystemServerTiming: ssm.onStartUser-0_com.android.server.twilight.TwilightService
05-04 09:37:04.824 7469 7469 I SystemServerTiming: ssm.onStartUser-0_com.android.server.display.color.ColorDisplayService
05-04 09:37:04.824 7469 7469 I SystemServerTiming: ssm.onStartUser-0_com.android.server.job.JobSchedulerService
05-04 09:37:04.824 7469 7469 I SystemServerTiming: ssm.onStartUser-0_com.android.server.soundtrigger.SoundTriggerService
05-04 09:37:04.824 7469 7469 I SystemServerTiming: ssm.onStartUser-0_com.android.server.trust.TrustManagerService
05-04 09:37:04.824 7469 7469 I SystemServerTiming: ssm.onStartUser-0_com.android.server.backup.BackupManagerService$Lifecycle
05-04 09:37:04.825 7469 7469 I SystemServerTiming: ssm.onStartUser-0_com.android.server.appwidget.AppWidgetService
05-04 09:37:04.825 7469 7469 I SystemServerTiming: ssm.onStartUser-0_com.android.server.voiceinteraction.VoiceInteractionManagerService
05-04 09:37:04.825 7469 7673 I wm_task_created: [4,-1]
05-04 09:37:04.825 7469 7469 W VoiceInteractionManager: no available voice recognition services found for user 0
05-04 09:37:04.825 7469 7469 I SystemServerTiming: ssm.onStartUser-0_com.android.server.apphibernation.AppHibernationService
05-04 09:37:04.825 7469 7469 I SystemServerTiming: ssm.onStartUser-0_com.android.server.SensorNotificationService
05-04 09:37:04.825 7469 7469 I SystemServerTiming: ssm.onStartUser-0_com.android.server.emergency.EmergencyAffordanceService
05-04 09:37:04.825 7469 7469 I SystemServerTiming: ssm.onStartUser-0_com.android.server.blob.BlobStoreManagerService
05-04 09:37:04.825 7469 7469 I SystemServerTiming: ssm.onStartUser-0_com.android.server.dreams.DreamManagerService
05-04 09:37:04.825 7469 7469 I SystemServerTiming: ssm.onStartUser-0_com.android.server.companion.CompanionDeviceManagerService
05-04 09:37:04.825 7469 7469 I SystemServerTiming: ssm.onStartUser-0_com.android.server.restrictions.RestrictionsManagerService
05-04 09:37:04.825 7469 7469 I SystemServerTiming: ssm.onStartUser-0_com.android.server.media.MediaSessionService
05-04 09:37:04.825 7469 7469 I SystemServerTiming: ssm.onStartUser-0_com.android.server.media.MediaResourceMonitorService
05-04 09:37:04.825 7469 7469 I SystemServerTiming: ssm.onStartUser-0_com.android.server.biometrics.sensors.fingerprint.FingerprintService
05-04 09:37:04.825 7469 7469 I SystemServerTiming: ssm.onStartUser-0_com.android.server.biometrics.BiometricService
05-04 09:37:04.825 7469 7469 I SystemServerTiming: ssm.onStartUser-0_com.android.server.biometrics.AuthService
05-04 09:37:04.825 7469 7469 I SystemServerTiming: ssm.onStartUser-0_com.android.server.pm.ShortcutService$Lifecycle
05-04 09:37:04.825 7469 7469 I SystemServerTiming: ssm.onStartUser-0_com.android.server.pm.LauncherAppsService
05-04 09:37:04.825 7469 7469 I SystemServerTiming: ssm.onStartUser-0_com.android.server.pm.CrossProfileAppsService
05-04 09:37:04.825 7469 7469 I SystemServerTiming: ssm.onStartUser-0_com.android.server.people.PeopleService
05-04 09:37:04.825 7469 7469 I SystemServerTiming: ssm.onStartUser-0_com.android.server.media.metrics.MediaMetricsManagerService
05-04 09:37:04.825 7469 7469 I SystemServerTiming: ssm.onStartUser-0_com.android.server.media.projection.MediaProjectionManagerService
05-04 09:37:04.825 7469 7469 I SystemServerTiming: ssm.onStartUser-0_com.android.server.slice.SliceManagerService$Lifecycle
05-04 09:37:04.825 7469 7469 I SystemServerTiming: ssm.onStartUser-0_com.android.server.stats.StatsCompanion$Lifecycle
05-04 09:37:04.825 7469 7469 I SystemServerTiming: ssm.onStartUser-0_com.android.server.scheduling.RebootReadinessManagerService$Lifecycle
05-04 09:37:04.825 7469 7469 I SystemServerTiming: ssm.onStartUser-0_com.android.server.stats.pull.StatsPullAtomService
05-04 09:37:04.825 7469 7469 I SystemServerTiming: ssm.onStartUser-0_com.android.server.incident.IncidentCompanionService
05-04 09:37:04.825 7469 7469 I SystemServerTiming: ssm.onStartUser-0_com.android.server.MmsServiceBroker
05-04 09:37:04.825 7469 7469 I SystemServerTiming: ssm.onStartUser-0_com.android.server.autofill.AutofillManagerService
05-04 09:37:04.825 7469 7469 I SystemServerTiming: ssm.onStartUser-0_com.android.server.clipboard.ClipboardService
05-04 09:37:04.825 7469 7469 I SystemServerTiming: ssm.onStartUser-0_com.android.server.appbinding.AppBindingService$Lifecycle
05-04 09:37:04.826 7469 7469 W AppBindingService: [Default SMS app] u0 Target package not found
05-04 09:37:04.826 7469 7469 I SystemServerTiming: ssm.onStartUser-0_com.android.server.tracing.TracingServiceProxy
05-04 09:37:04.826 7469 7469 I SystemServerTiming: ssm.onStartUser-0_com.android.server.policy.PermissionPolicyService
05-04 09:37:04.826 7469 7469 I SystemServerTiming: ssm.onStartUser-0_com.android.server.pm.StagingManager$Lifecycle
05-04 09:37:04.826 7469 7469 I SystemServerTiming: ssm.onStartUser-0_com.android.server.app.GameManagerService$Lifecycle
05-04 09:37:04.826 7469 7469 V GameManagerService: Settings file doesn't exists, skip reading
05-04 09:37:04.826 7469 7469 I SystemServerTiming: ssm.onStartUser-0_com.android.server.appsearch.AppSearchManagerService
05-04 09:37:04.826 7469 7469 I SystemServerTiming: ssm.onStartUser-0_com.android.server.media.MediaCommunicationService
05-04 09:37:04.826 7469 7469 I SystemServerTiming: startPersistentApps
05-04 09:37:04.829 7469 7673 I wm_task_created: [5,-1]
05-04 09:37:04.831 7469 7673 I wm_task_created: [6,-1]
05-04 09:37:04.834 0 0 I msm_vidc: high: 00000001: h265d: Closed video instance: 0000000000000000
05-04 09:37:04.839 7469 7469 D CompatibilityChangeReporter: Compat change id reported: 135634846; UID 1000; state: DISABLED
05-04 09:37:04.839 7469 7469 D CompatibilityChangeReporter: Compat change id reported: 177438394; UID 1000; state: DISABLED
05-04 09:37:04.839 7469 7469 D CompatibilityChangeReporter: Compat change id reported: 135772972; UID 1000; state: DISABLED
05-04 09:37:04.839 7469 7469 D CompatibilityChangeReporter: Compat change id reported: 135754954; UID 1000; state: ENABLED
05-04 09:37:04.849 0 0 I msm_vidc: high: 00000001: ....d: Opening video instance: 0000000000000000, 1
05-04 09:37:04.849 0 0 I msm_vidc: err : 00000001: ....d: Failed to create debugfs for msm_vidc
05-04 09:37:04.841 7469 7469 I am_uid_running: 1001
05-04 09:37:04.841 7469 7469 D CompatibilityChangeReporter: Compat change id reported: 135634846; UID 1001; state: DISABLED
05-04 09:37:04.841 7469 7469 D CompatibilityChangeReporter: Compat change id reported: 177438394; UID 1001; state: DISABLED
05-04 09:37:04.842 7469 7469 D CompatibilityChangeReporter: Compat change id reported: 135772972; UID 1001; state: DISABLED
05-04 09:37:04.842 7469 7469 D CompatibilityChangeReporter: Compat change id reported: 135754954; UID 1001; state: ENABLED
05-04 09:37:04.842 7469 7469 I am_uid_running: 10054
05-04 09:37:04.842 7469 7469 D CompatibilityChangeReporter: Compat change id reported: 135634846; UID 10054; state: DISABLED
05-04 09:37:04.842 7469 7469 D CompatibilityChangeReporter: Compat change id reported: 177438394; UID 10054; state: DISABLED
05-04 09:37:04.842 7469 7469 D CompatibilityChangeReporter: Compat change id reported: 135772972; UID 10054; state: DISABLED
05-04 09:37:04.842 7469 7469 D CompatibilityChangeReporter: Compat change id reported: 135754954; UID 10054; state: DISABLED
05-04 09:37:04.848 7469 7583 I commit_sys_config_file: [log-files,339]
05-04 09:37:04.850 7469 7469 I am_uid_running: 10086
05-04 09:37:04.850 7469 7469 D CompatibilityChangeReporter: Compat change id reported: 135634846; UID 10086; state: DISABLED
05-04 09:37:04.850 7469 7469 D CompatibilityChangeReporter: Compat change id reported: 177438394; UID 10086; state: DISABLED
05-04 09:37:04.850 7469 7469 D CompatibilityChangeReporter: Compat change id reported: 135772972; UID 10086; state: DISABLED
05-04 09:37:04.850 7469 7469 D CompatibilityChangeReporter: Compat change id reported: 135754954; UID 10086; state: DISABLED
05-04 09:37:04.850 7469 7469 I am_uid_running: 1068
05-04 09:37:04.850 7469 7469 D CompatibilityChangeReporter: Compat change id reported: 135634846; UID 1068; state: DISABLED
05-04 09:37:04.852 7469 7469 I am_uid_running: 10064
05-04 09:37:04.853 7469 7469 D CompatibilityChangeReporter: Compat change id reported: 135634846; UID 10064; state: DISABLED
05-04 09:37:04.853 7469 7469 D CompatibilityChangeReporter: Compat change id reported: 177438394; UID 10064; state: DISABLED
05-04 09:37:04.853 7469 7469 D CompatibilityChangeReporter: Compat change id reported: 135772972; UID 10064; state: DISABLED
05-04 09:37:04.853 7469 7469 D CompatibilityChangeReporter: Compat change id reported: 135754954; UID 10064; state: ENABLED
05-04 09:37:04.854 7469 7469 I SystemServerTiming: startHomeOnAllDisplays
05-04 09:37:04.855 7469 7469 I ActivityTaskManager: START u0 {act=android.intent.action.MAIN cat=[android.intent.category.HOME] flg=0x10000100 cmp=com.android.settings/.FallbackHome (has extras)} from uid 0
05-04 09:37:04.856 0 0 I binder : 7840:7840 ioctl 40046210 7fed10e184 returned -22
05-04 09:37:04.858 7469 7583 I commit_sys_config_file: [log-files,349]
05-04 09:37:04.864 0 0 I msm_vidc: high: 00000001: h265d: Closed video instance: 0000000000000000
05-04 09:37:04.859 7469 7583 E NativeTombstoneManager: Tombstone's UID (0) not an app, ignoring
05-04 09:37:04.859 7469 7583 I DropBoxManagerService: add tag=SYSTEM_TOMBSTONE_PROTO isTagEnabled=true flags=0x4
05-04 09:37:04.862 7469 7469 D CompatibilityChangeReporter: Compat change id reported: 174042980; UID 1000; state: DISABLED
05-04 09:37:04.866 7469 7583 I commit_sys_config_file: [log-files,357]
05-04 09:37:04.871 7469 7469 I wm_task_created: [7,-1]
05-04 09:37:04.873 7469 7469 I wm_task_moved: [7,1,2147483647]
05-04 09:37:04.875 7469 7583 I commit_sys_config_file: [log-files,366]
05-04 09:37:04.877 7469 7469 I wm_task_moved: [1,1,5]
05-04 09:37:04.878 7469 7469 I wm_create_task: [0,7]
05-04 09:37:04.878 7469 7469 I wm_create_activity: [0,90223875,7,com.android.settings/.FallbackHome,android.intent.action.MAIN,NULL,NULL,276824320]
05-04 09:37:04.878 7469 7469 I wm_task_moved: [1,1,5]
05-04 09:37:04.878 7469 7469 I wm_task_moved: [7,1,2147483647]
05-04 09:37:04.878 7469 7469 I wm_task_to_front: [0,7]
05-04 09:37:04.879 7469 7495 I netstats_mobile_sample: [0,0,0,0,0,0,0,0,0,0,0,0,1683164224879]
05-04 09:37:04.879 7469 7495 I netstats_wifi_sample: [0,0,0,0,0,0,0,0,0,0,0,0,1683164224879]
05-04 09:37:04.882 7469 7583 E NativeTombstoneManager: Tombstone's UID (1000) not an app, ignoring
05-04 09:37:04.883 7469 7886 W ContextImpl: Calling a method in the system process without a qualified user: android.app.ContextImpl.bindService:1895 android.content.ContextWrapper.bindService:810 com.qualcomm.qti.activityextension.ActivityNotifier.bindToDynamicDDSService:103 com.qualcomm.qti.activityextension.ActivityNotifier.handleSendActivityInvokeNotification:184 com.qualcomm.qti.activityextension.ActivityNotifier.access$300:26
05-04 09:37:04.883 7469 7583 I DropBoxManagerService: add tag=SYSTEM_TOMBSTONE_PROTO isTagEnabled=true flags=0x4
05-04 09:37:04.884 7469 7469 D CompatibilityChangeReporter: Compat change id reported: 168419799; UID 1000; state: DISABLED
05-04 09:37:04.884 7469 7469 I ActivityTaskManager: FOREGROUND_APPLICATION_CHANGED to com.android.settings.FallbackHome
05-04 09:37:04.889 7469 7469 I SystemServerTiming: showSystemReadyErrorDialogs
05-04 09:37:04.889 0 0 I msm_vidc: high: 00000001: ....d: Opening video instance: 0000000000000000, 1
05-04 09:37:04.889 0 0 I msm_vidc: err : 00000001: ....d: Failed to create debugfs for msm_vidc
05-04 09:37:04.890 7469 7495 I netstats_mobile_sample: [0,0,0,0,0,0,0,0,0,0,0,0,1683164224890]
05-04 09:37:04.890 7469 7495 I netstats_wifi_sample: [0,0,0,0,0,0,0,0,0,0,0,0,1683164224890]
05-04 09:37:04.896 7469 7495 I netstats_mobile_sample: [0,0,0,0,0,0,0,0,0,0,0,0,1683164224896]
05-04 09:37:04.896 7469 7495 I netstats_wifi_sample: [0,0,0,0,0,0,0,0,0,0,0,0,1683164224896]
05-04 09:37:04.903 7469 7495 I netstats_mobile_sample: [0,0,0,0,0,0,0,0,0,0,0,0,1683164224903]
05-04 09:37:04.903 7469 7495 I netstats_wifi_sample: [0,0,0,0,0,0,0,0,0,0,0,0,1683164224903]
05-04 09:37:04.914 0 0 I msm_vidc: high: 00000001: mpg2d: Closed video instance: 0000000000000000
05-04 09:37:04.917 7469 7587 I commit_sys_config_file: [settings-0-0,9]
05-04 09:37:04.923 0 0 I msm_vidc: high: 00000001: ....d: Opening video instance: 0000000000000000, 1
05-04 09:37:04.923 0 0 I msm_vidc: err : 00000001: ....d: Failed to create debugfs for msm_vidc
05-04 09:37:04.923 7469 7469 I SystemServerTiming: sendUserStartBroadcast
05-04 09:37:04.923 7469 7469 I SystemServerTiming: resumeTopActivities
05-04 09:37:04.924 7469 7469 I SystemServerTiming: sendUserSwitchBroadcasts
05-04 09:37:04.925 7469 7469 I uc_send_user_broadcast: [0,android.intent.action.USER_FOREGROUND]
05-04 09:37:04.925 7469 7469 I uc_send_user_broadcast: [0,android.intent.action.USER_SWITCHED]
05-04 09:37:04.925 7469 7469 I SystemServerTiming: setBinderProxies
05-04 09:37:04.925 7469 7497 W ActivityManager: Slow operation: 140ms so far, now at startProcess: done updating battery stats
05-04 09:37:04.925 7469 7497 I am_proc_start: [0,7840,1073,com.android.networkstack.process,service,{com.android.networkstack/com.android.server.NetworkStackService}]
05-04 09:37:04.925 7469 7497 W ActivityManager: Slow operation: 140ms so far, now at startProcess: building log message
05-04 09:37:04.925 7469 7497 I ActivityManager: Start proc 7840:com.android.networkstack.process/1073 for service {com.android.networkstack/com.android.server.NetworkStackService}
05-04 09:37:04.925 7469 7497 W ActivityManager: Slow operation: 140ms so far, now at startProcess: starting to update pids map
05-04 09:37:04.925 7469 7497 W ActivityManager: Slow operation: 140ms so far, now at startProcess: done updating pids map
05-04 09:37:04.925 7469 7497 W ActivityManager: Slow operation: 98ms so far, now at startProcess: asking zygote to start proc
05-04 09:37:04.926 7469 7495 I netstats_mobile_sample: [0,0,0,0,0,0,0,0,0,0,0,0,1683164224926]
05-04 09:37:04.926 7469 7495 I netstats_wifi_sample: [0,0,0,0,0,0,0,0,0,0,0,0,1683164224926]
05-04 09:37:04.933 0 0 I binder : 7687:7687 ioctl 40046210 7fed10d7f4 returned -22
05-04 09:37:04.930 7469 7469 I SystemServerTiming: StartSystemUI
05-04 09:37:04.931 7469 7886 W ContextImpl: Calling a method in the system process without a qualified user: android.app.ContextImpl.bindService:1895 android.content.ContextWrapper.bindService:810 com.qualcomm.qti.activityextension.ActivityNotifier.bindToDynamicDDSService:103 com.qualcomm.qti.activityextension.ActivityNotifier.handleSendActivityInvokeNotification:184 com.qualcomm.qti.activityextension.ActivityNotifier.access$300:26
05-04 09:37:04.933 0 0 I msm_vidc: high: 00000001: mpg2d: Closed video instance: 0000000000000000
05-04 09:37:04.936 7469 7483 I ActivityManager: Process WebViewLoader-armeabi-v7a (pid 7774) has died: psvc PER
05-04 09:37:04.936 7469 7483 I am_proc_died: [0,7774,WebViewLoader-armeabi-v7a,-700,0]
05-04 09:37:04.938 7469 7483 I am_low_memory: 4
05-04 09:37:04.939 7469 7639 I am_proc_bound: [0,7840,com.android.networkstack.process]
05-04 09:37:04.939 7469 7497 W ActivityManager: Slow operation: 112ms so far, now at startProcess: returned from zygote!
05-04 09:37:04.941 7469 7639 D CompatibilityChangeReporter: Compat change id reported: 168419799; UID 1073; state: DISABLED
05-04 09:37:04.943 7469 7495 I netstats_mobile_sample: [0,0,0,0,0,0,0,0,0,0,0,0,1683164224943]
05-04 09:37:04.943 7469 7495 I netstats_wifi_sample: [0,0,0,0,0,0,0,0,0,0,0,0,1683164224943]
05-04 09:37:04.948 7469 7639 I am_uid_active: 1073
05-04 09:37:04.951 0 0 I binder : 7897:7897 ioctl 40046210 7fed10e184 returned -22
05-04 09:37:04.952 7469 7639 D CompatibilityChangeReporter: Compat change id reported: 168419799; UID 1073; state: DISABLED
05-04 09:37:04.952 7469 7583 I commit_sys_config_file: [log-files,443]
05-04 09:37:04.953 7469 7567 I ActivityManager: Process WebViewLoader-arm64-v8a (pid 7778) has died: psvc PER
05-04 09:37:04.954 7469 7567 I am_proc_died: [0,7778,WebViewLoader-arm64-v8a,-700,0]
05-04 09:37:04.954 7469 7567 I am_uid_stopped: 1037
05-04 09:37:04.955 7469 7583 I commit_sys_config_file: [log-files,446]
05-04 09:37:04.956 7469 7567 I am_low_memory: 4
05-04 09:37:04.956 7469 7583 E NativeTombstoneManager: Tombstone's UID (0) not an app, ignoring
05-04 09:37:04.956 7469 7583 I DropBoxManagerService: add tag=SYSTEM_TOMBSTONE_PROTO isTagEnabled=true flags=0x4
05-04 09:37:04.957 7469 7886 W ContextImpl: Calling a method in the system process without a qualified user: android.app.ContextImpl.bindService:1895 android.content.ContextWrapper.bindService:810 com.qualcomm.qti.activityextension.ActivityNotifier.bindToDynamicDDSService:103 com.qualcomm.qti.activityextension.ActivityNotifier.handleSendActivityInvokeNotification:184 com.qualcomm.qti.activityextension.ActivityNotifier.access$300:26
05-04 09:37:04.957 7469 7497 W ActivityManager: Slow operation: 130ms so far, now at startProcess: done updating battery stats
05-04 09:37:04.957 7469 7497 I am_proc_start: [0,7897,1000,com.thundercomm.gamemode,added application,com.thundercomm.gamemode]
05-04 09:37:04.957 7469 7497 W ActivityManager: Slow operation: 130ms so far, now at startProcess: building log message
05-04 09:37:04.957 7469 7497 I ActivityManager: Start proc 7897:com.thundercomm.gamemode/1000 for added application com.thundercomm.gamemode
05-04 09:37:04.957 7469 7497 W ActivityManager: Slow operation: 130ms so far, now at startProcess: starting to update pids map
05-04 09:37:04.957 7469 7497 W ActivityManager: Slow operation: 130ms so far, now at startProcess: done updating pids map
05-04 09:37:04.957 7469 7497 W ActivityManager: Slow operation: 118ms so far, now at startProcess: asking zygote to start proc
05-04 09:37:04.960 7469 7469 I SystemServerTiming: startMicroService
05-04 09:37:04.960 7469 7469 I SystemServerTiming: startRemoteControlService
05-04 09:37:04.960 7469 7469 I SystemServerTiming: startTcService
05-04 09:37:04.962 7469 7469 I SystemServerTiming: startBoostPerfService
05-04 09:37:04.963 7469 7495 I netstats_mobile_sample: [0,0,0,0,0,0,0,0,0,0,0,0,1683164224963]
05-04 09:37:04.963 7469 7495 I netstats_wifi_sample: [0,0,0,0,0,0,0,0,0,0,0,0,1683164224963]
05-04 09:37:04.963 7469 7469 W Looper : Slow delivery took 1756ms main h=android.app.PropertyInvalidatedCache$AutoCorker$1 c=null m=0
05-04 09:37:04.965 7469 7567 I am_proc_bound: [0,7897,com.thundercomm.gamemode]
05-04 09:37:04.965 7469 7583 I commit_sys_config_file: [log-files,456]
05-04 09:37:04.969 7469 7567 D CompatibilityChangeReporter: Compat change id reported: 181136395; UID 1000; state: DISABLED
05-04 09:37:04.970 7469 7567 D CompatibilityChangeReporter: Compat change id reported: 174042936; UID 1000; state: DISABLED
05-04 09:37:04.972 7469 7673 D CompatibilityChangeReporter: Compat change id reported: 171306433; UID 1000; state: ENABLED
05-04 09:37:04.972 7469 7583 I commit_sys_config_file: [log-files,463]
05-04 09:37:04.974 7469 7497 W ActivityManager: Slow operation: 135ms so far, now at startProcess: returned from zygote!
05-04 09:37:04.974 7469 7497 W ActivityManager: Slow operation: 135ms so far, now at startProcess: done updating battery stats
05-04 09:37:04.974 7469 7497 I am_proc_start: [0,7928,1000,com.thundercomm.microservice,added application,com.thundercomm.microservice]
05-04 09:37:04.974 7469 7497 W ActivityManager: Slow operation: 135ms so far, now at startProcess: building log message
05-04 09:37:04.974 7469 7497 I ActivityManager: Start proc 7928:com.thundercomm.microservice/1000 for added application com.thundercomm.microservice
05-04 09:37:04.974 7469 7497 W ActivityManager: Slow operation: 135ms so far, now at startProcess: starting to update pids map
05-04 09:37:04.975 7469 7497 W ActivityManager: Slow operation: 136ms so far, now at startProcess: done updating pids map
05-04 09:37:04.975 7469 7497 W ActivityManager: Slow operation: 135ms so far, now at startProcess: asking zygote to start proc
05-04 09:37:04.979 7469 7583 E NativeTombstoneManager: Tombstone's UID (1000) not an app, ignoring
05-04 09:37:04.980 7469 7583 I DropBoxManagerService: add tag=SYSTEM_TOMBSTONE_PROTO isTagEnabled=true flags=0x4
05-04 09:37:04.982 7469 7495 I netstats_mobile_sample: [0,0,0,0,0,0,0,0,0,0,0,0,1683164224982]
05-04 09:37:04.983 7469 7495 I netstats_wifi_sample: [0,0,0,0,0,0,0,0,0,0,0,0,1683164224982]
05-04 09:37:04.983 7469 7469 D ConditionProviders.SCP: onConnected
05-04 09:37:04.984 7469 7469 I GameModeConfig: isGameModeOn = false
