01-01 10:01:23.991 616 616 I auditd : type=1400 audit(0.0:686): avc: denied { kill } for comm="fsck.f2fs" capability=5 scontext=u:r:fsck:s0 tcontext=u:r:fsck:s0 tclass=capability permissive=1
01-01 10:01:24.686 0 0 E link_delay_work_func: DTC_ETH: SQI=0, link=0
01-01 10:01:25.780 0 0 W F2FS-fs (dm-10): Start checkpoint disabled!
01-01 10:01:25.786 0 0 I F2FS-fs (dm-10): Mounted with checkpoint version = 115644cc
01-01 10:01:25.797 0 0 I binder : 622:622 ioctl 40046210 7fe9484754 returned -22
01-01 10:01:25.797 0 0 D ProcessState: Binder ioctl to enable oneway spam detection failed: Invalid argument
01-01 10:01:25.797 0 0 D vdc : Waited 0ms for vold
01-01 10:01:25.803 0 0 I binder : 625:625 ioctl 40046210 7fd2593f54 returned -22
01-01 10:01:25.803 0 0 D ProcessState: Binder ioctl to enable oneway spam detection failed: Invalid argument
01-01 10:01:25.803 0 0 D vdc : Waited 0ms for vold
01-01 10:01:25.822 0 0 I fscrypt : AES-256-CTS-CBC using implementation "cts(cbc-aes-ce)"
01-01 10:01:25.833 0 0 I binder : 633:633 ioctl 40046210 7fe0c1c834 returned -22
01-01 10:01:25.833 0 0 D ProcessState: Binder ioctl to enable oneway spam detection failed: Invalid argument
01-01 10:01:25.833 0 0 D vdc : Waited 0ms for vold
01-01 10:01:25.849 0 0 I apexd : This device does not support updatable APEX. Exiting
01-01 10:01:25.849 0 0 I apexd : Marking APEXd as activated
01-01 10:01:25.882 0 0 I binder : 640:640 ioctl 40046210 7fc9e83024 returned -22
01-01 10:01:25.882 0 0 D ProcessState: Binder ioctl to enable oneway spam detection failed: Invalid argument
01-01 10:01:25.882 0 0 D vdc : Waited 0ms for vold
01-01 10:01:25.944 0 0 I apexd : This device does not support updatable APEX. Exiting
01-01 10:01:25.944 0 0 I apexd : Marking APEXd as ready
01-01 10:01:25.955 476 476 I auditd : type=1400 audit(0.0:687): avc: denied { add_name } for comm="init" name="read_ahead_kb" scontext=u:r:vendor_init:s0 tcontext=u:object_r:sysfs_dm:s0 tclass=dir permissive=1
01-01 10:01:25.955 476 476 I auditd : type=1400 audit(0.0:688): avc: denied { create } for comm="init" name="read_ahead_kb" scontext=u:r:vendor_init:s0 tcontext=u:object_r:sysfs_dm:s0 tclass=file permissive=1
01-01 10:01:25.962 0 0 D cnss : File system is ready, fs_ready is 1, count is 1
01-01 10:01:25.962 0 0 D cnss : Posting event: COLD_BOOT_CAL_START(5), state: 0x0 flags: 0x0
01-01 10:01:25.962 0 0 D cnss : PM stay awake, state: 0x0, count: 1
01-01 10:01:25.962 0 0 D cnss : PM relax, state: 0x0, count: 0
01-01 10:01:25.962 0 0 D cnss : PM stay awake, state: 0x0, count: 1
01-01 10:01:25.962 0 0 D cnss : Processing driver event: COLD_BOOT_CAL_START(5), state: 0x0
01-01 10:01:25.962 0 0 D cnss : Regulator vdd-wlan-io is being enabled
01-01 10:01:25.962 0 0 D cnss : Regulator wlan-ant-switch is being enabled
01-01 10:01:25.962 0 0 D cnss : Regulator vdd-wlan-aon is being enabled
01-01 10:01:25.962 0 0 D cnss : Regulator vdd-wlan-dig is being enabled
01-01 10:01:25.963 0 0 D cnss : Regulator vdd-wlan-rfa1 is being enabled
01-01 10:01:25.963 0 0 D cnss : Regulator vdd-wlan-rfa2 is being enabled
01-01 10:01:25.963 0 0 D cnss : BT_EN_GPIO State: Off. Delay WLAN_GPIO enable
01-01 10:01:25.967 476 476 I auditd : type=1400 audit(0.0:689): avc: denied { getattr } for comm="init" path="/persist/qti_fp" dev="sda2" ino=25 scontext=u:r:vendor_init:s0 tcontext=u:object_r:mnt_product_file:s0 tclass=dir permissive=1
01-01 10:01:25.971 1 1 I auditd : type=1400 audit(0.0:690): avc: denied { getattr } for comm="init" path="/product/bin/init.qti.display.sh" dev="dm-7" ino=56 scontext=u:r:init:s0 tcontext=u:object_r:vendor_sys_qti_display_exec:s0 tclass=file permissive=1
01-01 10:01:25.971 652 652 I auditd : type=1400 audit(0.0:691): avc: denied { execute } for comm="init" name="init.qti.display.sh" dev="dm-7" ino=56 scontext=u:r:init:s0 tcontext=u:object_r:vendor_sys_qti_display_exec:s0 tclass=file permissive=1
01-01 10:01:25.971 652 652 I auditd : type=1400 audit(0.0:692): avc: denied { read open } for comm="init" path="/product/bin/init.qti.display.sh" dev="dm-7" ino=56 scontext=u:r:init:s0 tcontext=u:object_r:vendor_sys_qti_display_exec:s0 tclass=file permissive=1
01-01 10:01:25.971 652 652 I auditd : type=1400 audit(0.0:693): avc: denied { transition } for comm="init" path="/product/bin/init.qti.display.sh" dev="dm-7" ino=56 scontext=u:r:init:s0 tcontext=u:r:vendor_sys_qti_display:s0 tclass=process permissive=1
01-01 10:01:25.971 652 652 I auditd : type=1400 audit(0.0:694): avc: denied { entrypoint } for comm="init" path="/product/bin/init.qti.display.sh" dev="dm-7" ino=56 scontext=u:r:vendor_sys_qti_display:s0 tcontext=u:object_r:vendor_sys_qti_display_exec:s0 tclass=file permissive=1
01-01 10:01:25.971 652 652 I auditd : type=1400 audit(0.0:695): avc: denied { noatsecure } for comm="init" scontext=u:r:init:s0 tcontext=u:r:vendor_sys_qti_display:s0 tclass=process permissive=1
01-01 10:01:25.975 652 652 I auditd : type=1400 audit(0.0:696): avc: denied { rlimitinh } for comm="init.qti.displa" scontext=u:r:init:s0 tcontext=u:r:vendor_sys_qti_display:s0 tclass=process permissive=1
01-01 10:01:25.975 652 652 I auditd : type=1400 audit(0.0:697): avc: denied { siginh } for comm="init.qti.displa" scontext=u:r:init:s0 tcontext=u:r:vendor_sys_qti_display:s0 tclass=process permissive=1
01-01 10:01:25.975 652 652 I auditd : type=1400 audit(0.0:698): avc: denied { map } for comm="init.qti.displa" path="/system/bin/sh" dev="dm-5" ino=1336 scontext=u:r:vendor_sys_qti_display:s0 tcontext=u:object_r:shell_exec:s0 tclass=file permissive=1
01-01 10:01:25.975 652 652 I auditd : type=1400 audit(0.0:699): avc: denied { read } for comm="init.qti.displa" path="/system/bin/sh" dev="dm-5" ino=1336 scontext=u:r:vendor_sys_qti_display:s0 tcontext=u:object_r:shell_exec:s0 tclass=file permissive=1
01-01 10:01:25.975 652 652 I auditd : type=1400 audit(0.0:700): avc: denied { execute } for comm="init.qti.displa" path="/system/bin/sh" dev="dm-5" ino=1336 scontext=u:r:vendor_sys_qti_display:s0 tcontext=u:object_r:shell_exec:s0 tclass=file permissive=1
05-04 09:35:15.393 652 652 I auditd : type=1400 audit(0.0:701): avc: denied { getattr } for comm="init.qti.displa" path="/system/bin/sh" dev="dm-5" ino=1336 scontext=u:r:vendor_sys_qti_display:s0 tcontext=u:object_r:shell_exec:s0 tclass=file permissive=1
05-04 09:35:15.393 652 652 I auditd : type=1400 audit(0.0:702): avc: denied { read } for comm="init.qti.displa" name="init.qti.display.sh" dev="dm-7" ino=56 scontext=u:r:vendor_sys_qti_display:s0 tcontext=u:object_r:vendor_sys_qti_display_exec:s0 tclass=file permissive=1
05-04 09:35:15.393 652 652 I auditd : type=1400 audit(0.0:703): avc: denied { open } for comm="init.qti.displa" path="/product/bin/init.qti.display.sh" dev="dm-7" ino=56 scontext=u:r:vendor_sys_qti_display:s0 tcontext=u:object_r:vendor_sys_qti_display_exec:s0 tclass=file permissive=1
05-04 09:35:15.396 660 660 I auditd : type=1400 audit(0.0:704): avc: denied { getattr } for comm="init.qti.displa" path="/system/bin/toybox" dev="dm-5" ino=1389 scontext=u:r:vendor_sys_qti_display:s0 tcontext=u:object_r:toolbox_exec:s0 tclass=file permissive=1
05-04 09:35:15.396 660 660 I auditd : type=1400 audit(0.0:705): avc: denied { execute } for comm="init.qti.displa" name="toybox" dev="dm-5" ino=1389 scontext=u:r:vendor_sys_qti_display:s0 tcontext=u:object_r:toolbox_exec:s0 tclass=file permissive=1
05-04 09:35:15.396 660 660 I auditd : type=1400 audit(0.0:706): avc: denied { read open } for comm="init.qti.displa" path="/system/bin/toybox" dev="dm-5" ino=1389 scontext=u:r:vendor_sys_qti_display:s0 tcontext=u:object_r:toolbox_exec:s0 tclass=file permissive=1
05-04 09:35:15.396 660 660 I auditd : type=1400 audit(0.0:707): avc: denied { execute_no_trans } for comm="init.qti.displa" path="/system/bin/toybox" dev="dm-5" ino=1389 scontext=u:r:vendor_sys_qti_display:s0 tcontext=u:object_r:toolbox_exec:s0 tclass=file permissive=1
05-04 09:35:15.396 660 660 I auditd : type=1400 audit(0.0:708): avc: denied { map } for comm="cat" path="/system/bin/toybox" dev="dm-5" ino=1389 scontext=u:r:vendor_sys_qti_display:s0 tcontext=u:object_r:toolbox_exec:s0 tclass=file permissive=1
05-04 09:35:15.430 661 661 I liblog : 150
05-04 09:35:15.430 661 661 I liblog : 2
05-04 09:35:15.430 661 661 I liblog : 1
05-04 09:35:15.430 661 661 I liblog : 2
05-04 09:35:15.430 661 661 I liblog : 1
05-04 09:35:15.433 661 661 I liblog : 59
05-04 09:35:15.433 661 661 I liblog : 1
05-04 09:35:15.433 661 661 I liblog : 1
05-04 09:35:15.433 661 661 I liblog : 126
05-04 09:35:15.433 661 661 I liblog : 1
05-04 09:35:15.433 661 661 I liblog : 1
05-04 09:35:15.433 661 661 I liblog : 1
05-04 09:35:15.435 661 661 I liblog : 308
01-01 10:01:26.047 0 0 I update_verifier: Started with arg 1: nonencrypted
01-01 10:01:26.047 0 0 I binder : 672:672 ioctl 40046210 7fccf6c8d4 returned -22
01-01 10:01:26.047 0 0 D hw-ProcessState: Binder ioctl to enable oneway spam detection failed: Invalid argument
01-01 10:01:26.047 0 0 I update_verifier: Booting slot 0: isSlotMarkedSuccessful=0
01-01 10:01:26.048 0 0 E update_verifier: /data/ota_package/care_map.pb doesn't exist
01-01 10:01:26.048 0 0 W update_verifier: Failed to parse the care map file, skipping verification
01-01 10:01:26.048 0 0 I binder : 672:672 ioctl 40046210 7fccf6ca44 returned -22
01-01 10:01:26.048 0 0 D ProcessState: Binder ioctl to enable oneway spam detection failed: Invalid argument
01-01 10:01:26.048 0 0 I update_verifier: Deferred marking slot 0 as booted successfully.
01-01 10:01:26.048 0 0 I update_verifier: Leaving update_verifier.
05-04 09:35:15.464 476 476 I auditd : type=1400 audit(0.0:709): avc: denied { add_name } for comm="init" name="boot" scontext=u:r:vendor_init:s0 tcontext=u:object_r:sysfs:s0 tclass=dir permissive=1
05-04 09:35:15.464 476 476 I auditd : type=1400 audit(0.0:710): avc: denied { create } for comm="init" name="boot" scontext=u:r:vendor_init:s0 tcontext=u:object_r:sysfs:s0 tclass=file permissive=1
01-01 10:01:26.055 0 0 W subsys-pil-tz 17300000.qcom,lpass: Falling back to syfs fallback for: adsp.mdt
01-01 10:01:26.055 0 0 W subsys-pil-tz 8300000.qcom,turing: Falling back to syfs fallback for: cdsp.mdt
01-01 10:01:26.058 0 0 I subsys-pil-tz 8300000.qcom,turing: cdsp: loading from 0x0000000087800000 to 0x0000000088c00000
01-01 10:01:26.058 0 0 I subsys-pil-tz 17300000.qcom,lpass: adsp: loading from 0x000000008a100000 to 0x000000008be00000
01-01 10:01:26.061 0 0 I binder : 673:673 ioctl 40046210 7ffa767d44 returned -22
01-01 10:01:26.062 0 0 W subsys-pil-tz 8300000.qcom,turing: Falling back to syfs fallback for: cdsp.b02
01-01 10:01:26.062 0 0 W subsys-pil-tz 8300000.qcom,turing: Falling back to syfs fallback for: cdsp.b03
01-01 10:01:26.062 0 0 W subsys-pil-tz 8300000.qcom,turing: Falling back to syfs fallback for: cdsp.b04
01-01 10:01:26.062 0 0 W subsys-pil-tz 8300000.qcom,turing: Falling back to syfs fallback for: cdsp.b05
01-01 10:01:26.062 0 0 W subsys-pil-tz 8300000.qcom,turing: Falling back to syfs fallback for: cdsp.b06
01-01 10:01:26.062 0 0 W subsys-pil-tz 8300000.qcom,turing: Falling back to syfs fallback for: cdsp.b08
01-01 10:01:26.063 0 0 W subsys-pil-tz 8300000.qcom,turing: Falling back to syfs fallback for: cdsp.b09
01-01 10:01:26.063 0 0 W subsys-pil-tz 8300000.qcom,turing: Falling back to syfs fallback for: cdsp.b11
01-01 10:01:26.063 0 0 W subsys-pil-tz 17300000.qcom,lpass: Falling back to syfs fallback for: adsp.b02
01-01 10:01:26.064 0 0 W subsys-pil-tz 17300000.qcom,lpass: Falling back to syfs fallback for: adsp.b03
01-01 10:01:26.064 0 0 W subsys-pil-tz 17300000.qcom,lpass: Falling back to syfs fallback for: adsp.b04
01-01 10:01:26.064 0 0 W subsys-pil-tz 17300000.qcom,lpass: Falling back to syfs fallback for: adsp.b05
01-01 10:01:26.064 0 0 W subsys-pil-tz 17300000.qcom,lpass: Falling back to syfs fallback for: adsp.b06
01-01 10:01:26.064 0 0 W subsys-pil-tz 17300000.qcom,lpass: Falling back to syfs fallback for: adsp.b07
01-01 10:01:26.064 0 0 W subsys-pil-tz 17300000.qcom,lpass: Falling back to syfs fallback for: adsp.b08
01-01 10:01:26.064 0 0 W subsys-pil-tz 17300000.qcom,lpass: Falling back to syfs fallback for: adsp.b09
01-01 10:01:26.064 0 0 W subsys-pil-tz 17300000.qcom,lpass: Falling back to syfs fallback for: adsp.b10
01-01 10:01:26.064 0 0 W subsys-pil-tz 17300000.qcom,lpass: Falling back to syfs fallback for: adsp.b12
01-01 10:01:26.064 0 0 W subsys-pil-tz 17300000.qcom,lpass: Falling back to syfs fallback for: adsp.b11
01-01 10:01:26.064 0 0 W subsys-pil-tz 17300000.qcom,lpass: Falling back to syfs fallback for: adsp.b13
01-01 10:01:26.064 0 0 W subsys-pil-tz 17300000.qcom,lpass: Falling back to syfs fallback for: adsp.b14
01-01 10:01:26.065 0 0 W subsys-pil-tz 17300000.qcom,lpass: Falling back to syfs fallback for: adsp.b15
01-01 10:01:26.065 0 0 W subsys-pil-tz 17300000.qcom,lpass: Falling back to syfs fallback for: adsp.b16
01-01 10:01:26.065 0 0 W subsys-pil-tz 17300000.qcom,lpass: Falling back to syfs fallback for: adsp.b17
01-01 10:01:26.065 0 0 W subsys-pil-tz 17300000.qcom,lpass: Falling back to syfs fallback for: adsp.b18
01-01 10:01:26.067 0 0 D cnss : Assert WLAN_EN GPIO successfully
01-01 10:01:26.067 0 0 D cnss : Resuming PCI link
01-01 10:01:26.067 0 0 I msm_pcie_enable: PCIe: Assert the reset of endpoint of RC0.
01-01 10:01:26.072 0 0 I msm_pcie_enable: PCIe: RC0: PCIE20_PARF_INT_ALL_MASK: 0x7f80d202
01-01 10:01:26.074 0 0 I pcie_phy_init: PCIe RC0 PHY is ready!
01-01 10:01:26.084 0 0 I msm_pcie_enable: PCIe: Release the reset of endpoint of RC0.
01-01 10:01:26.101 0 0 I msm_pcie_link_train: PCIe RC0 link initialized
01-01 10:01:26.104 0 0 I subsys-pil-tz 8300000.qcom,turing: cdsp: Brought out of reset
01-01 10:01:26.113 0 0 I subsys-pil-tz 8300000.qcom,turing: cdsp: Power/Clock ready interrupt received
01-01 10:01:26.113 0 0 I subsys-pil-tz 8300000.qcom,turing: Subsystem error monitoring/handling services are up
01-01 10:01:26.114 0 0 I adsprpc : fastrpc_restart_notifier_cb: cdsp subsystem is up
01-01 10:01:26.114 0 0 I qcom_smd_qrtr_probe: Entered
01-01 10:01:26.114 0 0 I qcom_smd_qrtr_probe: SMD QRTR driver probed
01-01 10:01:26.115 0 0 I msm_cvp : info: Opening cvp instance: 0000000000000000
01-01 10:01:26.115 0 0 I msm_cvp_v4l2 ab00000.qcom,cvp: Linked as a consumer to regulator.77
01-01 10:01:26.115 0 0 I msm_cvp_v4l2 ab00000.qcom,cvp: Linked as a consumer to regulator.76
01-01 10:01:26.116 0 0 W subsys-pil-tz 9800000.qcom,npu: Falling back to syfs fallback for: npu.mdt
01-01 10:01:26.116 0 0 E register_client_adhoc: find path.src 1 dest 589
01-01 10:01:26.116 0 0 E register_client_adhoc: Failed to find path.src 1 dest 589
01-01 10:01:26.117 0 0 E : [drm:dp_display_init_aux_switch][msm-dp-err][82 ]failed to register notifier (-22)
01-01 10:01:26.117 0 0 I subsys-restart: __subsystem_get(): Changing subsys fw_name to cvpss
01-01 10:01:26.117 0 0 W subsys-pil-tz abb0000.qcom,cvpss: Falling back to syfs fallback for: cvpss.mdt
01-01 10:01:26.118 0 0 I cnss_pci 0000: 01:00.0: enabling device (0000 -> 0002)
01-01 10:01:26.119 0 0 D cnss : Read register offset 0x1f8031c, val = 0x6
01-01 10:01:26.119 0 0 D cnss : Write val 0x2 to register offset 0x1f8031c
01-01 10:01:26.119 0 0 D cnss : Setting MHI state: INIT(0)
01-01 10:01:26.119 0 0 E register_client_adhoc: find path.src 1 dest 589
01-01 10:01:26.119 0 0 E register_client_adhoc: Failed to find path.src 1 dest 589
01-01 10:01:26.120 0 0 I subsys-pil-tz abb0000.qcom,cvpss: cvpss: loading from 0x0000000087300000 to 0x0000000087800000
01-01 10:01:26.120 0 0 I subsys-pil-tz 9800000.qcom,npu: npu: loading from 0x0000000086900000 to 0x0000000086e00000
01-01 10:01:26.120 0 0 E : [drm:dp_display_init_aux_switch][msm-dp-err][356 ]failed to register notifier (-22)
01-01 10:01:26.121 0 0 I adsprpc : fastrpc_rpmsg_probe: opened rpmsg channel for cdsp
01-01 10:01:26.121 0 0 E register_client_adhoc: find path.src 1 dest 589
01-01 10:01:26.121 0 0 E register_client_adhoc: Failed to find path.src 1 dest 589
01-01 10:01:26.122 0 0 E : [drm:dp_display_init_aux_switch][msm-dp-err][736 ]failed to register notifier (-22)
01-01 10:01:26.174 0 0 I subsys-pil-tz 17300000.qcom,lpass: adsp: Brought out of reset
01-01 10:01:26.178 0 0 W subsys-pil-tz 9800000.qcom,npu: Falling back to syfs fallback for: npu.b02
01-01 10:01:26.178 0 0 W subsys-pil-tz 9800000.qcom,npu: Falling back to syfs fallback for: npu.b03
01-01 10:01:26.178 0 0 W subsys-pil-tz 9800000.qcom,npu: Falling back to syfs fallback for: npu.b04
01-01 10:01:26.178 0 0 W subsys-pil-tz 9800000.qcom,npu: Falling back to syfs fallback for: npu.b05
01-01 10:01:26.178 0 0 W subsys-pil-tz 9800000.qcom,npu: Falling back to syfs fallback for: npu.b06
01-01 10:01:26.178 0 0 W subsys-pil-tz abb0000.qcom,cvpss: Falling back to syfs fallback for: cvpss.b02
01-01 10:01:26.178 0 0 W subsys-pil-tz abb0000.qcom,cvpss: Falling back to syfs fallback for: cvpss.b03
01-01 10:01:26.179 0 0 W subsys-pil-tz abb0000.qcom,cvpss: Falling back to syfs fallback for: cvpss.b04
01-01 10:01:26.179 0 0 W subsys-pil-tz abb0000.qcom,cvpss: Falling back to syfs fallback for: cvpss.b05
01-01 10:01:26.179 0 0 W subsys-pil-tz abb0000.qcom,cvpss: Falling back to syfs fallback for: cvpss.b06
01-01 10:01:26.179 0 0 W subsys-pil-tz abb0000.qcom,cvpss: Falling back to syfs fallback for: cvpss.b07
01-01 10:01:26.179 0 0 W subsys-pil-tz abb0000.qcom,cvpss: Falling back to syfs fallback for: cvpss.b08
01-01 10:01:26.179 0 0 W subsys-pil-tz abb0000.qcom,cvpss: Falling back to syfs fallback for: cvpss.b09
01-01 10:01:26.179 0 0 W subsys-pil-tz abb0000.qcom,cvpss: Falling back to syfs fallback for: cvpss.b10
01-01 10:01:26.179 0 0 W subsys-pil-tz abb0000.qcom,cvpss: Falling back to syfs fallback for: cvpss.b19
01-01 10:01:26.188 0 0 D cnss : Setting MHI state: POWER_ON(2)
01-01 10:01:26.189 0 0 W cnss_pci 0000: 01:00.0: Falling back to syfs fallback for: qca6390/amss20.bin
01-01 10:01:26.197 0 0 I subsys-pil-tz 9800000.qcom,npu: npu: Brought out of reset
01-01 10:01:26.197 0 0 E register_client_adhoc: find path.src 1 dest 589
01-01 10:01:26.197 0 0 E register_client_adhoc: Failed to find path.src 1 dest 589
01-01 10:01:26.198 0 0 I subsys-pil-tz 17300000.qcom,lpass: Subsystem error monitoring/handling services are up
01-01 10:01:26.198 0 0 I subsys-pil-tz 17300000.qcom,lpass: adsp: Power/Clock ready interrupt received
01-01 10:01:26.198 0 0 I qcom_rpmh DRV: apps_rsc TCS Busy, retrying RPMH message send: addr=0x30030
01-01 10:01:26.198 0 0 I qcom_rpmh DRV: apps_rsc TCS Busy, retrying RPMH message send: addr=0x30040
01-01 10:01:26.198 0 0 E : [drm:dp_display_init_aux_switch][msm-dp-err][740 ]failed to register notifier (-22)
01-01 10:01:26.198 0 0 I adsprpc : fastrpc_restart_notifier_cb: adsp subsystem is up
01-01 10:01:26.198 0 0 E register_client_adhoc: find path.src 1 dest 589
01-01 10:01:26.198 0 0 E register_client_adhoc: Failed to find path.src 1 dest 589
01-01 10:01:26.198 0 0 E : [drm:dp_display_init_aux_switch][msm-dp-err][46 ]failed to register notifier (-22)
01-01 10:01:26.198 0 0 E register_client_adhoc: find path.src 1 dest 589
01-01 10:01:26.198 0 0 E register_client_adhoc: Failed to find path.src 1 dest 589
01-01 10:01:26.198 0 0 D cnss : DRV subsystem is connected
01-01 10:01:26.199 0 0 E : [drm:dp_display_init_aux_switch][msm-dp-err][46 ]failed to register notifier (-22)
01-01 10:01:26.199 0 0 E register_client_adhoc: find path.src 1 dest 589
01-01 10:01:26.199 0 0 E register_client_adhoc: Failed to find path.src 1 dest 589
01-01 10:01:26.199 0 0 E : [drm:dp_display_init_aux_switch][msm-dp-err][46 ]failed to register notifier (-22)
01-01 10:01:26.199 0 0 I qcom_smd_qrtr_probe: Entered
01-01 10:01:26.199 0 0 I qcom_smd_qrtr_probe: SMD QRTR driver probed
01-01 10:01:26.200 0 0 E register_client_adhoc: find path.src 1 dest 589
01-01 10:01:26.200 0 0 E register_client_adhoc: Failed to find path.src 1 dest 589
01-01 10:01:26.200 0 0 E : [drm:dp_display_init_aux_switch][msm-dp-err][736 ]failed to register notifier (-22)
01-01 10:01:26.203 0 0 I binder : 674:674 ioctl 40046210 7ff49dbcc4 returned -22
01-01 10:01:26.204 0 0 I binder : 674:674 ioctl 40046210 7ff49dbed4 returned -22
01-01 10:01:26.205 0 0 I subsys-pil-tz abb0000.qcom,cvpss: cvpss: Brought out of reset
01-01 10:01:26.207 0 0 I adsprpc : fastrpc_rpmsg_probe: opened rpmsg channel for adsp
01-01 10:01:26.208 0 0 E register_client_adhoc: find path.src 1 dest 589
01-01 10:01:26.208 0 0 E register_client_adhoc: Failed to find path.src 1 dest 589
01-01 10:01:26.209 0 0 E : [drm:dp_display_init_aux_switch][msm-dp-err][736 ]failed to register notifier (-22)
01-01 10:01:26.210 0 0 I apr_tal_rpmsg qcom,glink: adsp.apr_audio_svc.-1.-1: apr_tal_rpmsg_probe: Channel[apr_audio_svc] state[Up]
01-01 10:01:26.212 0 0 E register_client_adhoc: find path.src 1 dest 589
01-01 10:01:26.212 0 0 E register_client_adhoc: Failed to find path.src 1 dest 589
01-01 10:01:26.213 0 0 E : [drm:dp_display_init_aux_switch][msm-dp-err][736 ]failed to register notifier (-22)
01-01 10:01:26.216 0 0 W NPU_WARN: host_session_msg_hdlr: 1904 handle npu session msg when FW is disabled
01-01 10:01:26.216 0 0 I NPU_INFO: npu_get_fw_caps: 236 fw caps 0:2007
01-01 10:01:26.216 0 0 I NPU_INFO: npu_get_fw_caps: 236 fw caps 1:80000005
01-01 10:01:26.216 0 0 I NPU_INFO: npu_get_fw_caps: 236 fw caps 2:0
01-01 10:01:26.216 0 0 I NPU_INFO: npu_get_fw_caps: 236 fw caps 3:0
01-01 10:01:26.216 0 0 I NPU_INFO: npu_get_fw_caps: 236 fw caps 4:0
01-01 10:01:26.216 0 0 I NPU_INFO: npu_get_fw_caps: 236 fw caps 5:0
01-01 10:01:26.216 0 0 I NPU_INFO: npu_get_fw_caps: 236 fw caps 6:0
01-01 10:01:26.216 0 0 I NPU_INFO: npu_get_fw_caps: 236 fw caps 7:0
01-01 10:01:26.219 0 0 I qcom_smd_qrtr_probe: Entered
01-01 10:01:26.219 0 0 I qcom_smd_qrtr_probe: SMD QRTR driver probed
01-01 10:01:26.220 0 0 E register_client_adhoc: find path.src 1 dest 589
01-01 10:01:26.220 0 0 E register_client_adhoc: Failed to find path.src 1 dest 589
01-01 10:01:26.221 0 0 E : [drm:dp_display_init_aux_switch][msm-dp-err][736 ]failed to register notifier (-22)
01-01 10:01:26.225 0 0 I msm_cvp : err: Failed to create debugfs for msm_cvp
01-01 10:01:26.225 0 0 I msm_cvp : info: Closed cvp instance: 0000000000000000 session_id = 0
05-04 09:35:15.677 675 675 I boot_progress_start: 7688
05-04 09:35:15.772 476 476 I auditd : type=1400 audit(0.0:711): avc: denied { add_name } for comm="init" name="boot" scontext=u:r:vendor_init:s0 tcontext=u:object_r:vendor_sysfs_slpi:s0 tclass=dir permissive=1
01-01 10:01:26.364 0 0 I subsys-restart: __subsystem_get(): Changing subsys fw_name to slpi
05-04 09:35:15.772 476 476 I auditd : type=1400 audit(0.0:712): avc: denied { create } for comm="init" name="boot" scontext=u:r:vendor_init:s0 tcontext=u:object_r:vendor_sysfs_slpi:s0 tclass=file permissive=1
01-01 10:01:26.364 0 0 W subsys-pil-tz 5c00000.qcom,ssc: Falling back to syfs fallback for: slpi.mdt
01-01 10:01:26.366 0 0 I subsys-pil-tz 5c00000.qcom,ssc: slpi: loading from 0x0000000088c00000 to 0x000000008a100000
01-01 10:01:26.370 0 0 W subsys-pil-tz 5c00000.qcom,ssc: Falling back to syfs fallback for: slpi.b02
01-01 10:01:26.370 0 0 W subsys-pil-tz 5c00000.qcom,ssc: Falling back to syfs fallback for: slpi.b03
01-01 10:01:26.370 0 0 W subsys-pil-tz 5c00000.qcom,ssc: Falling back to syfs fallback for: slpi.b04
01-01 10:01:26.370 0 0 W subsys-pil-tz 5c00000.qcom,ssc: Falling back to syfs fallback for: slpi.b05
01-01 10:01:26.370 0 0 W subsys-pil-tz 5c00000.qcom,ssc: Falling back to syfs fallback for: slpi.b06
01-01 10:01:26.370 0 0 W subsys-pil-tz 5c00000.qcom,ssc: Falling back to syfs fallback for: slpi.b07
01-01 10:01:26.370 0 0 W subsys-pil-tz 5c00000.qcom,ssc: Falling back to syfs fallback for: slpi.b08
01-01 10:01:26.370 0 0 W subsys-pil-tz 5c00000.qcom,ssc: Falling back to syfs fallback for: slpi.b09
01-01 10:01:26.370 0 0 W subsys-pil-tz 5c00000.qcom,ssc: Falling back to syfs fallback for: slpi.b10
01-01 10:01:26.370 0 0 W subsys-pil-tz 5c00000.qcom,ssc: Falling back to syfs fallback for: slpi.b11
01-01 10:01:26.370 0 0 W subsys-pil-tz 5c00000.qcom,ssc: Falling back to syfs fallback for: slpi.b12
01-01 10:01:26.370 0 0 W subsys-pil-tz 5c00000.qcom,ssc: Falling back to syfs fallback for: slpi.b13
01-01 10:01:26.370 0 0 W subsys-pil-tz 5c00000.qcom,ssc: Falling back to syfs fallback for: slpi.b14
01-01 10:01:26.370 0 0 W subsys-pil-tz 5c00000.qcom,ssc: Falling back to syfs fallback for: slpi.b16
01-01 10:01:26.370 0 0 W subsys-pil-tz 5c00000.qcom,ssc: Falling back to syfs fallback for: slpi.b15
01-01 10:01:26.370 0 0 W subsys-pil-tz 5c00000.qcom,ssc: Falling back to syfs fallback for: slpi.b17
01-01 10:01:26.370 0 0 W subsys-pil-tz 5c00000.qcom,ssc: Falling back to syfs fallback for: slpi.b18
01-01 10:01:26.371 0 0 W subsys-pil-tz 5c00000.qcom,ssc: Falling back to syfs fallback for: slpi.b19
01-01 10:01:26.371 0 0 W subsys-pil-tz 5c00000.qcom,ssc: Falling back to syfs fallback for: slpi.b20
05-04 09:35:15.780 1 1 I auditd : type=1400 audit(0.0:713): avc: denied { add_name } for comm="init" name="cp_interval" scontext=u:r:init:s0 tcontext=u:object_r:sysfs_fs_f2fs:s0 tclass=dir permissive=1
05-04 09:35:15.780 1 1 I auditd : type=1400 audit(0.0:714): avc: denied { add_name } for comm="init" name="discard_max_bytes" scontext=u:r:init:s0 tcontext=u:object_r:sysfs_dm:s0 tclass=dir permissive=1
01-01 10:01:26.391 0 0 I binder : 807:807 ioctl 40046210 7fea02de14 returned -22
01-01 10:01:26.401 0 0 I binder : 808:808 ioctl 40046210 7ff4e82e24 returned -22
01-01 10:01:26.401 0 0 I binder : 808:808 ioctl 40046210 7ff4e82e04 returned -22
01-01 10:01:26.420 0 0 I binder : 825:825 ioctl 40046210 7fe77901b4 returned -22
01-01 10:01:26.460 0 0 I binder : 832:832 ioctl 40046210 7fc1676564 returned -22
05-04 09:35:15.892 857 857 I auditd : type=1400 audit(0.0:715): avc: denied { read } for comm="vendor.qti.hard" name="u:object_r:vendor_cap_configstore_dbg_prop:s0" dev="tmpfs" ino=15661 scontext=u:r:vendor_hal_capabilityconfigstore_qti_default:s0 tcontext=u:object_r:vendor_cap_configstore_dbg_prop:s0 tclass=file permissive=1
05-04 09:35:15.892 857 857 I auditd : type=1400 audit(0.0:716): avc: denied { open } for comm="vendor.qti.hard" path="/dev/__properties__/u:object_r:vendor_cap_configstore_dbg_prop:s0" dev="tmpfs" ino=15661 scontext=u:r:vendor_hal_capabilityconfigstore_qti_default:s0 tcontext=u:object_r:vendor_cap_configstore_dbg_prop:s0 tclass=file permissive=1
05-04 09:35:15.892 857 857 I auditd : type=1400 audit(0.0:717): avc: denied { getattr } for comm="vendor.qti.hard" path="/dev/__properties__/u:object_r:vendor_cap_configstore_dbg_prop:s0" dev="tmpfs" ino=15661 scontext=u:r:vendor_hal_capabilityconfigstore_qti_default:s0 tcontext=u:object_r:vendor_cap_configstore_dbg_prop:s0 tclass=file permissive=1
05-04 09:35:15.892 857 857 I auditd : type=1400 audit(0.0:718): avc: denied { map } for comm="vendor.qti.hard" path="/dev/__properties__/u:object_r:vendor_cap_configstore_dbg_prop:s0" dev="tmpfs" ino=15661 scontext=u:r:vendor_hal_capabilityconfigstore_qti_default:s0 tcontext=u:object_r:vendor_cap_configstore_dbg_prop:s0 tclass=file permissive=1
01-01 10:01:26.486 0 0 I subsys-pil-tz 5c00000.qcom,ssc: slpi: Brought out of reset
01-01 10:01:26.535 0 0 I binder : 879:879 ioctl 40046210 7fdf1ec9d4 returned -22
01-01 10:01:26.545 0 0 W QSEECOM : qseecom_load_app: App (soter64) does'nt exist, loading apps for first time
01-01 10:01:26.545 0 0 I subsys-pil-tz 5c00000.qcom,ssc: Subsystem error monitoring/handling services are up
01-01 10:01:26.545 0 0 I subsys-pil-tz 5c00000.qcom,ssc: slpi: Power/Clock ready interrupt received
01-01 10:01:26.545 0 0 I qcom_rpmh DRV: apps_rsc TCS Busy, retrying RPMH message send: addr=0x30030
01-01 10:01:26.545 0 0 I qcom_rpmh DRV: apps_rsc TCS Busy, retrying RPMH message send: addr=0x30040
01-01 10:01:26.555 0 0 I adsprpc : fastrpc_restart_notifier_cb: slpi subsystem is up
01-01 10:01:26.555 0 0 E register_client_adhoc: find path.src 1 dest 589
01-01 10:01:26.555 0 0 E register_client_adhoc: Failed to find path.src 1 dest 589
01-01 10:01:26.557 0 0 I adsprpc : fastrpc_rpmsg_probe: opened rpmsg channel for slpi
01-01 10:01:26.560 0 0 E : [drm:dp_display_init_aux_switch][msm-dp-err][737 ]failed to register notifier (-22)
01-01 10:01:26.560 0 0 E register_client_adhoc: find path.src 1 dest 589
01-01 10:01:26.560 0 0 E register_client_adhoc: Failed to find path.src 1 dest 589
01-01 10:01:26.564 0 0 W QSEECOM : qseecom_load_app: App with id 4 (soter64) now loaded
01-01 10:01:26.572 0 0 I qcom_smd_qrtr_probe: Entered
01-01 10:01:26.583 0 0 I qcom_smd_qrtr_probe: SMD QRTR driver probed
01-01 10:01:26.585 0 0 E : [drm:dp_display_init_aux_switch][msm-dp-err][736 ]failed to register notifier (-22)
01-01 10:01:26.586 0 0 E register_client_adhoc: find path.src 1 dest 589
01-01 10:01:26.586 0 0 E register_client_adhoc: Failed to find path.src 1 dest 589
05-04 09:35:15.996 7 7 I auditd : type=1400 audit(0.0:719): avc: denied { create } for comm="kworker/u16:0" scontext=u:r:kernel:s0 tcontext=u:r:kernel:s0 tclass=qipcrtr_socket permissive=1
01-01 10:01:26.593 0 0 I sysmon-qmi: ssctl_new_server: Connection established between QMI handle and cdsp's SSCTL service
01-01 10:01:26.593 0 0 I sysmon-qmi: ssctl_new_server: Connection established between QMI handle and slpi's SSCTL service
01-01 10:01:26.594 0 0 I sysmon-qmi: ssctl_new_server: Connection established between QMI handle and adsp's SSCTL service
05-04 09:35:16.000 280 280 I auditd : type=1400 audit(0.0:720): avc: denied { create } for comm="kworker/u16:6" scontext=u:r:kernel:s0 tcontext=u:r:kernel:s0 tclass=qipcrtr_socket permissive=1
01-01 10:01:26.596 0 0 I servloc : service_locator_new_server: Connection established with the Service locator
01-01 10:01:26.596 0 0 I servloc : init_service_locator: Service locator initialized
01-01 10:01:26.598 0 0 E diag : In diag_send_feature_mask_update, control channel is not open, p: 6, 0000000000000000
01-01 10:01:26.598 0 0 I audio_notifer_reg_service: service PDR_ADSP is in use
01-01 10:01:26.599 0 0 I service-notifier: service_notifier_new_server: Connection established between QMI handle and 74 service
01-01 10:01:26.599 0 0 E diag : In diag_send_feature_mask_update, control channel is not open, p: 5, 0000000000000000
01-01 10:01:26.600 0 0 E diag : In diag_send_peripheral_buffering_mode, buffering flag not set for 6
01-01 10:01:26.601 0 0 E diag : In diag_send_peripheral_buffering_mode, buffering flag not set for 5
01-01 10:01:26.601 0 0 I apr_adsp_up: Q6 is Up
01-01 10:01:26.602 0 0 I adsprpc : fastrpc_get_service_location_notify: PDR notifier for adsp registered for msm/adsp/audio_pd (audio_pdr_adsprpc)
01-01 10:01:26.602 0 0 I adsprpc : fastrpc_get_service_location_notify: audio_pdr_adsprpc (msm/adsp/audio_pd) PDR service for adsp is up
01-01 10:01:26.602 0 0 E diag : In diag_send_peripheral_buffering_mode, buffering flag not set for 1
01-01 10:01:26.602 0 0 I msm-audio-ion soc: qcom,msm-audio-apr:qcom,msm-audio-ion: Linked as a consumer to 15000000.apps-smmu
01-01 10:01:26.603 0 0 I iommu : Adding device soc:qcom,msm-audio-apr:qcom,msm-audio-ion to group 50
05-04 09:35:16.023 676 676 I snet_event_log: [200284993,-1,]
01-01 10:01:26.609 0 0 E : [drm:dp_display_init_aux_switch][msm-dp-err][38 ]failed to register notifier (-22)
01-01 10:01:26.610 0 0 E register_client_adhoc: find path.src 1 dest 589
01-01 10:01:26.611 0 0 E register_client_adhoc: Failed to find path.src 1 dest 589
01-01 10:01:26.611 0 0 D cnss : MHI status cb is called with reason MISSION_MODE(6)
01-01 10:01:26.612 0 0 D cnss : Notify MHI to use already allocated images
01-01 10:01:26.612 0 0 D cnss : PM relax, state: 0x8, count: 0
01-01 10:01:26.612 0 0 E : [drm:dp_display_init_aux_switch][msm-dp-err][38 ]failed to register notifier (-22)
01-01 10:01:26.612 0 0 E register_client_adhoc: find path.src 1 dest 589
05-04 09:35:16.020 862 862 I auditd : type=1400 audit(0.0:721): avc: denied { getattr } for comm="vendor.qti.hard" path="/mnt/vendor/persist/display" dev="sda2" ino=33 scontext=u:r:hal_graphics_composer_default:s0 tcontext=u:object_r:mnt_product_file:s0 tclass=dir permissive=1
05-04 09:35:16.024 862 862 I auditd : type=1400 audit(0.0:722): avc: denied { search } for comm="vendor.qti.hard" name="display" dev="sda2" ino=33 scontext=u:r:hal_graphics_composer_default:s0 tcontext=u:object_r:mnt_product_file:s0 tclass=dir permissive=1
05-04 09:35:16.026 675 675 I snet_event_log: [200284993,-1,]
05-04 09:35:16.028 476 476 I auditd : type=1400 audit(0.0:723): avc: denied { getattr } for comm="init" path="/persist/drm" dev="sda2" ino=26 scontext=u:r:vendor_init:s0 tcontext=u:object_r:mnt_product_file:s0 tclass=dir permissive=1
01-01 10:01:26.613 0 0 E register_client_adhoc: Failed to find path.src 1 dest 589
01-01 10:01:26.616 0 0 I sps : BAM 0x0000000003a84000 (va:0x0000000000000000) enabled: ver:0x19, number of pipes:25
01-01 10:01:26.616 0 0 I sps : BAM 0x0000000003a84000 is registered.
05-04 09:35:16.032 476 476 I auditd : type=1400 audit(0.0:724): avc: denied { setattr } for comm="init" name="rawdump" dev="tmpfs" ino=11495 scontext=u:r:vendor_init:s0 tcontext=u:object_r:block_device:s0 tclass=lnk_file permissive=1
01-01 10:01:26.618 0 0 E : [drm:dp_display_init_aux_switch][msm-dp-err][84 ]failed to register notifier (-22)
01-01 10:01:26.619 0 0 E register_client_adhoc: find path.src 1 dest 589
01-01 10:01:26.619 0 0 E register_client_adhoc: Failed to find path.src 1 dest 589
01-01 10:01:26.622 0 0 I binder : 963:963 ioctl 40046210 7fcc8c34a4 returned -22
05-04 09:35:16.036 862 862 I auditd : type=1400 audit(0.0:725): avc: denied { read write } for comm="vendor.qti.hard" name="diag" dev="tmpfs" ino=11461 scontext=u:r:hal_graphics_composer_default:s0 tcontext=u:object_r:vendor_diag_device:s0 tclass=chr_file permissive=1
05-04 09:35:16.036 862 862 I auditd : type=1400 audit(0.0:726): avc: denied { open } for comm="vendor.qti.hard" path="/dev/diag" dev="tmpfs" ino=11461 scontext=u:r:hal_graphics_composer_default:s0 tcontext=u:object_r:vendor_diag_device:s0 tclass=chr_file permissive=1
01-01 10:01:26.629 0 0 E rmt_storage: ERR:main: Mmap Failed for rmts (-1)...pausing execution!
05-04 09:35:16.040 476 476 I auditd : type=1400 audit(0.0:727): avc: denied { add_name } for comm="init" name="discard_max_bytes" scontext=u:r:vendor_init:s0 tcontext=u:object_r:sysfs:s0 tclass=dir permissive=1
05-04 09:35:16.040 476 476 I auditd : type=1400 audit(0.0:728): avc: denied { create } for comm="init" name="discard_max_bytes" scontext=u:r:vendor_init:s0 tcontext=u:object_r:sysfs:s0 tclass=file permissive=1
05-04 09:35:16.040 862 862 I auditd : type=1400 audit(0.0:729): avc: denied { ioctl } for comm="vendor.qti.hard" path="/dev/diag" dev="tmpfs" ino=11461 ioctlcmd=0x0 scontext=u:r:hal_graphics_composer_default:s0 tcontext=u:object_r:vendor_diag_device:s0 tclass=chr_file permissive=1
01-01 10:01:26.634 0 0 I : Mass Storage Function, version: 2009/09/11
01-01 10:01:26.634 0 0 I LUN : removable file: (no medium)
01-01 10:01:26.635 0 0 I : file system registered
01-01 10:01:26.639 0 0 I f_cdev_alloc: port_name:at_usb0 (0000000000000000) portno:(0)
05-04 09:35:16.056 1010 1010 I auditd : type=1400 audit(0.0:730): avc: denied { read write } for comm="sensors.qti" name="diag" dev="tmpfs" ino=11461 scontext=u:r:vendor_sensors_qti:s0 tcontext=u:object_r:vendor_diag_device:s0 tclass=chr_file permissive=1
01-01 10:01:26.640 0 0 I f_cdev_alloc: port_name:at_usb1 (0000000000000000) portno:(1)
05-04 09:35:16.056 1010 1010 I auditd : type=1400 audit(0.0:731): avc: denied { open } for comm="sensors.qti" path="/dev/diag" dev="tmpfs" ino=11461 scontext=u:r:vendor_sensors_qti:s0 tcontext=u:object_r:vendor_diag_device:s0 tclass=chr_file permissive=1
01-01 10:01:26.640 0 0 I f_cdev_alloc: port_name:at_usb2 (0000000000000000) portno:(2)
01-01 10:01:26.652 0 0 I binder : 970:970 ioctl 40046210 7fd6d2c7f4 returned -22
01-01 10:01:26.658 0 0 D cnss : WLFW server arriving: node 7 port 1
01-01 10:01:26.658 0 0 D cnss : Posting event: SERVER_ARRIVE(0), state: 0x8 flags: 0x0
01-01 10:01:26.658 0 0 D cnss : PM stay awake, state: 0x8, count: 1
01-01 10:01:26.658 0 0 D cnss : PM relax, state: 0x8, count: 0
01-01 10:01:26.658 0 0 D cnss : PM stay awake, state: 0x8, count: 1
01-01 10:01:26.658 0 0 D cnss : Processing driver event: SERVER_ARRIVE(0), state: 0x8
01-01 10:01:26.658 0 0 I cnss : QMI WLFW service connected, state: 0x9
01-01 10:01:26.658 0 0 D cnss : Sending indication register message, state: 0x9
05-04 09:35:16.072 1042 1042 I auditd : type=1400 audit(0.0:732): avc: denied { open } for comm="getprop" path="/dev/__properties__/u:object_r:default_prop:s0" dev="tmpfs" ino=15504 scontext=u:r:vendor_qti_init_shell:s0 tcontext=u:object_r:default_prop:s0 tclass=file permissive=1
05-04 09:35:16.072 1042 1042 I auditd : type=1400 audit(0.0:733): avc: denied { getattr } for comm="getprop" path="/dev/__properties__/u:object_r:default_prop:s0" dev="tmpfs" ino=15504 scontext=u:r:vendor_qti_init_shell:s0 tcontext=u:object_r:default_prop:s0 tclass=file permissive=1
05-04 09:35:16.072 1042 1042 I auditd : type=1400 audit(0.0:734): avc: denied { map } for comm="getprop" path="/dev/__properties__/u:object_r:default_prop:s0" dev="tmpfs" ino=15504 scontext=u:r:vendor_qti_init_shell:s0 tcontext=u:object_r:default_prop:s0 tclass=file permissive=1
01-01 10:01:26.665 0 0 D cnss : Sending host capability message, state: 0x9
01-01 10:01:26.665 0 0 D cnss : Number of clients is 2
01-01 10:01:26.665 0 0 D cnss : Assign MSI to user: WAKE, num_vectors: 1, user_base_data: 813, base_vector: 13
01-01 10:01:26.665 0 0 D cnss : WAKE MSI base data is 813
01-01 10:01:26.665 0 0 D cnss : Calibration done is 0
01-01 10:01:26.665 0 0 D cnss : Sending iova starting 0xa0000000 with size 0x10010000
01-01 10:01:26.673 0 0 D cnss : PM relax, state: 0x9, count: 0
01-01 10:01:26.690 0 0 I sysmon-qmi: ssctl_new_server: Connection established between QMI handle and slpi's SSCTL service
01-01 10:01:26.693 0 0 I binder : 960:960 ioctl 40046210 7ff7cb55f4 returned -22
01-01 10:01:26.693 0 0 I binder : 960:960 ioctl 40046210 7ff7cb5614 returned -22
05-04 09:35:16.107 675 675 I boot_progress_preload_start: 8119
05-04 09:35:16.108 336 336 I auditd : type=1400 audit(0.0:735): avc: denied { create } for comm="kworker/u16:15" scontext=u:r:kernel:s0 tcontext=u:r:kernel:s0 tclass=qipcrtr_socket permissive=1
01-01 10:01:26.698 0 0 E diag : In diag_send_feature_mask_update, control channel is not open, p: 3, 0000000000000000
01-01 10:01:26.699 0 0 E diag : In diag_send_peripheral_buffering_mode, buffering flag not set for 3
01-01 10:01:26.704 0 0 I binder : 978:978 ioctl 40046210 7fd94968e4 returned -22
01-01 10:01:26.709 0 0 E : [drm:dp_display_init_aux_switch][msm-dp-err][85 ]failed to register notifier (-22)
01-01 10:01:26.710 0 0 E register_client_adhoc: find path.src 1 dest 589
01-01 10:01:26.710 0 0 E register_client_adhoc: Failed to find path.src 1 dest 589
01-01 10:01:26.710 0 0 I binder : 978:978 ioctl 40046210 7fd9498314 returned -22
01-01 10:01:26.713 0 0 W kona-asoc-snd soc: qcom,msm-audio-apr:qcom,q6core-audio:sound: msm_init_aux_dev: Max WSA devices is 0 for this target?
01-01 10:01:26.714 0 0 E kona-asoc-snd soc: qcom,msm-audio-apr:qcom,q6core-audio:sound: ASoC: CODEC DAI wsa_macro_vifeedback not registered
01-01 10:01:26.714 0 0 I msm_vidc: high: 00000001: ....d: Opening video instance: 0000000000000000, 1
01-01 10:01:26.714 0 0 I msm_vidc_v4l2 aa00000.qcom,vidc: Linked as a consumer to regulator.75
01-01 10:01:26.714 0 0 I msm_vidc_v4l2 aa00000.qcom,vidc: Linked as a consumer to regulator.74
01-01 10:01:26.716 0 0 E qcom-lpi-pinctrl soc: qcom,msm-audio-apr:qcom,q6core-audio:lpi_pinctrl@33c0000: snd_event_notify: No snd dev entry found
01-01 10:01:26.719 0 0 I subsys-restart: __subsystem_get(): Changing subsys fw_name to venus
01-01 10:01:26.720 0 0 W subsys-pil-tz aab0000.qcom,venus: Falling back to syfs fallback for: venus.mdt
05-04 09:35:16.134 507 507 I auditd : avc: denied { find } for pid=978 uid=1000 name=vendor.qti.hardware.display.config.IDisplayConfig/default scontext=u:r:surfaceflinger:s0 tcontext=u:object_r:default_android_service:s0 tclass=service_manager permissive=1
01-01 10:01:26.722 0 0 I platform soc: qcom,msm-audio-apr:qcom,voice-mhi-audio: assigned reserved memory node mailbox_region
01-01 10:01:26.723 0 0 W : bolero-clk-rsc-mngr bolero-clk-rsc-mngr: DMA mask not set
01-01 10:01:26.724 0 0 W tx_macro tx-macro: DMA mask not set
01-01 10:01:26.724 0 0 E tx_macro tx-macro: tx_macro_probe: va-macro not registered yet, defer
01-01 10:01:26.724 0 0 W rx_macro rx-macro: DMA mask not set
01-01 10:01:26.724 0 0 E rx_macro rx-macro: rx_macro_probe: va-macro not registered yet, defer
01-01 10:01:26.725 0 0 W wsa_macro wsa-macro: DMA mask not set
01-01 10:01:26.725 0 0 E wsa_macro wsa-macro: wsa_macro_probe: va-macro not registered yet, defer
01-01 10:01:26.725 0 0 W va_macro va-macro: DMA mask not set
01-01 10:01:26.725 0 0 E msm_cdc_pinctrl_get_gpiodata: device node is null
01-01 10:01:26.725 0 0 I va_macro va-macro: Linked as a consumer to regulator.7
01-01 10:01:26.725 0 0 I va_macro va-macro: bolero_register_macro: register macro successful:3
01-01 10:01:26.726 0 0 E : [drm:dp_display_init_aux_switch][msm-dp-err][405 ]failed to register notifier (-22)
01-01 10:01:26.726 0 0 E register_client_adhoc: find path.src 1 dest 589
01-01 10:01:26.726 0 0 E register_client_adhoc: Failed to find path.src 1 dest 589
01-01 10:01:26.728 0 0 W kona-asoc-snd soc: qcom,msm-audio-apr:qcom,q6core-audio:sound: msm_init_aux_dev: Max WSA devices is 0 for this target?
01-01 10:01:26.729 0 0 E kona-asoc-snd soc: qcom,msm-audio-apr:qcom,q6core-audio:sound: ASoC: CODEC DAI wsa_macro_vifeedback not registered
01-01 10:01:26.730 0 0 I tx_macro tx-macro: bolero_register_macro: register macro successful:0
01-01 10:01:26.731 0 0 I rx_macro rx-macro: bolero_register_macro: register macro successful:1
01-01 10:01:26.731 0 0 I wsa_macro wsa-macro: bolero_register_macro: register macro successful:2
01-01 10:01:26.732 0 0 E : [drm:dp_display_init_aux_switch][msm-dp-err][405 ]failed to register notifier (-22)
01-01 10:01:26.732 0 0 E register_client_adhoc: find path.src 1 dest 589
01-01 10:01:26.732 0 0 E register_client_adhoc: Failed to find path.src 1 dest 589
01-01 10:01:26.734 0 0 W kona-asoc-snd soc: qcom,msm-audio-apr:qcom,q6core-audio:sound: msm_init_aux_dev: Max WSA devices is 0 for this target?
01-01 10:01:26.735 0 0 I subsys-pil-tz aab0000.qcom,venus: venus: loading from 0x0000000086e00000 to 0x0000000087300000
01-01 10:01:26.738 0 0 W subsys-pil-tz aab0000.qcom,venus: Falling back to syfs fallback for: venus.b03
01-01 10:01:26.738 0 0 W subsys-pil-tz aab0000.qcom,venus: Falling back to syfs fallback for: venus.b02
01-01 10:01:26.738 0 0 W subsys-pil-tz aab0000.qcom,venus: Falling back to syfs fallback for: venus.b04
01-01 10:01:26.738 0 0 W swr-wcd tx_swr_ctrl: DMA mask not set
01-01 10:01:26.738 0 0 W subsys-pil-tz aab0000.qcom,venus: Falling back to syfs fallback for: venus.b05
01-01 10:01:26.738 0 0 W subsys-pil-tz aab0000.qcom,venus: Falling back to syfs fallback for: venus.b06
01-01 10:01:26.738 0 0 W subsys-pil-tz aab0000.qcom,venus: Falling back to syfs fallback for: venus.b07
01-01 10:01:26.738 0 0 W swr-wcd rx_swr_ctrl: DMA mask not set
01-01 10:01:26.738 0 0 W subsys-pil-tz aab0000.qcom,venus: Falling back to syfs fallback for: venus.b09
01-01 10:01:26.738 0 0 W subsys-pil-tz aab0000.qcom,venus: Falling back to syfs fallback for: venus.b08
01-01 10:01:26.738 0 0 W subsys-pil-tz aab0000.qcom,venus: Falling back to syfs fallback for: venus.b10
01-01 10:01:26.739 0 0 W swr-wcd wsa_swr_ctrl: DMA mask not set
01-01 10:01:26.739 0 0 W subsys-pil-tz aab0000.qcom,venus: Falling back to syfs fallback for: venus.b19
01-01 10:01:26.769 0 0 E msm-pcm-routing soc: qcom,msm-pcm-routing: ASoC: no source widget found for AUDIO_REF_EC_UL30 MUX
01-01 10:01:26.769 0 0 E msm-pcm-routing soc: qcom,msm-pcm-routing: ASoC: Failed to add route AUDIO_REF_EC_UL30 MUX -> direct -> MM_UL30
01-01 10:01:26.774 0 0 E msm-pcm-routing soc: qcom,msm-pcm-routing: ASoC: no source widget found for AUX_PCM_TX
01-01 10:01:26.774 0 0 E msm-pcm-routing soc: qcom,msm-pcm-routing: ASoC: Failed to add route AUX_PCM_TX -> AUX_PCM_UL_TX -> VoLTE Stub Tx Mixer
01-01 10:01:26.777 0 0 E msm-pcm-routing soc: qcom,msm-pcm-routing: ASoC: no source widget found for AUX_PCM_RX
01-01 10:01:26.777 0 0 E msm-pcm-routing soc: qcom,msm-pcm-routing: ASoC: Failed to add route AUX_PCM_RX -> direct -> BE_OUT
01-01 10:01:26.777 0 0 I subsys-pil-tz aab0000.qcom,venus: venus: Brought out of reset
01-01 10:01:26.781 0 0 W msm-pcm-routing soc: qcom,msm-pcm-routing: ASoC: no dapm match for MM_DL23 --> MultiMedia23 --> QUIN_TDM_RX_1 Audio Mixer
01-01 10:01:26.781 0 0 E msm-pcm-routing soc: qcom,msm-pcm-routing: ASoC: Failed to add route MM_DL23 -> MultiMedia23 -> QUIN_TDM_RX_1 Audio Mixer
01-01 10:01:26.781 0 0 W msm-pcm-routing soc: qcom,msm-pcm-routing: ASoC: no dapm match for MM_DL24 --> MultiMedia24 --> QUIN_TDM_RX_1 Audio Mixer
01-01 10:01:26.781 0 0 E msm-pcm-routing soc: qcom,msm-pcm-routing: ASoC: Failed to add route MM_DL24 -> MultiMedia24 -> QUIN_TDM_RX_1 Audio Mixer
01-01 10:01:26.781 0 0 W msm-pcm-routing soc: qcom,msm-pcm-routing: ASoC: no dapm match for MM_DL25 --> MultiMedia25 --> QUIN_TDM_RX_1 Audio Mixer
01-01 10:01:26.781 0 0 E msm-pcm-routing soc: qcom,msm-pcm-routing: ASoC: Failed to add route MM_DL25 -> MultiMedia25 -> QUIN_TDM_RX_1 Audio Mixer
01-01 10:01:26.793 0 0 I msm_vidc: err : 00000001: ....d: Failed to create debugfs for msm_vidc
01-01 10:01:26.799 0 0 W kgsl-3d0: Falling back to syfs fallback for: a650_sqe.fw
01-01 10:01:26.800 0 0 I msm_vidc: high: 00000001: h264d: Closed video instance: 0000000000000000
01-01 10:01:26.802 0 0 I msm_vidc: high: 00000001: ....d: Opening video instance: 0000000000000000, 1
01-01 10:01:26.802 0 0 I msm_vidc: err : 00000001: ....d: Failed to create debugfs for msm_vidc
01-01 10:01:26.807 0 0 I msm_vidc: high: 00000001: h264d: Closed video instance: 0000000000000000
01-01 10:01:26.809 0 0 I msm_vidc: high: 00000001: ....d: Opening video instance: 0000000000000000, 1
01-01 10:01:26.809 0 0 I msm_vidc: err : 00000001: ....d: Failed to create debugfs for msm_vidc
01-01 10:01:26.812 0 0 I msm_vidc: high: 00000001: h265d: Closed video instance: 0000000000000000
01-01 10:01:26.813 0 0 I msm_vidc: high: 00000001: ....d: Opening video instance: 0000000000000000, 1
01-01 10:01:26.813 0 0 I msm_vidc: err : 00000001: ....d: Failed to create debugfs for msm_vidc
01-01 10:01:26.815 0 0 W kgsl-3d0: Falling back to syfs fallback for: a650_gmu.bin
01-01 10:01:26.817 0 0 I msm_vidc: high: 00000001: h265d: Closed video instance: 0000000000000000
01-01 10:01:26.818 0 0 I msm_vidc: high: 00000001: ....d: Opening video instance: 0000000000000000, 1
01-01 10:01:26.818 0 0 I msm_vidc: err : 00000001: ....d: Failed to create debugfs for msm_vidc
01-01 10:01:26.820 0 0 I msm_vidc: high: 00000001: vp8d: Closed video instance: 0000000000000000
01-01 10:01:26.822 0 0 E msm-pcm-routing soc: qcom,msm-pcm-routing: ASoC: no source widget found for AUX_PCM_TX
01-01 10:01:26.822 0 0 E msm-pcm-routing soc: qcom,msm-pcm-routing: ASoC: Failed to add route AUX_PCM_TX -> AUX_PCM_UL_TX -> SLIMBUS_0_RX Port Mixer
01-01 10:01:26.822 0 0 E msm-pcm-routing soc: qcom,msm-pcm-routing: ASoC: no source widget found for SEC_AUX_PCM_TX
01-01 10:01:26.822 0 0 E msm-pcm-routing soc: qcom,msm-pcm-routing: ASoC: Failed to add route SEC_AUX_PCM_TX -> SEC_AUX_PCM_UL_TX -> SLIMBUS_0_RX Port Mixer
01-01 10:01:26.822 0 0 E msm-pcm-routing soc: qcom,msm-pcm-routing: ASoC: no source widget found for TERT_AUX_PCM_TX
01-01 10:01:26.822 0 0 E msm-pcm-routing soc: qcom,msm-pcm-routing: ASoC: Failed to add route TERT_AUX_PCM_TX -> TERT_AUXPCM_UL_TX -> SLIMBUS_0_RX Port Mixer
01-01 10:01:26.822 0 0 E msm-pcm-routing soc: qcom,msm-pcm-routing: ASoC: no source widget found for QUAT_AUX_PCM_TX
01-01 10:01:26.822 0 0 E msm-pcm-routing soc: qcom,msm-pcm-routing: ASoC: Failed to add route QUAT_AUX_PCM_TX -> QUAT_AUXPCM_UL_TX -> SLIMBUS_0_RX Port Mixer
01-01 10:01:26.822 0 0 E msm-pcm-routing soc: qcom,msm-pcm-routing: ASoC: no source widget found for QUIN_AUX_PCM_TX
01-01 10:01:26.822 0 0 E msm-pcm-routing soc: qcom,msm-pcm-routing: ASoC: Failed to add route QUIN_AUX_PCM_TX -> QUIN_AUXPCM_UL_TX -> SLIMBUS_0_RX Port Mixer
01-01 10:01:26.822 0 0 E msm-pcm-routing soc: qcom,msm-pcm-routing: ASoC: no source widget found for SEN_AUX_PCM_TX
01-01 10:01:26.822 0 0 E msm-pcm-routing soc: qcom,msm-pcm-routing: ASoC: Failed to add route SEN_AUX_PCM_TX -> SEN_AUXPCM_UL_TX -> SLIMBUS_0_RX Port Mixer
01-01 10:01:26.823 0 0 I msm_vidc: high: 00000001: ....d: Opening video instance: 0000000000000000, 1
01-01 10:01:26.823 0 0 I msm_vidc: err : 00000001: ....d: Failed to create debugfs for msm_vidc
01-01 10:01:26.828 0 0 I msm_vidc: high: 00000001: vp9d: Closed video instance: 0000000000000000
01-01 10:01:26.829 0 0 I msm_vidc: high: 00000001: ....d: Opening video instance: 0000000000000000, 1
01-01 10:01:26.829 0 0 I msm_vidc: err : 00000001: ....d: Failed to create debugfs for msm_vidc
01-01 10:01:26.831 0 0 I msm_vidc: high: 00000001: vp9d: Closed video instance: 0000000000000000
01-01 10:01:26.833 0 0 I msm_vidc: high: 00000001: ....d: Opening video instance: 0000000000000000, 1
01-01 10:01:26.833 0 0 I msm_vidc: err : 00000001: ....d: Failed to create debugfs for msm_vidc
01-01 10:01:26.835 0 0 I msm_vidc: high: 00000001: mpg2d: Closed video instance: 0000000000000000
01-01 10:01:26.836 0 0 I msm_vidc: high: 00000001: ....d: Opening video instance: 0000000000000000, 1
01-01 10:01:26.836 0 0 I msm_vidc: err : 00000001: ....d: Failed to create debugfs for msm_vidc
01-01 10:01:26.838 0 0 I msm_vidc: high: 00000001: mpg2d: Closed video instance: 0000000000000000
01-01 10:01:26.840 0 0 I msm_vidc: high: 00000001: ....e: Opening video instance: 0000000000000000, 0
