05-04 09:36:31.792 1537 2488 I netstats_wifi_sample: [1154217,2236,903246,2162,1154217,2236,903246,2162,1764155,2874,736162,1848,1683164191792]
05-04 09:36:32.313 2582 2582 I service_manager_stats: [100,28,7111]
05-04 09:36:32.508 2582 2582 I auditd : type=1400 audit(0.0:6507): avc: denied { call } for comm=4173796E635461736B202333 scontext=u:r:system_app:s0 tcontext=u:r:system_suspend:s0 tclass=binder permissive=1
05-04 09:36:32.516 2582 2582 I auditd : type=1400 audit(0.0:6508): avc: denied { call } for comm=4173796E635461736B202333 scontext=u:r:system_app:s0 tcontext=u:r:vold:s0 tclass=binder permissive=1
05-04 09:36:32.524 2582 2582 I auditd : type=1400 audit(0.0:6509): avc: denied { call } for comm=4173796E635461736B202331 scontext=u:r:system_app:s0 tcontext=u:r:hal_vibrator_default:s0 tclass=binder permissive=1
05-04 09:36:32.544 2582 2582 I auditd : type=1400 audit(0.0:6510): avc: denied { read } for comm="pool-2-thread-4" name="pagetypeinfo" dev="proc" ino=4026531857 scontext=u:r:system_app:s0 tcontext=u:object_r:proc_pagetypeinfo:s0 tclass=file permissive=1
05-04 09:36:32.544 2582 2582 I auditd : type=1400 audit(0.0:6511): avc: denied { open } for comm="pool-2-thread-4" path="/proc/pagetypeinfo" dev="proc" ino=4026531857 scontext=u:r:system_app:s0 tcontext=u:object_r:proc_pagetypeinfo:s0 tclass=file permissive=1
05-04 09:36:32.628 0 0 W audit : audit_lost=6456 audit_rate_limit=5 audit_backlog_limit=64
05-04 09:36:32.628 0 0 E audit : rate limit exceeded
05-04 09:36:32.673 1537 1675 I sysui_multi_action: [757,1717,758,1,759,0]
05-04 09:36:32.673 1537 1675 I sysui_multi_action: [757,1717,758,2,759,0]
05-04 09:36:32.674 1537 1675 I sysui_multi_action: [757,1717,758,3,759,0]
05-04 09:36:33.516 2582 2582 I auditd : type=1400 audit(0.0:6578): avc: denied { call } for comm=4173796E635461736B202331 scontext=u:r:system_app:s0 tcontext=u:r:vold:s0 tclass=binder permissive=1
05-04 09:36:33.524 2582 2582 I auditd : type=1400 audit(0.0:6579): avc: denied { call } for comm=4173796E635461736B202333 scontext=u:r:system_app:s0 tcontext=u:r:hal_power_default:s0 tclass=binder permissive=1
05-04 09:36:33.544 2582 2582 I auditd : type=1400 audit(0.0:6580): avc: denied { read } for comm="pool-2-thread-8" name="pagetypeinfo" dev="proc" ino=4026531857 scontext=u:r:system_app:s0 tcontext=u:object_r:proc_pagetypeinfo:s0 tclass=file permissive=1
05-04 09:36:33.544 2582 2582 I auditd : type=1400 audit(0.0:6581): avc: denied { open } for comm="pool-2-thread-8" path="/proc/pagetypeinfo" dev="proc" ino=4026531857 scontext=u:r:system_app:s0 tcontext=u:object_r:proc_pagetypeinfo:s0 tclass=file permissive=1
05-04 09:36:33.544 2582 2582 I auditd : type=1400 audit(0.0:6582): avc: denied { getattr } for comm="pool-2-thread-8" path="/proc/pagetypeinfo" dev="proc" ino=4026531857 scontext=u:r:system_app:s0 tcontext=u:object_r:proc_pagetypeinfo:s0 tclass=file permissive=1
05-04 09:36:33.662 0 0 W audit : audit_lost=6518 audit_rate_limit=5 audit_backlog_limit=64
05-04 09:36:33.662 0 0 E audit : rate limit exceeded
05-04 09:36:34.331 1537 1938 I sync : [com.tencent.android.qqdownloader.YYBLiveAccountProvider,0,3,24220937]
05-04 09:36:34.344 1537 1675 I am_pss : [2582,1000,com.android.settings,178611200,165761024,3056640,292192256,0,2,13]
05-04 09:36:34.347 1537 1938 I sync : [com.tencent.android.qqdownloader.YYBLiveAccountProvider,1,3,24220937]
05-04 09:36:34.350 1537 1938 I commit_sys_config_file: [sync-status,66051]
05-04 09:36:34.355 1537 1938 I sync : [com.tencent.android.qqdownloader.YYBLiveAccountProvider,0,3,24220937]
05-04 09:36:34.356 1537 1675 I am_pss : [2651,10078,com.android.launcher3,68468736,60448768,0,195903488,0,5,11]
05-04 09:36:34.364 1537 1938 I sync : [com.tencent.android.qqdownloader.YYBLiveAccountProvider,1,3,24220937]
05-04 09:36:34.366 1537 1938 I commit_sys_config_file: [sync-status,66067]
05-04 09:36:34.371 1537 1675 I am_pss : [3666,10095,com.tencent.android.qqdownloader,90141696,81285120,0,212799488,0,5,12]
05-04 09:36:34.376 1537 1675 I am_pss : [5705,10068,com.android.webview:webview_service,15330304,3821568,0,84389888,0,5,5]
05-04 09:36:34.383 1537 1675 I am_pss : [3719,10095,com.tencent.android.qqdownloader:cloud,18215936,13574144,0,123674624,0,5,6]
05-04 09:36:34.388 1537 1675 I am_pss : [5676,99000,com.android.webview:sandboxed_process0:org.chromium.content.app.SandboxedProcessService0:0,14337024,3383296,0,77864960,0,5,5]
05-04 09:36:34.398 1537 1675 I am_pss : [5876,10095,com.tencent.android.qqdownloader:wxa_container0,133411840,124301312,0,260726784,0,19,10]
05-04 09:36:34.552 2582 2582 I auditd : type=1400 audit(0.0:6641): avc: denied { call } for comm=4173796E635461736B202331 scontext=u:r:system_app:s0 tcontext=u:r:iorapd:s0 tclass=binder permissive=1
05-04 09:36:34.596 2582 2582 I auditd : type=1400 audit(0.0:6642): avc: denied { call } for comm=4173796E635461736B202333 scontext=u:r:system_app:s0 tcontext=u:r:hal_power_default:s0 tclass=binder permissive=1
05-04 09:36:34.612 2582 2582 I auditd : type=1400 audit(0.0:6643): avc: denied { read } for comm="pool-2-thread-8" name="mm_stat" dev="sysfs" ino=56812 scontext=u:r:system_app:s0 tcontext=u:object_r:sysfs_zram:s0 tclass=file permissive=1
05-04 09:36:34.612 2582 2582 I auditd : type=1400 audit(0.0:6644): avc: denied { open } for comm="pool-2-thread-8" path="/sys/devices/virtual/block/zram0/mm_stat" dev="sysfs" ino=56812 scontext=u:r:system_app:s0 tcontext=u:object_r:sysfs_zram:s0 tclass=file permissive=1
05-04 09:36:34.612 2582 2582 I auditd : type=1400 audit(0.0:6645): avc: denied { getattr } for comm="pool-2-thread-8" path="/sys/devices/virtual/block/zram0/mm_stat" dev="sysfs" ino=56812 scontext=u:r:system_app:s0 tcontext=u:object_r:sysfs_zram:s0 tclass=file permissive=1
05-04 09:36:34.672 0 0 W audit : audit_lost=6576 audit_rate_limit=5 audit_backlog_limit=64
05-04 09:36:34.672 0 0 E audit : rate limit exceeded
05-04 09:36:35.568 2582 2582 I auditd : type=1400 audit(0.0:6700): avc: denied { call } for comm=4173796E635461736B202333 scontext=u:r:system_app:s0 tcontext=u:r:system_suspend:s0 tclass=binder permissive=1
05-04 09:36:35.576 2582 2582 I auditd : type=1400 audit(0.0:6701): avc: denied { call } for comm=4173796E635461736B202333 scontext=u:r:system_app:s0 tcontext=u:r:vold:s0 tclass=binder permissive=1
05-04 09:36:35.588 2582 2582 I auditd : type=1400 audit(0.0:6702): avc: denied { call } for comm=4173796E635461736B202331 scontext=u:r:system_app:s0 tcontext=u:r:hal_power_default:s0 tclass=binder permissive=1
05-04 09:36:35.608 2582 2582 I auditd : type=1400 audit(0.0:6703): avc: denied { search } for comm="pool-2-thread-6" name="zram0" dev="sysfs" ino=56786 scontext=u:r:system_app:s0 tcontext=u:object_r:sysfs_zram:s0 tclass=dir permissive=1
05-04 09:36:35.612 2582 2582 I auditd : type=1400 audit(0.0:6704): avc: denied { call } for comm=4173796E635461736B202331 scontext=u:r:system_app:s0 tcontext=u:r:netd:s0 tclass=binder permissive=1
05-04 09:36:35.679 0 0 W audit : audit_lost=6629 audit_rate_limit=5 audit_backlog_limit=64
05-04 09:36:35.679 0 0 E audit : rate limit exceeded
05-04 09:36:36.020 0 0 E link_delay_work_func: DTC_ETH: SQI=0, link=0
05-04 09:36:36.355 1537 1668 I commit_sys_config_file: [jobs,5]
05-04 09:36:36.572 2582 2582 I auditd : type=1400 audit(0.0:6754): avc: denied { read } for comm="pool-2-thread-7" name="mm_stat" dev="sysfs" ino=56812 scontext=u:r:system_app:s0 tcontext=u:object_r:sysfs_zram:s0 tclass=file permissive=1
05-04 09:36:36.572 2582 2582 I auditd : type=1400 audit(0.0:6755): avc: denied { open } for comm="pool-2-thread-7" path="/sys/devices/virtual/block/zram0/mm_stat" dev="sysfs" ino=56812 scontext=u:r:system_app:s0 tcontext=u:object_r:sysfs_zram:s0 tclass=file permissive=1
05-04 09:36:36.572 2582 2582 I auditd : type=1400 audit(0.0:6756): avc: denied { getattr } for comm="pool-2-thread-7" path="/sys/devices/virtual/block/zram0/mm_stat" dev="sysfs" ino=56812 scontext=u:r:system_app:s0 tcontext=u:object_r:sysfs_zram:s0 tclass=file permissive=1
05-04 09:36:36.576 2582 2582 I auditd : type=1400 audit(0.0:6757): avc: denied { call } for comm=4173796E635461736B202333 scontext=u:r:system_app:s0 tcontext=u:r:netd:s0 tclass=binder permissive=1
05-04 09:36:36.604 2582 2582 I auditd : type=1400 audit(0.0:6758): avc: denied { call } for comm=4173796E635461736B202333 scontext=u:r:system_app:s0 tcontext=u:r:system_suspend:s0 tclass=binder permissive=1
05-04 09:36:36.691 0 0 W audit : audit_lost=6679 audit_rate_limit=5 audit_backlog_limit=64
05-04 09:36:36.691 0 0 E audit : rate limit exceeded
05-04 09:36:37.024 1537 1537 I notification_enqueue: [10095,3362,com.tencent.android.qqdownloader,127,NULL,0,Notification(channel=channel_id_default_silent shortcut=null contentView=com.tencent.android.qqdownloader/0x7f0a01c2 vibrate=null sound=null defaults=0x0 flags=0x2a2 color=0x00000000 groupKey=com.tencent.android.qqdownloader vis=PRIVATE),1]
05-04 09:36:37.580 2582 2582 I auditd : type=1400 audit(0.0:6814): avc: denied { call } for comm=4173796E635461736B202333 scontext=u:r:system_app:s0 tcontext=u:r:vold:s0 tclass=binder permissive=1
05-04 09:36:37.612 2582 2582 I auditd : type=1400 audit(0.0:6815): avc: denied { read } for comm="pool-2-thread-2" name="pagetypeinfo" dev="proc" ino=4026531857 scontext=u:r:system_app:s0 tcontext=u:object_r:proc_pagetypeinfo:s0 tclass=file permissive=1
05-04 09:36:37.612 2582 2582 I auditd : type=1400 audit(0.0:6816): avc: denied { open } for comm="pool-2-thread-2" path="/proc/pagetypeinfo" dev="proc" ino=4026531857 scontext=u:r:system_app:s0 tcontext=u:object_r:proc_pagetypeinfo:s0 tclass=file permissive=1
05-04 09:36:37.612 2582 2582 I auditd : type=1400 audit(0.0:6817): avc: denied { getattr } for comm="pool-2-thread-2" path="/proc/pagetypeinfo" dev="proc" ino=4026531857 scontext=u:r:system_app:s0 tcontext=u:object_r:proc_pagetypeinfo:s0 tclass=file permissive=1
05-04 09:36:37.616 2582 2582 I auditd : type=1400 audit(0.0:6818): avc: denied { search } for comm="pool-2-thread-2" name="zram0" dev="sysfs" ino=56786 scontext=u:r:system_app:s0 tcontext=u:object_r:sysfs_zram:s0 tclass=dir permissive=1
05-04 09:36:37.696 0 0 W audit : audit_lost=6733 audit_rate_limit=5 audit_backlog_limit=64
05-04 09:36:37.696 0 0 E audit : rate limit exceeded
05-04 09:36:38.628 2582 2582 I auditd : type=1400 audit(0.0:6864): avc: denied { call } for comm=4173796E635461736B202333 scontext=u:r:system_app:s0 tcontext=u:r:hal_power_default:s0 tclass=binder permissive=1
05-04 09:36:38.640 2582 2582 I auditd : type=1400 audit(0.0:6865): avc: denied { read } for comm="pool-2-thread-1" name="mm_stat" dev="sysfs" ino=56812 scontext=u:r:system_app:s0 tcontext=u:object_r:sysfs_zram:s0 tclass=file permissive=1
05-04 09:36:38.640 2582 2582 I auditd : type=1400 audit(0.0:6866): avc: denied { open } for comm="pool-2-thread-1" path="/sys/devices/virtual/block/zram0/mm_stat" dev="sysfs" ino=56812 scontext=u:r:system_app:s0 tcontext=u:object_r:sysfs_zram:s0 tclass=file permissive=1
05-04 09:36:38.640 2582 2582 I auditd : type=1400 audit(0.0:6867): avc: denied { getattr } for comm="pool-2-thread-1" path="/sys/devices/virtual/block/zram0/mm_stat" dev="sysfs" ino=56812 scontext=u:r:system_app:s0 tcontext=u:object_r:sysfs_zram:s0 tclass=file permissive=1
05-04 09:36:38.680 2582 2582 I auditd : type=1400 audit(0.0:6868): avc: denied { call } for comm=4173796E635461736B202333 scontext=u:r:system_app:s0 tcontext=u:r:system_suspend:s0 tclass=binder permissive=1
05-04 09:36:38.715 0 0 W audit : audit_lost=6778 audit_rate_limit=5 audit_backlog_limit=64
05-04 09:36:38.715 0 0 E audit : rate limit exceeded
05-04 09:36:39.119 2582 2582 I service_manager_stats: [100,25,6806]
05-04 09:36:39.636 2582 2582 I auditd : type=1400 audit(0.0:6917): avc: denied { call } for comm=4173796E635461736B202333 scontext=u:r:system_app:s0 tcontext=u:r:iorapd:s0 tclass=binder permissive=1
05-04 09:36:39.656 2582 2582 I auditd : type=1400 audit(0.0:6918): avc: denied { call } for comm=4173796E635461736B202333 scontext=u:r:system_app:s0 tcontext=u:r:system_suspend:s0 tclass=binder permissive=1
05-04 09:36:39.677 0 0 I init : Sending signal 9 to service 'idmap2d' (pid 6339) process group...
05-04 09:36:39.676 2582 2582 I auditd : type=1400 audit(0.0:6919): avc: denied { call } for comm=4173796E635461736B202331 scontext=u:r:system_app:s0 tcontext=u:r:hal_power_default:s0 tclass=binder permissive=1
05-04 09:36:39.682 0 0 I libprocessgroup: Successfully killed process cgroup uid 1000 pid 6339 in 5ms
05-04 09:36:39.682 0 0 I init : Control message: Processed ctl.stop for 'idmap2d' from pid: 1537 (system_server)
05-04 09:36:39.683 0 0 I init : Service 'idmap2d' (pid 6339) received signal 9
05-04 09:36:39.692 2582 2582 I auditd : type=1400 audit(0.0:6920): avc: denied { call } for comm=4173796E635461736B202331 scontext=u:r:system_app:s0 tcontext=u:r:netd:s0 tclass=binder permissive=1
05-04 09:36:39.696 2582 2582 I auditd : type=1400 audit(0.0:6921): avc: denied { search } for comm="pool-2-thread-3" name="zram0" dev="sysfs" ino=56786 scontext=u:r:system_app:s0 tcontext=u:object_r:sysfs_zram:s0 tclass=dir permissive=1
05-04 09:36:39.735 0 0 W audit : audit_lost=6828 audit_rate_limit=5 audit_backlog_limit=64
05-04 09:36:39.735 0 0 E audit : rate limit exceeded
05-04 09:36:40.672 2582 2582 I auditd : type=1400 audit(0.0:6970): avc: denied { call } for comm=4173796E635461736B202333 scontext=u:r:system_app:s0 tcontext=u:r:hal_power_default:s0 tclass=binder permissive=1
05-04 09:36:40.692 2582 2582 I auditd : type=1400 audit(0.0:6971): avc: denied { read } for comm="pool-2-thread-4" name="mm_stat" dev="sysfs" ino=56812 scontext=u:r:system_app:s0 tcontext=u:object_r:sysfs_zram:s0 tclass=file permissive=1
05-04 09:36:40.692 2582 2582 I auditd : type=1400 audit(0.0:6972): avc: denied { open } for comm="pool-2-thread-4" path="/sys/devices/virtual/block/zram0/mm_stat" dev="sysfs" ino=56812 scontext=u:r:system_app:s0 tcontext=u:object_r:sysfs_zram:s0 tclass=file permissive=1
05-04 09:36:40.692 2582 2582 I auditd : type=1400 audit(0.0:6973): avc: denied { getattr } for comm="pool-2-thread-4" path="/sys/devices/virtual/block/zram0/mm_stat" dev="sysfs" ino=56812 scontext=u:r:system_app:s0 tcontext=u:object_r:sysfs_zram:s0 tclass=file permissive=1
05-04 09:36:40.704 2582 2582 I auditd : type=1400 audit(0.0:6974): avc: denied { call } for comm=4173796E635461736B202333 scontext=u:r:system_app:s0 tcontext=u:r:netd:s0 tclass=binder permissive=1
05-04 09:36:40.739 0 0 W audit : audit_lost=6874 audit_rate_limit=5 audit_backlog_limit=64
05-04 09:36:40.739 0 0 E audit : rate limit exceeded
05-04 09:36:41.140 0 0 E link_delay_work_func: DTC_ETH: SQI=0, link=0
05-04 09:36:41.700 2582 2582 I auditd : type=1400 audit(0.0:7022): avc: denied { call } for comm=4173796E635461736B202331 scontext=u:r:system_app:s0 tcontext=u:r:hal_vibrator_default:s0 tclass=binder permissive=1
05-04 09:36:41.724 2582 2582 I auditd : type=1400 audit(0.0:7023): avc: denied { call } for comm=4173796E635461736B202331 scontext=u:r:system_app:s0 tcontext=u:r:installd:s0 tclass=binder permissive=1
05-04 09:36:41.792 2582 2582 I auditd : type=1400 audit(0.0:7024): avc: denied { call } for comm=4173796E635461736B202333 scontext=u:r:system_app:s0 tcontext=u:r:iorapd:s0 tclass=binder permissive=1
05-04 09:36:41.836 2582 2582 I auditd : type=1400 audit(0.0:7025): avc: denied { call } for comm=4173796E635461736B202331 scontext=u:r:system_app:s0 tcontext=u:r:hal_power_default:s0 tclass=binder permissive=1
05-04 09:36:41.848 2582 2582 I auditd : type=1400 audit(0.0:7026): avc: denied { read } for comm="pool-2-thread-3" name="mm_stat" dev="sysfs" ino=56812 scontext=u:r:system_app:s0 tcontext=u:object_r:sysfs_zram:s0 tclass=file permissive=1
05-04 09:36:41.854 0 0 W audit : audit_lost=6920 audit_rate_limit=5 audit_backlog_limit=64
05-04 09:36:41.854 0 0 E audit : rate limit exceeded
05-04 09:36:42.756 2582 2582 I auditd : type=1400 audit(0.0:7075): avc: denied { read } for comm="pool-2-thread-6" name="pagetypeinfo" dev="proc" ino=4026531857 scontext=u:r:system_app:s0 tcontext=u:object_r:proc_pagetypeinfo:s0 tclass=file permissive=1
05-04 09:36:42.756 2582 2582 I auditd : type=1400 audit(0.0:7076): avc: denied { open } for comm="pool-2-thread-6" path="/proc/pagetypeinfo" dev="proc" ino=4026531857 scontext=u:r:system_app:s0 tcontext=u:object_r:proc_pagetypeinfo:s0 tclass=file permissive=1
05-04 09:36:42.756 2582 2582 I auditd : type=1400 audit(0.0:7077): avc: denied { getattr } for comm="pool-2-thread-6" path="/proc/pagetypeinfo" dev="proc" ino=4026531857 scontext=u:r:system_app:s0 tcontext=u:object_r:proc_pagetypeinfo:s0 tclass=file permissive=1
05-04 09:36:42.768 2582 2582 I auditd : type=1400 audit(0.0:7078): avc: denied { call } for comm=4173796E635461736B202333 scontext=u:r:system_app:s0 tcontext=u:r:installd:s0 tclass=binder permissive=1
05-04 09:36:42.884 2582 2582 I auditd : type=1400 audit(0.0:7079): avc: denied { call } for comm=4173796E635461736B202333 scontext=u:r:system_app:s0 tcontext=u:r:hal_power_default:s0 tclass=binder permissive=1
05-04 09:36:42.908 0 0 W audit : audit_lost=6968 audit_rate_limit=5 audit_backlog_limit=64
05-04 09:36:42.908 0 0 E audit : rate limit exceeded
05-04 09:36:43.804 2582 2582 I auditd : type=1400 audit(0.0:7130): avc: denied { read } for comm="pool-2-thread-5" name="pagetypeinfo" dev="proc" ino=4026531857 scontext=u:r:system_app:s0 tcontext=u:object_r:proc_pagetypeinfo:s0 tclass=file permissive=1
05-04 09:36:43.804 2582 2582 I auditd : type=1400 audit(0.0:7131): avc: denied { open } for comm="pool-2-thread-5" path="/proc/pagetypeinfo" dev="proc" ino=4026531857 scontext=u:r:system_app:s0 tcontext=u:object_r:proc_pagetypeinfo:s0 tclass=file permissive=1
05-04 09:36:43.804 2582 2582 I auditd : type=1400 audit(0.0:7132): avc: denied { getattr } for comm="pool-2-thread-5" path="/proc/pagetypeinfo" dev="proc" ino=4026531857 scontext=u:r:system_app:s0 tcontext=u:object_r:proc_pagetypeinfo:s0 tclass=file permissive=1
05-04 09:36:43.812 2582 2582 I auditd : type=1400 audit(0.0:7133): avc: denied { call } for comm=4173796E635461736B202331 scontext=u:r:system_app:s0 tcontext=u:r:installd:s0 tclass=binder permissive=1
05-04 09:36:43.940 0 0 W audit : audit_lost=7018 audit_rate_limit=5 audit_backlog_limit=64
05-04 09:36:43.932 2582 2582 I auditd : type=1400 audit(0.0:7134): avc: denied { read } for comm="pool-2-thread-8" name="mm_stat" dev="sysfs" ino=56812 scontext=u:r:system_app:s0 tcontext=u:object_r:sysfs_zram:s0 tclass=file permissive=1
05-04 09:36:43.940 0 0 E audit : rate limit exceeded
05-04 09:36:43.966 0 0 I logd : logdr: UID=2000 GID=2000 PID=6575 b tail=0 logMask=99 pid=0 start=0ns deadline=0ns
05-04 09:36:44.724 1537 1675 I am_pss : [2582,1000,com.android.settings,179658752,166699008,3055616,293359616,0,2,13]
05-04 09:36:44.733 1537 1675 I am_pss : [5764,10095,com.tencent.ilink.ServiceProcess,53110784,44486656,0,174440448,0,5,9]
05-04 09:36:44.816 2582 2582 I auditd : type=1400 audit(0.0:7182): avc: denied { call } for comm=4173796E635461736B202333 scontext=u:r:system_app:s0 tcontext=u:r:system_suspend:s0 tclass=binder permissive=1
05-04 09:36:44.824 2582 2582 I auditd : type=1400 audit(0.0:7183): avc: denied { call } for comm=4173796E635461736B202333 scontext=u:r:system_app:s0 tcontext=u:r:vold:s0 tclass=binder permissive=1
05-04 09:36:44.848 2582 2582 I auditd : type=1400 audit(0.0:7184): avc: denied { read } for comm="pool-2-thread-2" name="pagetypeinfo" dev="proc" ino=4026531857 scontext=u:r:system_app:s0 tcontext=u:object_r:proc_pagetypeinfo:s0 tclass=file permissive=1
05-04 09:36:44.848 2582 2582 I auditd : type=1400 audit(0.0:7185): avc: denied { open } for comm="pool-2-thread-2" path="/proc/pagetypeinfo" dev="proc" ino=4026531857 scontext=u:r:system_app:s0 tcontext=u:object_r:proc_pagetypeinfo:s0 tclass=file permissive=1
05-04 09:36:44.848 2582 2582 I auditd : type=1400 audit(0.0:7186): avc: denied { getattr } for comm="pool-2-thread-2" path="/proc/pagetypeinfo" dev="proc" ino=4026531857 scontext=u:r:system_app:s0 tcontext=u:object_r:proc_pagetypeinfo:s0 tclass=file permissive=1
05-04 09:36:45.008 0 0 W audit : audit_lost=7068 audit_rate_limit=5 audit_backlog_limit=64
05-04 09:36:45.008 0 0 E audit : rate limit exceeded
05-04 09:36:45.820 2582 2582 I auditd : type=1400 audit(0.0:7228): avc: denied { read } for comm="pool-2-thread-3" name="mm_stat" dev="sysfs" ino=56812 scontext=u:r:system_app:s0 tcontext=u:object_r:sysfs_zram:s0 tclass=file permissive=1
05-04 09:36:45.820 2582 2582 I auditd : type=1400 audit(0.0:7229): avc: denied { open } for comm="pool-2-thread-3" path="/sys/devices/virtual/block/zram0/mm_stat" dev="sysfs" ino=56812 scontext=u:r:system_app:s0 tcontext=u:object_r:sysfs_zram:s0 tclass=file permissive=1
05-04 09:36:45.820 2582 2582 I auditd : type=1400 audit(0.0:7230): avc: denied { getattr } for comm="pool-2-thread-3" path="/sys/devices/virtual/block/zram0/mm_stat" dev="sysfs" ino=56812 scontext=u:r:system_app:s0 tcontext=u:object_r:sysfs_zram:s0 tclass=file permissive=1
05-04 09:36:45.836 2582 2582 I auditd : type=1400 audit(0.0:7231): avc: denied { call } for comm=4173796E635461736B202331 scontext=u:r:system_app:s0 tcontext=u:r:iorapd:s0 tclass=binder permissive=1
05-04 09:36:45.860 2582 2582 I auditd : type=1400 audit(0.0:7232): avc: denied { call } for comm=4173796E635461736B202331 scontext=u:r:system_app:s0 tcontext=u:r:system_suspend:s0 tclass=binder permissive=1
05-04 09:36:46.022 0 0 W audit : audit_lost=7113 audit_rate_limit=5 audit_backlog_limit=64
05-04 09:36:46.022 0 0 E audit : rate limit exceeded
05-04 09:36:46.091 2582 2582 I service_manager_stats: [100,39,6972]
05-04 09:36:46.260 0 0 E link_delay_work_func: DTC_ETH: SQI=0, link=0
05-04 09:36:46.406 1537 1676 I am_uid_idle: 10033
05-04 09:36:46.644 1537 1675 I am_pss : [6060,10061,com.android.settings.intelligence,115675136,109469696,0,237080576,0,19,12]
05-04 09:36:46.650 1537 1675 I am_pss : [2741,10085,com.qualcomm.qti.qccauthmgr,5955584,4435968,0,92749824,0,19,6]
05-04 09:36:46.662 1537 1675 I am_pss : [3613,10096,com.tencent.mobileqq:MSF,78113792,29646848,0,223723520,0,10,12]
05-04 09:36:46.676 1537 1675 I am_pss : [4087,10096,com.tencent.mobileqq,86978560,38506496,131072,229400576,0,19,11]
05-04 09:36:46.683 1537 1675 I am_pss : [3125,10080,com.qualcomm.qti.workloadclassifier,21848064,20066304,0,111763456,0,0,6]
05-04 09:36:46.689 1537 1675 I am_pss : [3095,10083,com.qualcomm.qti.qccnetstat,5754880,4329472,0,89980928,0,0,5]
05-04 09:36:46.695 1537 1675 I am_pss : [3082,10069,com.qualcomm.qti.services.systemhelper:systemhelper_service,6043648,4554752,0,91648000,0,0,5]
05-04 09:36:46.700 1537 1675 I am_pss : [3057,10055,.pasr,5036032,3678208,0,87560192,0,0,5]
05-04 09:36:46.710 1537 1675 I am_pss : [3024,1000,com.hryt.hiphishowfsecontrol,13602816,11919360,0,103587840,0,0,7]
05-04 09:36:46.716 1537 1675 I am_pss : [2988,10059,ts.car.uart,5714944,4358144,0,88510464,0,0,6]
05-04 09:36:46.723 1537 1675 I am_pss : [2986,10084,com.hht.lebocast,33938432,22589440,0,104128512,0,0,6]
05-04 09:36:46.832 2582 2582 I auditd : type=1400 audit(0.0:7287): avc: denied { call } for comm=4173796E635461736B202331 scontext=u:r:system_app:s0 tcontext=u:r:system_suspend:s0 tclass=binder permissive=1
05-04 09:36:46.840 2582 2582 I auditd : type=1400 audit(0.0:7288): avc: denied { call } for comm=4173796E635461736B202331 scontext=u:r:system_app:s0 tcontext=u:r:vold:s0 tclass=binder permissive=1
05-04 09:36:46.848 2582 2582 I auditd : type=1400 audit(0.0:7289): avc: denied { call } for comm=4173796E635461736B202333 scontext=u:r:system_app:s0 tcontext=u:r:hal_power_default:s0 tclass=binder permissive=1
05-04 09:36:46.864 2582 2582 I auditd : type=1400 audit(0.0:7290): avc: denied { search } for comm="pool-2-thread-4" name="zram0" dev="sysfs" ino=56786 scontext=u:r:system_app:s0 tcontext=u:object_r:sysfs_zram:s0 tclass=dir permissive=1
05-04 09:36:46.876 2582 2582 I auditd : type=1400 audit(0.0:7291): avc: denied { call } for comm=4173796E635461736B202333 scontext=u:r:system_app:s0 tcontext=u:r:netd:s0 tclass=binder permissive=1
05-04 09:36:46.979 1537 1676 I am_uid_idle: 10034
05-04 09:36:47.042 0 0 W audit : audit_lost=7166 audit_rate_limit=5 audit_backlog_limit=64
05-04 09:36:47.042 0 0 E audit : rate limit exceeded
05-04 09:36:47.076 1537 1676 I am_uid_idle: 10026
05-04 09:36:47.112 1537 1676 I am_uid_idle: 10025
05-04 09:36:47.227 1537 1676 I am_uid_idle: 10096
05-04 09:36:47.227 1537 1676 I am_stop_idle_service: [10096,com.tencent.mobileqq/.msf.service.MsfService]
05-04 09:36:47.712 0 0 I input : RAPOO BT4.0 Mouse Mouse as /devices/virtual/misc/uhid/0005:000E:3412.0001/input/input6
05-04 09:36:47.712 0 0 I input : RAPOO BT4.0 Mouse Consumer Control as /devices/virtual/misc/uhid/0005:000E:3412.0001/input/input7
05-04 09:36:47.712 0 0 I hid-generic 0005: 000E:3412.0001: input,hidraw0: BLUETOOTH HID v1.01 Mouse [RAPOO BT4.0 Mouse] on
05-04 09:36:47.720 0 0 E : [drm:dp_display_init_aux_switch][msm-dp-err][813 ]failed to register notifier (-22)
05-04 09:36:47.720 0 0 E register_client_adhoc: find path.src 1 dest 589
05-04 09:36:47.728 1537 1824 I input_interaction: Interaction with: 83a44f3 com.android.settings/com.android.settings.Settings (server), PointerEventDispatcher0 (server),
05-04 09:36:47.729 1537 1824 I input_interaction: Interaction with: c3ea96 StatusBar (server), 83a44f3 com.android.settings/com.android.settings.Settings (server), PointerEventDispatcher0 (server),
05-04 09:36:47.729 1537 1824 I input_interaction: Interaction with: c3ea96 StatusBar (server), PointerEventDispatcher0 (server),
05-04 09:36:47.806 1537 1824 I input_interaction: Interaction with: 83a44f3 com.android.settings/com.android.settings.Settings (server), c3ea96 StatusBar (server), PointerEventDispatcher0 (server),
05-04 09:36:47.818 1537 1824 I input_interaction: Interaction with: 83a44f3 com.android.settings/com.android.settings.Settings (server), PointerEventDispatcher0 (server),
05-04 09:36:47.844 2582 2582 I auditd : type=1400 audit(0.0:7350): avc: denied { call } for comm=4173796E635461736B202333 scontext=u:r:system_app:s0 tcontext=u:r:hal_vibrator_default:s0 tclass=binder permissive=1
05-04 09:36:47.872 2582 2582 I auditd : type=1400 audit(0.0:7351): avc: denied { call } for comm=4173796E635461736B202333 scontext=u:r:system_app:s0 tcontext=u:r:installd:s0 tclass=binder permissive=1
05-04 09:36:47.924 2582 2582 I auditd : type=1400 audit(0.0:7352): avc: denied { call } for comm=4173796E635461736B202331 scontext=u:r:system_app:s0 tcontext=u:r:hal_power_default:s0 tclass=binder permissive=1
05-04 09:36:47.940 2582 2582 I auditd : type=1400 audit(0.0:7353): avc: denied { read } for comm="pool-2-thread-4" name="mm_stat" dev="sysfs" ino=56812 scontext=u:r:system_app:s0 tcontext=u:object_r:sysfs_zram:s0 tclass=file permissive=1
05-04 09:36:47.940 2582 2582 I auditd : type=1400 audit(0.0:7354): avc: denied { open } for comm="pool-2-thread-4" path="/sys/devices/virtual/block/zram0/mm_stat" dev="sysfs" ino=56812 scontext=u:r:system_app:s0 tcontext=u:object_r:sysfs_zram:s0 tclass=file permissive=1
05-04 09:36:48.079 1537 1824 I input_interaction: Interaction with: c3ea96 StatusBar (server), 83a44f3 com.android.settings/com.android.settings.Settings (server), PointerEventDispatcher0 (server),
05-04 09:36:48.087 1537 1824 I input_interaction: Interaction with: c3ea96 StatusBar (server), PointerEventDispatcher0 (server),
05-04 09:36:47.720 0 0 E register_client_adhoc: Failed to find path.src 1 dest 589
05-04 09:36:48.110 0 0 W audit : audit_lost=7229 audit_rate_limit=5 audit_backlog_limit=64
05-04 09:36:48.110 0 0 E audit : rate limit exceeded
05-04 09:36:48.156 1537 1824 I input_interaction: Interaction with: 83a44f3 com.android.settings/com.android.settings.Settings (server), c3ea96 StatusBar (server), PointerEventDispatcher0 (server),
05-04 09:36:48.166 1537 1824 I input_interaction: Interaction with: 83a44f3 com.android.settings/com.android.settings.Settings (server), PointerEventDispatcher0 (server),
05-04 09:36:48.848 2582 2582 I auditd : type=1400 audit(0.0:7410): avc: denied { call } for comm=4173796E635461736B202331 scontext=u:r:system_app:s0 tcontext=u:r:hal_power_default:s0 tclass=binder permissive=1
05-04 09:36:48.864 2582 2582 I auditd : type=1400 audit(0.0:7411): avc: denied { read } for comm="pool-2-thread-7" name="mm_stat" dev="sysfs" ino=56812 scontext=u:r:system_app:s0 tcontext=u:object_r:sysfs_zram:s0 tclass=file permissive=1
05-04 09:36:48.864 2582 2582 I auditd : type=1400 audit(0.0:7412): avc: denied { open } for comm="pool-2-thread-7" path="/sys/devices/virtual/block/zram0/mm_stat" dev="sysfs" ino=56812 scontext=u:r:system_app:s0 tcontext=u:object_r:sysfs_zram:s0 tclass=file permissive=1
05-04 09:36:48.864 2582 2582 I auditd : type=1400 audit(0.0:7413): avc: denied { getattr } for comm="pool-2-thread-7" path="/sys/devices/virtual/block/zram0/mm_stat" dev="sysfs" ino=56812 scontext=u:r:system_app:s0 tcontext=u:object_r:sysfs_zram:s0 tclass=file permissive=1
05-04 09:36:48.876 2582 2582 I auditd : type=1400 audit(0.0:7414): avc: denied { call } for comm=4173796E635461736B202331 scontext=u:r:system_app:s0 tcontext=u:r:netd:s0 tclass=binder permissive=1
05-04 09:36:49.043 1537 1824 I input_interaction: Interaction with: 83a44f3 com.android.settings/com.android.settings.Settings (server), edge-swipe (server), swipe-up (server), PointerEventDispatcher0 (server),
05-04 09:36:49.131 0 0 W audit : audit_lost=7283 audit_rate_limit=5 audit_backlog_limit=64
05-04 09:36:49.131 0 0 E audit : rate limit exceeded
05-04 09:36:49.212 1537 1824 I input_interaction: Interaction with: 83a44f3 com.android.settings/com.android.settings.Settings (server), PointerEventDispatcher0 (server),
05-04 09:36:49.364 0 0 I : boot log copy done
05-04 09:36:49.496 1537 1676 I am_uid_idle: 10035
05-04 09:36:49.513 1537 1676 I am_uid_idle: 10082
05-04 09:36:49.666 1537 1676 I am_uid_idle: 10060
05-04 09:36:49.715 1537 1676 I am_uid_idle: 10032
05-04 09:36:49.799 1537 1676 I am_uid_idle: 10018
05-04 09:36:49.855 1537 1676 I am_uid_idle: 2000
05-04 09:36:49.888 2582 2582 I auditd : type=1400 audit(0.0:7479): avc: denied { call } for comm=4173796E635461736B202331 scontext=u:r:system_app:s0 tcontext=u:r:hal_power_default:s0 tclass=binder permissive=1
05-04 09:36:49.904 2582 2582 I auditd : type=1400 audit(0.0:7480): avc: denied { search } for comm="pool-2-thread-1" name="zram0" dev="sysfs" ino=56786 scontext=u:r:system_app:s0 tcontext=u:object_r:sysfs_zram:s0 tclass=dir permissive=1
05-04 09:36:49.904 2582 2582 I auditd : type=1400 audit(0.0:7481): avc: denied { read } for comm="pool-2-thread-1" name="mm_stat" dev="sysfs" ino=56812 scontext=u:r:system_app:s0 tcontext=u:object_r:sysfs_zram:s0 tclass=file permissive=1
05-04 09:36:49.904 2582 2582 I auditd : type=1400 audit(0.0:7482): avc: denied { open } for comm="pool-2-thread-1" path="/sys/devices/virtual/block/zram0/mm_stat" dev="sysfs" ino=56812 scontext=u:r:system_app:s0 tcontext=u:object_r:sysfs_zram:s0 tclass=file permissive=1
05-04 09:36:49.904 2582 2582 I auditd : type=1400 audit(0.0:7483): avc: denied { getattr } for comm="pool-2-thread-1" path="/sys/devices/virtual/block/zram0/mm_stat" dev="sysfs" ino=56812 scontext=u:r:system_app:s0 tcontext=u:object_r:sysfs_zram:s0 tclass=file permissive=1
05-04 09:36:50.138 0 0 W audit : audit_lost=7351 audit_rate_limit=5 audit_backlog_limit=64
05-04 09:36:50.138 0 0 E audit : rate limit exceeded
05-04 09:36:50.333 1537 1676 I am_uid_idle: 10058
05-04 09:36:50.349 1537 1824 I input_interaction: Interaction with: 83a44f3 com.android.settings/com.android.settings.Settings (server), edge-swipe (server), swipe-up (server), PointerEventDispatcher0 (server),
05-04 09:36:50.358 1537 6254 I wm_task_moved: [1,0,0]
05-04 09:36:50.358 1537 6254 I wm_task_moved: [1,0,5]
05-04 09:36:50.371 2651 2651 I wm_on_restart_called: [37406107,com.android.launcher3.uioverrides.QuickstepLauncher,performRestartActivity]
05-04 09:36:50.406 1537 1676 I am_uid_idle: 10087
05-04 09:36:50.413 2651 2651 I wm_on_start_called: [37406107,com.android.launcher3.uioverrides.QuickstepLauncher,handleStartActivity]
05-04 09:36:50.427 1537 1676 I am_uid_idle: 10098
05-04 09:36:50.442 1537 1666 I sysui_multi_action: [319,5,322,80,325,102,757,761,758,9,759,5,806,com.android.launcher3,871,com.android.launcher3.uioverrides.QuickstepLauncher,905,0,1320,4,1321,1]
05-04 09:36:50.445 2651 2651 I sysui_latency: [1,82]
05-04 09:36:50.445 1537 1670 I input_focus: [Focus request recents_animation_input_consumer,reason=UpdateInputWindows]
05-04 09:36:50.450 1537 1824 I input_interaction: Interaction with: edge-swipe (server), swipe-up (server), PointerEventDispatcher0 (server),
05-04 09:36:50.466 2582 2582 I view_enqueue_input_event: [Motion - Cancel,com.android.settings/com.android.settings.Settings]
05-04 09:36:50.467 1537 1824 I input_focus: [Focus leaving 83a44f3 com.android.settings/com.android.settings.Settings (server),reason=NOT_FOCUSABLE]
05-04 09:36:50.467 1537 1824 I input_focus: [Focus entering recents_animation_input_consumer (server),reason=setFocusedWindow]
05-04 09:36:50.520 1537 1824 I input_interaction: Interaction with: recents_animation_input_consumer (server), 83a44f3 com.android.settings/com.android.settings.Settings (server), PointerEventDispatcher0 (server),
05-04 09:36:50.529 1537 1824 I input_interaction: Interaction with: recents_animation_input_consumer (server), PointerEventDispatcher0 (server),
05-04 09:36:50.611 1537 1811 I commit_sys_config_file: [settings-1-0,3]
05-04 09:36:50.740 1537 1675 I sysui_latency: [8,87]
05-04 09:36:50.892 2582 2582 I auditd : type=1400 audit(0.0:7557): avc: denied { call } for comm=4173796E635461736B202333 scontext=u:r:system_app:s0 tcontext=u:r:vold:s0 tclass=binder permissive=1
05-04 09:36:50.904 2582 2582 I auditd : type=1400 audit(0.0:7558): avc: denied { call } for comm=4173796E635461736B202331 scontext=u:r:system_app:s0 tcontext=u:r:hal_vibrator_default:s0 tclass=binder permissive=1
05-04 09:36:50.936 2582 2582 I auditd : type=1400 audit(0.0:7559): avc: denied { call } for comm=4173796E635461736B202331 scontext=u:r:system_app:s0 tcontext=u:r:installd:s0 tclass=binder permissive=1
05-04 09:36:50.988 2582 2582 I auditd : type=1400 audit(0.0:7560): avc: denied { call } for comm=4173796E635461736B202333 scontext=u:r:system_app:s0 tcontext=u:r:hal_power_default:s0 tclass=binder permissive=1
05-04 09:36:51.004 2582 2582 I auditd : type=1400 audit(0.0:7561): avc: denied { read } for comm="pool-2-thread-8" name="mm_stat" dev="sysfs" ino=56812 scontext=u:r:system_app:s0 tcontext=u:object_r:sysfs_zram:s0 tclass=file permissive=1
05-04 09:36:51.195 0 0 W audit : audit_lost=7422 audit_rate_limit=5 audit_backlog_limit=64
05-04 09:36:51.195 0 0 E audit : rate limit exceeded
05-04 09:36:51.380 0 0 E link_delay_work_func: DTC_ETH: SQI=0, link=0
05-04 09:36:51.388 1537 6318 I wm_task_moved: [1,1,6]
05-04 09:36:51.389 1537 6318 I wm_task_moved: [8,1,2147483647]
05-04 09:36:51.389 1537 6318 I wm_task_to_front: [0,8]
05-04 09:36:51.389 2582 2582 I wm_on_top_resumed_lost_called: [104117577,com.android.settings.Settings,topStateChangedWhenResumed]
05-04 09:36:51.389 1537 6318 I wm_focused_root_task: [0,0,1,277,RecentsAnimation.onAnimationFinished()]
05-04 09:36:51.389 1537 6318 I wm_set_resumed_activity: [0,com.android.launcher3/.uioverrides.QuickstepLauncher,RecentsAnimation.onAnimationFinished()]
05-04 09:36:51.390 1537 6318 I wm_pause_activity: [0,104117577,com.android.settings/.Settings,userLeaving=true,pauseBackTasks]
05-04 09:36:51.390 1537 6318 I wm_add_to_stopping: [0,104117577,com.android.settings/.Settings,makeInvisible]
05-04 09:36:51.391 1537 6318 I wm_set_resumed_activity: [0,com.android.launcher3/.uioverrides.QuickstepLauncher,resumeTopActivityInnerLocked]
05-04 09:36:51.393 1537 6318 I wm_resume_activity: [0,37406107,8,com.android.launcher3/.uioverrides.QuickstepLauncher]
05-04 09:36:51.393 2651 2651 I wm_on_resume_called: [37406107,com.android.launcher3.uioverrides.QuickstepLauncher,RESUME_ACTIVITY]
05-04 09:36:51.397 1537 1670 I input_focus: [Focus request 5823808 com.android.launcher3/com.android.launcher3.uioverrides.QuickstepLauncher,reason=UpdateInputWindows]
05-04 09:36:51.398 2651 2651 I wm_on_top_resumed_gained_called: [37406107,com.android.launcher3.uioverrides.QuickstepLauncher,topStateChangedWhenResumed]
05-04 09:36:51.399 2582 2582 I sysui_multi_action: [757,35,758,2,1089,29793]
05-04 09:36:51.401 1537 1669 I wm_stop_activity: [0,104117577,com.android.settings/.Settings]
05-04 09:36:51.402 2582 2582 I sysui_multi_action: [757,39,758,2,1089,28056]
05-04 09:36:51.402 1537 1824 I input_focus: [Focus leaving recents_animation_input_consumer (server),reason=NOT_VISIBLE]
05-04 09:36:51.403 2582 2582 I wm_on_paused_called: [104117577,com.android.settings.Settings,performPause]
05-04 09:36:51.404 1537 1669 I sysui_multi_action: [757,803,799,window_time_0,802,30]
05-04 09:36:51.405 1537 1669 I sysui_multi_action: [757,803,799,window_time_0,802,0]
05-04 09:36:51.406 1537 1824 I input_interaction: Interaction with: 5823808 com.android.launcher3/com.android.launcher3.uioverrides.QuickstepLauncher (server), recents_animation_input_consumer (server), PointerEventDispatcher0 (server),
05-04 09:36:51.417 1537 1824 I input_focus: [Focus entering 5823808 com.android.launcher3/com.android.launcher3.uioverrides.QuickstepLauncher (server),reason=setFocusedWindow]
05-04 09:36:51.418 1537 1824 I input_interaction: Interaction with: 5823808 com.android.launcher3/com.android.launcher3.uioverrides.QuickstepLauncher (server), PointerEventDispatcher0 (server),
05-04 09:36:51.436 2582 2582 I wm_on_stop_called: [104117577,com.android.settings.Settings,STOP_ACTIVITY_ITEM]
05-04 09:36:51.944 2582 2582 I auditd : type=1400 audit(0.0:7616): avc: denied { call } for comm=4173796E635461736B202331 scontext=u:r:system_app:s0 tcontext=u:r:iorapd:s0 tclass=binder permissive=1
05-04 09:36:52.012 2582 2582 I auditd : type=1400 audit(0.0:7617): avc: denied { call } for comm=4173796E635461736B202333 scontext=u:r:system_app:s0 tcontext=u:r:hal_power_default:s0 tclass=binder permissive=1
05-04 09:36:52.040 2582 2582 I auditd : type=1400 audit(0.0:7618): avc: denied { read } for comm="pool-2-thread-3" name="mm_stat" dev="sysfs" ino=56812 scontext=u:r:system_app:s0 tcontext=u:object_r:sysfs_zram:s0 tclass=file permissive=1
05-04 09:36:52.040 2582 2582 I auditd : type=1400 audit(0.0:7619): avc: denied { open } for comm="pool-2-thread-3" path="/sys/devices/virtual/block/zram0/mm_stat" dev="sysfs" ino=56812 scontext=u:r:system_app:s0 tcontext=u:object_r:sysfs_zram:s0 tclass=file permissive=1
05-04 09:36:52.040 2582 2582 I auditd : type=1400 audit(0.0:7620): avc: denied { getattr } for comm="pool-2-thread-3" path="/sys/devices/virtual/block/zram0/mm_stat" dev="sysfs" ino=56812 scontext=u:r:system_app:s0 tcontext=u:object_r:sysfs_zram:s0 tclass=file permissive=1
05-04 09:36:52.149 1537 1537 I service_manager_stats: [100,34,26676]
05-04 09:36:52.276 0 0 W audit : audit_lost=7474 audit_rate_limit=5 audit_backlog_limit=64
05-04 09:36:52.276 0 0 E audit : rate limit exceeded
05-04 09:36:52.408 1537 1824 I input_interaction: Interaction with: 5823808 com.android.launcher3/com.android.launcher3.uioverrides.QuickstepLauncher (server), c80a327 com.android.systemui.ImageWallpaper (server), edge-swipe (server), swipe-up (server), PointerEventDispatcher0 (server),
05-04 09:36:52.984 2582 2582 I auditd : type=1400 audit(0.0:7666): avc: denied { call } for comm=4173796E635461736B202333 scontext=u:r:system_app:s0 tcontext=u:r:vold:s0 tclass=binder permissive=1
05-04 09:36:53.000 2582 2582 I auditd : type=1400 audit(0.0:7667): avc: denied { call } for comm=4173796E635461736B202331 scontext=u:r:system_app:s0 tcontext=u:r:hal_vibrator_default:s0 tclass=binder permissive=1
05-04 09:36:53.024 2582 2582 I auditd : type=1400 audit(0.0:7668): avc: denied { read } for comm="pool-2-thread-1" name="pagetypeinfo" dev="proc" ino=4026531857 scontext=u:r:system_app:s0 tcontext=u:object_r:proc_pagetypeinfo:s0 tclass=file permissive=1
05-04 09:36:53.024 2582 2582 I auditd : type=1400 audit(0.0:7669): avc: denied { open } for comm="pool-2-thread-1" path="/proc/pagetypeinfo" dev="proc" ino=4026531857 scontext=u:r:system_app:s0 tcontext=u:object_r:proc_pagetypeinfo:s0 tclass=file permissive=1
05-04 09:36:53.024 2582 2582 I auditd : type=1400 audit(0.0:7670): avc: denied { getattr } for comm="pool-2-thread-1" path="/proc/pagetypeinfo" dev="proc" ino=4026531857 scontext=u:r:system_app:s0 tcontext=u:object_r:proc_pagetypeinfo:s0 tclass=file permissive=1
05-04 09:36:53.334 0 0 W audit : audit_lost=7520 audit_rate_limit=5 audit_backlog_limit=64
05-04 09:36:53.334 0 0 E audit : rate limit exceeded
05-04 09:36:53.413 1537 1824 I input_interaction: Interaction with: 5823808 com.android.launcher3/com.android.launcher3.uioverrides.QuickstepLauncher (server), PointerEventDispatcher0 (server),
05-04 09:36:54.000 2582 2582 I auditd : type=1400 audit(0.0:7706): avc: denied { read } for comm="pool-2-thread-2" name="pagetypeinfo" dev="proc" ino=4026531857 scontext=u:r:system_app:s0 tcontext=u:object_r:proc_pagetypeinfo:s0 tclass=file permissive=1
05-04 09:36:54.000 2582 2582 I auditd : type=1400 audit(0.0:7707): avc: denied { open } for comm="pool-2-thread-2" path="/proc/pagetypeinfo" dev="proc" ino=4026531857 scontext=u:r:system_app:s0 tcontext=u:object_r:proc_pagetypeinfo:s0 tclass=file permissive=1
05-04 09:36:54.000 2582 2582 I auditd : type=1400 audit(0.0:7708): avc: denied { getattr } for comm="pool-2-thread-2" path="/proc/pagetypeinfo" dev="proc" ino=4026531857 scontext=u:r:system_app:s0 tcontext=u:object_r:proc_pagetypeinfo:s0 tclass=file permissive=1
05-04 09:36:54.032 2582 2582 I auditd : type=1400 audit(0.0:7709): avc: denied { call } for comm=4173796E635461736B202333 scontext=u:r:system_app:s0 tcontext=u:r:installd:s0 tclass=binder permissive=1
05-04 09:36:54.118 1537 1824 I input_interaction: Interaction with: 5823808 com.android.launcher3/com.android.launcher3.uioverrides.QuickstepLauncher (server), c80a327 com.android.systemui.ImageWallpaper (server), edge-swipe (server), swipe-up (server), PointerEventDispatcher0 (server),
05-04 09:36:54.124 2582 2582 I auditd : type=1400 audit(0.0:7710): avc: denied { read } for comm="pool-2-thread-7" name="mm_stat" dev="sysfs" ino=56812 scontext=u:r:system_app:s0 tcontext=u:object_r:sysfs_zram:s0 tclass=file permissive=1
05-04 09:36:54.220 1537 1824 I input_interaction: Interaction with: 5823808 com.android.launcher3/com.android.launcher3.uioverrides.QuickstepLauncher (server), PointerEventDispatcher0 (server),
05-04 09:36:54.245 1537 2483 I wm_task_created: [278,-1]
05-04 09:36:54.249 1537 2483 I wm_task_moved: [278,1,7]
05-04 09:36:54.249 1537 2483 I wm_task_to_front: [0,278]
05-04 09:36:54.249 1537 2483 I wm_create_task: [0,278]
05-04 09:36:54.249 1537 2483 I wm_create_activity: [0,69387696,278,com.ss.android.lark/.main.app.MainActivity,android.intent.action.MAIN,NULL,NULL,270532608]
05-04 09:36:54.249 1537 2483 I wm_task_moved: [278,1,7]
05-04 09:36:54.252 1537 1669 I am_uid_running: 10097
05-04 09:36:54.253 2651 2651 I wm_on_top_resumed_lost_called: [37406107,com.android.launcher3.uioverrides.QuickstepLauncher,topStateChangedWhenResumed]
05-04 09:36:54.260 1537 1677 I am_proc_start: [0,6748,10097,com.ss.android.lark,top-activity,{com.ss.android.lark/com.ss.android.lark.main.app.MainActivity}]
05-04 09:36:54.269 0 0 I binder : 6748:6748 ioctl 40046210 7fee715e34 returned -22
05-04 09:36:54.272 1537 2483 I am_proc_bound: [0,6748,com.ss.android.lark]
05-04 09:36:54.275 1537 2483 I wm_restart_activity: [0,69387696,278,com.ss.android.lark/.main.app.MainActivity]
05-04 09:36:54.276 1537 2483 I wm_set_resumed_activity: [0,com.ss.android.lark/.main.app.MainActivity,minimalResumeActivityLocked]
05-04 09:36:54.276 1537 2483 I am_uid_active: 10097
05-04 09:36:54.345 0 0 W audit : audit_lost=7569 audit_rate_limit=5 audit_backlog_limit=64
05-04 09:36:54.345 0 0 E audit : rate limit exceeded
05-04 09:36:54.674 1537 1537 I notification_cancel_all: [1000,1537,com.ss.android.lark,0,0,0,20,NULL]
05-04 09:36:54.674 1537 1537 I notification_cancel_all: [1000,1537,com.ss.android.lark,0,0,0,20,NULL]
05-04 09:36:54.674 1537 1537 I notification_cancel_all: [1000,1537,com.ss.android.lark,0,0,0,20,NULL]
05-04 09:36:54.674 1537 1537 I notification_cancel_all: [1000,1537,com.ss.android.lark,0,0,0,20,NULL]
05-04 09:36:54.754 0 0 I binder : 6950:6950 ioctl 40046210 7fe0f430e4 returned -22
05-04 09:36:54.874 2582 2582 I service_manager_stats: [100,28,8782]
05-04 09:36:54.890 6748 6748 I wm_on_create_called: [69387696,com.ss.android.lark.main.app.MainActivity,performCreate]
05-04 09:36:54.908 6748 6748 I wm_on_start_called: [69387696,com.ss.android.lark.main.app.MainActivity,handleStartActivity]
05-04 09:36:54.912 6748 6748 I wm_on_resume_called: [69387696,com.ss.android.lark.main.app.MainActivity,RESUME_ACTIVITY]
05-04 09:36:54.920 6748 6748 I wm_on_top_resumed_gained_called: [69387696,com.ss.android.lark.main.app.MainActivity,topStateChangedWhenResumed]
05-04 09:36:54.935 1537 1670 I input_focus: [Focus request fc8eeda com.ss.android.lark/com.ss.android.lark.main.app.MainActivity,reason=UpdateInputWindows]
05-04 09:36:54.952 0 0 I binder : 6748:6954 ioctl 40046210 7a9ba4f1f4 returned -22
05-04 09:36:54.966 1537 1824 I input_focus: [Focus leaving 5823808 com.android.launcher3/com.android.launcher3.uioverrides.QuickstepLauncher (server),reason=Waiting for window because NOT_VISIBLE]
05-04 09:36:54.994 1537 1666 I sysui_multi_action: [319,753,322,752,325,106,757,761,758,7,759,2,806,com.ss.android.lark,871,com.ss.android.lark.main.app.MainActivity,904,com.android.launcher3,905,0,945,38,1320,4,1321,4]
05-04 09:36:54.996 1537 1666 I wm_activity_launch_time: [0,69387696,com.ss.android.lark/.main.app.MainActivity,752]
05-04 09:36:55.000 1537 1824 I input_focus: [Focus entering fc8eeda com.ss.android.lark/com.ss.android.lark.main.app.MainActivity (server),reason=Window became focusable. Previous reason: NOT_VISIBLE]
05-04 09:36:55.008 2582 2582 I auditd : type=1400 audit(0.0:7774): avc: denied { call } for comm=4173796E635461736B202331 scontext=u:r:system_app:s0 tcontext=u:r:system_suspend:s0 tclass=binder permissive=1
05-04 09:36:55.024 2582 2582 I auditd : type=1400 audit(0.0:7775): avc: denied { call } for comm=4173796E635461736B202331 scontext=u:r:system_app:s0 tcontext=u:r:vold:s0 tclass=binder permissive=1
05-04 09:36:55.044 2582 2582 I auditd : type=1400 audit(0.0:7776): avc: denied { call } for comm=4173796E635461736B202333 scontext=u:r:system_app:s0 tcontext=u:r:hal_power_default:s0 tclass=binder permissive=1
05-04 09:36:55.048 2582 2582 I auditd : type=1400 audit(0.0:7777): avc: denied { call } for comm=4173796E635461736B202333 scontext=u:r:system_app:s0 tcontext=u:r:hal_vibrator_default:s0 tclass=binder permissive=1
05-04 09:36:55.068 2582 2582 I auditd : type=1400 audit(0.0:7778): avc: denied { read } for comm="pool-2-thread-2" name="pagetypeinfo" dev="proc" ino=4026531857 scontext=u:r:system_app:s0 tcontext=u:object_r:proc_pagetypeinfo:s0 tclass=file permissive=1
05-04 09:36:55.314 0 0 I binder : 7042:7042 ioctl 40046210 7fe3bc2364 returned -22
05-04 09:36:55.399 0 0 W audit : audit_lost=7625 audit_rate_limit=5 audit_backlog_limit=64
05-04 09:36:55.399 0 0 E audit : rate limit exceeded
05-04 09:36:55.895 1537 1824 I input_interaction: Interaction with: fc8eeda com.ss.android.lark/com.ss.android.lark.main.app.MainActivity (server), 5823808 com.android.launcher3/com.android.launcher3.uioverrides.QuickstepLauncher (server), PointerEventDispatcher0 (server),
05-04 09:36:55.913 1537 1824 I input_interaction: Interaction with: fc8eeda com.ss.android.lark/com.ss.android.lark.main.app.MainActivity (server), PointerEventDispatcher0 (server),
05-04 09:36:56.024 6748 6748 I auditd : type=1400 audit(0.0:7817): avc: granted { execute } for comm="TuringVerifyThr" path="/data/data/com.ss.android.lark/files/webview_bytedance/74622e2b15069f0054b174ae3910535b_md5/libwebviewbytedance.so" dev="dm-10" ino=25671 scontext=u:r:untrusted_app:s0:c97,c256,c512,c768 tcontext=u:object_r:app_data_file:s0:c97,c256,c512,c768 tclass=file app=com.ss.android.lark
05-04 09:36:56.048 2582 2582 I auditd : type=1400 audit(0.0:7818): avc: denied { call } for comm=4173796E635461736B202333 scontext=u:r:system_app:s0 tcontext=u:r:vold:s0 tclass=binder permissive=1
05-04 09:36:56.104 2582 2582 I auditd : type=1400 audit(0.0:7819): avc: denied { call } for comm=4173796E635461736B202331 scontext=u:r:system_app:s0 tcontext=u:r:hal_power_default:s0 tclass=binder permissive=1
05-04 09:36:56.112 2582 2582 I auditd : type=1400 audit(0.0:7820): avc: denied { call } for comm=4173796E635461736B202331 scontext=u:r:system_app:s0 tcontext=u:r:hal_vibrator_default:s0 tclass=binder permissive=1
05-04 09:36:56.124 2582 2582 I auditd : type=1400 audit(0.0:7821): avc: denied { read } for comm="pool-2-thread-6" name="pagetypeinfo" dev="proc" ino=4026531857 scontext=u:r:system_app:s0 tcontext=u:object_r:proc_pagetypeinfo:s0 tclass=file permissive=1
05-04 09:36:56.159 1537 1676 I am_uid_idle: 10085
05-04 09:36:56.422 0 0 W audit : audit_lost=7661 audit_rate_limit=5 audit_backlog_limit=64
05-04 09:36:56.422 0 0 E audit : rate limit exceeded
05-04 09:36:56.500 0 0 E link_delay_work_func: DTC_ETH: SQI=0, link=0
05-04 09:36:56.900 1537 1677 I am_proc_start: [0,7150,10097,com.ss.android.lark:sandboxed_process1,service,{com.ss.android.lark/com.bytedance.org.chromium.content.app.SandboxedProcessService0}]
05-04 09:36:56.930 0 0 I binder : 7150:7150 ioctl 40046210 7fee715e34 returned -22
05-04 09:36:56.942 1537 2064 I am_proc_bound: [0,7150,com.ss.android.lark:sandboxed_process1]
