05-04 09:37:21.481 11394 11394 I SystemServerTiming: OnBootPhase_500_com.android.server.security.FileIntegrityService
05-04 09:37:21.481 11394 11394 I SystemServerTiming: OnBootPhase_500_com.android.server.pm.Installer
05-04 09:37:21.481 11394 11394 I SystemServerTiming: OnBootPhase_500_com.android.server.os.DeviceIdentifiersPolicyService
05-04 09:37:21.481 11394 11394 I SystemServerTiming: OnBootPhase_500_com.android.server.uri.UriGrantsManagerService$Lifecycle
05-04 09:37:21.481 11394 11394 I SystemServerTiming: OnBootPhase_500_com.android.server.powerstats.PowerStatsService
05-04 09:37:21.481 11394 11394 E StatsPullAtomCallbackImpl: Failed to start PowerStatsService statsd pullers
05-04 09:37:21.481 11394 11394 I SystemServerTiming: OnBootPhase_500_com.android.server.wm.ActivityTaskManagerService$Lifecycle
05-04 09:37:21.481 11394 11394 I SystemServerTiming: OnBootPhase_500_com.android.server.am.ActivityManagerService$Lifecycle
05-04 09:37:21.482 11394 11394 E BatteryStatsService: Could not register PowerStatsInternal
05-04 09:37:21.483 11394 11394 I SystemServerTiming: OnBootPhase_500_com.android.server.pm.DataLoaderManagerService
05-04 09:37:21.483 11394 11394 I SystemServerTiming: OnBootPhase_500_com.android.server.power.PowerManagerService
05-04 09:37:21.483 11394 11394 I SystemServerTiming: OnBootPhase_500_com.android.server.power.ThermalManagerService
05-04 09:37:21.483 11394 11394 I SystemServerTiming: OnBootPhase_500_com.android.server.power.hint.HintManagerService
05-04 09:37:21.483 11394 11394 V HintManagerService: Initializing HintManager service...
05-04 09:37:21.483 11394 11394 V HistoricalRegistry: Interaction before persistence initialized
05-04 09:37:21.483 11394 11394 I SystemServerTiming: OnBootPhase_500_com.android.server.recoverysystem.RecoverySystemService$Lifecycle
05-04 09:37:21.483 11394 11394 I SystemServerTiming: OnBootPhase_500_com.android.server.lights.LightsService
05-04 09:37:21.483 11394 11394 I SystemServerTiming: OnBootPhase_500_com.android.server.display.DisplayManagerService
05-04 09:37:21.483 11394 11394 I SystemServerTiming: OnBootPhase_500_com.android.server.pm.verify.domain.DomainVerificationService
05-04 09:37:21.483 11394 11394 I SystemServerTiming: OnBootPhase_500_com.android.server.pm.PackageInstallerService$Lifecycle
05-04 09:37:21.483 11394 11394 I SystemServerTiming: OnBootPhase_500_com.android.server.pm.UserManagerService$LifeCycle
05-04 09:37:21.483 11394 11394 I SystemServerTiming: OnBootPhase_500_com.android.server.om.OverlayManagerService
05-04 09:37:21.483 11394 11394 I SystemServerTiming: OnBootPhase_500_com.android.server.SensorPrivacyService
05-04 09:37:21.488 11394 11394 I SystemServerTiming: OnBootPhase_500_com.android.server.thunderperf.ThunderBoostPerfService
05-04 09:37:21.488 11394 11394 I SystemServerTiming: OnBootPhase_500_com.android.server.sensors.SensorService
05-04 09:37:21.488 11394 11394 I SystemServerTiming: OnBootPhase_500_com.android.server.SystemConfigService
05-04 09:37:21.488 11394 11394 I SystemServerTiming: OnBootPhase_500_com.android.server.BatteryService
05-04 09:37:21.488 11394 11394 I SystemServerTiming: OnBootPhase_500_com.android.server.usage.UsageStatsService
05-04 09:37:21.489 11394 11394 D AppStandbyController: Setting app idle enabled state
05-04 09:37:21.489 11394 11394 V HistoricalRegistry: Interaction before persistence initialized
05-04 09:37:21.489 11394 11394 I SystemServerTiming: OnBootPhase_500_com.android.server.webkit.WebViewUpdateService
05-04 09:37:21.489 11394 11394 I SystemServerTiming: OnBootPhase_500_com.android.server.CachedDeviceStateService
05-04 09:37:21.489 11394 11394 I SystemServerTiming: OnBootPhase_500_com.android.server.BinderCallsStatsService$LifeCycle
05-04 09:37:21.491 11394 11394 I SystemServerTiming: OnBootPhase_500_com.android.server.LooperStatsService$Lifecycle
05-04 09:37:21.491 11394 11394 I SystemServerTiming: OnBootPhase_500_com.android.server.rollback.RollbackManagerService
05-04 09:37:21.491 11394 11394 I SystemServerTiming: OnBootPhase_500_com.android.server.os.NativeTombstoneManagerService
05-04 09:37:21.491 11394 11394 I SystemServerTiming: OnBootPhase_500_com.android.server.os.BugreportManagerService
05-04 09:37:21.491 11394 11394 I SystemServerTiming: OnBootPhase_500_com.android.server.gpu.GpuService
05-04 09:37:21.491 11394 11394 I SystemServerTiming: OnBootPhase_500_com.android.server.security.KeyChainSystemService
05-04 09:37:21.491 11394 11394 I SystemServerTiming: OnBootPhase_500_com.android.server.telecom.TelecomLoaderService
05-04 09:37:21.491 11394 11394 I SystemServerTiming: OnBootPhase_500_com.android.server.accounts.AccountManagerService$Lifecycle
05-04 09:37:21.491 11394 11394 I SystemServerTiming: OnBootPhase_500_com.android.server.content.ContentService$Lifecycle
05-04 09:37:21.491 11394 11394 I SystemServerTiming: OnBootPhase_500_com.android.server.DropBoxManagerService
05-04 09:37:21.491 11394 11394 I SystemServerTiming: OnBootPhase_500_com.android.role.RoleService
05-04 09:37:21.491 11394 11394 I SystemServerTiming: OnBootPhase_500_com.android.server.vibrator.VibratorManagerService$Lifecycle
05-04 09:37:21.491 11394 11394 V VibratorManagerService: Initializing VibratorManager service...
05-04 09:37:21.491 11394 11394 V HistoricalRegistry: Interaction before persistence initialized
05-04 09:37:21.491 11394 11394 V VibratorManagerService: VibratorManager service initialized
05-04 09:37:21.492 11394 11394 I SystemServerTiming: OnBootPhase_500_com.android.server.alarm.AlarmManagerService
05-04 09:37:21.492 11394 11394 I SystemServerTiming: OnBootPhase_500_com.android.server.devicestate.DeviceStateManagerService
05-04 09:37:21.492 11394 11394 I SystemServerTiming: OnBootPhase_500_com.android.server.camera.CameraServiceProxy
05-04 09:37:21.492 11394 11394 I SystemServerTiming: OnBootPhase_500_com.android.server.BluetoothService
05-04 09:37:21.493 11394 11394 I SystemServerTiming: OnBootPhase_500_com.android.server.connectivity.IpConnectivityMetrics
05-04 09:37:21.494 11394 11394 I SystemServerTiming: OnBootPhase_500_com.android.server.net.watchlist.NetworkWatchlistService$Lifecycle
05-04 09:37:21.494 11394 11394 I SystemServerTiming: OnBootPhase_500_com.android.server.PinnerService
05-04 09:37:21.494 11394 11394 I SystemServerTiming: OnBootPhase_500_com.google.android.startop.iorap.IorapForwardingService
05-04 09:37:21.494 11394 11394 I SystemServerTiming: OnBootPhase_500_com.android.server.ActivityTriggerService
05-04 09:37:21.495 11394 11394 I SystemServerTiming: OnBootPhase_500_com.android.server.integrity.AppIntegrityManagerService
05-04 09:37:21.495 11394 11394 I SystemServerTiming: OnBootPhase_500_com.android.server.inputmethod.InputMethodManagerService$Lifecycle
05-04 09:37:21.495 11394 11394 I SystemServerTiming: OnBootPhase_500_com.android.server.accessibility.AccessibilityManagerService$Lifecycle
05-04 09:37:21.495 11394 11394 I SystemServerTiming: OnBootPhase_500_com.android.server.StorageManagerService$Lifecycle
05-04 09:37:21.495 11394 11394 I SystemServerTiming: OnBootPhase_500_com.android.server.usage.StorageStatsService$Lifecycle
05-04 09:37:21.495 11394 11394 I SystemServerTiming: OnBootPhase_500_com.android.server.UiModeManagerService
05-04 09:37:21.495 11394 11394 I configuration_changed: 512
05-04 09:37:21.496 11394 11394 I ActivityTaskManager: Config changes=200 {1.0 ?mcc?mnc [zh_CN] ldltr sw680dp w1586dp h625dp 240dpi lrg long land finger -keyb/v/h -nav/h winConfig={ mBounds=Rect(0, 0 - 2380, 1020) mAppBounds=Rect(0, 0 - 2380, 974) mMaxBounds=Rect(0, 0 - 2380, 1020) mWindowingMode=fullscreen mDisplayWindowingMode=fullscreen mActivityType=undefined mAlwaysOnTop=undefined mRotation=ROTATION_0} s.6 ?fontWeightAdjustment}
05-04 09:37:21.496 11394 11394 I WindowManager: Override config changes=200 {1.0 ?mcc?mnc [zh_CN] ldltr sw680dp w1586dp h625dp 240dpi lrg long land finger -keyb/v/h -nav/h winConfig={ mBounds=Rect(0, 0 - 2380, 1020) mAppBounds=Rect(0, 0 - 2380, 974) mMaxBounds=Rect(0, 0 - 2380, 1020) mWindowingMode=fullscreen mDisplayWindowingMode=fullscreen mActivityType=undefined mAlwaysOnTop=undefined mRotation=ROTATION_0} s.6 ?fontWeightAdjustment} for displayId=0
05-04 09:37:21.497 11394 11394 I SystemServerTiming: OnBootPhase_500_com.android.server.locksettings.LockSettingsService$Lifecycle
05-04 09:37:21.497 11394 11394 I SystemServerTiming: OnBootPhase_500_com.android.server.PersistentDataBlockService
05-04 09:37:21.497 11394 11394 I SystemServerTiming: OnBootPhase_500_com.android.server.testharness.TestHarnessModeService
05-04 09:37:21.497 11394 11394 D TestHarnessModeService: Setting up test harness mode
05-04 09:37:21.497 11394 11394 D TestHarnessModeService: Getting PersistentDataBlockManagerInternal from LocalServices
05-04 09:37:21.503 11394 11394 I SystemServerTiming: OnBootPhase_500_com.android.server.oemlock.OemLockService
05-04 09:37:21.503 11394 11394 I SystemServerTiming: OnBootPhase_500_com.android.server.DeviceIdleController
05-04 09:37:21.503 11394 11394 V HistoricalRegistry: Interaction before persistence initialized
05-04 09:37:21.504 11394 11394 I SystemServerTiming: OnBootPhase_500_com.android.server.devicepolicy.DevicePolicyManagerService$Lifecycle
05-04 09:37:21.504 11394 11394 I SystemServerTiming: OnBootPhase_500_com.android.server.texttospeech.TextToSpeechManagerService
05-04 09:37:21.504 11394 11394 I SystemServerTiming: OnBootPhase_500_com.android.server.speech.SpeechRecognitionManagerService
05-04 09:37:21.504 11394 11394 I SystemServerTiming: OnBootPhase_500_com.android.server.searchui.SearchUiManagerService
05-04 09:37:21.504 11394 11394 I SystemServerTiming: OnBootPhase_500_com.android.server.smartspace.SmartspaceManagerService
05-04 09:37:21.504 11394 11394 I SystemServerTiming: OnBootPhase_500_com.android.server.graphics.fonts.FontManagerService$Lifecycle
05-04 09:37:21.504 11394 11394 I SystemServerTiming: OnBootPhase_500_com.android.server.textservices.TextServicesManagerService$Lifecycle
05-04 09:37:21.504 11394 11394 I SystemServerTiming: OnBootPhase_500_com.android.server.textclassifier.TextClassificationManagerService$Lifecycle
05-04 09:37:21.504 11394 11394 I SystemServerTiming: OnBootPhase_500_com.android.server.NetworkScoreService$Lifecycle
05-04 09:37:21.504 11394 11394 I SystemServerTiming: OnBootPhase_500_com.android.server.wifi.WifiService
05-04 09:37:21.504 11394 11394 I SystemServerTiming: OnBootPhase_500_com.android.server.wifi.scanner.WifiScanningService
05-04 09:37:21.504 11394 11394 I SystemServerTiming: OnBootPhase_500_com.android.server.wifi.rtt.RttService
05-04 09:37:21.505 11394 11394 I SystemServerTiming: OnBootPhase_500_com.android.server.wifi.aware.WifiAwareService
05-04 09:37:21.509 11394 11394 I SystemServerTiming: OnBootPhase_500_com.android.server.wifi.p2p.WifiP2pService
05-04 09:37:21.509 11394 11394 I SystemServerTiming: OnBootPhase_500_com.android.server.ethernet.EthernetService
05-04 09:37:21.511 11394 11394 I SystemServerTiming: OnBootPhase_500_com.android.server.ConnectivityServiceInitializer
05-04 09:37:21.511 11394 11394 I SystemServerTiming: OnBootPhase_500_com.android.server.notification.NotificationManagerService
05-04 09:37:21.520 0 0 W audit : audit_lost=11132 audit_rate_limit=5 audit_backlog_limit=64
05-04 09:37:21.520 0 0 E audit : rate limit exceeded
05-04 09:37:21.539 836 836 E android.hardware.wifi@1.0-service: Stopping legacy HAL
05-04 09:37:21.539 836 836 E android.hardware.wifi@1.0-service: Legacy HAL trigger wifi cleanup
05-04 09:37:21.540 836 7683 I android.hardware.wifi@1.0-service: Legacy HAL stop complete callback received
05-04 09:37:21.541 11394 11512 D SystemServerInitThreadPool: Finished executing SecondaryZygotePreload
05-04 09:37:21.542 0 0 I [wifi@1][0xae8f6a43][09:37:21.542223] wlan: [7683:I:HDD] wlan0(vdevid-0): Received Disconnect reason:3 WLAN_REASON_DEAUTH_LEAVING
05-04 09:37:21.542 0 0 I [schedu][0xae8f850a][09:37:21.542580] wlan: [1858:I:PE] Deauth TX: vdev 0 seq_num 2067 reason 3 waitForAck 1 to f8:af:05:82:ca:5c from 3a:29:3c:5e:14:d2
05-04 09:37:21.565 11394 11394 I GameModeConfig: isGameModeOn = false
05-04 09:37:21.566 11394 11394 W SystemServiceManager: Service com.android.server.notification.NotificationManagerService took 55 ms in onBootPhase
05-04 09:37:21.566 11394 11394 I SystemServerTiming: OnBootPhase_500_com.android.server.storage.DeviceStorageMonitorService
05-04 09:37:21.566 11394 11394 I SystemServerTiming: OnBootPhase_500_com.android.server.location.LocationManagerService$Lifecycle
05-04 09:37:21.566 11394 11394 V HistoricalRegistry: Interaction before persistence initialized
05-04 09:37:21.567 11394 11394 I SystemServerTiming: OnBootPhase_500_com.android.server.timedetector.TimeDetectorService$Lifecycle
05-04 09:37:21.567 11394 11394 I SystemServerTiming: OnBootPhase_500_com.android.server.timezonedetector.TimeZoneDetectorService$Lifecycle
05-04 09:37:21.567 11394 11394 I SystemServerTiming: OnBootPhase_500_com.android.server.timezonedetector.location.LocationTimeZoneManagerService$Lifecycle
05-04 09:37:21.567 11394 11394 I SystemServerTiming: OnBootPhase_500_com.android.server.search.SearchManagerService$Lifecycle
05-04 09:37:21.567 11394 11394 I SystemServerTiming: OnBootPhase_500_com.android.server.wallpaper.WallpaperManagerService$Lifecycle
05-04 09:37:21.567 11394 11394 I SystemServerTiming: OnBootPhase_500_com.android.server.audio.AudioService$Lifecycle
05-04 09:37:21.567 11394 11394 I SystemServerTiming: OnBootPhase_500_com.android.server.soundtrigger_middleware.SoundTriggerMiddlewareService$Lifecycle
05-04 09:37:21.567 11394 11394 I SystemServerTiming: OnBootPhase_500_com.android.server.DockObserver
05-04 09:37:21.567 11394 11394 I SystemServerTiming: OnBootPhase_500_com.android.server.midi.MidiService$Lifecycle
05-04 09:37:21.567 11394 11394 I SystemServerTiming: OnBootPhase_500_com.android.server.adb.AdbService$Lifecycle
05-04 09:37:21.567 11394 11394 I SystemServerTiming: OnBootPhase_500_com.android.server.usb.UsbService$Lifecycle
05-04 09:37:21.567 11394 11394 I SystemServerTiming: OnBootPhase_500_com.android.server.twilight.TwilightService
05-04 09:37:21.567 11394 11394 I SystemServerTiming: OnBootPhase_500_com.android.server.display.color.ColorDisplayService
05-04 09:37:21.567 11394 11394 I SystemServerTiming: OnBootPhase_500_com.android.server.job.JobSchedulerService
05-04 09:37:21.571 11394 11394 V HistoricalRegistry: Interaction before persistence initialized
05-04 09:37:21.571 11394 11394 I SystemServerTiming: OnBootPhase_500_com.android.server.soundtrigger.SoundTriggerService
05-04 09:37:21.571 11394 11394 D SoundTriggerService: onBootPhase: 500 : false
05-04 09:37:21.571 11394 11394 I SystemServerTiming: OnBootPhase_500_com.android.server.trust.TrustManagerService
05-04 09:37:21.572 11394 11394 I SystemServerTiming: OnBootPhase_500_com.android.server.backup.BackupManagerService$Lifecycle
05-04 09:37:21.572 11394 11394 I SystemServerTiming: OnBootPhase_500_com.android.server.appwidget.AppWidgetService
05-04 09:37:21.572 11394 11394 I SystemServerTiming: OnBootPhase_500_com.android.server.voiceinteraction.VoiceInteractionManagerService
05-04 09:37:21.572 11394 11394 I SystemServerTiming: OnBootPhase_500_com.android.server.apphibernation.AppHibernationService
05-04 09:37:21.572 11394 11394 I SystemServerTiming: OnBootPhase_500_com.android.server.SensorNotificationService
05-04 09:37:21.572 11394 11394 I SystemServerTiming: OnBootPhase_500_com.android.server.emergency.EmergencyAffordanceService
05-04 09:37:21.572 11394 11394 I SystemServerTiming: OnBootPhase_500_com.android.server.blob.BlobStoreManagerService
05-04 09:37:21.572 11394 11394 I SystemServerTiming: OnBootPhase_500_com.android.server.dreams.DreamManagerService
05-04 09:37:21.572 11394 11394 I SystemServerTiming: OnBootPhase_500_com.android.server.companion.CompanionDeviceManagerService
05-04 09:37:21.573 11394 11394 I CompanionDeviceManagerService: initBleScanning()
05-04 09:37:21.573 11394 11394 I SystemServerTiming: OnBootPhase_500_com.android.server.restrictions.RestrictionsManagerService
05-04 09:37:21.573 11394 11394 I SystemServerTiming: OnBootPhase_500_com.android.server.media.MediaSessionService
05-04 09:37:21.573 11394 11394 I SystemServerTiming: OnBootPhase_500_com.android.server.media.MediaResourceMonitorService
05-04 09:37:21.573 11394 11394 I SystemServerTiming: OnBootPhase_500_com.android.server.biometrics.sensors.fingerprint.FingerprintService
05-04 09:37:21.573 11394 11394 I SystemServerTiming: OnBootPhase_500_com.android.server.biometrics.BiometricService
05-04 09:37:21.573 11394 11394 I SystemServerTiming: OnBootPhase_500_com.android.server.biometrics.AuthService
05-04 09:37:21.573 11394 11394 I SystemServerTiming: OnBootPhase_500_com.android.server.pm.ShortcutService$Lifecycle
05-04 09:37:21.573 11394 11394 I SystemServerTiming: OnBootPhase_500_com.android.server.pm.LauncherAppsService
05-04 09:37:21.573 11394 11394 I SystemServerTiming: OnBootPhase_500_com.android.server.pm.CrossProfileAppsService
05-04 09:37:21.573 11394 11394 I SystemServerTiming: OnBootPhase_500_com.android.server.people.PeopleService
05-04 09:37:21.573 11394 11394 I SystemServerTiming: OnBootPhase_500_com.android.server.media.metrics.MediaMetricsManagerService
05-04 09:37:21.574 11394 11394 I SystemServerTiming: OnBootPhase_500_com.android.server.media.projection.MediaProjectionManagerService
05-04 09:37:21.574 11394 11394 I SystemServerTiming: OnBootPhase_500_com.android.server.slice.SliceManagerService$Lifecycle
05-04 09:37:21.574 11394 11394 I SystemServerTiming: OnBootPhase_500_com.android.server.stats.StatsCompanion$Lifecycle
05-04 09:37:21.574 11394 11394 I SystemServerTiming: OnBootPhase_500_com.android.server.scheduling.RebootReadinessManagerService$Lifecycle
05-04 09:37:21.574 11394 11394 I SystemServerTiming: OnBootPhase_500_com.android.server.stats.pull.StatsPullAtomService
05-04 09:37:21.574 11394 11394 I SystemServerTiming: OnBootPhase_500_com.android.server.incident.IncidentCompanionService
05-04 09:37:21.574 11394 11394 I SystemServerTiming: OnBootPhase_500_com.android.server.MmsServiceBroker
05-04 09:37:21.574 11394 11394 I SystemServerTiming: OnBootPhase_500_com.android.server.autofill.AutofillManagerService
05-04 09:37:21.574 11394 11394 I SystemServerTiming: OnBootPhase_500_com.android.server.clipboard.ClipboardService
05-04 09:37:21.574 11394 11394 I SystemServerTiming: OnBootPhase_500_com.android.server.appbinding.AppBindingService$Lifecycle
05-04 09:37:21.574 11394 11394 I SystemServerTiming: OnBootPhase_500_com.android.server.tracing.TracingServiceProxy
05-04 09:37:21.574 11394 11394 I SystemServerTiming: MakeWindowManagerServiceReady
05-04 09:37:21.575 11394 11394 I SystemServerTiming: MakePowerManagerServiceReady
05-04 09:37:21.576 11394 11595 I DropBoxManagerService: add tag=system_server_wtf isTagEnabled=true flags=0x2
05-04 09:37:21.576 11394 11394 I AttentionDetector: readValuesFromDeviceConfig():
05-04 09:37:21.576 11394 11394 I AttentionDetector: mMaximumExtensionMillis=900000
05-04 09:37:21.576 11394 11394 I AttentionDetector: mPreDimCheckDurationMillis=2000
05-04 09:37:21.576 11394 11394 I AttentionDetector: mRequestedPostDimTimeoutMillis=0
05-04 09:37:21.577 0 0 I [schedu][0xae99d412][09:37:21.577768] wlan: [1858:I:HDD] wlan0(vdevid-0): disconnected
05-04 09:37:21.577 0 0 I [schedu][0xae99d56d][09:37:21.577786] wlan: [1858:I:DP] dp_tx_flow_pool_unmap_handler: flow_id 0 flow_type 0 flow_pool_id 0
05-04 09:37:21.578 0 0 I [wifi@1][0xae9a0583][09:37:21.578427] wlan: [7683:I:HDD] Disconnect reason: 3 WLAN_REASON_DEAUTH_LEAVING vendor: 0 LG: 1
05-04 09:37:21.580 11394 11420 I HealthServiceWrapper: health: HealthServiceWrapper listening to instance default
05-04 09:37:21.581 11394 11596 I DropBoxManagerService: add tag=system_server_wtf isTagEnabled=true flags=0x2
05-04 09:37:21.582 11394 11394 E DisplayPowerController[0]: failed to set up display white-balance: java.lang.IllegalStateException: cannot find light sensor
05-04 09:37:21.582 11394 11394 W DisplayPowerController[0]: Screen brightness nits configuration is unavailable; falling back
05-04 09:37:21.586 11394 11394 I FaceDownDetector: readValuesFromDeviceConfig():
05-04 09:37:21.586 11394 11394 I FaceDownDetector: mAccelerationThreshold=0.2
05-04 09:37:21.586 11394 11394 I FaceDownDetector: mZAccelerationThreshold=-9.5
05-04 09:37:21.586 11394 11394 I FaceDownDetector: mTimeThreshold=PT1S
05-04 09:37:21.586 11394 11394 I FaceDownDetector: mIsEnabled=true
05-04 09:37:21.586 11394 11394 I ScreenUndimDetector: readValuesFromDeviceConfig():
05-04 09:37:21.586 11394 11394 I ScreenUndimDetector: mKeepScreenOnForMillis=600000
05-04 09:37:21.586 11394 11394 I ScreenUndimDetector: mKeepScreenOnNotificationEnabled=false
05-04 09:37:21.586 11394 11394 I ScreenUndimDetector: mUndimsRequired=2
05-04 09:37:21.589 11394 11412 D CompatibilityChangeReporter: Compat change id reported: 168419799; UID 1000; state: DISABLED
05-04 09:37:21.590 11394 11438 W KeyguardServiceDelegate: onScreenTurningOn(): no keyguard service!
05-04 09:37:21.590 11394 11438 V DisplayPowerController[0]: Brightness [1.0] reason changing to: 'override', previous reason: '0'.
05-04 09:37:21.590 11394 11564 I stream_devices_changed: [3,0,2]
05-04 09:37:21.592 11394 11394 I SystemServerTiming: StartPermissionPolicyService
05-04 09:37:21.592 11394 11394 I SystemServiceManager: Starting com.android.server.policy.PermissionPolicyService
05-04 09:37:21.593 11394 11420 D StatsPullAtomService: Registering pullers with statsd
05-04 09:37:21.595 11394 11394 I SystemServerTiming: MakePackageManagerServiceReady
05-04 09:37:21.598 11394 11428 E KernelCpuSpeedReader: Failed to read cpu-freq: /sys/devices/system/cpu/cpu4/cpufreq/stats/time_in_state: open failed: ENOENT (No such file or directory)
05-04 09:37:21.598 11394 11428 E KernelCpuSpeedReader: Failed to read cpu-freq: /sys/devices/system/cpu/cpu0/cpufreq/stats/time_in_state: open failed: ENOENT (No such file or directory)
05-04 09:37:21.599 11394 11394 I commit_sys_config_file: [package-session,2]
05-04 09:37:21.599 11394 11394 V UserDataPreparer: Found /data/user_de/0 with serial number 0
05-04 09:37:21.599 11394 11394 V UserDataPreparer: Found /data/user/0 with serial number 0
05-04 09:37:21.599 11394 11420 I StatsPullAtomService: register thermal listener successfully
05-04 09:37:21.599 11394 11394 V UserDataPreparer: Found /data/system_de/0 with serial number 0
05-04 09:37:21.599 11394 11394 W UserDataPreparer: Invalid user directory /data/system_de/usagestats
05-04 09:37:21.599 11394 11394 V UserDataPreparer: Found /data/system_ce/0 with serial number 0
05-04 09:37:21.599 11394 11394 V UserDataPreparer: Found /data/misc_ce/0 with serial number 0
05-04 09:37:21.611 11394 11564 I stream_devices_changed: [6,0,1]
05-04 09:37:21.621 0 0 I [schedu][0xaea67fd7][09:37:21.621018] wlan: [1858:I:HIF] Deinitializing Runtime PM wakelock &vdev->vdev_set_key_runtime_wakelock
05-04 09:37:21.621 0 0 I [schedu][0xaea6a125][09:37:21.621462] wlan: [1858:I:HIF] Initializing Runtime PM wakelock &vdev->vdev_set_key_runtime_wakelock
05-04 09:37:21.638 11394 11413 I commit_sys_config_file: [notification-policy,8]
05-04 09:37:21.642 836 7683 E android.hardware.wifi@1.0-service: SetWifiUpState(false) completed
05-04 09:37:21.642 836 7683 E android.hardware.wifi@1.0-service: Legacy HAL Wifi event loop exited
05-04 09:37:21.642 836 7683 E android.hardware.wifi@1.0-service: Legacy HAL event loop terminated
05-04 09:37:21.642 836 836 D android.hardware.wifi@1.0-service: Legacy HAL stop complete
05-04 09:37:21.643 836 836 I android.hardware.wifi@1.0-service: Wifi HAL stopped
05-04 09:37:21.643 0 0 I binder : 1925:1925 transaction failed 29189/-22, size 32-0 line 3071
05-04 09:37:21.662 11394 11394 I PackageManager: Permission ownership changed. Updating all permissions.
05-04 09:37:21.663 836 836 D android.hardware.wifi@1.0-service: Initialize legacy HAL
05-04 09:37:21.663 0 0 I : Wifi Turning On from UI
05-04 09:37:21.664 836 836 I android.hardware.wifi@1.0-service: Wifi HAL started
05-04 09:37:21.679 836 836 D android.hardware.wifi@1.0-service: Waiting for the driver ready
05-04 09:37:21.679 0 0 I : Wifi Turning On from UI
05-04 09:37:21.680 0 0 I [wifi@1][0xaeb8007c][09:37:21.680760] wlan: [836:I:DP] dp_vdev_attach_wifi3: wlan_cfg_ap_bridge_enabled 0
05-04 09:37:21.690 0 0 I IPv6 : ADDRCONF(NETDEV_UP): wlan0: link is not ready
05-04 09:37:21.693 0 0 W cnss-daemon: Invalid mac address
05-04 09:37:21.693 0 0 W cnss-daemon: failed to update gateway
05-04 09:37:21.680 836 836 D android.hardware.wifi@1.0-service: Starting legacy HAL
05-04 09:37:21.684 11394 11394 I SystemServerTiming: MakeDisplayManagerServiceReady
05-04 09:37:21.688 11394 11443 E DefaultPermGrantPolicy: Package not found: com.qualcomm.qti.cne
05-04 09:37:21.690 11394 11414 E DisplayModeDirector: Asked about unknown display, returning empty display mode specs!(id=0)
05-04 09:37:21.690 11394 11414 E DisplayModeDirector: Asked about unknown display, returning empty display mode specs!(id=0)
05-04 09:37:21.695 11394 11394 I SystemServerTiming: StartDeviceSpecificServices
05-04 09:37:21.695 11394 11394 I SystemServerTiming: GameManagerService
05-04 09:37:21.695 11394 11394 I SystemServiceManager: Starting com.android.server.app.GameManagerService$Lifecycle
05-04 09:37:21.696 11394 11394 I SystemServerTiming: StartBootPhaseDeviceSpecificServicesReady
05-04 09:37:21.696 11394 11394 I SystemServiceManager: Starting phase 520
05-04 09:37:21.696 11394 11394 I SystemServerTiming: OnBootPhase_520
05-04 09:37:21.697 11394 11394 I SystemServerTiming: OnBootPhase_520_com.android.server.security.FileIntegrityService
05-04 09:37:21.697 11394 11394 I SystemServerTiming: OnBootPhase_520_com.android.server.pm.Installer
05-04 09:37:21.697 11394 11394 I SystemServerTiming: OnBootPhase_520_com.android.server.os.DeviceIdentifiersPolicyService
05-04 09:37:21.697 11394 11394 I SystemServerTiming: OnBootPhase_520_com.android.server.uri.UriGrantsManagerService$Lifecycle
05-04 09:37:21.697 11394 11394 I SystemServerTiming: OnBootPhase_520_com.android.server.powerstats.PowerStatsService
05-04 09:37:21.697 11394 11394 I SystemServerTiming: OnBootPhase_520_com.android.server.wm.ActivityTaskManagerService$Lifecycle
05-04 09:37:21.697 11394 11394 I SystemServerTiming: OnBootPhase_520_com.android.server.am.ActivityManagerService$Lifecycle
05-04 09:37:21.697 11394 11394 I SystemServerTiming: OnBootPhase_520_com.android.server.pm.DataLoaderManagerService
05-04 09:37:21.697 11394 11394 I SystemServerTiming: OnBootPhase_520_com.android.server.power.PowerManagerService
05-04 09:37:21.697 11394 11394 I SystemServerTiming: OnBootPhase_520_com.android.server.power.ThermalManagerService
05-04 09:37:21.697 11394 11394 I SystemServerTiming: OnBootPhase_520_com.android.server.power.hint.HintManagerService
05-04 09:37:21.697 11394 11394 I SystemServerTiming: OnBootPhase_520_com.android.server.recoverysystem.RecoverySystemService$Lifecycle
05-04 09:37:21.697 11394 11394 I SystemServerTiming: OnBootPhase_520_com.android.server.lights.LightsService
05-04 09:37:21.697 11394 11394 I SystemServerTiming: OnBootPhase_520_com.android.server.display.DisplayManagerService
05-04 09:37:21.697 11394 11394 I SystemServerTiming: OnBootPhase_520_com.android.server.pm.verify.domain.DomainVerificationService
05-04 09:37:21.697 11394 11394 I SystemServerTiming: OnBootPhase_520_com.android.server.pm.PackageInstallerService$Lifecycle
05-04 09:37:21.697 11394 11394 I SystemServerTiming: OnBootPhase_520_com.android.server.pm.UserManagerService$LifeCycle
05-04 09:37:21.697 11394 11394 I SystemServerTiming: OnBootPhase_520_com.android.server.om.OverlayManagerService
05-04 09:37:21.697 11394 11394 I SystemServerTiming: OnBootPhase_520_com.android.server.SensorPrivacyService
05-04 09:37:21.697 11394 11394 I SystemServerTiming: OnBootPhase_520_com.android.server.thunderperf.ThunderBoostPerfService
05-04 09:37:21.697 11394 11394 I SystemServerTiming: OnBootPhase_520_com.android.server.sensors.SensorService
05-04 09:37:21.697 11394 11394 I SystemServerTiming: OnBootPhase_520_com.android.server.SystemConfigService
05-04 09:37:21.697 11394 11394 I SystemServerTiming: OnBootPhase_520_com.android.server.BatteryService
05-04 09:37:21.697 11394 11394 I SystemServerTiming: OnBootPhase_520_com.android.server.usage.UsageStatsService
05-04 09:37:21.697 11394 11394 I SystemServerTiming: OnBootPhase_520_com.android.server.webkit.WebViewUpdateService
05-04 09:37:21.697 11394 11394 I SystemServerTiming: OnBootPhase_520_com.android.server.CachedDeviceStateService
05-04 09:37:21.697 11394 11394 I SystemServerTiming: OnBootPhase_520_com.android.server.BinderCallsStatsService$LifeCycle
05-04 09:37:21.697 11394 11394 I SystemServerTiming: OnBootPhase_520_com.android.server.LooperStatsService$Lifecycle
05-04 09:37:21.697 11394 11394 I SystemServerTiming: OnBootPhase_520_com.android.server.rollback.RollbackManagerService
05-04 09:37:21.697 11394 11394 I SystemServerTiming: OnBootPhase_520_com.android.server.os.NativeTombstoneManagerService
05-04 09:37:21.697 11394 11394 I SystemServerTiming: OnBootPhase_520_com.android.server.os.BugreportManagerService
05-04 09:37:21.697 11394 11394 I SystemServerTiming: OnBootPhase_520_com.android.server.gpu.GpuService
05-04 09:37:21.697 11394 11394 I SystemServerTiming: OnBootPhase_520_com.android.server.security.KeyChainSystemService
05-04 09:37:21.697 11394 11394 I SystemServerTiming: OnBootPhase_520_com.android.server.telecom.TelecomLoaderService
05-04 09:37:21.697 11394 11394 I SystemServerTiming: OnBootPhase_520_com.android.server.accounts.AccountManagerService$Lifecycle
05-04 09:37:21.697 11394 11394 I SystemServerTiming: OnBootPhase_520_com.android.server.content.ContentService$Lifecycle
05-04 09:37:21.697 11394 11394 I SystemServerTiming: OnBootPhase_520_com.android.server.DropBoxManagerService
05-04 09:37:21.697 11394 11394 I SystemServerTiming: OnBootPhase_520_com.android.role.RoleService
05-04 09:37:21.697 11394 11394 I SystemServerTiming: OnBootPhase_520_com.android.server.vibrator.VibratorManagerService$Lifecycle
05-04 09:37:21.697 11394 11394 I SystemServerTiming: OnBootPhase_520_com.android.server.alarm.AlarmManagerService
05-04 09:37:21.697 11394 11394 I SystemServerTiming: OnBootPhase_520_com.android.server.devicestate.DeviceStateManagerService
05-04 09:37:21.697 11394 11394 I SystemServerTiming: OnBootPhase_520_com.android.server.camera.CameraServiceProxy
05-04 09:37:21.697 11394 11394 I SystemServerTiming: OnBootPhase_520_com.android.server.BluetoothService
05-04 09:37:21.697 11394 11394 I SystemServerTiming: OnBootPhase_520_com.android.server.connectivity.IpConnectivityMetrics
05-04 09:37:21.697 11394 11394 I SystemServerTiming: OnBootPhase_520_com.android.server.net.watchlist.NetworkWatchlistService$Lifecycle
05-04 09:37:21.697 11394 11394 I SystemServerTiming: OnBootPhase_520_com.android.server.PinnerService
05-04 09:37:21.697 11394 11394 I SystemServerTiming: OnBootPhase_520_com.google.android.startop.iorap.IorapForwardingService
05-04 09:37:21.697 11394 11394 I SystemServerTiming: OnBootPhase_520_com.android.server.ActivityTriggerService
05-04 09:37:21.697 11394 11394 I SystemServerTiming: OnBootPhase_520_com.android.server.integrity.AppIntegrityManagerService
05-04 09:37:21.697 11394 11394 I SystemServerTiming: OnBootPhase_520_com.android.server.inputmethod.InputMethodManagerService$Lifecycle
05-04 09:37:21.697 11394 11394 I SystemServerTiming: OnBootPhase_520_com.android.server.accessibility.AccessibilityManagerService$Lifecycle
05-04 09:37:21.697 11394 11394 I SystemServerTiming: OnBootPhase_520_com.android.server.StorageManagerService$Lifecycle
05-04 09:37:21.697 11394 11394 I SystemServerTiming: OnBootPhase_520_com.android.server.usage.StorageStatsService$Lifecycle
05-04 09:37:21.697 11394 11394 I SystemServerTiming: OnBootPhase_520_com.android.server.UiModeManagerService
05-04 09:37:21.697 11394 11394 I SystemServerTiming: OnBootPhase_520_com.android.server.locksettings.LockSettingsService$Lifecycle
05-04 09:37:21.697 11394 11394 I SystemServerTiming: OnBootPhase_520_com.android.server.PersistentDataBlockService
05-04 09:37:21.697 11394 11394 I SystemServerTiming: OnBootPhase_520_com.android.server.testharness.TestHarnessModeService
05-04 09:37:21.697 11394 11394 I SystemServerTiming: OnBootPhase_520_com.android.server.oemlock.OemLockService
05-04 09:37:21.697 11394 11394 I SystemServerTiming: OnBootPhase_520_com.android.server.DeviceIdleController
05-04 09:37:21.697 11394 11394 I SystemServerTiming: OnBootPhase_520_com.android.server.devicepolicy.DevicePolicyManagerService$Lifecycle
05-04 09:37:21.697 11394 11394 I SystemServerTiming: OnBootPhase_520_com.android.server.texttospeech.TextToSpeechManagerService
05-04 09:37:21.697 11394 11394 I SystemServerTiming: OnBootPhase_520_com.android.server.speech.SpeechRecognitionManagerService
05-04 09:37:21.697 11394 11394 I SystemServerTiming: OnBootPhase_520_com.android.server.searchui.SearchUiManagerService
05-04 09:37:21.697 11394 11394 I SystemServerTiming: OnBootPhase_520_com.android.server.smartspace.SmartspaceManagerService
05-04 09:37:21.697 11394 11394 I SystemServerTiming: OnBootPhase_520_com.android.server.graphics.fonts.FontManagerService$Lifecycle
05-04 09:37:21.697 11394 11394 I SystemServerTiming: OnBootPhase_520_com.android.server.textservices.TextServicesManagerService$Lifecycle
05-04 09:37:21.697 11394 11394 I SystemServerTiming: OnBootPhase_520_com.android.server.textclassifier.TextClassificationManagerService$Lifecycle
05-04 09:37:21.697 11394 11394 I SystemServerTiming: OnBootPhase_520_com.android.server.NetworkScoreService$Lifecycle
05-04 09:37:21.697 11394 11394 I SystemServerTiming: OnBootPhase_520_com.android.server.wifi.WifiService
05-04 09:37:21.697 11394 11394 I SystemServerTiming: OnBootPhase_520_com.android.server.wifi.scanner.WifiScanningService
05-04 09:37:21.697 11394 11394 I SystemServerTiming: OnBootPhase_520_com.android.server.wifi.rtt.RttService
05-04 09:37:21.697 11394 11394 I SystemServerTiming: OnBootPhase_520_com.android.server.wifi.aware.WifiAwareService
05-04 09:37:21.697 11394 11394 I SystemServerTiming: OnBootPhase_520_com.android.server.wifi.p2p.WifiP2pService
05-04 09:37:21.697 11394 11394 I SystemServerTiming: OnBootPhase_520_com.android.server.ethernet.EthernetService
05-04 09:37:21.697 11394 11394 I SystemServerTiming: OnBootPhase_520_com.android.server.ConnectivityServiceInitializer
05-04 09:37:21.697 11394 11394 I SystemServerTiming: OnBootPhase_520_com.android.server.notification.NotificationManagerService
05-04 09:37:21.697 11394 11394 I SystemServerTiming: OnBootPhase_520_com.android.server.storage.DeviceStorageMonitorService
05-04 09:37:21.697 11394 11394 I SystemServerTiming: OnBootPhase_520_com.android.server.location.LocationManagerService$Lifecycle
05-04 09:37:21.697 11394 11394 I SystemServerTiming: OnBootPhase_520_com.android.server.timedetector.TimeDetectorService$Lifecycle
05-04 09:37:21.697 11394 11394 I SystemServerTiming: OnBootPhase_520_com.android.server.timezonedetector.TimeZoneDetectorService$Lifecycle
05-04 09:37:21.697 11394 11394 I SystemServerTiming: OnBootPhase_520_com.android.server.timezonedetector.location.LocationTimeZoneManagerService$Lifecycle
05-04 09:37:21.697 11394 11394 I SystemServerTiming: OnBootPhase_520_com.android.server.search.SearchManagerService$Lifecycle
05-04 09:37:21.697 11394 11394 I SystemServerTiming: OnBootPhase_520_com.android.server.wallpaper.WallpaperManagerService$Lifecycle
05-04 09:37:21.697 11394 11394 I SystemServerTiming: OnBootPhase_520_com.android.server.audio.AudioService$Lifecycle
05-04 09:37:21.697 11394 11394 I SystemServerTiming: OnBootPhase_520_com.android.server.soundtrigger_middleware.SoundTriggerMiddlewareService$Lifecycle
05-04 09:37:21.697 11394 11394 I SystemServerTiming: OnBootPhase_520_com.android.server.DockObserver
05-04 09:37:21.697 11394 11394 I SystemServerTiming: OnBootPhase_520_com.android.server.midi.MidiService$Lifecycle
05-04 09:37:21.697 11394 11394 I SystemServerTiming: OnBootPhase_520_com.android.server.adb.AdbService$Lifecycle
05-04 09:37:21.697 11394 11394 I SystemServerTiming: OnBootPhase_520_com.android.server.usb.UsbService$Lifecycle
05-04 09:37:21.697 11394 11394 I SystemServerTiming: OnBootPhase_520_com.android.server.twilight.TwilightService
05-04 09:37:21.697 11394 11394 I SystemServerTiming: OnBootPhase_520_com.android.server.display.color.ColorDisplayService
05-04 09:37:21.697 11394 11394 I SystemServerTiming: OnBootPhase_520_com.android.server.job.JobSchedulerService
05-04 09:37:21.697 11394 11394 I SystemServerTiming: OnBootPhase_520_com.android.server.soundtrigger.SoundTriggerService
05-04 09:37:21.697 11394 11394 D SoundTriggerService: onBootPhase: 520 : false
05-04 09:37:21.697 11394 11394 I SystemServerTiming: OnBootPhase_520_com.android.server.trust.TrustManagerService
05-04 09:37:21.697 11394 11394 I SystemServerTiming: OnBootPhase_520_com.android.server.backup.BackupManagerService$Lifecycle
05-04 09:37:21.697 11394 11394 I SystemServerTiming: OnBootPhase_520_com.android.server.appwidget.AppWidgetService
05-04 09:37:21.697 11394 11394 I SystemServerTiming: OnBootPhase_520_com.android.server.voiceinteraction.VoiceInteractionManagerService
05-04 09:37:21.697 11394 11394 I SystemServerTiming: OnBootPhase_520_com.android.server.apphibernation.AppHibernationService
05-04 09:37:21.697 11394 11394 I SystemServerTiming: OnBootPhase_520_com.android.server.SensorNotificationService
05-04 09:37:21.698 11394 11394 I SystemServerTiming: OnBootPhase_520_com.android.server.emergency.EmergencyAffordanceService
05-04 09:37:21.698 11394 11394 I SystemServerTiming: OnBootPhase_520_com.android.server.blob.BlobStoreManagerService
05-04 09:37:21.698 11394 11394 I SystemServerTiming: OnBootPhase_520_com.android.server.dreams.DreamManagerService
05-04 09:37:21.698 11394 11394 I SystemServerTiming: OnBootPhase_520_com.android.server.companion.CompanionDeviceManagerService
05-04 09:37:21.698 11394 11394 I SystemServerTiming: OnBootPhase_520_com.android.server.restrictions.RestrictionsManagerService
05-04 09:37:21.698 11394 11394 I SystemServerTiming: OnBootPhase_520_com.android.server.media.MediaSessionService
05-04 09:37:21.698 11394 11394 I SystemServerTiming: OnBootPhase_520_com.android.server.media.MediaResourceMonitorService
05-04 09:37:21.698 11394 11394 I SystemServerTiming: OnBootPhase_520_com.android.server.biometrics.sensors.fingerprint.FingerprintService
05-04 09:37:21.698 11394 11394 I SystemServerTiming: OnBootPhase_520_com.android.server.biometrics.BiometricService
05-04 09:37:21.698 11394 11394 I SystemServerTiming: OnBootPhase_520_com.android.server.biometrics.AuthService
05-04 09:37:21.698 11394 11394 I SystemServerTiming: OnBootPhase_520_com.android.server.pm.ShortcutService$Lifecycle
05-04 09:37:21.698 11394 11394 I SystemServerTiming: OnBootPhase_520_com.android.server.pm.LauncherAppsService
05-04 09:37:21.698 11394 11394 I SystemServerTiming: OnBootPhase_520_com.android.server.pm.CrossProfileAppsService
05-04 09:37:21.698 11394 11394 I SystemServerTiming: OnBootPhase_520_com.android.server.people.PeopleService
05-04 09:37:21.698 11394 11394 I SystemServerTiming: OnBootPhase_520_com.android.server.media.metrics.MediaMetricsManagerService
05-04 09:37:21.698 11394 11394 I SystemServerTiming: OnBootPhase_520_com.android.server.media.projection.MediaProjectionManagerService
05-04 09:37:21.698 11394 11394 I SystemServerTiming: OnBootPhase_520_com.android.server.slice.SliceManagerService$Lifecycle
05-04 09:37:21.698 11394 11394 I SystemServerTiming: OnBootPhase_520_com.android.server.stats.StatsCompanion$Lifecycle
05-04 09:37:21.698 11394 11394 I SystemServerTiming: OnBootPhase_520_com.android.server.scheduling.RebootReadinessManagerService$Lifecycle
05-04 09:37:21.698 11394 11394 I SystemServerTiming: OnBootPhase_520_com.android.server.stats.pull.StatsPullAtomService
05-04 09:37:21.698 11394 11394 I SystemServerTiming: OnBootPhase_520_com.android.server.incident.IncidentCompanionService
05-04 09:37:21.698 11394 11394 I SystemServerTiming: OnBootPhase_520_com.android.server.MmsServiceBroker
05-04 09:37:21.698 11394 11394 I SystemServerTiming: OnBootPhase_520_com.android.server.autofill.AutofillManagerService
05-04 09:37:21.698 11394 11394 I SystemServerTiming: OnBootPhase_520_com.android.server.clipboard.ClipboardService
05-04 09:37:21.698 11394 11394 I SystemServerTiming: OnBootPhase_520_com.android.server.appbinding.AppBindingService$Lifecycle
05-04 09:37:21.698 11394 11394 I SystemServerTiming: OnBootPhase_520_com.android.server.tracing.TracingServiceProxy
05-04 09:37:21.698 11394 11394 I SystemServerTiming: OnBootPhase_520_com.android.server.policy.PermissionPolicyService
05-04 09:37:21.698 11394 11394 I SystemServerTiming: OnBootPhase_520_com.android.server.pm.StagingManager$Lifecycle
05-04 09:37:21.698 11394 11394 I SystemServerTiming: OnBootPhase_520_com.android.server.app.GameManagerService$Lifecycle
05-04 09:37:21.698 11394 11394 I SystemServerTiming: AppSearchManagerService
05-04 09:37:21.700 836 11609 D android.hardware.wifi@1.0-service: Starting legacy HAL event loop
05-04 09:37:21.700 836 836 I android.hardware.wifi@1.0-service: Adding interface handle for wifi-aware0
05-04 09:37:21.700 836 836 I android.hardware.wifi@1.0-service: Adding interface handle for wlan0
05-04 09:37:21.700 836 836 I android.hardware.wifi@1.0-service: Adding interface handle for p2p0
05-04 09:37:21.700 836 836 D android.hardware.wifi@1.0-service: Legacy HAL start complete
05-04 09:37:21.700 836 836 W android.hardware.wifi@1.0-service: No active wlan interfaces in use! Using default
05-04 09:37:21.700 836 836 W android.hardware.wifi@1.0-service: No active wlan interfaces in use! Using default
05-04 09:37:21.701 836 836 I android.hardware.wifi@1.0-service: Configured chip in mode 3
05-04 09:37:21.701 836 836 W android.hardware.wifi@1.0-service: No active wlan interfaces in use! Using default
05-04 09:37:21.705 0 0 E [wifi@1][0xaebf3da5][09:37:21.705469] wlan: [11609:E:wifipos] wifi_pos_process_app_reg_req: 608: Received App Req Req pid(1283457860), len(16)
05-04 09:37:21.706 836 836 W android.hardware.wifi@1.0-service: No active wlan interfaces in use! Using default
05-04 09:37:21.705 0 0 I [wifi@1][0xaebf609b][09:37:21.705935] wlan: [11609:I:wifipos] wifi_pos_get_ch_info: 461: num channels: 26
05-04 09:37:21.706 0 0 I [wifi@1][0xaebf80d4][09:37:21.706364] wlan: [11609:I:wifipos] wifi_pos_get_ch_info: 461: num channels: 26
05-04 09:37:21.708 11394 11394 I SystemServiceManager: Starting com.android.server.appsearch.AppSearchManagerService
05-04 09:37:21.709 11394 11394 I SystemServerTiming: StartMediaCommunicationService
05-04 09:37:21.709 11394 11394 I SystemServiceManager: Starting com.android.server.media.MediaCommunicationService
05-04 09:37:21.710 11394 11394 I SystemServerTiming: PhaseActivityManagerReady
05-04 09:37:21.710 11394 11394 I SystemServerTiming: controllersReady
05-04 09:37:21.711 11345 11345 I wificond: createClientInterface: wiphy_index 0 iface_name wlan0
05-04 09:37:21.711 11394 11513 I SystemServerTimingAsync: InitThreadPoolExec:Update app-ops uidState in case package bf.sgs.hdexp changed
05-04 09:37:21.712 11394 11513 D SystemServerInitThreadPool: Started executing Update app-ops uidState in case package bf.sgs.hdexp changed
05-04 09:37:21.712 11394 11503 I SystemServerTimingAsync: InitThreadPoolExec:Update app-ops uidState in case package com.happyelements.AndroidAnimal.qq changed
05-04 09:37:21.712 11394 11503 D SystemServerInitThreadPool: Started executing Update app-ops uidState in case package com.happyelements.AndroidAnimal.qq changed
05-04 09:37:21.712 11394 11418 I SystemServerTimingAsync: InitThreadPoolExec:Update app-ops uidState in case package com.ss.android.article.news changed
05-04 09:37:21.712 11394 11526 I SystemServerTimingAsync: InitThreadPoolExec:Update app-ops uidState in case package com.qqgame.mic changed
05-04 09:37:21.712 11394 11512 I SystemServerTimingAsync: InitThreadPoolExec:Update app-ops uidState in case package com.wm.dmall changed
05-04 09:37:21.712 11394 11492 I SystemServerTimingAsync: InitThreadPoolExec:Update app-ops uidState in case package com.wudaokou.hippo changed
05-04 09:37:21.712 11394 11492 D SystemServerInitThreadPool: Started executing Update app-ops uidState in case package com.wudaokou.hippo changed
05-04 09:37:21.712 11394 11418 D SystemServerInitThreadPool: Started executing Update app-ops uidState in case package com.ss.android.article.news changed
05-04 09:37:21.712 11394 11512 D SystemServerInitThreadPool: Started executing Update app-ops uidState in case package com.wm.dmall changed
05-04 09:37:21.712 11394 11539 I SystemServerTimingAsync: InitThreadPoolExec:Update app-ops uidState in case package com.ximalaya.ting.android changed
05-04 09:37:21.712 11394 11526 D SystemServerInitThreadPool: Started executing Update app-ops uidState in case package com.qqgame.mic changed
05-04 09:37:21.712 11394 11539 D SystemServerInitThreadPool: Started executing Update app-ops uidState in case package com.ximalaya.ting.android changed
05-04 09:37:21.712 11394 11537 I SystemServerTimingAsync: InitThreadPoolExec:Update app-ops uidState in case package com.tencent.news changed
05-04 09:37:21.712 11394 11537 D SystemServerInitThreadPool: Started executing Update app-ops uidState in case package com.tencent.news changed
05-04 09:37:21.712 11394 11513 D SystemServerInitThreadPool: Finished executing Update app-ops uidState in case package bf.sgs.hdexp changed
05-04 09:37:21.712 11394 11537 D SystemServerInitThreadPool: Finished executing Update app-ops uidState in case package com.tencent.news changed
05-04 09:37:21.712 11394 11503 D SystemServerInitThreadPool: Finished executing Update app-ops uidState in case package com.happyelements.AndroidAnimal.qq changed
05-04 09:37:21.712 11394 11503 I SystemServerTimingAsync: InitThreadPoolExec:Update app-ops uidState in case package com.tencent.qqgame changed
05-04 09:37:21.712 11394 11513 I SystemServerTimingAsync: InitThreadPoolExec:Update app-ops uidState in case package cn.yonghui.hyd changed
05-04 09:37:21.712 11394 11512 D SystemServerInitThreadPool: Finished executing Update app-ops uidState in case package com.wm.dmall changed
05-04 09:37:21.712 11345 11345 I wificond: create scanner for interface with index: 17
05-04 09:37:21.712 11394 11503 D SystemServerInitThreadPool: Started executing Update app-ops uidState in case package com.tencent.qqgame changed
05-04 09:37:21.712 11345 11345 I wificond: subscribe scan result for interface with index: 17
05-04 09:37:21.712 11394 11418 D SystemServerInitThreadPool: Finished executing Update app-ops uidState in case package com.ss.android.article.news changed
05-04 09:37:21.712 11394 11513 D SystemServerInitThreadPool: Started executing Update app-ops uidState in case package cn.yonghui.hyd changed
05-04 09:37:21.712 11394 11539 D SystemServerInitThreadPool: Finished executing Update app-ops uidState in case package com.ximalaya.ting.android changed
05-04 09:37:21.712 11394 11418 I SystemServerTimingAsync: InitThreadPoolExec:Update app-ops uidState in case package com.tencent.mm changed
05-04 09:37:21.712 11394 11539 I SystemServerTimingAsync: InitThreadPoolExec:Update app-ops uidState in case package com.ss.android.lark changed
05-04 09:37:21.712 11394 11418 D SystemServerInitThreadPool: Started executing Update app-ops uidState in case package com.tencent.mm changed
05-04 09:37:21.712 11394 11537 I SystemServerTimingAsync: InitThreadPoolExec:Update app-ops uidState in case package com.ss.android.ugc.aweme changed
05-04 09:37:21.712 11394 11503 D SystemServerInitThreadPool: Finished executing Update app-ops uidState in case package com.tencent.qqgame changed
05-04 09:37:21.712 11394 11537 D SystemServerInitThreadPool: Started executing Update app-ops uidState in case package com.ss.android.ugc.aweme changed
05-04 09:37:21.712 11394 11526 D SystemServerInitThreadPool: Finished executing Update app-ops uidState in case package com.qqgame.mic changed
05-04 09:37:21.712 11394 11503 I SystemServerTimingAsync: InitThreadPoolExec:Update app-ops uidState in case package com.tencent.mobileqq changed
05-04 09:37:21.713 11394 11539 D SystemServerInitThreadPool: Started executing Update app-ops uidState in case package com.ss.android.lark changed
05-04 09:37:21.713 11394 11526 I SystemServerTimingAsync: InitThreadPoolExec:Update app-ops uidState in case package com.tencent.android.qqdownloader changed
05-04 09:37:21.713 11394 11539 D SystemServerInitThreadPool: Finished executing Update app-ops uidState in case package com.ss.android.lark changed
05-04 09:37:21.713 11394 11513 D SystemServerInitThreadPool: Finished executing Update app-ops uidState in case package cn.yonghui.hyd changed
05-04 09:37:21.713 11394 11526 D SystemServerInitThreadPool: Started executing Update app-ops uidState in case package com.tencent.android.qqdownloader changed
05-04 09:37:21.713 11394 11537 D SystemServerInitThreadPool: Finished executing Update app-ops uidState in case package com.ss.android.ugc.aweme changed
05-04 09:37:21.713 11394 11539 I SystemServerTimingAsync: InitThreadPoolExec:Update app-ops uidState in case package com.taptap changed
05-04 09:37:21.713 11394 11537 I SystemServerTimingAsync: InitThreadPoolExec:Update app-ops uidState in case package com.qualcomm.qtil.aptxui changed
05-04 09:37:21.713 11394 11537 D SystemServerInitThreadPool: Started executing Update app-ops uidState in case package com.qualcomm.qtil.aptxui changed
05-04 09:37:21.713 11394 11418 D SystemServerInitThreadPool: Finished executing Update app-ops uidState in case package com.tencent.mm changed
05-04 09:37:21.713 11394 11526 D SystemServerInitThreadPool: Finished executing Update app-ops uidState in case package com.tencent.android.qqdownloader changed
