05-04 09:35:17.660 572 572 I auditd : type=1400 audit(0.0:788): avc: denied { getattr } for comm="Binder:572_2" path="/sys/devices/virtual/misc/msm_g711alaw/wakeup58/event_count" dev="sysfs" ino=71919 scontext=u:r:system_suspend:s0 tcontext=u:object_r:sysfs:s0 tclass=file permissive=1
05-04 09:35:17.677 1537 1675 I commit_sys_config_file: [batterystats,0]
05-04 09:35:17.677 1537 1675 I commit_sys_config_file: [batterystats,0]
05-04 09:35:17.698 1537 1537 I service_manager_stats: [100,9,9710]
05-04 09:35:17.749 1537 1537 I rescue_note: [0,1,9761]
05-04 09:35:17.781 0 0 E swr-wcd tx_swr_ctrl: swrm_runtime_suspend: clk stop mode not supported or SSR entry
05-04 09:35:17.781 0 0 E swr-wcd wsa_swr_ctrl: swrm_runtime_suspend: clk stop mode not supported or SSR entry
05-04 09:35:17.781 0 0 E swr-wcd rx_swr_ctrl: swrm_runtime_suspend: clk stop mode not supported or SSR entry
05-04 09:35:18.153 0 0 E : msm_qti_pp_get_rms_value_control, back not active to query rms be_idx:3
05-04 09:35:18.165 0 0 I core_get_license_status: cmdrsp_license_result.result = 0x15 for module 0x131ff
05-04 09:35:18.165 0 0 E msm_ext_disp_update_audio_ops: Display not found (EXT_DISPLAY_TYPE_DP) ctld (0) stream (0)
05-04 09:35:18.165 0 0 E msm_ext_disp_update_audio_ops: Display not found (EXT_DISPLAY_TYPE_HDMI) ctld (0) stream (0)
05-04 09:35:18.165 0 0 E msm_ext_disp_update_audio_ops: Display not found (EXT_DISPLAY_TYPE_DP) ctld (0) stream (0)
05-04 09:35:18.165 0 0 E msm_ext_disp_update_audio_ops: Display not found (EXT_DISPLAY_TYPE_DP) ctld (0) stream (0)
05-04 09:35:18.165 0 0 E msm_ext_disp_update_audio_ops: Display not found (EXT_DISPLAY_TYPE_DP) ctld (0) stream (0)
05-04 09:35:18.166 0 0 E msm-ext-disp-audio-codec-rx soc: qcom,msm-ext-disp:qcom,msm-ext-disp-audio-codec-rx: msm_ext_disp_audio_type_get: get_audio_edid_blk() or get_intf_id is NULL
05-04 09:35:18.166 0 0 E msm_ext_disp_update_audio_ops: Display not found (EXT_DISPLAY_TYPE_DP) ctld (0) stream (0)
05-04 09:35:18.166 0 0 E msm-ext-disp-audio-codec-rx soc: qcom,msm-ext-disp:qcom,msm-ext-disp-audio-codec-rx: msm_ext_disp_audio_type_get: get_audio_edid_blk() or get_intf_id is NULL
05-04 09:35:18.166 0 0 E msm_ext_disp_update_audio_ops: Display not found (EXT_DISPLAY_TYPE_DP) ctld (0) stream (0)
05-04 09:35:18.166 0 0 E msm-ext-disp-audio-codec-rx soc: qcom,msm-ext-disp:qcom,msm-ext-disp-audio-codec-rx: msm_ext_disp_audio_type_get: get_audio_edid_blk() or get_intf_id is NULL
05-04 09:35:18.167 0 0 E msm-ext-disp-audio-codec-rx soc: qcom,msm-ext-disp:qcom,msm-ext-disp-audio-codec-rx: msm_ext_disp_audio_device_get: invalid dai id: 4
05-04 09:35:18.213 0 0 E : msm_pcm_volume_ctl_get substream not found
05-04 09:35:18.253 0 0 I cyttsp7_i2c_adapter 0-0024: FB event:2,blank:0
05-04 09:35:18.253 0 0 I cyttsp7_i2c_adapter 0-0024: suspend: event = 2, blank = 0, not care
05-04 09:35:18.253 0 0 I [drm:dsi_display_set_mode] [msm-dsi-info]: mdp_transfer_time_us=0 us
05-04 09:35:18.253 0 0 I [drm:dsi_display_set_mode] [msm-dsi-info]: hactive= 2380,vactive= 1020,fps=60
05-04 09:35:18.254 0 0 I : [MAX975X:max96755x_drm_notifier_callback] *INFO* receives BLANK: UNBLANK
05-04 09:35:18.254 0 0 I cyttsp7_i2c_adapter 0-0024: FB event:1,blank:0
05-04 09:35:18.254 0 0 I cyttsp7_i2c_adapter 0-0024: drm_notifier_callback: UNBLANK! Resume by drm notifier.
05-04 09:35:18.279 1537 1669 I am_wtf : [0,1537,system_server,-1,DisplayDeviceConfig,requesting nits when no mapping exists.]
05-04 09:35:18.280 1537 1669 I am_wtf : [0,1537,system_server,-1,DisplayDeviceConfig,requesting nits when no mapping exists.]
05-04 09:35:18.289 1537 1537 I boot_progress_pms_start: 10301
05-04 09:35:18.392 804 804 I auditd : type=1400 audit(0.0:789): avc: denied { read write } for comm="HwBinder:804_2" name="diag" dev="tmpfs" ino=11461 scontext=u:r:hal_audio_default:s0 tcontext=u:object_r:vendor_diag_device:s0 tclass=chr_file permissive=1
05-04 09:35:18.392 804 804 I auditd : type=1400 audit(0.0:790): avc: denied { open } for comm="HwBinder:804_2" path="/dev/diag" dev="tmpfs" ino=11461 scontext=u:r:hal_audio_default:s0 tcontext=u:object_r:vendor_diag_device:s0 tclass=chr_file permissive=1
05-04 09:35:18.396 804 804 I auditd : type=1400 audit(0.0:791): avc: denied { ioctl } for comm="HwBinder:804_2" path="/dev/diag" dev="tmpfs" ino=11461 ioctlcmd=0x0 scontext=u:r:hal_audio_default:s0 tcontext=u:object_r:vendor_diag_device:s0 tclass=chr_file permissive=1
05-04 09:35:18.415 0 0 E : msm_qti_pp_get_rms_value_control, back not active to query rms be_idx:3
05-04 09:35:18.425 0 0 I core_get_license_status: cmdrsp_license_result.result = 0x15 for module 0x131ff
05-04 09:35:18.426 0 0 E msm_ext_disp_update_audio_ops: Display not found (EXT_DISPLAY_TYPE_DP) ctld (0) stream (0)
05-04 09:35:18.426 0 0 E msm_ext_disp_update_audio_ops: Display not found (EXT_DISPLAY_TYPE_HDMI) ctld (0) stream (0)
05-04 09:35:18.426 0 0 E msm_ext_disp_update_audio_ops: Display not found (EXT_DISPLAY_TYPE_DP) ctld (0) stream (0)
05-04 09:35:18.426 0 0 E msm_ext_disp_update_audio_ops: Display not found (EXT_DISPLAY_TYPE_DP) ctld (0) stream (0)
05-04 09:35:18.426 0 0 E msm_ext_disp_update_audio_ops: Display not found (EXT_DISPLAY_TYPE_DP) ctld (0) stream (0)
05-04 09:35:18.426 0 0 E msm-ext-disp-audio-codec-rx soc: qcom,msm-ext-disp:qcom,msm-ext-disp-audio-codec-rx: msm_ext_disp_audio_type_get: get_audio_edid_blk() or get_intf_id is NULL
05-04 09:35:18.426 0 0 E msm_ext_disp_update_audio_ops: Display not found (EXT_DISPLAY_TYPE_DP) ctld (0) stream (0)
05-04 09:35:18.426 0 0 E msm-ext-disp-audio-codec-rx soc: qcom,msm-ext-disp:qcom,msm-ext-disp-audio-codec-rx: msm_ext_disp_audio_type_get: get_audio_edid_blk() or get_intf_id is NULL
05-04 09:35:18.426 0 0 E msm_ext_disp_update_audio_ops: Display not found (EXT_DISPLAY_TYPE_DP) ctld (0) stream (0)
05-04 09:35:18.426 0 0 E msm-ext-disp-audio-codec-rx soc: qcom,msm-ext-disp:qcom,msm-ext-disp-audio-codec-rx: msm_ext_disp_audio_type_get: get_audio_edid_blk() or get_intf_id is NULL
05-04 09:35:18.427 0 0 E msm-ext-disp-audio-codec-rx soc: qcom,msm-ext-disp:qcom,msm-ext-disp-audio-codec-rx: msm_ext_disp_audio_device_get: invalid dai id: 4
05-04 09:35:18.430 1537 1537 I boot_progress_pms_system_scan_start: 10442
05-04 09:35:18.431 1537 1537 I pm_critical_info: Upgrading from HiPhi/PassengerDisplay_CN/PassengerDisplay:12/SKQ1.220201.001/3052:user/test-keys to HiPhi/PassengerDisplay_CN/PassengerDisplay:12/SKQ1.220201.001/3161:user/test-keys
05-04 09:35:18.449 0 0 E HL6111R : is_dc_online: DC psy unavailable
05-04 09:35:18.444 822 822 I auditd : type=1400 audit(0.0:792): avc: denied { read } for comm="health@2.1-serv" name="online" dev="sysfs" ino=63775 scontext=u:r:hal_health_default:s0 tcontext=u:object_r:sysfs:s0 tclass=file permissive=1
05-04 09:35:18.444 822 822 I auditd : type=1400 audit(0.0:793): avc: denied { open } for comm="health@2.1-serv" path="/sys/devices/platform/soc/884000.i2c/i2c-3/3-0025/power_supply/wireless/online" dev="sysfs" ino=63775 scontext=u:r:hal_health_default:s0 tcontext=u:object_r:sysfs:s0 tclass=file permissive=1
05-04 09:35:18.444 822 822 I auditd : type=1400 audit(0.0:794): avc: denied { getattr } for comm="health@2.1-serv" path="/sys/devices/platform/soc/884000.i2c/i2c-3/3-0025/power_supply/wireless/online" dev="sysfs" ino=63775 scontext=u:r:hal_health_default:s0 tcontext=u:object_r:sysfs:s0 tclass=file permissive=1
05-04 09:35:18.467 0 0 E : msm_pcm_volume_ctl_get substream not found
05-04 09:35:18.805 0 0 E swr-wcd tx_swr_ctrl: swrm_runtime_suspend: clk stop mode not supported or SSR entry
05-04 09:35:19.220 0 0 E link_delay_work_func: DTC_ETH: SQI=0, link=0
05-04 09:35:19.566 1537 1537 I boot_progress_pms_data_scan_start: 11578
05-04 09:35:20.988 0 0 D cnss : Received QMI WLFW pin connect result indication
05-04 09:35:20.988 0 0 D cnss : Pin connect Result: pwr_pin: 0x0 phy_io_pin: 0x0 rf_io_pin: 0x2b
05-04 09:35:20.988 0 0 D cnss : Received QMI WLFW calibration done indication
05-04 09:35:20.988 0 0 D cnss : Posting event: COLD_BOOT_CAL_DONE(6), state: 0xf flags: 0x0
05-04 09:35:20.988 0 0 D cnss : PM stay awake, state: 0xf, count: 1
05-04 09:35:20.988 0 0 D cnss : PM relax, state: 0xf, count: 0
05-04 09:35:20.988 0 0 D cnss : Received QMI WLFW FW ready indication
05-04 09:35:20.988 0 0 D cnss : Posting event: COLD_BOOT_CAL_DONE(6), state: 0xf flags: 0x0
05-04 09:35:20.988 0 0 D cnss : PM stay awake, state: 0xf, count: 1
05-04 09:35:20.988 0 0 D cnss : Processing driver event: COLD_BOOT_CAL_DONE(6), state: 0xf
05-04 09:35:20.988 0 0 D cnss : Calibration completed successfully
05-04 09:35:20.988 0 0 D cnss : Sending mode message, mode: OFF(4), state: 0xf
05-04 09:35:20.991 0 0 D cnss : Skip driver remove
05-04 09:35:20.991 0 0 D cnss : Read register offset 0x1f8031c, val = 0x2
05-04 09:35:20.991 0 0 D cnss : Write val 0x3 to register offset 0x1f8031c
05-04 09:35:20.992 0 0 D cnss : WLFW server exiting
05-04 09:35:20.992 0 0 D cnss : Posting event: SERVER_EXIT(1), state: 0x2000f flags: 0x0
05-04 09:35:20.993 0 0 D cnss : Setting MHI state: POWER_OFF(4)
05-04 09:35:21.008 0 0 D cnss : Suspending PCI link
05-04 09:35:21.018 0 0 I msm_pcie_disable: PCIe: Assert the reset of endpoint of RC0.
05-04 09:35:21.018 0 0 D cnss : Setting MHI state: DEINIT(1)
05-04 09:35:21.018 0 0 D cnss : De-assert WLAN_EN GPIO successfully
05-04 09:35:21.018 0 0 D cnss : Regulator vdd-wlan-rfa2 is being disabled
05-04 09:35:21.018 0 0 D cnss : Regulator vdd-wlan-rfa1 is being disabled
05-04 09:35:21.018 0 0 D cnss : Regulator vdd-wlan-dig is being disabled
05-04 09:35:21.018 0 0 D cnss : Regulator vdd-wlan-aon is being disabled
05-04 09:35:21.018 0 0 I qcom_rpmh DRV: apps_rsc TCS Busy, retrying RPMH message send: addr=0x40204
05-04 09:35:21.018 0 0 I qcom_rpmh DRV: apps_rsc TCS Busy, retrying RPMH message send: addr=0x40204
05-04 09:35:21.018 0 0 I qcom_rpmh DRV: apps_rsc TCS Busy, retrying RPMH message send: addr=0x40204
05-04 09:35:21.018 0 0 D cnss : Regulator wlan-ant-switch is being disabled
05-04 09:35:21.018 0 0 D cnss : Regulator vdd-wlan-io is being disabled
05-04 09:35:21.072 0 0 D cnss : Processing driver event: COLD_BOOT_CAL_DONE(6), state: 0x20001
05-04 09:35:21.072 0 0 D cnss : Processing driver event: SERVER_EXIT(1), state: 0x20001
05-04 09:35:21.072 0 0 I cnss : QMI WLFW service disconnected, state: 0x20000
05-04 09:35:21.072 0 0 D cnss : PM relax, state: 0x0, count: 0
05-04 09:35:21.072 0 0 D cnss : PM stay awake, state: 0x0, count: 1
05-04 09:35:21.072 0 0 D cnss : PM relax, state: 0x0, count: 0
05-04 09:35:21.072 0 0 D cnss : Posting event: REGISTER_DRIVER(7)-sync, state: 0x0 flags: 0x5
05-04 09:35:21.072 0 0 D cnss : PM stay awake, state: 0x0, count: 1
05-04 09:35:21.072 0 0 D cnss : Processing driver event: REGISTER_DRIVER-sync(7), state: 0x0
05-04 09:35:21.072 0 0 D cnss : Regulator vdd-wlan-io is being enabled
05-04 09:35:21.072 0 0 D cnss : Regulator wlan-ant-switch is being enabled
05-04 09:35:21.072 0 0 D cnss : Regulator vdd-wlan-aon is being enabled
05-04 09:35:21.072 0 0 D cnss : Regulator vdd-wlan-dig is being enabled
05-04 09:35:21.073 0 0 D cnss : Regulator vdd-wlan-rfa1 is being enabled
05-04 09:35:21.073 0 0 D cnss : Regulator vdd-wlan-rfa2 is being enabled
05-04 09:35:21.073 0 0 D cnss : BT_EN_GPIO State: Off. Delay WLAN_GPIO enable
05-04 09:35:21.177 0 0 D cnss : Assert WLAN_EN GPIO successfully
05-04 09:35:21.177 0 0 D cnss : Resuming PCI link
05-04 09:35:21.177 0 0 I msm_pcie_enable: PCIe: Assert the reset of endpoint of RC0.
05-04 09:35:21.180 0 0 I msm_pcie_enable: PCIe: RC0: PCIE20_PARF_INT_ALL_MASK: 0x7f80d202
05-04 09:35:21.182 0 0 I pcie_phy_init: PCIe RC0 PHY is ready!
05-04 09:35:21.192 0 0 I msm_pcie_enable: PCIe: Release the reset of endpoint of RC0.
05-04 09:35:21.208 0 0 I msm_pcie_link_train: PCIe RC0 link initialized
05-04 09:35:21.224 0 0 I cnss_pci 0000: 01:00.0: enabling device (0000 -> 0002)
05-04 09:35:21.224 0 0 D cnss : Config PCIe remap window register to 0x4000003f
05-04 09:35:21.224 0 0 D cnss : Read register offset 0x1f8031c, val = 0x6
05-04 09:35:21.224 0 0 D cnss : Write val 0x2 to register offset 0x1f8031c
05-04 09:35:21.224 0 0 D cnss : Setting MHI state: INIT(0)
05-04 09:35:21.224 0 0 D cnss : Setting MHI state: POWER_ON(2)
05-04 09:35:21.224 0 0 W cnss_pci 0000: 01:00.0: Falling back to syfs fallback for: qca6390/amss20.bin
05-04 09:35:21.608 0 0 D cnss : MHI status cb is called with reason MISSION_MODE(6)
05-04 09:35:21.608 0 0 D cnss : Completed event: REGISTER_DRIVER(7), state: 0x10, ret: 0/0
05-04 09:35:21.608 0 0 D cnss : PM relax, state: 0x10, count: 0
05-04 09:35:21.612 0 0 E : [drm:dp_display_init_aux_switch][msm-dp-err][78 ]failed to register notifier (-22)
05-04 09:35:21.612 0 0 E register_client_adhoc: find path.src 1 dest 589
05-04 09:35:21.612 0 0 E register_client_adhoc: Failed to find path.src 1 dest 589
05-04 09:35:21.613 0 0 E : [drm:dp_display_init_aux_switch][msm-dp-err][79 ]failed to register notifier (-22)
05-04 09:35:21.613 0 0 E register_client_adhoc: find path.src 1 dest 589
05-04 09:35:21.613 0 0 E register_client_adhoc: Failed to find path.src 1 dest 589
05-04 09:35:21.676 0 0 D cnss : WLFW server arriving: node 7 port 1
05-04 09:35:21.676 0 0 D cnss : Posting event: SERVER_ARRIVE(0), state: 0x10 flags: 0x0
05-04 09:35:21.676 0 0 D cnss : PM stay awake, state: 0x10, count: 1
05-04 09:35:21.676 0 0 D cnss : PM relax, state: 0x10, count: 0
05-04 09:35:21.676 0 0 D cnss : PM stay awake, state: 0x10, count: 1
05-04 09:35:21.676 0 0 D cnss : Processing driver event: SERVER_ARRIVE(0), state: 0x10
05-04 09:35:21.676 0 0 I cnss : QMI WLFW service connected, state: 0x11
05-04 09:35:21.676 0 0 D cnss : Sending indication register message, state: 0x11
05-04 09:35:21.679 0 0 D cnss : Sending host capability message, state: 0x11
05-04 09:35:21.679 0 0 D cnss : Number of clients is 2
05-04 09:35:21.679 0 0 D cnss : Assign MSI to user: WAKE, num_vectors: 1, user_base_data: 813, base_vector: 13
05-04 09:35:21.679 0 0 D cnss : WAKE MSI base data is 813
05-04 09:35:21.679 0 0 D cnss : Calibration done is 1
05-04 09:35:21.679 0 0 D cnss : Sending iova starting 0xa0000000 with size 0x10010000
05-04 09:35:21.681 0 0 D cnss : PM relax, state: 0x11, count: 0
05-04 09:35:21.719 0 0 I init : Service 'exec 21 (/vendor/bin/modprobe -a -d /vendor/lib/modules/ qca_cld3_qca6390 qca_cld3_qca6490)' (pid 1150) exited with status 0 oneshot service took 5.290000 seconds in background
05-04 09:35:21.719 0 0 I init : Sending signal 9 to service 'exec 21 (/vendor/bin/modprobe -a -d /vendor/lib/modules/ qca_cld3_qca6390 qca_cld3_qca6490)' (pid 1150) process group...
05-04 09:35:21.719 0 0 I libprocessgroup: Successfully killed process cgroup uid 0 pid 1150 in 0ms
05-04 09:35:21.887 0 0 E HL6111R : is_dc_online: DC psy unavailable
05-04 09:35:21.925 0 0 E init : Control message: Could not find 'android.frameworks.sensorservice@1.0::ISensorManager/default' for ctl.interface_start from pid: 508 (/system/bin/hwservicemanager)
05-04 09:35:21.927 1537 1537 I boot_progress_pms_scan_end: 13939
05-04 09:35:21.931 0 0 E init : Control message: Could not find 'android.frameworks.sensorservice@1.0::ISensorManager/default' for ctl.interface_start from pid: 508 (/system/bin/hwservicemanager)
05-04 09:35:22.056 1010 1010 I auditd : type=1400 audit(0.0:795): avc: denied { ioctl } for comm="sensors.qti" path="/dev/diag" dev="tmpfs" ino=11461 ioctlcmd=0x28 scontext=u:r:vendor_sensors_qti:s0 tcontext=u:object_r:vendor_diag_device:s0 tclass=chr_file permissive=1
05-04 09:35:22.062 0 0 E diag : In diag_ioctl_set_buffering_mode, invalid peripheral = -22
05-04 09:35:22.066 1537 1537 I commit_sys_config_file: [package-user-0,1]
05-04 09:35:22.066 1537 1537 I commit_sys_config_file: [package,17]
05-04 09:35:22.066 1537 1537 I boot_progress_pms_ready: 14078
05-04 09:35:22.169 1537 1537 I am_uid_running: 1000
05-04 09:35:22.170 1537 1537 I am_uid_active: 1000
05-04 09:35:22.173 0 0 I init : Control message: Processed ctl.start for 'idmap2d' from pid: 1537 (system_server)
05-04 09:35:22.199 1537 1537 I commit_sys_config_file: [overlays,1]
05-04 09:35:22.204 0 0 E HL6111R : is_dc_online: DC psy unavailable
05-04 09:35:22.204 1537 1674 I battery_status: [1,1,0,0,]
05-04 09:35:22.204 0 0 E HL6111R : is_dc_online: DC psy unavailable
05-04 09:35:22.204 0 0 W healthd : battery none chg=
05-04 09:35:22.205 0 0 E HL6111R : is_dc_online: DC psy unavailable
05-04 09:35:22.309 1537 1537 I wm_task_created: [1,-1]
05-04 09:35:22.314 1537 1669 I sysui_multi_action: [757,1594,758,4,759,0,806,NULL]
05-04 09:35:22.316 1537 1537 I auditd : type=1400 audit(0.0:796): avc: denied { read } for comm="InputReader" name="virtualkeys.cyttsp7_mt" dev="sysfs" ino=63140 scontext=u:r:system_server:s0 tcontext=u:object_r:sysfs:s0 tclass=file permissive=1
05-04 09:35:22.316 1537 1537 I auditd : type=1400 audit(0.0:797): avc: denied { open } for comm="InputReader" path="/sys/board_properties/virtualkeys.cyttsp7_mt" dev="sysfs" ino=63140 scontext=u:r:system_server:s0 tcontext=u:object_r:sysfs:s0 tclass=file permissive=1
05-04 09:35:22.316 1537 1537 I auditd : type=1400 audit(0.0:798): avc: denied { getattr } for comm="InputReader" path="/sys/board_properties/virtualkeys.cyttsp7_mt" dev="sysfs" ino=63140 scontext=u:r:system_server:s0 tcontext=u:object_r:sysfs:s0 tclass=file permissive=1
05-04 09:35:22.316 1537 1537 I auditd : type=1400 audit(0.0:799): avc: denied { map } for comm="InputReader" path="/sys/board_properties/virtualkeys.cyttsp7_mt" dev="sysfs" ino=63140 scontext=u:r:system_server:s0 tcontext=u:object_r:sysfs:s0 tclass=file permissive=1
05-04 09:35:22.343 1537 1537 I configuration_changed: 536894968
05-04 09:35:22.344 1537 1537 I sysui_multi_action: [757,1659,758,4,759,2,1660,0]
05-04 09:35:22.348 1537 1537 I configuration_changed: 8
05-04 09:35:22.353 0 0 I init : processing action (sys.sysctl.extra_free_kbytes=*) from (/system/etc/init/hw/init.rc:1172)
05-04 09:35:22.834 0 0 W cnss-daemon: DMS thread joined succesfully
05-04 09:35:22.834 0 0 W cnss-daemon: wlfw_stop: Stop done: 0
05-04 09:35:22.834 0 0 W cnss-daemon: wlfw_start: Starting
05-04 09:35:22.834 0 0 W cnss-daemon: wlfw_service_request: Start the pthread: 0x0K
05-04 09:35:22.835 0 0 W cnss-daemon: ro.baseband : [apq]
05-04 09:35:22.835 0 0 W cnss-daemon: Hardware supports external modem
05-04 09:35:22.840 0 0 W cnss-daemon: pm_release_vote: pm_handle is NULL
05-04 09:35:22.840 0 0 W cnss-daemon: pm_release_vote: pm_handle is NULL
05-04 09:35:22.840 0 0 W cnss-daemon: wlfw_build_cal_table: not read /data/vendor/wifi/wlfw_cal_00.bin
05-04 09:35:22.840 0 0 W cnss-daemon: wlfw_build_cal_table: not read /data/vendor/wifi/wlfw_cal_02.bin
05-04 09:35:22.848 0 0 D cnss : Received QMI WLFW request memory indication
05-04 09:35:22.848 0 0 D cnss : FW requests for memory, size: 0x5e0000, type: 1
05-04 09:35:22.848 0 0 D cnss : FW requests for memory, size: 0xd8000, type: 4
05-04 09:35:22.848 0 0 D cnss : Posting event: REQUEST_MEM(2), state: 0x11 flags: 0x0
05-04 09:35:22.848 0 0 D cnss : PM stay awake, state: 0x11, count: 1
05-04 09:35:22.848 0 0 D cnss : PM relax, state: 0x11, count: 0
05-04 09:35:22.848 0 0 D cnss : PM stay awake, state: 0x11, count: 1
05-04 09:35:22.848 0 0 D cnss : Processing driver event: REQUEST_MEM(2), state: 0x11
05-04 09:35:22.848 0 0 D cnss : Sending respond memory message, state: 0x11
05-04 09:35:22.848 0 0 D cnss : Memory for FW, va: 0x0000000000000000, pa: 0x00000000a1000000, size: 0x5e0000, type: 1
05-04 09:35:22.848 0 0 D cnss : Memory for FW, va: 0x0000000000000000, pa: 0x00000000a1600000, size: 0xd8000, type: 4
05-04 09:35:22.851 0 0 D cnss : PM relax, state: 0x11, count: 0
05-04 09:35:22.852 0 0 D cnss : Received QMI WLFW FW memory ready indication
05-04 09:35:22.852 0 0 D cnss : Posting event: FW_MEM_READY(3), state: 0x11 flags: 0x0
05-04 09:35:22.852 0 0 D cnss : PM stay awake, state: 0x11, count: 1
05-04 09:35:22.852 0 0 D cnss : PM relax, state: 0x11, count: 0
05-04 09:35:22.852 0 0 D cnss : PM stay awake, state: 0x11, count: 1
05-04 09:35:22.852 0 0 D cnss : Processing driver event: FW_MEM_READY(3), state: 0x11
05-04 09:35:22.852 0 0 D cnss : Sending target capability message, state: 0x13
05-04 09:35:22.863 0 0 D cnss : Voltage for CPR: 948mV
05-04 09:35:22.863 0 0 D cnss : Update TCS CMD data address 0x000000000b2e5844 with voltage 950mV
05-04 09:35:22.863 0 0 D cnss : Device frequency is 24000000 HZ
05-04 09:35:22.863 0 0 D cnss : Target capability: chip_id: 0x0, chip_family: 0xb, board_id: 0xff, soc_id: 0xffffffff, fw_version: 0x101a0521, fw_build_timestamp: 2021-12-20 07:54, fw_build_id: QC_IMAGE_VERSION_STRING=WLAN.HST.1.0.1.r1-01313-QCAHSTSWPL_SILICONZ-1, otp_version: 0x480020
05-04 09:35:22.863 0 0 D cnss : Sending BDF download message, state: 0x13, type: 4
05-04 09:35:22.863 0 0 D cnss : FW name added with prefix: qca6390/regdb.bin
05-04 09:35:22.863 0 0 W cnss2 b0000000.qcom,cnss-qca6390: Falling back to syfs fallback for: qca6390/regdb.bin
05-04 09:35:22.864 0 0 I ueventd : firmware: loading 'qca6390/regdb.bin' for '/devices/platform/soc/b0000000.qcom,cnss-qca6390/firmware/qca6390!regdb.bin'
05-04 09:35:22.864 0 0 E ueventd : firmware: could not find firmware for qca6390/regdb.bin
05-04 09:35:22.864 0 0 E ueventd : firmware: attempted /etc/firmware/qca6390/regdb.bin, open failed: No such file or directory
05-04 09:35:22.864 0 0 E ueventd : firmware: attempted /odm/firmware/qca6390/regdb.bin, open failed: No such file or directory
05-04 09:35:22.864 0 0 E ueventd : firmware: attempted /vendor/firmware/qca6390/regdb.bin, open failed: No such file or directory
05-04 09:35:22.864 0 0 E ueventd : firmware: attempted /firmware/image/qca6390/regdb.bin, open failed: No such file or directory
05-04 09:35:22.864 0 0 E ueventd : firmware: attempted /vendor/firmware_mnt/image/qca6390/regdb.bin, open failed: No such file or directory
05-04 09:35:22.864 0 0 I ueventd : loading /devices/platform/soc/b0000000.qcom,cnss-qca6390/firmware/qca6390!regdb.bin took 0ms
05-04 09:35:22.864 0 0 E cnss : Failed to load BDF: qca6390/regdb.bin
05-04 09:35:22.864 0 0 D cnss : Sending BDF download message, state: 0x13, type: 1
05-04 09:35:22.864 0 0 D cnss : FW name added with prefix: qca6390/bdwlan.elf
05-04 09:35:22.864 0 0 W cnss2 b0000000.qcom,cnss-qca6390: Falling back to syfs fallback for: qca6390/bdwlan.elf
05-04 09:35:22.866 0 0 I ueventd : firmware: loading 'qca6390/bdwlan.elf' for '/devices/platform/soc/b0000000.qcom,cnss-qca6390/firmware/qca6390!bdwlan.elf'
05-04 09:35:22.866 0 0 I ueventd : loading /devices/platform/soc/b0000000.qcom,cnss-qca6390/firmware/qca6390!bdwlan.elf took 0ms
05-04 09:35:22.866 0 0 D cnss : Downloading BDF: qca6390/bdwlan.elf, size: 57908
05-04 09:35:22.896 0 0 D cnss : Sending M3 information message, state: 0x13
05-04 09:35:22.896 0 0 D cnss : M3 memory, va: 0x0000000000000000, pa: 0x00000000a1800000, size: 0x411bc
05-04 09:35:22.897 0 0 D cnss : PM relax, state: 0x13, count: 0
05-04 09:35:22.898 0 0 D cnss : Received QMI WLFW FW initialization done indication
05-04 09:35:22.898 0 0 D cnss : Posting event: FW_READY(4), state: 0x13 flags: 0x0
05-04 09:35:22.898 0 0 D cnss : PM stay awake, state: 0x13, count: 1
05-04 09:35:22.898 0 0 D cnss : PM relax, state: 0x13, count: 0
05-04 09:35:22.898 0 0 D cnss : PM stay awake, state: 0x13, count: 1
05-04 09:35:22.898 0 0 D cnss : Processing driver event: FW_READY(4), state: 0x13
05-04 09:35:22.898 0 0 D cnss : PCIE Gen speed not setup
05-04 09:35:22.900 0 0 W : (NULL device *): Falling back to syfs fallback for: wlan/qca_cld/qca6390/WCNSS_qcom_cfg.ini
05-04 09:35:22.907 0 0 I [kworke][0x26cb2a9e][09:35:22.907561] wlan: [272:I:HDD] hdd_pm_qos_add_request: 9360: Set cpu_mask 0f for affine_cores
05-04 09:35:22.907 0 0 I [kworke][0x26cb2ae8][09:35:22.907565] wlan: [272:I:HDD] hdd_pm_qos_add_request: 9362: Set cpu_mask 0f for affine_cores
05-04 09:35:22.907 0 0 D cnss : Sending ini sync request, state: 0x17, fw_log_mode: 1
05-04 09:35:22.912 0 0 I [kworke][0x26cc8c49][09:35:22.912277] wlan: [272:I:HIF] Initializing Runtime PM wakelock &sc->prevent_linkdown_lock
05-04 09:35:22.912 0 0 I [kworke][0x26cc8d05][09:35:22.912287] wlan: [272:I:HIF] hif_pci_enable_bus: con_mode = 0x0, WLAN_SOC_device_id = 0x1101
05-04 09:35:22.912 0 0 I [kworke][0x26cc8d70][09:35:22.912292] wlan: [272:I:HIF] hif_pci_enable_bus: hif_enable_pci done
05-04 09:35:22.912 0 0 I [kworke][0x26cc95ac][09:35:22.912402] wlan: [272:I:HIF] *********** QCA6390 *************
05-04 09:35:22.912 0 0 I [kworke][0x26cc965b][09:35:22.912411] wlan: [272:I:HIF] hif_pci_enable_bus: hif_type = 0x12, target_type = 0x17
05-04 09:35:22.912 0 0 I [kworke][0x26cc96a3][09:35:22.912415] wlan: [272:I:HIF] hif_register_tbl_attach: HIF_TYPE_QCA6390
05-04 09:35:22.912 0 0 I [kworke][0x26cc96e1][09:35:22.912418] wlan: [272:I:HIF] hif_target_register_tbl_attach: TARGET_TYPE_QCA6390
05-04 09:35:22.912 0 0 I [kworke][0x26cc971a][09:35:22.912421] wlan: [272:I:HIF] hif_pci_enable_bus:Skip tgt_wake up for srng devices
05-04 09:35:22.912 0 0 E [kworke][0x26cc9efb][09:35:22.912526] wlan: [272:E:TXRX] hif_print_hal_shadow_register_cfg: num_config 28
05-04 09:35:22.912 0 0 I [kworke][0x26cc9f81][09:35:22.912533] wlan: [272:I:TXRX] hif_print_hal_shadow_register_cfg: i 0, val a3b034
05-04 09:35:22.912 0 0 I [kworke][0x26cc9fa5][09:35:22.912535] wlan: [272:I:TXRX] hif_print_hal_shadow_register_cfg: i 1, val a3b03c
05-04 09:35:22.912 0 0 I [kworke][0x26cc9fc9][09:35:22.912537] wlan: [272:I:TXRX] hif_print_hal_shadow_register_cfg: i 2, val a3b044
05-04 09:35:22.912 0 0 I [kworke][0x26cc9fe9][09:35:22.912539] wlan: [272:I:TXRX] hif_print_hal_shadow_register_cfg: i 3, val a3b04c
05-04 09:35:22.912 0 0 I [kworke][0x26cca005][09:35:22.912540] wlan: [272:I:TXRX] hif_print_hal_shadow_register_cfg: i 4, val a3b054
05-04 09:35:22.912 0 0 I [kworke][0x26cca021][09:35:22.912542] wlan: [272:I:TXRX] hif_print_hal_shadow_register_cfg: i 5, val a3b028
05-04 09:35:22.912 0 0 I [kworke][0x26cca03c][09:35:22.912543] wlan: [272:I:TXRX] hif_print_hal_shadow_register_cfg: i 6, val a3b020
05-04 09:35:22.912 0 0 I [kworke][0x26cca058][09:35:22.912545] wlan: [272:I:TXRX] hif_print_hal_shadow_register_cfg: i 7, val a3b06c
05-04 09:35:22.912 0 0 I [kworke][0x26cca073][09:35:22.912546] wlan: [272:I:TXRX] hif_print_hal_shadow_register_cfg: i 8, val a46000
05-04 09:35:22.912 0 0 I [kworke][0x26cca08f][09:35:22.912547] wlan: [272:I:TXRX] hif_print_hal_shadow_register_cfg: i 9, val a46008
05-04 09:35:22.912 0 0 I [kworke][0x26cca0ab][09:35:22.912549] wlan: [272:I:TXRX] hif_print_hal_shadow_register_cfg: i 10, val a46010
05-04 09:35:22.912 0 0 I [kworke][0x26cca0c8][09:35:22.912550] wlan: [272:I:TXRX] hif_print_hal_shadow_register_cfg: i 11, val a46018
05-04 09:35:22.912 0 0 I [kworke][0x26cca0e5][09:35:22.912552] wlan: [272:I:TXRX] hif_print_hal_shadow_register_cfg: i 12, val a46034
05-04 09:35:22.912 0 0 I [kworke][0x26cca101][09:35:22.912553] wlan: [272:I:TXRX] hif_print_hal_shadow_register_cfg: i 13, val a370b0
05-04 09:35:22.912 0 0 I [kworke][0x26cca11d][09:35:22.912555] wlan: [272:I:TXRX] hif_print_hal_shadow_register_cfg: i 14, val a37018
05-04 09:35:22.912 0 0 I [kworke][0x26cca138][09:35:22.912556] wlan: [272:I:TXRX] hif_print_hal_shadow_register_cfg: i 15, val a370c4
05-04 09:35:22.912 0 0 I [kworke][0x26cca154][09:35:22.912558] wlan: [272:I:TXRX] hif_print_hal_shadow_register_cfg: i 16, val a370cc
05-04 09:35:22.912 0 0 I [kworke][0x26cca170][09:35:22.912559] wlan: [272:I:TXRX] hif_print_hal_shadow_register_cfg: i 17, val a370d4
05-04 09:35:22.912 0 0 I [kworke][0x26cca18c][09:35:22.912561] wlan: [272:I:TXRX] hif_print_hal_shadow_register_cfg: i 18, val a370dc
05-04 09:35:22.912 0 0 I [kworke][0x26cca1a8][09:35:22.912562] wlan: [272:I:TXRX] hif_print_hal_shadow_register_cfg: i 19, val a00400
05-04 09:35:22.912 0 0 I [kworke][0x26cca1e7][09:35:22.912565] wlan: [272:I:TXRX] hif_print_hal_shadow_register_cfg: i 20, val a03400
05-04 09:35:22.912 0 0 I [kworke][0x26cca201][09:35:22.912567] wlan: [272:I:TXRX] hif_print_hal_shadow_register_cfg: i 21, val a0340c
05-04 09:35:22.912 0 0 I [kworke][0x26cca21a][09:35:22.912568] wlan: [272:I:TXRX] hif_print_hal_shadow_register_cfg: i 22, val a05400
05-04 09:35:22.912 0 0 I [kworke][0x26cca235][09:35:22.912569] wlan: [272:I:TXRX] hif_print_hal_shadow_register_cfg: i 23, val a0540c
05-04 09:35:22.912 0 0 I [kworke][0x26cca24e][09:35:22.912571] wlan: [272:I:TXRX] hif_print_hal_shadow_register_cfg: i 24, val a06400
05-04 09:35:22.912 0 0 I [kworke][0x26cca266][09:35:22.912572] wlan: [272:I:TXRX] hif_print_hal_shadow_register_cfg: i 25, val a08400
05-04 09:35:22.912 0 0 I [kworke][0x26cca27f][09:35:22.912573] wlan: [272:I:TXRX] hif_print_hal_shadow_register_cfg: i 26, val a0b400
05-04 09:35:22.912 0 0 I [kworke][0x26cca297][09:35:22.912574] wlan: [272:I:TXRX] hif_print_hal_shadow_register_cfg: i 27, val a0b40c
05-04 09:35:22.912 0 0 D cnss : Mode: 0, config: 0000000000000000, host_version: 5.2.022.10G
05-04 09:35:22.912 0 0 D cnss : Sending WLAN config message, state: 0x17
05-04 09:35:22.913 0 0 D cnss : Sending mode message, mode: MISSION(0), state: 0x17
05-04 09:35:22.936 0 0 D cnss : Received QMI WLFW pin connect result indication
05-04 09:35:22.936 0 0 D cnss : Assign MSI to user: CE, num_vectors: 10, user_base_data: 803, base_vector: 3
05-04 09:35:22.936 0 0 D cnss : Pin connect Result: pwr_pin: 0x1 phy_io_pin: 0x0 rf_io_pin: 0x0
05-04 09:35:22.936 0 0 I [kworke][0x26d3bb8c][09:35:22.936801] wlan: [272:I:HIF] ce_srng_dest_ring_setup: ce_id 1
05-04 09:35:22.936 0 0 D cnss : Assign MSI to user: CE, num_vectors: 10, user_base_data: 803, base_vector: 3
05-04 09:35:22.936 0 0 I [kworke][0x26d3c1d6][09:35:22.936884] wlan: [272:I:HIF] ce_srng_status_ring_setup: ce_id 1
05-04 09:35:22.936 0 0 D cnss : Assign MSI to user: CE, num_vectors: 10, user_base_data: 803, base_vector: 3
05-04 09:35:22.936 0 0 I [kworke][0x26d3c6a7][09:35:22.936949] wlan: [272:I:HIF] ce_srng_dest_ring_setup: ce_id 2
05-04 09:35:22.936 0 0 D cnss : Assign MSI to user: CE, num_vectors: 10, user_base_data: 803, base_vector: 3
05-04 09:35:22.937 0 0 I [kworke][0x26d3cc61][09:35:22.937025] wlan: [272:I:HIF] ce_srng_status_ring_setup: ce_id 2
05-04 09:35:22.937 0 0 D cnss : Assign MSI to user: CE, num_vectors: 10, user_base_data: 803, base_vector: 3
05-04 09:35:22.937 0 0 D cnss : Assign MSI to user: CE, num_vectors: 10, user_base_data: 803, base_vector: 3
05-04 09:35:22.937 0 0 I [kworke][0x26d3d901][09:35:22.937193] wlan: [272:I:HIF] ce_srng_dest_ring_setup: ce_id 5
05-04 09:35:22.937 0 0 D cnss : Assign MSI to user: CE, num_vectors: 10, user_base_data: 803, base_vector: 3
05-04 09:35:22.937 0 0 I [kworke][0x26d3de79][09:35:22.937266] wlan: [272:I:HIF] ce_srng_status_ring_setup: ce_id 5
05-04 09:35:22.937 0 0 D cnss : Assign MSI to user: CE, num_vectors: 10, user_base_data: 803, base_vector: 3
05-04 09:35:22.937 0 0 I [kworke][0x26d3e320][09:35:22.937328] wlan: [272:I:HIF] hif_configure_irq: E
05-04 09:35:22.937 0 0 D cnss : Assign MSI to user: WAKE, num_vectors: 1, user_base_data: 813, base_vector: 13
05-04 09:35:22.937 0 0 D cnss : Get IRQ number 363 for vector index 13
05-04 09:35:22.937 0 0 D cnss : Assign MSI to user: CE, num_vectors: 10, user_base_data: 803, base_vector: 3
05-04 09:35:22.937 0 0 D cnss : Get IRQ number 353 for vector index 3
05-04 09:35:22.937 0 0 D cnss : Get IRQ number 354 for vector index 4
05-04 09:35:22.937 0 0 D cnss : Get IRQ number 355 for vector index 5
05-04 09:35:22.937 0 0 D cnss : Get IRQ number 356 for vector index 6
05-04 09:35:22.937 0 0 D cnss : Get IRQ number 358 for vector index 8
05-04 09:35:22.937 0 0 D cnss : Get IRQ number 359 for vector index 9
05-04 09:35:22.937 0 0 D cnss : Get IRQ number 361 for vector index 11
05-04 09:35:22.937 0 0 E [kworke][0x26d3ef42][09:35:22.937490] wlan: [272:E:mlme] mlme_init_reg_cfg: 2374: null pdev
05-04 09:35:22.937 0 0 E [kworke][0x26d3f076][09:35:22.937506] wlan: [272:E:WMI] WMI handle is NULL
05-04 09:35:22.937 0 0 I [kworke][0x26d3f123][09:35:22.937515] wlan: [272:I:HIF] Initializing Runtime PM wakelock &p2p_soc_obj->roc_runtime_lock
05-04 09:35:22.937 0 0 D cnss : Platform cap_flag is 0x4
05-04 09:35:22.937 0 0 E [kworke][0x26d3f1c4][09:35:22.937523] wlan: [272:E:QDF] cds_get_context: 1486: Module ID 66 context is Null
05-04 09:35:22.938 0 0 E [kworke][0x26d41b1c][09:35:22.938075] wlan: [272:E:QDF] cds_get_context: 1486: Module ID 66 context is Null
05-04 09:35:22.938 0 0 I [kworke][0x26d448aa][09:35:22.938682] wlan: [272:I:HIF] Initializing Runtime PM wakelock &psoc_wakelock->wmi_cmd_rsp_runtime_lock
05-04 09:35:22.938 0 0 F [kworke][0x26d44c91][09:35:22.938734] wlan: [272:F:WMA] WMA --> wmi_unified_attach - success
05-04 09:35:22.938 0 0 I [kworke][0x26d4510a][09:35:22.938794] wlan: [272:I:HIF] Initializing Runtime PM wakelock &vdev->vdev_set_key_runtime_wakelock
05-04 09:35:22.938 0 0 I [kworke][0x26d45474][09:35:22.938839] wlan: [272:I:HIF] Initializing Runtime PM wakelock &vdev->vdev_set_key_runtime_wakelock
05-04 09:35:22.938 0 0 I [kworke][0x26d45792][09:35:22.938881] wlan: [272:I:HIF] Initializing Runtime PM wakelock &vdev->vdev_set_key_runtime_wakelock
05-04 09:35:22.938 0 0 I [kworke][0x26d45ae4][09:35:22.938925] wlan: [272:I:HIF] Initializing Runtime PM wakelock &vdev->vdev_set_key_runtime_wakelock
05-04 09:35:22.938 0 0 I [kworke][0x26d45e98][09:35:22.938975] wlan: [272:I:HIF] Initializing Runtime PM wakelock &vdev->vdev_set_key_runtime_wakelock
05-04 09:35:22.939 0 0 I [kworke][0x26d4619a][09:35:22.939015] wlan: [272:I:HIF] Initializing Runtime PM wakelock &vdev->vdev_set_key_runtime_wakelock
05-04 09:35:22.939 0 0 I [kworke][0x26d46909][09:35:22.939114] wlan: [272:I:HIF] Initializing Runtime PM wakelock &wma_handle->wmi_cmd_rsp_runtime_lock
05-04 09:35:22.939 0 0 I [kworke][0x26d46967][09:35:22.939119] wlan: [272:I:HIF] Initializing Runtime PM wakelock &wma_handle->sap_prevent_runtime_pm_lock
05-04 09:35:22.940 0 0 E [kworke][0x26d4ac67][09:35:22.940012] wlan: [272:E:QDF] htc_wait_target: 684: Target Ready! TX resource : 1 size:2176, MaxMsgsPerHTCBundle = 1
05-04 09:35:22.940 0 0 E [kworke][0x26d4acc2][09:35:22.940017] wlan: [272:E:QDF] htc_setup_target_buffer_assignments: 576: SVS Index : 1 TX : 0x100 : alloc:1
05-04 09:35:22.940 0 0 D cnss : Assign MSI to user: DP, num_vectors: 18, user_base_data: 814, base_vector: 14
05-04 09:35:22.940 0 0 I [kworke][0x26d4b541][09:35:22.940130] wlan: [272:I:HIF] +hif_update_pipe_callback pipeid 5
05-04 09:35:22.940 0 0 I [kworke][0x26d4b58c][09:35:22.940134] wlan: [272:I:HIF] -hif_update_pipe_callback
05-04 09:35:22.940 0 0 D cnss : Assign MSI to user: DP, num_vectors: 18, user_base_data: 814, base_vector: 14
05-04 09:35:22.940 0 0 E [kworke][0x26d4d7ac][09:35:22.940589] wlan: [272:E:DP] dp_srng_get_str_from_hal_ring_type: 7726: Invalid ring type
05-04 09:35:22.940 0 0 D cnss : Assign MSI to user: DP, num_vectors: 18, user_base_data: 814, base_vector: 14
05-04 09:35:22.940 0 0 D cnss : Assign MSI to user: DP, num_vectors: 18, user_base_data: 814, base_vector: 14
05-04 09:35:22.940 0 0 D cnss : Assign MSI to user: DP, num_vectors: 18, user_base_data: 814, base_vector: 14
05-04 09:35:22.940 0 0 D cnss : Assign MSI to user: DP, num_vectors: 18, user_base_data: 814, base_vector: 14
05-04 09:35:22.940 0 0 D cnss : Assign MSI to user: DP, num_vectors: 18, user_base_data: 814, base_vector: 14
05-04 09:35:22.941 0 0 D cnss : Assign MSI to user: DP, num_vectors: 18, user_base_data: 814, base_vector: 14
05-04 09:35:22.941 0 0 D cnss : Assign MSI to user: DP, num_vectors: 18, user_base_data: 814, base_vector: 14
05-04 09:35:22.941 0 0 D cnss : Assign MSI to user: DP, num_vectors: 18, user_base_data: 814, base_vector: 14
05-04 09:35:22.941 0 0 I [kworke][0x26d50315][09:35:22.941168] wlan: [272:I:DP] dp_tx_soc_attach Tx Desc Alloc num_pool = 4, descs = 4096
05-04 09:35:22.941 0 0 I [kworke][0x26d51e40][09:35:22.941530] wlan: [272:I:DP] dp_tx_soc_attach MSDU Ext Desc Alloc 4, descs = 4096
05-04 09:35:22.941 0 0 I [kworke][0x26d5328d][09:35:22.941801] wlan: [272:I:DP] dp_tx_soc_attach HAL Tx init Success
05-04 09:35:22.941 0 0 D cnss : Assign MSI to user: DP, num_vectors: 18, user_base_data: 814, base_vector: 14
05-04 09:35:22.941 0 0 D cnss : Assign MSI to user: DP, num_vectors: 18, user_base_data: 814, base_vector: 14
05-04 09:35:22.941 0 0 I [kworke][0x26d53a82][09:35:22.941907] wlan: [272:I:DP] dp_soc_cmn_setup: 3274: num_reo_dest_rings 4
05-04 09:35:22.941 0 0 D cnss : Assign MSI to user: DP, num_vectors: 18, user_base_data: 814, base_vector: 14
05-04 09:35:22.941 0 0 D cnss : Assign MSI to user: DP, num_vectors: 18, user_base_data: 814, base_vector: 14
05-04 09:35:22.942 0 0 D cnss : Assign MSI to user: DP, num_vectors: 18, user_base_data: 814, base_vector: 14
05-04 09:35:22.942 0 0 D cnss : Assign MSI to user: DP, num_vectors: 18, user_base_data: 814, base_vector: 14
05-04 09:35:22.942 0 0 D cnss : Assign MSI to user: DP, num_vectors: 18, user_base_data: 814, base_vector: 14
05-04 09:35:22.942 0 0 D cnss : Assign MSI to user: DP, num_vectors: 18, user_base_data: 814, base_vector: 14
05-04 09:35:22.942 0 0 D cnss : Assign MSI to user: DP, num_vectors: 18, user_base_data: 814, base_vector: 14
05-04 09:35:22.942 0 0 D cnss : Assign MSI to user: DP, num_vectors: 18, user_base_data: 814, base_vector: 14
05-04 09:35:22.942 0 0 D cnss : Assign MSI to user: DP, num_vectors: 18, user_base_data: 814, base_vector: 14
05-04 09:35:22.942 0 0 D cnss : Assign MSI to user: DP, num_vectors: 18, user_base_data: 814, base_vector: 14
05-04 09:35:22.942 0 0 D cnss : Assign MSI to user: DP, num_vectors: 18, user_base_data: 814, base_vector: 14
05-04 09:35:22.942 0 0 I [kworke][0x26d57144][09:35:22.942637] wlan: [272:I:HAL] hal_reo_set_err_dst_remap_6390: 1024: HWIO_REO_R0_ERROR_DESTINATION_MAPPING_IX_0 0x28005b6d
05-04 09:35:22.943 0 0 D cnss : Assign MSI to user: DP, num_vectors: 18, user_base_data: 814, base_vector: 14
05-04 09:35:22.943 0 0 D cnss : Assign MSI to user: DP, num_vectors: 18, user_base_data: 814, base_vector: 14
05-04 09:35:22.943 0 0 D cnss : Assign MSI to user: DP, num_vectors: 18, user_base_data: 814, base_vector: 14
05-04 09:35:22.943 0 0 D cnss : Assign MSI to user: DP, num_vectors: 18, user_base_data: 814, base_vector: 14
05-04 09:35:22.943 0 0 D cnss : Assign MSI to user: DP, num_vectors: 18, user_base_data: 814, base_vector: 14
05-04 09:35:22.943 0 0 D cnss : Assign MSI to user: DP, num_vectors: 18, user_base_data: 814, base_vector: 14
05-04 09:35:22.945 0 0 I [kworke][0x26d64b89][09:35:22.945547] wlan: [272:I:DP] Peer pool init
05-04 09:35:22.946 0 0 W [kworke][0x26d67fda][09:35:22.946245] wlan: [272:W:DP] dp_rx_pdev_mon_attach: pdev attach id=0
05-04 09:35:22.947 0 0 D cnss : Assign MSI to user: DP, num_vectors: 18, user_base_data: 814, base_vector: 14
05-04 09:35:22.947 0 0 D cnss : Get IRQ number 364 for vector index 14
05-04 09:35:22.947 0 0 D cnss : Assign MSI to user: DP, num_vectors: 18, user_base_data: 814, base_vector: 14
05-04 09:35:22.947 0 0 D cnss : Get IRQ number 365 for vector index 15
05-04 09:35:22.947 0 0 D cnss : Assign MSI to user: DP, num_vectors: 18, user_base_data: 814, base_vector: 14
05-04 09:35:22.947 0 0 D cnss : Get IRQ number 366 for vector index 16
05-04 09:35:22.947 0 0 D cnss : Assign MSI to user: DP, num_vectors: 18, user_base_data: 814, base_vector: 14
05-04 09:35:22.947 0 0 D cnss : Get IRQ number 367 for vector index 17
05-04 09:35:22.947 0 0 D cnss : Assign MSI to user: DP, num_vectors: 18, user_base_data: 814, base_vector: 14
05-04 09:35:22.947 0 0 D cnss : Assign MSI to user: DP, num_vectors: 18, user_base_data: 814, base_vector: 14
05-04 09:35:22.947 0 0 D cnss : Get IRQ number 369 for vector index 19
05-04 09:35:22.947 0 0 D cnss : Assign MSI to user: DP, num_vectors: 18, user_base_data: 814, base_vector: 14
05-04 09:35:22.947 0 0 D cnss : Get IRQ number 370 for vector index 20
05-04 09:35:22.948 0 0 I [kworke][0x26d73e35][09:35:22.948783] wlan: [276:I:WMA] wma_rx_service_ready_event: Firmware build version : 101a0521
05-04 09:35:22.948 0 0 I [kworke][0x26d73f13][09:35:22.948794] wlan: [276:I:WMA] wma_rx_service_ready_event: Board id: 0, Board version: 8 0 0 0 6
05-04 09:35:22.948 1537 1537 I sysui_multi_action: [757,804,799,opt_dialog_num_dexopted,801,1,802,1]
05-04 09:35:22.948 1537 1537 I sysui_multi_action: [757,804,799,opt_dialog_num_skipped,801,38,802,1]
05-04 09:35:22.949 1537 1537 I sysui_multi_action: [757,804,799,opt_dialog_num_failed,801,0,802,1]
05-04 09:35:22.949 1537 1537 I sysui_multi_action: [757,804,799,opt_dialog_num_total,801,141,802,1]
05-04 09:35:22.949 1537 1537 I sysui_multi_action: [757,804,799,opt_dialog_time_s,801,0,802,1]
05-04 09:35:22.949 1537 1537 I service_manager_stats: [760,103,5251]
05-04 09:35:22.949 0 0 I [kworke][0x26d76ddf][09:35:22.949418] wlan: [276:I:WMA] wma_is_dbs_mandatory: 5417: MAC0 does not support both bands 2 DBS is mandatory
05-04 09:35:22.949 0 0 E [kworke][0x26d76f39][09:35:22.949436] wlan: [276:E:QDF] copy_fw_abi_version_tlv: 6979: copy_fw_abi_version_tlv: INIT_CMD version: 1, 0, 0x5f414351, 0x4c4d, 0x0, 0x0 --------- beginning of radio
05-04 09:35:23.058 1537 1537 D TelephonyRegistry: listen oscl: mHasNotifySubscriptionInfoChangedOccurred==false no callback
05-04 09:35:23.103 1537 1883 I storage_state: [41217664-9172-527a-b3d5-edabb50a7d69,0,0,98899443712,118610538496]
05-04 09:35:23.133 0 0 I : acc_open
05-04 09:35:23.133 0 0 I : acc_release
05-04 09:35:23.135 0 0 E [kworke][0x270e0863][09:35:23.135799] wlan: [334:E:QDF] ready_extract_init_status_tlv: 8884: ready_extract_init_status_tlv:0
05-04 09:35:23.135 0 0 E [kworke][0x270e0b83][09:35:23.135840] wlan: [334:E:QDF] cds_get_context: 1486: Module ID 65 context is Null
05-04 09:35:23.135 0 0 F [kworke][0x270e0bed][09:35:23.135846] wlan: [334:F:DP] cdp_ipa_set_uc_tx_partition_base invalid instance
05-04 09:35:23.135 0 0 I [kworke][0x270e0c70][09:35:23.135852] wlan: [334:I:WMA] wma_he_update_tgt_services: 996: 11ax is enabled
05-04 09:35:23.136 0 0 I [kworke][0x270e2c41][09:35:23.136277] wlan: [334:I:HIF] Initializing Runtime PM wakelock &mgmt_txrx_pdev_ctx->wakelock_tx_runtime_cmp
05-04 09:35:23.136 0 0 I [kworke][0x270e323b][09:35:23.136356] wlan: [334:I:dfs] WLAN_DEBUG_DFS_ALWAYS : wlan_dfs_pdev_obj_create_notification: 421: dfs_offload 1
05-04 09:35:23.136 0 0 I [kworke][0x270e32af][09:35:23.136362] wlan: [334:I:SPECTRAL] null_get_capability: 1715: SPECTRAL : get_capability not registered
05-04 09:35:23.136 0 0 I [kworke][0x270e32e8][09:35:23.136365] wlan: [334:I:SPECTRAL] target_if_pdev_spectral_init: 2249: HAL_CAP_PHYDIAG : Capable
05-04 09:35:23.136 0 0 I [kworke][0x270e331c][09:35:23.136368] wlan: [334:I:SPECTRAL] null_get_capability: 1715: SPECTRAL : get_capability not registered
05-04 09:35:23.136 0 0 I [kworke][0x270e3349][09:35:23.136370] wlan: [334:I:SPECTRAL] target_if_pdev_spectral_init: 2253: HAL_CAP_RADAR : Capable
05-04 09:35:23.136 0 0 I [kworke][0x270e3375][09:35:23.136373] wlan: [334:I:SPECTRAL] null_get_capability: 1715: SPECTRAL : get_capability not registered
05-04 09:35:23.136 0 0 I [kworke][0x270e339c][09:35:23.136375] wlan: [334:I:SPECTRAL] target_if_pdev_spectral_init: 2258: HAL_CAP_SPECTRAL_SCAN : Capable
05-04 09:35:23.136 0 0 I [kworke][0x270e33cb][09:35:23.136377] wlan: [334:I:SPECTRAL] null_get_tsf64: 1703: SPECTRAL : get_tsf64 not registered
05-04 09:35:23.136 0 0 I [kworke][0x270e3413][09:35:23.136381] wlan: [334:I:GREEN_AP] wlan_green_ap_pdev_obj_create_notification: 106: Green AP creation successful, green ap ctx: 0000000000000000, pdev: 0000000000000000
05-04 09:35:23.136 0 0 I [kworke][0x270e3505][09:35:23.136394] wlan: [334:I:IPA] wlan_ipa_wdi_init: 540: ipa_over_gsi: 1, is_smmu_enabled: 1
05-04 09:35:23.136 0 0 I [kworke][0x270e3f9a][09:35:23.136535] wlan: [334:I:REGULATORY] reg_set_band: 483: set band bitmap: 3
05-04 09:35:23.136 0 0 I [kworke][0x270e4935][09:35:23.136663] wlan: [334:I:HIF] Initializing Runtime PM wakelock &ctx->dfs
05-04 09:35:23.136 0 0 I [kworke][0x270e496a][09:35:23.136665] wlan: [334:I:HIF] Initializing Runtime PM wakelock &ctx->connect
05-04 09:35:23.136 0 0 I [kworke][0x270e49a8][09:35:23.136669] wlan: [334:I:HIF] Initializing Runtime PM wakelock &ctx->user
05-04 09:35:23.136 0 0 I [kworke][0x270e49e5][09:35:23.136672] wlan: [334:I:HIF] Initializing Runtime PM wakelock &scan_priv->runtime_pm_lock
05-04 09:35:23.136 0 0 I [kworke][0x270e4aba][09:35:23.136683] wlan: [334:I:GREEN_AP] target_if_green_ap_register_egap_event_handler: 131: Set the Enhance Green AP event handler
05-04 09:35:23.136 0 0 E [kworke][0x270e4b31][09:35:23.136689] wlan: [334:E:QDF] dp_peer_map_attach_wifi3: 10048: dp_peer_map_attach_wifi3 max_peers 55, max_ast_index: 144
05-04 09:35:23.136 0 0 I [kworke][0x270e4bc1][09:35:23.136697] wlan: [334:I:DP]
05-04 09:35:23.136 0 0 I : <=== cfg max peer id 55 ====>
05-04 09:35:23.136 0 0 I [kworke][0x270e4c15][09:35:23.136701] wlan: [334:I:DP]
05-04 09:35:23.136 0 0 I : <=== cfg max ast idx 144 ====>
05-04 09:35:23.136 0 0 I [kworke][0x270e4c4d][09:35:23.136704] wlan: [334:I:DP] ast hash_elems: 512, max_ast_idx: 144
05-04 09:35:23.136 0 0 I [kworke][0x270e4e83][09:35:23.136733] wlan: [272:I:WMA] wma_wait_for_ready_event: 6926: FW ready event received
05-04 09:35:23.137 0 0 E [kworke][0x270e7feb][09:35:23.137392] wlan: [272:E:WMI] send_action_oui_cmd_tlv: 220: Invalid action id
05-04 09:35:23.137 0 0 E [kworke][0x270e808f][09:35:23.137401] wlan: [272:E:action_oui] ucfg_action_oui_send: 160: Failed to send: 7
05-04 09:35:23.137 0 0 E [kworke][0x270e8101][09:35:23.137407] wlan: [272:E:WMI] send_action_oui_cmd_tlv: 220: Invalid action id
05-04 09:35:23.137 0 0 E [kworke][0x270e815e][09:35:23.137412] wlan: [272:E:action_oui] ucfg_action_oui_send: 160: Failed to send: 9
05-04 09:35:23.137 0 0 E [kworke][0x270e81b3][09:35:23.137416] wlan: [272:E:HDD] hdd_action_oui_send: 13281: Failed to send one or all action_ouis
05-04 09:35:23.139 0 0 D cnss : dma-coherent is enabled
05-04 09:35:23.139 0 0 D cnss : IOMMU map: iova b0000000, len 4096
05-04 09:35:23.139 0 0 D cnss : IOMMU map: iova_addr b0000040
05-04 09:35:23.139 0 0 D cnss : dma-coherent is enabled
05-04 09:35:23.139 0 0 D cnss : IOMMU map: iova b0001000, len 4096
05-04 09:35:23.139 0 0 D cnss : IOMMU map: iova_addr b0001018
05-04 09:35:23.139 0 0 I [kworke][0x270f27ec][09:35:23.139632] wlan: [272:I:SYS] Creating periodic timer for OLBC UPDATE CACHE TIMEOUT
05-04 09:35:23.139 0 0 E [kworke][0x270f2ebb][09:35:23.139723] wlan: [272:E:TXRX] dp_rxdma_ring_config: 5022: DBS enabled max_mac_rings 2
05-04 09:35:23.139 0 0 E [kworke][0x270f2f2a][09:35:23.139729] wlan: [272:E:TXRX] dp_rxdma_ring_config: 5033: pdev_id 0 max_mac_rings 2
05-04 09:35:23.139 0 0 E [kworke][0x270f2f70][09:35:23.139732] wlan: [272:E:TXRX] dp_rxdma_ring_config: 5050: mac_id 0
05-04 09:35:23.139 0 0 E [kworke][0x270f31e1][09:35:23.139765] wlan: [272:E:TXRX] dp_rxdma_ring_config: 5050: mac_id 1
05-04 09:35:23.139 0 0 I [kworke][0x270f3a39][09:35:23.139876] wlan: [272:I:POLICY_MGR] policy_mgr_update_5g_scc_prefer: 398: overwrite pm_second_connection_pcl_dbs_2x2_table, index 2 mode 3 system prefer 0 new pcl 6
05-04 09:35:23.139 0 0 I [kworke][0x270f3a71][09:35:23.139879] wlan: [272:I:POLICY_MGR] policy_mgr_update_5g_scc_prefer: 404: overwrite pm_second_connection_pcl_dbs_2x2_table, index 3 mode 3 system prefer 0 new pcl 6
05-04 09:35:23.140 0 0 E [kworke][0x270f4411][09:35:23.140008] wlan: [272:E:REGULATORY] reg_freq_width_to_chan_op_class: 512: no op class for frequency 5745
05-04 09:35:23.140 0 0 I [kworke][0x270f520f][09:35:23.140194] wlan: [272:I:HIF] hif_pm_runtime_start: Enabling RUNTIME PM, Delay: 500 ms
05-04 09:35:23.140 0 0 E cnss_utils: WLAN MAC address is not set, type 0
05-04 09:35:23.140 0 0 W cnss_pci 0000: 01:00.0: Falling back to syfs fallback for: wlan/qca_cld/qca6390/wlan_mac.bin
05-04 09:35:23.145 0 0 I [kworke][0x2710ef67][09:35:23.145705] wlan: [272:I:HDD] hdd_initialize_mac_address: 12589: using default MAC address
05-04 09:35:23.146 0 0 D cnss : Host time = 34137340 us, device time = 1952640 us, offset = 32184700 us
05-04 09:35:23.146 0 0 D cnss : Updated time sync regs [0x984] = 0x1eb197c, [0x988] = 0x0
05-04 09:35:23.146 0 0 D cnss : Removing vote for Regulator vdd-wlan-rfa2
05-04 09:35:23.146 0 0 D cnss : Removing vote for Regulator vdd-wlan-rfa1
05-04 09:35:23.146 0 0 D cnss : Removing vote for Regulator vdd-wlan-dig
05-04 09:35:23.146 0 0 D cnss : Removing vote for Regulator vdd-wlan-aon
05-04 09:35:23.146 0 0 D cnss : Removing vote for Regulator vdd-wlan-io
05-04 09:35:23.146 0 0 D cnss : PM relax, state: 0x107, count: 0
05-04 09:35:23.144 1537 1537 I auditd : type=1400 audit(0.0:800): avc: denied { read } for comm="system_server" name="u:object_r:vendor_default_prop:s0" dev="tmpfs" ino=15686 scontext=u:r:system_server:s0 tcontext=u:object_r:vendor_default_prop:s0 tclass=file permissive=1
05-04 09:35:23.144 1537 1537 I auditd : type=1400 audit(0.0:801): avc: denied { open } for comm="system_server" path="/dev/__properties__/u:object_r:vendor_default_prop:s0" dev="tmpfs" ino=15686 scontext=u:r:system_server:s0 tcontext=u:object_r:vendor_default_prop:s0 tclass=file permissive=1
05-04 09:35:23.144 1537 1537 I auditd : type=1400 audit(0.0:802): avc: denied { getattr } for comm="system_server" path="/dev/__properties__/u:object_r:vendor_default_prop:s0" dev="tmpfs" ino=15686 scontext=u:r:system_server:s0 tcontext=u:object_r:vendor_default_prop:s0 tclass=file permissive=1
05-04 09:35:23.144 1537 1537 I auditd : type=1400 audit(0.0:803): avc: denied { map } for comm="system_server" path="/dev/__properties__/u:object_r:vendor_default_prop:s0" dev="tmpfs" ino=15686 scontext=u:r:system_server:s0 tcontext=u:object_r:vendor_default_prop:s0 tclass=file permissive=1
05-04 09:35:23.184 1537 1886 I stream_devices_changed: [3,0,2]
05-04 09:35:23.192 1537 1886 I stream_devices_changed: [6,0,1]
05-04 09:35:23.198 1537 1537 I configuration_changed: 512
05-04 09:35:23.225 0 0 I : Wifi Turning On from UI
