05-04 09:37:08.458 7469 7497 I am_proc_start: [0,9125,10026,android.process.acore,content provider,{com.android.providers.contacts/com.android.providers.contacts.ContactsProvider2}]
05-04 09:37:08.458 7469 7631 I GameModeConfig: isGameModeOn = true
05-04 09:37:08.458 7469 7631 I GameModeConfig: isGaming = false
05-04 09:37:08.458 7469 7631 I GameModeConfig: isGameModeOn = true
05-04 09:37:08.458 7469 7631 I GameModeConfig: isGaming = false
05-04 09:37:08.458 7469 7631 I GameModeConfig: isGameModeOn = true
05-04 09:37:08.458 7469 7631 I GameModeConfig: isGaming = false
05-04 09:37:08.458 7469 7469 I notification_cancel_all: [1002,7687,com.android.bluetooth,0,0,64,9,NULL]
05-04 09:37:08.458 7469 7497 I ActivityManager: Start proc 9125:android.process.acore/u0a26 for content provider {com.android.providers.contacts/com.android.providers.contacts.ContactsProvider2}
05-04 09:37:08.477 0 0 I binder : 9125:9125 ioctl 40046210 7fed10e184 returned -22
05-04 09:37:08.480 7469 7483 I am_proc_bound: [0,9125,android.process.acore]
05-04 09:37:08.481 7469 7483 D CompatibilityChangeReporter: Compat change id reported: 168419799; UID 10026; state: DISABLED
05-04 09:37:08.482 7469 7483 I am_uid_active: 10026
05-04 09:37:08.520 7469 7639 D CountryDetector: The first listener is added
05-04 09:37:08.547 7469 7469 I Telecom : BluetoothDeviceManager: Got BluetoothHeadset: com.android.server.telecom.BluetoothHeadsetProxy@49e7d5: BMSL.oSC@AAo
05-04 09:37:08.612 7469 7639 I sysui_multi_action: [757,128,758,1,793,1187,794,0,795,1187,796,26,798,0,806,android,857,DEVELOPER_IMPORTANT,858,4,947,0,1395,2,1500,756,1688,1]
05-04 09:37:08.612 7469 7639 I sysui_multi_action: [757,804,799,note_freshness,801,1187,802,1]
05-04 09:37:08.612 7469 7639 I notification_visibility: [-1|android|26|null|1000,1,1187,1187,0,0]
05-04 09:37:08.612 7469 7639 I sysui_multi_action: [757,128,758,2,793,1188,794,501,795,1188,796,27,798,1,806,android,857,USB,858,1,947,0,1395,2,1500,758,1688,1]
05-04 09:37:08.612 7469 7639 I notification_visibility: [-1|android|27|null|1000,0,1188,1188,0,1]
05-04 09:37:08.642 0 0 I [schedu][0x9fcc2e90][09:37:08.642441] wlan: [1858:I:OSIF] vdev 0, scan id 40964 type COMPLETED(1) reason COMPLETED(1) scan found 76 bss
05-04 09:37:08.645 1348 8485 I liblog : 77
05-04 09:37:08.645 1348 8485 I liblog : 1
05-04 09:37:08.645 1348 8485 I liblog : 1
05-04 09:37:08.645 1348 8485 I liblog : 1
05-04 09:37:08.645 1348 8485 I liblog : 2
05-04 09:37:08.645 1348 8485 I liblog : 9
05-04 09:37:08.645 1348 8485 I liblog : 2
05-04 09:37:08.645 1348 8485 I liblog : 2
05-04 09:37:08.645 1348 8485 I liblog : 1
05-04 09:37:08.645 1348 8485 I liblog : 1
05-04 09:37:08.645 1348 8485 I liblog : 2
05-04 09:37:08.645 1348 8485 I liblog : 1
05-04 09:37:08.645 1348 8485 I liblog : 1
05-04 09:37:08.645 1348 8485 I liblog : 1
05-04 09:37:08.658 7469 7469 D CompanionDeviceManagerService: onDeviceConnected(address = B4:EE:25:67:FF:E2)
05-04 09:37:08.658 7469 7469 I CompanionDeviceManagerService: onDeviceNearby(justAppeared, address = B4:EE:25:67:FF:E2)
05-04 09:37:08.750 0 0 I [schedu][0x9febbffd][09:37:08.750193] wlan: [1858:I:HIF] Deinitializing Runtime PM wakelock &vdev->vdev_set_key_runtime_wakelock
05-04 09:37:08.750 0 0 I [schedu][0x9febcfb0][09:37:08.750402] wlan: [1858:I:HIF] Initializing Runtime PM wakelock &vdev->vdev_set_key_runtime_wakelock
05-04 09:37:08.752 836 836 D android.hardware.wifi@1.0-service: Successfully SetMacAddress.
05-04 09:37:08.752 0 0 I [wifi@1][0x9fec5d4c][09:37:08.752291] wlan: [836:I:DP] dp_vdev_attach_wifi3: wlan_cfg_ap_bridge_enabled 0
05-04 09:37:08.758 7408 7408 W wificond: Scan is not started. Ignore abort request
05-04 09:37:08.757 0 0 E [wifi@1][0x9fedceb3][09:37:08.757216] wlan: [7683:E:wifipos] wifi_pos_process_app_reg_req: 608: Received App Req Req pid(432014148), len(16)
05-04 09:37:08.757 0 0 I [wifi@1][0x9feddcc4][09:37:08.757403] wlan: [7683:I:wifipos] wifi_pos_get_ch_info: 461: num channels: 26
05-04 09:37:08.757 0 0 I [wifi@1][0x9fedece5][09:37:08.757619] wlan: [7683:I:wifipos] wifi_pos_get_ch_info: 461: num channels: 26
05-04 09:37:08.772 0 0 I [wpa_su][0x9ff26a19][09:37:08.772941] wlan: [1925:I:SME] vdev-0: Connecting to RIO-WIFI-5G f8:af:05:82:ca:5c rssi: -33 freq: 5805 akm 9 cipher: uc 6 mc 5, CC:
05-04 09:37:08.772 0 0 E [wpa_su][0x9ff26c64][09:37:08.772972] wlan: [1925:E:QDF] Cannot malloc 0 bytes @ csr_get_cfg_max_tx_power:14199
05-04 09:37:08.775 0 0 I [schedu][0x9ff316f5][09:37:08.775246] wlan: [1858:I:WMI] send_vdev_start_cmd_tlv: 1062: send_vdev_start_cmd_tlv: vdev_id 0 freq 5805 chanmode 18 ch_info: 0x12 is_dfs 0 beacon interval 100 dtim 0 center_chan 5775 center_freq2 0 reg_info_1: 0x180000 reg_info_2: 0x1800, req->max_txpow: 0x18 Tx SS 1, Rx SS 1, ldpc_rx: 0, cac 0, regd 4, HE ops: 0req->dis_hw_ack: 0
05-04 09:37:08.915 0 0 I [soft_i][0xa01c499e][09:37:08.915868] wlan: [0:I:TXRX] HTT_T2H_MSG_TYPE_PEER_MAP msg for peer id 2 vdev id 0 n
05-04 09:37:08.915 0 0 E [soft_i][0xa01c4c89][09:37:08.915907] wlan: [0:E:DP] dp_peer_find_add_id: peer 0000000000000000 ID 2 vid 0 mac f8:af:05:82:ca:5c
05-04 09:37:08.915 0 0 I [soft_i][0xa01c4d8b][09:37:08.915920] wlan: [0:I:DP] dp_peer_find_add_id: ref_cnt: 2
05-04 09:37:08.915 0 0 E [soft_i][0xa01c4f2e][09:37:08.915942] wlan: [0:E:DP] dp_peer_map_ast: peer 0000000000000000 ID 51 vid 0 mac f8:af:05:82:ca:5c
05-04 09:37:08.972 7469 7469 I Telecom : BluetoothStateReceiver: Device F4:4E:FD:AD:96:65 changed state to 1: BSR.oR@AAs
05-04 09:37:08.978 0 0 I [schedu][0xa02eb9e0][09:37:08.978805] wlan: [1858:I:PE] Auth TX: seq 1 seq num 2062 status 0 WEP 0 to f8:af:05:82:ca:5c
05-04 09:37:08.980 0 0 I [schedu][0xa02f202b][09:37:08.980169] wlan: [1858:I:PE] Auth TX: success
05-04 09:37:08.981 0 0 I [schedu][0xa02f67c1][09:37:08.981123] wlan: [1858:I:PE] Auth RX: vdev 0 sys role 3 lim_state 5 from f8:af:05:82:ca:5c rssi -37 auth_alg 0 seq 897
05-04 09:37:08.981 0 0 I [schedu][0xa02f7053][09:37:08.981238] wlan: [1858:I:PE] Assoc req TX: vdev 0 to f8:af:05:82:ca:5c seq num 2063
05-04 09:37:08.982 0 0 I [schedu][0xa02fd8fd][09:37:08.982633] wlan: [1858:I:PE] Assoc req TX: success
05-04 09:37:08.984 0 0 I [schedu][0xa03062a5][09:37:08.984469] wlan: [1858:I:PE] Assoc rsp RX: subtype 0 vdev 0 sys role 3 lim state 10 rssi -37 from f8:af:05:82:ca:5c
05-04 09:37:08.990 0 0 E [schedu][0xa032115e][09:37:08.990211] wlan: [1858:E:QDF] Cannot malloc 0 bytes @ csr_get_cfg_max_tx_power:14199
05-04 09:37:08.990 0 0 E [schedu][0xa03211f6][09:37:08.990219] wlan: [1858:E:QDF] Cannot malloc 0 bytes @ csr_get_cfg_max_tx_power:14199
05-04 09:37:08.990 0 0 E [soft_i][0xa0322731][09:37:08.990502] wlan: [0:E:DP] dp_tx_initialize_threshold: tx flow control threshold is set, pool size is 4096
05-04 09:37:08.990 0 0 I [schedu][0xa0322ab9][09:37:08.990550] wlan: [1858:I:HDD] wlan0(vdevid-0): 3a:29:3c:5e:14:d2 connected to f8:af:05:82:ca:5c
05-04 09:37:08.994 0 0 I [dp_rx_][0xa0333e0e][09:37:08.994221] wlan: [1860:I:QDF] EAPOL-1 RX: SA:f8:af:05:82:ca:5c DA:3a:29:3c:5e:14:d2
05-04 09:37:08.996 0 0 I [soft_i][0xa033e504][09:37:08.996447] wlan: [0:I:QDF] EAPOL-2 TX: SA:3a:29:3c:5e:14:d2 DA:f8:af:05:82:ca:5c msdu_id:0 status: succ
05-04 09:37:09.001 0 0 I [dp_rx_][0xa0356fd3][09:37:09.001711] wlan: [1860:I:QDF] EAPOL-3 RX: SA:f8:af:05:82:ca:5c DA:3a:29:3c:5e:14:d2
05-04 09:37:09.010 0 0 I [soft_i][0xa0381f7f][09:37:09.010880] wlan: [0:I:QDF] EAPOL-4 TX: SA:3a:29:3c:5e:14:d2 DA:f8:af:05:82:ca:5c msdu_id:0 status: succ
05-04 09:37:09.032 0 0 E [schedu][0xa03e7f20][09:37:09.032635] wlan: [1858:E:QDF] Cannot malloc 0 bytes @ csr_get_cfg_max_tx_power:14199
05-04 09:37:09.044 0 0 I [schedu][0xa041efa4][09:37:09.044375] wlan: [1858:I:WMI] LFR3:OKC enabled
05-04 09:37:09.044 0 0 I [schedu][0xa041efe5][09:37:09.044379] wlan: [1858:I:WMI] LFR3:PMKSA caching enabled
05-04 09:37:09.065 7469 7639 D CompatibilityChangeReporter: Compat change id reported: 171306433; UID 1073; state: ENABLED
05-04 09:37:09.075 0 0 E [wifi@1][0xa04b0a2c][09:37:09.075449] wlan: [836:E:HDD] hdd_enable_ns_offload: 484: Failed to cache ns request; status:4
05-04 09:37:09.085 7469 7625 I netstats_mobile_sample: [0,0,0,0,0,0,0,0,0,0,0,0,1683164229085]
05-04 09:37:09.085 7469 7625 I netstats_wifi_sample: [0,0,0,0,0,0,0,0,0,0,0,0,1683164229085]
05-04 09:37:09.112 0 0 I [soft_i][0xa055ce41][09:37:09.112197] wlan: [0:I:QDF] DHCP-R TX: SA:3a:29:3c:5e:14:d2 DA:ff:ff:ff:ff:ff:ff msdu_id:2 status: succ
05-04 09:37:09.138 0 0 I [dp_rx_][0xa05d839d][09:37:09.138508] wlan: [1860:I:QDF] DHCP-A RX: SA:f8:af:05:82:ca:50 DA:3a:29:3c:5e:14:d2
05-04 09:37:09.146 7469 7625 I netstats_mobile_sample: [0,0,0,0,0,0,0,0,0,0,0,0,1683164229146]
05-04 09:37:09.146 7469 7625 I netstats_wifi_sample: [0,0,0,0,0,0,0,0,0,0,0,0,1683164229146]
05-04 09:37:09.151 7469 7625 I netstats_mobile_sample: [0,0,0,0,0,0,0,0,0,0,0,0,1683164229151]
05-04 09:37:09.151 7469 7625 I netstats_wifi_sample: [0,0,0,0,0,0,0,0,0,0,0,0,1683164229151]
05-04 09:37:09.160 7469 7625 I netstats_mobile_sample: [0,0,0,0,0,0,0,0,0,0,0,0,1683164229160]
05-04 09:37:09.160 7469 7625 I netstats_wifi_sample: [0,0,0,0,0,0,0,0,0,0,0,0,1683164229160]
05-04 09:37:09.162 7407 7427 E NetlinkEvent: NetlinkEvent::FindParam(): Parameter 'INTERFACE' not found
05-04 09:37:09.162 7407 7427 E NetlinkEvent: NetlinkEvent::FindParam(): Parameter 'STATE' not found
05-04 09:37:09.162 7407 7427 E NetlinkEvent: NetlinkEvent::FindParam(): Parameter 'TIME_NS' not found
05-04 09:37:09.162 7407 7427 E NetlinkEvent: NetlinkEvent::FindParam(): Parameter 'UID' not found
05-04 09:37:09.165 0 0 I [soft_i][0xa0657f33][09:37:09.165756] wlan: [0:I:DP] dp_addba_requestprocess_wifi3 restore BA win 256 based on addba req
05-04 09:37:09.167 7469 7625 I netstats_mobile_sample: [0,0,0,0,0,0,0,0,0,0,0,0,1683164229167]
05-04 09:37:09.167 7469 7625 I netstats_wifi_sample: [71,1,40,1,71,1,40,1,0,0,40,1,1683164229167]
05-04 09:37:09.169 7469 7625 W ContextImpl: Calling a method in the system process without a qualified user: android.app.ContextImpl.sendStickyBroadcast:1559 com.android.server.ConnectivityService.sendStickyBroadcast:2811 com.android.server.ConnectivityService.sendGeneralBroadcast:2786 com.android.server.ConnectivityService.sendConnectedBroadcast:2759 com.android.server.ConnectivityService.sendLegacyNetworkBroadcast:8704
05-04 09:37:09.178 7469 7469 D CompatibilityChangeReporter: Compat change id reported: 168419799; UID 1000; state: DISABLED
05-04 09:37:09.178 7469 7625 W ContextImpl: Calling a method in the system process without a qualified user: android.app.ContextImpl.sendStickyBroadcast:1559 com.android.server.ConnectivityService.sendStickyBroadcast:2811 com.android.server.ConnectivityService.sendGeneralBroadcast:2786 com.android.server.ConnectivityService.sendInetConditionBroadcast:2763 com.android.server.ConnectivityService.updateInetCondition:8451
05-04 09:37:09.180 7469 7686 W SyncManager: Clock is valid now.
05-04 09:37:09.180 7469 7686 I sync : [com.tencent.android.qqdownloader.YYBLiveAccountProvider,0,3,24220937]
05-04 09:37:09.192 0 0 E [wifi@1][0xa06d5b65][09:37:09.192585] wlan: [836:E:QDF] Cannot malloc 0 bytes @ csr_get_cfg_max_tx_power:14199
05-04 09:37:09.192 0 0 E [wifi@1][0xa06d62d9][09:37:09.192685] wlan: [836:E:QDF] Cannot malloc 0 bytes @ csr_get_cfg_max_tx_power:14199
05-04 09:37:09.192 0 0 I [schedu][0xa06d6bac][09:37:09.192802] wlan: [1858:I:WMI] LFR3:OKC enabled
05-04 09:37:09.192 0 0 I [schedu][0xa06d6bd1][09:37:09.192804] wlan: [1858:I:WMI] LFR3:PMKSA caching enabled
05-04 09:37:09.192 0 0 I [schedu][0xa06d7103][09:37:09.192873] wlan: [1858:I:WMI] LFR3:OKC enabled
05-04 09:37:09.192 0 0 I [schedu][0xa06d711b][09:37:09.192875] wlan: [1858:I:WMI] LFR3:PMKSA caching enabled
05-04 09:37:09.208 0 0 I [dp_rx_][0xa071e104][09:37:09.208020] wlan: [1860:I:QDF] DHCP-R RX: SA:3a:29:3c:5e:14:d2 DA:ff:ff:ff:ff:ff:ff
05-04 09:37:09.225 549 642 I vold : Bind mounting /mnt/runtime/default/emulated/0/Android/data on /mnt/user/0/emulated/0/Android/data
05-04 09:37:09.226 549 642 I vold : Bind mounted /mnt/runtime/default/emulated/0/Android/data on /mnt/user/0/emulated/0/Android/data
05-04 09:37:09.226 549 642 I vold : Bind mounting /mnt/runtime/default/emulated/0/Android/obb on /mnt/user/0/emulated/0/Android/obb
05-04 09:37:09.226 549 642 I vold : Bind mounted /mnt/runtime/default/emulated/0/Android/obb on /mnt/user/0/emulated/0/Android/obb
05-04 09:37:09.226 549 642 I vold : Bind mounting /mnt/runtime/write/emulated/0/Android/obb on /mnt/installer/0/emulated/0/Android/obb
05-04 09:37:09.226 549 642 I vold : Bind mounted /mnt/runtime/write/emulated/0/Android/obb on /mnt/installer/0/emulated/0/Android/obb
05-04 09:37:09.227 549 642 I vold : Configuring read_ahead of /mnt/user/0/emulated fuse filesystem to 256kb
05-04 09:37:09.227 549 642 I vold : Writing 256 to /sys/class/bdi/0:89/read_ahead_kb
05-04 09:37:09.227 549 642 I vold : Configuring max_ratio of /mnt/user/0/emulated fuse filesystem to 40
05-04 09:37:09.227 549 642 I vold : Writing 40 to /sys/class/bdi/0:89/max_ratio
05-04 09:37:09.227 7469 7608 I StorageManagerService: Mounted volume VolumeInfo{emulated;0}:
05-04 09:37:09.227 7469 7608 I StorageManagerService: type=EMULATED diskId=null partGuid= mountFlags=PRIMARY|VISIBLE
05-04 09:37:09.227 7469 7608 I StorageManagerService: mountUserId=0 state=MOUNTED
05-04 09:37:09.227 7469 7608 I StorageManagerService: fsType=null fsUuid=null fsLabel=null
05-04 09:37:09.227 7469 7608 I StorageManagerService: path=/storage/emulated internalPath=/data/media
05-04 09:37:09.227 7469 7608 I StorageSessionController: Notifying volume state changed for session with id: emulated;0
05-04 09:37:09.231 7469 7608 I StorageSessionController: Notifying volume state changed for session with id: emulated;0
05-04 09:37:09.233 7469 8302 D CompatibilityChangeReporter: Compat change id reported: 135634846; UID 10095; state: DISABLED
05-04 09:37:09.233 7469 8302 D CompatibilityChangeReporter: Compat change id reported: 177438394; UID 10095; state: DISABLED
05-04 09:37:09.233 7469 8302 D CompatibilityChangeReporter: Compat change id reported: 135772972; UID 10095; state: DISABLED
05-04 09:37:09.233 7469 8302 D CompatibilityChangeReporter: Compat change id reported: 135754954; UID 10095; state: DISABLED
05-04 09:37:09.234 7469 7497 D CompatibilityChangeReporter: Compat change id reported: 143937733; UID 10095; state: DISABLED
05-04 09:37:09.234 7469 7608 I StorageSessionController: Notifying volume state changed for session with id: emulated;0
05-04 09:37:09.239 7469 8978 I am_mem_factor: [0,1]
05-04 09:37:09.243 7469 7608 D StorageManagerService: Volume emulated;0 broadcasting checking to UserHandle{0}
05-04 09:37:09.244 7469 7608 D StorageManagerService: Volume emulated;0 broadcasting mounted to UserHandle{0}
05-04 09:37:09.246 7469 7497 I am_proc_start: [0,9253,10095,com.tencent.android.qqdownloader,content provider,{com.tencent.android.qqdownloader/com.tencent.assistant.db.contentprovider.WallpaperProvider}]
05-04 09:37:09.246 7469 7497 I ActivityManager: Start proc 9253:com.tencent.android.qqdownloader/u0a95 for content provider {com.tencent.android.qqdownloader/com.tencent.assistant.db.contentprovider.WallpaperProvider}
05-04 09:37:09.249 7469 7639 W ActivityManager: Background start not allowed: service Intent { cmp=com.tencent.android.qqdownloader/com.tencent.assistant.sdk.SDKSupportService (has extras) } to com.tencent.android.qqdownloader/com.tencent.assistant.sdk.SDKSupportService from pid=8914 uid=10095 pkg=com.tencent.android.qqdownloader startFg?=false
05-04 09:37:09.258 0 0 I binder : 9253:9253 ioctl 40046210 7fed10e184 returned -22
05-04 09:37:09.265 7469 7639 W ActivityManager: Background start not allowed: service Intent { cmp=com.tencent.android.qqdownloader/com.tencent.assistant.daemon.CoreService } to com.tencent.android.qqdownloader/com.tencent.assistant.daemon.CoreService from pid=8995 uid=10095 pkg=com.tencent.android.qqdownloader startFg?=false
05-04 09:37:09.272 7469 8978 I am_proc_bound: [0,9253,com.tencent.android.qqdownloader]
05-04 09:37:09.277 7469 7497 I am_proc_start: [0,9290,10095,com.tencent.android.qqdownloader:cloud,service,{com.tencent.android.qqdownloader/com.live.watermelon.service.SentryAlphaService}]
05-04 09:37:09.277 7469 7497 I ActivityManager: Start proc 9290:com.tencent.android.qqdownloader:cloud/u0a95 for service {com.tencent.android.qqdownloader/com.live.watermelon.service.SentryAlphaService}
05-04 09:37:09.280 7469 8978 D CompatibilityChangeReporter: Compat change id reported: 149924527; UID 10092; state: ENABLED
05-04 09:37:09.281 0 0 I binder : 3932:3932 transaction failed 29189/-22, size 304-0 line 3071
05-04 09:37:09.282 7469 7639 D CompatibilityChangeReporter: Compat change id reported: 135634846; UID 10096; state: DISABLED
05-04 09:37:09.282 7469 7639 D CompatibilityChangeReporter: Compat change id reported: 177438394; UID 10096; state: DISABLED
05-04 09:37:09.282 7469 7639 D CompatibilityChangeReporter: Compat change id reported: 135772972; UID 10096; state: DISABLED
05-04 09:37:09.283 7469 7639 D CompatibilityChangeReporter: Compat change id reported: 135754954; UID 10096; state: DISABLED
05-04 09:37:09.283 7469 8302 D CompatibilityChangeReporter: Compat change id reported: 132649864; UID 10092; state: DISABLED
05-04 09:37:09.283 7469 7497 D CompatibilityChangeReporter: Compat change id reported: 143937733; UID 10096; state: DISABLED
05-04 09:37:09.284 7469 8978 D CompatibilityChangeReporter: Compat change id reported: 182734110; UID 10092; state: DISABLED
05-04 09:37:09.287 7469 7639 W ActivityManager: Background start not allowed: service Intent { cmp=com.tencent.android.qqdownloader/com.tencent.assistant.main.MainService } to com.tencent.android.qqdownloader/com.tencent.assistant.main.MainService from pid=8995 uid=10095 pkg=com.tencent.android.qqdownloader startFg?=false
05-04 09:37:09.289 7469 7639 W ActivityManager: Background start not allowed: service Intent { cmp=com.tencent.android.qqdownloader/com.tencent.assistant.main.MainService } to com.tencent.android.qqdownloader/com.tencent.assistant.main.MainService from pid=8995 uid=10095 pkg=com.tencent.android.qqdownloader startFg?=false
05-04 09:37:09.290 7469 7639 D CompatibilityChangeReporter: Compat change id reported: 149924527; UID 10095; state: ENABLED
05-04 09:37:09.290 7469 7639 D CompatibilityChangeReporter: Compat change id reported: 132649864; UID 10095; state: DISABLED
05-04 09:37:09.291 7469 7497 I am_proc_start: [0,9294,10096,com.tencent.mobileqq,content provider,{com.tencent.mobileqq/com.tencent.mqq.shared_file_accessor.ContentProviderImpl}]
05-04 09:37:09.291 7469 7497 I ActivityManager: Start proc 9294:com.tencent.mobileqq/u0a96 for content provider {com.tencent.mobileqq/com.tencent.mqq.shared_file_accessor.ContentProviderImpl}
05-04 09:37:09.291 7469 7639 W ActivityManager: Background start not allowed: service Intent { cmp=com.tencent.android.qqdownloader/com.tencent.assistant.main.MainService } to com.tencent.android.qqdownloader/com.tencent.assistant.main.MainService from pid=8995 uid=10095 pkg=com.tencent.android.qqdownloader startFg?=false
05-04 09:37:09.293 7469 7567 W ActivityManager: Background start not allowed: service Intent { cmp=com.tencent.android.qqdownloader/com.tencent.assistant.main.MainService } to com.tencent.android.qqdownloader/com.tencent.assistant.main.MainService from pid=8995 uid=10095 pkg=com.tencent.android.qqdownloader startFg?=false
05-04 09:37:09.296 7469 7567 W ActivityManager: Background start not allowed: service Intent { cmp=com.tencent.android.qqdownloader/com.tencent.assistant.main.MainService } to com.tencent.android.qqdownloader/com.tencent.assistant.main.MainService from pid=8995 uid=10095 pkg=com.tencent.android.qqdownloader startFg?=false
05-04 09:37:09.297 7469 7639 W ActivityManager: Background start not allowed: service Intent { cmp=com.tencent.android.qqdownloader/com.tencent.assistant.main.MainService } to com.tencent.android.qqdownloader/com.tencent.assistant.main.MainService from pid=8995 uid=10095 pkg=com.tencent.android.qqdownloader startFg?=false
05-04 09:37:09.297 7469 7567 W ActivityManager: Background start not allowed: service Intent { cmp=com.tencent.android.qqdownloader/com.tencent.assistant.main.MainService } to com.tencent.android.qqdownloader/com.tencent.assistant.main.MainService from pid=8995 uid=10095 pkg=com.tencent.android.qqdownloader startFg?=false
05-04 09:37:09.298 7469 7639 W ActivityManager: Background start not allowed: service Intent { cmp=com.tencent.android.qqdownloader/com.tencent.assistant.main.MainService } to com.tencent.android.qqdownloader/com.tencent.assistant.main.MainService from pid=8995 uid=10095 pkg=com.tencent.android.qqdownloader startFg?=false
05-04 09:37:09.299 7469 7567 W ActivityManager: Background start not allowed: service Intent { cmp=com.tencent.android.qqdownloader/com.tencent.assistant.main.MainService } to com.tencent.android.qqdownloader/com.tencent.assistant.main.MainService from pid=8995 uid=10095 pkg=com.tencent.android.qqdownloader startFg?=false
05-04 09:37:09.300 7469 7639 W ActivityManager: Background start not allowed: service Intent { cmp=com.tencent.android.qqdownloader/com.tencent.assistant.main.MainService } to com.tencent.android.qqdownloader/com.tencent.assistant.main.MainService from pid=8995 uid=10095 pkg=com.tencent.android.qqdownloader startFg?=false
05-04 09:37:09.276 9291 9291 I auditd : type=1400 audit(0.0:9101): avc: granted { execute_no_trans } for comm="Thread-4" path="/data/user/0/com.tencent.android.qqdownloader/app_bin/daemon2_64_v2.2.2" dev="dm-10" ino=10287 scontext=u:r:untrusted_app_27:s0:c512,c768 tcontext=u:object_r:app_data_file:s0:c512,c768 tclass=file app=com.tencent.android.qqdownloader
05-04 09:37:09.296 9291 9291 I auditd : type=1400 audit(0.0:9102): avc: granted { execute } for comm="daemon2_64_v2.2" path="/data/user/0/com.tencent.android.qqdownloader/app_bin/daemon2_64_v2.2.2" dev="dm-10" ino=10287 scontext=u:r:untrusted_app_27:s0:c512,c768 tcontext=u:object_r:app_data_file:s0:c512,c768 tclass=file app=com.tencent.android.qqdownloader
05-04 09:37:09.301 7469 7639 W ActivityManager: Background start not allowed: service Intent { cmp=com.tencent.android.qqdownloader/com.tencent.assistant.main.MainService } to com.tencent.android.qqdownloader/com.tencent.assistant.main.MainService from pid=8995 uid=10095 pkg=com.tencent.android.qqdownloader startFg?=false
05-04 09:37:09.296 9291 9291 I auditd : type=1400 audit(0.0:9103): avc: denied { getattr } for comm="daemon2_64_v2.2" path="/postinstall" dev="dm-5" ino=44 scontext=u:r:untrusted_app_27:s0:c512,c768 tcontext=u:object_r:postinstall_mnt_dir:s0 tclass=dir permissive=1 app=com.tencent.android.qqdownloader
05-04 09:37:09.303 7469 7567 W ActivityManager: Background start not allowed: service Intent { cmp=com.tencent.android.qqdownloader/com.tencent.assistant.main.MainService } to com.tencent.android.qqdownloader/com.tencent.assistant.main.MainService from pid=8995 uid=10095 pkg=com.tencent.android.qqdownloader startFg?=false
05-04 09:37:09.308 0 0 I binder : 9290:9290 ioctl 40046210 7fed10e184 returned -22
05-04 09:37:09.311 0 0 I binder : 9294:9294 ioctl 40046210 7fed10e184 returned -22
05-04 09:37:09.313 7469 7567 W ActivityManager: Background start not allowed: service Intent { cmp=com.tencent.android.qqdownloader/com.tencent.assistant.main.MainService } to com.tencent.android.qqdownloader/com.tencent.assistant.main.MainService from pid=8995 uid=10095 pkg=com.tencent.android.qqdownloader startFg?=false
05-04 09:37:09.314 7469 7567 W ActivityManager: Background start not allowed: service Intent { cmp=com.tencent.android.qqdownloader/com.tencent.assistant.main.MainService } to com.tencent.android.qqdownloader/com.tencent.assistant.main.MainService from pid=8995 uid=10095 pkg=com.tencent.android.qqdownloader startFg?=false
05-04 09:37:09.314 7469 7567 W ActivityManager: Background start not allowed: service Intent { cmp=com.tencent.android.qqdownloader/com.tencent.assistant.main.MainService } to com.tencent.android.qqdownloader/com.tencent.assistant.main.MainService from pid=8995 uid=10095 pkg=com.tencent.android.qqdownloader startFg?=false
05-04 09:37:09.315 7469 7567 W ActivityManager: Background start not allowed: service Intent { cmp=com.tencent.android.qqdownloader/com.tencent.assistant.main.MainService } to com.tencent.android.qqdownloader/com.tencent.assistant.main.MainService from pid=8995 uid=10095 pkg=com.tencent.android.qqdownloader startFg?=false
05-04 09:37:09.317 7469 7639 I am_proc_bound: [0,9294,com.tencent.mobileqq]
05-04 09:37:09.320 7469 7567 W ActivityManager: Background start not allowed: service Intent { cmp=com.tencent.android.qqdownloader/com.tencent.assistant.main.MainService } to com.tencent.android.qqdownloader/com.tencent.assistant.main.MainService from pid=8995 uid=10095 pkg=com.tencent.android.qqdownloader startFg?=false
05-04 09:37:09.320 0 0 I binder : 9333:9333 ioctl 40046210 7ffcb84b24 returned -22
05-04 09:37:09.324 7469 7567 W ActivityManager: Background start not allowed: service Intent { cmp=com.tencent.android.qqdownloader/com.tencent.assistant.main.MainService } to com.tencent.android.qqdownloader/com.tencent.assistant.main.MainService from pid=8995 uid=10095 pkg=com.tencent.android.qqdownloader startFg?=false
05-04 09:37:09.324 7469 7567 W ActivityManager: Background start not allowed: service Intent { cmp=com.tencent.android.qqdownloader/com.tencent.assistant.main.MainService } to com.tencent.android.qqdownloader/com.tencent.assistant.main.MainService from pid=8995 uid=10095 pkg=com.tencent.android.qqdownloader startFg?=false
05-04 09:37:09.325 7469 7567 W ActivityManager: Background start not allowed: service Intent { cmp=com.tencent.android.qqdownloader/com.tencent.assistant.main.MainService } to com.tencent.android.qqdownloader/com.tencent.assistant.main.MainService from pid=8995 uid=10095 pkg=com.tencent.android.qqdownloader startFg?=false
05-04 09:37:09.326 7469 7639 I am_proc_bound: [0,9290,com.tencent.android.qqdownloader:cloud]
05-04 09:37:09.340 7469 8978 W ActivityManager: Background start not allowed: service Intent { cmp=com.tencent.android.qqdownloader/com.tencent.assistant.main.MainService } to com.tencent.android.qqdownloader/com.tencent.assistant.main.MainService from pid=8995 uid=10095 pkg=com.tencent.android.qqdownloader startFg?=false
05-04 09:37:09.341 7469 8978 W ActivityManager: Background start not allowed: service Intent { cmp=com.tencent.android.qqdownloader/com.tencent.assistant.main.MainService } to com.tencent.android.qqdownloader/com.tencent.assistant.main.MainService from pid=8995 uid=10095 pkg=com.tencent.android.qqdownloader startFg?=false
05-04 09:37:09.345 7469 7639 W ActivityManager: Background start not allowed: service Intent { cmp=com.tencent.android.qqdownloader/com.tencent.assistant.main.MainService } to com.tencent.android.qqdownloader/com.tencent.assistant.main.MainService from pid=8995 uid=10095 pkg=com.tencent.android.qqdownloader startFg?=false
05-04 09:37:09.349 7469 7639 W ActivityManager: Background start not allowed: service Intent { cmp=com.tencent.android.qqdownloader/com.tencent.assistant.main.MainService } to com.tencent.android.qqdownloader/com.tencent.assistant.main.MainService from pid=8995 uid=10095 pkg=com.tencent.android.qqdownloader startFg?=false
05-04 09:37:09.349 7469 7639 W ActivityManager: Background start not allowed: service Intent { cmp=com.tencent.android.qqdownloader/com.tencent.assistant.main.MainService } to com.tencent.android.qqdownloader/com.tencent.assistant.main.MainService from pid=8995 uid=10095 pkg=com.tencent.android.qqdownloader startFg?=false
05-04 09:37:09.350 7469 7639 W ActivityManager: Background start not allowed: service Intent { cmp=com.tencent.android.qqdownloader/com.tencent.assistant.main.MainService } to com.tencent.android.qqdownloader/com.tencent.assistant.main.MainService from pid=8995 uid=10095 pkg=com.tencent.android.qqdownloader startFg?=false
05-04 09:37:09.351 7469 7567 W ActivityManager: Background start not allowed: service Intent { cmp=com.tencent.android.qqdownloader/com.tencent.assistant.main.MainService } to com.tencent.android.qqdownloader/com.tencent.assistant.main.MainService from pid=8995 uid=10095 pkg=com.tencent.android.qqdownloader startFg?=false
05-04 09:37:09.351 7469 7567 W ActivityManager: Background start not allowed: service Intent { cmp=com.tencent.android.qqdownloader/com.tencent.assistant.main.MainService } to com.tencent.android.qqdownloader/com.tencent.assistant.main.MainService from pid=8995 uid=10095 pkg=com.tencent.android.qqdownloader startFg?=false
05-04 09:37:09.367 7469 7639 W ActivityManager: Background start not allowed: service Intent { cmp=com.tencent.android.qqdownloader/com.tencent.assistant.sdk.SDKSupportService (has extras) } to com.tencent.android.qqdownloader/com.tencent.assistant.sdk.SDKSupportService from pid=8914 uid=10095 pkg=com.tencent.android.qqdownloader startFg?=false
05-04 09:37:09.377 7469 7567 W ActivityManager: Background start not allowed: service Intent { cmp=com.tencent.android.qqdownloader/com.tencent.assistant.sdk.SDKSupportService (has extras) } to com.tencent.android.qqdownloader/com.tencent.assistant.sdk.SDKSupportService from pid=8914 uid=10095 pkg=com.tencent.android.qqdownloader startFg?=false
05-04 09:37:09.388 7469 7567 W ActivityManager: Background start not allowed: service Intent { cmp=com.tencent.android.qqdownloader/com.tencent.assistant.main.MainService } to com.tencent.android.qqdownloader/com.tencent.assistant.main.MainService from pid=8995 uid=10095 pkg=com.tencent.android.qqdownloader startFg?=false
05-04 09:37:09.390 7469 7686 I sync : [com.tencent.android.qqdownloader.YYBLiveAccountProvider,1,3,24220937]
05-04 09:37:09.393 7469 7686 I commit_sys_config_file: [sync-status,2]
05-04 09:37:09.403 7469 7686 I sync : [com.tencent.android.qqdownloader.YYBLiveAccountProvider,0,3,24220937]
05-04 09:37:09.406 7469 8978 W ActivityManager: Background start not allowed: service Intent { cmp=com.tencent.android.qqdownloader/com.tencent.assistant.sdk.SDKSupportService (has extras) } to com.tencent.android.qqdownloader/com.tencent.assistant.sdk.SDKSupportService from pid=8914 uid=10095 pkg=com.tencent.android.qqdownloader startFg?=false
05-04 09:37:09.411 7469 7567 W ActivityManager: Background start not allowed: service Intent { cmp=com.tencent.android.qqdownloader/com.tencent.assistant.main.MainService } to com.tencent.android.qqdownloader/com.tencent.assistant.main.MainService from pid=8995 uid=10095 pkg=com.tencent.android.qqdownloader startFg?=false
05-04 09:37:09.414 7469 8972 W ActivityManager: Background start not allowed: service Intent { cmp=com.tencent.android.qqdownloader/com.tencent.assistant.sdk.SDKSupportService (has extras) } to com.tencent.android.qqdownloader/com.tencent.assistant.sdk.SDKSupportService from pid=8914 uid=10095 pkg=com.tencent.android.qqdownloader startFg?=false
05-04 09:37:09.427 7469 7686 I sync : [com.tencent.android.qqdownloader.YYBLiveAccountProvider,1,3,24220937]
05-04 09:37:09.433 7469 7686 I commit_sys_config_file: [sync-status,42]
05-04 09:37:09.424 9253 9253 I auditd : type=1400 audit(0.0:9104): avc: granted { execute } for comm="id.qqdownloader" path="/data/user/0/com.tencent.android.qqdownloader/files/res_hub/yyb/online/wx_lib_host_so_64_10/arm64-v8a/libc++_shared.so" dev="dm-10" ino=10256 scontext=u:r:untrusted_app_27:s0:c512,c768 tcontext=u:object_r:app_data_file:s0:c512,c768 tclass=file app=com.tencent.android.qqdownloader
05-04 09:37:09.435 7469 8972 D CompatibilityChangeReporter: Compat change id reported: 172100307; UID 10092; state: DISABLED
05-04 09:37:09.436 7469 7496 W BroadcastQueue: Permission Denial: broadcasting Intent { act=android.net.conn.CONNECTIVITY_CHANGE flg=0x4200010 (has extras) } from null (pid=-1, uid=-1) requires com.baidu.input.permission.sofire.RECEIVE due to registered receiver BroadcastFilter{42c12a6 10031/u0 ReceiverList{4ef6401 9024 com.baidu.input/10031/u0 remote:27005e8}}
05-04 09:37:09.437 7469 7639 W ActivityManager: Background start not allowed: service Intent { cmp=com.tencent.android.qqdownloader/com.tencent.assistant.main.MainService } to com.tencent.android.qqdownloader/com.tencent.assistant.main.MainService from pid=8995 uid=10095 pkg=com.tencent.android.qqdownloader startFg?=false
05-04 09:37:09.445 0 0 W audit : audit_lost=8873 audit_rate_limit=5 audit_backlog_limit=64
05-04 09:37:09.445 0 0 E audit : rate limit exceeded
05-04 09:37:09.451 7469 7639 D CompatibilityChangeReporter: Compat change id reported: 171306433; UID 10031; state: DISABLED
05-04 09:37:09.457 7469 8972 W ActivityManager: Background start not allowed: service Intent { cmp=com.tencent.android.qqdownloader/com.tencent.assistant.main.MainService } to com.tencent.android.qqdownloader/com.tencent.assistant.main.MainService from pid=8995 uid=10095 pkg=com.tencent.android.qqdownloader startFg?=false
05-04 09:37:09.458 7469 8972 W ActivityManager: Background start not allowed: service Intent { cmp=com.tencent.android.qqdownloader/com.tencent.assistant.main.MainService } to com.tencent.android.qqdownloader/com.tencent.assistant.main.MainService from pid=8995 uid=10095 pkg=com.tencent.android.qqdownloader startFg?=false
05-04 09:37:09.470 7469 7639 W ActivityManager: Background start not allowed: service Intent { cmp=com.tencent.android.qqdownloader/com.tencent.assistant.main.MainService } to com.tencent.android.qqdownloader/com.tencent.assistant.main.MainService from pid=8995 uid=10095 pkg=com.tencent.android.qqdownloader startFg?=false
05-04 09:37:09.474 7469 7567 W ActivityManager: Background start not allowed: service Intent { cmp=com.tencent.android.qqdownloader/com.tencent.assistant.main.MainService } to com.tencent.android.qqdownloader/com.tencent.assistant.main.MainService from pid=8995 uid=10095 pkg=com.tencent.android.qqdownloader startFg?=false
05-04 09:37:09.477 7469 7567 W ActivityManager: Background start not allowed: service Intent { cmp=com.tencent.android.qqdownloader/com.tencent.assistant.main.MainService } to com.tencent.android.qqdownloader/com.tencent.assistant.main.MainService from pid=8995 uid=10095 pkg=com.tencent.android.qqdownloader startFg?=false
05-04 09:37:09.478 7469 7567 W ActivityManager: Background start not allowed: service Intent { cmp=com.tencent.android.qqdownloader/com.tencent.assistant.main.MainService } to com.tencent.android.qqdownloader/com.tencent.assistant.main.MainService from pid=8995 uid=10095 pkg=com.tencent.android.qqdownloader startFg?=false
05-04 09:37:09.479 7469 7567 W ActivityManager: Background start not allowed: service Intent { cmp=com.tencent.android.qqdownloader/com.tencent.assistant.main.MainService } to com.tencent.android.qqdownloader/com.tencent.assistant.main.MainService from pid=8995 uid=10095 pkg=com.tencent.android.qqdownloader startFg?=false
05-04 09:37:09.480 7469 7567 W ActivityManager: Background start not allowed: service Intent { cmp=com.tencent.android.qqdownloader/com.tencent.assistant.main.MainService } to com.tencent.android.qqdownloader/com.tencent.assistant.main.MainService from pid=8995 uid=10095 pkg=com.tencent.android.qqdownloader startFg?=false
05-04 09:37:09.481 7469 7567 W ActivityManager: Background start not allowed: service Intent { cmp=com.tencent.android.qqdownloader/com.tencent.assistant.main.MainService } to com.tencent.android.qqdownloader/com.tencent.assistant.main.MainService from pid=8995 uid=10095 pkg=com.tencent.android.qqdownloader startFg?=false
05-04 09:37:09.482 7469 7567 W ActivityManager: Background start not allowed: service Intent { cmp=com.tencent.android.qqdownloader/com.tencent.assistant.main.MainService } to com.tencent.android.qqdownloader/com.tencent.assistant.main.MainService from pid=8995 uid=10095 pkg=com.tencent.android.qqdownloader startFg?=false
05-04 09:37:09.483 7469 7567 W ActivityManager: Background start not allowed: service Intent { cmp=com.tencent.android.qqdownloader/com.tencent.assistant.main.MainService } to com.tencent.android.qqdownloader/com.tencent.assistant.main.MainService from pid=8995 uid=10095 pkg=com.tencent.android.qqdownloader startFg?=false
05-04 09:37:09.484 7469 7567 W ActivityManager: Background start not allowed: service Intent { cmp=com.tencent.android.qqdownloader/com.tencent.assistant.main.MainService } to com.tencent.android.qqdownloader/com.tencent.assistant.main.MainService from pid=8995 uid=10095 pkg=com.tencent.android.qqdownloader startFg?=false
05-04 09:37:09.481 0 0 I [soft_i][0xa0c1fc29][09:37:09.481449] wlan: [0:I:DP] dp_addba_requestprocess_wifi3 restore BA win 256 based on addba req
05-04 09:37:09.484 7469 7567 W ActivityManager: Background start not allowed: service Intent { cmp=com.tencent.android.qqdownloader/com.tencent.assistant.main.MainService } to com.tencent.android.qqdownloader/com.tencent.assistant.main.MainService from pid=8995 uid=10095 pkg=com.tencent.android.qqdownloader startFg?=false
05-04 09:37:09.485 7469 7567 W ActivityManager: Background start not allowed: service Intent { cmp=com.tencent.android.qqdownloader/com.tencent.assistant.main.MainService } to com.tencent.android.qqdownloader/com.tencent.assistant.main.MainService from pid=8995 uid=10095 pkg=com.tencent.android.qqdownloader startFg?=false
05-04 09:37:09.487 7469 8972 W ActivityManager: Background start not allowed: service Intent { cmp=com.tencent.android.qqdownloader/com.tencent.assistant.main.MainService } to com.tencent.android.qqdownloader/com.tencent.assistant.main.MainService from pid=8995 uid=10095 pkg=com.tencent.android.qqdownloader startFg?=false
05-04 09:37:09.490 7469 8972 W ActivityManager: Background start not allowed: service Intent { cmp=com.tencent.android.qqdownloader/com.tencent.assistant.main.MainService } to com.tencent.android.qqdownloader/com.tencent.assistant.main.MainService from pid=8995 uid=10095 pkg=com.tencent.android.qqdownloader startFg?=false
05-04 09:37:09.491 7469 8972 W ActivityManager: Background start not allowed: service Intent { cmp=com.tencent.android.qqdownloader/com.tencent.assistant.main.MainService } to com.tencent.android.qqdownloader/com.tencent.assistant.main.MainService from pid=8995 uid=10095 pkg=com.tencent.android.qqdownloader startFg?=false
05-04 09:37:09.492 7469 8972 W ActivityManager: Background start not allowed: service Intent { cmp=com.tencent.android.qqdownloader/com.tencent.assistant.main.MainService } to com.tencent.android.qqdownloader/com.tencent.assistant.main.MainService from pid=8995 uid=10095 pkg=com.tencent.android.qqdownloader startFg?=false
05-04 09:37:09.493 7469 8972 W ActivityManager: Background start not allowed: service Intent { cmp=com.tencent.android.qqdownloader/com.tencent.assistant.main.MainService } to com.tencent.android.qqdownloader/com.tencent.assistant.main.MainService from pid=8995 uid=10095 pkg=com.tencent.android.qqdownloader startFg?=false
05-04 09:37:09.506 7469 8972 E PackageDexUsage: Unsupported context?
05-04 09:37:09.536 7469 8972 W ActivityTaskManager: Current config: {1.0 ?mcc?mnc [zh_CN] ldltr sw680dp w1586dp h625dp 240dpi lrg long hdr land finger -keyb/v/h -nav/h winConfig={ mBounds=Rect(0, 0 - 2380, 1020) mAppBounds=Rect(0, 0 - 2380, 974) mMaxBounds=Rect(0, 0 - 2380, 1020) mWindowingMode=fullscreen mDisplayWindowingMode=fullscreen mActivityType=undefined mAlwaysOnTop=undefined mRotation=ROTATION_0} s.10 fontWeightAdjustment=0} unchanged for IME proc com.baidu.input
05-04 09:37:09.536 7469 8972 W ActivityTaskManager: Current config: {1.0 ?mcc?mnc [zh_CN] ldltr sw680dp w1586dp h625dp 240dpi lrg long hdr land finger -keyb/v/h -nav/h winConfig={ mBounds=Rect(0, 0 - 2380, 1020) mAppBounds=Rect(0, 0 - 2380, 974) mMaxBounds=Rect(0, 0 - 2380, 1020) mWindowingMode=fullscreen mDisplayWindowingMode=fullscreen mActivityType=undefined mAlwaysOnTop=undefined mRotation=ROTATION_0} s.10 fontWeightAdjustment=0} unchanged for IME proc com.baidu.input
05-04 09:37:09.539 0 0 I binder : 9473:9473 ioctl 40046210 7fc26c7344 returned -22
05-04 09:37:09.692 0 0 I input : RAPOO BT4.0 Mouse Mouse as /devices/virtual/misc/uhid/0005:000E:3412.0002/input/input10
05-04 09:37:09.692 0 0 I input : RAPOO BT4.0 Mouse Consumer Control as /devices/virtual/misc/uhid/0005:000E:3412.0002/input/input11
05-04 09:37:09.692 0 0 I hid-generic 0005: 000E:3412.0002: input,hidraw0: BLUETOOTH HID v1.01 Mouse [RAPOO BT4.0 Mouse] on
05-04 09:37:09.697 0 0 E : [drm:dp_display_init_aux_switch][msm-dp-err][740 ]failed to register notifier (-22)
05-04 09:37:09.697 0 0 E register_client_adhoc: find path.src 1 dest 589
05-04 09:37:09.697 0 0 E register_client_adhoc: Failed to find path.src 1 dest 589
05-04 09:37:09.765 0 0 I [soft_i][0xa11515bf][09:37:09.765097] wlan: [0:I:DP] dp_addba_requestprocess_wifi3 restore BA win 256 based on addba req
05-04 09:37:09.868 7469 7891 W ActivityManager: Background start not allowed: service Intent { cmp=com.tencent.android.qqdownloader/com.tencent.assistant.main.MainService } to com.tencent.android.qqdownloader/com.tencent.assistant.main.MainService from pid=9253 uid=10095 pkg=com.tencent.android.qqdownloader startFg?=false
05-04 09:37:09.871 7469 7891 W ActivityManager: Background start not allowed: service Intent { cmp=com.tencent.android.qqdownloader/com.tencent.assistant.main.MainService } to com.tencent.android.qqdownloader/com.tencent.assistant.main.MainService from pid=9253 uid=10095 pkg=com.tencent.android.qqdownloader startFg?=false
05-04 09:37:09.949 7469 7496 W BroadcastQueue: Permission Denial: broadcasting Intent { act=android.net.conn.CONNECTIVITY_CHANGE flg=0x4200010 (has extras) } from null (pid=-1, uid=-1) requires com.baidu.input.permission.sofire.RECEIVE due to registered receiver BroadcastFilter{10e1b1c 10031/u0 ReceiverList{9270c8f 9024 com.baidu.input/10031/u0 remote:6bddfee}}
05-04 09:37:09.977 9024 9454 E ActivityThread: Failed to find provider info for telephony
05-04 09:37:10.317 7469 7488 I commit_sys_config_file: [jobs,6]
05-04 09:37:10.416 9652 9652 I auditd : type=1400 audit(0.0:9818): avc: denied { read } for comm="cat" name="uptime" dev="proc" ino=4026532246 scontext=u:r:priv_app:s0:c512,c768 tcontext=u:object_r:proc_uptime:s0 tclass=file permissive=1
05-04 09:37:10.416 9652 9652 I auditd : type=1400 audit(0.0:9819): avc: denied { open } for comm="cat" path="/proc/uptime" dev="proc" ino=4026532246 scontext=u:r:priv_app:s0:c512,c768 tcontext=u:object_r:proc_uptime:s0 tclass=file permissive=1
05-04 09:37:10.416 9253 9253 I auditd : type=1400 audit(0.0:9820): avc: granted { execute } for comm="kcsdk_temporary" path="/data/user/0/com.tencent.android.qqdownloader/files/plugin/com.tencent.plugin.dawangka/arm64-v8a/libKcsdk-2.0.9.so" dev="dm-10" ino=10664 scontext=u:r:untrusted_app_27:s0:c512,c768 tcontext=u:object_r:app_data_file:s0:c512,c768 tclass=file app=com.tencent.android.qqdownloader
05-04 09:37:10.468 7469 7599 I input_interaction: Interaction with: 6bdf8e7 com.android.launcher3/com.android.launcher3.uioverrides.QuickstepLauncher (server), PointerEventDispatcher0 (server),
05-04 09:37:10.456 9024 9024 I auditd : type=1400 audit(0.0:9821): avc: denied { open } for comm="sec-1-thread-1" path="/proc/stat" dev="proc" ino=4026532245 scontext=u:r:priv_app:s0:c512,c768 tcontext=u:object_r:proc_stat:s0 tclass=file permissive=1 app=com.baidu.input
05-04 09:37:10.456 9024 9024 I auditd : type=1400 audit(0.0:9822): avc: denied { getattr } for comm="sec-1-thread-1" path="/proc/stat" dev="proc" ino=4026532245 scontext=u:r:priv_app:s0:c512,c768 tcontext=u:object_r:proc_stat:s0 tclass=file permissive=1 app=com.baidu.input
05-04 09:37:10.500 9024 9604 W PackageParser: No actions in intent filter at /system/priv-app/baidu_ime-mainLine-release/baidu_ime-mainLine-release.apk Binary XML file line #1529
05-04 09:37:10.547 0 0 W audit : audit_lost=9586 audit_rate_limit=5 audit_backlog_limit=64
05-04 09:37:10.547 0 0 E audit : rate limit exceeded
05-04 09:37:10.583 7469 8660 D CompatibilityChangeReporter: Compat change id reported: 135634846; UID 1000; state: DISABLED
05-04 09:37:10.583 7469 8660 D CompatibilityChangeReporter: Compat change id reported: 177438394; UID 1000; state: DISABLED
05-04 09:37:10.583 7469 8660 D CompatibilityChangeReporter: Compat change id reported: 135772972; UID 1000; state: DISABLED
05-04 09:37:10.583 7469 8660 D CompatibilityChangeReporter: Compat change id reported: 135754954; UID 1000; state: ENABLED
05-04 09:37:10.583 7469 8660 I backup_transport_lifecycle: [com.android.localtransport/.LocalTransportService,1]
05-04 09:37:10.590 7469 7497 I am_proc_start: [0,9677,1000,com.android.localtransport,service,{com.android.localtransport/com.android.localtransport.LocalTransportService}]
05-04 09:37:10.590 7469 7497 I ActivityManager: Start proc 9677:com.android.localtransport/1000 for service {com.android.localtransport/com.android.localtransport.LocalTransportService}
05-04 09:37:10.607 7469 7891 I am_proc_bound: [0,9677,com.android.localtransport]
05-04 09:37:10.605 0 0 I binder : 9677:9677 ioctl 40046210 7fed10e184 returned -22
05-04 09:37:10.633 7469 7469 I backup_transport_connection: [com.android.localtransport/.LocalTransportService,1]
05-04 09:37:10.633 7469 7469 I TransportClient: LocalTransportService#0: Notifying [TransportManager.registerTransport()] transport = IBackupTransport
05-04 09:37:10.635 7469 8660 D BackupTransportManager: Transport com.android.localtransport/.LocalTransportService registered
05-04 09:37:10.635 7469 8660 D BackupManagerService: [UserID:0] Transport com.android.localtransport/.LocalTransport registered 3065ms after first request (delay = 3000ms)
05-04 09:37:10.636 7469 8660 I backup_transport_lifecycle: [com.android.localtransport/.LocalTransportService,0]
05-04 09:37:10.636 7469 8660 I backup_transport_connection: [com.android.localtransport/.LocalTransportService,0]
05-04 09:37:10.638 7469 8660 I BackupManagerService: [UserID:0] Found 21 stale backup journal(s), scheduling.
05-04 09:37:10.638 7469 8660 V BackupManagerConstants: getKeyValueBackupIntervalMilliseconds(...) returns 14400000
05-04 09:37:10.638 7469 8660 V BackupManagerConstants: getKeyValueBackupFuzzMilliseconds(...) returns 600000
05-04 09:37:10.638 7469 8660 V BackupManagerConstants: getKeyValueBackupRequiredNetworkType(...) returns 1
05-04 09:37:10.638 7469 8660 V BackupManagerConstants: getKeyValueBackupRequireCharging(...) returns true
05-04 09:37:10.638 7469 8660 V KeyValueBackupJob: Scheduling k/v pass in 244 minutes
05-04 09:37:10.646 7469 8660 I BackupManagerService: [UserID:0] Stale backup journals: Scheduled 8 package(s) total
05-04 09:37:10.656 7469 7495 I sysui_multi_action: [757,1717,758,1,759,0]
05-04 09:37:10.656 7469 7495 I sysui_multi_action: [757,1717,758,2,759,0]
05-04 09:37:10.656 7469 7495 I sysui_multi_action: [757,1717,758,3,759,0]
05-04 09:37:10.743 7469 7891 D CompatibilityChangeReporter: Compat change id reported: 168419799; UID 10064; state: DISABLED
05-04 09:37:10.748 8172 8172 E AndroidRuntime: FATAL EXCEPTION: main
05-04 09:37:10.748 8172 8172 E AndroidRuntime: Process: com.qualcomm.qti.devicestatisticsservice, PID: 8172
05-04 09:37:10.748 8172 8172 E AndroidRuntime: java.lang.NoClassDefFoundError: Failed resolution of: Landroid/hidl/manager/V1_0/IServiceNotification$Stub;
05-04 09:37:10.748 8172 8172 E AndroidRuntime: at com.qualcomm.qti.devicestatisticsservice.DeviceStatisticsService.onStartCommand(DeviceStatisticsService.java:83)
05-04 09:37:10.748 8172 8172 E AndroidRuntime: at android.app.ActivityThread.handleServiceArgs(ActivityThread.java:4640)
05-04 09:37:10.748 8172 8172 E AndroidRuntime: at android.app.ActivityThread.access$2000(ActivityThread.java:248)
05-04 09:37:10.748 8172 8172 E AndroidRuntime: at android.app.ActivityThread$H.handleMessage(ActivityThread.java:2092)
05-04 09:37:10.748 8172 8172 E AndroidRuntime: at android.os.Handler.dispatchMessage(Handler.java:106)
05-04 09:37:10.748 8172 8172 E AndroidRuntime: at android.os.Looper.loopOnce(Looper.java:201)
05-04 09:37:10.748 8172 8172 E AndroidRuntime: at android.os.Looper.loop(Looper.java:288)
05-04 09:37:10.748 8172 8172 E AndroidRuntime: at android.app.ActivityThread.main(ActivityThread.java:7880)
05-04 09:37:10.748 8172 8172 E AndroidRuntime: at java.lang.reflect.Method.invoke(Native Method)
05-04 09:37:10.748 8172 8172 E AndroidRuntime: at com.android.internal.os.RuntimeInit$MethodAndArgsCaller.run(RuntimeInit.java:548)
05-04 09:37:10.748 8172 8172 E AndroidRuntime: at com.android.internal.os.ZygoteInit.main(ZygoteInit.java:1009)
05-04 09:37:10.748 8172 8172 E AndroidRuntime: Caused by: java.lang.ClassNotFoundException: android.hidl.manager.V1_0.IServiceNotification$Stub
05-04 09:37:10.748 8172 8172 E AndroidRuntime: ... 11 more
05-04 09:37:10.748 7469 7469 E BootReceiver: Could not open /sys/kernel/tracing/instances/bootreceiver/trace_pipe
05-04 09:37:10.748 7469 7469 E BootReceiver: android.system.ErrnoException: open failed: ENOENT (No such file or directory)
05-04 09:37:10.748 7469 7469 E BootReceiver: at libcore.io.Linux.open(Native Method)
05-04 09:37:10.748 7469 7469 E BootReceiver: at libcore.io.ForwardingOs.open(ForwardingOs.java:567)
05-04 09:37:10.748 7469 7469 E BootReceiver: at libcore.io.BlockGuardOs.open(BlockGuardOs.java:273)
05-04 09:37:10.748 7469 7469 E BootReceiver: at android.system.Os.open(Os.java:501)
05-04 09:37:10.748 7469 7469 E BootReceiver: at com.android.server.BootReceiver.onReceive(BootReceiver.java:167)
05-04 09:37:10.748 7469 7469 E BootReceiver: at android.app.ActivityThread.handleReceiver(ActivityThread.java:4309)
05-04 09:37:10.748 7469 7469 E BootReceiver: at android.app.ActivityThread.access$1600(ActivityThread.java:248)
05-04 09:37:10.748 7469 7469 E BootReceiver: at android.app.ActivityThread$H.handleMessage(ActivityThread.java:2065)
05-04 09:37:10.748 7469 7469 E BootReceiver: at android.os.Handler.dispatchMessage(Handler.java:106)
05-04 09:37:10.748 7469 7469 E BootReceiver: at android.os.Looper.loopOnce(Looper.java:201)
