05-04 09:35:48.267 0 0 E audit : rate limit exceeded
05-04 09:35:48.284 1537 2153 I ntp_failure: [time.android.com/216.239.35.12,java.net.SocketTimeoutException: Poll timed out]
05-04 09:35:48.459 1537 1677 I am_proc_start: [0,5876,10095,com.tencent.android.qqdownloader:wxa_container0,service,{com.tencent.android.qqdownloader/com.tencent.luggage.services.WxaProxy_WxaIPCContainerService0}]
05-04 09:35:48.475 0 0 I binder : 5876:5876 ioctl 40046210 7fee715e34 returned -22
05-04 09:35:48.479 1537 2775 I am_proc_bound: [0,5876,com.tencent.android.qqdownloader:wxa_container0]
05-04 09:35:48.964 5764 5764 I auditd : type=1400 audit(0.0:5877): avc: granted { execute } for comm="Binder:5764_5" path="/data/user/0/com.tencent.android.qqdownloader/app_wxa_sdk_plugin/554172673/wxa_libs/libwcdb.so" dev="dm-10" ino=10186 scontext=u:r:untrusted_app_27:s0:c512,c768 tcontext=u:object_r:app_data_file:s0:c512,c768 tclass=file app=com.tencent.android.qqdownloader
05-04 09:35:49.000 5764 5764 I auditd : type=1400 audit(0.0:5878): avc: granted { execute } for comm="Binder:5764_5" path="/data/user/0/com.tencent.android.qqdownloader/app_wxa_sdk_plugin/554172673/wxa_libs/libappbrandcommon.so" dev="dm-10" ino=9907 scontext=u:r:untrusted_app_27:s0:c512,c768 tcontext=u:object_r:app_data_file:s0:c512,c768 tclass=file app=com.tencent.android.qqdownloader
05-04 09:35:49.012 5876 5876 I auditd : type=1400 audit(0.0:5879): avc: granted { execute } for comm="DefaultDispatch" path="/data/user/0/com.tencent.android.qqdownloader/app_wxa_sdk_plugin/554172673/wxa_libs/libappbrandcommon.so" dev="dm-10" ino=9907 scontext=u:r:untrusted_app_27:s0:c512,c768 tcontext=u:object_r:app_data_file:s0:c512,c768 tclass=file app=com.tencent.android.qqdownloader
05-04 09:35:49.032 5876 5876 I auditd : type=1400 audit(0.0:5880): avc: granted { execute } for comm="[GT]ColdPool#0" path="/data/user/0/com.tencent.android.qqdownloader/app_wxa_sdk_plugin/554172673/wxa_libs/libandromeda.so" dev="dm-10" ino=9927 scontext=u:r:untrusted_app_27:s0:c512,c768 tcontext=u:object_r:app_data_file:s0:c512,c768 tclass=file app=com.tencent.android.qqdownloader
05-04 09:35:49.081 1537 1675 I am_pss : [3910,10027,com.android.externalstorage,7885824,2875392,4028416,62320640,0,19,7]
05-04 09:35:49.088 1537 1675 I am_pss : [3687,2000,com.android.shell,8142848,2457600,4712448,60612608,0,19,5]
05-04 09:35:49.132 5876 5876 I auditd : type=1400 audit(0.0:5881): avc: granted { execute } for comm="[GT]ColdPool#0" path="/data/user/0/com.tencent.android.qqdownloader/app_wxa_sdk_plugin/554172673/wxa_libs/libmmv8.so" dev="dm-10" ino=10084 scontext=u:r:untrusted_app_27:s0:c512,c768 tcontext=u:object_r:app_data_file:s0:c512,c768 tclass=file app=com.tencent.android.qqdownloader
05-04 09:35:49.276 0 0 W audit : audit_lost=5902 audit_rate_limit=5 audit_backlog_limit=64
05-04 09:35:49.276 0 0 E audit : rate limit exceeded
05-04 09:35:49.399 1537 1675 I am_pss : [4401,1000,com.android.dynsystem,5332992,3563520,308224,86982656,0,19,7]
05-04 09:35:49.405 1537 1675 I am_pss : [4364,1000,com.qti.diagservices,6171648,4116480,315392,91762688,0,10,5]
05-04 09:35:49.410 1537 1675 I am_pss : [4355,1000,com.android.localtransport,5395456,3641344,302080,87875584,0,19,5]
05-04 09:35:49.500 1537 1675 I am_pss : [4426,1000,com.android.dynsystem:dynsystem,5530624,3702784,313344,88051712,0,19,6]
05-04 09:35:49.675 1537 1675 I am_pss : [4478,10082,com.android.music,7054336,5074944,316416,90865664,0,19,7]
05-04 09:35:49.722 1537 1675 I am_pss : [4521,10060,com.android.onetimeinitializer,5028864,3432448,137216,88989696,0,19,6]
05-04 09:35:49.789 1537 1675 I am_pss : [4540,10032,com.android.packageinstaller,6388736,4567040,133120,89161728,0,19,6]
05-04 09:35:49.846 1537 1824 I input_interaction: Interaction with: 5823808 com.android.launcher3/com.android.launcher3.uioverrides.QuickstepLauncher (server), c80a327 com.android.systemui.ImageWallpaper (server), edge-swipe (server), swipe-up (server), PointerEventDispatcher0 (server),
05-04 09:35:49.940 0 0 E link_delay_work_func: DTC_ETH: SQI=0, link=0
05-04 09:35:50.004 1537 2253 I wm_task_created: [277,-1]
05-04 09:35:50.007 1537 2253 I wm_task_moved: [277,1,6]
05-04 09:35:50.007 1537 2253 I wm_task_to_front: [0,277]
05-04 09:35:50.007 1537 2253 I wm_create_task: [0,277]
05-04 09:35:50.008 1537 2253 I wm_create_activity: [0,104117577,277,com.android.settings/.Settings,android.intent.action.MAIN,NULL,NULL,270532608]
05-04 09:35:50.008 1537 2253 I wm_task_moved: [277,1,6]
05-04 09:35:50.009 1537 2253 I wm_pause_activity: [0,37406107,com.android.launcher3/.uioverrides.QuickstepLauncher,userLeaving=true,pauseBackTasks]
05-04 09:35:50.013 2651 2651 I wm_on_top_resumed_lost_called: [37406107,com.android.launcher3.uioverrides.QuickstepLauncher,topStateChangedWhenResumed]
05-04 09:35:50.013 2651 2651 I wm_on_paused_called: [37406107,com.android.launcher3.uioverrides.QuickstepLauncher,performPause]
05-04 09:35:50.015 1537 2253 I wm_add_to_stopping: [0,37406107,com.android.launcher3/.uioverrides.QuickstepLauncher,makeInvisible]
05-04 09:35:50.016 1537 2253 I wm_restart_activity: [0,104117577,277,com.android.settings/.Settings]
05-04 09:35:50.016 1537 2253 I wm_set_resumed_activity: [0,com.android.settings/.Settings,minimalResumeActivityLocked]
05-04 09:35:50.022 1537 1669 I sysui_multi_action: [757,803,799,window_time_0,802,24]
05-04 09:35:50.049 1537 1824 I input_focus: [Focus leaving 5823808 com.android.launcher3/com.android.launcher3.uioverrides.QuickstepLauncher (server),reason=NO_WINDOW]
05-04 09:35:50.158 2582 2582 I wm_on_create_called: [104117577,com.android.settings.Settings,performCreate]
05-04 09:35:50.206 2582 2582 I wm_on_start_called: [104117577,com.android.settings.Settings,handleStartActivity]
05-04 09:35:50.206 2582 2582 I snet_event_log: [120484087,-1,]
05-04 09:35:50.208 2582 2582 I wm_on_resume_called: [104117577,com.android.settings.Settings,RESUME_ACTIVITY]
05-04 09:35:50.209 2582 2582 I sysui_multi_action: [757,35,758,1,833,0,1089,49]
05-04 09:35:50.224 2582 2582 I sysui_multi_action: [757,1729,758,4,854,isParalleledControllers:false,1089,64]
05-04 09:35:50.228 2582 2582 I wm_on_top_resumed_gained_called: [104117577,com.android.settings.Settings,topStateChangedWhenResumed]
05-04 09:35:50.252 5876 5876 I auditd : type=1400 audit(0.0:5899): avc: granted { execute } for comm="[GT]ColdPool#1" path="/data/user/0/com.tencent.android.qqdownloader/app_wxa_sdk_plugin/554172673/wxa_libs/libNLog.so" dev="dm-10" ino=9909 scontext=u:r:untrusted_app_27:s0:c512,c768 tcontext=u:object_r:app_data_file:s0:c512,c768 tclass=file app=com.tencent.android.qqdownloader
05-04 09:35:50.256 866 866 I auditd : type=1400 audit(0.0:5900): avc: denied { add_name } for comm="perf@2.2-servic" name="min_cpus" scontext=u:r:vendor_hal_perf_default:s0 tcontext=u:object_r:sysfs_devices_system_cpu:s0 tclass=dir permissive=1
05-04 09:35:50.256 866 866 I auditd : type=1400 audit(0.0:5901): avc: denied { create } for comm="perf@2.2-servic" name="min_cpus" scontext=u:r:vendor_hal_perf_default:s0 tcontext=u:object_r:sysfs_devices_system_cpu:s0 tclass=file permissive=1
05-04 09:35:50.256 866 866 I auditd : type=1400 audit(0.0:5902): avc: denied { add_name } for comm="perf@2.2-servic" name="min_freq" scontext=u:r:vendor_hal_perf_default:s0 tcontext=u:object_r:vendor_sysfs_devfreq:s0 tclass=dir permissive=1
05-04 09:35:50.256 866 866 I auditd : type=1400 audit(0.0:5903): avc: denied { create } for comm="perf@2.2-servic" name="min_freq" scontext=u:r:vendor_hal_perf_default:s0 tcontext=u:object_r:vendor_sysfs_devfreq:s0 tclass=file permissive=1
05-04 09:35:50.267 1537 1670 I input_focus: [Focus request 83a44f3 com.android.settings/com.android.settings.Settings,reason=UpdateInputWindows]
05-04 09:35:50.319 1537 1670 I sysui_multi_action: [324,1,757,1090,758,12,806,com.android.settings,871,com.android.settings.Settings,1091,321]
05-04 09:35:50.322 1537 1666 I sysui_multi_action: [319,44,321,39,322,321,325,42,757,761,758,8,759,1,806,com.android.settings,871,com.android.settings.Settings,904,com.android.launcher3,905,0,1320,4,1321,1]
05-04 09:35:50.322 1537 1666 I wm_activity_launch_time: [0,104117577,com.android.settings/.Settings,321]
05-04 09:35:50.325 0 0 W audit : audit_lost=5913 audit_rate_limit=5 audit_backlog_limit=64
05-04 09:35:50.325 0 0 E audit : rate limit exceeded
05-04 09:35:50.330 1537 1824 I input_focus: [Focus entering 83a44f3 com.android.settings/com.android.settings.Settings (server),reason=Window became focusable. Previous reason: NOT_VISIBLE]
05-04 09:35:50.345 2582 2582 W CarrierConfigManager: Error getting config for subId -1 ICarrierConfigLoader is null
05-04 09:35:50.389 2582 2582 I sysui_multi_action: [757,746,758,1,833,0,1089,64]
05-04 09:35:50.390 1537 2488 D TelephonyRegistry: listen oscl: mHasNotifySubscriptionInfoChangedOccurred==false no callback
05-04 09:35:50.396 1537 2253 D TelephonyRegistry: listen oscl: mHasNotifySubscriptionInfoChangedOccurred==false no callback
05-04 09:35:50.408 2582 2582 I sysui_multi_action: [757,1729,758,4,854,isParalleledControllers:false,1089,84]
05-04 09:35:50.411 1537 1675 I am_pss : [4701,10058,com.qualcomm.qti.qms.service.connectionsecurity,14096384,4198400,204800,75563008,0,19,4]
05-04 09:35:50.459 0 0 I [schedu][0x4652fea6][09:35:50.459402] wlan: [1858:I:OSIF] scan start scan id 40962
05-04 09:35:50.582 1537 1669 I wm_stop_activity: [0,37406107,com.android.launcher3/.uioverrides.QuickstepLauncher]
05-04 09:35:50.599 2651 2651 I wm_on_stop_called: [37406107,com.android.launcher3.uioverrides.QuickstepLauncher,STOP_ACTIVITY_ITEM]
05-04 09:35:51.433 1537 1824 I input_interaction: Interaction with: 83a44f3 com.android.settings/com.android.settings.Settings (server), edge-swipe (server), swipe-up (server), PointerEventDispatcher0 (server),
05-04 09:35:52.004 866 866 I auditd : type=1400 audit(0.0:5907): avc: denied { add_name } for comm="perf@2.2-servic" name="force_rail_on" scontext=u:r:vendor_hal_perf_default:s0 tcontext=u:object_r:vendor_sysfs_kgsl:s0 tclass=dir permissive=1
05-04 09:35:52.004 866 866 I auditd : type=1400 audit(0.0:5908): avc: denied { create } for comm="perf@2.2-servic" name="force_rail_on" scontext=u:r:vendor_hal_perf_default:s0 tcontext=u:object_r:vendor_sysfs_kgsl:s0 tclass=file permissive=1
05-04 09:35:52.008 866 866 I auditd : type=1400 audit(0.0:5909): avc: denied { add_name } for comm="perf@2.2-servic" name="cpu_min_freq" scontext=u:r:vendor_hal_perf_default:s0 tcontext=u:object_r:vendor_sysfs_msm_perf:s0 tclass=dir permissive=1
05-04 09:35:52.008 866 866 I auditd : type=1400 audit(0.0:5910): avc: denied { create } for comm="perf@2.2-servic" name="cpu_min_freq" scontext=u:r:vendor_hal_perf_default:s0 tcontext=u:object_r:vendor_sysfs_msm_perf:s0 tclass=file permissive=1
05-04 09:35:52.188 0 0 I auditd : type=1400 audit(0.0:5911): avc: denied { kill } for comm="swapper/6" capability=5 scontext=u:r:kernel:s0 tcontext=u:r:kernel:s0 tclass=capability permissive=1
05-04 09:35:52.518 2582 2582 I sysui_multi_action: [757,830,758,4,833,0,854,top_level_system,1089,0]
05-04 09:35:52.577 0 0 I [schedu][0x48bf691b][09:35:52.577088] wlan: [1858:I:OSIF] vdev 0, scan id 40962 type COMPLETED(1) reason COMPLETED(1) scan found 86 bss
05-04 09:35:52.591 1348 3716 I liblog : 4
05-04 09:35:52.591 1348 3716 I liblog : 4
05-04 09:35:52.591 1348 3716 I liblog : 1
05-04 09:35:52.591 1348 3716 I liblog : 3
05-04 09:35:52.591 1348 3716 I liblog : 3
05-04 09:35:52.591 1348 3716 I liblog : 2
05-04 09:35:52.591 1348 3716 I liblog : 2
05-04 09:35:52.591 1348 3716 I liblog : 1
05-04 09:35:52.591 1348 3716 I liblog : 5
05-04 09:35:52.591 1348 3716 I liblog : 6
05-04 09:35:52.591 1348 3716 I liblog : 5
05-04 09:35:52.591 1348 3716 I liblog : 5
05-04 09:35:52.591 1348 3716 I liblog : 4
05-04 09:35:52.591 1348 3716 I liblog : 2
05-04 09:35:52.591 1348 3716 I liblog : 2
05-04 09:35:52.591 1348 3716 I liblog : 3
05-04 09:35:52.591 1348 3716 I liblog : 1
05-04 09:35:52.591 1348 3716 I liblog : 6
05-04 09:35:52.591 1348 3716 I liblog : 4
05-04 09:35:52.591 1348 3716 I liblog : 2
05-04 09:35:52.591 1348 3716 I liblog : 1
05-04 09:35:52.591 1348 3716 I liblog : 2
05-04 09:35:52.592 1348 3716 I liblog : 6
05-04 09:35:52.592 1348 3716 I liblog : 2
05-04 09:35:52.592 1348 3716 I liblog : 4
05-04 09:35:52.592 1348 3716 I liblog : 3
05-04 09:35:52.592 1348 3716 I liblog : 5
05-04 09:35:52.592 1348 3716 I liblog : 11
05-04 09:35:52.625 2582 2582 I sysui_multi_action: [757,746,758,2,1089,2236]
05-04 09:35:52.659 2582 2582 I sysui_multi_action: [757,744,758,1,833,0,1089,19]
05-04 09:35:52.660 2582 2582 I sysui_multi_action: [757,1729,758,4,854,isParalleledControllers:false,1089,21]
05-04 09:35:54.766 2582 2582 I sysui_multi_action: [757,830,758,4,833,0,854,homepage_search_bar,1089,0]
05-04 09:35:54.775 1537 2488 I wm_task_moved: [277,1,6]
05-04 09:35:54.775 1537 2488 I wm_set_resumed_activity: [0,com.android.settings/.Settings,positionChildAt]
05-04 09:35:54.775 1537 2488 I wm_create_activity: [0,33714902,277,com.android.settings.intelligence/.search.SearchActivity,android.settings.APP_SEARCH_SETTINGS,NULL,NULL,0]
05-04 09:35:54.776 1537 2488 I wm_pause_activity: [0,104117577,com.android.settings/.Settings,userLeaving=true,resumeTopActivityInnerLocked]
05-04 09:35:54.778 1537 1669 I am_uid_running: 10061
05-04 09:35:54.780 2582 2582 I wm_on_top_resumed_lost_called: [104117577,com.android.settings.Settings,topStateChangedWhenResumed]
05-04 09:35:54.782 2582 2582 I sysui_multi_action: [757,35,758,2,1089,4572]
05-04 09:35:54.782 2582 2582 I sysui_multi_action: [757,744,758,2,1089,2124]
05-04 09:35:54.783 2582 2582 I wm_on_paused_called: [104117577,com.android.settings.Settings,performPause]
05-04 09:35:54.784 1537 2775 I wm_add_to_stopping: [0,104117577,com.android.settings/.Settings,makeInvisible]
05-04 09:35:54.785 1537 1669 I sysui_multi_action: [757,803,799,window_time_0,802,4]
05-04 09:35:54.786 1537 1677 I am_proc_start: [0,6060,10061,com.android.settings.intelligence,pre-top-activity,{com.android.settings.intelligence/com.android.settings.intelligence.search.SearchActivity}]
05-04 09:35:54.795 1537 2775 I am_proc_bound: [0,6060,com.android.settings.intelligence]
05-04 09:35:54.793 0 0 I binder : 6060:6060 ioctl 40046210 7fee715e34 returned -22
05-04 09:35:54.798 1537 2775 I wm_restart_activity: [0,33714902,277,com.android.settings.intelligence/.search.SearchActivity]
05-04 09:35:54.799 1537 2775 I wm_set_resumed_activity: [0,com.android.settings.intelligence/.search.SearchActivity,minimalResumeActivityLocked]
05-04 09:35:54.799 1537 1669 I am_uid_active: 10061
05-04 09:35:54.805 1537 1675 I am_pss : [4871,10098,com.tencent.mm,258628608,212066304,90112,420765696,0,10,18]
05-04 09:35:54.814 1537 1824 I input_focus: [Focus leaving 83a44f3 com.android.settings/com.android.settings.Settings (server),reason=NO_WINDOW]
05-04 09:35:54.816 1537 1675 I am_pss : [4727,10098,com.tencent.mm:push,91893760,48062464,221184,236716032,0,10,10]
05-04 09:35:54.821 1537 1675 I am_pss : [1967,10091,com.android.permissioncontroller,11833344,9371648,131072,99487744,0,19,4]
05-04 09:35:54.824 6060 6060 I wm_on_create_called: [33714902,com.android.settings.intelligence.search.SearchActivity,performCreate]
05-04 09:35:54.860 5764 5764 I auditd : type=1400 audit(0.0:5912): avc: denied { read } for comm="qimei-thread-1" name="/" dev="dm-5" ino=2 scontext=u:r:untrusted_app_27:s0:c512,c768 tcontext=u:object_r:rootfs:s0 tclass=dir permissive=1 app=com.tencent.android.qqdownloader
05-04 09:35:54.860 5764 5764 I auditd : type=1400 audit(0.0:5913): avc: denied { open } for comm="qimei-thread-1" path="/" dev="dm-5" ino=2 scontext=u:r:untrusted_app_27:s0:c512,c768 tcontext=u:object_r:rootfs:s0 tclass=dir permissive=1 app=com.tencent.android.qqdownloader
05-04 09:35:54.890 2582 2637 W CarrierConfigManager: Error getting config for subId -1 ICarrierConfigLoader is null
05-04 09:35:54.892 2582 2637 W CarrierConfigManager: Error getting config for subId -1 ICarrierConfigLoader is null
05-04 09:35:54.892 2582 2637 W CarrierConfigManager: Error getting config for subId -1 ICarrierConfigLoader is null
05-04 09:35:54.893 2582 2637 W CarrierConfigManager: Error getting config for subId -1 ICarrierConfigLoader is null
05-04 09:35:54.893 2582 2637 W CarrierConfigManager: Error getting config for subId -1 ICarrierConfigLoader is null
05-04 09:35:54.894 2582 2637 W CarrierConfigManager: Error getting config for subId -1 ICarrierConfigLoader is null
05-04 09:35:54.894 2582 2637 I service_manager_stats: [100,75,46906]
05-04 09:35:54.894 2582 2637 W CarrierConfigManager: Error getting config for subId -1 ICarrierConfigLoader is null
05-04 09:35:54.894 2582 2637 W CarrierConfigManager: Error getting config for subId -1 ICarrierConfigLoader is null
05-04 09:35:54.894 2582 2637 W CarrierConfigManager: Error getting config for subId -1 ICarrierConfigLoader is null
05-04 09:35:54.894 2582 2637 W CarrierConfigManager: Error getting config for subId -1 ICarrierConfigLoader is null
05-04 09:35:54.928 6060 6060 I wm_on_start_called: [33714902,com.android.settings.intelligence.search.SearchActivity,handleStartActivity]
05-04 09:35:54.931 6060 6060 I wm_on_resume_called: [33714902,com.android.settings.intelligence.search.SearchActivity,RESUME_ACTIVITY]
05-04 09:35:54.936 6060 6060 I wm_on_top_resumed_gained_called: [33714902,com.android.settings.intelligence.search.SearchActivity,topStateChangedWhenResumed]
05-04 09:35:54.952 1537 1670 I input_focus: [Focus request 28d4a09 com.android.settings.intelligence/com.android.settings.intelligence.search.SearchActivity,reason=UpdateInputWindows]
05-04 09:35:54.964 1537 1824 I input_focus: [Focus entering 83a44f3 com.android.settings/com.android.settings.Settings (server),reason=Window became focusable. Previous reason: NO_WINDOW]
05-04 09:35:54.969 0 0 I binder : 6060:6079 ioctl 40046210 7b9e0191f4 returned -22
05-04 09:35:54.981 1537 1824 I input_focus: [Focus leaving 83a44f3 com.android.settings/com.android.settings.Settings (server),reason=Waiting for window because NOT_VISIBLE]
05-04 09:35:55.019 1537 1666 I sysui_multi_action: [319,247,322,246,325,46,757,761,758,7,759,2,806,com.android.settings.intelligence,871,com.android.settings.intelligence.search.SearchActivity,904,com.android.settings,905,0,945,26,1320,4,1321,1]
05-04 09:35:55.020 1537 1666 I wm_activity_launch_time: [0,33714902,com.android.settings.intelligence/.search.SearchActivity,246]
05-04 09:35:55.016 866 866 I auditd : type=1400 audit(0.0:5914): avc: denied { create } for comm="perf@2.2-servic" name="force_rail_on" scontext=u:r:vendor_hal_perf_default:s0 tcontext=u:object_r:vendor_sysfs_kgsl:s0 tclass=file permissive=1
05-04 09:35:55.020 866 866 I auditd : type=1400 audit(0.0:5915): avc: denied { add_name } for comm="perf@2.2-servic" name="min_freq" scontext=u:r:vendor_hal_perf_default:s0 tcontext=u:object_r:vendor_sysfs_devfreq:s0 tclass=dir permissive=1
05-04 09:35:55.020 866 866 I auditd : type=1400 audit(0.0:5916): avc: denied { create } for comm="perf@2.2-servic" name="min_freq" scontext=u:r:vendor_hal_perf_default:s0 tcontext=u:object_r:vendor_sysfs_devfreq:s0 tclass=file permissive=1
05-04 09:35:55.024 0 0 W audit : audit_lost=5915 audit_rate_limit=5 audit_backlog_limit=64
05-04 09:35:55.024 0 0 E audit : rate limit exceeded
05-04 09:35:55.027 1537 1675 I am_pss : [3504,10034,com.android.providers.calendar,8920064,3481600,4354048,66338816,0,19,5]
05-04 09:35:55.031 1537 1824 I input_focus: [Focus entering 28d4a09 com.android.settings.intelligence/com.android.settings.intelligence.search.SearchActivity (server),reason=Window became focusable. Previous reason: NOT_VISIBLE]
05-04 09:35:55.060 0 0 E link_delay_work_func: DTC_ETH: SQI=0, link=0
05-04 09:35:55.282 1537 2775 I wm_add_to_stopping: [0,104117577,com.android.settings/.Settings,makeInvisible]
05-04 09:35:55.284 1537 1669 I wm_stop_activity: [0,104117577,com.android.settings/.Settings]
05-04 09:35:55.293 1537 1675 I am_pss : [3186,10018,android.process.media,11042816,6434816,3145728,75624448,0,10,7]
05-04 09:35:55.302 1537 1675 I am_pss : [3544,10026,android.process.acore,12044288,9187328,118784,112910336,0,19,7]
05-04 09:35:55.306 2582 2582 I wm_on_stop_called: [104117577,com.android.settings.Settings,STOP_ACTIVITY_ITEM]
05-04 09:35:56.016 5876 5876 I auditd : type=1400 audit(0.0:5922): avc: granted { nlmsg_readpriv } for comm="qimei-thread-3" scontext=u:r:untrusted_app_27:s0:c512,c768 tcontext=u:r:untrusted_app_27:s0:c512,c768 tclass=netlink_route_socket app=com.tencent.android.qqdownloader
05-04 09:35:56.168 1537 1675 I am_pss : [2833,10070,com.qualcomm.location,9735168,7790592,0,100012032,0,0,7]
05-04 09:35:56.777 1537 1824 I input_interaction: Interaction with: c5b9791 PopupWindow:ebf2520 (server), edge-swipe (server), swipe-up (server), PointerEventDispatcher0 (server),
05-04 09:35:57.221 1537 1675 I am_pss : [1942,1002,com.android.bluetooth,49444864,43139072,0,158134272,0,0,10]
05-04 09:35:57.231 1537 1675 I am_pss : [5355,10056,com.qualcomm.qti.qms.service.trustzoneaccess,5313536,3690496,102400,90095616,0,19,6]
05-04 09:35:57.239 1537 1675 I am_pss : [3134,10092,com.android.providers.media.module,19222528,16265216,0,121503744,0,0,7]
05-04 09:35:57.247 1537 1675 I am_pss : [3125,10080,com.qualcomm.qti.workloadclassifier,21809152,20008960,0,111382528,0,0,7]
05-04 09:35:57.253 1537 1675 I am_pss : [3095,10083,com.qualcomm.qti.qccnetstat,5688320,4263936,0,89591808,0,0,6]
05-04 09:35:57.259 1537 1675 I am_pss : [3082,10069,com.qualcomm.qti.services.systemhelper:systemhelper_service,5985280,4493312,0,91332608,0,0,6]
05-04 09:35:57.265 1537 1675 I am_pss : [3057,10055,.pasr,4967424,3612672,0,87085056,0,0,5]
05-04 09:35:57.271 1537 1675 I am_pss : [3024,1000,com.hryt.hiphishowfsecontrol,13254656,11284480,0,103239680,0,0,5]
05-04 09:35:57.277 1537 1675 I am_pss : [2988,10059,ts.car.uart,5647360,4292608,0,88035328,0,0,5]
05-04 09:35:57.287 1537 1675 I am_pss : [2986,10084,com.hht.lebocast,56066048,34668544,0,150630400,0,0,8]
05-04 09:35:57.294 1537 1675 I am_pss : [2548,1000,com.qualcomm.qti.qdma,13224960,10670080,0,113508352,0,0,6]
05-04 09:35:57.300 1537 1675 I am_pss : [2514,1000,com.thundercomm.tcservice,8758272,6725632,0,95657984,0,0,6]
05-04 09:35:57.307 1537 1675 I am_pss : [2480,1000,com.thundercomm.remotecontrolservice,8627200,6615040,0,98131968,0,0,6]
05-04 09:35:57.313 1537 1675 I am_pss : [2426,10086,com.qti.qualcomm.mstatssystemservice,5098496,3743744,0,87441408,0,0,5]
05-04 09:35:57.318 1537 1675 I am_pss : [2439,1068,com.android.se,5366784,3969024,0,89063424,0,0,5]
05-04 09:35:57.323 1537 1675 I am_pss : [2377,1000,com.thundercomm.tcsetupwizard,6402048,4968448,0,88649728,0,0,5]
05-04 09:35:57.330 1537 1675 I am_pss : [2391,1000,vendor.qti.qesdk.sysservice,5216256,3817472,0,88866816,0,0,4]
05-04 09:35:57.336 1537 1675 I am_pss : [2345,1073,com.android.networkstack.process,12954624,11055104,0,105750528,0,0,5]
05-04 09:35:57.342 1537 1675 I am_pss : [2341,1000,com.tc.logclient,6973440,5197824,0,96108544,0,0,5]
05-04 09:35:57.347 1537 1675 I am_pss : [2299,1000,com.thundercomm.tchttpserver,7030784,5443584,0,91418624,0,0,5]
05-04 09:35:57.353 1537 1675 I am_pss : [2297,1001,.dataservices,7787520,6299648,0,92467200,0,0,6]
05-04 09:35:57.359 1537 1675 I am_pss : [2298,10054,.qtidataservices,5519360,4145152,0,88387584,0,0,6]
05-04 09:35:57.365 1537 1675 I am_pss : [2293,1000,com.thundercomm.microsettings,14922752,8372224,0,112599040,0,0,6]
05-04 09:35:57.370 1537 1675 I am_pss : [2271,1000,com.thundercomm.microservice,8136704,6533120,0,92733440,0,0,5]
05-04 09:35:57.379 1537 1675 I am_pss : [2193,1000,com.thundercomm.gamemode,46840832,39829504,0,155951104,0,0,8]
05-04 09:35:57.393 1537 1675 I am_pss : [1958,10079,com.android.systemui,172803072,159756288,0,323305472,0,0,12]
05-04 09:35:57.414 1537 1675 I am_pss : [1537,1000,system,237094912,155598848,0,549740544,0,0,19]
05-04 09:35:57.921 0 0 I [schedu][0x4edd2409][09:35:57.921447] wlan: [1858:I:WMA] [09:35:57.865000] [NEIGH_RPT_REQ] VDEV[0]
05-04 09:35:57.921 0 0 I [schedu][0x4edd258c][09:35:57.921467] wlan: [1858:I:WMA] [09:35:57.900000] [NEIGH_RPT_RSP] VDEV[0] { 5805 }
05-04 09:35:59.330 1537 1866 I netstats_mobile_sample: [0,0,0,0,0,0,0,0,0,0,0,0,1683164159330]
05-04 09:35:59.330 1537 1866 I netstats_wifi_sample: [989913,1852,728304,1791,989913,1852,728304,1791,1319476,2211,643160,1627,1683164159330]
05-04 09:35:59.324 674 674 I auditd : type=1400 audit(0.0:5923): avc: denied { add_name } for comm="Binder:674_3" name="globalAlert" scontext=u:r:netd:s0 tcontext=u:object_r:proc_net:s0 tclass=dir permissive=1
05-04 09:35:59.324 674 674 I auditd : type=1400 audit(0.0:5924): avc: denied { create } for comm="Binder:674_3" name="globalAlert" scontext=u:r:netd:s0 tcontext=u:object_r:proc_net:s0 tclass=file permissive=1
05-04 09:35:59.332 1537 1938 I sync : [com.tencent.android.qqdownloader.YYBLiveAccountProvider,0,3,24220937]
05-04 09:35:59.336 4727 4727 I auditd : type=1400 audit(0.0:5925): avc: denied { getattr } for comm="[GT]ColdPool#9" path="/proc/4727/net/dev" dev="proc" ino=4026532156 scontext=u:r:untrusted_app_29:s0:c98,c256,c512,c768 tcontext=u:object_r:proc_net:s0 tclass=file permissive=1 app=com.tencent.mm
05-04 09:35:59.347 1537 1938 I sync : [com.tencent.android.qqdownloader.YYBLiveAccountProvider,1,3,24220937]
05-04 09:35:59.350 1537 1938 I commit_sys_config_file: [sync-status,31051]
05-04 09:35:59.353 1537 1938 I sync : [com.tencent.android.qqdownloader.YYBLiveAccountProvider,0,3,24220937]
05-04 09:35:59.362 1537 1938 I sync : [com.tencent.android.qqdownloader.YYBLiveAccountProvider,1,3,24220937]
05-04 09:35:59.364 1537 1938 I commit_sys_config_file: [sync-status,31065]
05-04 09:36:00.180 0 0 E link_delay_work_func: DTC_ETH: SQI=0, link=0
05-04 09:36:01.352 1537 1668 I commit_sys_config_file: [jobs,3]
05-04 09:36:05.300 0 0 E link_delay_work_func: DTC_ETH: SQI=0, link=0
05-04 09:36:07.188 0 0 I auditd : type=1400 audit(0.0:5926): avc: denied { kill } for comm="swapper/6" capability=5 scontext=u:r:kernel:s0 tcontext=u:r:kernel:s0 tclass=capability permissive=1
05-04 09:36:08.426 1537 1675 I am_pss : [3259,10095,com.tencent.android.qqdownloader:live,20507648,15355904,0,132349952,0,5,10]
05-04 09:36:09.053 6060 6060 I settings_latency: [1,98]
05-04 09:36:09.248 866 866 I auditd : type=1400 audit(0.0:5927): avc: denied { add_name } for comm="perf@2.2-servic" name="cpu_min_freq" scontext=u:r:vendor_hal_perf_default:s0 tcontext=u:object_r:vendor_sysfs_msm_perf:s0 tclass=dir permissive=1
05-04 09:36:09.248 866 866 I auditd : type=1400 audit(0.0:5928): avc: denied { create } for comm="perf@2.2-servic" name="cpu_min_freq" scontext=u:r:vendor_hal_perf_default:s0 tcontext=u:object_r:vendor_sysfs_msm_perf:s0 tclass=file permissive=1
05-04 09:36:10.420 0 0 E link_delay_work_func: DTC_ETH: SQI=0, link=0
05-04 09:36:12.067 6060 6060 I settings_latency: [1,11]
05-04 09:36:12.740 1537 1675 I am_pss : [3451,10031,com.baidu.input,136242176,116916224,0,285827072,0,5,16]
05-04 09:36:12.755 1537 1675 I am_pss : [2651,10078,com.android.launcher3,107812864,92106752,0,254197760,0,5,13]
05-04 09:36:12.774 1537 1675 I am_pss : [3362,10095,com.tencent.android.qqdownloader:daemon,201992192,180023296,0,354766848,0,5,17]
05-04 09:36:12.786 1537 1675 I am_pss : [3666,10095,com.tencent.android.qqdownloader,89815040,80936960,0,212283392,0,5,12]
05-04 09:36:12.794 1537 1675 I am_pss : [5705,10068,com.android.webview:webview_service,15337472,3837952,0,84025344,0,5,6]
05-04 09:36:12.802 1537 1675 I am_pss : [3719,10095,com.tencent.android.qqdownloader:cloud,17870848,13225984,0,122970112,0,5,6]
05-04 09:36:12.809 1537 1675 I am_pss : [5676,99000,com.android.webview:sandboxed_process0:org.chromium.content.app.SandboxedProcessService0:0,14263296,3313664,0,77283328,0,5,5]
05-04 09:36:12.823 1537 1675 I am_pss : [5876,10095,com.tencent.android.qqdownloader:wxa_container0,132398080,123285504,0,259551232,0,19,12]
05-04 09:36:12.829 1537 1675 I am_pss : [3233,10071,com.qualcomm.location.XT,5874688,4395008,0,91418624,0,6,5]
05-04 09:36:14.233 6060 6060 I settings_latency: [1,23]
05-04 09:36:14.531 6060 6060 I settings_latency: [1,19]
05-04 09:36:14.922 6060 6060 I settings_latency: [1,14]
05-04 09:36:15.540 0 0 E link_delay_work_func: DTC_ETH: SQI=0, link=0
05-04 09:36:17.321 1537 1675 I am_pss : [6060,10061,com.android.settings.intelligence,224258048,197066752,0,395280384,0,2,16]
05-04 09:36:17.341 1537 1675 I am_pss : [4871,10098,com.tencent.mm,248507392,201879552,0,411480064,0,10,20]
05-04 09:36:17.353 1537 1675 I am_pss : [4727,10098,com.tencent.mm:push,89868288,45879296,0,235593728,0,10,12]
05-04 09:36:17.359 1537 1675 I am_pss : [2741,10085,com.qualcomm.qti.qccauthmgr,5907456,4386816,0,92311552,0,19,6]
05-04 09:36:17.365 1537 1675 I am_pss : [2617,10063,com.thundercomm.gamemode.provider,7070720,5558272,7168,92418048,0,19,5]
05-04 09:36:17.376 1537 1675 I am_pss : [3613,10096,com.tencent.mobileqq:MSF,77143040,29421568,0,223203328,0,10,11]
05-04 09:36:17.388 1537 1675 I am_pss : [4087,10096,com.tencent.mobileqq,86074368,38383616,131072,228925440,0,19,11]
05-04 09:36:17.398 1537 1675 I am_pss : [5355,10056,com.qualcomm.qti.qms.service.trustzoneaccess,5314560,3690496,102400,90095616,0,19,7]
05-04 09:36:17.405 1537 1675 I am_pss : [3504,10034,com.android.providers.calendar,8927232,3502080,4359168,66359296,0,19,5]
05-04 09:36:17.416 1537 1675 I am_pss : [1967,10091,com.android.permissioncontroller,11566080,9363456,131072,99483648,0,19,7]
05-04 09:36:17.423 1537 1675 I am_pss : [3186,10018,android.process.media,10992640,6471680,3109888,75665408,0,10,6]
05-04 09:36:17.430 1537 1675 I am_pss : [3910,10027,com.android.externalstorage,7963648,2924544,4081664,62369792,0,19,5]
05-04 09:36:17.437 1537 1675 I am_pss : [3199,10087,com.qualcomm.qtil.aptxui,9532416,3743744,4944896,58150912,0,19,6]
05-04 09:36:17.443 1537 1675 I am_pss : [4701,10058,com.qualcomm.qti.qms.service.connectionsecurity,14089216,4198400,204800,75563008,0,19,5]
05-04 09:36:17.453 1537 1675 I am_pss : [3687,2000,com.android.shell,8209408,2457600,4812800,60612608,0,19,6]
05-04 09:36:17.459 1537 1675 I am_pss : [4540,10032,com.android.packageinstaller,6269952,4567040,134144,89161728,0,19,5]
05-04 09:36:17.465 1537 1675 I am_pss : [4521,10060,com.android.onetimeinitializer,5002240,3432448,138240,88989696,0,19,6]
05-04 09:36:17.470 1537 1675 I am_pss : [4478,10082,com.android.music,6991872,5074944,320512,90865664,0,19,5]
05-04 09:36:17.475 1537 1675 I am_pss : [3431,10035,com.android.managedprovisioning,10724352,4669440,4929536,63045632,0,19,4]
05-04 09:36:17.481 1537 1675 I am_pss : [4426,1000,com.android.dynsystem:dynsystem,5499904,3702784,316416,88051712,0,19,6]
05-04 09:36:17.485 1537 1675 I am_pss : [4401,1000,com.android.dynsystem,5305344,3563520,312320,86982656,0,19,4]
05-04 09:36:17.491 1537 1675 I am_pss : [3544,10026,android.process.acore,11419648,8671232,77824,112390144,0,19,6]
05-04 09:36:17.496 1537 1675 I am_pss : [4364,1000,com.qti.diagservices,6137856,4116480,319488,91762688,0,10,5]
05-04 09:36:17.501 1537 1675 I am_pss : [4355,1000,com.android.localtransport,5368832,3641344,305152,87875584,0,19,4]
05-04 09:36:17.506 1537 1675 I am_pss : [3586,10025,com.android.traceur,10899456,4190208,5226496,63602688,0,19,5]
05-04 09:36:17.511 1537 1675 I am_pss : [3311,10033,com.android.documentsui,16195584,9809920,4661248,82493440,0,19,6]
05-04 09:36:17.517 1537 1675 I am_pss : [3173,1000,com.android.keychain,14343168,3637248,9808896,55222272,0,19,5]
05-04 09:36:19.771 1537 1811 I commit_sys_config_file: [settings-0-0,3]
05-04 09:36:20.660 0 0 E link_delay_work_func: DTC_ETH: SQI=0, link=0
05-04 09:36:21.426 1537 1824 I input_interaction: Interaction with: 28d4a09 com.android.settings.intelligence/com.android.settings.intelligence.search.SearchActivity (server), edge-swipe (server), swipe-up (server), PointerEventDispatcher0 (server),
05-04 09:36:21.563 1537 2488 I wm_finish_activity: [0,33714902,277,com.android.settings.intelligence/.search.SearchActivity,app-request]
05-04 09:36:21.576 1537 2488 I wm_pause_activity: [0,33714902,com.android.settings.intelligence/.search.SearchActivity,userLeaving=false,finish]
05-04 09:36:21.579 6060 6060 I wm_on_top_resumed_lost_called: [33714902,com.android.settings.intelligence.search.SearchActivity,topStateChangedWhenResumed]
05-04 09:36:21.579 6060 6060 I wm_on_paused_called: [33714902,com.android.settings.intelligence.search.SearchActivity,performPause]
05-04 09:36:21.580 1537 2723 I wm_add_to_stopping: [0,33714902,com.android.settings.intelligence/.search.SearchActivity,completeFinishing]
05-04 09:36:21.582 1537 2723 I wm_set_resumed_activity: [0,com.android.settings/.Settings,resumeTopActivityInnerLocked]
05-04 09:36:21.583 1537 1824 I input_focus: [Focus leaving 28d4a09 com.android.settings.intelligence/com.android.settings.intelligence.search.SearchActivity (server),reason=NO_WINDOW]
05-04 09:36:21.583 1537 2723 I wm_resume_activity: [0,104117577,277,com.android.settings/.Settings]
05-04 09:36:21.587 1537 1669 I sysui_multi_action: [757,803,799,window_time_0,802,27]
05-04 09:36:21.600 2582 2582 I wm_on_activity_result_called: [104117577,com.android.settings.Settings,ACTIVITY_RESULT]
05-04 09:36:21.600 2582 2582 I wm_on_restart_called: [104117577,com.android.settings.Settings,performRestartActivity]
05-04 09:36:21.604 2582 2582 I wm_on_start_called: [104117577,com.android.settings.Settings,handleStartActivity]
05-04 09:36:21.605 2582 2582 I snet_event_log: [120484087,-1,]
05-04 09:36:21.605 2582 2582 I wm_on_resume_called: [104117577,com.android.settings.Settings,RESUME_ACTIVITY]
05-04 09:36:21.606 2582 2582 I sysui_multi_action: [757,35,758,1,833,0,1089,0]
05-04 09:36:21.608 2582 2582 I sysui_multi_action: [757,744,758,1,833,0,1089,0]
05-04 09:36:21.614 2582 2582 I wm_on_top_resumed_gained_called: [104117577,com.android.settings.Settings,topWhenResuming]
05-04 09:36:21.619 1537 1670 I input_focus: [Focus request 83a44f3 com.android.settings/com.android.settings.Settings,reason=UpdateInputWindows]
05-04 09:36:21.648 1537 1824 I input_focus: [Focus entering 83a44f3 com.android.settings/com.android.settings.Settings (server),reason=Window became focusable. Previous reason: NOT_VISIBLE]
05-04 09:36:22.037 1537 1669 I wm_destroy_activity: [0,33714902,277,com.android.settings.intelligence/.search.SearchActivity,finish-imm:idle]
05-04 09:36:22.054 6060 6060 I wm_on_stop_called: [33714902,com.android.settings.intelligence.search.SearchActivity,LIFECYCLER_STOP_ACTIVITY]
05-04 09:36:22.059 6060 6060 I wm_on_destroy_called: [33714902,com.android.settings.intelligence.search.SearchActivity,performDestroy]
05-04 09:36:23.005 1537 1824 I input_interaction: Interaction with: 83a44f3 com.android.settings/com.android.settings.Settings (server), edge-swipe (server), swipe-up (server), PointerEventDispatcher0 (server),
05-04 09:36:23.118 2582 2582 I sysui_multi_action: [757,830,758,4,833,0,854,dashboard_tile_pref_com.android.settings.Settings$DevelopmentSettingsDashboardActivity,1089,0]
05-04 09:36:23.233 2582 2582 I sysui_multi_action: [757,744,758,2,1089,1624]
05-04 09:36:23.284 2582 2582 I auditd : type=1400 audit(0.0:5929): avc: denied { read } for comm="ndroid.settings" name="pagetypeinfo" dev="proc" ino=4026531857 scontext=u:r:system_app:s0 tcontext=u:object_r:proc_pagetypeinfo:s0 tclass=file permissive=1
05-04 09:36:23.284 2582 2582 I auditd : type=1400 audit(0.0:5930): avc: denied { open } for comm="ndroid.settings" path="/proc/pagetypeinfo" dev="proc" ino=4026531857 scontext=u:r:system_app:s0 tcontext=u:object_r:proc_pagetypeinfo:s0 tclass=file permissive=1
05-04 09:36:23.284 2582 2582 I auditd : type=1400 audit(0.0:5931): avc: denied { getattr } for comm="ndroid.settings" path="/proc/pagetypeinfo" dev="proc" ino=4026531857 scontext=u:r:system_app:s0 tcontext=u:object_r:proc_pagetypeinfo:s0 tclass=file permissive=1
05-04 09:36:23.292 2582 2582 I auditd : type=1400 audit(0.0:5932): avc: denied { search } for comm="ndroid.settings" name="zram0" dev="sysfs" ino=56786 scontext=u:r:system_app:s0 tcontext=u:object_r:sysfs_zram:s0 tclass=dir permissive=1
05-04 09:36:23.292 2582 2582 I auditd : type=1400 audit(0.0:5933): avc: denied { read } for comm="ndroid.settings" name="mm_stat" dev="sysfs" ino=56812 scontext=u:r:system_app:s0 tcontext=u:object_r:sysfs_zram:s0 tclass=file permissive=1
05-04 09:36:23.292 2582 2582 I auditd : type=1400 audit(0.0:5934): avc: denied { open } for comm="ndroid.settings" path="/sys/devices/virtual/block/zram0/mm_stat" dev="sysfs" ino=56812 scontext=u:r:system_app:s0 tcontext=u:object_r:sysfs_zram:s0 tclass=file permissive=1
05-04 09:36:23.292 2582 2582 I auditd : type=1400 audit(0.0:5935): avc: denied { getattr } for comm="ndroid.settings" path="/sys/devices/virtual/block/zram0/mm_stat" dev="sysfs" ino=56812 scontext=u:r:system_app:s0 tcontext=u:object_r:sysfs_zram:s0 tclass=file permissive=1
05-04 09:36:23.347 2582 2582 I sysui_multi_action: [757,39,758,1,833,0,1089,109]
05-04 09:36:23.347 1537 2488 D TelephonyRegistry: listen oscl: mHasNotifySubscriptionInfoChangedOccurred==false no callback
05-04 09:36:23.349 1537 2488 D TelephonyRegistry: listen oscl: mHasNotifySubscriptionInfoChangedOccurred==false no callback
05-04 09:36:23.368 2582 2582 I auditd : type=1400 audit(0.0:5936): avc: denied { read } for comm="ndroid.settings" name="u:object_r:logpersistd_logging_prop:s0" dev="tmpfs" ino=15569 scontext=u:r:system_app:s0 tcontext=u:object_r:logpersistd_logging_prop:s0 tclass=file permissive=1
05-04 09:36:23.375 0 0 W audit : audit_lost=5920 audit_rate_limit=5 audit_backlog_limit=64
05-04 09:36:23.375 0 0 E audit : rate limit exceeded
05-04 09:36:23.387 2582 2582 I sysui_multi_action: [757,1729,758,4,854,isParalleledControllers:false,1089,150]
05-04 09:36:23.578 507 507 I auditd : avc: denied { find } for pid=2582 uid=1000 name=suspend_control scontext=u:r:system_app:s0 tcontext=u:object_r:system_suspend_control_service:s0 tclass=service_manager permissive=1
05-04 09:36:23.581 507 507 I auditd : avc: denied { find } for pid=2582 uid=1000 name=suspend_control_internal scontext=u:r:system_app:s0 tcontext=u:object_r:system_suspend_control_internal_service:s0 tclass=service_manager permissive=1
05-04 09:36:23.591 507 507 I auditd : avc: denied { find } for pid=2582 uid=1000 name=tracing.proxy scontext=u:r:system_app:s0 tcontext=u:object_r:tracingproxy_service:s0 tclass=service_manager permissive=1
05-04 09:36:24.316 2582 2582 I auditd : type=1400 audit(0.0:5998): avc: denied { call } for comm=4173796E635461736B202331 scontext=u:r:system_app:s0 tcontext=u:r:system_suspend:s0 tclass=binder permissive=1
05-04 09:36:24.324 2582 2582 I auditd : type=1400 audit(0.0:5999): avc: denied { call } for comm=4173796E635461736B202331 scontext=u:r:system_app:s0 tcontext=u:r:vold:s0 tclass=binder permissive=1
05-04 09:36:24.348 2582 2582 I auditd : type=1400 audit(0.0:6000): avc: denied { read } for comm="pool-2-thread-5" name="pagetypeinfo" dev="proc" ino=4026531857 scontext=u:r:system_app:s0 tcontext=u:object_r:proc_pagetypeinfo:s0 tclass=file permissive=1
05-04 09:36:24.348 2582 2582 I auditd : type=1400 audit(0.0:6001): avc: denied { open } for comm="pool-2-thread-5" path="/proc/pagetypeinfo" dev="proc" ino=4026531857 scontext=u:r:system_app:s0 tcontext=u:object_r:proc_pagetypeinfo:s0 tclass=file permissive=1
05-04 09:36:24.348 2582 2582 I auditd : type=1400 audit(0.0:6002): avc: denied { getattr } for comm="pool-2-thread-5" path="/proc/pagetypeinfo" dev="proc" ino=4026531857 scontext=u:r:system_app:s0 tcontext=u:object_r:proc_pagetypeinfo:s0 tclass=file permissive=1
05-04 09:36:24.412 0 0 W audit : audit_lost=5983 audit_rate_limit=5 audit_backlog_limit=64
05-04 09:36:24.412 0 0 E audit : rate limit exceeded
05-04 09:36:25.203 2582 2582 I service_manager_stats: [100,36,30308]
05-04 09:36:25.332 2582 2582 I auditd : type=1400 audit(0.0:6063): avc: denied { call } for comm=4173796E635461736B202333 scontext=u:r:system_app:s0 tcontext=u:r:hal_power_default:s0 tclass=binder permissive=1
05-04 09:36:25.352 2582 2582 I auditd : type=1400 audit(0.0:6064): avc: denied { read } for comm="pool-2-thread-2" name="mm_stat" dev="sysfs" ino=56812 scontext=u:r:system_app:s0 tcontext=u:object_r:sysfs_zram:s0 tclass=file permissive=1
05-04 09:36:25.352 2582 2582 I auditd : type=1400 audit(0.0:6065): avc: denied { open } for comm="pool-2-thread-2" path="/sys/devices/virtual/block/zram0/mm_stat" dev="sysfs" ino=56812 scontext=u:r:system_app:s0 tcontext=u:object_r:sysfs_zram:s0 tclass=file permissive=1
05-04 09:36:25.352 2582 2582 I auditd : type=1400 audit(0.0:6066): avc: denied { getattr } for comm="pool-2-thread-2" path="/sys/devices/virtual/block/zram0/mm_stat" dev="sysfs" ino=56812 scontext=u:r:system_app:s0 tcontext=u:object_r:sysfs_zram:s0 tclass=file permissive=1
05-04 09:36:25.352 2582 2582 I auditd : type=1400 audit(0.0:6067): avc: denied { call } for comm=4173796E635461736B202333 scontext=u:r:system_app:s0 tcontext=u:r:netd:s0 tclass=binder permissive=1
05-04 09:36:25.419 0 0 W audit : audit_lost=6043 audit_rate_limit=5 audit_backlog_limit=64
05-04 09:36:25.419 0 0 E audit : rate limit exceeded
05-04 09:36:25.473 1537 1537 I service_manager_stats: [100,52,52342]
05-04 09:36:25.780 0 0 E link_delay_work_func: DTC_ETH: SQI=0, link=0
05-04 09:36:26.336 2582 2582 I auditd : type=1400 audit(0.0:6128): avc: denied { search } for comm="pool-2-thread-3" name="zram0" dev="sysfs" ino=56786 scontext=u:r:system_app:s0 tcontext=u:object_r:sysfs_zram:s0 tclass=dir permissive=1
05-04 09:36:26.392 2582 2582 I auditd : type=1400 audit(0.0:6129): avc: denied { call } for comm=4173796E635461736B202331 scontext=u:r:system_app:s0 tcontext=u:r:hal_vibrator_default:s0 tclass=binder permissive=1
05-04 09:36:26.420 2582 2582 I auditd : type=1400 audit(0.0:6130): avc: denied { call } for comm=4173796E635461736B202331 scontext=u:r:system_app:s0 tcontext=u:r:installd:s0 tclass=binder permissive=1
05-04 09:36:26.460 2582 2582 I auditd : type=1400 audit(0.0:6131): avc: denied { call } for comm=4173796E635461736B202333 scontext=u:r:system_app:s0 tcontext=u:r:hal_power_default:s0 tclass=binder permissive=1
05-04 09:36:26.483 0 0 W audit : audit_lost=6101 audit_rate_limit=5 audit_backlog_limit=64
05-04 09:36:26.476 2582 2582 I auditd : type=1400 audit(0.0:6132): avc: denied { read } for comm="pool-2-thread-2" name="mm_stat" dev="sysfs" ino=56812 scontext=u:r:system_app:s0 tcontext=u:object_r:sysfs_zram:s0 tclass=file permissive=1
05-04 09:36:26.483 0 0 E audit : rate limit exceeded
05-04 09:36:27.340 2582 2582 I auditd : type=1400 audit(0.0:6187): avc: denied { call } for comm=4173796E635461736B202333 scontext=u:r:system_app:s0 tcontext=u:r:hal_power_default:s0 tclass=binder permissive=1
05-04 09:36:27.356 2582 2582 I auditd : type=1400 audit(0.0:6188): avc: denied { call } for comm=4173796E635461736B202333 scontext=u:r:system_app:s0 tcontext=u:r:netd:s0 tclass=binder permissive=1
05-04 09:36:27.356 2582 2582 I auditd : type=1400 audit(0.0:6189): avc: denied { read } for comm="pool-2-thread-8" name="mm_stat" dev="sysfs" ino=56812 scontext=u:r:system_app:s0 tcontext=u:object_r:sysfs_zram:s0 tclass=file permissive=1
05-04 09:36:27.356 2582 2582 I auditd : type=1400 audit(0.0:6190): avc: denied { open } for comm="pool-2-thread-8" path="/sys/devices/virtual/block/zram0/mm_stat" dev="sysfs" ino=56812 scontext=u:r:system_app:s0 tcontext=u:object_r:sysfs_zram:s0 tclass=file permissive=1
05-04 09:36:27.356 2582 2582 I auditd : type=1400 audit(0.0:6191): avc: denied { getattr } for comm="pool-2-thread-8" path="/sys/devices/virtual/block/zram0/mm_stat" dev="sysfs" ino=56812 scontext=u:r:system_app:s0 tcontext=u:object_r:sysfs_zram:s0 tclass=file permissive=1
05-04 09:36:27.584 0 0 W audit : audit_lost=6163 audit_rate_limit=5 audit_backlog_limit=64
05-04 09:36:27.584 0 0 E audit : rate limit exceeded
05-04 09:36:27.628 1537 1675 I am_pss : [3134,10092,com.android.providers.media.module,19390464,16642048,0,121741312,0,0,7]
05-04 09:36:27.638 1537 1675 I am_pss : [2833,10070,com.qualcomm.location,9766912,7823360,0,100343808,0,0,7]
05-04 09:36:27.654 1537 1675 I am_pss : [1958,10079,com.android.systemui,168528896,153444352,0,317153280,0,0,14]
05-04 09:36:28.388 2582 2582 I auditd : type=1400 audit(0.0:6255): avc: denied { call } for comm=4173796E635461736B202331 scontext=u:r:system_app:s0 tcontext=u:r:hal_power_default:s0 tclass=binder permissive=1
05-04 09:36:28.400 2582 2582 I auditd : type=1400 audit(0.0:6256): avc: denied { call } for comm=4173796E635461736B202331 scontext=u:r:system_app:s0 tcontext=u:r:netd:s0 tclass=binder permissive=1
05-04 09:36:28.404 2582 2582 I auditd : type=1400 audit(0.0:6257): avc: denied { read } for comm="pool-2-thread-6" name="mm_stat" dev="sysfs" ino=56812 scontext=u:r:system_app:s0 tcontext=u:object_r:sysfs_zram:s0 tclass=file permissive=1
05-04 09:36:28.404 2582 2582 I auditd : type=1400 audit(0.0:6258): avc: denied { open } for comm="pool-2-thread-6" path="/sys/devices/virtual/block/zram0/mm_stat" dev="sysfs" ino=56812 scontext=u:r:system_app:s0 tcontext=u:object_r:sysfs_zram:s0 tclass=file permissive=1
05-04 09:36:28.404 2582 2582 I auditd : type=1400 audit(0.0:6259): avc: denied { getattr } for comm="pool-2-thread-6" path="/sys/devices/virtual/block/zram0/mm_stat" dev="sysfs" ino=56812 scontext=u:r:system_app:s0 tcontext=u:object_r:sysfs_zram:s0 tclass=file permissive=1
05-04 09:36:28.595 0 0 W audit : audit_lost=6227 audit_rate_limit=5 audit_backlog_limit=64
05-04 09:36:28.595 0 0 E audit : rate limit exceeded
05-04 09:36:29.456 2582 2582 I auditd : type=1400 audit(0.0:6325): avc: denied { read } for comm="pool-2-thread-5" name="mm_stat" dev="sysfs" ino=56812 scontext=u:r:system_app:s0 tcontext=u:object_r:sysfs_zram:s0 tclass=file permissive=1
05-04 09:36:29.456 2582 2582 I auditd : type=1400 audit(0.0:6326): avc: denied { open } for comm="pool-2-thread-5" path="/sys/devices/virtual/block/zram0/mm_stat" dev="sysfs" ino=56812 scontext=u:r:system_app:s0 tcontext=u:object_r:sysfs_zram:s0 tclass=file permissive=1
05-04 09:36:29.456 2582 2582 I auditd : type=1400 audit(0.0:6327): avc: denied { getattr } for comm="pool-2-thread-5" path="/sys/devices/virtual/block/zram0/mm_stat" dev="sysfs" ino=56812 scontext=u:r:system_app:s0 tcontext=u:object_r:sysfs_zram:s0 tclass=file permissive=1
05-04 09:36:29.460 2582 2582 I auditd : type=1400 audit(0.0:6328): avc: denied { call } for comm=4173796E635461736B202333 scontext=u:r:system_app:s0 tcontext=u:r:iorapd:s0 tclass=binder permissive=1
05-04 09:36:29.468 2582 2582 I auditd : type=1400 audit(0.0:6329): avc: denied { call } for comm=4173796E635461736B202333 scontext=u:r:system_app:s0 tcontext=u:r:netd:s0 tclass=binder permissive=1
05-04 09:36:29.600 0 0 W audit : audit_lost=6288 audit_rate_limit=5 audit_backlog_limit=64
05-04 09:36:29.600 0 0 E audit : rate limit exceeded
05-04 09:36:29.633 1537 1715 I commit_sys_config_file: [package-user-0,2]
05-04 09:36:29.635 0 0 I init : starting service 'idmap2d'...
05-04 09:36:29.640 0 0 I init : Control message: Processed ctl.start for 'idmap2d' from pid: 1537 (system_server)
05-04 09:36:29.657 0 0 I binder : 6339:6339 ioctl 40046210 7ff59363e4 returned -22
05-04 09:36:30.480 2582 2582 I auditd : type=1400 audit(0.0:6392): avc: denied { call } for comm=4173796E635461736B202333 scontext=u:r:system_app:s0 tcontext=u:r:installd:s0 tclass=binder permissive=1
05-04 09:36:30.540 2582 2582 I auditd : type=1400 audit(0.0:6393): avc: denied { read } for comm="pool-2-thread-7" name="mm_stat" dev="sysfs" ino=56812 scontext=u:r:system_app:s0 tcontext=u:object_r:sysfs_zram:s0 tclass=file permissive=1
05-04 09:36:30.540 2582 2582 I auditd : type=1400 audit(0.0:6394): avc: denied { open } for comm="pool-2-thread-7" path="/sys/devices/virtual/block/zram0/mm_stat" dev="sysfs" ino=56812 scontext=u:r:system_app:s0 tcontext=u:object_r:sysfs_zram:s0 tclass=file permissive=1
05-04 09:36:30.540 2582 2582 I auditd : type=1400 audit(0.0:6395): avc: denied { getattr } for comm="pool-2-thread-7" path="/sys/devices/virtual/block/zram0/mm_stat" dev="sysfs" ino=56812 scontext=u:r:system_app:s0 tcontext=u:object_r:sysfs_zram:s0 tclass=file permissive=1
05-04 09:36:30.560 2582 2582 I auditd : type=1400 audit(0.0:6396): avc: denied { call } for comm=4173796E635461736B202331 scontext=u:r:system_app:s0 tcontext=u:r:iorapd:s0 tclass=binder permissive=1
05-04 09:36:30.609 0 0 W audit : audit_lost=6347 audit_rate_limit=5 audit_backlog_limit=64
05-04 09:36:30.609 0 0 E audit : rate limit exceeded
05-04 09:36:30.900 0 0 E link_delay_work_func: DTC_ETH: SQI=0, link=0
05-04 09:36:31.504 2582 2582 I auditd : type=1400 audit(0.0:6446): avc: denied { call } for comm=4173796E635461736B202333 scontext=u:r:system_app:s0 tcontext=u:r:iorapd:s0 tclass=binder permissive=1
05-04 09:36:31.552 2582 2582 I auditd : type=1400 audit(0.0:6447): avc: denied { call } for comm=4173796E635461736B202331 scontext=u:r:system_app:s0 tcontext=u:r:hal_power_default:s0 tclass=binder permissive=1
05-04 09:36:31.568 2582 2582 I auditd : type=1400 audit(0.0:6448): avc: denied { call } for comm=4173796E635461736B202331 scontext=u:r:system_app:s0 tcontext=u:r:netd:s0 tclass=binder permissive=1
05-04 09:36:31.576 2582 2582 I auditd : type=1400 audit(0.0:6449): avc: denied { search } for comm="pool-2-thread-1" name="zram0" dev="sysfs" ino=56786 scontext=u:r:system_app:s0 tcontext=u:object_r:sysfs_zram:s0 tclass=dir permissive=1
05-04 09:36:31.576 2582 2582 I auditd : type=1400 audit(0.0:6450): avc: denied { read } for comm="pool-2-thread-1" name="mm_stat" dev="sysfs" ino=56812 scontext=u:r:system_app:s0 tcontext=u:object_r:sysfs_zram:s0 tclass=file permissive=1
05-04 09:36:31.623 0 0 W audit : audit_lost=6398 audit_rate_limit=5 audit_backlog_limit=64
05-04 09:36:31.623 0 0 E audit : rate limit exceeded
05-04 09:36:31.792 1537 2488 I netstats_mobile_sample: [0,0,0,0,0,0,0,0,0,0,0,0,1683164191792]
