05-04 09:37:04.392 7469 7469 I SystemServerTiming: OnBootPhase_500_com.android.server.appbinding.AppBindingService$Lifecycle
05-04 09:37:04.392 7469 7469 I SystemServerTiming: OnBootPhase_500_com.android.server.tracing.TracingServiceProxy
05-04 09:37:04.392 7469 7469 I SystemServerTiming: MakeWindowManagerServiceReady
05-04 09:37:04.395 7469 7469 I SystemServerTiming: MakePowerManagerServiceReady
05-04 09:37:04.395 7469 7469 I AttentionDetector: readValuesFromDeviceConfig():
05-04 09:37:04.395 7469 7469 I AttentionDetector: mMaximumExtensionMillis=900000
05-04 09:37:04.395 7469 7469 I AttentionDetector: mPreDimCheckDurationMillis=2000
05-04 09:37:04.395 7469 7469 I AttentionDetector: mRequestedPostDimTimeoutMillis=0
05-04 09:37:04.398 7469 7469 E DisplayPowerController[0]: failed to set up display white-balance: java.lang.IllegalStateException: cannot find light sensor
05-04 09:37:04.398 7469 7469 W DisplayPowerController[0]: Screen brightness nits configuration is unavailable; falling back
05-04 09:37:04.399 7469 7667 I DropBoxManagerService: add tag=system_server_wtf isTagEnabled=true flags=0x2
05-04 09:37:04.400 7469 7487 D CompatibilityChangeReporter: Compat change id reported: 168419799; UID 1000; state: DISABLED
05-04 09:37:04.401 7469 7469 I FaceDownDetector: readValuesFromDeviceConfig():
05-04 09:37:04.401 7469 7469 I FaceDownDetector: mAccelerationThreshold=0.2
05-04 09:37:04.401 7469 7469 I FaceDownDetector: mZAccelerationThreshold=-9.5
05-04 09:37:04.401 7469 7469 I FaceDownDetector: mTimeThreshold=PT1S
05-04 09:37:04.401 7469 7469 I FaceDownDetector: mIsEnabled=true
05-04 09:37:04.401 7469 7511 W KeyguardServiceDelegate: onScreenTurningOn(): no keyguard service!
05-04 09:37:04.401 7469 7511 V DisplayPowerController[0]: Brightness [1.0] reason changing to: 'override', previous reason: '0'.
05-04 09:37:04.401 7469 7469 I ScreenUndimDetector: readValuesFromDeviceConfig():
05-04 09:37:04.401 7469 7469 I ScreenUndimDetector: mKeepScreenOnForMillis=600000
05-04 09:37:04.401 7469 7469 I ScreenUndimDetector: mKeepScreenOnNotificationEnabled=false
05-04 09:37:04.401 7469 7469 I ScreenUndimDetector: mUndimsRequired=2
05-04 09:37:04.402 7469 7665 I DropBoxManagerService: add tag=system_server_wtf isTagEnabled=true flags=0x2
05-04 09:37:04.403 7469 7469 I SystemServerTiming: StartPermissionPolicyService
05-04 09:37:04.403 7469 7469 I SystemServiceManager: Starting com.android.server.policy.PermissionPolicyService
05-04 09:37:04.404 7469 7469 I SystemServerTiming: MakePackageManagerServiceReady
05-04 09:37:04.405 7469 7503 E KernelCpuSpeedReader: Failed to read cpu-freq: /sys/devices/system/cpu/cpu4/cpufreq/stats/time_in_state: open failed: ENOENT (No such file or directory)
05-04 09:37:04.405 7469 7503 E KernelCpuSpeedReader: Failed to read cpu-freq: /sys/devices/system/cpu/cpu0/cpufreq/stats/time_in_state: open failed: ENOENT (No such file or directory)
05-04 09:37:04.405 7469 7667 I DropBoxManagerService: Cleaning temp file: /data/system/dropbox/drop67.tmp
05-04 09:37:04.405 7469 7495 I HealthServiceWrapper: health: HealthServiceWrapper listening to instance default
05-04 09:37:04.406 836 836 E android.hardware.wifi@1.0-service: Stopping legacy HAL
05-04 09:37:04.406 836 836 E android.hardware.wifi@1.0-service: Legacy HAL trigger wifi cleanup
05-04 09:37:04.406 836 1918 I android.hardware.wifi@1.0-service: Legacy HAL stop complete callback received
05-04 09:37:04.406 0 0 I [wifi@1][0x9af35176][09:37:04.406959] wlan: [1918:I:HDD] wlan0(vdevid-0): Received Disconnect reason:3 WLAN_REASON_DEAUTH_LEAVING
05-04 09:37:04.407 0 0 I [schedu][0x9af36196][09:37:04.407174] wlan: [1858:I:PE] Deauth TX: vdev 0 seq_num 2055 reason 3 waitForAck 1 to f8:af:05:82:ca:5c from 3a:29:3c:5e:14:d2
05-04 09:37:04.414 7469 7636 I stream_devices_changed: [6,0,1]
05-04 09:37:04.420 7469 7469 I commit_sys_config_file: [package-session,7]
05-04 09:37:04.420 7469 7469 V UserDataPreparer: Found /data/user_de/0 with serial number 0
05-04 09:37:04.420 7469 7469 V UserDataPreparer: Found /data/user/0 with serial number 0
05-04 09:37:04.420 7469 7469 V UserDataPreparer: Found /data/system_de/0 with serial number 0
05-04 09:37:04.420 7469 7469 W UserDataPreparer: Invalid user directory /data/system_de/usagestats
05-04 09:37:04.420 7469 7469 V UserDataPreparer: Found /data/system_ce/0 with serial number 0
05-04 09:37:04.420 7469 7469 V UserDataPreparer: Found /data/misc_ce/0 with serial number 0
05-04 09:37:04.437 7469 7469 I PackageManager: Permission ownership changed. Updating all permissions.
05-04 09:37:04.442 7469 7495 D StatsPullAtomService: Registering pullers with statsd
05-04 09:37:04.451 7469 7495 I StatsPullAtomService: register thermal listener successfully
05-04 09:37:04.462 7469 7469 I SystemServerTiming: MakeDisplayManagerServiceReady
05-04 09:37:04.464 7469 7489 E DisplayModeDirector: Asked about unknown display, returning empty display mode specs!(id=0)
05-04 09:37:04.464 7469 7489 E DisplayModeDirector: Asked about unknown display, returning empty display mode specs!(id=0)
05-04 09:37:04.464 7469 7516 E DefaultPermGrantPolicy: Package not found: com.qualcomm.qti.cne
05-04 09:37:04.467 0 0 I [schedu][0x9b04fee4][09:37:04.467298] wlan: [1858:I:HDD] wlan0(vdevid-0): disconnected
05-04 09:37:04.467 0 0 I [schedu][0x9b050068][09:37:04.467319] wlan: [1858:I:DP] dp_tx_flow_pool_unmap_handler: flow_id 0 flow_type 0 flow_pool_id 0
05-04 09:37:04.467 7469 7469 I SystemServerTiming: StartDeviceSpecificServices
05-04 09:37:04.467 7469 7469 I SystemServerTiming: GameManagerService
05-04 09:37:04.467 7469 7469 I SystemServiceManager: Starting com.android.server.app.GameManagerService$Lifecycle
05-04 09:37:04.468 0 0 I [wifi@1][0x9b055f75][09:37:04.468586] wlan: [1918:I:HDD] Disconnect reason: 3 WLAN_REASON_DEAUTH_LEAVING vendor: 0 LG: 1
05-04 09:37:04.474 7469 7469 I SystemServerTiming: StartBootPhaseDeviceSpecificServicesReady
05-04 09:37:04.474 7469 7469 I SystemServiceManager: Starting phase 520
05-04 09:37:04.474 7469 7469 I SystemServerTiming: OnBootPhase_520
05-04 09:37:04.474 7469 7469 I SystemServerTiming: OnBootPhase_520_com.android.server.security.FileIntegrityService
05-04 09:37:04.474 7469 7469 I SystemServerTiming: OnBootPhase_520_com.android.server.pm.Installer
05-04 09:37:04.474 7469 7469 I SystemServerTiming: OnBootPhase_520_com.android.server.os.DeviceIdentifiersPolicyService
05-04 09:37:04.474 7469 7469 I SystemServerTiming: OnBootPhase_520_com.android.server.uri.UriGrantsManagerService$Lifecycle
05-04 09:37:04.474 7469 7469 I SystemServerTiming: OnBootPhase_520_com.android.server.powerstats.PowerStatsService
05-04 09:37:04.474 7469 7469 I SystemServerTiming: OnBootPhase_520_com.android.server.wm.ActivityTaskManagerService$Lifecycle
05-04 09:37:04.474 7469 7469 I SystemServerTiming: OnBootPhase_520_com.android.server.am.ActivityManagerService$Lifecycle
05-04 09:37:04.474 7469 7469 I SystemServerTiming: OnBootPhase_520_com.android.server.pm.DataLoaderManagerService
05-04 09:37:04.474 7469 7469 I SystemServerTiming: OnBootPhase_520_com.android.server.power.PowerManagerService
05-04 09:37:04.474 7469 7469 I SystemServerTiming: OnBootPhase_520_com.android.server.power.ThermalManagerService
05-04 09:37:04.474 7469 7469 I SystemServerTiming: OnBootPhase_520_com.android.server.power.hint.HintManagerService
05-04 09:37:04.474 7469 7469 I SystemServerTiming: OnBootPhase_520_com.android.server.recoverysystem.RecoverySystemService$Lifecycle
05-04 09:37:04.474 7469 7469 I SystemServerTiming: OnBootPhase_520_com.android.server.lights.LightsService
05-04 09:37:04.474 7469 7469 I SystemServerTiming: OnBootPhase_520_com.android.server.display.DisplayManagerService
05-04 09:37:04.474 7469 7469 I SystemServerTiming: OnBootPhase_520_com.android.server.pm.verify.domain.DomainVerificationService
05-04 09:37:04.474 7469 7469 I SystemServerTiming: OnBootPhase_520_com.android.server.pm.PackageInstallerService$Lifecycle
05-04 09:37:04.474 7469 7469 I SystemServerTiming: OnBootPhase_520_com.android.server.pm.UserManagerService$LifeCycle
05-04 09:37:04.474 7469 7469 I SystemServerTiming: OnBootPhase_520_com.android.server.om.OverlayManagerService
05-04 09:37:04.474 7469 7469 I SystemServerTiming: OnBootPhase_520_com.android.server.SensorPrivacyService
05-04 09:37:04.474 7469 7469 I SystemServerTiming: OnBootPhase_520_com.android.server.thunderperf.ThunderBoostPerfService
05-04 09:37:04.474 7469 7469 I SystemServerTiming: OnBootPhase_520_com.android.server.sensors.SensorService
05-04 09:37:04.474 7469 7469 I SystemServerTiming: OnBootPhase_520_com.android.server.SystemConfigService
05-04 09:37:04.474 7469 7469 I SystemServerTiming: OnBootPhase_520_com.android.server.BatteryService
05-04 09:37:04.474 7469 7469 I SystemServerTiming: OnBootPhase_520_com.android.server.usage.UsageStatsService
05-04 09:37:04.474 7469 7469 I SystemServerTiming: OnBootPhase_520_com.android.server.webkit.WebViewUpdateService
05-04 09:37:04.474 7469 7469 I SystemServerTiming: OnBootPhase_520_com.android.server.CachedDeviceStateService
05-04 09:37:04.474 7469 7469 I SystemServerTiming: OnBootPhase_520_com.android.server.BinderCallsStatsService$LifeCycle
05-04 09:37:04.474 7469 7469 I SystemServerTiming: OnBootPhase_520_com.android.server.LooperStatsService$Lifecycle
05-04 09:37:04.474 7469 7469 I SystemServerTiming: OnBootPhase_520_com.android.server.rollback.RollbackManagerService
05-04 09:37:04.474 7469 7469 I SystemServerTiming: OnBootPhase_520_com.android.server.os.NativeTombstoneManagerService
05-04 09:37:04.474 7469 7469 I SystemServerTiming: OnBootPhase_520_com.android.server.os.BugreportManagerService
05-04 09:37:04.474 7469 7469 I SystemServerTiming: OnBootPhase_520_com.android.server.gpu.GpuService
05-04 09:37:04.474 7469 7469 I SystemServerTiming: OnBootPhase_520_com.android.server.security.KeyChainSystemService
05-04 09:37:04.474 7469 7469 I SystemServerTiming: OnBootPhase_520_com.android.server.telecom.TelecomLoaderService
05-04 09:37:04.474 7469 7469 I SystemServerTiming: OnBootPhase_520_com.android.server.accounts.AccountManagerService$Lifecycle
05-04 09:37:04.474 7469 7469 I SystemServerTiming: OnBootPhase_520_com.android.server.content.ContentService$Lifecycle
05-04 09:37:04.474 7469 7469 I SystemServerTiming: OnBootPhase_520_com.android.server.DropBoxManagerService
05-04 09:37:04.475 7469 7469 I SystemServerTiming: OnBootPhase_520_com.android.role.RoleService
05-04 09:37:04.475 7469 7469 I SystemServerTiming: OnBootPhase_520_com.android.server.vibrator.VibratorManagerService$Lifecycle
05-04 09:37:04.475 7469 7469 I SystemServerTiming: OnBootPhase_520_com.android.server.alarm.AlarmManagerService
05-04 09:37:04.475 7469 7469 I SystemServerTiming: OnBootPhase_520_com.android.server.devicestate.DeviceStateManagerService
05-04 09:37:04.475 7469 7469 I SystemServerTiming: OnBootPhase_520_com.android.server.camera.CameraServiceProxy
05-04 09:37:04.475 7469 7469 I SystemServerTiming: OnBootPhase_520_com.android.server.BluetoothService
05-04 09:37:04.475 7469 7469 I SystemServerTiming: OnBootPhase_520_com.android.server.connectivity.IpConnectivityMetrics
05-04 09:37:04.475 7469 7469 I SystemServerTiming: OnBootPhase_520_com.android.server.net.watchlist.NetworkWatchlistService$Lifecycle
05-04 09:37:04.475 7469 7469 I SystemServerTiming: OnBootPhase_520_com.android.server.PinnerService
05-04 09:37:04.475 7469 7469 I SystemServerTiming: OnBootPhase_520_com.google.android.startop.iorap.IorapForwardingService
05-04 09:37:04.475 7469 7469 I SystemServerTiming: OnBootPhase_520_com.android.server.ActivityTriggerService
05-04 09:37:04.475 7469 7469 I SystemServerTiming: OnBootPhase_520_com.android.server.integrity.AppIntegrityManagerService
05-04 09:37:04.475 7469 7469 I SystemServerTiming: OnBootPhase_520_com.android.server.inputmethod.InputMethodManagerService$Lifecycle
05-04 09:37:04.475 7469 7469 I SystemServerTiming: OnBootPhase_520_com.android.server.accessibility.AccessibilityManagerService$Lifecycle
05-04 09:37:04.475 7469 7469 I SystemServerTiming: OnBootPhase_520_com.android.server.StorageManagerService$Lifecycle
05-04 09:37:04.475 7469 7469 I SystemServerTiming: OnBootPhase_520_com.android.server.usage.StorageStatsService$Lifecycle
05-04 09:37:04.475 7469 7469 I SystemServerTiming: OnBootPhase_520_com.android.server.UiModeManagerService
05-04 09:37:04.475 7469 7469 I SystemServerTiming: OnBootPhase_520_com.android.server.locksettings.LockSettingsService$Lifecycle
05-04 09:37:04.475 7469 7469 I SystemServerTiming: OnBootPhase_520_com.android.server.PersistentDataBlockService
05-04 09:37:04.475 7469 7469 I SystemServerTiming: OnBootPhase_520_com.android.server.testharness.TestHarnessModeService
05-04 09:37:04.475 7469 7469 I SystemServerTiming: OnBootPhase_520_com.android.server.oemlock.OemLockService
05-04 09:37:04.475 7469 7469 I SystemServerTiming: OnBootPhase_520_com.android.server.DeviceIdleController
05-04 09:37:04.475 7469 7469 I SystemServerTiming: OnBootPhase_520_com.android.server.devicepolicy.DevicePolicyManagerService$Lifecycle
05-04 09:37:04.475 7469 7469 I SystemServerTiming: OnBootPhase_520_com.android.server.texttospeech.TextToSpeechManagerService
05-04 09:37:04.475 7469 7469 I SystemServerTiming: OnBootPhase_520_com.android.server.speech.SpeechRecognitionManagerService
05-04 09:37:04.475 7469 7469 I SystemServerTiming: OnBootPhase_520_com.android.server.searchui.SearchUiManagerService
05-04 09:37:04.475 7469 7469 I SystemServerTiming: OnBootPhase_520_com.android.server.smartspace.SmartspaceManagerService
05-04 09:37:04.475 7469 7469 I SystemServerTiming: OnBootPhase_520_com.android.server.graphics.fonts.FontManagerService$Lifecycle
05-04 09:37:04.475 7469 7469 I SystemServerTiming: OnBootPhase_520_com.android.server.textservices.TextServicesManagerService$Lifecycle
05-04 09:37:04.475 7469 7469 I SystemServerTiming: OnBootPhase_520_com.android.server.textclassifier.TextClassificationManagerService$Lifecycle
05-04 09:37:04.475 7469 7469 I SystemServerTiming: OnBootPhase_520_com.android.server.NetworkScoreService$Lifecycle
05-04 09:37:04.475 7469 7469 I SystemServerTiming: OnBootPhase_520_com.android.server.wifi.WifiService
05-04 09:37:04.475 7469 7469 I SystemServerTiming: OnBootPhase_520_com.android.server.wifi.scanner.WifiScanningService
05-04 09:37:04.475 7469 7469 I SystemServerTiming: OnBootPhase_520_com.android.server.wifi.rtt.RttService
05-04 09:37:04.475 7469 7469 I SystemServerTiming: OnBootPhase_520_com.android.server.wifi.aware.WifiAwareService
05-04 09:37:04.475 7469 7469 I SystemServerTiming: OnBootPhase_520_com.android.server.wifi.p2p.WifiP2pService
05-04 09:37:04.475 7469 7469 I SystemServerTiming: OnBootPhase_520_com.android.server.ethernet.EthernetService
05-04 09:37:04.475 7469 7469 I SystemServerTiming: OnBootPhase_520_com.android.server.ConnectivityServiceInitializer
05-04 09:37:04.475 7469 7469 I SystemServerTiming: OnBootPhase_520_com.android.server.notification.NotificationManagerService
05-04 09:37:04.475 7469 7469 I SystemServerTiming: OnBootPhase_520_com.android.server.storage.DeviceStorageMonitorService
05-04 09:37:04.475 7469 7469 I SystemServerTiming: OnBootPhase_520_com.android.server.location.LocationManagerService$Lifecycle
05-04 09:37:04.475 7469 7469 I SystemServerTiming: OnBootPhase_520_com.android.server.timedetector.TimeDetectorService$Lifecycle
05-04 09:37:04.475 7469 7469 I SystemServerTiming: OnBootPhase_520_com.android.server.timezonedetector.TimeZoneDetectorService$Lifecycle
05-04 09:37:04.475 7469 7469 I SystemServerTiming: OnBootPhase_520_com.android.server.timezonedetector.location.LocationTimeZoneManagerService$Lifecycle
05-04 09:37:04.475 7469 7469 I SystemServerTiming: OnBootPhase_520_com.android.server.search.SearchManagerService$Lifecycle
05-04 09:37:04.475 7469 7469 I SystemServerTiming: OnBootPhase_520_com.android.server.wallpaper.WallpaperManagerService$Lifecycle
05-04 09:37:04.475 7469 7469 I SystemServerTiming: OnBootPhase_520_com.android.server.audio.AudioService$Lifecycle
05-04 09:37:04.475 7469 7469 I SystemServerTiming: OnBootPhase_520_com.android.server.soundtrigger_middleware.SoundTriggerMiddlewareService$Lifecycle
05-04 09:37:04.475 7469 7469 I SystemServerTiming: OnBootPhase_520_com.android.server.DockObserver
05-04 09:37:04.475 7469 7469 I SystemServerTiming: OnBootPhase_520_com.android.server.midi.MidiService$Lifecycle
05-04 09:37:04.475 7469 7469 I SystemServerTiming: OnBootPhase_520_com.android.server.adb.AdbService$Lifecycle
05-04 09:37:04.475 7469 7469 I SystemServerTiming: OnBootPhase_520_com.android.server.usb.UsbService$Lifecycle
05-04 09:37:04.475 7469 7469 I SystemServerTiming: OnBootPhase_520_com.android.server.twilight.TwilightService
05-04 09:37:04.475 7469 7469 I SystemServerTiming: OnBootPhase_520_com.android.server.display.color.ColorDisplayService
05-04 09:37:04.475 7469 7469 I SystemServerTiming: OnBootPhase_520_com.android.server.job.JobSchedulerService
05-04 09:37:04.475 7469 7469 I SystemServerTiming: OnBootPhase_520_com.android.server.soundtrigger.SoundTriggerService
05-04 09:37:04.475 7469 7469 D SoundTriggerService: onBootPhase: 520 : false
05-04 09:37:04.475 7469 7469 I SystemServerTiming: OnBootPhase_520_com.android.server.trust.TrustManagerService
05-04 09:37:04.475 7469 7469 I SystemServerTiming: OnBootPhase_520_com.android.server.backup.BackupManagerService$Lifecycle
05-04 09:37:04.475 7469 7469 I SystemServerTiming: OnBootPhase_520_com.android.server.appwidget.AppWidgetService
05-04 09:37:04.475 7469 7469 I SystemServerTiming: OnBootPhase_520_com.android.server.voiceinteraction.VoiceInteractionManagerService
05-04 09:37:04.475 7469 7469 I SystemServerTiming: OnBootPhase_520_com.android.server.apphibernation.AppHibernationService
05-04 09:37:04.475 7469 7469 I SystemServerTiming: OnBootPhase_520_com.android.server.SensorNotificationService
05-04 09:37:04.475 7469 7469 I SystemServerTiming: OnBootPhase_520_com.android.server.emergency.EmergencyAffordanceService
05-04 09:37:04.475 7469 7469 I SystemServerTiming: OnBootPhase_520_com.android.server.blob.BlobStoreManagerService
05-04 09:37:04.475 7469 7469 I SystemServerTiming: OnBootPhase_520_com.android.server.dreams.DreamManagerService
05-04 09:37:04.475 7469 7469 I SystemServerTiming: OnBootPhase_520_com.android.server.companion.CompanionDeviceManagerService
05-04 09:37:04.475 7469 7469 I SystemServerTiming: OnBootPhase_520_com.android.server.restrictions.RestrictionsManagerService
05-04 09:37:04.475 7469 7469 I SystemServerTiming: OnBootPhase_520_com.android.server.media.MediaSessionService
05-04 09:37:04.475 7469 7469 I SystemServerTiming: OnBootPhase_520_com.android.server.media.MediaResourceMonitorService
05-04 09:37:04.475 7469 7469 I SystemServerTiming: OnBootPhase_520_com.android.server.biometrics.sensors.fingerprint.FingerprintService
05-04 09:37:04.475 7469 7469 I SystemServerTiming: OnBootPhase_520_com.android.server.biometrics.BiometricService
05-04 09:37:04.475 7469 7469 I SystemServerTiming: OnBootPhase_520_com.android.server.biometrics.AuthService
05-04 09:37:04.475 7469 7469 I SystemServerTiming: OnBootPhase_520_com.android.server.pm.ShortcutService$Lifecycle
05-04 09:37:04.475 7469 7469 I SystemServerTiming: OnBootPhase_520_com.android.server.pm.LauncherAppsService
05-04 09:37:04.475 7469 7469 I SystemServerTiming: OnBootPhase_520_com.android.server.pm.CrossProfileAppsService
05-04 09:37:04.475 7469 7469 I SystemServerTiming: OnBootPhase_520_com.android.server.people.PeopleService
05-04 09:37:04.475 7469 7469 I SystemServerTiming: OnBootPhase_520_com.android.server.media.metrics.MediaMetricsManagerService
05-04 09:37:04.475 7469 7469 I SystemServerTiming: OnBootPhase_520_com.android.server.media.projection.MediaProjectionManagerService
05-04 09:37:04.475 7469 7469 I SystemServerTiming: OnBootPhase_520_com.android.server.slice.SliceManagerService$Lifecycle
05-04 09:37:04.475 7469 7469 I SystemServerTiming: OnBootPhase_520_com.android.server.stats.StatsCompanion$Lifecycle
05-04 09:37:04.475 7469 7469 I SystemServerTiming: OnBootPhase_520_com.android.server.scheduling.RebootReadinessManagerService$Lifecycle
05-04 09:37:04.475 7469 7469 I SystemServerTiming: OnBootPhase_520_com.android.server.stats.pull.StatsPullAtomService
05-04 09:37:04.475 7469 7469 I SystemServerTiming: OnBootPhase_520_com.android.server.incident.IncidentCompanionService
05-04 09:37:04.475 7469 7469 I SystemServerTiming: OnBootPhase_520_com.android.server.MmsServiceBroker
05-04 09:37:04.475 7469 7469 I SystemServerTiming: OnBootPhase_520_com.android.server.autofill.AutofillManagerService
05-04 09:37:04.475 7469 7469 I SystemServerTiming: OnBootPhase_520_com.android.server.clipboard.ClipboardService
05-04 09:37:04.475 7469 7469 I SystemServerTiming: OnBootPhase_520_com.android.server.appbinding.AppBindingService$Lifecycle
05-04 09:37:04.475 7469 7469 I SystemServerTiming: OnBootPhase_520_com.android.server.tracing.TracingServiceProxy
05-04 09:37:04.475 7469 7469 I SystemServerTiming: OnBootPhase_520_com.android.server.policy.PermissionPolicyService
05-04 09:37:04.475 7469 7469 I SystemServerTiming: OnBootPhase_520_com.android.server.pm.StagingManager$Lifecycle
05-04 09:37:04.475 7469 7469 I SystemServerTiming: OnBootPhase_520_com.android.server.app.GameManagerService$Lifecycle
05-04 09:37:04.475 7469 7469 I SystemServerTiming: AppSearchManagerService
05-04 09:37:04.485 7469 7469 I SystemServiceManager: Starting com.android.server.appsearch.AppSearchManagerService
05-04 09:37:04.487 7469 7469 I SystemServerTiming: StartMediaCommunicationService
05-04 09:37:04.487 7469 7469 I SystemServiceManager: Starting com.android.server.media.MediaCommunicationService
05-04 09:37:04.488 7469 7469 I SystemServerTiming: PhaseActivityManagerReady
05-04 09:37:04.488 7469 7469 I SystemServerTiming: controllersReady
05-04 09:37:04.489 7469 7575 I SystemServerTimingAsync: InitThreadPoolExec:Update app-ops uidState in case package com.happyelements.AndroidAnimal.qq changed
05-04 09:37:04.489 7469 7575 D SystemServerInitThreadPool: Started executing Update app-ops uidState in case package com.happyelements.AndroidAnimal.qq changed
05-04 09:37:04.489 7469 7585 I SystemServerTimingAsync: InitThreadPoolExec:Update app-ops uidState in case package bf.sgs.hdexp changed
05-04 09:37:04.489 7469 7598 I SystemServerTimingAsync: InitThreadPoolExec:Update app-ops uidState in case package com.qqgame.mic changed
05-04 09:37:04.489 7469 7585 D SystemServerInitThreadPool: Started executing Update app-ops uidState in case package bf.sgs.hdexp changed
05-04 09:37:04.489 7469 7609 I SystemServerTimingAsync: InitThreadPoolExec:Update app-ops uidState in case package com.tencent.news changed
05-04 09:37:04.489 7469 7609 D SystemServerInitThreadPool: Started executing Update app-ops uidState in case package com.tencent.news changed
05-04 09:37:04.489 7469 7611 I SystemServerTimingAsync: InitThreadPoolExec:Update app-ops uidState in case package com.ximalaya.ting.android changed
05-04 09:37:04.489 7469 7611 D SystemServerInitThreadPool: Started executing Update app-ops uidState in case package com.ximalaya.ting.android changed
05-04 09:37:04.489 7469 7598 D SystemServerInitThreadPool: Started executing Update app-ops uidState in case package com.qqgame.mic changed
05-04 09:37:04.490 7469 7493 I SystemServerTimingAsync: InitThreadPoolExec:Update app-ops uidState in case package com.ss.android.article.news changed
05-04 09:37:04.490 7469 7493 D SystemServerInitThreadPool: Started executing Update app-ops uidState in case package com.ss.android.article.news changed
05-04 09:37:04.490 7469 7584 I SystemServerTimingAsync: InitThreadPoolExec:Update app-ops uidState in case package com.wm.dmall changed
05-04 09:37:04.490 7469 7584 D SystemServerInitThreadPool: Started executing Update app-ops uidState in case package com.wm.dmall changed
05-04 09:37:04.490 7469 7565 I SystemServerTimingAsync: InitThreadPoolExec:Update app-ops uidState in case package com.wudaokou.hippo changed
05-04 09:37:04.490 7469 7565 D SystemServerInitThreadPool: Started executing Update app-ops uidState in case package com.wudaokou.hippo changed
05-04 09:37:04.490 7469 7575 D SystemServerInitThreadPool: Finished executing Update app-ops uidState in case package com.happyelements.AndroidAnimal.qq changed
05-04 09:37:04.490 7469 7575 I SystemServerTimingAsync: InitThreadPoolExec:Update app-ops uidState in case package cn.yonghui.hyd changed
05-04 09:37:04.490 7469 7585 D SystemServerInitThreadPool: Finished executing Update app-ops uidState in case package bf.sgs.hdexp changed
05-04 09:37:04.490 7469 7575 D SystemServerInitThreadPool: Started executing Update app-ops uidState in case package cn.yonghui.hyd changed
05-04 09:37:04.490 7469 7585 I SystemServerTimingAsync: InitThreadPoolExec:Update app-ops uidState in case package com.tencent.qqgame changed
05-04 09:37:04.490 7469 7585 D SystemServerInitThreadPool: Started executing Update app-ops uidState in case package com.tencent.qqgame changed
05-04 09:37:04.490 7469 7575 D SystemServerInitThreadPool: Finished executing Update app-ops uidState in case package cn.yonghui.hyd changed
05-04 09:37:04.490 7469 7575 I SystemServerTimingAsync: InitThreadPoolExec:Update app-ops uidState in case package com.ss.android.ugc.aweme changed
05-04 09:37:04.490 7469 7575 D SystemServerInitThreadPool: Started executing Update app-ops uidState in case package com.ss.android.ugc.aweme changed
05-04 09:37:04.490 7469 7585 D SystemServerInitThreadPool: Finished executing Update app-ops uidState in case package com.tencent.qqgame changed
05-04 09:37:04.490 7469 7585 I SystemServerTimingAsync: InitThreadPoolExec:Update app-ops uidState in case package com.youku.phone changed
05-04 09:37:04.490 7469 7585 D SystemServerInitThreadPool: Started executing Update app-ops uidState in case package com.youku.phone changed
05-04 09:37:04.490 7469 7575 D SystemServerInitThreadPool: Finished executing Update app-ops uidState in case package com.ss.android.ugc.aweme changed
05-04 09:37:04.490 7469 7575 I SystemServerTimingAsync: InitThreadPoolExec:Update app-ops uidState in case package com.tencent.mm changed
05-04 09:37:04.490 7469 7575 D SystemServerInitThreadPool: Started executing Update app-ops uidState in case package com.tencent.mm changed
05-04 09:37:04.490 7469 7575 D SystemServerInitThreadPool: Finished executing Update app-ops uidState in case package com.tencent.mm changed
05-04 09:37:04.490 7469 7575 I SystemServerTimingAsync: InitThreadPoolExec:Update app-ops uidState in case package com.ss.android.lark changed
05-04 09:37:04.490 7469 7575 D SystemServerInitThreadPool: Started executing Update app-ops uidState in case package com.ss.android.lark changed
05-04 09:37:04.490 7469 7585 D SystemServerInitThreadPool: Finished executing Update app-ops uidState in case package com.youku.phone changed
05-04 09:37:04.491 7469 7585 I SystemServerTimingAsync: InitThreadPoolExec:Update app-ops uidState in case package com.tencent.mobileqq changed
05-04 09:37:04.491 7469 7575 D SystemServerInitThreadPool: Finished executing Update app-ops uidState in case package com.ss.android.lark changed
05-04 09:37:04.491 7469 7565 D SystemServerInitThreadPool: Finished executing Update app-ops uidState in case package com.wudaokou.hippo changed
05-04 09:37:04.491 7469 7565 I SystemServerTimingAsync: InitThreadPoolExec:Update app-ops uidState in case package com.tencent.android.qqdownloader changed
05-04 09:37:04.491 7469 7565 D SystemServerInitThreadPool: Started executing Update app-ops uidState in case package com.tencent.android.qqdownloader changed
05-04 09:37:04.491 7469 7584 D SystemServerInitThreadPool: Finished executing Update app-ops uidState in case package com.wm.dmall changed
05-04 09:37:04.491 7469 7575 I SystemServerTimingAsync: InitThreadPoolExec:Update app-ops uidState in case package com.taptap changed
05-04 09:37:04.491 7469 7584 I SystemServerTimingAsync: InitThreadPoolExec:Update app-ops uidState in case package com.android.providers.media.module changed
05-04 09:37:04.491 7469 7575 D SystemServerInitThreadPool: Started executing Update app-ops uidState in case package com.taptap changed
05-04 09:37:04.491 7469 7565 D SystemServerInitThreadPool: Finished executing Update app-ops uidState in case package com.tencent.android.qqdownloader changed
05-04 09:37:04.491 7469 7493 D SystemServerInitThreadPool: Finished executing Update app-ops uidState in case package com.ss.android.article.news changed
05-04 09:37:04.491 7469 7493 I SystemServerTimingAsync: InitThreadPoolExec:Update app-ops uidState in case package com.hht.lebocast changed
05-04 09:37:04.491 7469 7565 I SystemServerTimingAsync: InitThreadPoolExec:Update app-ops uidState in case package com.qualcomm.qtil.aptxui changed
05-04 09:37:04.491 7469 7584 D SystemServerInitThreadPool: Started executing Update app-ops uidState in case package com.android.providers.media.module changed
05-04 09:37:04.491 7469 7575 D SystemServerInitThreadPool: Finished executing Update app-ops uidState in case package com.taptap changed
05-04 09:37:04.491 7469 7565 D SystemServerInitThreadPool: Started executing Update app-ops uidState in case package com.qualcomm.qtil.aptxui changed
05-04 09:37:04.491 7469 7575 I SystemServerTimingAsync: InitThreadPoolExec:Update app-ops uidState in case package com.android.music changed
05-04 09:37:04.491 7469 7493 D SystemServerInitThreadPool: Started executing Update app-ops uidState in case package com.hht.lebocast changed
05-04 09:37:04.491 7469 7598 D SystemServerInitThreadPool: Finished executing Update app-ops uidState in case package com.qqgame.mic changed
05-04 09:37:04.491 7469 7598 I SystemServerTimingAsync: InitThreadPoolExec:Update app-ops uidState in case package com.qualcomm.qti.workloadclassifier changed
05-04 09:37:04.491 7469 7584 D SystemServerInitThreadPool: Finished executing Update app-ops uidState in case package com.android.providers.media.module changed
05-04 09:37:04.491 7469 7585 D SystemServerInitThreadPool: Started executing Update app-ops uidState in case package com.tencent.mobileqq changed
05-04 09:37:04.491 7469 7584 I SystemServerTimingAsync: InitThreadPoolExec:Update app-ops uidState in case package com.android.systemui changed
05-04 09:37:04.491 7469 7584 D SystemServerInitThreadPool: Started executing Update app-ops uidState in case package com.android.systemui changed
05-04 09:37:04.491 7469 7585 D SystemServerInitThreadPool: Finished executing Update app-ops uidState in case package com.tencent.mobileqq changed
05-04 09:37:04.491 7469 7493 D SystemServerInitThreadPool: Finished executing Update app-ops uidState in case package com.hht.lebocast changed
05-04 09:37:04.491 7469 7493 I SystemServerTimingAsync: InitThreadPoolExec:Update app-ops uidState in case package com.android.launcher3 changed
05-04 09:37:04.491 7469 7598 D SystemServerInitThreadPool: Started executing Update app-ops uidState in case package com.qualcomm.qti.workloadclassifier changed
05-04 09:37:04.491 7469 7565 D SystemServerInitThreadPool: Finished executing Update app-ops uidState in case package com.qualcomm.qtil.aptxui changed
05-04 09:37:04.491 7469 7493 D SystemServerInitThreadPool: Started executing Update app-ops uidState in case package com.android.launcher3 changed
05-04 09:37:04.491 7469 7565 I SystemServerTimingAsync: InitThreadPoolExec:Update app-ops uidState in case package com.qualcomm.location changed
05-04 09:37:04.491 7469 7598 D SystemServerInitThreadPool: Finished executing Update app-ops uidState in case package com.qualcomm.qti.workloadclassifier changed
05-04 09:37:04.491 7469 7493 D SystemServerInitThreadPool: Finished executing Update app-ops uidState in case package com.android.launcher3 changed
05-04 09:37:04.491 7469 7565 D SystemServerInitThreadPool: Started executing Update app-ops uidState in case package com.qualcomm.location changed
05-04 09:37:04.491 7469 7493 I SystemServerTimingAsync: InitThreadPoolExec:Update app-ops uidState in case package com.android.gallery3d changed
05-04 09:37:04.491 7469 7598 I SystemServerTimingAsync: InitThreadPoolExec:Update app-ops uidState in case package com.android.webview changed
05-04 09:37:04.491 7469 7584 D SystemServerInitThreadPool: Finished executing Update app-ops uidState in case package com.android.systemui changed
05-04 09:37:04.491 7469 7584 I SystemServerTimingAsync: InitThreadPoolExec:Update app-ops uidState in case package com.qualcomm.timeservice changed
05-04 09:37:04.491 7469 7584 D SystemServerInitThreadPool: Started executing Update app-ops uidState in case package com.qualcomm.timeservice changed
05-04 09:37:04.491 7469 7598 D SystemServerInitThreadPool: Started executing Update app-ops uidState in case package com.android.webview changed
05-04 09:37:04.491 7469 7584 D SystemServerInitThreadPool: Finished executing Update app-ops uidState in case package com.qualcomm.timeservice changed
05-04 09:37:04.491 7469 7584 I SystemServerTimingAsync: InitThreadPoolExec:Update app-ops uidState in case package com.microsoft.emmx changed
05-04 09:37:04.491 7469 7584 D SystemServerInitThreadPool: Started executing Update app-ops uidState in case package com.microsoft.emmx changed
05-04 09:37:04.491 7469 7598 D SystemServerInitThreadPool: Finished executing Update app-ops uidState in case package com.android.webview changed
05-04 09:37:04.491 7469 7565 D SystemServerInitThreadPool: Finished executing Update app-ops uidState in case package com.qualcomm.location changed
05-04 09:37:04.491 7469 7584 D SystemServerInitThreadPool: Finished executing Update app-ops uidState in case package com.microsoft.emmx changed
05-04 09:37:04.491 7469 7598 I SystemServerTimingAsync: InitThreadPoolExec:Update app-ops uidState in case package com.android.providers.calendar changed
05-04 09:37:04.491 7469 7585 I SystemServerTimingAsync: InitThreadPoolExec:Update app-ops uidState in case package com.qti.ltebc changed
05-04 09:37:04.491 7469 7493 D SystemServerInitThreadPool: Started executing Update app-ops uidState in case package com.android.gallery3d changed
05-04 09:37:04.491 7469 7598 D SystemServerInitThreadPool: Started executing Update app-ops uidState in case package com.android.providers.calendar changed
05-04 09:37:04.491 7469 7585 D SystemServerInitThreadPool: Started executing Update app-ops uidState in case package com.qti.ltebc changed
05-04 09:37:04.491 7469 7584 I SystemServerTimingAsync: InitThreadPoolExec:Update app-ops uidState in case package com.baidu.input changed
05-04 09:37:04.491 7469 7584 D SystemServerInitThreadPool: Started executing Update app-ops uidState in case package com.baidu.input changed
05-04 09:37:04.491 7469 7598 D SystemServerInitThreadPool: Finished executing Update app-ops uidState in case package com.android.providers.calendar changed
05-04 09:37:04.491 7469 7584 D SystemServerInitThreadPool: Finished executing Update app-ops uidState in case package com.baidu.input changed
05-04 09:37:04.491 7469 7598 I SystemServerTimingAsync: InitThreadPoolExec:Update app-ops uidState in case package com.sohu.inputmethod.sogou.car changed
05-04 09:37:04.491 7469 7493 D SystemServerInitThreadPool: Finished executing Update app-ops uidState in case package com.android.gallery3d changed
05-04 09:37:04.491 7469 7585 D SystemServerInitThreadPool: Finished executing Update app-ops uidState in case package com.qti.ltebc changed
05-04 09:37:04.491 7469 7584 I SystemServerTimingAsync: InitThreadPoolExec:Update app-ops uidState in case package com.android.providers.contacts changed
05-04 09:37:04.491 7469 7584 D SystemServerInitThreadPool: Started executing Update app-ops uidState in case package com.android.providers.contacts changed
05-04 09:37:04.491 7469 7585 I SystemServerTimingAsync: InitThreadPoolExec:Update app-ops uidState in case package com.android.mtp changed
05-04 09:37:04.491 7469 7585 D SystemServerInitThreadPool: Started executing Update app-ops uidState in case package com.android.mtp changed
05-04 09:37:04.491 7469 7584 D SystemServerInitThreadPool: Finished executing Update app-ops uidState in case package com.android.providers.contacts changed
05-04 09:37:04.491 7469 7584 I SystemServerTimingAsync: InitThreadPoolExec:Update app-ops uidState in case package com.android.bluetooth changed
05-04 09:37:04.491 7469 7584 D SystemServerInitThreadPool: Started executing Update app-ops uidState in case package com.android.bluetooth changed
05-04 09:37:04.491 7469 7585 D SystemServerInitThreadPool: Finished executing Update app-ops uidState in case package com.android.mtp changed
05-04 09:37:04.491 7469 7575 D SystemServerInitThreadPool: Started executing Update app-ops uidState in case package com.android.music changed
05-04 09:37:04.491 7469 7584 D SystemServerInitThreadPool: Finished executing Update app-ops uidState in case package com.android.bluetooth changed
05-04 09:37:04.491 7469 7565 I SystemServerTimingAsync: InitThreadPoolExec:Update app-ops uidState in case package com.android.packageinstaller changed
05-04 09:37:04.491 7469 7493 I SystemServerTimingAsync: InitThreadPoolExec:Update app-ops uidState in case package com.android.providers.downloads changed
05-04 09:37:04.491 7469 7493 D SystemServerInitThreadPool: Started executing Update app-ops uidState in case package com.android.providers.downloads changed
05-04 09:37:04.491 7469 7575 D SystemServerInitThreadPool: Finished executing Update app-ops uidState in case package com.android.music changed
05-04 09:37:04.491 7469 7565 D SystemServerInitThreadPool: Started executing Update app-ops uidState in case package com.android.packageinstaller changed
05-04 09:37:04.491 7469 7493 D SystemServerInitThreadPool: Finished executing Update app-ops uidState in case package com.android.providers.downloads changed
05-04 09:37:04.491 7469 7598 D SystemServerInitThreadPool: Started executing Update app-ops uidState in case package com.sohu.inputmethod.sogou.car changed
05-04 09:37:04.491 7469 7493 I SystemServerTimingAsync: InitThreadPoolExec:Update app-ops uidState in case package com.android.server.telecom changed
05-04 09:37:04.491 7469 7565 D SystemServerInitThreadPool: Finished executing Update app-ops uidState in case package com.android.packageinstaller changed
05-04 09:37:04.491 7469 7598 D SystemServerInitThreadPool: Finished executing Update app-ops uidState in case package com.sohu.inputmethod.sogou.car changed
05-04 09:37:04.491 7469 7493 D SystemServerInitThreadPool: Started executing Update app-ops uidState in case package com.android.server.telecom changed
05-04 09:37:04.491 7469 7565 I SystemServerTimingAsync: InitThreadPoolExec:Update app-ops uidState in case package com.android.settings changed
05-04 09:37:04.491 7469 7575 I SystemServerTimingAsync: InitThreadPoolExec:Update app-ops uidState in case package android changed
05-04 09:37:04.491 7469 7565 D SystemServerInitThreadPool: Started executing Update app-ops uidState in case package com.android.settings changed
05-04 09:37:04.491 7469 7584 I SystemServerTimingAsync: InitThreadPoolExec:Update app-ops uidState in case package com.android.dynsystem changed
05-04 09:37:04.491 7469 7584 D SystemServerInitThreadPool: Started executing Update app-ops uidState in case package com.android.dynsystem changed
05-04 09:37:04.491 7469 7575 D SystemServerInitThreadPool: Started executing Update app-ops uidState in case package android changed
05-04 09:37:04.491 7469 7565 D SystemServerInitThreadPool: Finished executing Update app-ops uidState in case package com.android.settings changed
05-04 09:37:04.492 7469 7584 D SystemServerInitThreadPool: Finished executing Update app-ops uidState in case package com.android.dynsystem changed
05-04 09:37:04.492 7469 7585 I SystemServerTimingAsync: InitThreadPoolExec:Update app-ops uidState in case package com.thundercomm.gamemode changed
05-04 09:37:04.492 7469 7575 D SystemServerInitThreadPool: Finished executing Update app-ops uidState in case package android changed
05-04 09:37:04.492 7469 7585 D SystemServerInitThreadPool: Started executing Update app-ops uidState in case package com.thundercomm.gamemode changed
05-04 09:37:04.492 7469 7493 D SystemServerInitThreadPool: Finished executing Update app-ops uidState in case package com.android.server.telecom changed
05-04 09:37:04.492 7469 7609 D SystemServerInitThreadPool: Finished executing Update app-ops uidState in case package com.tencent.news changed
05-04 09:37:04.492 7469 7585 D SystemServerInitThreadPool: Finished executing Update app-ops uidState in case package com.thundercomm.gamemode changed
05-04 09:37:04.492 7469 7611 D SystemServerInitThreadPool: Finished executing Update app-ops uidState in case package com.ximalaya.ting.android changed
05-04 09:37:04.492 7469 7469 I SystemServerTiming: killProcesses
05-04 09:37:04.492 7469 7469 I ActivityManager: System now ready
05-04 09:37:04.492 7469 7469 I boot_progress_ams_ready: 116504
05-04 09:37:04.492 7469 7469 I SystemServerTiming: updateTopComponentForFactoryTest
05-04 09:37:04.492 7469 7469 I SystemServerTiming: registerActivityLaunchObserver
05-04 09:37:04.492 7469 7469 I SystemServerTiming: watchDeviceProvisioning
05-04 09:37:04.497 7469 7469 I SystemServerTiming: retrieveSettings
05-04 09:37:04.497 7469 7469 I configuration_changed: 268435712
05-04 09:37:04.497 7469 7469 I ActivityTaskManager: Config changes=10000100 {1.0 ?mcc?mnc [zh_CN] ldltr sw680dp w1586dp h625dp 240dpi lrg long land finger -keyb/v/h -nav/h winConfig={ mBounds=Rect(0, 0 - 2380, 1020) mAppBounds=Rect(0, 0 - 2380, 974) mMaxBounds=Rect(0, 0 - 2380, 1020) mWindowingMode=fullscreen mDisplayWindowingMode=fullscreen mActivityType=undefined mAlwaysOnTop=undefined mRotation=ROTATION_0} s.8 fontWeightAdjustment=0}
05-04 09:37:04.498 7469 7469 I WindowManager: Override config changes=10000100 {1.0 ?mcc?mnc [zh_CN] ldltr sw680dp w1586dp h625dp 240dpi lrg long land finger -keyb/v/h -nav/h winConfig={ mBounds=Rect(0, 0 - 2380, 1020) mAppBounds=Rect(0, 0 - 2380, 974) mMaxBounds=Rect(0, 0 - 2380, 1020) mWindowingMode=fullscreen mDisplayWindowingMode=fullscreen mActivityType=undefined mAlwaysOnTop=undefined mRotation=ROTATION_0} s.8 fontWeightAdjustment=0} for displayId=0
05-04 09:37:04.498 7469 7469 I SystemServerTiming: Ugm.onSystemReady
05-04 09:37:04.501 7469 7469 I SystemServerTiming: updateForceBackgroundCheck
05-04 09:37:04.501 7469 7469 I SystemServer: Making services ready
05-04 09:37:04.501 7469 7469 I SystemServerTiming: StartActivityManagerReadyPhase
05-04 09:37:04.501 7469 7469 I SystemServiceManager: Starting phase 550
05-04 09:37:04.501 7469 7469 I SystemServerTiming: OnBootPhase_550
05-04 09:37:04.501 7469 7469 I SystemServerTiming: OnBootPhase_550_com.android.server.security.FileIntegrityService
05-04 09:37:04.501 7469 7469 I SystemServerTiming: OnBootPhase_550_com.android.server.pm.Installer
05-04 09:37:04.501 7469 7469 I SystemServerTiming: OnBootPhase_550_com.android.server.os.DeviceIdentifiersPolicyService
05-04 09:37:04.501 7469 7469 I SystemServerTiming: OnBootPhase_550_com.android.server.uri.UriGrantsManagerService$Lifecycle
05-04 09:37:04.501 7469 7469 I SystemServerTiming: OnBootPhase_550_com.android.server.powerstats.PowerStatsService
05-04 09:37:04.501 7469 7469 I SystemServerTiming: OnBootPhase_550_com.android.server.wm.ActivityTaskManagerService$Lifecycle
05-04 09:37:04.501 7469 7469 I SystemServerTiming: OnBootPhase_550_com.android.server.am.ActivityManagerService$Lifecycle
05-04 09:37:04.501 7469 7469 I SystemServerTiming: OnBootPhase_550_com.android.server.pm.DataLoaderManagerService
05-04 09:37:04.501 7469 7469 I SystemServerTiming: OnBootPhase_550_com.android.server.power.PowerManagerService
05-04 09:37:04.501 7469 7469 I SystemServerTiming: OnBootPhase_550_com.android.server.power.ThermalManagerService
05-04 09:37:04.502 7469 7469 I ThermalHalWrapper: Thermal HAL 2.0 service connected.
05-04 09:37:04.503 7469 7469 E ThermalHalWrapper: Couldn't get temperatures because of HAL error: ThermalHAL not initialized properly.
05-04 09:37:04.503 7469 7469 W ThermalManagerService: Thermal HAL reported invalid data, abort connection
05-04 09:37:04.503 7469 7469 E ThermalHalWrapper: Couldn't get temperature thresholds because of HAL error: ThermalHAL not initialized properly.
05-04 09:37:04.503 7469 7469 I SystemServerTiming: OnBootPhase_550_com.android.server.power.hint.HintManagerService
05-04 09:37:04.503 7469 7469 I SystemServerTiming: OnBootPhase_550_com.android.server.recoverysystem.RecoverySystemService$Lifecycle
05-04 09:37:04.503 7469 7469 I SystemServerTiming: OnBootPhase_550_com.android.server.lights.LightsService
05-04 09:37:04.503 7469 7469 I SystemServerTiming: OnBootPhase_550_com.android.server.display.DisplayManagerService
05-04 09:37:04.503 7469 7469 I SystemServerTiming: OnBootPhase_550_com.android.server.pm.verify.domain.DomainVerificationService
05-04 09:37:04.503 7469 7469 I SystemServerTiming: OnBootPhase_550_com.android.server.pm.PackageInstallerService$Lifecycle
05-04 09:37:04.503 7469 7469 I SystemServerTiming: OnBootPhase_550_com.android.server.pm.UserManagerService$LifeCycle
05-04 09:37:04.503 7469 7469 I SystemServerTiming: OnBootPhase_550_com.android.server.om.OverlayManagerService
05-04 09:37:04.503 7469 7469 I SystemServerTiming: OnBootPhase_550_com.android.server.SensorPrivacyService
05-04 09:37:04.503 7469 7469 I SystemServerTiming: OnBootPhase_550_com.android.server.thunderperf.ThunderBoostPerfService
05-04 09:37:04.503 7469 7469 I SystemServerTiming: OnBootPhase_550_com.android.server.sensors.SensorService
05-04 09:37:04.503 7469 7469 I SystemServerTiming: OnBootPhase_550_com.android.server.SystemConfigService
05-04 09:37:04.503 7469 7469 I SystemServerTiming: OnBootPhase_550_com.android.server.BatteryService
05-04 09:37:04.503 7469 7469 I SystemServerTiming: OnBootPhase_550_com.android.server.usage.UsageStatsService
05-04 09:37:04.503 7469 7469 I SystemServerTiming: OnBootPhase_550_com.android.server.webkit.WebViewUpdateService
05-04 09:37:04.503 7469 7469 I SystemServerTiming: OnBootPhase_550_com.android.server.CachedDeviceStateService
05-04 09:37:04.503 7469 7469 I SystemServerTiming: OnBootPhase_550_com.android.server.BinderCallsStatsService$LifeCycle
05-04 09:37:04.503 7469 7469 I SystemServerTiming: OnBootPhase_550_com.android.server.LooperStatsService$Lifecycle
05-04 09:37:04.503 7469 7469 I SystemServerTiming: OnBootPhase_550_com.android.server.rollback.RollbackManagerService
05-04 09:37:04.503 7469 7469 I SystemServerTiming: OnBootPhase_550_com.android.server.os.NativeTombstoneManagerService
05-04 09:37:04.503 7469 7469 I SystemServerTiming: OnBootPhase_550_com.android.server.os.BugreportManagerService
05-04 09:37:04.503 7469 7469 I SystemServerTiming: OnBootPhase_550_com.android.server.gpu.GpuService
05-04 09:37:04.503 7469 7469 I SystemServerTiming: OnBootPhase_550_com.android.server.security.KeyChainSystemService
05-04 09:37:04.503 7469 7469 I SystemServerTiming: OnBootPhase_550_com.android.server.telecom.TelecomLoaderService
05-04 09:37:04.505 7469 7469 W ActivityManager: Too early to start/bind service in system_server: Phase=550 ComponentInfo{com.android.server.telecom/com.android.server.telecom.components.TelecomService}
05-04 09:37:04.506 7469 7469 W ActivityManager: Too early to start/bind service in system_server: Phase=550 ComponentInfo{com.android.server.telecom/com.android.server.telecom.components.TelecomService}
05-04 09:37:04.506 7469 7469 I SystemServerTiming: OnBootPhase_550_com.android.server.accounts.AccountManagerService$Lifecycle
05-04 09:37:04.506 7469 7469 I SystemServerTiming: OnBootPhase_550_com.android.server.content.ContentService$Lifecycle
05-04 09:37:04.507 0 0 I [schedu][0x9b10ea17][09:37:04.507981] wlan: [1858:I:HIF] Deinitializing Runtime PM wakelock &vdev->vdev_set_key_runtime_wakelock
05-04 09:37:04.508 0 0 I [schedu][0x9b111a1e][09:37:04.508622] wlan: [1858:I:HIF] Initializing Runtime PM wakelock &vdev->vdev_set_key_runtime_wakelock
05-04 09:37:04.510 7469 7488 I commit_sys_config_file: [notification-policy,7]
05-04 09:37:04.512 7469 7583 I commit_sys_config_file: [log-files,3]
05-04 09:37:04.517 7469 7583 E NativeTombstoneManager: Tombstone's UID (1000) not an app, ignoring
05-04 09:37:04.519 7469 7583 I DropBoxManagerService: add tag=SYSTEM_TOMBSTONE_PROTO isTagEnabled=true flags=0x4
05-04 09:37:04.519 836 1918 E android.hardware.wifi@1.0-service: SetWifiUpState(false) completed
05-04 09:37:04.519 836 1918 E android.hardware.wifi@1.0-service: Legacy HAL Wifi event loop exited
05-04 09:37:04.519 836 1918 E android.hardware.wifi@1.0-service: Legacy HAL event loop terminated
05-04 09:37:04.519 836 836 D android.hardware.wifi@1.0-service: Legacy HAL stop complete
05-04 09:37:04.520 836 836 I android.hardware.wifi@1.0-service: Wifi HAL stopped
05-04 09:37:04.522 0 0 I binder : 1925:1925 transaction failed 29189/-22, size 32-0 line 3071
05-04 09:37:04.531 836 836 D android.hardware.wifi@1.0-service: Initialize legacy HAL
05-04 09:37:04.531 0 0 I : Wifi Turning On from UI
05-04 09:37:04.531 836 836 I android.hardware.wifi@1.0-service: Wifi HAL started
05-04 09:37:04.543 836 836 D android.hardware.wifi@1.0-service: Waiting for the driver ready
05-04 09:37:04.543 0 0 I : Wifi Turning On from UI
05-04 09:37:04.544 836 836 D android.hardware.wifi@1.0-service: Starting legacy HAL
05-04 09:37:04.544 0 0 I [wifi@1][0x9b1baaa0][09:37:04.544682] wlan: [836:I:DP] dp_vdev_attach_wifi3: wlan_cfg_ap_bridge_enabled 0
05-04 09:37:04.550 0 0 I IPv6 : ADDRCONF(NETDEV_UP): wlan0: link is not ready
05-04 09:37:04.553 0 0 W cnss-daemon: Invalid mac address
05-04 09:37:04.553 0 0 W cnss-daemon: failed to update gateway
05-04 09:37:04.553 836 7683 D android.hardware.wifi@1.0-service: Starting legacy HAL event loop
05-04 09:37:04.553 836 836 I android.hardware.wifi@1.0-service: Adding interface handle for wifi-aware0
05-04 09:37:04.553 836 836 I android.hardware.wifi@1.0-service: Adding interface handle for wlan0
