05-04 09:35:25.784 2828 2828 I auditd : type=1400 audit(0.0:1180): avc: denied { getattr } for comm="crash_dump64" path="/dev/__properties__/u:object_r:boottime_prop:s0" dev="tmpfs" ino=15453 scontext=u:r:crash_dump:s0 tcontext=u:object_r:boottime_prop:s0 tclass=file permissive=1
05-04 09:35:25.784 2828 2828 I auditd : type=1400 audit(0.0:1181): avc: denied { map } for comm="crash_dump64" path="/dev/__properties__/u:object_r:boottime_prop:s0" dev="tmpfs" ino=15453 scontext=u:r:crash_dump:s0 tcontext=u:object_r:boottime_prop:s0 tclass=file permissive=1
05-04 09:35:25.788 2828 2828 I auditd : type=1400 audit(0.0:1182): avc: denied { open } for comm="crash_dump64" path="/dev/__properties__/u:object_r:bootloader_boot_reason_prop:s0" dev="tmpfs" ino=15451 scontext=u:r:crash_dump:s0 tcontext=u:object_r:bootloader_boot_reason_prop:s0 tclass=file permissive=1
05-04 09:35:25.788 2828 2828 I auditd : type=1400 audit(0.0:1183): avc: denied { getattr } for comm="crash_dump64" path="/dev/__properties__/u:object_r:bootloader_boot_reason_prop:s0" dev="tmpfs" ino=15451 scontext=u:r:crash_dump:s0 tcontext=u:object_r:bootloader_boot_reason_prop:s0 tclass=file permissive=1
05-04 09:35:25.788 2828 2828 I auditd : type=1400 audit(0.0:1184): avc: denied { map } for comm="crash_dump64" path="/dev/__properties__/u:object_r:bootloader_boot_reason_prop:s0" dev="tmpfs" ino=15451 scontext=u:r:crash_dump:s0 tcontext=u:object_r:bootloader_boot_reason_prop:s0 tclass=file permissive=1
05-04 09:35:25.788 2828 2828 I auditd : type=1400 audit(0.0:1185): avc: denied { open } for comm="crash_dump64" path="/dev/__properties__/u:object_r:bootanim_config_prop:s0" dev="tmpfs" ino=15449 scontext=u:r:crash_dump:s0 tcontext=u:object_r:bootanim_config_prop:s0 tclass=file permissive=1
05-04 09:35:25.788 2828 2828 I auditd : type=1400 audit(0.0:1186): avc: denied { getattr } for comm="crash_dump64" path="/dev/__properties__/u:object_r:bootanim_config_prop:s0" dev="tmpfs" ino=15449 scontext=u:r:crash_dump:s0 tcontext=u:object_r:bootanim_config_prop:s0 tclass=file permissive=1
05-04 09:35:25.788 2828 2828 I auditd : type=1400 audit(0.0:1187): avc: denied { map } for comm="crash_dump64" path="/dev/__properties__/u:object_r:bootanim_config_prop:s0" dev="tmpfs" ino=15449 scontext=u:r:crash_dump:s0 tcontext=u:object_r:bootanim_config_prop:s0 tclass=file permissive=1
05-04 09:35:25.792 2828 2828 I auditd : type=1400 audit(0.0:1188): avc: denied { open } for comm="crash_dump64" path="/dev/__properties__/u:object_r:bluetooth_prop:s0" dev="tmpfs" ino=15447 scontext=u:r:crash_dump:s0 tcontext=u:object_r:bluetooth_prop:s0 tclass=file permissive=1
05-04 09:35:25.792 2828 2828 I auditd : type=1400 audit(0.0:1189): avc: denied { getattr } for comm="crash_dump64" path="/dev/__properties__/u:object_r:bluetooth_prop:s0" dev="tmpfs" ino=15447 scontext=u:r:crash_dump:s0 tcontext=u:object_r:bluetooth_prop:s0 tclass=file permissive=1
05-04 09:35:25.792 2828 2828 I auditd : type=1400 audit(0.0:1190): avc: denied { map } for comm="crash_dump64" path="/dev/__properties__/u:object_r:bluetooth_prop:s0" dev="tmpfs" ino=15447 scontext=u:r:crash_dump:s0 tcontext=u:object_r:bluetooth_prop:s0 tclass=file permissive=1
05-04 09:35:25.792 2828 2828 I auditd : type=1400 audit(0.0:1191): avc: denied { open } for comm="crash_dump64" path="/dev/__properties__/u:object_r:bluetooth_audio_hal_prop:s0" dev="tmpfs" ino=15446 scontext=u:r:crash_dump:s0 tcontext=u:object_r:bluetooth_audio_hal_prop:s0 tclass=file permissive=1
05-04 09:35:25.792 2828 2828 I auditd : type=1400 audit(0.0:1192): avc: denied { getattr } for comm="crash_dump64" path="/dev/__properties__/u:object_r:bluetooth_audio_hal_prop:s0" dev="tmpfs" ino=15446 scontext=u:r:crash_dump:s0 tcontext=u:object_r:bluetooth_audio_hal_prop:s0 tclass=file permissive=1
05-04 09:35:25.792 2828 2828 I auditd : type=1400 audit(0.0:1193): avc: denied { map } for comm="crash_dump64" path="/dev/__properties__/u:object_r:bluetooth_audio_hal_prop:s0" dev="tmpfs" ino=15446 scontext=u:r:crash_dump:s0 tcontext=u:object_r:bluetooth_audio_hal_prop:s0 tclass=file permissive=1
05-04 09:35:25.792 2828 2828 I auditd : type=1400 audit(0.0:1194): avc: denied { open } for comm="crash_dump64" path="/dev/__properties__/u:object_r:bluetooth_a2dp_offload_prop:s0" dev="tmpfs" ino=15445 scontext=u:r:crash_dump:s0 tcontext=u:object_r:bluetooth_a2dp_offload_prop:s0 tclass=file permissive=1
05-04 09:35:25.792 2828 2828 I auditd : type=1400 audit(0.0:1195): avc: denied { getattr } for comm="crash_dump64" path="/dev/__properties__/u:object_r:bluetooth_a2dp_offload_prop:s0" dev="tmpfs" ino=15445 scontext=u:r:crash_dump:s0 tcontext=u:object_r:bluetooth_a2dp_offload_prop:s0 tclass=file permissive=1
05-04 09:35:25.792 2828 2828 I auditd : type=1400 audit(0.0:1196): avc: denied { map } for comm="crash_dump64" path="/dev/__properties__/u:object_r:bluetooth_a2dp_offload_prop:s0" dev="tmpfs" ino=15445 scontext=u:r:crash_dump:s0 tcontext=u:object_r:bluetooth_a2dp_offload_prop:s0 tclass=file permissive=1
05-04 09:35:25.792 2828 2828 I auditd : type=1400 audit(0.0:1197): avc: denied { open } for comm="crash_dump64" path="/dev/__properties__/u:object_r:apk_verity_prop:s0" dev="tmpfs" ino=15438 scontext=u:r:crash_dump:s0 tcontext=u:object_r:apk_verity_prop:s0 tclass=file permissive=1
05-04 09:35:25.792 2828 2828 I auditd : type=1400 audit(0.0:1198): avc: denied { getattr } for comm="crash_dump64" path="/dev/__properties__/u:object_r:apk_verity_prop:s0" dev="tmpfs" ino=15438 scontext=u:r:crash_dump:s0 tcontext=u:object_r:apk_verity_prop:s0 tclass=file permissive=1
05-04 09:35:25.792 2828 2828 I auditd : type=1400 audit(0.0:1199): avc: denied { map } for comm="crash_dump64" path="/dev/__properties__/u:object_r:apk_verity_prop:s0" dev="tmpfs" ino=15438 scontext=u:r:crash_dump:s0 tcontext=u:object_r:apk_verity_prop:s0 tclass=file permissive=1
05-04 09:35:25.792 2828 2828 I auditd : type=1400 audit(0.0:1200): avc: denied { open } for comm="crash_dump64" path="/dev/__properties__/u:object_r:apexd_prop:s0" dev="tmpfs" ino=15437 scontext=u:r:crash_dump:s0 tcontext=u:object_r:apexd_prop:s0 tclass=file permissive=1
05-04 09:35:25.792 2828 2828 I auditd : type=1400 audit(0.0:1201): avc: denied { getattr } for comm="crash_dump64" path="/dev/__properties__/u:object_r:apexd_prop:s0" dev="tmpfs" ino=15437 scontext=u:r:crash_dump:s0 tcontext=u:object_r:apexd_prop:s0 tclass=file permissive=1
05-04 09:35:25.792 2828 2828 I auditd : type=1400 audit(0.0:1202): avc: denied { map } for comm="crash_dump64" path="/dev/__properties__/u:object_r:apexd_prop:s0" dev="tmpfs" ino=15437 scontext=u:r:crash_dump:s0 tcontext=u:object_r:apexd_prop:s0 tclass=file permissive=1
05-04 09:35:25.792 2828 2828 I auditd : type=1400 audit(0.0:1203): avc: denied { open } for comm="crash_dump64" path="/dev/__properties__/u:object_r:apexd_config_prop:s0" dev="tmpfs" ino=15436 scontext=u:r:crash_dump:s0 tcontext=u:object_r:apexd_config_prop:s0 tclass=file permissive=1
05-04 09:35:25.792 2828 2828 I auditd : type=1400 audit(0.0:1204): avc: denied { getattr } for comm="crash_dump64" path="/dev/__properties__/u:object_r:apexd_config_prop:s0" dev="tmpfs" ino=15436 scontext=u:r:crash_dump:s0 tcontext=u:object_r:apexd_config_prop:s0 tclass=file permissive=1
05-04 09:35:25.792 2828 2828 I auditd : type=1400 audit(0.0:1205): avc: denied { map } for comm="crash_dump64" path="/dev/__properties__/u:object_r:apexd_config_prop:s0" dev="tmpfs" ino=15436 scontext=u:r:crash_dump:s0 tcontext=u:object_r:apexd_config_prop:s0 tclass=file permissive=1
05-04 09:35:25.792 2828 2828 I auditd : type=1400 audit(0.0:1206): avc: denied { open } for comm="crash_dump64" path="/dev/__properties__/u:object_r:adbd_prop:s0" dev="tmpfs" ino=15435 scontext=u:r:crash_dump:s0 tcontext=u:object_r:adbd_prop:s0 tclass=file permissive=1
05-04 09:35:25.821 0 0 I : read descriptors
05-04 09:35:25.816 2820 2820 I auditd : type=1400 audit(0.0:1207): avc: denied { add_name } for comm="init.qcom.post_" name="min_cpus" scontext=u:r:vendor_qti_init_shell:s0 tcontext=u:object_r:sysfs_devices_system_cpu:s0 tclass=dir permissive=1
05-04 09:35:25.821 0 0 I : read strings
05-04 09:35:25.821 0 0 I init : qssi copy & sync /metadata/vold/metadata_encryption/key/encrypted_key to /persist/key/encrypted_key_bak: No such file or directory
05-04 09:35:25.820 2820 2820 I auditd : type=1400 audit(0.0:1208): avc: denied { create } for comm="init.qcom.post_" name="min_cpus" scontext=u:r:vendor_qti_init_shell:s0 tcontext=u:object_r:sysfs_devices_system_cpu:s0 tclass=file permissive=1
05-04 09:35:25.820 2820 2820 I auditd : type=1400 audit(0.0:1209): avc: denied { add_name } for comm="init.qcom.post_" name="governor" scontext=u:r:vendor_qti_init_shell:s0 tcontext=u:object_r:vendor_sysfs_devfreq:s0 tclass=dir permissive=1
05-04 09:35:25.820 2820 2820 I auditd : type=1400 audit(0.0:1210): avc: denied { create } for comm="init.qcom.post_" name="governor" scontext=u:r:vendor_qti_init_shell:s0 tcontext=u:object_r:vendor_sysfs_devfreq:s0 tclass=file permissive=1
05-04 09:35:25.828 1537 1807 I dropbox_file_copy: [/data/tombstones/tombstone_02,98304,SYSTEM_TOMBSTONE]
05-04 09:35:25.828 1537 1807 I commit_sys_config_file: [log-files,2412]
05-04 09:35:25.833 1537 1807 I commit_sys_config_file: [log-files,2417]
05-04 09:35:25.828 2820 2820 I auditd : type=1400 audit(0.0:1211): avc: denied { add_name } for comm="init.qcom.post_" name="pwr" scontext=u:r:vendor_qti_init_shell:s0 tcontext=u:object_r:sysfs:s0 tclass=dir permissive=1
05-04 09:35:25.828 2820 2820 I auditd : type=1400 audit(0.0:1212): avc: denied { create } for comm="init.qcom.post_" name="pwr" scontext=u:r:vendor_qti_init_shell:s0 tcontext=u:object_r:sysfs:s0 tclass=file permissive=1
05-04 09:35:25.840 1537 1537 D TelephonyRegistry: listen oscl: mHasNotifySubscriptionInfoChangedOccurred==false no callback
05-04 09:35:25.849 1537 1537 W CarrierConfigManager: Error getting config for subId -1 ICarrierConfigLoader is null
05-04 09:35:25.850 1537 1537 I sysui_multi_action: [757,1501,758,1,793,2041,794,0,795,2041,796,1,797,empty_media,806,com.android.systemui,857,empty_media_style_id,858,4,946,empty_media,947,0,1500,0,1641,transport,1745,1043716538]
05-04 09:35:25.850 1537 1537 I sysui_multi_action: [757,804,799,note_interruptive,801,0,802,1]
05-04 09:35:25.845 0 0 I init : qssi copy & sync /metadata/vold/metadata_encryption/key/keymaster_key_blob to /persist/key/keymaster_key_blob_bak: No such file or directory
05-04 09:35:25.854 1537 1537 D TelephonyRegistry: notifyCellLocationForSubscriber: subId=2147483647 cellIdentity=null
05-04 09:35:25.854 1537 1537 I notification_enqueue: [1000,1537,android,32,NULL,-1,Notification(channel=USB shortcut=null contentView=null vibrate=null sound=null tick defaults=0x0 flags=0x2 color=0x00000000 vis=PUBLIC),0]
05-04 09:35:25.856 1537 1537 I notification_enqueue: [1000,1537,android,26,NULL,-1,Notification(channel=DEVELOPER_IMPORTANT shortcut=null contentView=null vibrate=null sound=null tick defaults=0x0 flags=0x2 color=0x00000000 vis=PUBLIC),0]
05-04 09:35:25.856 0 0 D qbt : qbt_open: entry minor_no=0 fd_available=1
05-04 09:35:25.856 0 0 D qbt : qbt_open: exit : 0 fd_available=0
05-04 09:35:25.856 0 0 D qbt : qbt_open: entry minor_no=1 fd_available=0
05-04 09:35:25.856 0 0 D qbt : qbt_open: exit : 0 fd_available=0
05-04 09:35:25.856 0 0 D qbt : qbt_ioctl: cmd received 107
05-04 09:35:25.856 0 0 D qbt : qbt_ioctl: Acquiring wakelock
05-04 09:35:25.857 0 0 I [schedu][0x2a2b741d][09:35:25.857662] wlan: [1858:I:HIF] Deinitializing Runtime PM wakelock &vdev->vdev_set_key_runtime_wakelock
05-04 09:35:25.858 0 0 I [schedu][0x2a2ba4a3][09:35:25.858309] wlan: [1858:I:HIF] Initializing Runtime PM wakelock &vdev->vdev_set_key_runtime_wakelock
05-04 09:35:25.859 0 0 I init : qssi copy & sync /metadata/vold/metadata_encryption/key/secdiscardable to /persist/key/secdiscardable_bak: No such file or directory
05-04 09:35:25.865 0 0 I init : qssi copy & sync /metadata/vold/metadata_encryption/key/stretching to /persist/key/stretching_bak: No such file or directory
05-04 09:35:25.867 0 0 W QSEECOM : qseecom_load_app: App (fingerpr) does'nt exist, loading apps for first time
05-04 09:35:25.871 0 0 I init : qssi copy & sync /metadata/vold/metadata_encryption/key/version to /persist/key/version_bak: No such file or directory
05-04 09:35:25.880 2820 2820 I auditd : type=1400 audit(0.0:1213): avc: denied { add_name } for comm="init.qcom.post_" name="sleep_disabled" scontext=u:r:vendor_qti_init_shell:s0 tcontext=u:object_r:vendor_sysfs_msm_power:s0 tclass=dir permissive=1
05-04 09:35:25.880 2820 2820 I auditd : type=1400 audit(0.0:1214): avc: denied { create } for comm="init.qcom.post_" name="sleep_disabled" scontext=u:r:vendor_qti_init_shell:s0 tcontext=u:object_r:vendor_sysfs_msm_power:s0 tclass=file permissive=1
05-04 09:35:25.902 0 0 I [schedu][0x2a38938a][09:35:25.902454] wlan: [1858:I:HIF] Deinitializing Runtime PM wakelock &vdev->vdev_set_key_runtime_wakelock
05-04 09:35:25.902 0 0 I [schedu][0x2a38ba7d][09:35:25.902973] wlan: [1858:I:HIF] Initializing Runtime PM wakelock &vdev->vdev_set_key_runtime_wakelock
05-04 09:35:25.908 1537 2723 I am_mem_factor: [0,1]
05-04 09:35:25.910 1537 1666 I am_user_state_changed: [0,2]
05-04 09:35:25.910 1537 1676 I ssm_user_unlocking: 0
05-04 09:35:25.923 0 0 I binder : 2833:2899 ioctl 40046210 7b9e00c934 returned -22
05-04 09:35:25.926 0 0 I [wifi@1][0x2a3fa36b][09:35:25.926559] wlan: [836:I:DP] dp_vdev_attach_wifi3: wlan_cfg_ap_bridge_enabled 0
05-04 09:35:25.937 0 0 E [wifi@1][0x2a42ca7d][09:35:25.937320] wlan: [1918:E:wifipos] wifi_pos_process_app_reg_req: 608: Received App Req Req pid(-285211836), len(16)
05-04 09:35:25.938 0 0 I [wifi@1][0x2a42f8a8][09:35:25.937935] wlan: [1918:I:wifipos] wifi_pos_get_ch_info: 461: num channels: 26
05-04 09:35:25.939 0 0 I : sdcardfs version 2.0
05-04 09:35:25.939 0 0 I sdcardfs: dev_name -> /data/media
05-04 09:35:25.939 0 0 I sdcardfs: options -> fsuid=1023,fsgid=1023,multiuser,derive_gid,default_normal,unshared_obb,mask=6,userid=0,gid=1015
05-04 09:35:25.939 0 0 I sdcardfs: mnt -> 00000000cc6923cc
05-04 09:35:25.939 0 0 I sdcardfs: mounted on top of /data/media type f2fs
05-04 09:35:25.939 0 0 I [wifi@1][0x2a43618a][09:35:25.939334] wlan: [1918:I:wifipos] wifi_pos_get_ch_info: 461: num channels: 26
05-04 09:35:25.939 0 0 I : Remount options were mask=23,gid=9997 for vfsmnt 00000000f201bc7f.
05-04 09:35:25.939 0 0 I sdcardfs: options - debug:1
05-04 09:35:25.939 0 0 I sdcardfs: options - gid:9997
05-04 09:35:25.939 0 0 I sdcardfs: options - mask:23
05-04 09:35:25.939 0 0 I : Remount options were mask=7,gid=9997 for vfsmnt 00000000eadcb9e3.
05-04 09:35:25.939 0 0 I sdcardfs: options - debug:1
05-04 09:35:25.939 0 0 I sdcardfs: options - gid:9997
05-04 09:35:25.939 0 0 I sdcardfs: options - mask:7
05-04 09:35:25.939 0 0 I : Remount options were mask=7,gid=9997 for vfsmnt 0000000006c9e179.
05-04 09:35:25.939 0 0 I sdcardfs: options - debug:1
05-04 09:35:25.939 0 0 I sdcardfs: options - gid:9997
05-04 09:35:25.939 0 0 I sdcardfs: options - mask:7
05-04 09:35:25.960 0 0 I binder : 2904:2904 ioctl 40046210 7ff485e924 returned -22
05-04 09:35:25.967 1537 2723 D TelephonyRegistry: listen oscl: mHasNotifySubscriptionInfoChangedOccurred==false no callback
05-04 09:35:25.972 2912 2912 I auditd : type=1400 audit(0.0:1215): avc: denied { add_name } for comm="init.qti.dcvs.s" name="governor" scontext=u:r:vendor_init-qti-dcvs-sh:s0 tcontext=u:object_r:vendor_sysfs_devfreq:s0 tclass=dir permissive=1
05-04 09:35:25.972 2912 2912 I auditd : type=1400 audit(0.0:1216): avc: denied { create } for comm="init.qti.dcvs.s" name="governor" scontext=u:r:vendor_init-qti-dcvs-sh:s0 tcontext=u:object_r:vendor_sysfs_devfreq:s0 tclass=file permissive=1
05-04 09:35:25.978 0 0 W QSEECOM : qseecom_load_app: App with id 8 (fingerpr) now loaded
05-04 09:35:25.985 0 0 I devfreq-qcom-fw 18590000.qcom,devfreq-l3: qcom,cdsp-cdsp-l3-lat: Successfully started CDSP L3 governor
05-04 09:35:25.992 2820 2820 I auditd : type=1400 audit(0.0:1217): avc: denied { add_name } for comm="init.qcom.post_" name="min_score_adj" scontext=u:r:vendor_qti_init_shell:s0 tcontext=u:object_r:vendor_sysfs_process_reclaim:s0 tclass=dir permissive=1
05-04 09:35:25.992 2820 2820 I auditd : type=1400 audit(0.0:1218): avc: denied { create } for comm="init.qcom.post_" name="min_score_adj" scontext=u:r:vendor_qti_init_shell:s0 tcontext=u:object_r:vendor_sysfs_process_reclaim:s0 tclass=file permissive=1
05-04 09:35:26.010 1537 1676 I uc_finish_user_unlocked: 0
05-04 09:35:26.010 1537 1676 I am_user_state_changed: [0,3]
05-04 09:35:26.014 1537 1676 I am_uid_running: 10084
05-04 09:35:26.015 1537 1676 I am_uid_running: 10059
05-04 09:35:26.012 547 547 I auditd : type=1400 audit(0.0:1219): avc: denied { open } for comm="qseecomd" path="/" dev="dm-5" ino=2 scontext=u:r:tee:s0 tcontext=u:object_r:rootfs:s0 tclass=dir permissive=1
05-04 09:35:26.016 1537 1676 I am_uid_running: 10055
05-04 09:35:26.016 1537 1676 I am_uid_running: 10069
05-04 09:35:26.017 1537 1676 I am_uid_running: 10083
05-04 09:35:26.017 1537 1676 I am_uid_running: 10080
05-04 09:35:26.027 1537 1837 I am_uid_running: 10092
05-04 09:35:26.027 1537 1677 I am_proc_start: [0,2986,10084,com.hht.lebocast,added application,com.hht.lebocast]
05-04 09:35:26.028 1537 1676 I uc_send_user_broadcast: [0,android.intent.action.USER_UNLOCKED]
05-04 09:35:26.028 1537 1676 I uc_send_user_broadcast: [0,android.intent.action.PRE_BOOT_COMPLETED]
05-04 09:35:26.029 1537 1676 I am_pre_boot: [0,com.android.documentsui]
05-04 09:35:26.028 2820 2820 I auditd : type=1400 audit(0.0:1220): avc: denied { add_name } for comm="init.qcom.post_" name="store_user" scontext=u:r:vendor_qti_init_shell:s0 tcontext=u:object_r:sysfs:s0 tclass=dir permissive=1
05-04 09:35:26.028 2820 2820 I auditd : type=1400 audit(0.0:1221): avc: denied { create } for comm="init.qcom.post_" name="store_user" scontext=u:r:vendor_qti_init_shell:s0 tcontext=u:object_r:sysfs:s0 tclass=file permissive=1
05-04 09:35:26.033 0 0 I zram0 : detected capacity change from 0 to 4294967296
05-04 09:35:26.037 1537 2723 I wm_finish_activity: [0,27459034,7,com.android.settings/.FallbackHome,app-request]
05-04 09:35:26.038 1537 2723 I wm_pause_activity: [0,27459034,com.android.settings/.FallbackHome,userLeaving=false,finish]
05-04 09:35:26.043 2582 2582 I wm_on_top_resumed_lost_called: [27459034,com.android.settings.FallbackHome,topStateChangedWhenResumed]
05-04 09:35:26.043 2582 2582 I wm_on_paused_called: [27459034,com.android.settings.FallbackHome,performPause]
05-04 09:35:26.044 1537 1669 I sysui_multi_action: [757,1144,758,7,806,com.android.settings,871,com.android.settings.FallbackHome]
05-04 09:35:26.054 1537 2723 I wm_task_created: [8,-1]
05-04 09:35:26.055 1537 2723 I wm_task_moved: [8,1,2147483647]
05-04 09:35:26.056 1537 2723 I wm_task_moved: [1,1,5]
05-04 09:35:26.056 1537 2723 I wm_create_task: [0,8]
05-04 09:35:26.056 1537 2723 I wm_create_activity: [0,37406107,8,com.android.launcher3/.uioverrides.QuickstepLauncher,android.intent.action.MAIN,NULL,NULL,268435712]
05-04 09:35:26.056 1537 2723 I wm_task_moved: [1,1,5]
05-04 09:35:26.056 1537 2723 I wm_task_moved: [8,1,2147483647]
05-04 09:35:26.056 1537 2723 I wm_task_to_front: [0,8]
05-04 09:35:26.059 0 0 I binder : 2988:2988 ioctl 40046210 7fee715e34 returned -22
05-04 09:35:26.060 1537 2723 I wm_restart_activity: [0,37406107,8,com.android.launcher3/.uioverrides.QuickstepLauncher]
05-04 09:35:26.061 1537 2723 I wm_set_resumed_activity: [0,com.android.launcher3/.uioverrides.QuickstepLauncher,minimalResumeActivityLocked]
05-04 09:35:26.060 0 0 I binder : 2986:2986 ioctl 40046210 ffae0398 returned -22
05-04 09:35:26.066 1537 1677 I am_proc_start: [0,2988,10059,ts.car.uart,added application,ts.car.uart]
05-04 09:35:26.071 1537 1676 I am_uid_running: 10018
05-04 09:35:26.092 1537 2723 I am_proc_bound: [0,2986,com.hht.lebocast]
05-04 09:35:26.097 0 0 I : Adding 4194300k swap on /dev/block/zram0. Priority:32758 extents:1 across:4194300k SS
05-04 09:35:26.096 1537 2723 I am_uid_active: 10084
05-04 09:35:26.101 0 0 I binder : 3024:3024 ioctl 40046210 7fee715e34 returned -22
05-04 09:35:26.102 0 0 I : read descriptors
05-04 09:35:26.102 0 0 I : read strings
05-04 09:35:26.098 1537 2488 I am_proc_bound: [0,2988,ts.car.uart]
05-04 09:35:26.101 1537 2488 I am_uid_active: 10059
05-04 09:35:26.115 1537 1677 I am_proc_start: [0,3024,1000,com.hryt.hiphishowfsecontrol,added application,com.hryt.hiphishowfsecontrol]
05-04 09:35:26.116 1537 1669 I sysui_multi_action: [757,803,799,window_time_0,802,9]
05-04 09:35:26.116 1537 2775 I am_proc_bound: [0,3024,com.hryt.hiphishowfsecontrol]
05-04 09:35:26.134 1537 1677 I am_proc_start: [0,3057,10055,.pasr,added application,.pasr]
05-04 09:35:26.137 0 0 I binder : 3057:3057 ioctl 40046210 7fee715e34 returned -22
05-04 09:35:26.142 1537 2488 I am_proc_bound: [0,3057,.pasr]
05-04 09:35:26.148 1537 2488 I am_uid_active: 10055
05-04 09:35:26.153 0 0 I binder : 2988:2988 ioctl 40046210 7fee714d24 returned -22
05-04 09:35:26.155 0 0 I [schedu][0x2a82c650][09:35:26.155718] wlan: [1858:I:OSIF] scan start scan id 40961
05-04 09:35:26.156 1537 1677 I am_proc_start: [0,3082,10069,com.qualcomm.qti.services.systemhelper:systemhelper_service,added application,com.qualcomm.qti.services.systemhelper:systemhelper_service]
05-04 09:35:26.165 1537 2630 I am_uid_running: 10087
05-04 09:35:26.170 0 0 I android_work: sent uevent USB_STATE=DISCONNECTED
05-04 09:35:26.170 0 0 W QSEECOM : __qseecom_unload_app: App (8) is unloaded
05-04 09:35:26.170 0 0 D qbt : qbt_release: entry minor_no=0 fd_available=0
05-04 09:35:26.170 0 0 D qbt : qbt_release: Releasing wakelock
05-04 09:35:26.170 0 0 D qbt : qbt_release: exit : fd_available=1
05-04 09:35:26.170 0 0 D qbt : qbt_release: entry minor_no=1 fd_available=1
05-04 09:35:26.170 0 0 D qbt : qbt_release: exit : fd_available=1
05-04 09:35:26.181 0 0 I binder : 3082:3082 ioctl 40046210 7fee715e34 returned -22
05-04 09:35:26.172 1537 1677 I am_proc_start: [0,3095,10083,com.qualcomm.qti.qccnetstat,added application,com.qualcomm.qti.qccnetstat]
05-04 09:35:26.189 0 0 I binder : 3095:3095 ioctl 40046210 7fee715e34 returned -22
05-04 09:35:26.214 0 0 I binder : 3125:3125 ioctl 40046210 7fee715e34 returned -22
05-04 09:35:26.230 0 0 I binder : 3134:3134 ioctl 40046210 7fee715e34 returned -22
05-04 09:35:26.241 0 0 I binder : 2651:3096 ioctl 40046210 7b36d4d254 returned -22
05-04 09:35:26.191 1537 1677 I am_proc_start: [0,3125,10080,com.qualcomm.qti.workloadclassifier,added application,com.qualcomm.qti.workloadclassifier]
05-04 09:35:26.191 1537 2488 I am_proc_bound: [0,3082,com.qualcomm.qti.services.systemhelper:systemhelper_service]
05-04 09:35:26.195 1537 2488 I am_uid_active: 10069
05-04 09:35:26.198 1537 2488 I am_proc_bound: [0,3095,com.qualcomm.qti.qccnetstat]
05-04 09:35:26.198 1537 1666 I wm_task_created: [274,-1]
05-04 09:35:26.209 1537 1666 I wm_task_created: [180,-1]
05-04 09:35:26.209 1537 1666 I wm_task_created: [195,-1]
05-04 09:35:26.210 1537 1666 I wm_task_created: [214,-1]
05-04 09:35:26.211 1537 1666 I wm_task_created: [240,-1]
05-04 09:35:26.212 1537 1666 I wm_task_created: [273,-1]
05-04 09:35:26.212 1537 1666 I wm_task_created: [276,-1]
05-04 09:35:26.213 1537 1666 I wm_task_created: [217,-1]
05-04 09:35:26.214 1537 1666 I wm_task_created: [220,-1]
05-04 09:35:26.215 1537 1666 I wm_task_created: [235,-1]
05-04 09:35:26.215 1537 1666 I wm_task_created: [236,-1]
05-04 09:35:26.216 1537 1666 I wm_task_created: [257,-1]
05-04 09:35:26.217 1537 1666 I wm_task_created: [269,-1]
05-04 09:35:26.271 0 0 I binder : 3173:3173 ioctl 40046210 7fee715e34 returned -22
05-04 09:35:26.221 1537 2488 I am_uid_active: 10083
05-04 09:35:26.222 1537 1677 I am_proc_start: [0,3134,10092,com.android.providers.media.module,service,{com.android.providers.media.module/com.android.providers.media.fuse.ExternalStorageServiceImpl}]
05-04 09:35:26.225 1537 2775 I am_proc_bound: [0,3125,com.qualcomm.qti.workloadclassifier]
05-04 09:35:26.230 1537 2775 I am_uid_active: 10080
05-04 09:35:26.239 1537 1537 I notification_enqueue: [1000,1537,android,13,PreBootBroadcaster,0,Notification(channel=UPDATES shortcut=null contentView=null vibrate=null sound=null tick defaults=0x0 flags=0x2 color=0x00000000 vis=PUBLIC),0]
05-04 09:35:26.242 1537 2253 I am_uid_running: 10071
05-04 09:35:26.247 1537 1573 I am_proc_bound: [0,3134,com.android.providers.media.module]
05-04 09:35:26.251 1537 1573 I am_uid_active: 10092
05-04 09:35:26.255 1537 1677 I am_proc_start: [0,3173,1000,com.android.keychain,service,{com.android.keychain/com.android.keychain.KeyChainService}]
05-04 09:35:26.283 0 0 E msm-dwc3 a600000.ssusb: Could not get usb psy
05-04 09:35:26.270 1537 1677 I am_proc_start: [0,3186,10018,android.process.media,broadcast,{com.android.mtp/com.android.mtp.MtpReceiver}]
05-04 09:35:26.287 1537 2488 I am_proc_bound: [0,3173,com.android.keychain]
05-04 09:35:26.287 1537 1676 I am_wtf : [0,1537,system_server,-1,ActivityManager,Sending non-protected broadcast android.location.HIGH_POWER_REQUEST_CHANGE from system 2833:com.qualcomm.location/u0a70 pkg com.qualcomm.location]
05-04 09:35:26.290 0 0 I binder : 3186:3186 ioctl 40046210 7fee715e34 returned -22
05-04 09:35:26.297 1537 1677 I am_proc_start: [0,3199,10087,com.qualcomm.qtil.aptxui,broadcast,{com.qualcomm.qtil.aptxui/com.qualcomm.qtil.aptxui.aptxuiBootReceiver}]
05-04 09:35:26.297 1537 2723 I am_proc_bound: [0,3186,android.process.media]
05-04 09:35:26.312 0 0 I binder : 3199:3199 ioctl 40046210 7fee715e34 returned -22
05-04 09:35:26.314 1537 1537 I am_uid_running: 10095
05-04 09:35:26.316 1537 1537 I sysui_multi_action: [757,1501,758,1,793,755,794,0,795,755,796,32,806,android,857,USB,858,1,947,0,1500,0]
05-04 09:35:26.317 1537 1537 I sysui_multi_action: [757,804,799,note_interruptive,801,0,802,1]
05-04 09:35:26.317 1537 2253 I am_proc_bound: [0,3199,com.qualcomm.qtil.aptxui]
05-04 09:35:26.317 1537 1537 I sysui_multi_action: [757,1501,758,1,793,603,794,0,795,603,796,26,806,android,857,DEVELOPER_IMPORTANT,858,4,947,0,1500,0]
05-04 09:35:26.317 1537 1537 I sysui_multi_action: [757,804,799,note_interruptive,801,0,802,1]
05-04 09:35:26.320 1537 2253 I am_uid_active: 10087
05-04 09:35:26.320 1537 1537 I sysui_multi_action: [757,128,758,5,759,8,793,759,794,0,795,759,796,32,806,android,857,USB,858,1,947,0,1500,4,1688,1]
05-04 09:35:26.321 1537 1537 I notification_canceled: [-1|android|32|null|1000,8,759,759,0,-1,-1,NULL]
05-04 09:35:26.321 1537 1537 I notification_enqueue: [1000,1537,android,27,NULL,-1,Notification(channel=USB shortcut=null contentView=null vibrate=null sound=null tick defaults=0x0 flags=0x2 color=0x00000000 vis=PUBLIC),0]
05-04 09:35:26.319 0 0 D qbt : qbt_open: entry minor_no=0 fd_available=1
05-04 09:35:26.319 0 0 D qbt : qbt_open: exit : 0 fd_available=0
05-04 09:35:26.320 0 0 D qbt : qbt_open: entry minor_no=1 fd_available=0
05-04 09:35:26.320 0 0 D qbt : qbt_open: exit : 0 fd_available=0
05-04 09:35:26.320 0 0 D qbt : qbt_ioctl: cmd received 107
05-04 09:35:26.320 0 0 D qbt : qbt_ioctl: Acquiring wakelock
05-04 09:35:26.329 0 0 I binder : 3233:3233 ioctl 40046210 7fee715e34 returned -22
05-04 09:35:26.324 1537 1677 I am_proc_start: [0,3233,10071,com.qualcomm.location.XT,service,{com.qualcomm.location.XT/com.qualcomm.location.XT.XTSrv}]
05-04 09:35:26.333 1537 2775 I am_proc_bound: [0,3233,com.qualcomm.location.XT]
05-04 09:35:26.338 1537 2775 I am_uid_active: 10071
05-04 09:35:26.342 0 0 W QSEECOM : qseecom_load_app: App (fingerpr) does'nt exist, loading apps for first time
05-04 09:35:26.343 1537 1677 I am_proc_start: [0,3259,10095,com.tencent.android.qqdownloader:live,service,{com.tencent.android.qqdownloader/com.live.sync.YYBLiveSyncService1}]
05-04 09:35:26.344 1537 1537 I sysui_multi_action: [757,1501,758,1,793,163,794,0,795,163,796,27,806,android,857,USB,858,1,947,0,1500,0]
05-04 09:35:26.344 1537 1537 I sysui_multi_action: [757,804,799,note_interruptive,801,0,802,1]
05-04 09:35:26.356 0 0 I binder : 3259:3259 ioctl 40046210 7fee715e34 returned -22
05-04 09:35:26.359 1537 1905 I am_proc_bound: [0,3259,com.tencent.android.qqdownloader:live]
05-04 09:35:26.377 0 0 E msm-dwc3 a600000.ssusb: Could not get usb psy
05-04 09:35:26.377 0 0 I android_work: did not send uevent (0 0 0000000000000000)
05-04 09:35:26.379 0 0 I binder : 3233:3284 ioctl 40046210 7ba33a9944 returned -22
05-04 09:35:26.401 0 0 I binder : 2298:2298 ioctl 40046210 7fee7157c4 returned -22
05-04 09:35:26.405 1537 1905 I am_uid_running: 10033
05-04 09:35:26.434 1537 1677 I am_proc_start: [0,3311,10033,com.android.documentsui,broadcast,{com.android.documentsui/com.android.documentsui.PreBootReceiver}]
05-04 09:35:26.458 0 0 I : mtp_open
05-04 09:35:26.440 1537 1537 I sysui_multi_action: [757,1501,758,1,793,411,794,0,795,411,796,13,797,PreBootBroadcaster,806,android,857,UPDATES,858,2,947,0,1500,0]
05-04 09:35:26.440 1537 1537 I sysui_multi_action: [757,804,799,note_interruptive,801,0,802,1]
05-04 09:35:26.456 2820 2820 I auditd : type=1400 audit(0.0:1222): avc: denied { add_name } for comm="init.qcom.post_" name="image_version" scontext=u:r:vendor_qti_init_shell:s0 tcontext=u:object_r:vendor_sysfs_soc:s0 tclass=dir permissive=1
05-04 09:35:26.456 2820 2820 I auditd : type=1400 audit(0.0:1223): avc: denied { create } for comm="init.qcom.post_" name="image_version" scontext=u:r:vendor_qti_init_shell:s0 tcontext=u:object_r:vendor_sysfs_soc:s0 tclass=file permissive=1
05-04 09:35:26.466 0 0 I android_work: sent uevent USB_STATE=CONNECTED
05-04 09:35:26.476 0 0 I binder : 3311:3311 ioctl 40046210 7fee715e34 returned -22
05-04 09:35:26.485 1537 2253 I am_proc_bound: [0,3311,com.android.documentsui]
05-04 09:35:26.485 0 0 E msm-dwc3 a600000.ssusb: Could not get usb psy
05-04 09:35:26.485 0 0 W QSEECOM : qseecom_load_app: App with id 9 (fingerpr) now loaded
05-04 09:35:26.486 1537 2775 I commit_sys_config_file: [sync-accounts,1]
05-04 09:35:26.490 1537 2253 I am_uid_active: 10033
05-04 09:35:26.491 0 0 I configfs-gadget gadget: high-speed config #1: b
05-04 09:35:26.491 0 0 E msm-dwc3 a600000.ssusb: Could not get usb psy
05-04 09:35:26.491 0 0 I android_work: sent uevent USB_STATE=CONFIGURED
05-04 09:35:26.501 1537 1677 I am_proc_start: [0,3362,10095,com.tencent.android.qqdownloader:daemon,content provider,{com.tencent.android.qqdownloader/com.tencent.assistant.db.contentprovider.SimpleDataTranslateProvider}]
05-04 09:35:26.517 0 0 I binder : 3362:3362 ioctl 40046210 7fee715e34 returned -22
05-04 09:35:26.520 1537 2253 I am_proc_bound: [0,3362,com.tencent.android.qqdownloader:daemon]
05-04 09:35:26.540 2651 2651 I wm_on_create_called: [37406107,com.android.launcher3.uioverrides.QuickstepLauncher,performCreate]
05-04 09:35:26.541 2651 2651 I wm_on_start_called: [37406107,com.android.launcher3.uioverrides.QuickstepLauncher,handleStartActivity]
05-04 09:35:26.541 2651 2651 I wm_on_resume_called: [37406107,com.android.launcher3.uioverrides.QuickstepLauncher,RESUME_ACTIVITY]
05-04 09:35:26.551 2651 2651 I wm_on_top_resumed_gained_called: [37406107,com.android.launcher3.uioverrides.QuickstepLauncher,topStateChangedWhenResumed]
05-04 09:35:26.557 1537 1537 I am_uid_active: 10095
05-04 09:35:26.579 1537 1670 I input_focus: [Focus request 5823808 com.android.launcher3/com.android.launcher3.uioverrides.QuickstepLauncher,reason=UpdateInputWindows]
05-04 09:35:26.579 1958 1958 I sysui_multi_action: [757,803,799,note_peek,802,1]
05-04 09:35:26.584 1537 2064 I sysui_multi_action: [757,127,758,1]
05-04 09:35:26.584 1537 2064 I sysui_multi_action: [757,804,799,note_load,801,1,802,1]
05-04 09:35:26.585 1537 2064 I notification_panel_revealed: 1
05-04 09:35:26.585 1958 1958 I sysui_heads_up_status: [-1|android|26|null|1000,1]
05-04 09:35:26.628 0 0 W ALERT : changing window size from 20000000 to 16000000 at 18640033012
05-04 09:35:26.632 1537 2253 I wm_destroy_activity: [0,27459034,7,com.android.settings/.FallbackHome,finish-idle]
05-04 09:35:26.633 2582 2582 I wm_on_stop_called: [27459034,com.android.settings.FallbackHome,LIFECYCLER_STOP_ACTIVITY]
05-04 09:35:26.638 1537 2253 I am_pre_boot: [0,com.android.managedprovisioning]
05-04 09:35:26.638 2582 2582 I wm_on_destroy_called: [27459034,com.android.settings.FallbackHome,performDestroy]
05-04 09:35:26.640 1537 1537 I notification_enqueue: [1000,1537,android,13,PreBootBroadcaster,0,Notification(channel=UPDATES shortcut=null contentView=null vibrate=null sound=null tick defaults=0x0 flags=0x2 color=0x00000000 vis=PUBLIC),1]
05-04 09:35:26.646 1537 1676 I am_uid_running: 10035
05-04 09:35:26.648 1537 2253 I wm_task_removed: [7,cleanUpResourcesForDestroy]
05-04 09:35:26.648 1537 2253 I wm_task_removed: [7,removeChild:removeChild last r=ActivityRecord{1a2fdda u0 com.android.settings/.FallbackHome t-1 f}} in t=Task{b5014f0 #7 type=home A=1000:com.android.settings.FallbackHome U=0 visible=false mode=fullscreen translucent=true sz=0}]
05-04 09:35:26.648 1537 2253 I wm_task_removed: [7,removeChild]
05-04 09:35:26.668 978 3408 I sf_stop_bootanim: 18680
05-04 09:35:26.671 0 0 I binder : 3431:3431 ioctl 40046210 7fee715e34 returned -22
05-04 09:35:26.674 1537 1677 I am_proc_start: [0,3431,10035,com.android.managedprovisioning,broadcast,{com.android.managedprovisioning/com.android.managedprovisioning.ota.PreBootListener}]
05-04 09:35:26.678 1537 1666 I sysui_multi_action: [319,627,322,615,325,18,757,761,758,8,759,2,806,com.android.launcher3,871,com.android.launcher3.uioverrides.QuickstepLauncher,905,0,1320,4,1321,1]
05-04 09:35:26.687 0 0 W QSEECOM : __qseecom_unload_app: App (9) is unloaded
05-04 09:35:26.688 0 0 D qbt : qbt_release: entry minor_no=0 fd_available=0
05-04 09:35:26.688 0 0 D qbt : qbt_release: Releasing wakelock
05-04 09:35:26.688 0 0 D qbt : qbt_release: exit : fd_available=1
05-04 09:35:26.688 0 0 D qbt : qbt_release: entry minor_no=1 fd_available=1
05-04 09:35:26.688 0 0 D qbt : qbt_release: exit : fd_available=1
05-04 09:35:26.680 1537 1824 I input_focus: [Focus entering 5823808 com.android.launcher3/com.android.launcher3.uioverrides.QuickstepLauncher (server),reason=setFocusedWindow]
05-04 09:35:26.687 1537 2775 I am_uid_running: 10031
05-04 09:35:26.688 1537 2723 I am_proc_bound: [0,3431,com.android.managedprovisioning]
05-04 09:35:26.688 1537 1666 I wm_activity_launch_time: [0,37406107,com.android.launcher3/.uioverrides.QuickstepLauncher,615]
05-04 09:35:26.701 1537 2723 I am_uid_active: 10035
05-04 09:35:26.704 1537 1677 I am_proc_start: [0,3451,10031,com.baidu.input,service,{com.baidu.input/com.baidu.input.ImeService}]
05-04 09:35:26.712 0 0 E bt_ioctl: BT_CMD_PWR_CTRL pwr_cntrl:2
05-04 09:35:26.712 0 0 E bt_vreg_unvote: vreg_unvote successful for : qca,bt-vdd-rfa2
05-04 09:35:26.712 0 0 E bt_vreg_unvote: vreg_unvote successful for : qca,bt-vdd-rfa1
05-04 09:35:26.712 0 0 E bt_vreg_unvote: vreg_unvote successful for : qca,bt-vdd-dig
05-04 09:35:26.712 0 0 E bt_vreg_unvote: vreg_unvote successful for : qca,bt-vdd-aon
05-04 09:35:26.798 1537 2775 I am_proc_bound: [0,3451,com.baidu.input]
05-04 09:35:26.793 0 0 I binder : 3451:3451 ioctl 40046210 7fee715e34 returned -22
05-04 09:35:26.800 1537 2775 I am_uid_active: 10031
05-04 09:35:26.801 1537 1675 I am_meminfo: [3628437504,2082873344,12288,358744064,1448254464]
05-04 09:35:26.808 1537 1675 I am_pss : [2617,10063,com.thundercomm.gamemode.provider,8102912,5869568,0,94810112,2,5,5]
05-04 09:35:26.813 0 0 I init : Service 'bootanim' (pid 1101) exited with status 0 oneshot service took 10.614000 seconds in background
05-04 09:35:26.813 0 0 I init : Sending signal 9 to service 'bootanim' (pid 1101) process group...
05-04 09:35:26.813 0 0 I libprocessgroup: Successfully killed process cgroup uid 1003 pid 1101 in 0ms
05-04 09:35:26.817 1537 1675 I am_pss : [2648,10093,android.ext.services,12967936,6070272,0,123842560,2,5,6]
05-04 09:35:26.825 1537 1675 I am_pss : [2741,10085,com.qualcomm.qti.qccauthmgr,6732800,4431872,0,94564352,2,5,5]
05-04 09:35:26.832 1537 1675 I am_pss : [1942,1002,com.android.bluetooth,22368256,17702912,0,124493824,2,0,6]
05-04 09:35:26.838 1537 1675 I am_pss : [2535,10064,com.qualcomm.qti.devicestatisticsservice,5577728,3620864,0,88678400,2,0,5]
05-04 09:35:26.845 1537 1675 I am_pss : [2548,1000,com.qualcomm.qti.qdma,10450944,6782976,0,105639936,2,0,5]
05-04 09:35:26.852 1537 1675 I am_pss : [2514,1000,com.thundercomm.tcservice,10770432,8515584,0,97542144,2,0,6]
05-04 09:35:26.858 1537 1675 I am_pss : [2480,1000,com.thundercomm.remotecontrolservice,10003456,7094272,0,100585472,2,0,5]
05-04 09:35:26.864 1537 1675 I am_pss : [2426,10086,com.qti.qualcomm.mstatssystemservice,5732352,3788800,0,89133056,2,0,5]
05-04 09:35:26.870 1537 1675 I am_pss : [2439,1068,com.android.se,6036480,4026368,0,90787840,2,0,5]
05-04 09:35:26.875 1537 1675 I am_pss : [2377,1000,com.thundercomm.tcsetupwizard,7257088,5337088,0,90513408,2,0,5]
05-04 09:35:26.882 1537 1675 I am_pss : [2391,1000,vendor.qti.qesdk.sysservice,5940224,3883008,0,90664960,2,0,5]
05-04 09:35:26.888 1537 1675 I am_pss : [2345,1073,com.android.networkstack.process,10721280,7839744,0,102715392,2,0,6]
05-04 09:35:26.893 1537 1573 D TelephonyRegistry: listen oscl: mHasNotifySubscriptionInfoChangedOccurred==false no callback
05-04 09:35:26.894 1537 1675 I am_pss : [2341,1000,com.tc.logclient,6675456,4755456,0,89931776,2,0,5]
05-04 09:35:26.899 1537 1675 I am_pss : [2299,1000,com.thundercomm.tchttpserver,7477248,5558272,0,90718208,2,0,5]
05-04 09:35:26.906 1537 1675 I am_pss : [2297,1001,.dataservices,7048192,5013504,0,91115520,2,0,5]
05-04 09:35:26.912 1537 1675 I am_pss : [2298,10054,.qtidataservices,6189056,4210688,0,90066944,2,0,5]
05-04 09:35:26.920 1537 1675 I am_pss : [2293,1000,com.thundercomm.microsettings,27884544,24711168,0,116576256,2,0,6]
05-04 09:35:26.926 1537 1675 I am_pss : [2271,1000,com.thundercomm.microservice,8954880,6889472,0,94269440,2,0,5]
05-04 09:35:26.933 1537 1675 I am_pss : [2193,1000,com.thundercomm.gamemode,9083904,7041024,0,94171136,2,0,5]
05-04 09:35:26.940 1537 1675 I am_pss : [1967,10091,com.android.permissioncontroller,14131200,11747328,0,101711872,2,6,6]
05-04 09:35:26.961 1537 1675 I am_pss : [1537,1000,system,287307776,172392448,0,634236928,2,0,19]
05-04 09:35:26.974 1537 1905 I am_pre_boot: [0,com.android.providers.calendar]
05-04 09:35:26.974 1537 1905 I am_uid_running: 10034
05-04 09:35:26.977 1537 1537 I notification_enqueue: [1000,1537,android,13,PreBootBroadcaster,0,Notification(channel=UPDATES shortcut=null contentView=null vibrate=null sound=null tick defaults=0x0 flags=0x2 color=0x00000000 vis=PUBLIC),1]
05-04 09:35:26.982 1537 1677 I am_proc_start: [0,3504,10034,com.android.providers.calendar,broadcast,{com.android.providers.calendar/com.android.providers.calendar.CalendarUpgradeReceiver}]
05-04 09:35:26.993 1942 3456 I liblog : 251
05-04 09:35:26.997 0 0 I binder : 3504:3504 ioctl 40046210 7fee715e34 returned -22
05-04 09:35:27.004 1537 2630 I am_proc_bound: [0,3504,com.android.providers.calendar]
05-04 09:35:27.007 1537 2630 I am_uid_active: 10034
05-04 09:35:27.020 1537 1537 I notification_cancel_all: [1002,1942,com.android.bluetooth,0,0,64,9,NULL]
05-04 09:35:27.023 1537 1905 I am_uid_running: 10026
05-04 09:35:27.036 1537 1677 I am_proc_start: [0,3544,10026,android.process.acore,content provider,{com.android.providers.contacts/com.android.providers.contacts.ContactsProvider2}]
05-04 09:35:27.049 0 0 I binder : 3544:3544 ioctl 40046210 7fee715e34 returned -22
05-04 09:35:27.054 1537 2253 I am_proc_bound: [0,3544,android.process.acore]
05-04 09:35:27.057 1537 2253 I am_uid_active: 10026
05-04 09:35:27.072 1537 2630 I am_pre_boot: [0,com.android.providers.contacts]
05-04 09:35:27.075 1537 1537 I notification_enqueue: [1000,1537,android,13,PreBootBroadcaster,0,Notification(channel=UPDATES shortcut=null contentView=null vibrate=null sound=null tick defaults=0x0 flags=0x2 color=0x00000000 vis=PUBLIC),1]
05-04 09:35:27.097 1537 2488 I am_pre_boot: [0,com.android.providers.media.module]
05-04 09:35:27.099 1537 1889 I sysui_multi_action: [757,128,758,1,793,1385,794,0,795,1385,796,26,798,0,806,android,857,DEVELOPER_IMPORTANT,858,4,947,0,1395,3,1500,782,1688,1]
05-04 09:35:27.099 1537 1889 I sysui_multi_action: [757,804,799,note_freshness,801,1385,802,1]
05-04 09:35:27.099 1537 1889 I notification_visibility: [-1|android|26|null|1000,1,1385,1385,0,0]
05-04 09:35:27.100 1537 1537 I notification_enqueue: [1000,1537,android,13,PreBootBroadcaster,0,Notification(channel=UPDATES shortcut=null contentView=null vibrate=null sound=null tick defaults=0x0 flags=0x2 color=0x00000000 vis=PUBLIC),1]
05-04 09:35:27.101 1537 2488 I am_pre_boot: [0,com.android.settings]
05-04 09:35:27.104 1537 1537 I notification_enqueue: [1000,1537,android,13,PreBootBroadcaster,0,Notification(channel=UPDATES shortcut=null contentView=null vibrate=null sound=null tick defaults=0x0 flags=0x2 color=0x00000000 vis=PUBLIC),1]
05-04 09:35:27.106 1537 2630 I uc_finish_user_unlocked_completed: 0
05-04 09:35:27.106 1537 1676 I ssm_user_unlocked: 0
05-04 09:35:27.106 1537 1537 I sysui_multi_action: [757,128,758,5,759,8,793,1077,794,0,795,467,796,13,797,PreBootBroadcaster,806,android,857,UPDATES,858,2,947,0,1500,467,1688,1]
05-04 09:35:27.106 1537 1537 I notification_canceled: [0|android|13|PreBootBroadcaster|1000,8,1077,467,0,-1,-1,NULL]
05-04 09:35:27.107 1537 1666 I uc_send_user_broadcast: [0,android.intent.action.BOOT_COMPLETED]
05-04 09:35:27.111 1537 1676 I am_uid_running: 10025
05-04 09:35:27.108 3582 3582 I auditd : type=1400 audit(0.0:1235): avc: denied { read } for comm="ip" name="rt_tables" dev="dm-10" ino=334 scontext=u:r:ethernet:s0 tcontext=u:object_r:net_data_file:s0 tclass=file permissive=1
05-04 09:35:27.108 3582 3582 I auditd : type=1400 audit(0.0:1236): avc: denied { open } for comm="ip" path="/data/misc/net/rt_tables" dev="dm-10" ino=334 scontext=u:r:ethernet:s0 tcontext=u:object_r:net_data_file:s0 tclass=file permissive=1
05-04 09:35:27.108 3582 3582 I auditd : type=1400 audit(0.0:1237): avc: denied { getattr } for comm="ip" path="/data/misc/net/rt_tables" dev="dm-10" ino=334 scontext=u:r:ethernet:s0 tcontext=u:object_r:net_data_file:s0 tclass=file permissive=1
05-04 09:35:27.122 1537 1677 I am_proc_start: [0,3586,10025,com.android.traceur,broadcast,{com.android.traceur/com.android.traceur.Receiver}]
05-04 09:35:27.139 0 0 I binder : 3586:3586 ioctl 40046210 7fee715e34 returned -22
05-04 09:35:27.144 1537 2488 I am_proc_bound: [0,3586,com.android.traceur]
05-04 09:35:27.148 1537 2488 I am_uid_active: 10025
05-04 09:35:27.225 1537 1889 I am_uid_running: 10096
05-04 09:35:27.242 1537 1677 I am_proc_start: [0,3613,10096,com.tencent.mobileqq:MSF,broadcast,{com.tencent.mobileqq/com.tencent.mobileqq.msf.core.NetConnInfoCenter}]
05-04 09:35:27.257 0 0 I binder : 3613:3613 ioctl 40046210 7fee715e34 returned -22
05-04 09:35:27.259 1537 2630 I am_proc_bound: [0,3613,com.tencent.mobileqq:MSF]
05-04 09:35:27.264 1537 2630 I am_uid_active: 10096
05-04 09:35:27.344 0 0 I [schedu][0x2bdefeb4][09:35:27.344309] wlan: [1858:I:OSIF] vdev 0, scan id 40961 type COMPLETED(1) reason COMPLETED(1) scan found 67 bss
05-04 09:35:27.354 1348 2905 I liblog : 31
05-04 09:35:27.363 1348 1408 I liblog : 102
05-04 09:35:27.376 3637 3637 I auditd : type=1400 audit(0.0:1238): avc: denied { read } for comm="ip" name="rt_tables" dev="dm-10" ino=334 scontext=u:r:ethernet:s0 tcontext=u:object_r:net_data_file:s0 tclass=file permissive=1
05-04 09:35:27.376 3637 3637 I auditd : type=1400 audit(0.0:1239): avc: denied { open } for comm="ip" path="/data/misc/net/rt_tables" dev="dm-10" ino=334 scontext=u:r:ethernet:s0 tcontext=u:object_r:net_data_file:s0 tclass=file permissive=1
05-04 09:35:27.445 1537 1677 I am_proc_start: [0,3666,10095,com.tencent.android.qqdownloader,content provider,{com.tencent.android.qqdownloader/com.tencent.assistant.db.contentprovider.WallpaperProvider}]
05-04 09:35:27.456 1537 2253 I am_uid_running: 2000
05-04 09:35:27.465 0 0 I binder : 3666:3666 ioctl 40046210 7fee715e34 returned -22
05-04 09:35:27.471 1537 1677 I am_proc_start: [0,3687,2000,com.android.shell,content provider,{com.android.shell/com.android.shell.BugreportStorageProvider}]
05-04 09:35:27.472 1537 1889 I am_proc_bound: [0,3666,com.tencent.android.qqdownloader]
05-04 09:35:27.478 0 0 I [schedu][0x2c065865][09:35:27.478625] wlan: [1858:I:HIF] Deinitializing Runtime PM wakelock &vdev->vdev_set_key_runtime_wakelock
05-04 09:35:27.479 0 0 I [schedu][0x2c069bba][09:35:27.479523] wlan: [1858:I:HIF] Initializing Runtime PM wakelock &vdev->vdev_set_key_runtime_wakelock
05-04 09:35:27.481 0 0 I [wifi@1][0x2c0749b9][09:35:27.481843] wlan: [836:I:DP] dp_vdev_attach_wifi3: wlan_cfg_ap_bridge_enabled 0
05-04 09:35:27.502 0 0 I binder : 3687:3687 ioctl 40046210 7fee715e34 returned -22
05-04 09:35:27.505 1537 2775 I am_proc_bound: [0,3687,com.android.shell]
05-04 09:35:27.510 0 0 E [wifi@1][0x2c0f90b9][09:35:27.510097] wlan: [1918:E:wifipos] wifi_pos_process_app_reg_req: 608: Received App Req Req pid(-285211836), len(16)
05-04 09:35:27.510 0 0 I [wifi@1][0x2c0fb8b9][09:35:27.510630] wlan: [1918:I:wifipos] wifi_pos_get_ch_info: 461: num channels: 26
05-04 09:35:27.510 0 0 I [wifi@1][0x2c0fc611][09:35:27.510808] wlan: [1918:I:wifipos] wifi_pos_get_ch_info: 461: num channels: 26
05-04 09:35:27.523 1537 1677 I am_proc_start: [0,3719,10095,com.tencent.android.qqdownloader:cloud,service,{com.tencent.android.qqdownloader/com.live.watermelon.service.SentryAlphaService}]
05-04 09:35:27.521 0 0 I [wpa_su][0x2c12e4ab][09:35:27.521456] wlan: [1925:I:SME] vdev-0: Connecting to RIO-WIFI-5G f8:af:05:82:ca:5c rssi: -33 freq: 5805 akm 9 cipher: uc 6 mc 5, CC:
05-04 09:35:27.521 0 0 E [wpa_su][0x2c12e6fa][09:35:27.521486] wlan: [1925:E:QDF] Cannot malloc 0 bytes @ csr_get_cfg_max_tx_power:14199
05-04 09:35:27.522 0 0 I [schedu][0x2c133a51][09:35:27.522598] wlan: [1858:I:WMI] send_vdev_start_cmd_tlv: 1062: send_vdev_start_cmd_tlv: vdev_id 0 freq 5805 chanmode 18 ch_info: 0x12 is_dfs 0 beacon interval 100 dtim 0 center_chan 5775 center_freq2 0 reg_info_1: 0x180000 reg_info_2: 0x1800, req->max_txpow: 0x18 Tx SS 1, Rx SS 1, ldpc_rx: 0, cac 0, regd 4, HE ops: 0req->dis_hw_ack: 0
05-04 09:35:27.555 0 0 I binder : 3745:3745 ioctl 40046210 7fdb7a7974 returned -22
05-04 09:35:27.568 1537 2775 I am_proc_bound: [0,3719,com.tencent.android.qqdownloader:cloud]
05-04 09:35:27.562 0 0 I binder : 3719:3719 ioctl 40046210 7fee715e34 returned -22
05-04 09:35:27.655 0 0 I [soft_i][0x2c3a4b59][09:35:27.655945] wlan: [0:I:TXRX] HTT_T2H_MSG_TYPE_PEER_MAP msg for peer id 8 vdev id 0 n
05-04 09:35:27.656 0 0 E [soft_i][0x2c3a4f8e][09:35:27.656001] wlan: [0:E:DP] dp_peer_find_add_id: peer 0000000000000000 ID 8 vid 0 mac f8:af:05:82:ca:5c
05-04 09:35:27.656 0 0 I [soft_i][0x2c3a509e][09:35:27.656015] wlan: [0:I:DP] dp_peer_find_add_id: ref_cnt: 2
05-04 09:35:27.656 0 0 E [soft_i][0x2c3a516b][09:35:27.656026] wlan: [0:E:DP] dp_peer_map_ast: peer 0000000000000000 ID 51 vid 0 mac f8:af:05:82:ca:5c
05-04 09:35:27.721 1537 1889 I am_uid_running: 10027
05-04 09:35:27.737 1537 1677 I am_proc_start: [0,3910,10027,com.android.externalstorage,content provider,{com.android.externalstorage/com.android.externalstorage.ExternalStorageProvider}]
05-04 09:35:27.755 0 0 I binder : 3910:3910 ioctl 40046210 7fee715e34 returned -22
05-04 09:35:27.764 0 0 I binder : 3932:3932 ioctl 40046210 7fc5b6d054 returned -22
05-04 09:35:27.773 1537 2630 I am_proc_bound: [0,3910,com.android.externalstorage]
05-04 09:35:27.782 0 0 I [schedu][0x2c5f69a3][09:35:27.782642] wlan: [1858:I:PE] Auth TX: seq 1 seq num 2049 status 0 WEP 0 to f8:af:05:82:ca:5c
05-04 09:35:27.783 0 0 I [schedu][0x2c5fc28b][09:35:27.783827] wlan: [1858:I:PE] Auth TX: success
05-04 09:35:27.784 0 0 I [schedu][0x2c600659][09:35:27.784731] wlan: [1858:I:PE] Auth RX: vdev 0 sys role 3 lim_state 5 from f8:af:05:82:ca:5c rssi -40 auth_alg 0 seq 2445
05-04 09:35:27.784 0 0 I [schedu][0x2c6017e4][09:35:27.784965] wlan: [1858:I:PE] Assoc req TX: vdev 0 to f8:af:05:82:ca:5c seq num 2050
05-04 09:35:27.786 0 0 I [schedu][0x2c608fb8][09:35:27.786563] wlan: [1858:I:PE] Assoc req TX: success
05-04 09:35:27.788 0 0 I [schedu][0x2c612643][09:35:27.788570] wlan: [1858:I:PE] Assoc rsp RX: subtype 0 vdev 0 sys role 3 lim state 10 rssi -40 from f8:af:05:82:ca:5c
05-04 09:35:27.796 0 0 E [schedu][0x2c6376ea][09:35:27.796472] wlan: [1858:E:QDF] Cannot malloc 0 bytes @ csr_get_cfg_max_tx_power:14199
05-04 09:35:27.796 0 0 E [schedu][0x2c637858][09:35:27.796491] wlan: [1858:E:QDF] Cannot malloc 0 bytes @ csr_get_cfg_max_tx_power:14199
05-04 09:35:27.797 0 0 E [soft_i][0x2c63b1ac][09:35:27.797256] wlan: [0:E:DP] dp_tx_initialize_threshold: tx flow control threshold is set, pool size is 4096
05-04 09:35:27.797 0 0 I [schedu][0x2c63c117][09:35:27.797461] wlan: [1858:I:HDD] wlan0(vdevid-0): 3a:29:3c:5e:14:d2 connected to f8:af:05:82:ca:5c
05-04 09:35:27.803 0 0 I [dp_rx_][0x2c656739][09:35:27.803090] wlan: [1860:I:QDF] EAPOL-1 RX: SA:f8:af:05:82:ca:5c DA:3a:29:3c:5e:14:d2
05-04 09:35:27.816 0 0 I [soft_i][0x2c696f1f][09:35:27.816849] wlan: [0:I:QDF] EAPOL-2 TX: SA:3a:29:3c:5e:14:d2 DA:f8:af:05:82:ca:5c msdu_id:0 status: succ
05-04 09:35:27.819 0 0 I [dp_rx_][0x2c6a4abd][09:35:27.819777] wlan: [1860:I:QDF] EAPOL-3 RX: SA:f8:af:05:82:ca:5c DA:3a:29:3c:5e:14:d2
05-04 09:35:27.822 0 0 I [soft_i][0x2c6b2176][09:35:27.822640] wlan: [0:I:QDF] EAPOL-4 TX: SA:3a:29:3c:5e:14:d2 DA:f8:af:05:82:ca:5c msdu_id:0 status: succ
05-04 09:35:27.828 1537 1866 I netstats_mobile_sample: [0,0,0,0,0,0,0,0,0,0,0,0,1683164127828]
05-04 09:35:27.828 1537 1866 I netstats_wifi_sample: [0,0,0,0,0,0,0,0,0,0,0,0,1683164127828]
05-04 09:35:27.836 0 0 E [schedu][0x2c6f51d3][09:35:27.836938] wlan: [1858:E:QDF] Cannot malloc 0 bytes @ csr_get_cfg_max_tx_power:14199
05-04 09:35:27.848 0 0 I [schedu][0x2c72ba33][09:35:27.848569] wlan: [1858:I:WMI] LFR3:OKC enabled
