05-04 09:37:20.448 11394 11394 W android.permission.PermissionManager: Missing ActivityManager; assuming 1000 holds android.permission.SET_PREFERRED_APPLICATIONS
05-04 09:37:20.448 11394 11394 W android.permission.PermissionManager: Missing ActivityManager; assuming 1000 holds android.permission.SET_PREFERRED_APPLICATIONS
05-04 09:37:20.448 11394 11394 W android.permission.PermissionManager: Missing ActivityManager; assuming 1000 holds android.permission.SET_PREFERRED_APPLICATIONS
05-04 09:37:20.449 11394 11394 W android.permission.PermissionManager: Missing ActivityManager; assuming 1000 holds android.permission.SET_PREFERRED_APPLICATIONS
05-04 09:37:20.449 11394 11394 W android.permission.PermissionManager: Missing ActivityManager; assuming 1000 holds android.permission.SET_PREFERRED_APPLICATIONS
05-04 09:37:20.449 11394 11394 W android.permission.PermissionManager: Missing ActivityManager; assuming 1000 holds android.permission.SET_PREFERRED_APPLICATIONS
05-04 09:37:20.449 11394 11394 W android.permission.PermissionManager: Missing ActivityManager; assuming 1000 holds android.permission.SET_PREFERRED_APPLICATIONS
05-04 09:37:20.449 11394 11394 W android.permission.PermissionManager: Missing ActivityManager; assuming 1000 holds android.permission.SET_PREFERRED_APPLICATIONS
05-04 09:37:20.449 11394 11394 W android.permission.PermissionManager: Missing ActivityManager; assuming 1000 holds android.permission.SET_PREFERRED_APPLICATIONS
05-04 09:37:20.449 11394 11394 W android.permission.PermissionManager: Missing ActivityManager; assuming 1000 holds android.permission.SET_PREFERRED_APPLICATIONS
05-04 09:37:20.449 11394 11394 W android.permission.PermissionManager: Missing ActivityManager; assuming 1000 holds android.permission.SET_PREFERRED_APPLICATIONS
05-04 09:37:20.450 11394 11394 W android.permission.PermissionManager: Missing ActivityManager; assuming 1000 holds android.permission.SET_PREFERRED_APPLICATIONS
05-04 09:37:20.450 11394 11394 W android.permission.PermissionManager: Missing ActivityManager; assuming 1000 holds android.permission.SET_PREFERRED_APPLICATIONS
05-04 09:37:20.450 11394 11394 W android.permission.PermissionManager: Missing ActivityManager; assuming 1000 holds android.permission.SET_PREFERRED_APPLICATIONS
05-04 09:37:20.450 11394 11394 W android.permission.PermissionManager: Missing ActivityManager; assuming 1000 holds android.permission.SET_PREFERRED_APPLICATIONS
05-04 09:37:20.450 11394 11394 W android.permission.PermissionManager: Missing ActivityManager; assuming 1000 holds android.permission.SET_PREFERRED_APPLICATIONS
05-04 09:37:20.450 11394 11394 W android.permission.PermissionManager: Missing ActivityManager; assuming 1000 holds android.permission.SET_PREFERRED_APPLICATIONS
05-04 09:37:20.450 11394 11394 W android.permission.PermissionManager: Missing ActivityManager; assuming 1000 holds android.permission.SET_PREFERRED_APPLICATIONS
05-04 09:37:20.450 11394 11394 W android.permission.PermissionManager: Missing ActivityManager; assuming 1000 holds android.permission.SET_PREFERRED_APPLICATIONS
05-04 09:37:20.451 11394 11394 W android.permission.PermissionManager: Missing ActivityManager; assuming 1000 holds android.permission.SET_PREFERRED_APPLICATIONS
05-04 09:37:20.451 11394 11394 W android.permission.PermissionManager: Missing ActivityManager; assuming 1000 holds android.permission.SET_PREFERRED_APPLICATIONS
05-04 09:37:20.451 11394 11394 W android.permission.PermissionManager: Missing ActivityManager; assuming 1000 holds android.permission.SET_PREFERRED_APPLICATIONS
05-04 09:37:20.451 11394 11394 W android.permission.PermissionManager: Missing ActivityManager; assuming 1000 holds android.permission.SET_PREFERRED_APPLICATIONS
05-04 09:37:20.451 11394 11394 W android.permission.PermissionManager: Missing ActivityManager; assuming 1000 holds android.permission.SET_PREFERRED_APPLICATIONS
05-04 09:37:20.451 11394 11394 W android.permission.PermissionManager: Missing ActivityManager; assuming 1000 holds android.permission.SET_PREFERRED_APPLICATIONS
05-04 09:37:20.451 11394 11394 W android.permission.PermissionManager: Missing ActivityManager; assuming 1000 holds android.permission.SET_PREFERRED_APPLICATIONS
05-04 09:37:20.451 11394 11394 W android.permission.PermissionManager: Missing ActivityManager; assuming 1000 holds android.permission.SET_PREFERRED_APPLICATIONS
05-04 09:37:20.452 11394 11394 W android.permission.PermissionManager: Missing ActivityManager; assuming 1000 holds android.permission.SET_PREFERRED_APPLICATIONS
05-04 09:37:20.452 11394 11394 W android.permission.PermissionManager: Missing ActivityManager; assuming 1000 holds android.permission.SET_PREFERRED_APPLICATIONS
05-04 09:37:20.452 11394 11394 W android.permission.PermissionManager: Missing ActivityManager; assuming 1000 holds android.permission.SET_PREFERRED_APPLICATIONS
05-04 09:37:20.452 11394 11394 W android.permission.PermissionManager: Missing ActivityManager; assuming 1000 holds android.permission.SET_PREFERRED_APPLICATIONS
05-04 09:37:20.452 11394 11394 W android.permission.PermissionManager: Missing ActivityManager; assuming 1000 holds android.permission.SET_PREFERRED_APPLICATIONS
05-04 09:37:20.452 11394 11394 W android.permission.PermissionManager: Missing ActivityManager; assuming 1000 holds android.permission.SET_PREFERRED_APPLICATIONS
05-04 09:37:20.453 11394 11394 W android.permission.PermissionManager: Missing ActivityManager; assuming 1000 holds android.permission.SET_PREFERRED_APPLICATIONS
05-04 09:37:20.453 11394 11394 W android.permission.PermissionManager: Missing ActivityManager; assuming 1000 holds android.permission.SET_PREFERRED_APPLICATIONS
05-04 09:37:20.453 11394 11394 W android.permission.PermissionManager: Missing ActivityManager; assuming 1000 holds android.permission.SET_PREFERRED_APPLICATIONS
05-04 09:37:20.453 11394 11394 W android.permission.PermissionManager: Missing ActivityManager; assuming 1000 holds android.permission.SET_PREFERRED_APPLICATIONS
05-04 09:37:20.453 11394 11394 W android.permission.PermissionManager: Missing ActivityManager; assuming 1000 holds android.permission.SET_PREFERRED_APPLICATIONS
05-04 09:37:20.453 11394 11394 W android.permission.PermissionManager: Missing ActivityManager; assuming 1000 holds android.permission.SET_PREFERRED_APPLICATIONS
05-04 09:37:20.455 11394 11394 W android.permission.PermissionManager: Missing ActivityManager; assuming 1000 holds android.permission.SET_PREFERRED_APPLICATIONS
05-04 09:37:20.455 11394 11394 W android.permission.PermissionManager: Missing ActivityManager; assuming 1000 holds android.permission.SET_PREFERRED_APPLICATIONS
05-04 09:37:20.455 11394 11394 W android.permission.PermissionManager: Missing ActivityManager; assuming 1000 holds android.permission.SET_PREFERRED_APPLICATIONS
05-04 09:37:20.456 11394 11394 W android.permission.PermissionManager: Missing ActivityManager; assuming 1000 holds android.permission.SET_PREFERRED_APPLICATIONS
05-04 09:37:20.456 11394 11394 W android.permission.PermissionManager: Missing ActivityManager; assuming 1000 holds android.permission.SET_PREFERRED_APPLICATIONS
05-04 09:37:20.456 11394 11394 W android.permission.PermissionManager: Missing ActivityManager; assuming 1000 holds android.permission.SET_PREFERRED_APPLICATIONS
05-04 09:37:20.457 11394 11394 W android.permission.PermissionManager: Missing ActivityManager; assuming 1000 holds android.permission.SET_PREFERRED_APPLICATIONS
05-04 09:37:20.457 11394 11394 W android.permission.PermissionManager: Missing ActivityManager; assuming 1000 holds android.permission.SET_PREFERRED_APPLICATIONS
05-04 09:37:20.458 11394 11394 W android.permission.PermissionManager: Missing ActivityManager; assuming 1000 holds android.permission.SET_PREFERRED_APPLICATIONS
05-04 09:37:20.458 11394 11394 W android.permission.PermissionManager: Missing ActivityManager; assuming 1000 holds android.permission.SET_PREFERRED_APPLICATIONS
05-04 09:37:20.459 11394 11394 W android.permission.PermissionManager: Missing ActivityManager; assuming 1000 holds android.permission.SET_PREFERRED_APPLICATIONS
05-04 09:37:20.459 11394 11394 W android.permission.PermissionManager: Missing ActivityManager; assuming 1000 holds android.permission.SET_PREFERRED_APPLICATIONS
05-04 09:37:20.459 11394 11394 W android.permission.PermissionManager: Missing ActivityManager; assuming 1000 holds android.permission.SET_PREFERRED_APPLICATIONS
05-04 09:37:20.460 11394 11394 W android.permission.PermissionManager: Missing ActivityManager; assuming 1000 holds android.permission.SET_PREFERRED_APPLICATIONS
05-04 09:37:20.460 11394 11394 W android.permission.PermissionManager: Missing ActivityManager; assuming 1000 holds android.permission.SET_PREFERRED_APPLICATIONS
05-04 09:37:20.460 11394 11394 W android.permission.PermissionManager: Missing ActivityManager; assuming 1000 holds android.permission.SET_PREFERRED_APPLICATIONS
05-04 09:37:20.460 11394 11394 W android.permission.PermissionManager: Missing ActivityManager; assuming 1000 holds android.permission.SET_PREFERRED_APPLICATIONS
05-04 09:37:20.461 11394 11394 W android.permission.PermissionManager: Missing ActivityManager; assuming 1000 holds android.permission.SET_PREFERRED_APPLICATIONS
05-04 09:37:20.461 11394 11394 W android.permission.PermissionManager: Missing ActivityManager; assuming 1000 holds android.permission.SET_PREFERRED_APPLICATIONS
05-04 09:37:20.461 11394 11394 W android.permission.PermissionManager: Missing ActivityManager; assuming 1000 holds android.permission.SET_PREFERRED_APPLICATIONS
05-04 09:37:20.461 11394 11394 W android.permission.PermissionManager: Missing ActivityManager; assuming 1000 holds android.permission.SET_PREFERRED_APPLICATIONS
05-04 09:37:20.461 11394 11394 W android.permission.PermissionManager: Missing ActivityManager; assuming 1000 holds android.permission.SET_PREFERRED_APPLICATIONS
05-04 09:37:20.469 11394 11394 W PackageSettings: Missing permission state for package: android.frameworkres.overlay
05-04 09:37:20.469 11394 11394 W PackageSettings: Missing permission state for package: com.android.cts.priv.ctsshim
05-04 09:37:20.469 11394 11394 W PackageSettings: Missing permission state for package: com.thundercomm.gamemode.provider
05-04 09:37:20.469 11394 11394 W PackageSettings: Missing permission state for package: com.thundercomm.gamecenter
05-04 09:37:20.469 11394 11394 W PackageSettings: Missing permission state for package: com.android.internal.systemui.navbar.gestural_wide_back
05-04 09:37:20.469 11394 11394 W PackageSettings: Missing permission state for package: com.qualcomm.qti.gpudrivers.kona.api30
05-04 09:37:20.469 11394 11394 W PackageSettings: Missing permission state for package: com.android.htmlviewer
05-04 09:37:20.470 11394 11394 W PackageSettings: Missing permission state for package: com.android.internal.systemui.onehanded.gestural
05-04 09:37:20.470 11394 11394 W PackageSettings: Missing permission state for package: android.qvaoverlay.common
05-04 09:37:20.470 11394 11394 W PackageSettings: Missing permission state for package: android.overlay.common
05-04 09:37:20.470 11394 11394 W PackageSettings: Missing permission state for package: com.android.connectivity.resources
05-04 09:37:20.470 11394 11394 W PackageSettings: Missing permission state for package: com.android.modulemetadata
05-04 09:37:20.470 11394 11394 W PackageSettings: Missing permission state for package: android.overlay.target
05-04 09:37:20.470 11394 11394 W PackageSettings: Missing permission state for package: com.android.internal.systemui.navbar.gestural_extra_wide_back
05-04 09:37:20.470 11394 11394 W PackageSettings: Missing permission state for package: com.android.wifi.resources.overlay.common
05-04 09:37:20.470 11394 11394 W PackageSettings: Missing permission state for package: com.android.dreams.basic
05-04 09:37:20.470 11394 11394 W PackageSettings: Missing permission state for package: com.android.settings.overlay.common
05-04 09:37:20.470 11394 11394 W PackageSettings: Missing permission state for package: android.ext.shared
05-04 09:37:20.470 11394 11394 W PackageSettings: Missing permission state for package: com.android.wifi.resources.overlay.target
05-04 09:37:20.471 11394 11394 W PackageSettings: Missing permission state for package: com.android.wifi.resources
05-04 09:37:20.471 11394 11394 W PackageSettings: Missing permission state for package: com.android.systemui.overlay.common
05-04 09:37:20.471 11394 11394 W PackageSettings: Missing permission state for package: com.android.cameraextensions
05-04 09:37:20.471 11394 11394 W PackageSettings: Missing permission state for package: com.android.theme.font.notoserifsource
05-04 09:37:20.471 11394 11394 W PackageSettings: Missing permission state for package: com.android.internal.display.cutout.emulation.waterfall
05-04 09:37:20.471 11394 11394 W PackageSettings: Missing permission state for package: com.android.providers.settings.overlay
05-04 09:37:20.471 11394 11394 W PackageSettings: Missing permission state for package: com.android.bookmarkprovider
05-04 09:37:20.471 11394 11394 W PackageSettings: Missing permission state for package: com.android.cts.ctsshim
05-04 09:37:20.472 11394 11394 W PackageSettings: Missing permission state for package: com.qualcomm.qti.xrcb
05-04 09:37:20.472 11394 11394 W PackageSettings: Missing permission state for package: com.android.internal.systemui.navbar.gestural
05-04 09:37:20.472 11394 11394 W PackageSettings: Missing permission state for package: com.android.internal.systemui.navbar.gestural_narrow_back
05-04 09:37:20.472 11394 11394 W PackageSettings: Missing permission state for package: com.android.cellbroadcastreceiver.overlay.common
05-04 09:37:20.472 11394 11394 W PackageSettings: Missing permission state for shared user: android.uid.log
05-04 09:37:20.472 11394 11394 W PackageSettings: Missing permission state for shared user: android.uid.uwb
05-04 09:37:20.494 11394 11394 I boot_progress_pms_system_scan_start: 132506
05-04 09:37:20.495 11394 11394 D PackageManager: Keeping known cache dca99475b8b916e932c6528cc8bdfd75e8dccd7c
05-04 09:37:20.496 11394 11394 W android.permission.PermissionManager: Missing ActivityManager; assuming 1000 holds android.permission.WATCH_APPOPS
05-04 09:37:20.496 11394 11394 W android.permission.PermissionManager: Missing ActivityManager; assuming 1000 holds android.permission.WATCH_APPOPS
05-04 09:37:20.499 11394 11394 D CompatibilityChangeReporter: Compat change id reported: 143539591; UID -1; state: ENABLED
05-04 09:37:20.504 11394 11394 D CompatibilityChangeReporter: Compat change id reported: 143539591; UID -1; state: DISABLED
05-04 09:37:20.504 11394 11394 D CompatibilityChangeReporter: Compat change id reported: 168782947; UID -1; state: ENABLED
05-04 09:37:20.506 11394 11394 W PackageManager: Failed to parse /system/framework/arm64: Missing base APK in /system/framework/arm64
05-04 09:37:20.506 11394 11394 W PackageManager: Failed to parse /system/framework/arm: Missing base APK in /system/framework/arm
05-04 09:37:20.508 11394 11394 W PackageManager: Failed to parse /system/framework/oat: Missing base APK in /system/framework/oat
05-04 09:37:20.505 0 0 W audit : audit_lost=11126 audit_rate_limit=5 audit_backlog_limit=64
05-04 09:37:20.505 0 0 E audit : rate limit exceeded
05-04 09:37:20.505 0 0 E HL6111R : is_dc_online: DC psy unavailable
05-04 09:37:20.527 11394 11394 D CompatibilityChangeReporter: Compat change id reported: 168782947; UID -1; state: DISABLED
05-04 09:37:20.558 11394 11394 W PackageManager: Failed to parse /vendor/app/CneApp: Missing base APK in /vendor/app/CneApp/lib/arm64
05-04 09:37:20.580 11394 11394 I PackageManager: /system_ext/priv-app/Settings changed; collecting certs
05-04 09:37:20.605 11394 11394 W PackageManager: Skipping provider name com.android.permissioncontroller (in package com.android.permissioncontroller): name already used by com.android.settings
05-04 09:37:20.605 11394 11394 W PackageManager: Skipping provider name com.android.permissioncontroller.role (in package com.android.permissioncontroller): name already used by com.android.settings
05-04 09:37:20.615 11394 11394 I PackageManager: Finished scanning system apps. Time: 121 ms, packageCount: 136 , timePerPackage: 0 , cached: 136
05-04 09:37:20.615 11394 11394 I boot_progress_pms_data_scan_start: 132627
05-04 09:37:20.648 11394 11394 D CompatibilityChangeReporter: Compat change id reported: 133396946; UID -1; state: DISABLED
05-04 09:37:20.650 11394 11394 W PackageManager: Provider ComponentInfo{com.tencent.android.qqdownloader/com.tencent.pangu.share.weixin.WeChatShareProvider} already defined; ignoring
05-04 09:37:20.650 11394 11394 W PackageManager: Skipping provider name com.tencent.pangu.share.weixin.WeChatShareProvider (in package com.tencent.android.qqdownloader): name already used by com.tencent.android.qqdownloader
05-04 09:37:20.672 11394 11394 W PackageManager: Skipping provider name com.tencent.mobileqq.fileprovider (in package com.tencent.mobileqq): name already used by com.tencent.mobileqq
05-04 09:37:20.673 11394 11394 W PackageManager: Skipping provider name com.tencent.mobileqq.external.fileprovider (in package com.tencent.mobileqq): name already used by com.tencent.mobileqq
05-04 09:37:20.676 11394 11394 D CompatibilityChangeReporter: Compat change id reported: 133396946; UID -1; state: ENABLED
05-04 09:37:20.683 11394 11394 W PackageManager: Skipping provider name com.ss.android.lark.provider (in package com.ss.android.lark): name already used by com.ss.android.lark
05-04 09:37:20.683 11394 11394 W PackageManager: Skipping provider name com.ss.android.lark.fileprovider (in package com.ss.android.lark): name already used by com.ss.android.lark
05-04 09:37:20.726 11394 11394 W PackageManager: Skipping provider name com.youku.phone.fileprovider (in package com.youku.phone): name already used by com.youku.phone
05-04 09:37:20.730 11394 11394 W PackageManager: Skipping provider name com.wm.dmall.file.path.share (in package com.wm.dmall): name already used by com.wm.dmall
05-04 09:37:20.776 11394 11394 W PackageManager: Skipping provider name com.qileyx.ddz.yyb.fileprovider (in package com.qileyx.ddz.yyb): name already used by com.qileyx.ddz.yyb
05-04 09:37:20.776 11394 11394 W PackageManager: Skipping provider name com.qileyx.ddz.yyb.fileprovider (in package com.qileyx.ddz.yyb): name already used by com.qileyx.ddz.yyb
05-04 09:37:20.778 11394 11394 W PackageManager: Skipping provider name com.happyelements.AndroidAnimal.qq.TTMultiProvider (in package com.happyelements.AndroidAnimal.qq): name already used by com.happyelements.AndroidAnimal.qq
05-04 09:37:20.824 11394 11394 I PackageManager: Finished scanning non-system apps. Time: 209 ms, packageCount: 18 , timePerPackage: 11 , cached: 18
05-04 09:37:20.825 11394 11394 E PackageManager: updateAllSharedLibrariesLPw failed: Package com.qualcomm.embms requires unavailable shared library com.qualcomm.qcrilhook; failing!
05-04 09:37:20.825 11394 11394 E PackageManager: updateAllSharedLibrariesLPw failed: Package com.android.systemui requires unavailable shared library com.qti.extphone.extphonelib; failing!
05-04 09:37:20.825 11394 11394 E PackageManager: updateAllSharedLibrariesLPw failed: Package com.android.settings requires unavailable shared library com.qti.extphone.extphonelib; failing!
05-04 09:37:20.825 11394 11394 E PackageManager: updateAllSharedLibrariesLPw failed: Package com.qualcomm.qti.devicestatisticsservice requires unavailable shared library qti-telephony-hidl-wrapper-prd; failing!
05-04 09:37:20.825 11394 11394 E PackageManager: updateAllSharedLibrariesLPw failed: Package com.qti.snapdragon.qdcm_ff requires unavailable shared library vendor.display.color.V1_0.IDisplayColor; failing!
05-04 09:37:20.825 11394 11394 E PackageManager: updateAllSharedLibrariesLPw failed: Package com.qti.pasrservice requires unavailable shared library vendor.qti.power.pasrmanager.V1_0.IPasrManager; failing!
05-04 09:37:20.825 11394 11394 E PackageManager: updateAllSharedLibrariesLPw failed: Package com.qualcomm.wfd.service requires unavailable shared library .WfdService; failing!
05-04 09:37:20.826 11394 11394 I boot_progress_pms_scan_end: 132838
05-04 09:37:20.826 11394 11394 I PackageManager: Time to scan packages: 0.332 seconds
05-04 09:37:20.826 11394 11394 I PackageManager: Permission ownership changed. Updating all permissions.
05-04 09:37:20.835 11394 11394 V PackageManager: reconcileAppsData for null u0 0x1 migrateAppData=true
05-04 09:37:20.856 11394 11394 V PackageManager: reconcileAppsData finished 27 packages
05-04 09:37:20.857 11394 11394 I PackageManagerTiming: write settings
05-04 09:37:20.857 11394 11492 I SystemServerTimingAsync: InitThreadPoolExec:prepareAppData
05-04 09:37:20.857 11394 11492 D SystemServerInitThreadPool: Started executing prepareAppData
05-04 09:37:20.877 11394 11394 W PackageManager: /data/system/packages.xml fsync begin
05-04 09:37:20.879 11394 11394 W PackageManager: /data/system/packages.xml fsync end
05-04 09:37:20.895 11394 11394 I commit_sys_config_file: [package-user-0,2]
05-04 09:37:20.895 11394 11394 I commit_sys_config_file: [package,38]
05-04 09:37:20.895 11394 11394 I boot_progress_pms_ready: 132907
05-04 09:37:20.893 0 0 I logd : start watching /data/system/packages.list ...
05-04 09:37:20.895 0 0 I logd : ReadPackageList, total packages: 119
05-04 09:37:20.896 11394 11394 W PackageManager: Intent filter verifier not found
05-04 09:37:20.896 11394 11394 W PackageManager: Domain verification agent not found
05-04 09:37:20.897 11394 11394 D PackageManager: Ephemeral resolver NOT found; no matching intent filters
05-04 09:37:20.897 11394 11394 D PackageManager: Instant App installer not found with android.intent.action.INSTALL_INSTANT_APP_PACKAGE
05-04 09:37:20.897 11394 11394 D PackageManager: Clear ephemeral installer activity
05-04 09:37:20.900 11394 11394 I PackageManagerTiming: GC
05-04 09:37:20.900 11394 11394 I PackageManager: Fix for b/169414761 is applied
05-04 09:37:20.900 11394 11394 V UserManagerService: Checking that all system packages are whitelisted.
05-04 09:37:20.902 11394 11394 W UserManagerService: checkWhitelistedSystemPackages(mode=ENFORCE|IMPLICIT_WHITELIST|IMPLICIT_WHITELIST_SYSTEM) has 68 warnings:
05-04 09:37:20.902 11394 11394 W UserManagerService: com.android.internal.display.cutout.emulation.corner is allowlisted but not present.
05-04 09:37:20.902 11394 11394 W UserManagerService: com.android.internal.display.cutout.emulation.double is allowlisted but not present.
05-04 09:37:20.902 11394 11394 W UserManagerService: com.android.theme.color.amethyst is allowlisted but not present.
05-04 09:37:20.902 11394 11394 W UserManagerService: com.android.theme.icon.pebble is allowlisted but not present.
05-04 09:37:20.902 11394 11394 W UserManagerService: com.android.theme.color.sand is allowlisted but not present.
05-04 09:37:20.902 11394 11394 W UserManagerService: com.android.theme.icon.vessel is allowlisted but not present.
05-04 09:37:20.902 11394 11394 W UserManagerService: com.android.theme.color.cinnamon is allowlisted but not present.
05-04 09:37:20.902 11394 11394 W UserManagerService: com.android.theme.icon_pack.victor.settings is allowlisted but not present.
05-04 09:37:20.902 11394 11394 W UserManagerService: com.android.theme.icon_pack.rounded.systemui is allowlisted but not present.
05-04 09:37:20.902 11394 11394 W UserManagerService: com.android.theme.icon.taperedrect is allowlisted but not present.
05-04 09:37:20.902 11394 11394 W UserManagerService: com.android.theme.icon_pack.rounded.android is allowlisted but not present.
05-04 09:37:20.902 11394 11394 W UserManagerService: com.qualcomm.qti.euiccresource is allowlisted but not present.
05-04 09:37:20.902 11394 11394 W UserManagerService: com.qualcomm.qti.telephonyservice is allowlisted but not present.
05-04 09:37:20.902 11394 11394 W UserManagerService: com.android.theme.icon_pack.victor.systemui is allowlisted but not present.
05-04 09:37:20.902 11394 11394 W UserManagerService: com.android.theme.icon_pack.circular.themepicker is allowlisted but not present.
05-04 09:37:20.902 11394 11394 W UserManagerService: com.android.theme.color.tangerine is allowlisted but not present.
05-04 09:37:20.902 11394 11394 W UserManagerService: com.android.theme.color.aquamarine is allowlisted but not present.
05-04 09:37:20.902 11394 11394 W UserManagerService: com.android.internal.display.cutout.emulation.hole is allowlisted but not present.
05-04 09:37:20.902 11394 11394 W UserManagerService: com.android.internal.display.cutout.emulation.tall is allowlisted but not present.
05-04 09:37:20.902 11394 11394 W UserManagerService: com.android.theme.color.black is allowlisted but not present.
05-04 09:37:20.902 11394 11394 W UserManagerService: com.android.theme.color.green is allowlisted but not present.
05-04 09:37:20.902 11394 11394 W UserManagerService: com.android.theme.color.ocean is allowlisted but not present.
05-04 09:37:20.902 11394 11394 W UserManagerService: com.android.theme.color.space is allowlisted but not present.
05-04 09:37:20.902 11394 11394 W UserManagerService: com.android.internal.systemui.navbar.threebutton is allowlisted but not present.
05-04 09:37:20.902 11394 11394 W UserManagerService: com.qti.qualcomm.datastatusnotification is allowlisted but not present.
05-04 09:37:20.902 11394 11394 W UserManagerService: com.qualcomm.qti.callfeaturessetting is allowlisted but not present.
05-04 09:37:20.902 11394 11394 W UserManagerService: com.android.theme.icon_pack.rounded.launcher is allowlisted but not present.
05-04 09:37:20.902 11394 11394 W UserManagerService: com.qti.qualcomm.deviceinfo is allowlisted but not present.
05-04 09:37:20.902 11394 11394 W UserManagerService: com.android.theme.icon_pack.kai.settings is allowlisted but not present.
05-04 09:37:20.902 11394 11394 W UserManagerService: com.android.internal.systemui.navbar.twobutton is allowlisted but not present.
05-04 09:37:20.902 11394 11394 W UserManagerService: org.codeaurora.ims is allowlisted but not present.
05-04 09:37:20.902 11394 11394 W UserManagerService: com.android.theme.icon_pack.sam.settings is allowlisted but not present.
05-04 09:37:20.902 11394 11394 W UserManagerService: com.android.theme.icon_pack.kai.themepicker is allowlisted but not present.
05-04 09:37:20.902 11394 11394 W UserManagerService: com.qualcomm.qcrilmsgtunnel is allowlisted but not present.
05-04 09:37:20.902 11394 11394 W UserManagerService: com.android.theme.icon_pack.victor.launcher is allowlisted but not present.
05-04 09:37:20.902 11394 11394 W UserManagerService: com.android.theme.icon_pack.filled.settings is allowlisted but not present.
05-04 09:37:20.902 11394 11394 W UserManagerService: com.android.theme.icon_pack.kai.systemui is allowlisted but not present.
05-04 09:37:20.902 11394 11394 W UserManagerService: com.android.theme.icon_pack.circular.settings is allowlisted but not present.
05-04 09:37:20.902 11394 11394 W UserManagerService: com.qti.xdivert is allowlisted but not present.
05-04 09:37:20.902 11394 11394 W UserManagerService: com.android.theme.icon_pack.sam.systemui is allowlisted but not present.
05-04 09:37:20.902 11394 11394 W UserManagerService: com.android.theme.icon.teardrop is allowlisted but not present.
05-04 09:37:20.902 11394 11394 W UserManagerService: com.android.theme.icon_pack.rounded.themepicker is allowlisted but not present.
05-04 09:37:20.902 11394 11394 W UserManagerService: com.android.theme.icon_pack.filled.systemui is allowlisted but not present.
05-04 09:37:20.902 11394 11394 W UserManagerService: com.qualcomm.qti.imsiprivacy.tests is allowlisted but not present.
05-04 09:37:20.902 11394 11394 W UserManagerService: com.android.theme.icon_pack.sam.android is allowlisted but not present.
05-04 09:37:20.902 11394 11394 W UserManagerService: com.android.theme.icon_pack.filled.android is allowlisted but not present.
05-04 09:37:20.902 11394 11394 W UserManagerService: com.android.theme.icon_pack.circular.systemui is allowlisted but not present.
05-04 09:37:20.902 11394 11394 W UserManagerService: com.android.theme.icon_pack.kai.android is allowlisted but not present.
05-04 09:37:20.902 11394 11394 W UserManagerService: com.android.theme.icon_pack.kai.launcher is allowlisted but not present.
05-04 09:37:20.902 11394 11394 W UserManagerService: com.qualcomm.qti.sam.service is allowlisted but not present.
05-04 09:37:20.902 11394 11394 W UserManagerService: com.android.theme.icon_pack.sam.launcher is allowlisted but not present.
05-04 09:37:20.902 11394 11394 W UserManagerService: com.android.theme.icon.squircle is allowlisted but not present.
05-04 09:37:20.902 11394 11394 W UserManagerService: com.android.theme.icon_pack.victor.android is allowlisted but not present.
05-04 09:37:20.902 11394 11394 W UserManagerService: com.android.theme.color.palette is allowlisted but not present.
05-04 09:37:20.902 11394 11394 W UserManagerService: com.android.theme.icon_pack.filled.launcher is allowlisted but not present.
05-04 09:37:20.902 11394 11394 W UserManagerService: com.android.theme.color.carbon is allowlisted but not present.
05-04 09:37:20.902 11394 11394 W UserManagerService: com.android.theme.icon_pack.circular.launcher is allowlisted but not present.
05-04 09:37:20.902 11394 11394 W UserManagerService: com.android.theme.icon_pack.filled.themepicker is allowlisted but not present.
05-04 09:37:20.902 11394 11394 W UserManagerService: com.android.theme.icon_pack.victor.themepicker is allowlisted but not present.
05-04 09:37:20.902 11394 11394 W UserManagerService: com.android.theme.color.orchid is allowlisted but not present.
05-04 09:37:20.902 11394 11394 W UserManagerService: com.android.theme.color.purple is allowlisted but not present.
05-04 09:37:20.902 11394 11394 W UserManagerService: com.qualcomm.qti.confdialer is allowlisted but not present.
05-04 09:37:20.902 11394 11394 W UserManagerService: com.android.theme.icon_pack.sam.themepicker is allowlisted but not present.
05-04 09:37:20.902 11394 11394 W UserManagerService: com.qualcomm.atfwd is allowlisted but not present.
05-04 09:37:20.902 11394 11394 W UserManagerService: com.android.theme.icon.roundedrect is allowlisted but not present.
05-04 09:37:20.902 11394 11394 W UserManagerService: com.android.theme.icon_pack.rounded.settings is allowlisted but not present.
05-04 09:37:20.902 11394 11394 W UserManagerService: org.codeaurora.qti.nrNetworkSettingApp is allowlisted but not present.
05-04 09:37:20.902 11394 11394 W UserManagerService: com.android.theme.icon_pack.circular.android is allowlisted but not present.
05-04 09:37:20.902 11394 11394 I Watchdog: Resuming HandlerChecker: main thread for reason: packagemanagermain. Pause count: 0
05-04 09:37:20.902 11394 11394 I SystemServerDexLoadReporter: Configuring system server dex reporter
05-04 09:37:20.906 11394 11394 I SystemServerTiming: StartOtaDexOptService
05-04 09:37:20.906 11394 11394 I Watchdog: Pausing HandlerChecker: main thread for reason: moveab. Pause count: 1
05-04 09:37:20.906 11394 11394 D OTADexopt: No upgrade, skipping A/B artifacts check.
05-04 09:37:20.907 11394 11394 I Watchdog: Resuming HandlerChecker: main thread for reason: moveab. Pause count: 0
05-04 09:37:20.907 11394 11394 I SystemServerTiming: StartUserManagerService
05-04 09:37:20.907 11394 11394 I SystemServiceManager: Starting com.android.server.pm.UserManagerService$LifeCycle
05-04 09:37:20.907 11394 11394 I SystemServerTiming: InitAttributerCache
05-04 09:37:20.907 11394 11394 I SystemServerTiming: SetSystemProcess
05-04 09:37:20.909 11394 11394 I am_uid_running: 1000
05-04 09:37:20.910 11394 11423 I ActivityManager: Connection with lmkd established
05-04 09:37:20.910 11394 11394 I am_uid_active: 1000
05-04 09:37:20.911 11394 11394 I SystemServerTiming: InitWatchdog
05-04 09:37:20.911 11394 11394 I SystemServerTiming: StartOverlayManagerService
05-04 09:37:20.919 11394 11494 V HistoricalRegistry: Interaction before persistence initialized
05-04 09:37:20.927 11394 11494 V HistoricalRegistry: Interaction before persistence initialized
05-04 09:37:20.943 0 0 I binder : 11498:11498 ioctl 40046210 7fecd463e4 returned -22
05-04 09:37:20.961 11394 11394 I commit_sys_config_file: [overlays,2]
05-04 09:37:20.962 11394 11492 I PackageManager: Deferred reconcileAppsData finished 127 packages
05-04 09:37:20.962 11394 11492 D SystemServerInitThreadPool: Finished executing prepareAppData
05-04 09:37:20.964 11394 11394 I SystemServerTiming: StartSensorPrivacyService
05-04 09:37:20.965 11394 11394 I SystemServerTiming: StartThunderBoostPerfService
05-04 09:37:20.965 11394 11394 I SystemServerTiming: StartSensorService
05-04 09:37:20.965 11394 11394 I SystemServiceManager: Starting com.android.server.sensors.SensorService
05-04 09:37:20.965 11394 11394 I SystemServerTiming: startCoreServices
05-04 09:37:20.965 11394 11394 I SystemServerTiming: StartSystemConfigService
05-04 09:37:20.965 11394 11394 I SystemServiceManager: Starting com.android.server.SystemConfigService
05-04 09:37:20.966 11394 11394 I SystemServerTiming: StartBatteryService
05-04 09:37:20.966 11394 11394 I SystemServiceManager: Starting com.android.server.BatteryService
05-04 09:37:20.966 11394 11503 I SystemServerTimingAsync: InitThreadPoolExec:StartNativeSensorService
05-04 09:37:20.966 11394 11503 D SystemServerInitThreadPool: Started executing StartNativeSensorService
05-04 09:37:20.966 11394 11503 I SystemServerTimingAsync: StartNativeSensorService
05-04 09:37:20.969 0 0 E HL6111R : is_dc_online: DC psy unavailable
05-04 09:37:20.969 0 0 E HL6111R : is_dc_online: DC psy unavailable
05-04 09:37:20.969 0 0 W healthd : battery none chg=
05-04 09:37:20.969 0 0 E HL6111R : is_dc_online: DC psy unavailable
05-04 09:37:20.970 11394 11411 W ActivityTaskManager: Skip updateConfiguration because mWindowManager isn't set
05-04 09:37:20.972 11394 11419 I battery_status: [1,1,0,0,]
05-04 09:37:20.974 11394 11394 I HealthServiceWrapper: health: HealthServiceWrapper listening to instance default
05-04 09:37:20.975 11394 11394 I BatteryService: health: Waited 0ms and received the update.
05-04 09:37:20.976 11394 11394 I SystemServerTiming: StartUsageService
05-04 09:37:20.976 11394 11394 I SystemServiceManager: Starting com.android.server.usage.UsageStatsService
05-04 09:37:20.978 11394 11394 I SystemServerTiming: StartWebViewUpdateService
05-04 09:37:20.979 11394 11394 I SystemServiceManager: Starting com.android.server.webkit.WebViewUpdateService
05-04 09:37:20.980 11394 11394 I SystemServerTiming: StartCachedDeviceStateService
05-04 09:37:20.980 11394 11394 I SystemServiceManager: Starting com.android.server.CachedDeviceStateService
05-04 09:37:20.980 11394 11394 I SystemServerTiming: StartBinderCallsStatsService
05-04 09:37:20.980 11394 11394 I SystemServiceManager: Starting com.android.server.BinderCallsStatsService$LifeCycle
05-04 09:37:20.980 11394 11503 D SystemServerInitThreadPool: Finished executing StartNativeSensorService
05-04 09:37:20.980 11394 11394 I SystemServerTiming: StartLooperStatsService
05-04 09:37:20.980 11394 11394 I SystemServiceManager: Starting com.android.server.LooperStatsService$Lifecycle
05-04 09:37:20.981 11394 11394 I SystemServerTiming: StartRollbackManagerService
05-04 09:37:20.981 11394 11394 I SystemServiceManager: Starting com.android.server.rollback.RollbackManagerService
05-04 09:37:20.983 11394 11394 I PackageWatchdog: Syncing state, reason: added new observer
05-04 09:37:20.983 11394 11394 I PackageWatchdog: Not pruning observers, elapsed time: 0ms
05-04 09:37:20.983 11394 11420 I PackageWatchdog: Saving observer state to file
05-04 09:37:20.984 11394 11394 I SystemServerTiming: StartNativeTombstoneManagerService
05-04 09:37:20.984 11394 11394 I SystemServiceManager: Starting com.android.server.os.NativeTombstoneManagerService
05-04 09:37:20.984 11394 11394 I SystemServerTiming: StartBugreportManagerService
05-04 09:37:20.984 11394 11394 I SystemServiceManager: Starting com.android.server.os.BugreportManagerService
05-04 09:37:20.984 11394 11394 I SystemServerTiming: GpuService
05-04 09:37:20.984 11394 11394 I SystemServiceManager: Starting com.android.server.gpu.GpuService
05-04 09:37:20.985 11394 11394 I SystemServerTiming: startOtherServices
05-04 09:37:20.985 11394 11394 I SystemServerTiming: StartKeyAttestationApplicationIdProviderService
05-04 09:37:20.985 11394 11512 I SystemServerTimingAsync: InitThreadPoolExec:SecondaryZygotePreload
05-04 09:37:20.985 11394 11512 D SystemServerInitThreadPool: Started executing SecondaryZygotePreload
05-04 09:37:20.985 11394 11394 I SystemServerTiming: StartKeyChainSystemService
05-04 09:37:20.985 11394 11512 I SystemServer: SecondaryZygotePreload
05-04 09:37:20.985 11394 11394 I SystemServiceManager: Starting com.android.server.security.KeyChainSystemService
05-04 09:37:20.985 11394 11512 I SystemServerTimingAsync: SecondaryZygotePreload
05-04 09:37:20.985 11394 11394 I SystemServerTiming: StartSchedulingPolicyService
05-04 09:37:20.985 11394 11513 I SystemServerTimingAsync: InitThreadPoolExec:SchedulingPolicyService.
05-04 09:37:20.985 11394 11513 D SystemServerInitThreadPool: Started executing SchedulingPolicyService.
05-04 09:37:20.985 11394 11394 I SystemServerTiming: StartTelecomLoaderService
05-04 09:37:20.986 11394 11394 I SystemServiceManager: Starting com.android.server.telecom.TelecomLoaderService
05-04 09:37:20.986 11394 11394 I SystemServerTiming: StartTelephonyRegistry
05-04 09:37:20.986 11394 11394 I SystemServerTiming: StartEntropyMixer
05-04 09:37:20.989 11394 11394 I EntropyMixer: Writing entropy...
05-04 09:37:20.990 11394 11394 I SystemServerTiming: StartAccountManagerService
05-04 09:37:20.991 11394 11394 I SystemServiceManager: Starting com.android.server.accounts.AccountManagerService$Lifecycle
05-04 09:37:20.993 11394 11394 I SystemServerTiming: StartContentService
05-04 09:37:20.993 11394 11394 I SystemServiceManager: Starting com.android.server.content.ContentService$Lifecycle
05-04 09:37:20.993 11394 11394 I SystemServerTiming: InstallSystemProviders
05-04 09:37:21.012 11394 11513 D SystemServerInitThreadPool: Finished executing SchedulingPolicyService.
05-04 09:37:21.031 11394 11421 D ActivityManager: Freezer enabled
05-04 09:37:21.031 11394 11421 D ActivityManager: freezer override set to false
05-04 09:37:21.032 11394 11394 I SystemServerTiming: StartDropBoxManager
05-04 09:37:21.032 11394 11394 I SystemServiceManager: Starting com.android.server.DropBoxManagerService
05-04 09:37:21.033 11394 11394 I SystemServerTiming: StartRoleManagerService
05-04 09:37:21.033 11394 11394 I SystemServiceManager: Starting com.android.role.RoleService
05-04 09:37:21.035 11394 11394 I SystemServerTiming: StartVibratorManagerService
05-04 09:37:21.035 11394 11394 I SystemServiceManager: Starting com.android.server.vibrator.VibratorManagerService$Lifecycle
05-04 09:37:21.037 11394 11394 I SystemServerTiming: StartDynamicSystemService
05-04 09:37:21.037 11394 11394 I SystemServerTiming: StartConsumerIrService
05-04 09:37:21.038 11394 11394 I SystemServerTiming: StartAlarmManagerService
05-04 09:37:21.038 11394 11394 I SystemServiceManager: Starting com.android.server.alarm.AlarmManagerService
05-04 09:37:21.043 11394 11394 I SystemServerTiming: StartInputManagerService
05-04 09:37:21.044 11394 11394 I InputManager: Initializing input manager, mUseDevInputEventForAudioJack=true
05-04 09:37:21.047 11394 11394 I SystemServerTiming: DeviceStateManagerService
05-04 09:37:21.047 11394 11394 I SystemServiceManager: Starting com.android.server.devicestate.DeviceStateManagerService
05-04 09:37:21.048 11394 11394 I SystemServerTiming: StartCameraServiceProxy
05-04 09:37:21.048 11394 11394 I SystemServiceManager: Starting com.android.server.camera.CameraServiceProxy
05-04 09:37:21.049 11394 11394 I SystemServerTiming: StartWindowManagerService
05-04 09:37:21.049 11394 11394 I SystemServiceManager: Starting phase 200
05-04 09:37:21.049 11394 11394 I SystemServerTiming: OnBootPhase_200
05-04 09:37:21.049 11394 11394 I SystemServerTiming: OnBootPhase_200_com.android.server.security.FileIntegrityService
05-04 09:37:21.049 11394 11394 I SystemServerTiming: OnBootPhase_200_com.android.server.pm.Installer
05-04 09:37:21.049 11394 11394 I SystemServerTiming: OnBootPhase_200_com.android.server.os.DeviceIdentifiersPolicyService
05-04 09:37:21.049 11394 11394 I SystemServerTiming: OnBootPhase_200_com.android.server.uri.UriGrantsManagerService$Lifecycle
05-04 09:37:21.049 11394 11394 I SystemServerTiming: OnBootPhase_200_com.android.server.powerstats.PowerStatsService
05-04 09:37:21.049 11394 11394 I SystemServerTiming: OnBootPhase_200_com.android.server.wm.ActivityTaskManagerService$Lifecycle
05-04 09:37:21.049 11394 11394 I SystemServerTiming: OnBootPhase_200_com.android.server.am.ActivityManagerService$Lifecycle
05-04 09:37:21.049 11394 11394 I SystemServerTiming: OnBootPhase_200_com.android.server.pm.DataLoaderManagerService
05-04 09:37:21.049 11394 11394 I SystemServerTiming: OnBootPhase_200_com.android.server.power.PowerManagerService
05-04 09:37:21.049 11394 11394 I SystemServerTiming: OnBootPhase_200_com.android.server.power.ThermalManagerService
05-04 09:37:21.049 11394 11394 I SystemServerTiming: OnBootPhase_200_com.android.server.power.hint.HintManagerService
05-04 09:37:21.049 11394 11394 I SystemServerTiming: OnBootPhase_200_com.android.server.recoverysystem.RecoverySystemService$Lifecycle
05-04 09:37:21.049 11394 11394 I SystemServerTiming: OnBootPhase_200_com.android.server.lights.LightsService
05-04 09:37:21.049 11394 11394 I SystemServerTiming: OnBootPhase_200_com.android.server.display.DisplayManagerService
05-04 09:37:21.049 11394 11394 I SystemServerTiming: OnBootPhase_200_com.android.server.pm.verify.domain.DomainVerificationService
05-04 09:37:21.049 11394 11394 I SystemServerTiming: OnBootPhase_200_com.android.server.pm.PackageInstallerService$Lifecycle
05-04 09:37:21.049 11394 11394 I SystemServerTiming: OnBootPhase_200_com.android.server.pm.UserManagerService$LifeCycle
05-04 09:37:21.049 11394 11394 I SystemServerTiming: OnBootPhase_200_com.android.server.om.OverlayManagerService
05-04 09:37:21.049 11394 11394 I SystemServerTiming: OnBootPhase_200_com.android.server.SensorPrivacyService
05-04 09:37:21.049 11394 11394 I SystemServerTiming: OnBootPhase_200_com.android.server.thunderperf.ThunderBoostPerfService
05-04 09:37:21.049 11394 11394 I SystemServerTiming: OnBootPhase_200_com.android.server.sensors.SensorService
05-04 09:37:21.049 11394 11394 I SystemServerTiming: OnBootPhase_200_com.android.server.SystemConfigService
05-04 09:37:21.049 11394 11394 I SystemServerTiming: OnBootPhase_200_com.android.server.BatteryService
05-04 09:37:21.049 11394 11394 I SystemServerTiming: OnBootPhase_200_com.android.server.usage.UsageStatsService
05-04 09:37:21.049 11394 11394 I SystemServerTiming: OnBootPhase_200_com.android.server.webkit.WebViewUpdateService
05-04 09:37:21.050 11394 11394 I SystemServerTiming: OnBootPhase_200_com.android.server.CachedDeviceStateService
05-04 09:37:21.050 11394 11394 I SystemServerTiming: OnBootPhase_200_com.android.server.BinderCallsStatsService$LifeCycle
05-04 09:37:21.050 11394 11394 I SystemServerTiming: OnBootPhase_200_com.android.server.LooperStatsService$Lifecycle
05-04 09:37:21.050 11394 11394 I SystemServerTiming: OnBootPhase_200_com.android.server.rollback.RollbackManagerService
05-04 09:37:21.050 11394 11394 I SystemServerTiming: OnBootPhase_200_com.android.server.os.NativeTombstoneManagerService
05-04 09:37:21.050 11394 11394 I SystemServerTiming: OnBootPhase_200_com.android.server.os.BugreportManagerService
05-04 09:37:21.050 11394 11394 I SystemServerTiming: OnBootPhase_200_com.android.server.gpu.GpuService
05-04 09:37:21.050 11394 11394 I SystemServerTiming: OnBootPhase_200_com.android.server.security.KeyChainSystemService
05-04 09:37:21.050 11394 11394 I SystemServerTiming: OnBootPhase_200_com.android.server.telecom.TelecomLoaderService
05-04 09:37:21.050 11394 11394 I SystemServerTiming: OnBootPhase_200_com.android.server.accounts.AccountManagerService$Lifecycle
05-04 09:37:21.050 11394 11394 I SystemServerTiming: OnBootPhase_200_com.android.server.content.ContentService$Lifecycle
05-04 09:37:21.050 11394 11394 I SystemServerTiming: OnBootPhase_200_com.android.server.DropBoxManagerService
05-04 09:37:21.050 11394 11394 I SystemServerTiming: OnBootPhase_200_com.android.role.RoleService
05-04 09:37:21.050 11394 11394 I SystemServerTiming: OnBootPhase_200_com.android.server.vibrator.VibratorManagerService$Lifecycle
05-04 09:37:21.050 11394 11394 I SystemServerTiming: OnBootPhase_200_com.android.server.alarm.AlarmManagerService
05-04 09:37:21.050 11394 11394 I SystemServerTiming: OnBootPhase_200_com.android.server.devicestate.DeviceStateManagerService
05-04 09:37:21.050 11394 11394 I SystemServerTiming: OnBootPhase_200_com.android.server.camera.CameraServiceProxy
05-04 09:37:21.050 11394 11394 I WindowManager: No existing display settings, starting empty
05-04 09:37:21.050 11394 11394 I WindowManager: No existing display settings, starting empty
05-04 09:37:21.057 11394 11394 I SystemServerTiming: SetWindowManagerService
05-04 09:37:21.070 11394 11394 I ActivityTaskManager: Loaded persisted task ids for user 0
05-04 09:37:21.071 11394 11394 I wm_task_created: [1,-1]
05-04 09:37:21.071 11394 11394 I SystemServerTiming: WindowManagerServiceOnInitReady
05-04 09:37:21.076 11394 11414 I sysui_multi_action: [757,1594,758,4,759,0,806,NULL]
05-04 09:37:21.078 11394 11394 I SystemServerTiming: StartInputManager
05-04 09:37:21.078 11394 11394 I InputManager: Starting input manager
05-04 09:37:21.078 11394 11526 I SystemServerTimingAsync: InitThreadPoolExec:StartHidlServices
05-04 09:37:21.078 11394 11526 D SystemServerInitThreadPool: Started executing StartHidlServices
05-04 09:37:21.078 11394 11526 I SystemServerTimingAsync: StartHidlServices
05-04 09:37:21.080 11394 11394 I SystemServerTiming: DisplayManagerWindowManagerAndInputReady
05-04 09:37:21.080 11394 11394 I SystemServerTiming: StartBluetoothService
05-04 09:37:21.080 11394 11394 I SystemServiceManager: Starting com.android.server.BluetoothService
05-04 09:37:21.080 11394 11414 I LogicalDisplayMapper: Requesting Transition to state: 0
05-04 09:37:21.080 11394 11414 I LogicalDisplayMapper: Applying layout: [{addr: {port=129, model=0x40446d3026322d}, dispId: 0(ON)}], Previous layout: [{addr: {port=129, model=0x40446d3026322d}, dispId: 0(ON)}]
05-04 09:37:21.080 11394 11394 D BluetoothManagerService: Loading stored name and address
05-04 09:37:21.081 11394 11394 D BluetoothManagerService: Stored bluetooth Name=高合娱乐副屏,Address=F0:74:E4:3A:18:81
05-04 09:37:21.081 11394 11394 D BluetoothManagerService: Bluetooth persisted state: 1
05-04 09:37:21.081 11394 11394 D BluetoothManagerService: Startup: Bluetooth persisted state is ON.
05-04 09:37:21.081 11394 11394 D BluetoothManagerService: Detected SystemUiUid: 10079
05-04 09:37:21.081 11394 11394 I SystemServerTiming: IpConnectivityMetrics
05-04 09:37:21.081 11394 11394 I SystemServiceManager: Starting com.android.server.connectivity.IpConnectivityMetrics
05-04 09:37:21.081 11394 11394 I SystemServerTiming: NetworkWatchlistService
05-04 09:37:21.081 11394 11394 I SystemServiceManager: Starting com.android.server.net.watchlist.NetworkWatchlistService$Lifecycle
05-04 09:37:21.082 11394 11526 D SystemServerInitThreadPool: Finished executing StartHidlServices
05-04 09:37:21.082 11394 11394 I WatchlistSettings: Reload watchlist settings done
05-04 09:37:21.083 11394 11530 I WatchlistLoggingHandler: No need to aggregate record yet.
05-04 09:37:21.083 11394 11530 I WatchlistLoggingHandler: Milliseconds spent on tryAggregateRecords(): 0
05-04 09:37:21.083 11394 11394 I SystemServerTiming: PinnerService
05-04 09:37:21.083 11394 11394 I SystemServiceManager: Starting com.android.server.PinnerService
05-04 09:37:21.083 11394 11394 V HistoricalRegistry: Interaction before persistence initialized
05-04 09:37:21.084 11394 11394 I SystemServerTiming: IorapForwardingService
05-04 09:37:21.084 11394 11394 I SystemServiceManager: Starting com.google.android.startop.iorap.IorapForwardingService
05-04 09:37:21.084 11394 11420 D PinnerService: pinRangeStream: null
05-04 09:37:21.087 11394 11394 W BackgroundDexOptService: SysProp pm.dexopt.downgrade_after_inactive_days not set
05-04 09:37:21.087 1172 2767 W iorapd : IIorap::setTaskListener: already had a task listener set
05-04 09:37:21.087 11394 11394 I SystemServiceManager: Starting com.android.server.ActivityTriggerService
05-04 09:37:21.087 11394 11394 I ActivityTriggerService: Starting ActivityTriggerService
05-04 09:37:21.088 11394 11420 D PinnerService: pinRangeStream: null
05-04 09:37:21.089 11394 11394 I SystemServerTiming: SignedConfigService
05-04 09:37:21.089 11394 11420 D PinnerService: pinRangeStream: null
05-04 09:37:21.089 11394 11394 I SystemServerTiming: AppIntegrityService
05-04 09:37:21.089 11394 11394 I SystemServiceManager: Starting com.android.server.integrity.AppIntegrityManagerService
05-04 09:37:21.089 11394 11420 D PinnerService: pinRangeStream: null
05-04 09:37:21.089 11394 11394 E IntegrityFileManager: Error creating staging and rules directory
05-04 09:37:21.088 11394 11394 I auditd : type=1400 audit(0.0:11406): avc: denied { read } for comm="InputReader" name="virtualkeys.cyttsp7_mt" dev="sysfs" ino=63140 scontext=u:r:system_server:s0 tcontext=u:object_r:sysfs:s0 tclass=file permissive=1
05-04 09:37:21.088 11394 11394 I auditd : type=1400 audit(0.0:11407): avc: denied { open } for comm="InputReader" path="/sys/board_properties/virtualkeys.cyttsp7_mt" dev="sysfs" ino=63140 scontext=u:r:system_server:s0 tcontext=u:object_r:sysfs:s0 tclass=file permissive=1
