05-11 11:09:22.124 558 558 D vold : Waiting for sdcardfs to spin up...
01-01 08:00:14.251 0 0 I : Adding 4194300k swap on /dev/block/zram0. Priority:32758 extents:1 across:4194300k SS
05-11 11:09:22.128 1497 2516 D TelephonyRegistry: listen oscl: mHasNotifySubscriptionInfoChangedOccurred==false no callback
01-01 08:00:14.259 0 0 I : sdcardfs version 2.0
01-01 08:00:14.259 0 0 I sdcardfs: dev_name -> /data/media
01-01 08:00:14.259 0 0 I sdcardfs: options -> fsuid=1023,fsgid=1023,multiuser,derive_gid,default_normal,unshared_obb,mask=6,userid=0,gid=1015
01-01 08:00:14.259 0 0 I sdcardfs: mnt -> 00000000732901ba
01-01 08:00:14.259 0 0 I sdcardfs: mounted on top of /data/media type f2fs
01-01 08:00:14.260 0 0 I : Remount options were mask=23,gid=9997 for vfsmnt 00000000c99c7681.
01-01 08:00:14.260 0 0 I sdcardfs: options - debug:1
01-01 08:00:14.260 0 0 I sdcardfs: options - gid:9997
01-01 08:00:14.260 0 0 I sdcardfs: options - mask:23
01-01 08:00:14.260 0 0 I : Remount options were mask=7,gid=9997 for vfsmnt 000000001249e91b.
01-01 08:00:14.260 0 0 I sdcardfs: options - debug:1
01-01 08:00:14.260 0 0 I sdcardfs: options - gid:9997
01-01 08:00:14.260 0 0 I sdcardfs: options - mask:7
05-11 11:09:22.138 2979 2979 W sdcard : Device explicitly enabled sdcardfs
01-01 08:00:14.264 0 0 I : Remount options were mask=7,gid=9997 for vfsmnt 000000004c287003.
01-01 08:00:14.264 0 0 I sdcardfs: options - debug:1
01-01 08:00:14.264 0 0 I sdcardfs: options - gid:9997
01-01 08:00:14.264 0 0 I sdcardfs: options - mask:7
05-11 11:09:22.146 1497 1825 I GameModeConfig: isGameModeOn = false
05-11 11:09:22.161 1497 1585 W Looper : Drained
01-01 08:00:14.289 0 0 E msm-dwc3 a600000.ssusb: Could not get usb psy
01-01 08:00:14.290 0 0 I android_work: did not send uevent (0 0 0000000000000000)
05-11 11:09:22.174 558 558 I vold : Mounting emulated fuse volume
01-01 08:00:14.343 0 0 W QSEECOM : qseecom_load_app: App with id 8 (fingerpr) now loaded
05-11 11:09:22.231 1497 1602 W SystemServiceManager: Service com.android.server.StorageManagerService$Lifecycle took 111 ms in onUnlockingUser-0
05-11 11:09:22.231 1497 1602 I SystemServerTimingAsync: ssm.onUnlockingUser-0_com.android.server.usage.StorageStatsService$Lifecycle
05-11 11:09:22.231 1497 1602 I SystemServerTimingAsync: ssm.onUnlockingUser-0_com.android.server.UiModeManagerService
05-11 11:09:22.231 1497 1602 I SystemServerTimingAsync: ssm.onUnlockingUser-0_com.android.server.locksettings.LockSettingsService$Lifecycle
05-11 11:09:22.231 1497 1602 I SystemServerTimingAsync: ssm.onUnlockingUser-0_com.android.server.PersistentDataBlockService
05-11 11:09:22.231 1497 1602 I SystemServerTimingAsync: ssm.onUnlockingUser-0_com.android.server.testharness.TestHarnessModeService
05-11 11:09:22.231 1497 1602 I SystemServerTimingAsync: ssm.onUnlockingUser-0_com.android.server.oemlock.OemLockService
05-11 11:09:22.231 1497 1602 I SystemServerTimingAsync: ssm.onUnlockingUser-0_com.android.server.DeviceIdleController
05-11 11:09:22.231 1497 1602 I SystemServerTimingAsync: ssm.onUnlockingUser-0_com.android.server.devicepolicy.DevicePolicyManagerService$Lifecycle
05-11 11:09:22.231 1497 1602 I SystemServerTimingAsync: ssm.onUnlockingUser-0_com.android.server.texttospeech.TextToSpeechManagerService
05-11 11:09:22.231 1497 1602 I SystemServerTimingAsync: ssm.onUnlockingUser-0_com.android.server.speech.SpeechRecognitionManagerService
05-11 11:09:22.232 1497 1602 I SystemServerTimingAsync: ssm.onUnlockingUser-0_com.android.server.searchui.SearchUiManagerService
05-11 11:09:22.232 1497 1602 I SystemServerTimingAsync: ssm.onUnlockingUser-0_com.android.server.smartspace.SmartspaceManagerService
05-11 11:09:22.232 1497 1602 I SystemServerTimingAsync: ssm.onUnlockingUser-0_com.android.server.graphics.fonts.FontManagerService$Lifecycle
05-11 11:09:22.232 1497 1602 I SystemServerTimingAsync: ssm.onUnlockingUser-0_com.android.server.textservices.TextServicesManagerService$Lifecycle
05-11 11:09:22.236 1497 1602 I SystemServerTimingAsync: ssm.onUnlockingUser-0_com.android.server.textclassifier.TextClassificationManagerService$Lifecycle
05-11 11:09:22.236 1497 1602 I SystemServerTimingAsync: ssm.onUnlockingUser-0_com.android.server.NetworkScoreService$Lifecycle
05-11 11:09:22.236 1497 1602 I SystemServerTimingAsync: ssm.onUnlockingUser-0_com.android.server.wifi.WifiService
05-11 11:09:22.236 1497 1602 I SystemServerTimingAsync: ssm.onUnlockingUser-0_com.android.server.wifi.scanner.WifiScanningService
05-11 11:09:22.236 1497 1602 I SystemServerTimingAsync: ssm.onUnlockingUser-0_com.android.server.wifi.rtt.RttService
05-11 11:09:22.236 1497 1602 I SystemServerTimingAsync: ssm.onUnlockingUser-0_com.android.server.wifi.aware.WifiAwareService
05-11 11:09:22.236 1497 1602 I SystemServerTimingAsync: ssm.onUnlockingUser-0_com.android.server.wifi.p2p.WifiP2pService
05-11 11:09:22.236 1497 1602 I SystemServerTimingAsync: ssm.onUnlockingUser-0_com.android.server.ethernet.EthernetService
05-11 11:09:22.236 1497 1602 I SystemServerTimingAsync: ssm.onUnlockingUser-0_com.android.server.ConnectivityServiceInitializer
05-11 11:09:22.236 1497 1602 I SystemServerTimingAsync: ssm.onUnlockingUser-0_com.android.server.notification.NotificationManagerService
05-11 11:09:22.236 1497 1602 I SystemServerTimingAsync: ssm.onUnlockingUser-0_com.android.server.storage.DeviceStorageMonitorService
05-11 11:09:22.236 1497 1602 I SystemServerTimingAsync: ssm.onUnlockingUser-0_com.android.server.location.LocationManagerService$Lifecycle
05-11 11:09:22.236 1497 1602 I SystemServerTimingAsync: ssm.onUnlockingUser-0_com.android.server.timedetector.TimeDetectorService$Lifecycle
05-11 11:09:22.236 1497 1602 I SystemServerTimingAsync: ssm.onUnlockingUser-0_com.android.server.timezonedetector.TimeZoneDetectorService$Lifecycle
05-11 11:09:22.236 1497 1602 I SystemServerTimingAsync: ssm.onUnlockingUser-0_com.android.server.timezonedetector.location.LocationTimeZoneManagerService$Lifecycle
05-11 11:09:22.236 1497 1602 I SystemServerTimingAsync: ssm.onUnlockingUser-0_com.android.server.search.SearchManagerService$Lifecycle
05-11 11:09:22.237 1497 1602 I SystemServerTimingAsync: ssm.onUnlockingUser-0_com.android.server.wallpaper.WallpaperManagerService$Lifecycle
05-11 11:09:22.237 1497 1602 I WallpaperManagerService: on-unlock-user-0
05-11 11:09:22.237 1497 1602 I SystemServerTimingAsync: ssm.onUnlockingUser-0_com.android.server.audio.AudioService$Lifecycle
05-11 11:09:22.237 1497 1602 I SystemServerTimingAsync: ssm.onUnlockingUser-0_com.android.server.soundtrigger_middleware.SoundTriggerMiddlewareService$Lifecycle
05-11 11:09:22.237 1497 1602 I SystemServerTimingAsync: ssm.onUnlockingUser-0_com.android.server.DockObserver
05-11 11:09:22.237 1497 1602 I SystemServerTimingAsync: ssm.onUnlockingUser-0_com.android.server.midi.MidiService$Lifecycle
05-11 11:09:22.237 1497 1602 I SystemServerTimingAsync: ssm.onUnlockingUser-0_com.android.server.adb.AdbService$Lifecycle
05-11 11:09:22.237 1497 1602 I SystemServerTimingAsync: ssm.onUnlockingUser-0_com.android.server.usb.UsbService$Lifecycle
05-11 11:09:22.238 1497 1602 I SystemServerTimingAsync: ssm.onUnlockingUser-0_com.android.server.twilight.TwilightService
05-11 11:09:22.238 1497 1602 I SystemServerTimingAsync: ssm.onUnlockingUser-0_com.android.server.display.color.ColorDisplayService
05-11 11:09:22.238 1497 1602 I SystemServerTimingAsync: ssm.onUnlockingUser-0_com.android.server.job.JobSchedulerService
05-11 11:09:22.238 1497 1602 I SystemServerTimingAsync: ssm.onUnlockingUser-0_com.android.server.soundtrigger.SoundTriggerService
05-11 11:09:22.238 1497 1602 I SystemServerTimingAsync: ssm.onUnlockingUser-0_com.android.server.trust.TrustManagerService
05-11 11:09:22.238 1497 1602 I SystemServerTimingAsync: ssm.onUnlockingUser-0_com.android.server.backup.BackupManagerService$Lifecycle
05-11 11:09:22.238 1497 1602 I SystemServerTimingAsync: ssm.onUnlockingUser-0_com.android.server.appwidget.AppWidgetService
05-11 11:09:22.238 1497 1602 I SystemServerTimingAsync: ssm.onUnlockingUser-0_com.android.server.voiceinteraction.VoiceInteractionManagerService
05-11 11:09:22.238 1497 1602 W VoiceInteractionManager: no available voice recognition services found for user 0
05-11 11:09:22.239 1497 1602 I SystemServerTimingAsync: ssm.onUnlockingUser-0_com.android.server.apphibernation.AppHibernationService
05-11 11:09:22.239 1497 2757 I HibernationStateDiskStore: No hibernation file on disk for file /data/system_ce/0/hibernation/states
05-11 11:09:22.239 1497 1602 I SystemServerTimingAsync: ssm.onUnlockingUser-0_com.android.server.SensorNotificationService
05-11 11:09:22.240 1497 1602 I SystemServerTimingAsync: ssm.onUnlockingUser-0_com.android.server.emergency.EmergencyAffordanceService
05-11 11:09:22.240 1497 1602 I SystemServerTimingAsync: ssm.onUnlockingUser-0_com.android.server.blob.BlobStoreManagerService
05-11 11:09:22.240 1497 1602 I SystemServerTimingAsync: ssm.onUnlockingUser-0_com.android.server.dreams.DreamManagerService
05-11 11:09:22.240 1497 1602 I SystemServerTimingAsync: ssm.onUnlockingUser-0_com.android.server.companion.CompanionDeviceManagerService
05-11 11:09:22.240 1497 1602 I SystemServerTimingAsync: ssm.onUnlockingUser-0_com.android.server.restrictions.RestrictionsManagerService
05-11 11:09:22.240 1497 1602 I SystemServerTimingAsync: ssm.onUnlockingUser-0_com.android.server.media.MediaSessionService
05-11 11:09:22.240 1497 1602 I SystemServerTimingAsync: ssm.onUnlockingUser-0_com.android.server.media.MediaResourceMonitorService
05-11 11:09:22.240 1497 1602 I SystemServerTimingAsync: ssm.onUnlockingUser-0_com.android.server.biometrics.sensors.fingerprint.FingerprintService
05-11 11:09:22.241 1497 1602 I SystemServerTimingAsync: ssm.onUnlockingUser-0_com.android.server.biometrics.BiometricService
05-11 11:09:22.241 1497 1602 I SystemServerTimingAsync: ssm.onUnlockingUser-0_com.android.server.biometrics.AuthService
05-11 11:09:22.241 1497 1602 I SystemServerTimingAsync: ssm.onUnlockingUser-0_com.android.server.pm.ShortcutService$Lifecycle
05-11 11:09:22.241 1497 1602 I SystemServerTimingAsync: ssm.onUnlockingUser-0_com.android.server.pm.LauncherAppsService
05-11 11:09:22.241 1497 1602 I SystemServerTimingAsync: ssm.onUnlockingUser-0_com.android.server.pm.CrossProfileAppsService
05-11 11:09:22.241 1497 1602 I SystemServerTimingAsync: ssm.onUnlockingUser-0_com.android.server.people.PeopleService
05-11 11:09:22.241 1497 1602 I SystemServerTimingAsync: ssm.onUnlockingUser-0_com.android.server.media.metrics.MediaMetricsManagerService
05-11 11:09:22.241 1497 1602 I SystemServerTimingAsync: ssm.onUnlockingUser-0_com.android.server.media.projection.MediaProjectionManagerService
05-11 11:09:22.241 1497 1602 I SystemServerTimingAsync: ssm.onUnlockingUser-0_com.android.server.slice.SliceManagerService$Lifecycle
05-11 11:09:22.241 1497 1602 I SystemServerTimingAsync: ssm.onUnlockingUser-0_com.android.server.stats.StatsCompanion$Lifecycle
05-11 11:09:22.241 1497 1602 I SystemServerTimingAsync: ssm.onUnlockingUser-0_com.android.server.scheduling.RebootReadinessManagerService$Lifecycle
05-11 11:09:22.241 1497 1602 I SystemServerTimingAsync: ssm.onUnlockingUser-0_com.android.server.stats.pull.StatsPullAtomService
05-11 11:09:22.241 1497 1602 I SystemServerTimingAsync: ssm.onUnlockingUser-0_com.android.server.incident.IncidentCompanionService
05-11 11:09:22.241 1497 1602 I SystemServerTimingAsync: ssm.onUnlockingUser-0_com.android.server.MmsServiceBroker
05-11 11:09:22.241 1497 1602 I SystemServerTimingAsync: ssm.onUnlockingUser-0_com.android.server.autofill.AutofillManagerService
05-11 11:09:22.241 1497 1586 D AutofillUI: destroySaveUiUiThread(): already destroyed
05-11 11:09:22.241 1497 1846 I BackupManagerService: Starting service for user: 0
05-11 11:09:22.241 1497 1602 D AutofillManagerServiceImpl: Reset component for user 0:
05-11 11:09:22.241 1497 1846 V BackupManagerService: [UserID:0] Starting with transport com.android.localtransport/.LocalTransport
05-11 11:09:22.241 1497 1602 D FieldClassificationStrategy: reset(): service is not bound. Do nothing.
05-11 11:09:22.241 1497 1602 I SystemServerTimingAsync: ssm.onUnlockingUser-0_com.android.server.clipboard.ClipboardService
05-11 11:09:22.241 1497 1602 I SystemServerTimingAsync: ssm.onUnlockingUser-0_com.android.server.appbinding.AppBindingService$Lifecycle
05-11 11:09:22.241 1497 1602 W AppBindingService: [Default SMS app] u0 Target package not found
05-11 11:09:22.241 1497 1602 I SystemServerTimingAsync: ssm.onUnlockingUser-0_com.android.server.tracing.TracingServiceProxy
05-11 11:09:22.241 1497 1602 I SystemServerTimingAsync: ssm.onUnlockingUser-0_com.android.server.policy.PermissionPolicyService
05-11 11:09:22.241 1497 1602 I SystemServerTimingAsync: ssm.onUnlockingUser-0_com.android.server.pm.StagingManager$Lifecycle
05-11 11:09:22.241 1497 1602 I SystemServerTimingAsync: ssm.onUnlockingUser-0_com.android.server.app.GameManagerService$Lifecycle
05-11 11:09:22.241 1497 1602 I SystemServerTimingAsync: ssm.onUnlockingUser-0_com.android.server.appsearch.AppSearchManagerService
05-11 11:09:22.242 1497 1602 I SystemServerTimingAsync: ssm.onUnlockingUser-0_com.android.server.media.MediaCommunicationService
05-11 11:09:22.242 1497 1846 D BackupManagerService: [UserID:0] Started thread backup-0
05-11 11:09:22.242 1497 1585 I ActivityTaskManager: Loading recents for user 0 into memory.
05-11 11:09:22.242 1497 1602 W ActivityManager: UserLifecycleEvent 5 received without an active userJourneySession.
05-11 11:09:22.242 1497 1602 W ActivityManager: UserLifecycleEvent 6 received without an active userJourneySession.
05-11 11:09:22.242 1497 1602 I uc_finish_user_unlocked: 0
05-11 11:09:22.242 1497 1602 I ActivityManager: User 0 state changed from RUNNING_UNLOCKING to RUNNING_UNLOCKED
05-11 11:09:22.242 1497 1602 I am_user_state_changed: [0,3]
05-11 11:09:22.244 1497 1602 D SystemServerTiming: SystemUserUnlock took to complete: 436ms
05-11 11:09:22.245 1497 1585 I wm_task_created: [283,-1]
05-11 11:09:22.245 1497 1585 I wm_task_created: [266,-1]
05-11 11:09:22.246 1497 1585 I wm_task_created: [263,-1]
05-11 11:09:22.247 1497 1585 I wm_task_created: [275,-1]
05-11 11:09:22.247 1497 1585 I wm_task_created: [273,-1]
05-11 11:09:22.248 1497 1585 I wm_task_created: [276,-1]
05-11 11:09:22.248 1887 1887 I liblog : 1
05-11 11:09:22.248 1887 1887 I liblog : 1
05-11 11:09:22.248 1887 1887 I liblog : 1
05-11 11:09:22.248 1887 1887 I liblog : 2
05-11 11:09:22.248 1887 1887 I liblog : 1
05-11 11:09:22.248 1887 1887 I liblog : 2
05-11 11:09:22.248 1887 1887 I liblog : 1
05-11 11:09:22.248 1887 1887 I liblog : 1
05-11 11:09:22.248 1887 1887 I liblog : 1
05-11 11:09:22.248 1887 1887 I liblog : 2
05-11 11:09:22.248 1887 1887 I liblog : 2
05-11 11:09:22.248 1497 1585 I wm_task_created: [277,-1]
05-11 11:09:22.248 1887 1887 I liblog : 1
05-11 11:09:22.248 1887 1887 I liblog : 1
05-11 11:09:22.248 1887 1887 I liblog : 1
05-11 11:09:22.248 1887 1887 I liblog : 2
05-11 11:09:22.248 1887 1887 I liblog : 2
05-11 11:09:22.248 1887 1887 I liblog : 1
05-11 11:09:22.248 1887 1887 I liblog : 1
05-11 11:09:22.248 1887 1887 I liblog : 1
05-11 11:09:22.248 1887 1887 I liblog : 1
05-11 11:09:22.248 1887 1887 I liblog : 1
05-11 11:09:22.248 1887 1887 I liblog : 2
05-11 11:09:22.248 1887 1887 I liblog : 1
05-11 11:09:22.248 1887 1887 I liblog : 1
05-11 11:09:22.248 1887 1887 I liblog : 1
05-11 11:09:22.248 1887 1887 I liblog : 1
05-11 11:09:22.248 1887 1887 I liblog : 1
05-11 11:09:22.248 1887 1887 I liblog : 1
05-11 11:09:22.248 1887 1887 I liblog : 1
05-11 11:09:22.248 1887 1887 I liblog : 2
05-11 11:09:22.248 1887 1887 I liblog : 1
05-11 11:09:22.248 1887 1887 I liblog : 2
05-11 11:09:22.248 1887 1887 I liblog : 1
05-11 11:09:22.248 1887 1887 I liblog : 4
05-11 11:09:22.248 1887 1887 I liblog : 2
05-11 11:09:22.248 1887 1887 I liblog : 1
05-11 11:09:22.248 1887 1887 I liblog : 2
05-11 11:09:22.248 1887 1887 I liblog : 1
05-11 11:09:22.248 1887 1887 I liblog : 1
05-11 11:09:22.248 1887 1887 I liblog : 2
05-11 11:09:22.248 1887 1887 I liblog : 1
05-11 11:09:22.248 1887 1887 I liblog : 1
05-11 11:09:22.248 1887 1887 I liblog : 1
05-11 11:09:22.248 1887 1887 I liblog : 2
05-11 11:09:22.248 1887 1887 I liblog : 3
05-11 11:09:22.248 1887 1887 I liblog : 2
05-11 11:09:22.248 1887 1887 I liblog : 1
05-11 11:09:22.249 1887 1887 I liblog : 3
05-11 11:09:22.249 1887 1887 I liblog : 2
05-11 11:09:22.249 1887 1887 I liblog : 1
05-11 11:09:22.249 1887 1887 I liblog : 2
05-11 11:09:22.249 1887 1887 I liblog : 1
05-11 11:09:22.249 1887 1887 I liblog : 1
05-11 11:09:22.249 1887 1887 I liblog : 1
05-11 11:09:22.249 1887 1887 I liblog : 1
05-11 11:09:22.249 1887 1887 I liblog : 1
05-11 11:09:22.249 1887 1887 I liblog : 1
05-11 11:09:22.249 1887 1887 I liblog : 1
05-11 11:09:22.249 1887 1887 I liblog : 1
05-11 11:09:22.249 1887 1887 I liblog : 1
05-11 11:09:22.249 1887 1887 I liblog : 1
05-11 11:09:22.249 1887 1887 I liblog : 1
05-11 11:09:22.249 1887 1887 I liblog : 1
05-11 11:09:22.249 1887 1887 I liblog : 1
05-11 11:09:22.249 1887 1887 I liblog : 2
05-11 11:09:22.249 1887 1887 I liblog : 1
05-11 11:09:22.249 1887 1887 I liblog : 1
05-11 11:09:22.249 1887 1887 I liblog : 2
05-11 11:09:22.249 1887 1887 I liblog : 1
05-11 11:09:22.249 1887 1887 I liblog : 2
05-11 11:09:22.249 1887 1887 I liblog : 1
05-11 11:09:22.249 1887 1887 I liblog : 2
05-11 11:09:22.249 1887 1887 I liblog : 2
05-11 11:09:22.249 1497 1585 I wm_task_created: [278,-1]
05-11 11:09:22.249 1887 1887 I liblog : 1
05-11 11:09:22.249 1887 1887 I liblog : 1
05-11 11:09:22.249 1887 1887 I liblog : 2
05-11 11:09:22.249 1887 1887 I liblog : 1
05-11 11:09:22.249 1887 1887 I liblog : 1
05-11 11:09:22.249 1887 1887 I liblog : 2
05-11 11:09:22.249 1887 1887 I liblog : 1
05-11 11:09:22.249 1887 1887 I liblog : 1
05-11 11:09:22.249 1887 1887 I liblog : 1
05-11 11:09:22.249 1887 1887 I liblog : 2
05-11 11:09:22.249 1887 1887 I liblog : 2
05-11 11:09:22.249 1887 1887 I liblog : 1
05-11 11:09:22.249 1887 1887 I liblog : 1
05-11 11:09:22.249 1887 1887 I liblog : 2
05-11 11:09:22.249 1887 1887 I liblog : 1
05-11 11:09:22.249 1887 1887 I liblog : 1
05-11 11:09:22.249 1887 1887 I liblog : 1
05-11 11:09:22.249 1887 1887 I liblog : 1
05-11 11:09:22.249 1887 1887 I liblog : 1
05-11 11:09:22.249 1887 1887 I liblog : 2
05-11 11:09:22.249 1887 1887 I liblog : 1
05-11 11:09:22.249 1887 1887 I liblog : 1
05-11 11:09:22.249 1887 1887 I liblog : 1
05-11 11:09:22.249 1887 1887 I liblog : 1
05-11 11:09:22.249 1887 1887 I liblog : 2
05-11 11:09:22.249 1887 1887 I liblog : 1
05-11 11:09:22.249 1887 1887 I liblog : 1
05-11 11:09:22.249 1887 1887 I liblog : 2
05-11 11:09:22.249 1887 1887 I liblog : 1
05-11 11:09:22.249 1887 1887 I liblog : 2
05-11 11:09:22.249 1887 1887 I liblog : 1
05-11 11:09:22.249 1887 1887 I liblog : 1
05-11 11:09:22.249 1887 1887 I liblog : 2
05-11 11:09:22.249 1887 1887 I liblog : 2
05-11 11:09:22.249 1887 1887 I liblog : 1
05-11 11:09:22.249 1887 1887 I liblog : 1
05-11 11:09:22.249 1887 1887 I liblog : 1
05-11 11:09:22.249 1887 1887 I liblog : 2
05-11 11:09:22.249 1887 1887 I liblog : 2
05-11 11:09:22.249 1887 1887 I liblog : 1
05-11 11:09:22.249 1887 1887 I liblog : 1
05-11 11:09:22.249 1887 1887 I liblog : 1
05-11 11:09:22.249 1887 1887 I liblog : 2
05-11 11:09:22.249 1887 1887 I liblog : 2
05-11 11:09:22.249 1887 1887 I liblog : 1
05-11 11:09:22.249 1887 1887 I liblog : 1
05-11 11:09:22.249 1887 1887 I liblog : 3
05-11 11:09:22.249 1887 1887 I liblog : 1
05-11 11:09:22.249 1887 1887 I liblog : 1
05-11 11:09:22.249 1887 1887 I liblog : 1
05-11 11:09:22.249 1887 1887 I liblog : 2
05-11 11:09:22.249 1887 1887 I liblog : 1
05-11 11:09:22.249 1887 1887 I liblog : 2
05-11 11:09:22.249 1887 1887 I liblog : 1
05-11 11:09:22.249 1887 1887 I liblog : 1
05-11 11:09:22.249 1887 1887 I liblog : 1
05-11 11:09:22.249 1887 1887 I liblog : 1
05-11 11:09:22.249 1887 1887 I liblog : 1
05-11 11:09:22.249 1887 1887 I liblog : 1
05-11 11:09:22.249 1887 1887 I liblog : 1
05-11 11:09:22.249 1887 1887 I liblog : 1
05-11 11:09:22.249 1887 1887 I liblog : 1
05-11 11:09:22.249 1887 1887 I liblog : 1
05-11 11:09:22.249 1887 1887 I liblog : 1
05-11 11:09:22.249 1887 1887 I liblog : 2
05-11 11:09:22.249 1887 1887 I liblog : 1
05-11 11:09:22.249 1887 1887 I liblog : 5
05-11 11:09:22.249 1887 1887 I liblog : 1
05-11 11:09:22.249 1887 1887 I liblog : 2
05-11 11:09:22.249 1887 1887 I liblog : 1
05-11 11:09:22.249 1887 1887 I liblog : 1
05-11 11:09:22.249 1887 1887 I liblog : 1
05-11 11:09:22.249 1887 1887 I liblog : 2
05-11 11:09:22.249 1887 1887 I liblog : 2
05-11 11:09:22.249 1887 1887 I liblog : 2
05-11 11:09:22.249 1887 1887 I liblog : 1
05-11 11:09:22.249 1887 1887 I liblog : 3
05-11 11:09:22.249 1887 1887 I liblog : 2
05-11 11:09:22.249 1887 1887 I liblog : 1
05-11 11:09:22.249 1887 1887 I liblog : 2
05-11 11:09:22.249 1887 1887 I liblog : 1
05-11 11:09:22.249 1887 1887 I liblog : 1
05-11 11:09:22.249 1887 1887 I liblog : 1
05-11 11:09:22.249 1497 1585 I wm_task_created: [279,-1]
05-11 11:09:22.249 1887 1887 I liblog : 1
05-11 11:09:22.250 1497 1585 I wm_task_created: [280,-1]
01-01 08:00:14.379 0 0 I android_work: sent uevent USB_STATE=CONNECTED
05-11 11:09:22.251 1497 1585 I wm_task_created: [281,-1]
05-11 11:09:22.251 1497 1585 I wm_task_created: [282,-1]
05-11 11:09:22.252 1497 1585 I wm_task_created: [284,-1]
05-11 11:09:22.252 1497 1585 V PackageConfigPersister: loadPackages: empty list files from /data/system_ce/0/package_configs
05-11 11:09:22.253 558 558 I vold : Bind mounting /mnt/runtime/full/emulated to /mnt/pass_through/0/emulated
05-11 11:09:22.254 1497 1602 I am_uid_running: 10081
05-11 11:09:22.254 1497 1804 I StorageSessionController: On volume mount VolumeInfo{emulated;0}:
05-11 11:09:22.254 1497 1804 I StorageSessionController: type=EMULATED diskId=null partGuid= mountFlags=PRIMARY|VISIBLE
05-11 11:09:22.254 1497 1804 I StorageSessionController: mountUserId=0 state=CHECKING
05-11 11:09:22.254 1497 1804 I StorageSessionController: fsType=null fsUuid=null fsLabel=null
05-11 11:09:22.254 1497 1804 I StorageSessionController: path=/storage/emulated internalPath=/data/media
05-11 11:09:22.254 1497 1602 D CompatibilityChangeReporter: Compat change id reported: 135634846; UID 10081; state: DISABLED
05-11 11:09:22.254 1497 1602 I am_uid_running: 10055
05-11 11:09:22.254 1497 1602 D CompatibilityChangeReporter: Compat change id reported: 135634846; UID 10055; state: DISABLED
05-11 11:09:22.254 1497 1602 D CompatibilityChangeReporter: Compat change id reported: 177438394; UID 10055; state: DISABLED
05-11 11:09:22.254 1497 1602 D CompatibilityChangeReporter: Compat change id reported: 135772972; UID 10055; state: DISABLED
05-11 11:09:22.255 1497 1602 D CompatibilityChangeReporter: Compat change id reported: 135754954; UID 10055; state: ENABLED
05-11 11:09:22.255 1497 1804 I StorageSessionController: Creating connection for user: 0
05-11 11:09:22.255 1497 1602 D CompatibilityChangeReporter: Compat change id reported: 135634846; UID 1000; state: DISABLED
05-11 11:09:22.255 1497 1602 D CompatibilityChangeReporter: Compat change id reported: 177438394; UID 1000; state: DISABLED
05-11 11:09:22.255 1497 1602 D CompatibilityChangeReporter: Compat change id reported: 135772972; UID 1000; state: DISABLED
05-11 11:09:22.255 1497 1602 D CompatibilityChangeReporter: Compat change id reported: 135754954; UID 1000; state: ENABLED
05-11 11:09:22.255 1497 1602 I am_uid_running: 10057
05-11 11:09:22.256 1497 1602 D CompatibilityChangeReporter: Compat change id reported: 135634846; UID 10057; state: DISABLED
05-11 11:09:22.256 1497 1602 D CompatibilityChangeReporter: Compat change id reported: 177438394; UID 10057; state: DISABLED
05-11 11:09:22.256 1497 1602 D CompatibilityChangeReporter: Compat change id reported: 135772972; UID 10057; state: DISABLED
05-11 11:09:22.256 1497 1602 D CompatibilityChangeReporter: Compat change id reported: 135754954; UID 10057; state: ENABLED
05-11 11:09:22.256 1497 1602 I am_uid_running: 10071
05-11 11:09:22.256 1497 1602 D CompatibilityChangeReporter: Compat change id reported: 135634846; UID 10071; state: DISABLED
05-11 11:09:22.256 1497 1602 D CompatibilityChangeReporter: Compat change id reported: 177438394; UID 10071; state: DISABLED
05-11 11:09:22.256 1497 1602 D CompatibilityChangeReporter: Compat change id reported: 135772972; UID 10071; state: DISABLED
05-11 11:09:22.256 1497 1602 D CompatibilityChangeReporter: Compat change id reported: 135754954; UID 10071; state: DISABLED
05-11 11:09:22.256 1497 1602 I am_uid_running: 10086
05-11 11:09:22.256 1497 1602 D CompatibilityChangeReporter: Compat change id reported: 135634846; UID 10086; state: DISABLED
05-11 11:09:22.256 1497 1602 D CompatibilityChangeReporter: Compat change id reported: 177438394; UID 10086; state: DISABLED
05-11 11:09:22.256 1497 1602 D CompatibilityChangeReporter: Compat change id reported: 135772972; UID 10086; state: DISABLED
05-11 11:09:22.256 1497 1804 I StorageSessionController: Creating and starting session with id: emulated;0
05-11 11:09:22.256 1497 1602 D CompatibilityChangeReporter: Compat change id reported: 135754954; UID 10086; state: ENABLED
05-11 11:09:22.257 1497 1602 I am_uid_running: 10083
05-11 11:09:22.257 1497 1602 D CompatibilityChangeReporter: Compat change id reported: 135634846; UID 10083; state: DISABLED
05-11 11:09:22.257 1497 1602 D CompatibilityChangeReporter: Compat change id reported: 177438394; UID 10083; state: DISABLED
05-11 11:09:22.257 1497 1804 I StorageUserConnection: Binding to the ExternalStorageService for user 0
05-11 11:09:22.257 1497 1602 D CompatibilityChangeReporter: Compat change id reported: 135772972; UID 10083; state: DISABLED
05-11 11:09:22.257 1497 1602 D CompatibilityChangeReporter: Compat change id reported: 135754954; UID 10083; state: ENABLED
05-11 11:09:22.258 1497 1603 D CompatibilityChangeReporter: Compat change id reported: 143937733; UID 10081; state: ENABLED
05-11 11:09:22.258 1497 1602 I uc_send_user_broadcast: [0,android.intent.action.USER_UNLOCKED]
05-11 11:09:22.258 1497 1602 I uc_finish_user_unlocked_completed: 0
05-11 11:09:22.258 1497 1602 I ActivityManager: Posting BOOT_COMPLETED user #0
05-11 11:09:22.259 1497 1602 I ssm_user_unlocked: 0
05-11 11:09:22.259 1497 1602 I SystemServerTimingAsync: ssm.UnlockedUser-0
05-11 11:09:22.259 1497 1602 I SystemServiceManager: Calling onUnlockedUser 0
05-11 11:09:22.259 1497 1602 I SystemServerTimingAsync: ssm.onUnlockedUser-0_com.android.server.security.FileIntegrityService
05-11 11:09:22.259 1497 1602 I SystemServerTimingAsync: ssm.onUnlockedUser-0_com.android.server.pm.Installer
05-11 11:09:22.259 1497 1602 I SystemServerTimingAsync: ssm.onUnlockedUser-0_com.android.server.os.DeviceIdentifiersPolicyService
05-11 11:09:22.259 1497 1602 I SystemServerTimingAsync: ssm.onUnlockedUser-0_com.android.server.uri.UriGrantsManagerService$Lifecycle
05-11 11:09:22.259 1497 1602 I SystemServerTimingAsync: ssm.onUnlockedUser-0_com.android.server.powerstats.PowerStatsService
05-11 11:09:22.259 1497 1602 I SystemServerTimingAsync: ssm.onUnlockedUser-0_com.android.server.wm.ActivityTaskManagerService$Lifecycle
05-11 11:09:22.263 1497 1602 I LaunchParamsPersister: Didn't find launch param folder for user 0
05-11 11:09:22.263 1497 1602 I SystemServerTimingAsync: ssm.onUnlockedUser-0_com.android.server.am.ActivityManagerService$Lifecycle
05-11 11:09:22.263 1497 1602 I SystemServerTimingAsync: ssm.onUnlockedUser-0_com.android.server.pm.DataLoaderManagerService
05-11 11:09:22.263 1497 1602 I SystemServerTimingAsync: ssm.onUnlockedUser-0_com.android.server.power.PowerManagerService
05-11 11:09:22.263 1497 1602 I SystemServerTimingAsync: ssm.onUnlockedUser-0_com.android.server.power.ThermalManagerService
05-11 11:09:22.263 1497 1602 I SystemServerTimingAsync: ssm.onUnlockedUser-0_com.android.server.power.hint.HintManagerService
05-11 11:09:22.263 1497 1602 I SystemServerTimingAsync: ssm.onUnlockedUser-0_com.android.server.recoverysystem.RecoverySystemService$Lifecycle
05-11 11:09:22.263 1497 1602 I SystemServerTimingAsync: ssm.onUnlockedUser-0_com.android.server.lights.LightsService
05-11 11:09:22.263 1497 1602 I SystemServerTimingAsync: ssm.onUnlockedUser-0_com.android.server.display.DisplayManagerService
05-11 11:09:22.263 1497 1602 I SystemServerTimingAsync: ssm.onUnlockedUser-0_com.android.server.pm.verify.domain.DomainVerificationService
05-11 11:09:22.263 1497 1602 I SystemServerTimingAsync: ssm.onUnlockedUser-0_com.android.server.pm.PackageInstallerService$Lifecycle
05-11 11:09:22.263 1497 1602 I SystemServerTimingAsync: ssm.onUnlockedUser-0_com.android.server.pm.UserManagerService$LifeCycle
05-11 11:09:22.263 1497 1602 I SystemServerTimingAsync: ssm.onUnlockedUser-0_com.android.server.om.OverlayManagerService
05-11 11:09:22.263 1497 1602 I SystemServerTimingAsync: ssm.onUnlockedUser-0_com.android.server.SensorPrivacyService
05-11 11:09:22.263 1497 1602 I SystemServerTimingAsync: ssm.onUnlockedUser-0_com.android.server.thunderperf.ThunderBoostPerfService
05-11 11:09:22.263 1497 1602 I SystemServerTimingAsync: ssm.onUnlockedUser-0_com.android.server.sensors.SensorService
05-11 11:09:22.263 1497 1602 I SystemServerTimingAsync: ssm.onUnlockedUser-0_com.android.server.SystemConfigService
05-11 11:09:22.263 1497 1602 I SystemServerTimingAsync: ssm.onUnlockedUser-0_com.android.server.BatteryService
05-11 11:09:22.263 1497 1602 I SystemServerTimingAsync: ssm.onUnlockedUser-0_com.android.server.usage.UsageStatsService
05-11 11:09:22.263 1497 1602 I SystemServerTimingAsync: ssm.onUnlockedUser-0_com.android.server.webkit.WebViewUpdateService
05-11 11:09:22.263 1497 1602 I SystemServerTimingAsync: ssm.onUnlockedUser-0_com.android.server.CachedDeviceStateService
05-11 11:09:22.263 1497 1602 I SystemServerTimingAsync: ssm.onUnlockedUser-0_com.android.server.BinderCallsStatsService$LifeCycle
05-11 11:09:22.263 1497 1602 I SystemServerTimingAsync: ssm.onUnlockedUser-0_com.android.server.LooperStatsService$Lifecycle
05-11 11:09:22.263 1497 1602 I SystemServerTimingAsync: ssm.onUnlockedUser-0_com.android.server.rollback.RollbackManagerService
05-11 11:09:22.263 1497 1602 I SystemServerTimingAsync: ssm.onUnlockedUser-0_com.android.server.os.NativeTombstoneManagerService
05-11 11:09:22.263 1497 1602 I SystemServerTimingAsync: ssm.onUnlockedUser-0_com.android.server.os.BugreportManagerService
05-11 11:09:22.263 1497 1602 I SystemServerTimingAsync: ssm.onUnlockedUser-0_com.android.server.gpu.GpuService
05-11 11:09:22.263 1497 1602 I SystemServerTimingAsync: ssm.onUnlockedUser-0_com.android.server.security.KeyChainSystemService
05-11 11:09:22.263 1497 1602 I SystemServerTimingAsync: ssm.onUnlockedUser-0_com.android.server.telecom.TelecomLoaderService
05-11 11:09:22.263 1497 1602 I SystemServerTimingAsync: ssm.onUnlockedUser-0_com.android.server.accounts.AccountManagerService$Lifecycle
05-11 11:09:22.263 1497 1602 I SystemServerTimingAsync: ssm.onUnlockedUser-0_com.android.server.content.ContentService$Lifecycle
05-11 11:09:22.263 1497 1602 I SystemServerTimingAsync: ssm.onUnlockedUser-0_com.android.server.DropBoxManagerService
05-11 11:09:22.263 1497 1602 I SystemServerTimingAsync: ssm.onUnlockedUser-0_com.android.role.RoleService
05-11 11:09:22.263 1497 1602 I SystemServerTimingAsync: ssm.onUnlockedUser-0_com.android.server.vibrator.VibratorManagerService$Lifecycle
05-11 11:09:22.263 1497 1602 I SystemServerTimingAsync: ssm.onUnlockedUser-0_com.android.server.alarm.AlarmManagerService
05-11 11:09:22.263 1497 1602 I SystemServerTimingAsync: ssm.onUnlockedUser-0_com.android.server.devicestate.DeviceStateManagerService
05-11 11:09:22.263 1497 1602 I SystemServerTimingAsync: ssm.onUnlockedUser-0_com.android.server.camera.CameraServiceProxy
05-11 11:09:22.263 1497 1602 I SystemServerTimingAsync: ssm.onUnlockedUser-0_com.android.server.BluetoothService
05-11 11:09:22.263 1497 1602 I SystemServerTimingAsync: ssm.onUnlockedUser-0_com.android.server.connectivity.IpConnectivityMetrics
05-11 11:09:22.263 1497 1602 I SystemServerTimingAsync: ssm.onUnlockedUser-0_com.android.server.net.watchlist.NetworkWatchlistService$Lifecycle
05-11 11:09:22.263 1497 1602 I SystemServerTimingAsync: ssm.onUnlockedUser-0_com.android.server.PinnerService
05-11 11:09:22.263 1497 1602 I SystemServerTimingAsync: ssm.onUnlockedUser-0_com.google.android.startop.iorap.IorapForwardingService
05-11 11:09:22.263 1497 1804 I am_uid_running: 10092
05-11 11:09:22.263 1497 1602 I SystemServerTimingAsync: ssm.onUnlockedUser-0_com.android.server.ActivityTriggerService
05-11 11:09:22.263 1497 1602 I SystemServerTimingAsync: ssm.onUnlockedUser-0_com.android.server.integrity.AppIntegrityManagerService
05-11 11:09:22.263 1497 1602 I SystemServerTimingAsync: ssm.onUnlockedUser-0_com.android.server.inputmethod.InputMethodManagerService$Lifecycle
05-11 11:09:22.263 1497 1602 I SystemServerTimingAsync: ssm.onUnlockedUser-0_com.android.server.accessibility.AccessibilityManagerService$Lifecycle
05-11 11:09:22.263 1497 1602 I SystemServerTimingAsync: ssm.onUnlockedUser-0_com.android.server.StorageManagerService$Lifecycle
05-11 11:09:22.263 1497 1602 I SystemServerTimingAsync: ssm.onUnlockedUser-0_com.android.server.usage.StorageStatsService$Lifecycle
05-11 11:09:22.263 1497 1602 I SystemServerTimingAsync: ssm.onUnlockedUser-0_com.android.server.UiModeManagerService
05-11 11:09:22.263 1497 1602 I SystemServerTimingAsync: ssm.onUnlockedUser-0_com.android.server.locksettings.LockSettingsService$Lifecycle
05-11 11:09:22.263 1497 1602 I SystemServerTimingAsync: ssm.onUnlockedUser-0_com.android.server.PersistentDataBlockService
05-11 11:09:22.263 1497 1602 I SystemServerTimingAsync: ssm.onUnlockedUser-0_com.android.server.testharness.TestHarnessModeService
05-11 11:09:22.263 1497 1602 I SystemServerTimingAsync: ssm.onUnlockedUser-0_com.android.server.oemlock.OemLockService
05-11 11:09:22.263 1497 1602 I SystemServerTimingAsync: ssm.onUnlockedUser-0_com.android.server.DeviceIdleController
05-11 11:09:22.263 1497 1602 I SystemServerTimingAsync: ssm.onUnlockedUser-0_com.android.server.devicepolicy.DevicePolicyManagerService$Lifecycle
05-11 11:09:22.263 1497 1602 I SystemServerTimingAsync: ssm.onUnlockedUser-0_com.android.server.texttospeech.TextToSpeechManagerService
05-11 11:09:22.263 1497 1602 I SystemServerTimingAsync: ssm.onUnlockedUser-0_com.android.server.speech.SpeechRecognitionManagerService
05-11 11:09:22.263 1497 1602 I SystemServerTimingAsync: ssm.onUnlockedUser-0_com.android.server.searchui.SearchUiManagerService
05-11 11:09:22.263 1497 1804 D CompatibilityChangeReporter: Compat change id reported: 135634846; UID 10092; state: DISABLED
05-11 11:09:22.264 1497 1804 D CompatibilityChangeReporter: Compat change id reported: 177438394; UID 10092; state: DISABLED
05-11 11:09:22.264 1497 1804 D CompatibilityChangeReporter: Compat change id reported: 135772972; UID 10092; state: DISABLED
05-11 11:09:22.264 1497 1804 D CompatibilityChangeReporter: Compat change id reported: 135754954; UID 10092; state: ENABLED
05-11 11:09:22.264 1497 2087 I wm_finish_activity: [0,169591724,7,com.android.settings/.FallbackHome,app-request]
05-11 11:09:22.265 1497 2087 I wm_pause_activity: [0,169591724,com.android.settings/.FallbackHome,userLeaving=false,finish]
05-11 11:09:22.266 1497 1804 I StorageUserConnection: Bound to the ExternalStorageService for user 0
05-11 11:09:22.266 1497 1602 I SystemServerTimingAsync: ssm.onUnlockedUser-0_com.android.server.smartspace.SmartspaceManagerService
05-11 11:09:22.266 1497 1602 I SystemServerTimingAsync: ssm.onUnlockedUser-0_com.android.server.graphics.fonts.FontManagerService$Lifecycle
05-11 11:09:22.266 1497 1602 I SystemServerTimingAsync: ssm.onUnlockedUser-0_com.android.server.textservices.TextServicesManagerService$Lifecycle
05-11 11:09:22.266 1497 1602 I SystemServerTimingAsync: ssm.onUnlockedUser-0_com.android.server.textclassifier.TextClassificationManagerService$Lifecycle
05-11 11:09:22.266 1497 1602 I SystemServerTimingAsync: ssm.onUnlockedUser-0_com.android.server.NetworkScoreService$Lifecycle
05-11 11:09:22.266 1497 1602 I SystemServerTimingAsync: ssm.onUnlockedUser-0_com.android.server.wifi.WifiService
05-11 11:09:22.266 1497 1602 I SystemServerTimingAsync: ssm.onUnlockedUser-0_com.android.server.wifi.scanner.WifiScanningService
05-11 11:09:22.266 1497 1602 I SystemServerTimingAsync: ssm.onUnlockedUser-0_com.android.server.wifi.rtt.RttService
05-11 11:09:22.266 1497 1602 I SystemServerTimingAsync: ssm.onUnlockedUser-0_com.android.server.wifi.aware.WifiAwareService
05-11 11:09:22.267 1497 1603 I am_proc_start: [0,3011,10081,com.hht.lebocast,added application,com.hht.lebocast]
05-11 11:09:22.267 1497 1603 I ActivityManager: Start proc 3011:com.hht.lebocast/u0a81 for added application com.hht.lebocast
05-11 11:09:22.267 1497 1602 I SystemServerTimingAsync: ssm.onUnlockedUser-0_com.android.server.wifi.p2p.WifiP2pService
05-11 11:09:22.267 1497 1602 I SystemServerTimingAsync: ssm.onUnlockedUser-0_com.android.server.ethernet.EthernetService
05-11 11:09:22.267 1497 1602 I SystemServerTimingAsync: ssm.onUnlockedUser-0_com.android.server.ConnectivityServiceInitializer
05-11 11:09:22.267 1497 1602 I SystemServerTimingAsync: ssm.onUnlockedUser-0_com.android.server.notification.NotificationManagerService
05-11 11:09:22.267 1497 1602 I SystemServerTimingAsync: ssm.onUnlockedUser-0_com.android.server.storage.DeviceStorageMonitorService
05-11 11:09:22.267 1497 1602 I SystemServerTimingAsync: ssm.onUnlockedUser-0_com.android.server.location.LocationManagerService$Lifecycle
05-11 11:09:22.267 1497 1602 I SystemServerTimingAsync: ssm.onUnlockedUser-0_com.android.server.timedetector.TimeDetectorService$Lifecycle
05-11 11:09:22.267 1497 1602 I SystemServerTimingAsync: ssm.onUnlockedUser-0_com.android.server.timezonedetector.TimeZoneDetectorService$Lifecycle
05-11 11:09:22.267 1497 1602 I SystemServerTimingAsync: ssm.onUnlockedUser-0_com.android.server.timezonedetector.location.LocationTimeZoneManagerService$Lifecycle
05-11 11:09:22.267 1497 1602 I SystemServerTimingAsync: ssm.onUnlockedUser-0_com.android.server.search.SearchManagerService$Lifecycle
05-11 11:09:22.267 1497 1602 I SystemServerTimingAsync: ssm.onUnlockedUser-0_com.android.server.wallpaper.WallpaperManagerService$Lifecycle
05-11 11:09:22.267 1497 1602 I SystemServerTimingAsync: ssm.onUnlockedUser-0_com.android.server.audio.AudioService$Lifecycle
05-11 11:09:22.267 1497 1602 I SystemServerTimingAsync: ssm.onUnlockedUser-0_com.android.server.soundtrigger_middleware.SoundTriggerMiddlewareService$Lifecycle
05-11 11:09:22.267 1497 1602 I SystemServerTimingAsync: ssm.onUnlockedUser-0_com.android.server.DockObserver
05-11 11:09:22.267 1497 1602 I SystemServerTimingAsync: ssm.onUnlockedUser-0_com.android.server.midi.MidiService$Lifecycle
05-11 11:09:22.267 1497 1602 I SystemServerTimingAsync: ssm.onUnlockedUser-0_com.android.server.adb.AdbService$Lifecycle
05-11 11:09:22.267 1497 1602 I SystemServerTimingAsync: ssm.onUnlockedUser-0_com.android.server.usb.UsbService$Lifecycle
05-11 11:09:22.267 1497 1602 I SystemServerTimingAsync: ssm.onUnlockedUser-0_com.android.server.twilight.TwilightService
05-11 11:09:22.267 1497 1602 I SystemServerTimingAsync: ssm.onUnlockedUser-0_com.android.server.display.color.ColorDisplayService
05-11 11:09:22.267 1497 1602 I SystemServerTimingAsync: ssm.onUnlockedUser-0_com.android.server.job.JobSchedulerService
05-11 11:09:22.267 1497 1602 I SystemServerTimingAsync: ssm.onUnlockedUser-0_com.android.server.soundtrigger.SoundTriggerService
05-11 11:09:22.267 1497 1602 I SystemServerTimingAsync: ssm.onUnlockedUser-0_com.android.server.trust.TrustManagerService
05-11 11:09:22.267 1497 1602 I SystemServerTimingAsync: ssm.onUnlockedUser-0_com.android.server.backup.BackupManagerService$Lifecycle
05-11 11:09:22.267 1497 1602 I SystemServerTimingAsync: ssm.onUnlockedUser-0_com.android.server.appwidget.AppWidgetService
05-11 11:09:22.267 1497 1602 I SystemServerTimingAsync: ssm.onUnlockedUser-0_com.android.server.voiceinteraction.VoiceInteractionManagerService
05-11 11:09:22.267 1497 1602 I SystemServerTimingAsync: ssm.onUnlockedUser-0_com.android.server.apphibernation.AppHibernationService
05-11 11:09:22.267 1497 1602 I SystemServerTimingAsync: ssm.onUnlockedUser-0_com.android.server.SensorNotificationService
05-11 11:09:22.267 1497 1602 I SystemServerTimingAsync: ssm.onUnlockedUser-0_com.android.server.emergency.EmergencyAffordanceService
05-11 11:09:22.267 1497 1602 I SystemServerTimingAsync: ssm.onUnlockedUser-0_com.android.server.blob.BlobStoreManagerService
05-11 11:09:22.267 1497 1602 I SystemServerTimingAsync: ssm.onUnlockedUser-0_com.android.server.dreams.DreamManagerService
05-11 11:09:22.267 1497 1602 I SystemServerTimingAsync: ssm.onUnlockedUser-0_com.android.server.companion.CompanionDeviceManagerService
05-11 11:09:22.267 1497 1602 I SystemServerTimingAsync: ssm.onUnlockedUser-0_com.android.server.restrictions.RestrictionsManagerService
05-11 11:09:22.267 1497 1602 I SystemServerTimingAsync: ssm.onUnlockedUser-0_com.android.server.media.MediaSessionService
05-11 11:09:22.267 1497 1602 I SystemServerTimingAsync: ssm.onUnlockedUser-0_com.android.server.media.MediaResourceMonitorService
05-11 11:09:22.267 1497 1602 I SystemServerTimingAsync: ssm.onUnlockedUser-0_com.android.server.biometrics.sensors.fingerprint.FingerprintService
05-11 11:09:22.267 1497 1602 I SystemServerTimingAsync: ssm.onUnlockedUser-0_com.android.server.biometrics.BiometricService
05-11 11:09:22.267 1497 1602 I SystemServerTimingAsync: ssm.onUnlockedUser-0_com.android.server.biometrics.AuthService
05-11 11:09:22.267 1497 1602 I SystemServerTimingAsync: ssm.onUnlockedUser-0_com.android.server.pm.ShortcutService$Lifecycle
05-11 11:09:22.267 1497 1602 I SystemServerTimingAsync: ssm.onUnlockedUser-0_com.android.server.pm.LauncherAppsService
05-11 11:09:22.267 1497 1602 I SystemServerTimingAsync: ssm.onUnlockedUser-0_com.android.server.pm.CrossProfileAppsService
05-11 11:09:22.267 1497 1602 I SystemServerTimingAsync: ssm.onUnlockedUser-0_com.android.server.people.PeopleService
05-11 11:09:22.267 1497 1602 I SystemServerTimingAsync: ssm.onUnlockedUser-0_com.android.server.media.metrics.MediaMetricsManagerService
05-11 11:09:22.267 1497 1602 I SystemServerTimingAsync: ssm.onUnlockedUser-0_com.android.server.media.projection.MediaProjectionManagerService
05-11 11:09:22.267 1497 1602 I SystemServerTimingAsync: ssm.onUnlockedUser-0_com.android.server.slice.SliceManagerService$Lifecycle
05-11 11:09:22.267 1497 1602 I SystemServerTimingAsync: ssm.onUnlockedUser-0_com.android.server.stats.StatsCompanion$Lifecycle
05-11 11:09:22.267 1497 1602 I SystemServerTimingAsync: ssm.onUnlockedUser-0_com.android.server.scheduling.RebootReadinessManagerService$Lifecycle
05-11 11:09:22.267 1497 1602 I SystemServerTimingAsync: ssm.onUnlockedUser-0_com.android.server.stats.pull.StatsPullAtomService
05-11 11:09:22.267 1497 1602 I SystemServerTimingAsync: ssm.onUnlockedUser-0_com.android.server.incident.IncidentCompanionService
05-11 11:09:22.267 1497 1602 I SystemServerTimingAsync: ssm.onUnlockedUser-0_com.android.server.MmsServiceBroker
05-11 11:09:22.267 1497 1602 I SystemServerTimingAsync: ssm.onUnlockedUser-0_com.android.server.autofill.AutofillManagerService
05-11 11:09:22.267 1497 1602 I SystemServerTimingAsync: ssm.onUnlockedUser-0_com.android.server.clipboard.ClipboardService
05-11 11:09:22.268 1497 1602 I SystemServerTimingAsync: ssm.onUnlockedUser-0_com.android.server.appbinding.AppBindingService$Lifecycle
05-11 11:09:22.268 1497 1602 I SystemServerTimingAsync: ssm.onUnlockedUser-0_com.android.server.tracing.TracingServiceProxy
05-11 11:09:22.268 1497 1602 I SystemServerTimingAsync: ssm.onUnlockedUser-0_com.android.server.policy.PermissionPolicyService
05-11 11:09:22.268 1497 1602 I SystemServerTimingAsync: ssm.onUnlockedUser-0_com.android.server.pm.StagingManager$Lifecycle
05-11 11:09:22.268 1497 1602 I SystemServerTimingAsync: ssm.onUnlockedUser-0_com.android.server.app.GameManagerService$Lifecycle
05-11 11:09:22.268 1497 1602 I SystemServerTimingAsync: ssm.onUnlockedUser-0_com.android.server.appsearch.AppSearchManagerService
05-11 11:09:22.268 1497 1602 I SystemServerTimingAsync: ssm.onUnlockedUser-0_com.android.server.media.MediaCommunicationService
05-11 11:09:22.268 1497 1602 W ActivityManager: UserLifecycleEvent 6 received without an active userJourneySession.
05-11 11:09:22.269 1497 1585 I AppWidgetServiceImpl: Processing of handleUserUnlocked u0 took 9 ms
05-11 11:09:22.269 1497 1585 I uc_send_user_broadcast: [0,android.intent.action.BOOT_COMPLETED]
05-11 11:09:22.271 1497 1846 E BackupPasswordManager: Unable to read backup pw version
05-11 11:09:22.272 1497 1846 E BackupPasswordManager: Unable to read saved backup pw hash
05-11 11:09:22.272 2430 2430 I wm_on_top_resumed_lost_called: [169591724,com.android.settings.FallbackHome,topStateChangedWhenResumed]
05-11 11:09:22.273 1497 1588 I sysui_multi_action: [757,1144,758,7,806,com.android.settings,871,com.android.settings.FallbackHome]
05-11 11:09:22.273 1497 1603 D CompatibilityChangeReporter: Compat change id reported: 143937733; UID 10055; state: ENABLED
05-11 11:09:22.275 2430 2430 I wm_on_paused_called: [169591724,com.android.settings.FallbackHome,performPause]
05-11 11:09:22.280 1497 1603 I am_proc_start: [0,3024,10055,ts.car.uart,added application,ts.car.uart]
05-11 11:09:22.280 1497 1603 I ActivityManager: Start proc 3024:ts.car.uart/u0a55 for added application ts.car.uart
05-11 11:09:22.280 1497 2512 I ActivityTaskManager: START u0 {act=android.intent.action.MAIN cat=[android.intent.category.HOME] flg=0x10000100 cmp=com.android.launcher3/.uioverrides.QuickstepLauncher (has extras)} from uid 0
01-01 08:00:14.403 0 0 I binder : 3011:3011 ioctl 40046210 ff8c0978 returned -22
05-11 11:09:22.282 1497 2512 D CompatibilityChangeReporter: Compat change id reported: 184838306; UID 10072; state: DISABLED
05-11 11:09:22.284 1497 2512 D CompatibilityChangeReporter: Compat change id reported: 185004937; UID 10072; state: DISABLED
05-11 11:09:22.284 1497 2512 D CompatibilityChangeReporter: Compat change id reported: 181136395; UID 10072; state: DISABLED
05-11 11:09:22.285 1497 2512 D CompatibilityChangeReporter: Compat change id reported: 174042936; UID 10072; state: DISABLED
05-11 11:09:22.286 1497 2512 D CompatibilityChangeReporter: Compat change id reported: 174042980; UID 10072; state: DISABLED
05-11 11:09:22.289 1497 2512 I wm_task_created: [285,-1]
05-11 11:09:22.291 1497 2512 I wm_task_moved: [285,1,2147483647]
05-11 11:09:22.293 1497 2512 I wm_task_moved: [1,1,5]
05-11 11:09:22.293 1497 2512 I wm_create_task: [0,285]
05-11 11:09:22.294 1497 2512 I wm_create_activity: [0,160687672,285,com.android.launcher3/.uioverrides.QuickstepLauncher,android.intent.action.MAIN,NULL,NULL,268435712]
05-11 11:09:22.294 1497 2512 I wm_task_moved: [1,1,5]
05-11 11:09:22.294 1497 2512 I wm_task_moved: [285,1,2147483647]
05-11 11:09:22.294 1497 2512 I wm_task_to_front: [0,285]
01-01 08:00:14.415 0 0 E msm-dwc3 a600000.ssusb: Could not get usb psy
01-01 08:00:14.415 0 0 I binder : 3024:3024 ioctl 40046210 7fec0ec5c4 returned -22
05-11 11:09:22.295 1497 2512 D CompatibilityChangeReporter: Compat change id reported: 168419799; UID 10072; state: DISABLED
05-11 11:09:22.297 1497 2512 I ActivityTaskManager: FOREGROUND_APPLICATION_CHANGED to com.android.launcher3.uioverrides.QuickstepLauncher
05-11 11:09:22.297 1497 2512 I ActivityTaskManager: The Process com.android.launcher3 Already Exists in BG. So sending its PID: 2603
05-11 11:09:22.299 1497 2512 I wm_restart_activity: [0,160687672,285,com.android.launcher3/.uioverrides.QuickstepLauncher]
05-11 11:09:22.300 1497 2512 I wm_set_resumed_activity: [0,com.android.launcher3/.uioverrides.QuickstepLauncher,minimalResumeActivityLocked]
05-11 11:09:22.307 1497 1603 W ActivityManager: Slow operation: 52ms so far, now at startProcess: done updating pids map
05-11 11:09:22.307 1497 1603 W ActivityManager: Slow operation: 52ms so far, now at startProcess: asking zygote to start proc
01-01 08:00:14.428 0 0 E link_delay_work_func: DTC_ETH: SQI=0, link=0
05-11 11:09:22.312 1497 1602 I am_uid_running: 10022
05-11 11:09:22.312 1497 1602 D CompatibilityChangeReporter: Compat change id reported: 135634846; UID 10022; state: DISABLED
05-11 11:09:22.312 1497 1602 D CompatibilityChangeReporter: Compat change id reported: 177438394; UID 10022; state: DISABLED
05-11 11:09:22.312 1497 1602 D CompatibilityChangeReporter: Compat change id reported: 135772972; UID 10022; state: DISABLED
05-11 11:09:22.313 1497 1602 D CompatibilityChangeReporter: Compat change id reported: 135754954; UID 10022; state: ENABLED
05-11 11:09:22.313 1497 1602 I am_uid_running: 10017
05-11 11:09:22.313 1497 1602 D CompatibilityChangeReporter: Compat change id reported: 135634846; UID 10017; state: DISABLED
05-11 11:09:22.313 1497 1602 D CompatibilityChangeReporter: Compat change id reported: 177438394; UID 10017; state: DISABLED
05-11 11:09:22.313 1497 1602 D CompatibilityChangeReporter: Compat change id reported: 135772972; UID 10017; state: DISABLED
05-11 11:09:22.313 1497 1602 D CompatibilityChangeReporter: Compat change id reported: 135754954; UID 10017; state: ENABLED
05-11 11:09:22.314 1497 2512 I am_proc_bound: [0,3024,ts.car.uart]
05-11 11:09:22.316 1497 2512 D CompatibilityChangeReporter: Compat change id reported: 168419799; UID 10055; state: DISABLED
05-11 11:09:22.318 1497 2512 I am_uid_active: 10055
05-11 11:09:22.318 1497 1603 W ActivityManager: Slow operation: 64ms so far, now at startProcess: returned from zygote!
05-11 11:09:22.322 1497 1603 W ActivityManager: Slow operation: 67ms so far, now at startProcess: done updating battery stats
05-11 11:09:22.322 1497 1603 I am_proc_start: [0,3054,1000,com.hryt.hiphishowfsecontrol,added application,com.hryt.hiphishowfsecontrol]
05-11 11:09:22.322 1497 1603 W ActivityManager: Slow operation: 67ms so far, now at startProcess: building log message
