05-11 11:10:25.358 1497 2087 I thunderperf: CompatConfig.addOverrideUnsafe: bef-state=0
05-11 11:10:25.358 1497 2087 I thunderperf: CompatConfig.addOverrideUnsafe: aft-state=0
05-11 11:10:25.358 1497 2087 I thunderperf: CompatConfig.addOverrideUnsafe: bef-state=0
05-11 11:10:25.358 1497 2087 I thunderperf: CompatConfig.addOverrideUnsafe: aft-state=0
05-11 11:10:25.358 1497 2087 I thunderperf: CompatConfig.addOverrideUnsafe: bef-state=0
05-11 11:10:25.358 1497 2087 I thunderperf: CompatConfig.addOverrideUnsafe: aft-state=0
05-11 11:10:25.359 1497 2087 I thunderperf: CompatConfig.addOverrideUnsafe: bef-state=0
05-11 11:10:25.359 1497 2087 I thunderperf: CompatConfig.addOverrideUnsafe: aft-state=0
05-11 11:10:25.359 1497 2087 I thunderperf: CompatConfig.addOverrideUnsafe: bef-state=0
05-11 11:10:25.359 1497 2087 I thunderperf: CompatConfig.addOverrideUnsafe: aft-state=0
05-11 11:10:25.361 1497 2087 I ActivityTaskManager: START u0 {act=android.intent.action.MAIN cat=[android.intent.category.LAUNCHER] flg=0x10200000 cmp=com.youku.phone/.ActivityWelcome} from uid 10072
05-11 11:10:25.362 866 866 I auditd : type=1400 audit(0.0:6069): avc: denied { add_name } for comm="perf@2.2-servic" name="cpu_max_freq" scontext=u:r:vendor_hal_perf_default:s0 tcontext=u:object_r:vendor_sysfs_msm_perf:s0 tclass=dir permissive=1
05-11 11:10:25.362 866 866 I auditd : type=1400 audit(0.0:6070): avc: denied { create } for comm="perf@2.2-servic" name="cpu_max_freq" scontext=u:r:vendor_hal_perf_default:s0 tcontext=u:object_r:vendor_sysfs_msm_perf:s0 tclass=file permissive=1
05-11 11:10:25.367 1497 2087 I wm_task_created: [286,-1]
05-11 11:10:25.367 1497 2087 W ActivityTaskManager: Can't find TaskDisplayArea to determine support for multi window. Task id=286 attached=false
05-11 11:10:25.369 1497 2087 D CompatibilityChangeReporter: Compat change id reported: 174042980; UID 10104; state: DISABLED
05-11 11:10:25.370 1497 2087 D CompatibilityChangeReporter: Compat change id reported: 184838306; UID 10104; state: DISABLED
05-11 11:10:25.370 1497 2087 D CompatibilityChangeReporter: Compat change id reported: 185004937; UID 10104; state: DISABLED
05-11 11:10:25.371 1497 2087 D CompatibilityChangeReporter: Compat change id reported: 181136395; UID 10104; state: DISABLED
05-11 11:10:25.371 1497 2087 D CompatibilityChangeReporter: Compat change id reported: 174042936; UID 10104; state: DISABLED
05-11 11:10:25.372 1497 2087 I wm_task_moved: [286,1,6]
05-11 11:10:25.372 1497 2087 I wm_task_to_front: [0,286]
05-11 11:10:25.372 1497 2087 I wm_create_task: [0,286]
05-11 11:10:25.372 1497 2087 I wm_create_activity: [0,90462076,286,com.youku.phone/.ActivityWelcome,android.intent.action.MAIN,NULL,NULL,270532608]
05-11 11:10:25.372 1497 2087 I wm_task_moved: [286,1,6]
05-11 11:10:25.373 1497 2087 D CompatibilityChangeReporter: Compat change id reported: 168419799; UID 10104; state: DISABLED
05-11 11:10:25.373 1497 2087 I ActivityTaskManager: FOREGROUND_APPLICATION_CHANGED to com.youku.phone.ActivityWelcome
05-11 11:10:25.376 1497 1588 I am_uid_running: 10104
05-11 11:10:25.376 1497 1588 D CompatibilityChangeReporter: Compat change id reported: 135634846; UID 10104; state: DISABLED
05-11 11:10:25.376 1497 1588 D CompatibilityChangeReporter: Compat change id reported: 177438394; UID 10104; state: DISABLED
05-11 11:10:25.376 1497 1588 D CompatibilityChangeReporter: Compat change id reported: 135772972; UID 10104; state: DISABLED
05-11 11:10:25.376 1497 1588 D CompatibilityChangeReporter: Compat change id reported: 135754954; UID 10104; state: ENABLED
05-11 11:10:25.376 1497 1603 D CompatibilityChangeReporter: Compat change id reported: 143937733; UID 10104; state: ENABLED
05-11 11:10:25.377 2603 2603 I wm_on_top_resumed_lost_called: [160687672,com.android.launcher3.uioverrides.QuickstepLauncher,topStateChangedWhenResumed]
05-11 11:10:25.382 1497 1603 I am_proc_start: [0,6574,10104,com.youku.phone,top-activity,{com.youku.phone/com.youku.phone.ActivityWelcome}]
05-11 11:10:25.382 1497 1603 I ActivityManager: Start proc 6574:com.youku.phone/u0a104 for top-activity {com.youku.phone/com.youku.phone.ActivityWelcome}
01-01 08:01:17.512 0 0 I binder : 6574:6574 ioctl 40046210 7fec0ec5c4 returned -22
05-11 11:10:25.396 1497 2087 I am_proc_bound: [0,6574,com.youku.phone]
05-11 11:10:25.398 1497 2087 I ActivityTaskManager: clear resize flag in freeform mode
05-11 11:10:25.398 1497 2087 I ActivityTaskManager: The Process com.youku.phone Already Exists in BG. So sending its PID: 6574
05-11 11:10:25.398 1497 2087 I wm_restart_activity: [0,90462076,286,com.youku.phone/.ActivityWelcome]
05-11 11:10:25.399 1497 2087 I wm_set_resumed_activity: [0,com.youku.phone/.ActivityWelcome,minimalResumeActivityLocked]
05-11 11:10:25.400 1497 2087 I am_uid_active: 10104
05-11 11:10:25.446 6574 6574 I auditd : type=1400 audit(0.0:6071): avc: denied { read } for comm="com.youku.phone" name="version" dev="proc" ino=4026532238 scontext=u:r:untrusted_app:s0:c104,c256,c512,c768 tcontext=u:object_r:proc_version:s0 tclass=file permissive=1 app=com.youku.phone
05-11 11:10:25.446 6574 6574 I auditd : type=1400 audit(0.0:6072): avc: denied { open } for comm="com.youku.phone" path="/proc/version" dev="proc" ino=4026532238 scontext=u:r:untrusted_app:s0:c104,c256,c512,c768 tcontext=u:object_r:proc_version:s0 tclass=file permissive=1 app=com.youku.phone
05-11 11:10:25.446 6574 6574 I auditd : type=1400 audit(0.0:6073): avc: denied { getattr } for comm="com.youku.phone" path="/proc/version" dev="proc" ino=4026532238 scontext=u:r:untrusted_app:s0:c104,c256,c512,c768 tcontext=u:object_r:proc_version:s0 tclass=file permissive=1 app=com.youku.phone
05-11 11:10:25.454 6600 6600 I auditd : type=1400 audit(0.0:6074): avc: denied { read } for comm="ps" name="pid_max" dev="proc" ino=77953 scontext=u:r:untrusted_app:s0:c104,c256,c512,c768 tcontext=u:object_r:proc_pid_max:s0 tclass=file permissive=1 app=com.youku.phone
05-11 11:10:25.457 6574 6574 E ActivityThread: Failed to find provider info for null
05-11 11:10:25.458 6574 6574 E ActivityThread: Failed to find provider info for null
01-01 08:01:17.578 0 0 W audit : audit_lost=5660 audit_rate_limit=5 audit_backlog_limit=64
01-01 08:01:17.578 0 0 E audit : rate limit exceeded
05-11 11:10:25.458 6574 6574 E ActivityThread: Failed to find provider info for null
05-11 11:10:25.581 6574 6574 I wm_on_create_called: [90462076,com.youku.phone.ActivityWelcome,performCreate]
05-11 11:10:25.581 6574 6574 I wm_on_start_called: [90462076,com.youku.phone.ActivityWelcome,handleStartActivity]
05-11 11:10:25.582 6574 6574 I wm_on_resume_called: [90462076,com.youku.phone.ActivityWelcome,RESUME_ACTIVITY]
05-11 11:10:25.582 1497 2077 W WindowManager: Failed looking up window session=Session{e816d6 6574:u0a10104} callers=com.android.server.wm.WindowManagerService.windowForClientLocked:5628 com.android.server.wm.Session.insetsModified:629 android.view.IWindowSession$Stub.onTransact:1151
05-11 11:10:25.583 6574 6574 I wm_on_top_resumed_gained_called: [90462076,com.youku.phone.ActivityWelcome,topStateChangedWhenResumed]
05-11 11:10:25.598 1497 1589 I input_focus: [Focus request 25f752d com.youku.phone/com.youku.phone.ActivityWelcome,reason=UpdateInputWindows]
01-01 08:01:17.729 0 0 I binder : 6574:6610 ioctl 40046210 70a31191f4 returned -22
05-11 11:10:25.630 1497 1792 I input_focus: [Focus leaving c778371 com.android.launcher3/com.android.launcher3.uioverrides.QuickstepLauncher (server),reason=Waiting for window because NOT_VISIBLE]
05-11 11:10:25.655 1497 1585 I sysui_multi_action: [319,292,322,290,325,74,757,761,758,7,759,2,806,com.youku.phone,871,com.youku.phone.ActivityWelcome,904,com.android.launcher3,905,0,945,36,1320,4,1321,4]
05-11 11:10:25.656 1497 1585 I wm_activity_launch_time: [0,90462076,com.youku.phone/.ActivityWelcome,290]
05-11 11:10:25.664 1497 1792 I input_focus: [Focus entering 25f752d com.youku.phone/com.youku.phone.ActivityWelcome (server),reason=Window became focusable. Previous reason: NOT_VISIBLE]
05-11 11:10:25.679 1497 1601 I am_pss : [4751,10096,com.tencent.mm,257464320,209604608,524288,421384192,0,10,15]
05-11 11:10:25.689 1497 1601 I am_pss : [4509,10096,com.tencent.mm:push,91557888,46436352,262144,239796224,0,10,9]
05-11 11:10:25.704 1497 1601 I am_pss : [3506,10094,com.tencent.android.qqdownloader:daemon,222150656,205717504,983040,381026304,0,19,14]
05-11 11:10:25.713 1497 1601 I am_pss : [6095,10094,com.tencent.ilink.ServiceProcess,80111616,73601024,438272,191504384,0,19,8]
05-11 11:10:25.720 1497 1601 I am_pss : [4680,10102,com.wandoujia.phoenix2:channel,39452672,27594752,282624,158609408,0,10,6]
05-11 11:10:25.731 1497 1601 I am_pss : [6319,10094,com.tencent.android.qqdownloader:wxa_container0,164335616,156966912,491520,282959872,0,19,10]
05-11 11:10:25.736 1497 1601 I am_pss : [6112,99000,com.android.webview:sandboxed_process0:org.chromium.content.app.SandboxedProcessService0:0,16877568,2895872,6403072,62218240,0,19,5]
05-11 11:10:25.742 1497 1601 I am_pss : [3653,10094,com.tencent.android.qqdownloader:cloud,47642624,43323392,1011712,146739200,0,19,6]
05-11 11:10:25.751 1497 1601 I am_pss : [4759,10102,com.wandoujia.phoenix2:aid,66566144,47439872,258048,218673152,0,10,8]
05-11 11:10:25.761 1497 1601 I am_pss : [4840,10102,com.wandoujia.phoenix2,101266432,82907136,204800,261382144,0,10,9]
05-11 11:10:25.766 1497 1601 I am_pss : [5671,10053,com.qualcomm.qti.qms.service.trustzoneaccess,6897664,3125248,2865152,63094784,0,19,5]
05-11 11:10:25.770 1497 1601 I am_pss : [3410,10028,com.android.providers.calendar,7503872,4620288,1666048,76431360,0,19,4]
05-11 11:10:25.776 1497 1601 I am_pss : [3156,10092,com.android.providers.media.module,20448256,17756160,0,123916288,0,0,5]
05-11 11:10:25.781 1497 1601 I am_pss : [3203,10017,android.process.media,10490880,7393280,1709056,81182720,0,10,5]
05-11 11:10:25.786 1497 1601 I am_pss : [5252,10036,com.android.externalstorage,5798912,3227648,1585152,69304320,0,19,4]
05-11 11:10:25.793 1497 1601 I am_pss : [5165,10101,com.baidu.appsearch:bdservice_v1,23248896,9023488,1187840,148836352,0,10,6]
05-11 11:10:25.798 1497 1601 I am_pss : [2927,10082,com.qualcomm.qtil.aptxui,7605248,5120000,1560576,69111808,0,19,5]
05-11 11:10:25.802 1497 1601 I am_pss : [4331,10058,com.qualcomm.qti.qms.service.connectionsecurity,18312192,3825664,8074240,58871808,0,19,4]
05-11 11:10:25.808 1497 1601 I am_pss : [2583,10084,com.qualcomm.qti.qccauthmgr,6445056,3719168,1603584,72908800,0,19,5]
05-11 11:10:25.813 1497 1601 I am_pss : [4212,1000,com.android.localtransport,5864448,3317760,1584128,68481024,0,19,5]
05-11 11:10:25.818 1497 1601 I am_pss : [4146,2000,com.android.shell,7339008,3584000,2859008,63844352,0,19,5]
05-11 11:10:25.824 1497 1601 I am_pss : [2430,1000,com.android.settings,27560960,15699968,1976320,125362176,0,19,6]
05-11 11:10:25.829 1497 1601 I am_pss : [4076,10025,com.android.packageinstaller,8523776,4845568,2846720,62980096,0,19,4]
05-11 11:10:25.833 1497 1601 I am_pss : [4049,10060,com.android.onetimeinitializer,5433344,2928640,1550336,68321280,0,19,5]
05-11 11:10:25.838 1497 1601 I am_pss : [4004,10080,com.android.music,7480320,4595712,1575936,71065600,0,19,4]
05-11 11:10:25.843 1497 1601 I am_pss : [3416,1000,com.android.keychain,8389632,5849088,1561600,71557120,0,19,4]
05-11 11:10:25.847 1497 1601 I am_pss : [3924,10029,com.android.managedprovisioning,9267200,6692864,1612800,72015872,0,19,4]
05-11 11:10:25.852 1497 1601 I am_pss : [3816,1000,com.android.dynsystem:dynsystem,5944320,3301376,1595392,68702208,0,19,4]
05-11 11:10:25.857 1497 1601 I am_pss : [3769,1000,com.android.dynsystem,5704704,3141632,1549312,68153344,0,19,5]
05-11 11:10:25.862 1497 1601 I am_pss : [3259,10019,android.process.acore,12208128,7925760,1836032,94797824,0,19,5]
05-11 11:10:25.867 1497 1601 I am_pss : [3354,1000,com.qti.diagservices,7395328,3350528,2850816,66551808,0,10,4]
05-11 11:10:25.871 1497 1601 I am_pss : [3187,10022,com.android.traceur,11789312,8105984,2757632,69627904,0,19,4]
05-11 11:10:25.876 1497 1601 I am_pss : [2450,10062,com.thundercomm.gamemode.provider,7945216,5328896,1546240,73744384,0,19,4]
05-11 11:10:25.881 1497 1601 I am_pss : [3143,10083,com.qualcomm.qti.workloadclassifier,8030208,6586368,0,92614656,0,0,4]
05-11 11:10:25.886 1497 1601 I am_pss : [3104,10086,com.qualcomm.qti.qccnetstat,5758976,4308992,0,90558464,0,0,5]
05-11 11:10:25.891 1497 1601 I am_pss : [3096,10071,com.qualcomm.qti.services.systemhelper:systemhelper_service,6025216,4505600,0,92647424,0,0,5]
05-11 11:10:25.896 1497 1601 I am_pss : [3059,10057,.pasr,5012480,3620864,0,88502272,0,0,5]
05-11 11:10:25.901 1497 1601 I am_pss : [3054,1000,com.hryt.hiphishowfsecontrol,13810688,12111872,0,104570880,0,0,5]
05-11 11:10:25.907 1497 1601 I am_pss : [3011,10081,com.hht.lebocast,35040256,22523904,0,104800256,0,0,5]
05-11 11:10:25.912 1497 1601 I am_pss : [3024,10055,ts.car.uart,5947392,4550656,0,89600000,0,0,5]
05-11 11:10:25.917 1497 1601 I am_pss : [2769,10077,com.qualcomm.location,9674752,7688192,0,101191680,0,0,5]
05-11 11:10:25.922 1497 1601 I am_pss : [2401,1000,com.qualcomm.qti.qdma,8681472,6565888,0,103858176,0,0,6]
05-11 11:10:25.927 1497 1601 I am_pss : [2324,1000,com.thundercomm.remotecontrolservice,8982528,7090176,0,99934208,0,0,5]
05-11 11:10:25.932 1497 1601 I am_pss : [2302,1068,com.android.se,5437440,4001792,0,90550272,0,0,4]
05-11 11:10:25.938 1497 1601 I am_pss : [2339,1000,com.thundercomm.tcservice,10518528,8982528,0,98504704,0,0,4]
05-11 11:10:25.943 1497 1601 I am_pss : [2287,10085,com.qti.qualcomm.mstatssystemservice,5163008,3772416,0,88825856,0,0,4]
05-11 11:10:25.948 1497 1601 I am_pss : [2255,1000,vendor.qti.qesdk.sysservice,5172224,3739648,0,90210304,0,0,5]
05-11 11:10:25.953 1497 1601 I am_pss : [2213,1000,com.thundercomm.tcsetupwizard,6667264,5275648,0,90439680,0,0,5]
05-11 11:10:25.958 1497 1601 I am_pss : [2196,1000,com.tc.logclient,7232512,5558272,0,97615872,0,0,5]
05-11 11:10:25.962 1497 1601 I am_pss : [2166,1000,com.thundercomm.tchttpserver,7537664,6074368,0,93827072,0,0,4]
05-11 11:10:25.968 1497 1601 I am_pss : [2154,10054,.qtidataservices,5552128,4132864,0,90341376,0,0,5]
05-11 11:10:25.973 1497 1601 I am_pss : [2144,1000,com.thundercomm.microsettings,14603264,10891264,0,117039104,0,0,5]
05-11 11:10:25.978 1497 1601 I am_pss : [2136,1000,com.thundercomm.microservice,8676352,7200768,0,94912512,0,0,4]
05-11 11:10:25.984 1497 1601 I am_pss : [2050,1000,com.thundercomm.gamemode,32030720,24199168,0,141639680,0,0,6]
05-11 11:10:27.335 1497 1792 I input_interaction: Interaction with: 25f752d com.youku.phone/com.youku.phone.ActivityWelcome (server), edge-swipe (server), swipe-up (server), PointerEventDispatcher0 (server),
05-11 11:10:27.370 866 866 I auditd : type=1400 audit(0.0:6082): avc: denied { add_name } for comm="perf@2.2-servic" name="force_rail_on" scontext=u:r:vendor_hal_perf_default:s0 tcontext=u:object_r:vendor_sysfs_kgsl:s0 tclass=dir permissive=1
05-11 11:10:27.370 866 866 I auditd : type=1400 audit(0.0:6083): avc: denied { create } for comm="perf@2.2-servic" name="force_rail_on" scontext=u:r:vendor_hal_perf_default:s0 tcontext=u:object_r:vendor_sysfs_kgsl:s0 tclass=file permissive=1
05-11 11:10:27.370 866 866 I auditd : type=1400 audit(0.0:6084): avc: denied { add_name } for comm="perf@2.2-servic" name="min_freq" scontext=u:r:vendor_hal_perf_default:s0 tcontext=u:object_r:vendor_sysfs_devfreq:s0 tclass=dir permissive=1
05-11 11:10:27.370 866 866 I auditd : type=1400 audit(0.0:6085): avc: denied { create } for comm="perf@2.2-servic" name="min_freq" scontext=u:r:vendor_hal_perf_default:s0 tcontext=u:object_r:vendor_sysfs_devfreq:s0 tclass=file permissive=1
05-11 11:10:27.374 866 866 I auditd : type=1400 audit(0.0:6086): avc: denied { add_name } for comm="perf@2.2-servic" name="cpu_min_freq" scontext=u:r:vendor_hal_perf_default:s0 tcontext=u:object_r:vendor_sysfs_msm_perf:s0 tclass=dir permissive=1
01-01 08:01:19.497 0 0 W audit : audit_lost=5667 audit_rate_limit=5 audit_backlog_limit=64
01-01 08:01:19.497 0 0 E audit : rate limit exceeded
05-11 11:10:27.589 1497 2077 D CompatibilityChangeReporter: Compat change id reported: 149924527; UID 10104; state: ENABLED
05-11 11:10:27.589 1497 2077 D CompatibilityChangeReporter: Compat change id reported: 132649864; UID 10104; state: DISABLED
05-11 11:10:27.665 1497 2089 I thunderperf: PlatormCompat.setOverrides: Uid1=10104 Pid1=6574 Uid2=10104 Pid2=6574
05-11 11:10:27.665 1497 2089 I thunderperf: PlatormCompat.setOverrides: needCheck:false
05-11 11:10:27.665 1497 2089 I thunderperf: CompatConfig.addOverrideUnsafe: bef-state=0
05-11 11:10:27.665 1497 2089 I thunderperf: CompatConfig.addOverrideUnsafe: aft-state=0
05-11 11:10:27.673 1497 2089 W PackageManager: MATCH_ANY_USER flag requires INTERACT_ACROSS_USERS permission: UID 10104 requires android.permission.INTERACT_ACROSS_USERS_FULL or android.permission.INTERACT_ACROSS_USERS to access user 0.
05-11 11:10:27.673 1497 2089 I ActivityTaskManager: START u0 {flg=0x20000 cmp=com.youku.phone/com.youku.v2.HomePageEntry} from uid 10104
05-11 11:10:27.676 1497 2089 I wm_task_moved: [286,1,6]
05-11 11:10:27.676 1497 2089 I wm_set_resumed_activity: [0,com.youku.phone/.ActivityWelcome,positionChildAt]
05-11 11:10:27.676 1497 2089 I wm_create_activity: [0,73312546,286,com.youku.phone/com.youku.v2.HomePageEntry,NULL,NULL,NULL,131072]
05-11 11:10:27.678 1497 2089 I wm_pause_activity: [0,90462076,com.youku.phone/.ActivityWelcome,userLeaving=true,resumeTopActivityInnerLocked]
05-11 11:10:27.687 1497 1589 I input_focus: [Focus request ed943dc com.youku.phone/com.youku.phone.ActivityWelcome,reason=UpdateInputWindows]
05-11 11:10:27.689 6574 6574 I wm_on_top_resumed_lost_called: [90462076,com.youku.phone.ActivityWelcome,topStateChangedWhenResumed]
05-11 11:10:27.696 6574 6574 I wm_on_paused_called: [90462076,com.youku.phone.ActivityWelcome,performPause]
05-11 11:10:27.696 1497 2077 I ActivityTaskManager: FOREGROUND_APPLICATION_CHANGED to com.youku.v2.HomePageEntry
05-11 11:10:27.696 1497 2077 I ActivityTaskManager: The Process com.youku.phone Already Exists in BG. So sending its PID: 6574
05-11 11:10:27.697 1497 2077 W ActivityTaskManager: Tried to set launchTime (0) < mLastActivityLaunchTime (74834)
05-11 11:10:27.697 1497 2077 I wm_restart_activity: [0,73312546,286,com.youku.phone/com.youku.v2.HomePageEntry]
05-11 11:10:27.698 1497 2077 I wm_set_resumed_activity: [0,com.youku.phone/com.youku.v2.HomePageEntry,minimalResumeActivityLocked]
05-11 11:10:27.701 1497 1588 I sysui_multi_action: [757,803,799,window_time_0,802,66]
05-11 11:10:27.711 1497 1530 I am_uid_active: 10066
05-11 11:10:27.714 1497 1792 I input_focus: [Focus entering ed943dc com.youku.phone/com.youku.phone.ActivityWelcome (server),reason=setFocusedWindow]
05-11 11:10:27.750 1497 2077 D TelephonyRegistry: listen oscl: mHasNotifySubscriptionInfoChangedOccurred==false no callback
05-11 11:10:27.776 6574 6574 I wm_on_create_called: [73312546,com.youku.v2.HomePageEntry,performCreate]
05-11 11:10:27.797 1497 1780 I commit_sys_config_file: [settings-3-0,2]
05-11 11:10:27.806 1497 3023 W WindowManager: Failed to load bitmap: /data/system_ce/0/snapshots/283_reduced.jpg
05-11 11:10:27.811 6574 6574 I wm_on_start_called: [73312546,com.youku.v2.HomePageEntry,handleStartActivity]
05-11 11:10:27.817 6574 6574 I wm_on_resume_called: [73312546,com.youku.v2.HomePageEntry,RESUME_ACTIVITY]
05-11 11:10:27.825 6574 6574 I wm_on_top_resumed_gained_called: [73312546,com.youku.v2.HomePageEntry,topStateChangedWhenResumed]
05-11 11:10:27.833 1497 1589 I input_focus: [Focus request cf347e2 com.youku.phone/com.youku.v2.HomePageEntry,reason=UpdateInputWindows]
05-11 11:10:27.864 1497 1792 I input_focus: [Focus leaving ed943dc com.youku.phone/com.youku.phone.ActivityWelcome (server),reason=Waiting for window because NOT_VISIBLE]
05-11 11:10:27.896 1497 1585 I wm_activity_launch_time: [0,73312546,com.youku.phone/com.youku.v2.HomePageEntry,221]
05-11 11:10:27.905 1497 1589 I input_focus: [Focus request 31f13a com.youku.phone/com.youku.v2.HomePageEntry,reason=UpdateInputWindows]
05-11 11:10:27.930 1497 1792 I input_focus: [Focus entering 31f13a com.youku.phone/com.youku.v2.HomePageEntry (server),reason=setFocusedWindow]
05-11 11:10:27.941 1497 1530 D PackageManager: Instant App installer not found with android.intent.action.INSTALL_INSTANT_APP_PACKAGE
05-11 11:10:27.941 1497 1530 D PackageManager: Clear ephemeral installer activity
05-11 11:10:27.971 1497 2077 W ActivityManager: Unable to start service Intent { act=com.google.android.gms.ads.identifier.service.START pkg=com.google.android.gms } U=0: not found
05-11 11:10:27.972 6574 6821 E ActivityThread: Failed to find provider info for com.vivo.vms.IdProvider
05-11 11:10:28.182 1497 1886 I sync : [com.tencent.android.qqdownloader.YYBLiveAccountProvider,0,3,24220937]
05-11 11:10:28.188 1497 1886 D CompatibilityChangeReporter: Compat change id reported: 168419799; UID 10094; state: DISABLED
05-11 11:10:28.190 1497 2089 W ActivityManager: Background start not allowed: service Intent { cmp=com.tencent.android.qqdownloader/com.tencent.assistant.sdk.SDKSupportService (has extras) } to com.tencent.android.qqdownloader/com.tencent.assistant.sdk.SDKSupportService from pid=3291 uid=10094 pkg=com.tencent.android.qqdownloader startFg?=false
05-11 11:10:28.206 1497 2089 W ActivityManager: Background start not allowed: service Intent { cmp=com.tencent.android.qqdownloader/com.tencent.assistant.sdk.SDKSupportService (has extras) } to com.tencent.android.qqdownloader/com.tencent.assistant.sdk.SDKSupportService from pid=3291 uid=10094 pkg=com.tencent.android.qqdownloader startFg?=false
05-11 11:10:28.221 1497 1886 I sync : [com.tencent.android.qqdownloader.YYBLiveAccountProvider,1,3,24220937]
05-11 11:10:28.226 1497 1886 I commit_sys_config_file: [sync-status,62110]
05-11 11:10:28.237 1497 1886 I sync : [com.tencent.android.qqdownloader.YYBLiveAccountProvider,0,3,24220937]
05-11 11:10:28.241 1497 1792 I input_interaction: Interaction with: c778371 com.android.launcher3/com.android.launcher3.uioverrides.QuickstepLauncher (server), ab08418 com.android.systemui.ImageWallpaper (server), edge-swipe (server), swipe-up (server), PointerEventDispatcher0 (server),
05-11 11:10:28.241 1497 2077 W ActivityManager: Background start not allowed: service Intent { cmp=com.tencent.android.qqdownloader/com.tencent.assistant.sdk.SDKSupportService (has extras) } to com.tencent.android.qqdownloader/com.tencent.assistant.sdk.SDKSupportService from pid=3291 uid=10094 pkg=com.tencent.android.qqdownloader startFg?=false
05-11 11:10:28.247 1497 2077 W ActivityManager: Background start not allowed: service Intent { cmp=com.tencent.android.qqdownloader/com.tencent.assistant.sdk.SDKSupportService (has extras) } to com.tencent.android.qqdownloader/com.tencent.assistant.sdk.SDKSupportService from pid=3291 uid=10094 pkg=com.tencent.android.qqdownloader startFg?=false
05-11 11:10:28.261 1497 1886 I sync : [com.tencent.android.qqdownloader.YYBLiveAccountProvider,1,3,24220937]
05-11 11:10:28.264 1497 1886 I commit_sys_config_file: [sync-status,62149]
01-01 08:01:20.423 0 0 I [dp_rx_][0x5c099d49][11:10:28.302234] wlan: [3496:I:QDF] DHCP-R RX: SA:34:f7:16:b2:4c:1e DA:ff:ff:ff:ff:ff:ff
05-11 11:10:28.400 1497 3023 I thunderperf: PlatormCompat.setOverrides: Uid1=10072 Pid1=2603 Uid2=10072 Pid2=2603
05-11 11:10:28.400 1497 3023 I thunderperf: PlatormCompat.setOverrides: needCheck:false
05-11 11:10:28.400 1497 3023 I thunderperf: CompatConfig.addOverrideUnsafe: bef-state=0
05-11 11:10:28.400 1497 3023 I thunderperf: CompatConfig.addOverrideUnsafe: aft-state=0
05-11 11:10:28.402 1497 3023 I thunderperf: CompatConfig.addOverrideUnsafe: bef-state=0
05-11 11:10:28.402 1497 3023 I thunderperf: CompatConfig.addOverrideUnsafe: aft-state=0
05-11 11:10:28.403 1497 3023 I thunderperf: CompatConfig.addOverrideUnsafe: bef-state=0
05-11 11:10:28.403 1497 3023 I thunderperf: CompatConfig.addOverrideUnsafe: aft-state=0
05-11 11:10:28.404 1497 3023 I thunderperf: CompatConfig.addOverrideUnsafe: bef-state=0
05-11 11:10:28.404 1497 3023 I thunderperf: CompatConfig.addOverrideUnsafe: aft-state=0
05-11 11:10:28.404 1497 3023 I thunderperf: CompatConfig.addOverrideUnsafe: bef-state=0
05-11 11:10:28.404 1497 3023 I thunderperf: CompatConfig.addOverrideUnsafe: aft-state=0
05-11 11:10:28.404 1497 3023 I thunderperf: CompatConfig.addOverrideUnsafe: bef-state=0
05-11 11:10:28.404 1497 3023 I thunderperf: CompatConfig.addOverrideUnsafe: aft-state=0
05-11 11:10:28.406 1497 3023 I thunderperf: CompatConfig.addOverrideUnsafe: bef-state=0
05-11 11:10:28.406 1497 3023 I thunderperf: CompatConfig.addOverrideUnsafe: aft-state=0
05-11 11:10:28.407 1497 3023 I thunderperf: CompatConfig.addOverrideUnsafe: bef-state=0
05-11 11:10:28.407 1497 3023 I thunderperf: CompatConfig.addOverrideUnsafe: aft-state=0
05-11 11:10:28.408 1497 3023 I thunderperf: CompatConfig.addOverrideUnsafe: bef-state=0
05-11 11:10:28.408 1497 3023 I thunderperf: CompatConfig.addOverrideUnsafe: aft-state=0
05-11 11:10:28.408 1497 3023 I thunderperf: CompatConfig.addOverrideUnsafe: bef-state=0
05-11 11:10:28.408 1497 3023 I thunderperf: CompatConfig.addOverrideUnsafe: aft-state=0
05-11 11:10:28.409 1497 3023 I thunderperf: CompatConfig.addOverrideUnsafe: bef-state=0
05-11 11:10:28.409 1497 3023 I thunderperf: CompatConfig.addOverrideUnsafe: aft-state=0
05-11 11:10:28.409 1497 3023 I thunderperf: CompatConfig.addOverrideUnsafe: bef-state=0
05-11 11:10:28.410 1497 3023 I thunderperf: CompatConfig.addOverrideUnsafe: aft-state=0
05-11 11:10:28.411 1497 3023 I thunderperf: CompatConfig.addOverrideUnsafe: bef-state=0
05-11 11:10:28.411 1497 3023 I thunderperf: CompatConfig.addOverrideUnsafe: aft-state=0
05-11 11:10:28.412 1497 3023 I thunderperf: CompatConfig.addOverrideUnsafe: bef-state=0
05-11 11:10:28.412 1497 3023 I thunderperf: CompatConfig.addOverrideUnsafe: aft-state=0
05-11 11:10:28.417 1497 3023 I ActivityTaskManager: START u0 {act=android.intent.action.MAIN cat=[android.intent.category.LAUNCHER] flg=0x10200000 cmp=com.qqgame.happymj/com.tencent.gcloud.msdk.core.policy.MSDKPolicyActivity bnds=[1326,692][1626,990]} from uid 10072
05-11 11:10:28.420 1497 3023 I wm_task_created: [287,-1]
05-11 11:10:28.420 1497 3023 W ActivityTaskManager: Can't find TaskDisplayArea to determine support for multi window. Task id=287 attached=false
05-11 11:10:28.423 1497 3023 D CompatibilityChangeReporter: Compat change id reported: 174042980; UID 10107; state: DISABLED
05-11 11:10:28.424 1497 3023 D CompatibilityChangeReporter: Compat change id reported: 184838306; UID 10107; state: DISABLED
05-11 11:10:28.425 1497 3023 D CompatibilityChangeReporter: Compat change id reported: 185004937; UID 10107; state: DISABLED
05-11 11:10:28.425 1497 3023 D CompatibilityChangeReporter: Compat change id reported: 181136395; UID 10107; state: DISABLED
05-11 11:10:28.427 1497 3023 D CompatibilityChangeReporter: Compat change id reported: 174042936; UID 10107; state: DISABLED
05-11 11:10:28.429 1497 3023 I wm_task_moved: [287,1,7]
05-11 11:10:28.429 1497 3023 I wm_task_to_front: [0,287]
05-11 11:10:28.430 1497 3023 I wm_create_task: [0,287]
05-11 11:10:28.430 1497 3023 I wm_create_activity: [0,197570645,287,com.qqgame.happymj/com.tencent.gcloud.msdk.core.policy.MSDKPolicyActivity,android.intent.action.MAIN,NULL,NULL,270532608]
05-11 11:10:28.430 1497 3023 I wm_task_moved: [287,1,7]
05-11 11:10:28.433 1497 3023 D CompatibilityChangeReporter: Compat change id reported: 168419799; UID 10107; state: DISABLED
05-11 11:10:28.433 1497 3023 V SplashScreenExceptionList: SplashScreen checking exception for package com.qqgame.happymj (target sdk:28) -> false
05-11 11:10:28.435 1497 3023 I wm_pause_activity: [0,73312546,com.youku.phone/com.youku.v2.HomePageEntry,userLeaving=true,pauseBackTasks]
05-11 11:10:28.436 1497 3023 I wm_pause_activity: [0,160687672,com.android.launcher3/.uioverrides.QuickstepLauncher,userLeaving=true,pauseBackTasks]
05-11 11:10:28.437 1902 2028 D PhoneStartingWindowTypeAlgorithm: preferredStartingWindowType newTask:true taskSwitch:true processRunning:false allowTaskSnapshot:true activityCreated:false useEmptySplashScreen:false legacySplashScreen:false topIsHome:false
05-11 11:10:28.438 1902 2028 D StartingSurfaceDrawer: addSplashScreen com.qqgame.happymj theme=7f0e0021 task=287 suggestType=1
05-11 11:10:28.440 1902 2031 D StartingSurfaceDrawer: window attributes color: 0 icon null duration 0 brandImage null
05-11 11:10:28.447 1902 2031 D StartingSurfaceDrawer: The icon is not an AdaptiveIconDrawable
05-11 11:10:28.451 1497 1588 I am_uid_running: 10107
05-11 11:10:28.451 1497 1588 D CompatibilityChangeReporter: Compat change id reported: 135634846; UID 10107; state: DISABLED
05-11 11:10:28.451 1497 1588 D CompatibilityChangeReporter: Compat change id reported: 177438394; UID 10107; state: DISABLED
05-11 11:10:28.451 1497 1588 D CompatibilityChangeReporter: Compat change id reported: 135772972; UID 10107; state: DISABLED
05-11 11:10:28.451 1497 1588 D CompatibilityChangeReporter: Compat change id reported: 135754954; UID 10107; state: DISABLED
05-11 11:10:28.452 1497 1603 D CompatibilityChangeReporter: Compat change id reported: 143937733; UID 10107; state: DISABLED
05-11 11:10:28.454 1902 2031 D StartingSurfaceDrawer: fillViewWithIcon surfaceWindowView android.window.SplashScreenView{788932e V.E...... ......ID 0,0-0,0}
05-11 11:10:28.455 2603 2603 I wm_on_paused_called: [160687672,com.android.launcher3.uioverrides.QuickstepLauncher,performPause]
05-11 11:10:28.457 1497 3023 D CompatibilityChangeReporter: Compat change id reported: 181136395; UID 10104; state: DISABLED
05-11 11:10:28.457 1497 3023 D CompatibilityChangeReporter: Compat change id reported: 174042936; UID 10104; state: DISABLED
05-11 11:10:28.458 1497 3023 I wm_add_to_stopping: [0,160687672,com.android.launcher3/.uioverrides.QuickstepLauncher,makeInvisible]
05-11 11:10:28.461 1497 1588 I sysui_multi_action: [757,803,799,window_time_2,802,0]
05-11 11:10:28.469 1497 1603 I am_proc_start: [0,6947,10107,com.qqgame.happymj,pre-top-activity,{com.qqgame.happymj/com.tencent.gcloud.msdk.core.policy.MSDKPolicyActivity}]
05-11 11:10:28.469 1497 1603 I ActivityManager: Start proc 6947:com.qqgame.happymj/u0a107 for pre-top-activity {com.qqgame.happymj/com.tencent.gcloud.msdk.core.policy.MSDKPolicyActivity}
01-01 08:01:20.595 0 0 I binder : 6947:6947 ioctl 40046210 7fec0ec5c4 returned -22
05-11 11:10:28.477 1497 6948 W ContextImpl: Calling a method in the system process without a qualified user: android.app.ContextImpl.sendBroadcast:1173 com.qualcomm.qti.Performance$SendGameLaunchBroadcast.run:217 java.lang.Thread.run:920
05-11 11:10:28.492 1497 2077 I am_proc_bound: [0,6947,com.qqgame.happymj]
05-11 11:10:28.500 1497 2077 I ActivityTaskManager: The Process com.qqgame.happymj Already Exists in BG. So sending its PID: 6947
05-11 11:10:28.569 2050 4354 W ContextImpl: Calling a method in the system process without a qualified user: android.app.ContextImpl.startService:1816 android.content.ContextWrapper.startService:774 com.thundercomm.gamemode.ingame.services.GameModeActionUtils.startGameModeService:118 com.thundercomm.gamemode.ingame.services.GameModeActionUtils.startGameModeEntry:29 com.thundercomm.gamemode.ingame.services.ActivityMonitoringService$1.onActivityLaunch:140
05-11 11:10:28.579 1497 1497 I GameModeConfig: Current uri is uri = content://com.thundercomm.gamemode.api/gamemode_settings/gamemode_isgaming
01-01 08:01:20.704 0 0 W ALERT : changing window size from 16000000 to 8000000 at 78020053874
05-11 11:10:28.582 1497 1497 I GameModeConfig: isGameModeOn = true
05-11 11:10:28.583 1497 1497 I GameModeConfig: isGaming = true
05-11 11:10:28.583 1497 1497 I GameModeConfig: isDisableNotification = true
05-11 11:10:28.583 1497 1497 I GameModeConfig: isGameModeOn = true
05-11 11:10:28.583 1497 1497 I GameModeConfig: isGaming = true
05-11 11:10:28.583 1497 1497 I GameModeConfig: isDisableNotification = true
01-01 08:01:20.719 0 0 I atmel_mxt_ts 0-004a: FB event:2,blank:0
01-01 08:01:20.719 0 0 I atmel_mxt_ts 0-004a: suspend: event = 2, blank = 0, not care
01-01 08:01:20.719 0 0 I [drm:dsi_display_set_mode] [msm-dsi-info]: mdp_transfer_time_us=0 us
01-01 08:01:20.719 0 0 I [drm:dsi_display_set_mode] [msm-dsi-info]: hactive= 2560,vactive= 1080,fps=30
01-01 08:01:20.719 0 0 W : [drm:programmable_fetch_get_num_lines:228] low vbp+vfp may lead to perf issues in some cases
01-01 08:01:20.719 0 0 I : [MAX975X:max96755x_drm_notifier_callback] *INFO* receives BLANK: UNBLANK
05-11 11:10:28.613 1497 1588 I DisplayDeviceRepository: Display device changed: DisplayDeviceInfo{"内置å±å¹•": uniqueId="local:4630946816427681409", 2560 x 1080, modeId 3, defaultModeId 1, supportedModes [{id=1, width=2560, height=1080, fps=60.000004, alternativeRefreshRates=[30.000002, 45.0]}, {id=2, width=2560, height=1080, fps=45.0, alternativeRefreshRates=[30.000002, 60.000004]}, {id=3, width=2560, height=1080, fps=30.000002, alternativeRefreshRates=[45.0, 60.000004]}], colorMode 0, supportedColorModes [0], hdrCapabilities HdrCapabilities{mSupportedHdrTypes=[2, 3, 4], mMaxLuminance=500.0, mMaxAverageLuminance=500.0, mMinLuminance=0.0}, allmSupported false, gameContentTypeSupported false, density 240, 320.315 x 318.976 dpi, appVsyncOff 1000000, presDeadline 33333333, touch INTERNAL, rotation 0, type INTERNAL, address {port=129, model=0x40446d97fee5e6}, deviceProductInfo DeviceProductInfo{name=, manufacturerPnpId=QCM, productId=1, modelYear=null, manufactureDate=ManufactureDate{week=27, year=2006}, connectionToSinkType=0}, state ON, frameRateOverride , brightnessMinimum 0.0, brightnessMaximum 1.0, brightnessDefault 1.0, FLAG_DEFAULT_DISPLAY, FLAG_ROTATES_WITH_CONTENT, FLAG_SECURE, FLAG_SUPPORTS_PROTECTED_BUFFERS}
05-11 11:10:28.624 6574 6574 I wm_on_top_resumed_lost_called: [73312546,com.youku.v2.HomePageEntry,topStateChangedWhenResumed]
05-11 11:10:28.645 6947 6984 D ActivityThread: Loading provider com.qqgame.happymj.XG_SETTINGS_PROVIDER: com.tencent.tpns.baseapi.base.SettingsContentProvider
05-11 11:10:28.661 6574 6574 I wm_on_paused_called: [73312546,com.youku.v2.HomePageEntry,performPause]
05-11 11:10:28.662 1497 3023 I ActivityTaskManager: FOREGROUND_APPLICATION_CHANGED to com.tencent.gcloud.msdk.core.policy.MSDKPolicyActivity
05-11 11:10:28.664 1497 3023 I ActivityTaskManager: The Process com.qqgame.happymj Already Exists in BG. So sending its PID: 6947
05-11 11:10:28.667 1497 3023 I wm_restart_activity: [0,197570645,287,com.qqgame.happymj/com.tencent.gcloud.msdk.core.policy.MSDKPolicyActivity]
05-11 11:10:28.670 1497 3023 I wm_set_resumed_activity: [0,com.qqgame.happymj/com.tencent.gcloud.msdk.core.policy.MSDKPolicyActivity,minimalResumeActivityLocked]
05-11 11:10:28.675 1497 1588 I am_uid_active: 10107
05-11 11:10:28.677 1497 1588 I sysui_multi_action: [757,803,799,window_time_0,802,1]
01-01 08:01:20.921 0 0 I atmel_mxt_ts 0-004a: FB event:1,blank:0
01-01 08:01:20.921 0 0 I atmel_mxt_ts 0-004a: drm_notifier_callback: UNBLANK! Resume by drm notifier.
05-11 11:10:28.803 1497 1780 I commit_sys_config_file: [settings-1-0,39]
05-11 11:10:28.826 866 866 I auditd : type=1400 audit(0.0:6108): avc: denied { add_name } for comm="perf@2.2-servic" name="clkscale_enable" scontext=u:r:vendor_hal_perf_default:s0 tcontext=u:object_r:sysfs:s0 tclass=dir permissive=1
05-11 11:10:28.826 866 866 I auditd : type=1400 audit(0.0:6109): avc: denied { create } for comm="perf@2.2-servic" name="clkscale_enable" scontext=u:r:vendor_hal_perf_default:s0 tcontext=u:object_r:sysfs:s0 tclass=file permissive=1
05-11 11:10:28.826 1497 2068 I thunderperf: PlatormCompat.setOverrides: Uid1=10107 Pid1=6947 Uid2=10107 Pid2=6947
05-11 11:10:28.826 1497 2068 I thunderperf: PlatormCompat.setOverrides: needCheck:false
05-11 11:10:28.826 1497 2068 I thunderperf: CompatConfig.addOverrideUnsafe: bef-state=0
05-11 11:10:28.826 1497 2068 I thunderperf: CompatConfig.addOverrideUnsafe: aft-state=0
05-11 11:10:28.827 1497 2068 W PackageManager: MATCH_ANY_USER flag requires INTERACT_ACROSS_USERS permission: UID 10107 requires android.permission.INTERACT_ACROSS_USERS_FULL or android.permission.INTERACT_ACROSS_USERS to access user 0.
05-11 11:10:28.827 1497 2068 I ActivityTaskManager: START u0 {cmp=com.qqgame.happymj/com.onevcat.uniwebview.AndroidPlugin} from uid 10107
05-11 11:10:28.831 1497 2068 I wm_task_moved: [287,1,7]
05-11 11:10:28.831 1497 2068 I wm_set_resumed_activity: [0,com.qqgame.happymj/com.tencent.gcloud.msdk.core.policy.MSDKPolicyActivity,positionChildAt]
05-11 11:10:28.831 1497 2068 I wm_create_activity: [0,116640136,287,com.qqgame.happymj/com.onevcat.uniwebview.AndroidPlugin,NULL,NULL,NULL,268435456]
05-11 11:10:28.832 1497 2068 I wm_pause_activity: [0,197570645,com.qqgame.happymj/com.tencent.gcloud.msdk.core.policy.MSDKPolicyActivity,userLeaving=true,resumeTopActivityInnerLocked]
05-11 11:10:28.834 1497 2516 I wm_finish_activity: [0,197570645,287,com.qqgame.happymj/com.tencent.gcloud.msdk.core.policy.MSDKPolicyActivity,app-request]
05-11 11:10:28.835 6947 6947 I wm_on_create_called: [197570645,com.tencent.gcloud.msdk.core.policy.MSDKPolicyActivity,performCreate]
05-11 11:10:28.844 1497 3412 I wm_add_to_stopping: [0,197570645,com.qqgame.happymj/com.tencent.gcloud.msdk.core.policy.MSDKPolicyActivity,completeFinishing]
05-11 11:10:28.844 1497 3412 I ActivityTaskManager: FOREGROUND_APPLICATION_CHANGED to com.onevcat.uniwebview.AndroidPlugin
05-11 11:10:28.844 1497 3412 I ActivityTaskManager: The Process com.qqgame.happymj Already Exists in BG. So sending its PID: 6947
05-11 11:10:28.844 1497 3412 W ActivityTaskManager: Tried to set launchTime (0) < mLastActivityLaunchTime (78103)
05-11 11:10:28.845 1497 3412 I wm_restart_activity: [0,116640136,287,com.qqgame.happymj/com.onevcat.uniwebview.AndroidPlugin]
05-11 11:10:28.845 1497 3412 I wm_set_resumed_activity: [0,com.qqgame.happymj/com.onevcat.uniwebview.AndroidPlugin,minimalResumeActivityLocked]
05-11 11:10:28.850 1497 1588 I sysui_multi_action: [757,803,799,window_time_0,802,0]
05-11 11:10:28.855 1497 3412 I thunderperf: PlatormCompat.setOverrides: Uid1=10107 Pid1=6947 Uid2=10107 Pid2=6947
05-11 11:10:28.855 1497 3412 I thunderperf: PlatormCompat.setOverrides: needCheck:false
05-11 11:10:28.855 1497 3412 I thunderperf: CompatConfig.addOverrideUnsafe: bef-state=0
05-11 11:10:28.855 1497 3412 I thunderperf: CompatConfig.addOverrideUnsafe: aft-state=0
05-11 11:10:28.855 1497 3412 W PackageManager: MATCH_ANY_USER flag requires INTERACT_ACROSS_USERS permission: UID 10107 requires android.permission.INTERACT_ACROSS_USERS_FULL or android.permission.INTERACT_ACROSS_USERS to access user 0.
05-11 11:10:28.858 1497 3412 I ActivityTaskManager: START u0 {act=happymj.Splash cat=[android.intent.category.DEFAULT] flg=0x10008000 cmp=com.qqgame.happymj/.SplashActivity} from uid 10107
05-11 11:10:28.861 1497 3412 I wm_finish_activity: [0,116640136,287,com.qqgame.happymj/com.onevcat.uniwebview.AndroidPlugin,clear-task-all]
01-01 08:01:20.988 0 0 E link_delay_work_func: DTC_ETH: SQI=0, link=0
05-11 11:10:28.881 1497 3412 I wm_pause_activity: [0,116640136,com.qqgame.happymj/com.onevcat.uniwebview.AndroidPlugin,userLeaving=false,finish]
05-11 11:10:28.882 1497 3412 I wm_task_moved: [287,1,7]
05-11 11:10:28.883 1497 3412 I wm_create_activity: [0,171431884,287,com.qqgame.happymj/.SplashActivity,happymj.Splash,NULL,NULL,268468224]
05-11 11:10:28.883 1497 3412 V SplashScreenExceptionList: SplashScreen checking exception for package com.qqgame.happymj (target sdk:28) -> false
05-11 11:10:28.887 1497 2516 W ActivityTaskManager: Duplicate finish request for r=ActivityRecord{6f3c988 u0 com.qqgame.happymj/com.onevcat.uniwebview.AndroidPlugin taskAffinity=10107:com.qqgame.happymj t287 f}}
05-11 11:10:28.888 6947 6947 I wm_on_create_called: [116640136,com.onevcat.uniwebview.AndroidPlugin,performCreate]
05-11 11:10:28.893 1497 2087 I wm_add_to_stopping: [0,116640136,com.qqgame.happymj/com.onevcat.uniwebview.AndroidPlugin,completeFinishing]
05-11 11:10:28.893 1497 2087 I ActivityTaskManager: FOREGROUND_APPLICATION_CHANGED to com.qqgame.happymj.SplashActivity
05-11 11:10:28.893 1497 2087 I ActivityTaskManager: The Process com.qqgame.happymj Already Exists in BG. So sending its PID: 6947
05-11 11:10:28.893 1497 2087 W ActivityTaskManager: Tried to set launchTime (0) < mLastActivityLaunchTime (78281)
05-11 11:10:28.894 1497 2087 I wm_restart_activity: [0,171431884,287,com.qqgame.happymj/.SplashActivity]
05-11 11:10:28.894 1497 2087 I wm_set_resumed_activity: [0,com.qqgame.happymj/.SplashActivity,minimalResumeActivityLocked]
05-11 11:10:28.901 1497 1588 I sysui_multi_action: [757,803,799,window_time_0,802,0]
05-11 11:10:28.911 1497 3412 I service_manager_stats: [100,80,60574]
05-11 11:10:28.911 1497 3412 I thunderperf: PlatormCompat.setOverrides: Uid1=10107 Pid1=6947 Uid2=10107 Pid2=6947
05-11 11:10:28.911 1497 3412 I thunderperf: PlatormCompat.setOverrides: needCheck:false
05-11 11:10:28.911 1497 3412 I thunderperf: CompatConfig.addOverrideUnsafe: bef-state=0
05-11 11:10:28.911 1497 3412 I thunderperf: CompatConfig.addOverrideUnsafe: aft-state=0
05-11 11:10:28.911 1497 3412 W PackageManager: MATCH_ANY_USER flag requires INTERACT_ACROSS_USERS permission: UID 10107 requires android.permission.INTERACT_ACROSS_USERS_FULL or android.permission.INTERACT_ACROSS_USERS to access user 0.
05-11 11:10:28.914 1497 3412 I ActivityTaskManager: START u0 {cmp=com.qqgame.happymj/.VideoActivity (has extras)} from uid 10107
05-11 11:10:28.917 1497 3412 I wm_task_moved: [287,1,7]
05-11 11:10:28.917 1497 3412 I wm_set_resumed_activity: [0,com.qqgame.happymj/.SplashActivity,positionChildAt]
05-11 11:10:28.917 1497 3412 I wm_create_activity: [0,217473681,287,com.qqgame.happymj/.VideoActivity,NULL,NULL,NULL,0]
05-11 11:10:28.918 1497 3412 I wm_pause_activity: [0,171431884,com.qqgame.happymj/.SplashActivity,userLeaving=true,resumeTopActivityInnerLocked]
05-11 11:10:28.929 6947 6947 I wm_on_create_called: [171431884,com.qqgame.happymj.SplashActivity,performCreate]
05-11 11:10:28.929 6947 6947 I wm_on_start_called: [171431884,com.qqgame.happymj.SplashActivity,handleStartActivity]
05-11 11:10:28.930 6947 6947 I wm_on_resume_called: [171431884,com.qqgame.happymj.SplashActivity,RESUME_ACTIVITY]
05-11 11:10:28.935 6947 6947 I wm_on_top_resumed_gained_called: [171431884,com.qqgame.happymj.SplashActivity,topStateChangedWhenResumed]
05-11 11:10:28.935 6947 6947 I wm_on_top_resumed_lost_called: [171431884,com.qqgame.happymj.SplashActivity,topStateChangedWhenResumed]
05-11 11:10:28.935 6947 6947 I wm_on_paused_called: [171431884,com.qqgame.happymj.SplashActivity,performPause]
05-11 11:10:28.936 1497 2068 I ActivityTaskManager: FOREGROUND_APPLICATION_CHANGED to com.qqgame.happymj.VideoActivity
05-11 11:10:28.936 1497 2068 I ActivityTaskManager: The Process com.qqgame.happymj Already Exists in BG. So sending its PID: 6947
05-11 11:10:28.938 1497 2068 W ActivityTaskManager: Tried to set launchTime (0) < mLastActivityLaunchTime (78330)
05-11 11:10:28.938 1497 2068 I wm_add_to_stopping: [0,171431884,com.qqgame.happymj/.SplashActivity,makeInvisible]
05-11 11:10:28.938 1497 2068 I wm_restart_activity: [0,217473681,287,com.qqgame.happymj/.VideoActivity]
05-11 11:10:28.939 1497 2068 I wm_set_resumed_activity: [0,com.qqgame.happymj/.VideoActivity,minimalResumeActivityLocked]
05-11 11:10:28.944 1497 1588 I wm_stop_activity: [0,171431884,com.qqgame.happymj/.SplashActivity]
05-11 11:10:28.944 1497 1588 I wm_destroy_activity: [0,116640136,287,com.qqgame.happymj/com.onevcat.uniwebview.AndroidPlugin,finish-imm:idle]
05-11 11:10:28.945 1497 1588 I wm_destroy_activity: [0,197570645,287,com.qqgame.happymj/com.tencent.gcloud.msdk.core.policy.MSDKPolicyActivity,finish-imm:idle]
05-11 11:10:28.946 1497 1588 I wm_stop_activity: [0,160687672,com.android.launcher3/.uioverrides.QuickstepLauncher]
05-11 11:10:28.947 1497 1588 I sysui_multi_action: [757,803,799,window_time_0,802,0]
05-11 11:10:28.949 2603 2603 I wm_on_stop_called: [160687672,com.android.launcher3.uioverrides.QuickstepLauncher,STOP_ACTIVITY_ITEM]
05-11 11:10:28.954 1497 1585 D CompanionDeviceManagerService: onPackageModified(packageName = com.youku.phone)
05-11 11:10:28.961 1497 1497 I Telecom : DefaultDialerCache: Refreshing default dialer for user 0: now null: DDC.oR@AB0
05-11 11:10:28.971 6947 6947 I wm_on_create_called: [217473681,com.qqgame.happymj.VideoActivity,performCreate]
05-11 11:10:28.971 6947 6947 I wm_on_start_called: [217473681,com.qqgame.happymj.VideoActivity,handleStartActivity]
05-11 11:10:28.972 6947 6947 I wm_on_resume_called: [217473681,com.qqgame.happymj.VideoActivity,RESUME_ACTIVITY]
05-11 11:10:28.973 1497 1497 I am_uid_active: 10094
05-11 11:10:28.973 6947 6947 I wm_on_top_resumed_gained_called: [217473681,com.qqgame.happymj.VideoActivity,topStateChangedWhenResumed]
05-11 11:10:28.973 6947 6947 I wm_on_stop_called: [171431884,com.qqgame.happymj.SplashActivity,STOP_ACTIVITY_ITEM]
05-11 11:10:28.984 1497 1497 I am_uid_active: 99000
05-11 11:10:28.995 1497 1497 I service_manager_slow: [10,platform_compat]
05-11 11:10:28.996 6947 6947 I wm_on_destroy_called: [116640136,com.onevcat.uniwebview.AndroidPlugin,performDestroy]
05-11 11:10:28.997 6947 6947 I wm_on_destroy_called: [197570645,com.tencent.gcloud.msdk.core.policy.MSDKPolicyActivity,performDestroy]
05-11 11:10:29.007 1497 1589 I input_focus: [Focus request 95cdf18 com.qqgame.happymj/com.qqgame.happymj.VideoActivity,reason=UpdateInputWindows]
05-11 11:10:29.035 1497 1792 I input_focus: [Focus leaving 31f13a com.youku.phone/com.youku.v2.HomePageEntry (server),reason=Waiting for window because NOT_VISIBLE]
01-01 08:01:21.179 0 0 I binder : 6947:6947 ioctl 40046210 7fec0eb3a4 returned -22
05-11 11:10:29.081 1497 1601 W VoiceInteractionManager: no available voice recognition services found for user 0
05-11 11:10:29.127 1902 2028 D StartingSurfaceDrawer: Task start finish, remove starting surface for task 287
05-11 11:10:29.127 1902 2028 V StartingSurfaceDrawer: Removing splash screen window for task: 287
05-11 11:10:29.132 1497 1585 I sysui_multi_action: [319,81,321,78,322,710,325,77,757,761,758,7,759,1,806,com.qqgame.happymj,871,com.qqgame.happymj.VideoActivity,904,com.qqgame.happymj,905,0,945,84,1320,4,1321,4]
05-11 11:10:29.133 1497 1585 I wm_activity_launch_time: [0,217473681,com.qqgame.happymj/.VideoActivity,710]
05-11 11:10:29.134 1497 1792 I input_focus: [Focus entering 95cdf18 com.qqgame.happymj/com.qqgame.happymj.VideoActivity (server),reason=Window became focusable. Previous reason: NOT_VISIBLE]
05-11 11:10:29.130 7074 7074 I auditd : type=1400 audit(0.0:6111): avc: denied { nlmsg_readpriv } for comm="ip" scontext=u:r:untrusted_app:s0:c104,c256,c512,c768 tcontext=u:r:untrusted_app:s0:c104,c256,c512,c768 tclass=netlink_route_socket permissive=1 bug=b/155595000 app=com.youku.phone
05-11 11:10:29.130 3291 3291 I auditd : type=1400 audit(0.0:6112): avc: granted { execute } for comm="temporary-8" path="/data/user/0/com.tencent.android.qqdownloader/files/shell/7_8424130_6981/lib/arm64-v8a/libqmp.so" dev="dm-10" ino=6018 scontext=u:r:untrusted_app_27:s0:c512,c768 tcontext=u:object_r:app_data_file:s0:c512,c768 tclass=file app=com.tencent.android.qqdownloader
01-01 08:01:21.288 0 0 I msm_vidc: high: 00000001: ....d: Opening video instance: 0000000000000000, 1
01-01 08:01:21.288 0 0 I msm_vidc: err : 00000001: ....d: Failed to create debugfs for msm_vidc
05-11 11:10:29.171 1497 3412 D CompatibilityChangeReporter: Compat change id reported: 168419799; UID 10104; state: DISABLED
01-01 08:01:21.355 0 0 W audit : audit_lost=5688 audit_rate_limit=5 audit_backlog_limit=64
01-01 08:01:21.355 0 0 E audit : rate limit exceeded
05-11 11:10:29.275 1497 1530 I netstats_mobile_sample: [0,0,0,0,0,0,0,0,0,0,0,0,1683872296283]
05-11 11:10:29.276 1497 1530 I netstats_wifi_sample: [322,1,0,0,322,1,0,0,0,0,0,0,1683872296283]
05-11 11:10:29.750 1497 1810 I netstats_mobile_sample: [0,0,0,0,0,0,0,0,0,0,0,0,1683872296758]
05-11 11:10:29.750 1497 1810 I netstats_wifi_sample: [322,1,0,0,322,1,0,0,0,0,0,0,1683872296758]
05-11 11:10:29.786 1497 2516 W ActivityManager: Unable to start service Intent { act=com.google.android.gms.ads.identifier.service.START pkg=com.google.android.gms } U=0: not found
05-11 11:10:29.788 6574 6821 E ActivityThread: Failed to find provider info for com.vivo.vms.IdProvider
05-11 11:10:29.823 6574 7181 E ActivityThread: Failed to find provider info for telephony
01-01 08:01:22.002 0 0 I btfm_slim_hw_init: PGD Enum Addr: 00:01:20:02:17: 02
01-01 08:01:22.002 0 0 I btfm_slim_hw_init: IFD Enum Addr: 00:00:20:02:17: 02
01-01 08:01:22.002 0 0 I btfm_slim_hw_init: chipset soc version:400a0200
01-01 08:01:22.002 0 0 I btfm_slim_hw_init: chipset is hastings 2.0, overwriting EA
01-01 08:01:22.002 0 0 I btfm_slim_hw_init: PGD Enum Addr: 00:01:20:02:17: 02
01-01 08:01:22.002 0 0 I btfm_slim_hw_init: IFD Enum Addr: 00:00:20:02:17: 02
01-01 08:01:22.009 0 0 I slimbus : 1 laddr:0xcf, EAPC:0x1:0x20
01-01 08:01:22.009 0 0 I slimbus : 1 laddr:0xce, EAPC:0x0:0x20
01-01 08:01:22.009 0 0 I btfm_slim_alloc_port: chipset soc version:400a0200
01-01 08:01:22.010 0 0 I btfm_slim_enable_ch: chipset soc version:400a0200
01-01 08:01:22.010 0 0 I btfm_slim_enable_ch: channel define - prot:2, dataf:0, auxf:0
01-01 08:01:22.010 0 0 I btfm_slim_enable_ch: channel define - rates:44100, baser:2, ratem:4
01-01 08:01:22.010 0 0 I btfm_slim_enable_ch: slim_connect_sink(port: 16, ch: 157)
01-01 08:01:22.010 0 0 I btfm_slim_enable_ch: port: 16, ch: 157, grp: 0, ch->grph: 0x0, ch_hdl: 0x1d
01-01 08:01:22.011 0 0 I __afe_port_start: port id: 0x400e
01-01 08:01:22.011 0 0 I afe_find_cal_topo_id_by_port: port id: 0x400e, dev_acdb_id: 20
01-01 08:01:22.011 0 0 I afe_find_cal_topo_id_by_port: top_id:112fc acdb_id:20 afe_port_id:0x400e
01-01 08:01:22.011 0 0 I afe_get_cal_topology_id: port_id = 0x400e acdb_id = 20 topology_id = 0x112fc cal_type_index=8 ret=0
