05-11 11:10:46.413 1497 1588 I DisplayDeviceRepository: Display device changed: DisplayDeviceInfo{"内置å±å¹•": uniqueId="local:4630946816427681409", 2560 x 1080, modeId 1, defaultModeId 1, supportedModes [{id=1, width=2560, height=1080, fps=60.000004, alternativeRefreshRates=[30.000002, 45.0]}, {id=2, width=2560, height=1080, fps=45.0, alternativeRefreshRates=[30.000002, 60.000004]}, {id=3, width=2560, height=1080, fps=30.000002, alternativeRefreshRates=[45.0, 60.000004]}], colorMode 0, supportedColorModes [0], hdrCapabilities HdrCapabilities{mSupportedHdrTypes=[2, 3, 4], mMaxLuminance=500.0, mMaxAverageLuminance=500.0, mMinLuminance=0.0}, allmSupported false, gameContentTypeSupported false, density 240, 320.315 x 318.976 dpi, appVsyncOff 1000000, presDeadline 16666666, touch INTERNAL, rotation 0, type INTERNAL, address {port=129, model=0x40446d97fee5e6}, deviceProductInfo DeviceProductInfo{name=, manufacturerPnpId=QCM, productId=1, modelYear=null, manufactureDate=ManufactureDate{week=27, year=2006}, connectionToSinkType=0}, state ON, frameRateOverride , brightnessMinimum 0.0, brightnessMaximum 1.0, brightnessDefault 1.0, FLAG_DEFAULT_DISPLAY, FLAG_ROTATES_WITH_CONTENT, FLAG_SECURE, FLAG_SUPPORTS_PROTECTED_BUFFERS}
05-11 11:10:46.545 1497 1780 I commit_sys_config_file: [settings-1-0,1]
05-11 11:10:46.578 6947 6947 I auditd : type=1400 audit(0.0:7527): avc: denied { open } for comm="APM-TickThread" path="/proc/stat" dev="proc" ino=4026532236 scontext=u:r:untrusted_app_27:s0:c107,c256,c512,c768 tcontext=u:object_r:proc_stat:s0 tclass=file permissive=1 app=com.qqgame.happymj
05-11 11:10:46.578 6947 6947 I auditd : type=1400 audit(0.0:7528): avc: denied { getattr } for comm="APM-TickThread" path="/proc/stat" dev="proc" ino=4026532236 scontext=u:r:untrusted_app_27:s0:c107,c256,c512,c768 tcontext=u:object_r:proc_stat:s0 tclass=file permissive=1 app=com.qqgame.happymj
01-01 08:01:38.712 0 0 I atmel_mxt_ts 0-004a: FB event:1,blank:0
01-01 08:01:38.712 0 0 I atmel_mxt_ts 0-004a: drm_notifier_callback: UNBLANK! Resume by drm notifier.
05-11 11:10:46.599 1497 1588 I wm_stop_activity: [0,90462076,com.youku.phone/.ActivityWelcome]
05-11 11:10:46.600 1497 1588 I wm_stop_activity: [0,73312546,com.youku.phone/com.youku.v2.HomePageEntry]
05-11 11:10:46.635 1497 2519 I wm_finish_activity: [0,90462076,286,com.youku.phone/.ActivityWelcome,app-request]
05-11 11:10:46.635 1497 2519 I wm_destroy_activity: [0,90462076,286,com.youku.phone/.ActivityWelcome,finish-imm:finishIfPossible]
05-11 11:10:46.636 6574 6574 I wm_on_stop_called: [90462076,com.youku.phone.ActivityWelcome,STOP_ACTIVITY_ITEM]
05-11 11:10:46.643 6574 6574 I wm_on_stop_called: [73312546,com.youku.v2.HomePageEntry,STOP_ACTIVITY_ITEM]
05-11 11:10:46.649 6574 6574 I wm_on_destroy_called: [90462076,com.youku.phone.ActivityWelcome,performDestroy]
05-11 11:10:47.846 7651 7651 I auditd : type=1400 audit(0.0:7529): avc: denied { read } for comm="NativeThread" name="unix" dev="proc" ino=4026532262 scontext=u:r:untrusted_app:s0:c104,c256,c512,c768 tcontext=u:object_r:proc_net:s0 tclass=file permissive=1 app=com.youku.phone
05-11 11:10:47.846 7651 7651 I auditd : type=1400 audit(0.0:7530): avc: denied { open } for comm="NativeThread" path="/proc/7651/net/unix" dev="proc" ino=4026532262 scontext=u:r:untrusted_app:s0:c104,c256,c512,c768 tcontext=u:object_r:proc_net:s0 tclass=file permissive=1 app=com.youku.phone
05-11 11:10:47.846 7651 7651 I auditd : type=1400 audit(0.0:7531): avc: denied { getattr } for comm="NativeThread" path="/proc/7651/net/unix" dev="proc" ino=4026532262 scontext=u:r:untrusted_app:s0:c104,c256,c512,c768 tcontext=u:object_r:proc_net:s0 tclass=file permissive=1 app=com.youku.phone
05-11 11:10:48.373 1497 1792 I input_interaction: Interaction with: c778371 com.android.launcher3/com.android.launcher3.uioverrides.QuickstepLauncher (server), ab08418 com.android.systemui.ImageWallpaper (server), edge-swipe (server), swipe-up (server), PointerEventDispatcher0 (server),
05-11 11:10:49.098 0 0 I auditd : type=1400 audit(0.0:7532): avc: denied { kill } for comm="swapper/7" capability=5 scontext=u:r:kernel:s0 tcontext=u:r:kernel:s0 tclass=capability permissive=1
05-11 11:10:49.203 1497 1497 I notification_enqueue: [10094,3506,com.tencent.android.qqdownloader,127,NULL,0,Notification(channel=channel_id_default_silent shortcut=null contentView=com.tencent.android.qqdownloader/0x7f0a01c2 vibrate=null sound=null defaults=0x0 flags=0x2a2 color=0x00000000 groupKey=com.tencent.android.qqdownloader vis=PRIVATE),1]
01-01 08:01:41.416 0 0 I [dp_rx_][0x74100e3b][11:10:49.295740] wlan: [3496:I:QDF] DHCP-R RX: SA:34:f7:16:b2:4c:1e DA:ff:ff:ff:ff:ff:ff
01-01 08:01:41.468 0 0 E link_delay_work_func: DTC_ETH: SQI=0, link=0
05-11 11:10:49.404 1497 1497 I GameModeConfig: isGameModeOn = true
05-11 11:10:49.404 1497 1497 I GameModeConfig: isGaming = false
01-01 08:01:41.564 0 0 I afe_close: port_id = 0x400e
01-01 08:01:41.571 0 0 I btfm_slim_disable_ch: port:16, grp: 0, ch->grph:0x0, ch->ch_hdl:0x1d
05-11 11:10:49.510 1497 2519 I thunderperf: PlatormCompat.setOverrides: Uid1=10072 Pid1=2603 Uid2=10072 Pid2=2603
05-11 11:10:49.510 1497 2519 I thunderperf: PlatormCompat.setOverrides: needCheck:false
05-11 11:10:49.510 1497 2519 I thunderperf: CompatConfig.addOverrideUnsafe: bef-state=0
05-11 11:10:49.510 1497 2519 I thunderperf: CompatConfig.addOverrideUnsafe: aft-state=0
05-11 11:10:49.510 1497 2519 I thunderperf: CompatConfig.addOverrideUnsafe: bef-state=0
05-11 11:10:49.510 1497 2519 I thunderperf: CompatConfig.addOverrideUnsafe: aft-state=0
05-11 11:10:49.511 1497 2519 I thunderperf: CompatConfig.addOverrideUnsafe: bef-state=0
05-11 11:10:49.511 1497 2519 I thunderperf: CompatConfig.addOverrideUnsafe: aft-state=0
05-11 11:10:49.511 1497 2519 I thunderperf: CompatConfig.addOverrideUnsafe: bef-state=0
05-11 11:10:49.511 1497 2519 I thunderperf: CompatConfig.addOverrideUnsafe: aft-state=0
05-11 11:10:49.511 1497 2519 I thunderperf: CompatConfig.addOverrideUnsafe: bef-state=0
05-11 11:10:49.511 1497 2519 I thunderperf: CompatConfig.addOverrideUnsafe: aft-state=0
05-11 11:10:49.512 1497 2519 I thunderperf: CompatConfig.addOverrideUnsafe: bef-state=0
05-11 11:10:49.512 1497 2519 I thunderperf: CompatConfig.addOverrideUnsafe: aft-state=0
05-11 11:10:49.512 1497 2519 I thunderperf: CompatConfig.addOverrideUnsafe: bef-state=0
05-11 11:10:49.512 1497 2519 I thunderperf: CompatConfig.addOverrideUnsafe: aft-state=0
05-11 11:10:49.512 1497 2519 I thunderperf: CompatConfig.addOverrideUnsafe: bef-state=0
05-11 11:10:49.512 1497 2519 I thunderperf: CompatConfig.addOverrideUnsafe: aft-state=0
05-11 11:10:49.512 1497 2519 I thunderperf: CompatConfig.addOverrideUnsafe: bef-state=0
05-11 11:10:49.512 1497 2519 I thunderperf: CompatConfig.addOverrideUnsafe: aft-state=0
05-11 11:10:49.512 1497 2519 I thunderperf: CompatConfig.addOverrideUnsafe: bef-state=0
05-11 11:10:49.512 1497 2519 I thunderperf: CompatConfig.addOverrideUnsafe: aft-state=0
05-11 11:10:49.513 1497 2519 I thunderperf: CompatConfig.addOverrideUnsafe: bef-state=0
05-11 11:10:49.513 1497 2519 I thunderperf: CompatConfig.addOverrideUnsafe: aft-state=0
05-11 11:10:49.513 1497 2519 I thunderperf: CompatConfig.addOverrideUnsafe: bef-state=0
05-11 11:10:49.513 1497 2519 I thunderperf: CompatConfig.addOverrideUnsafe: aft-state=0
05-11 11:10:49.513 1497 2519 I thunderperf: CompatConfig.addOverrideUnsafe: bef-state=0
05-11 11:10:49.513 1497 2519 I thunderperf: CompatConfig.addOverrideUnsafe: aft-state=0
05-11 11:10:49.513 1497 2519 I thunderperf: CompatConfig.addOverrideUnsafe: bef-state=0
05-11 11:10:49.513 1497 2519 I thunderperf: CompatConfig.addOverrideUnsafe: aft-state=0
05-11 11:10:49.514 1497 2519 I ActivityTaskManager: START u0 {act=android.intent.action.MAIN cat=[android.intent.category.LAUNCHER] flg=0x10200000 cmp=com.youku.phone/.ActivityWelcome} from uid 10072
05-11 11:10:49.515 1497 2519 I wm_task_moved: [286,1,7]
05-11 11:10:49.515 1497 2519 I wm_task_to_front: [0,286]
05-11 11:10:49.515 1497 2519 I wm_focused_root_task: [0,0,286,1,bringingFoundTaskToFront]
05-11 11:10:49.515 1497 2519 I wm_set_resumed_activity: [0,com.youku.phone/com.youku.v2.HomePageEntry,bringingFoundTaskToFront]
05-11 11:10:49.516 1497 2519 D CompatibilityChangeReporter: Compat change id reported: 174042980; UID 10104; state: DISABLED
05-11 11:10:49.516 1497 2519 D CompatibilityChangeReporter: Compat change id reported: 184838306; UID 10104; state: DISABLED
05-11 11:10:49.517 1497 2519 D CompatibilityChangeReporter: Compat change id reported: 185004937; UID 10104; state: DISABLED
05-11 11:10:49.517 1497 2519 D CompatibilityChangeReporter: Compat change id reported: 181136395; UID 10104; state: DISABLED
05-11 11:10:49.517 1497 2519 D CompatibilityChangeReporter: Compat change id reported: 174042936; UID 10104; state: DISABLED
05-11 11:10:49.517 1497 2519 I wm_task_moved: [286,1,7]
05-11 11:10:49.517 1497 2519 I wm_create_activity: [0,91193315,286,com.youku.phone/.ActivityWelcome,android.intent.action.MAIN,NULL,NULL,274726912]
05-11 11:10:49.518 1497 2519 D CompatibilityChangeReporter: Compat change id reported: 168419799; UID 10104; state: DISABLED
05-11 11:10:49.518 1497 2519 I ActivityTaskManager: FOREGROUND_APPLICATION_CHANGED to com.youku.phone.ActivityWelcome
05-11 11:10:49.518 1497 2519 I ActivityTaskManager: The Process com.youku.phone Already Exists in BG. So sending its PID: 6574
05-11 11:10:49.518 1497 2519 W ActivityTaskManager: Tried to set launchTime (0) < mLastActivityLaunchTime (77133)
05-11 11:10:49.519 1497 2519 I wm_restart_activity: [0,91193315,286,com.youku.phone/.ActivityWelcome]
05-11 11:10:49.520 1497 2519 I wm_set_resumed_activity: [0,com.youku.phone/.ActivityWelcome,minimalResumeActivityLocked]
05-11 11:10:49.523 2603 2603 I wm_on_top_resumed_lost_called: [160687672,com.android.launcher3.uioverrides.QuickstepLauncher,topStateChangedWhenResumed]
05-11 11:10:49.533 1497 1601 I am_pss : [3291,10094,com.tencent.android.qqdownloader:live,45495296,41873408,167936,149155840,0,5,7]
05-11 11:10:49.543 1497 2089 I wm_finish_activity: [0,91193315,286,com.youku.phone/.ActivityWelcome,app-request]
05-11 11:10:49.543 1497 2089 I wm_pause_activity: [0,91193315,com.youku.phone/.ActivityWelcome,userLeaving=false,finish]
05-11 11:10:49.544 6574 6574 I wm_on_create_called: [91193315,com.youku.phone.ActivityWelcome,performCreate]
05-11 11:10:49.545 6574 6574 I wm_on_restart_called: [73312546,com.youku.v2.HomePageEntry,performRestartActivity]
05-11 11:10:49.548 1497 1601 I am_pss : [3506,10094,com.tencent.android.qqdownloader:daemon,219368448,206565376,425984,373571584,0,5,14]
05-11 11:10:49.552 6574 6574 I wm_on_start_called: [73312546,com.youku.v2.HomePageEntry,handleStartActivity]
05-11 11:10:49.553 1497 3412 I wm_add_to_stopping: [0,91193315,com.youku.phone/.ActivityWelcome,completeFinishing]
05-11 11:10:49.553 1497 3412 I ActivityTaskManager: FOREGROUND_APPLICATION_CHANGED to com.youku.v2.HomePageEntry
05-11 11:10:49.554 1497 3412 I wm_set_resumed_activity: [0,com.youku.phone/com.youku.v2.HomePageEntry,resumeTopActivityInnerLocked]
05-11 11:10:49.554 1497 1601 I am_pss : [3967,10066,com.android.webview:webview_service,15176704,3612672,792576,79835136,0,5,6]
05-11 11:10:49.555 1497 3412 I wm_resume_activity: [0,73312546,286,com.youku.phone/com.youku.v2.HomePageEntry]
05-11 11:10:49.556 1497 1588 I sysui_multi_action: [757,803,799,window_time_0,802,3]
05-11 11:10:49.559 1497 1601 I am_pss : [6112,99000,com.android.webview:sandboxed_process0:org.chromium.content.app.SandboxedProcessService0:0,17077248,2895872,6410240,61706240,0,5,4]
05-11 11:10:49.562 1497 1589 I input_focus: [Focus request 31f13a com.youku.phone/com.youku.v2.HomePageEntry,reason=UpdateInputWindows]
05-11 11:10:49.567 1497 1601 I am_pss : [3653,10094,com.tencent.android.qqdownloader:cloud,47217664,43872256,73728,146268160,0,5,7]
05-11 11:10:49.577 1497 1588 I wm_destroy_activity: [0,91193315,286,com.youku.phone/.ActivityWelcome,finish-imm:transit]
05-11 11:10:49.583 1497 1792 I input_focus: [Focus leaving c778371 com.android.launcher3/com.android.launcher3.uioverrides.QuickstepLauncher (server),reason=setFocusedWindow]
05-11 11:10:49.583 1497 1792 I input_focus: [Focus entering 31f13a com.youku.phone/com.youku.v2.HomePageEntry (server),reason=setFocusedWindow]
05-11 11:10:49.597 6574 6574 I wm_on_resume_called: [73312546,com.youku.v2.HomePageEntry,RESUME_ACTIVITY]
05-11 11:10:49.601 6574 6574 I wm_on_top_resumed_gained_called: [73312546,com.youku.v2.HomePageEntry,topWhenResuming]
05-11 11:10:49.608 6574 6574 I wm_on_destroy_called: [91193315,com.youku.phone.ActivityWelcome,performDestroy]
05-11 11:10:50.474 6947 6947 I auditd : type=1400 audit(0.0:7533): avc: denied { read } for comm="Thread-140" name="cache" dev="dm-5" ino=16 scontext=u:r:untrusted_app_27:s0:c107,c256,c512,c768 tcontext=u:object_r:cache_file:s0 tclass=lnk_file permissive=1 app=com.qqgame.happymj
05-11 11:10:50.696 1497 1602 I am_uid_idle: 10102
05-11 11:10:50.696 1497 1602 I am_stop_idle_service: [10102,com.wandoujia.phoenix2/com.pp.assistant.manager.ResidentNotificationManager$PPResidentService]
05-11 11:10:50.696 1497 1602 W ActivityManager: Stopping service due to app idle: u0a102 -1m12s345ms com.wandoujia.phoenix2/com.pp.assistant.manager.ResidentNotificationManager$PPResidentService
05-11 11:10:51.097 1497 2519 I thunderperf: PlatormCompat.setOverrides: Uid1=10072 Pid1=2603 Uid2=10072 Pid2=2603
05-11 11:10:51.097 1497 2519 I thunderperf: PlatormCompat.setOverrides: needCheck:false
05-11 11:10:51.097 1497 2519 I thunderperf: CompatConfig.addOverrideUnsafe: bef-state=0
05-11 11:10:51.097 1497 2519 I thunderperf: CompatConfig.addOverrideUnsafe: aft-state=0
05-11 11:10:51.098 1497 2519 I thunderperf: CompatConfig.addOverrideUnsafe: bef-state=0
05-11 11:10:51.098 1497 2519 I thunderperf: CompatConfig.addOverrideUnsafe: aft-state=0
05-11 11:10:51.098 1497 2519 I thunderperf: CompatConfig.addOverrideUnsafe: bef-state=0
05-11 11:10:51.098 1497 2519 I thunderperf: CompatConfig.addOverrideUnsafe: aft-state=0
05-11 11:10:51.098 1497 2519 I thunderperf: CompatConfig.addOverrideUnsafe: bef-state=0
05-11 11:10:51.098 1497 2519 I thunderperf: CompatConfig.addOverrideUnsafe: aft-state=0
05-11 11:10:51.098 1497 2519 I thunderperf: CompatConfig.addOverrideUnsafe: bef-state=0
05-11 11:10:51.098 1497 2519 I thunderperf: CompatConfig.addOverrideUnsafe: aft-state=0
05-11 11:10:51.099 1497 2519 I thunderperf: CompatConfig.addOverrideUnsafe: bef-state=0
05-11 11:10:51.099 1497 2519 I thunderperf: CompatConfig.addOverrideUnsafe: aft-state=0
05-11 11:10:51.099 1497 2519 I thunderperf: CompatConfig.addOverrideUnsafe: bef-state=0
05-11 11:10:51.099 1497 2519 I thunderperf: CompatConfig.addOverrideUnsafe: aft-state=0
05-11 11:10:51.099 1497 2519 I thunderperf: CompatConfig.addOverrideUnsafe: bef-state=0
05-11 11:10:51.099 1497 2519 I thunderperf: CompatConfig.addOverrideUnsafe: aft-state=0
05-11 11:10:51.099 1497 2519 I thunderperf: CompatConfig.addOverrideUnsafe: bef-state=0
05-11 11:10:51.099 1497 2519 I thunderperf: CompatConfig.addOverrideUnsafe: aft-state=0
05-11 11:10:51.099 1497 2519 I thunderperf: CompatConfig.addOverrideUnsafe: bef-state=0
05-11 11:10:51.100 1497 2519 I thunderperf: CompatConfig.addOverrideUnsafe: aft-state=0
05-11 11:10:51.100 1497 2519 I thunderperf: CompatConfig.addOverrideUnsafe: bef-state=0
05-11 11:10:51.100 1497 2519 I thunderperf: CompatConfig.addOverrideUnsafe: aft-state=0
05-11 11:10:51.100 1497 2519 I thunderperf: CompatConfig.addOverrideUnsafe: bef-state=0
05-11 11:10:51.100 1497 2519 I thunderperf: CompatConfig.addOverrideUnsafe: aft-state=0
05-11 11:10:51.100 1497 2519 I thunderperf: CompatConfig.addOverrideUnsafe: bef-state=0
05-11 11:10:51.100 1497 2519 I thunderperf: CompatConfig.addOverrideUnsafe: aft-state=0
05-11 11:10:51.100 1497 2519 I thunderperf: CompatConfig.addOverrideUnsafe: bef-state=0
05-11 11:10:51.100 1497 2519 I thunderperf: CompatConfig.addOverrideUnsafe: aft-state=0
05-11 11:10:51.101 1497 2519 I ActivityTaskManager: START u0 {act=android.intent.action.MAIN cat=[android.intent.category.LAUNCHER] flg=0x10200000 cmp=com.yinhan.hunter.tx/com.yinhan.nsdk.ysdk.v1_8_20.YSDKSplActivity bnds=[1626,692][1926,990]} from uid 10072
05-11 11:10:51.104 1497 2519 I wm_task_created: [290,-1]
05-11 11:10:51.104 1497 2519 W ActivityTaskManager: Can't find TaskDisplayArea to determine support for multi window. Task id=290 attached=false
05-11 11:10:51.105 1497 2519 D CompatibilityChangeReporter: Compat change id reported: 174042980; UID 10108; state: DISABLED
05-11 11:10:51.106 1497 2519 D CompatibilityChangeReporter: Compat change id reported: 184838306; UID 10108; state: DISABLED
05-11 11:10:51.106 1497 2519 D CompatibilityChangeReporter: Compat change id reported: 185004937; UID 10108; state: DISABLED
05-11 11:10:51.106 1497 2519 D CompatibilityChangeReporter: Compat change id reported: 181136395; UID 10108; state: DISABLED
05-11 11:10:51.106 1497 2519 D CompatibilityChangeReporter: Compat change id reported: 174042936; UID 10108; state: DISABLED
05-11 11:10:51.107 1497 2519 I wm_task_moved: [290,1,8]
05-11 11:10:51.107 1497 2519 I wm_task_to_front: [0,290]
05-11 11:10:51.107 1497 2519 I wm_create_task: [0,290]
05-11 11:10:51.107 1497 2519 I wm_create_activity: [0,214034906,290,com.yinhan.hunter.tx/com.yinhan.nsdk.ysdk.v1_8_20.YSDKSplActivity,android.intent.action.MAIN,NULL,NULL,270532608]
05-11 11:10:51.107 1497 2519 I wm_task_moved: [290,1,8]
05-11 11:10:51.107 6574 6574 I wm_on_top_resumed_lost_called: [73312546,com.youku.v2.HomePageEntry,topStateChangedWhenResumed]
05-11 11:10:51.107 1497 2519 D CompatibilityChangeReporter: Compat change id reported: 168419799; UID 10108; state: DISABLED
05-11 11:10:51.108 1497 2519 V SplashScreenExceptionList: SplashScreen checking exception for package com.yinhan.hunter.tx (target sdk:26) -> false
05-11 11:10:51.108 1497 2519 I wm_pause_activity: [0,73312546,com.youku.phone/com.youku.v2.HomePageEntry,userLeaving=true,pauseBackTasks]
05-11 11:10:51.108 1902 2028 D PhoneStartingWindowTypeAlgorithm: preferredStartingWindowType newTask:true taskSwitch:true processRunning:false allowTaskSnapshot:true activityCreated:false useEmptySplashScreen:false legacySplashScreen:false topIsHome:false
05-11 11:10:51.108 1902 2028 D StartingSurfaceDrawer: addSplashScreen com.yinhan.hunter.tx theme=1030007 task=290 suggestType=1
05-11 11:10:51.109 1497 2519 I wm_pause_activity: [0,160687672,com.android.launcher3/.uioverrides.QuickstepLauncher,userLeaving=true,pauseBackTasks]
05-11 11:10:51.110 1902 2031 D StartingSurfaceDrawer: window attributes color: 0 icon null duration 0 brandImage null
05-11 11:10:51.111 2603 2603 I wm_on_paused_called: [160687672,com.android.launcher3.uioverrides.QuickstepLauncher,performPause]
05-11 11:10:51.112 1497 3412 I wm_add_to_stopping: [0,160687672,com.android.launcher3/.uioverrides.QuickstepLauncher,makeInvisible]
05-11 11:10:51.114 1902 2031 D StartingSurfaceDrawer: The icon is not an AdaptiveIconDrawable
05-11 11:10:51.116 1902 2031 D StartingSurfaceDrawer: fillViewWithIcon surfaceWindowView android.window.SplashScreenView{f7968a9 V.E...... ......ID 0,0-0,0}
05-11 11:10:51.118 1497 1588 I am_uid_running: 10108
05-11 11:10:51.118 1497 1588 D CompatibilityChangeReporter: Compat change id reported: 135634846; UID 10108; state: DISABLED
05-11 11:10:51.118 1497 1588 D CompatibilityChangeReporter: Compat change id reported: 177438394; UID 10108; state: DISABLED
05-11 11:10:51.118 1497 1588 D CompatibilityChangeReporter: Compat change id reported: 135772972; UID 10108; state: DISABLED
05-11 11:10:51.118 1497 1588 D CompatibilityChangeReporter: Compat change id reported: 135754954; UID 10108; state: DISABLED
05-11 11:10:51.119 1497 1603 D CompatibilityChangeReporter: Compat change id reported: 143937733; UID 10108; state: DISABLED
05-11 11:10:51.120 6574 6574 I wm_on_paused_called: [73312546,com.youku.v2.HomePageEntry,performPause]
05-11 11:10:51.121 1497 3412 I ActivityTaskManager: FOREGROUND_APPLICATION_CHANGED to com.yinhan.nsdk.ysdk.v1_8_20.YSDKSplActivity
05-11 11:10:51.125 1497 1588 I sysui_multi_action: [757,803,799,window_time_2,802,2]
05-11 11:10:51.126 1497 1603 I am_proc_start: [0,8074,10108,com.yinhan.hunter.tx,pre-top-activity,{com.yinhan.hunter.tx/com.yinhan.nsdk.ysdk.v1_8_20.YSDKSplActivity}]
05-11 11:10:51.126 1497 1603 I ActivityManager: Start proc 8074:com.yinhan.hunter.tx/u0a108 for pre-top-activity {com.yinhan.hunter.tx/com.yinhan.nsdk.ysdk.v1_8_20.YSDKSplActivity}
05-11 11:10:51.128 1497 8075 W ContextImpl: Calling a method in the system process without a qualified user: android.app.ContextImpl.sendBroadcast:1173 com.qualcomm.qti.Performance$SendGameLaunchBroadcast.run:217 java.lang.Thread.run:920
01-01 08:01:43.261 0 0 I binder : 8074:8074 ioctl 40046210 7fec0ec5c4 returned -22
05-11 11:10:51.143 1497 2516 I am_proc_bound: [0,8074,com.yinhan.hunter.tx]
05-11 11:10:51.145 1497 2516 I wm_restart_activity: [0,214034906,290,com.yinhan.hunter.tx/com.yinhan.nsdk.ysdk.v1_8_20.YSDKSplActivity]
05-11 11:10:51.146 1497 2516 I wm_set_resumed_activity: [0,com.yinhan.hunter.tx/com.yinhan.nsdk.ysdk.v1_8_20.YSDKSplActivity,minimalResumeActivityLocked]
05-11 11:10:51.147 1497 1588 I am_uid_active: 10108
05-11 11:10:51.153 2050 4354 W ContextImpl: Calling a method in the system process without a qualified user: android.app.ContextImpl.startService:1816 android.content.ContextWrapper.startService:774 com.thundercomm.gamemode.ingame.services.GameModeActionUtils.startGameModeService:118 com.thundercomm.gamemode.ingame.services.GameModeActionUtils.startGameModeEntry:29 com.thundercomm.gamemode.ingame.services.ActivityMonitoringService$1.onActivityLaunch:140
05-11 11:10:51.155 1497 1497 I GameModeConfig: Current uri is uri = content://com.thundercomm.gamemode.api/gamemode_settings/gamemode_isgaming
05-11 11:10:51.157 1497 1497 I GameModeConfig: isGameModeOn = true
05-11 11:10:51.157 1497 1497 I GameModeConfig: isGaming = true
05-11 11:10:51.157 1497 1497 I GameModeConfig: isDisableNotification = true
05-11 11:10:51.157 1497 1497 I GameModeConfig: isGameModeOn = true
05-11 11:10:51.157 1497 1497 I GameModeConfig: isGaming = true
05-11 11:10:51.157 1497 1497 I GameModeConfig: isDisableNotification = true
01-01 08:01:43.288 0 0 W ALERT : changing window size from 16000000 to 8000000 at 100604023033
05-11 11:10:51.179 8074 8074 I wm_on_create_called: [214034906,com.yinhan.nsdk.ysdk.v1_8_20.YSDKSplActivity,performCreate]
01-01 08:01:43.303 0 0 I atmel_mxt_ts 0-004a: FB event:2,blank:0
01-01 08:01:43.303 0 0 I atmel_mxt_ts 0-004a: suspend: event = 2, blank = 0, not care
01-01 08:01:43.303 0 0 I [drm:dsi_display_set_mode] [msm-dsi-info]: mdp_transfer_time_us=0 us
01-01 08:01:43.303 0 0 I [drm:dsi_display_set_mode] [msm-dsi-info]: hactive= 2560,vactive= 1080,fps=30
01-01 08:01:43.303 0 0 I : [MAX975X:max96755x_drm_notifier_callback] *INFO* receives BLANK: UNBLANK
05-11 11:10:51.184 8074 8074 I wm_on_start_called: [214034906,com.yinhan.nsdk.ysdk.v1_8_20.YSDKSplActivity,handleStartActivity]
05-11 11:10:51.185 8074 8074 I wm_on_resume_called: [214034906,com.yinhan.nsdk.ysdk.v1_8_20.YSDKSplActivity,RESUME_ACTIVITY]
05-11 11:10:51.189 1497 2519 W WindowManager: Failed looking up window session=Session{1d63748 8074:u0a10108} callers=com.android.server.wm.WindowManagerService.windowForClientLocked:5628 com.android.server.wm.Session.insetsModified:629 android.view.IWindowSession$Stub.onTransact:1151
05-11 11:10:51.194 8074 8074 I wm_on_top_resumed_gained_called: [214034906,com.yinhan.nsdk.ysdk.v1_8_20.YSDKSplActivity,topStateChangedWhenResumed]
05-11 11:10:51.198 1497 1588 I DisplayDeviceRepository: Display device changed: DisplayDeviceInfo{"内置å±å¹•": uniqueId="local:4630946816427681409", 2560 x 1080, modeId 3, defaultModeId 1, supportedModes [{id=1, width=2560, height=1080, fps=60.000004, alternativeRefreshRates=[30.000002, 45.0]}, {id=2, width=2560, height=1080, fps=45.0, alternativeRefreshRates=[30.000002, 60.000004]}, {id=3, width=2560, height=1080, fps=30.000002, alternativeRefreshRates=[45.0, 60.000004]}], colorMode 0, supportedColorModes [0], hdrCapabilities HdrCapabilities{mSupportedHdrTypes=[2, 3, 4], mMaxLuminance=500.0, mMaxAverageLuminance=500.0, mMinLuminance=0.0}, allmSupported false, gameContentTypeSupported false, density 240, 320.315 x 318.976 dpi, appVsyncOff 1000000, presDeadline 33333333, touch INTERNAL, rotation 0, type INTERNAL, address {port=129, model=0x40446d97fee5e6}, deviceProductInfo DeviceProductInfo{name=, manufacturerPnpId=QCM, productId=1, modelYear=null, manufactureDate=ManufactureDate{week=27, year=2006}, connectionToSinkType=0}, state ON, frameRateOverride , brightnessMinimum 0.0, brightnessMaximum 1.0, brightnessDefault 1.0, FLAG_DEFAULT_DISPLAY, FLAG_ROTATES_WITH_CONTENT, FLAG_SECURE, FLAG_SUPPORTS_PROTECTED_BUFFERS}
05-11 11:10:51.203 1497 1589 I input_focus: [Focus request 5b0cf63 com.yinhan.hunter.tx/com.yinhan.nsdk.ysdk.v1_8_20.YSDKSplActivity,reason=UpdateInputWindows]
05-11 11:10:51.354 1497 1780 I commit_sys_config_file: [settings-1-0,1]
01-01 08:01:43.505 0 0 I atmel_mxt_ts 0-004a: FB event:1,blank:0
01-01 08:01:43.505 0 0 I atmel_mxt_ts 0-004a: drm_notifier_callback: UNBLANK! Resume by drm notifier.
01-01 08:01:43.509 0 0 I binder : 8074:8103 ioctl 40046210 7116eb81f4 returned -22
05-11 11:10:51.411 1902 2028 D StartingSurfaceDrawer: Task start finish, remove starting surface for task 290
05-11 11:10:51.411 1902 2028 V StartingSurfaceDrawer: Removing splash screen window for task: 290
05-11 11:10:51.411 1497 1585 I sysui_multi_action: [319,38,321,36,322,308,325,100,757,761,758,7,759,1,806,com.yinhan.hunter.tx,871,com.yinhan.nsdk.ysdk.v1_8_20.YSDKSplActivity,904,com.android.launcher3,905,0,945,42,1320,4,1321,4]
05-11 11:10:51.412 1497 1585 I wm_activity_launch_time: [0,214034906,com.yinhan.hunter.tx/com.yinhan.nsdk.ysdk.v1_8_20.YSDKSplActivity,308]
05-11 11:10:51.410 866 866 I auditd : type=1400 audit(0.0:7534): avc: denied { add_name } for comm="perf@2.2-servic" name="clkscale_enable" scontext=u:r:vendor_hal_perf_default:s0 tcontext=u:object_r:sysfs:s0 tclass=dir permissive=1
05-11 11:10:51.415 1497 1792 I input_focus: [Focus leaving 31f13a com.youku.phone/com.youku.v2.HomePageEntry (server),reason=setFocusedWindow]
05-11 11:10:51.415 1497 1792 I input_focus: [Focus entering 5b0cf63 com.yinhan.hunter.tx/com.yinhan.nsdk.ysdk.v1_8_20.YSDKSplActivity (server),reason=setFocusedWindow]
05-11 11:10:51.410 866 866 I auditd : type=1400 audit(0.0:7535): avc: denied { create } for comm="perf@2.2-servic" name="clkscale_enable" scontext=u:r:vendor_hal_perf_default:s0 tcontext=u:object_r:sysfs:s0 tclass=file permissive=1
05-11 11:10:51.670 6947 6947 I auditd : type=1400 audit(0.0:7536): avc: denied { open } for comm="APM-TickThread" path="/proc/stat" dev="proc" ino=4026532236 scontext=u:r:untrusted_app_27:s0:c107,c256,c512,c768 tcontext=u:object_r:proc_stat:s0 tclass=file permissive=1 app=com.qqgame.happymj
05-11 11:10:51.670 6947 6947 I auditd : type=1400 audit(0.0:7537): avc: denied { getattr } for comm="APM-TickThread" path="/proc/stat" dev="proc" ino=4026532236 scontext=u:r:untrusted_app_27:s0:c107,c256,c512,c768 tcontext=u:object_r:proc_stat:s0 tclass=file permissive=1 app=com.qqgame.happymj
05-11 11:10:51.692 1497 1588 I wm_stop_activity: [0,160687672,com.android.launcher3/.uioverrides.QuickstepLauncher]
05-11 11:10:51.762 2603 2603 I wm_on_stop_called: [160687672,com.android.launcher3.uioverrides.QuickstepLauncher,STOP_ACTIVITY_ITEM]
01-01 08:01:44.046 0 0 I : boot log copy done
05-11 11:10:51.982 1497 2090 I thunderperf: PlatormCompat.setOverrides: Uid1=10108 Pid1=8074 Uid2=10108 Pid2=8074
05-11 11:10:51.982 1497 2090 I thunderperf: PlatormCompat.setOverrides: needCheck:false
05-11 11:10:51.982 1497 2090 I thunderperf: CompatConfig.addOverrideUnsafe: bef-state=0
05-11 11:10:51.982 1497 2090 I thunderperf: CompatConfig.addOverrideUnsafe: aft-state=0
05-11 11:10:51.982 1497 2090 W PackageManager: MATCH_ANY_USER flag requires INTERACT_ACROSS_USERS permission: UID 10108 requires android.permission.INTERACT_ACROSS_USERS_FULL or android.permission.INTERACT_ACROSS_USERS to access user 0.
05-11 11:10:51.984 1497 2090 I ActivityTaskManager: START u0 {cmp=com.yinhan.hunter.tx/com.yinhan.hunter.GAT} from uid 10108
05-11 11:10:51.985 1497 2090 I wm_task_moved: [290,1,8]
05-11 11:10:51.985 1497 2090 I wm_set_resumed_activity: [0,com.yinhan.hunter.tx/com.yinhan.nsdk.ysdk.v1_8_20.YSDKSplActivity,positionChildAt]
05-11 11:10:51.985 1497 2090 I wm_create_activity: [0,64073456,290,com.yinhan.hunter.tx/com.yinhan.hunter.GAT,NULL,NULL,NULL,0]
05-11 11:10:51.986 1497 2090 I wm_pause_activity: [0,214034906,com.yinhan.hunter.tx/com.yinhan.nsdk.ysdk.v1_8_20.YSDKSplActivity,userLeaving=true,resumeTopActivityInnerLocked]
05-11 11:10:51.987 1497 2090 I wm_finish_activity: [0,214034906,290,com.yinhan.hunter.tx/com.yinhan.nsdk.ysdk.v1_8_20.YSDKSplActivity,app-request]
05-11 11:10:51.987 8074 8074 I wm_on_top_resumed_lost_called: [214034906,com.yinhan.nsdk.ysdk.v1_8_20.YSDKSplActivity,topStateChangedWhenResumed]
05-11 11:10:51.988 8074 8074 I wm_on_paused_called: [214034906,com.yinhan.nsdk.ysdk.v1_8_20.YSDKSplActivity,performPause]
05-11 11:10:51.988 1497 2090 I wm_add_to_stopping: [0,214034906,com.yinhan.hunter.tx/com.yinhan.nsdk.ysdk.v1_8_20.YSDKSplActivity,completeFinishing]
05-11 11:10:51.988 1497 2090 I ActivityTaskManager: FOREGROUND_APPLICATION_CHANGED to com.yinhan.hunter.GAT
05-11 11:10:51.988 1497 2090 I ActivityTaskManager: The Process com.yinhan.hunter.tx Already Exists in BG. So sending its PID: 8074
05-11 11:10:51.988 1497 2090 W ActivityTaskManager: Tried to set launchTime (0) < mLastActivityLaunchTime (100581)
05-11 11:10:51.989 1497 2090 I wm_restart_activity: [0,64073456,290,com.yinhan.hunter.tx/com.yinhan.hunter.GAT]
05-11 11:10:51.991 1497 2090 I wm_set_resumed_activity: [0,com.yinhan.hunter.tx/com.yinhan.hunter.GAT,minimalResumeActivityLocked]
05-11 11:10:51.995 1497 1588 I sysui_multi_action: [757,803,799,window_time_0,802,1]
05-11 11:10:52.001 8074 8074 I wm_on_create_called: [64073456,com.yinhan.hunter.GAT,performCreate]
05-11 11:10:52.002 8074 8074 I wm_on_start_called: [64073456,com.yinhan.hunter.GAT,handleStartActivity]
05-11 11:10:52.002 8074 8074 I wm_on_resume_called: [64073456,com.yinhan.hunter.GAT,RESUME_ACTIVITY]
05-11 11:10:52.003 1497 2090 W WindowManager: Failed looking up window session=Session{1d63748 8074:u0a10108} callers=com.android.server.wm.WindowManagerService.windowForClientLocked:5628 com.android.server.wm.Session.insetsModified:629 android.view.IWindowSession$Stub.onTransact:1151
05-11 11:10:52.006 1497 1589 I input_focus: [Focus request dd2f24c com.yinhan.hunter.tx/com.yinhan.hunter.GAT,reason=UpdateInputWindows]
05-11 11:10:52.008 8074 8074 I wm_on_top_resumed_gained_called: [64073456,com.yinhan.hunter.GAT,topStateChangedWhenResumed]
05-11 11:10:52.011 1497 1585 I wm_activity_launch_time: [0,64073456,com.yinhan.hunter.tx/com.yinhan.hunter.GAT,28]
05-11 11:10:52.018 1497 1792 I input_focus: [Focus leaving 5b0cf63 com.yinhan.hunter.tx/com.yinhan.nsdk.ysdk.v1_8_20.YSDKSplActivity (server),reason=NO_WINDOW]
05-11 11:10:52.018 1497 1792 I input_focus: [Focus entering dd2f24c com.yinhan.hunter.tx/com.yinhan.hunter.GAT (server),reason=setFocusedWindow]
05-11 11:10:52.098 0 0 I auditd : type=1400 audit(0.0:7538): avc: denied { kill } for comm="swapper/6" capability=5 scontext=u:r:kernel:s0 tcontext=u:r:kernel:s0 tclass=capability permissive=1
05-11 11:10:52.388 1497 1589 I input_focus: [Focus request b1b0f26 com.yinhan.hunter.tx/com.yinhan.hunter.GAT,reason=UpdateInputWindows]
05-11 11:10:52.415 1497 1588 I wm_destroy_activity: [0,214034906,290,com.yinhan.hunter.tx/com.yinhan.nsdk.ysdk.v1_8_20.YSDKSplActivity,finish-imm:idle]
05-11 11:10:52.448 8074 8074 I wm_on_stop_called: [214034906,com.yinhan.nsdk.ysdk.v1_8_20.YSDKSplActivity,LIFECYCLER_STOP_ACTIVITY]
05-11 11:10:52.448 1497 1792 I input_focus: [Focus leaving dd2f24c com.yinhan.hunter.tx/com.yinhan.hunter.GAT (server),reason=setFocusedWindow]
05-11 11:10:52.448 1497 1792 I input_focus: [Focus entering b1b0f26 com.yinhan.hunter.tx/com.yinhan.hunter.GAT (server),reason=setFocusedWindow]
05-11 11:10:52.448 8074 8074 I wm_on_destroy_called: [214034906,com.yinhan.nsdk.ysdk.v1_8_20.YSDKSplActivity,performDestroy]
05-11 11:10:53.614 1497 1792 I input_interaction: Interaction with: b1b0f26 com.yinhan.hunter.tx/com.yinhan.hunter.GAT (server), edge-swipe (server), swipe-up (server), PointerEventDispatcher0 (server),
05-11 11:10:53.830 1497 1589 I input_focus: [Focus request 4314c55 com.yinhan.hunter.tx/com.yinhan.hunter.GAT,reason=UpdateInputWindows]
05-11 11:10:53.851 1497 1792 I input_focus: [Focus entering 4314c55 com.yinhan.hunter.tx/com.yinhan.hunter.GAT (server),reason=setFocusedWindow]
05-11 11:10:53.930 1497 1589 I input_focus: [Focus request dd2f24c com.yinhan.hunter.tx/com.yinhan.hunter.GAT,reason=UpdateInputWindows]
05-11 11:10:53.931 1497 2077 I thunderperf: PlatormCompat.setOverrides: Uid1=10108 Pid1=8074 Uid2=10108 Pid2=8074
05-11 11:10:53.931 1497 2077 I thunderperf: PlatormCompat.setOverrides: needCheck:false
05-11 11:10:53.931 1497 2077 I thunderperf: CompatConfig.addOverrideUnsafe: bef-state=0
05-11 11:10:53.931 1497 2077 I thunderperf: CompatConfig.addOverrideUnsafe: aft-state=0
05-11 11:10:53.931 1497 2077 W PackageManager: MATCH_ANY_USER flag requires INTERACT_ACROSS_USERS permission: UID 10108 requires android.permission.INTERACT_ACROSS_USERS_FULL or android.permission.INTERACT_ACROSS_USERS to access user 0.
05-11 11:10:53.931 1497 2077 I ActivityTaskManager: START u0 {cmp=com.yinhan.hunter.tx/com.yongyong.nsdk.PermissionsActivity (has extras)} from uid 10108
05-11 11:10:53.933 1497 2077 I wm_task_moved: [290,1,8]
05-11 11:10:53.933 1497 2077 I wm_set_resumed_activity: [0,com.yinhan.hunter.tx/com.yinhan.hunter.GAT,positionChildAt]
05-11 11:10:53.933 1497 2077 I wm_create_activity: [0,187501012,290,com.yinhan.hunter.tx/com.yongyong.nsdk.PermissionsActivity,NULL,NULL,NULL,0]
05-11 11:10:53.933 1497 2077 I wm_pause_activity: [0,64073456,com.yinhan.hunter.tx/com.yinhan.hunter.GAT,userLeaving=true,resumeTopActivityInnerLocked]
05-11 11:10:53.935 8074 8074 I wm_on_top_resumed_lost_called: [64073456,com.yinhan.hunter.GAT,topStateChangedWhenResumed]
05-11 11:10:53.935 8074 8074 I wm_on_paused_called: [64073456,com.yinhan.hunter.GAT,performPause]
05-11 11:10:53.936 1497 2077 I ActivityTaskManager: FOREGROUND_APPLICATION_CHANGED to com.yongyong.nsdk.PermissionsActivity
05-11 11:10:53.936 1497 2077 I ActivityTaskManager: The Process com.yinhan.hunter.tx Already Exists in BG. So sending its PID: 8074
05-11 11:10:53.936 1497 2077 W ActivityTaskManager: Tried to set launchTime (0) < mLastActivityLaunchTime (101426)
05-11 11:10:53.936 1497 2077 I wm_restart_activity: [0,187501012,290,com.yinhan.hunter.tx/com.yongyong.nsdk.PermissionsActivity]
05-11 11:10:53.937 1497 2077 I wm_set_resumed_activity: [0,com.yinhan.hunter.tx/com.yongyong.nsdk.PermissionsActivity,minimalResumeActivityLocked]
05-11 11:10:53.940 1497 1588 I sysui_multi_action: [757,803,799,window_time_0,802,2]
05-11 11:10:53.942 8074 8074 I wm_on_create_called: [187501012,com.yongyong.nsdk.PermissionsActivity,performCreate]
05-11 11:10:53.943 8074 8074 I wm_on_start_called: [187501012,com.yongyong.nsdk.PermissionsActivity,handleStartActivity]
05-11 11:10:53.945 1497 2077 W WindowManager: Failed looking up window session=Session{1d63748 8074:u0a10108} callers=com.android.server.wm.WindowManagerService.windowForClientLocked:5628 com.android.server.wm.Session.insetsModified:629 android.view.IWindowSession$Stub.onTransact:1151
05-11 11:10:53.947 1497 3412 I ActivityTaskManager: START u0 {act=android.content.pm.action.REQUEST_PERMISSIONS pkg=com.android.permissioncontroller cmp=com.android.permissioncontroller/.permission.ui.GrantPermissionsActivity (has extras)} from uid 10108
05-11 11:10:53.951 1497 3412 D CompatibilityChangeReporter: Compat change id reported: 174042980; UID 10091; state: DISABLED
05-11 11:10:53.951 1497 3412 D CompatibilityChangeReporter: Compat change id reported: 184838306; UID 10091; state: DISABLED
05-11 11:10:53.951 1497 1792 I input_focus: [Focus entering dd2f24c com.yinhan.hunter.tx/com.yinhan.hunter.GAT (server),reason=setFocusedWindow]
05-11 11:10:53.951 1497 3412 D CompatibilityChangeReporter: Compat change id reported: 185004937; UID 10091; state: DISABLED
05-11 11:10:53.951 1497 3412 D CompatibilityChangeReporter: Compat change id reported: 181136395; UID 10091; state: DISABLED
05-11 11:10:53.952 1497 3412 D CompatibilityChangeReporter: Compat change id reported: 174042936; UID 10091; state: DISABLED
05-11 11:10:53.952 1497 3412 I wm_task_moved: [290,1,8]
05-11 11:10:53.952 1497 3412 I wm_set_resumed_activity: [0,com.yinhan.hunter.tx/com.yongyong.nsdk.PermissionsActivity,positionChildAt]
05-11 11:10:53.953 1497 3412 I wm_create_activity: [0,73360984,290,com.android.permissioncontroller/.permission.ui.GrantPermissionsActivity,android.content.pm.action.REQUEST_PERMISSIONS,NULL,NULL,8388608]
05-11 11:10:53.953 1497 3412 I wm_pause_activity: [0,187501012,com.yinhan.hunter.tx/com.yongyong.nsdk.PermissionsActivity,userLeaving=true,resumeTopActivityInnerLocked]
05-11 11:10:53.955 8074 8074 I wm_on_resume_called: [187501012,com.yongyong.nsdk.PermissionsActivity,RESUME_ACTIVITY]
05-11 11:10:53.958 1497 3023 W WindowManager: Failed looking up window session=Session{1d63748 8074:u0a10108} callers=com.android.server.wm.WindowManagerService.windowForClientLocked:5628 com.android.server.wm.Session.insetsModified:629 android.view.IWindowSession$Stub.onTransact:1151
05-11 11:10:53.959 8074 8074 I wm_on_top_resumed_gained_called: [187501012,com.yongyong.nsdk.PermissionsActivity,topStateChangedWhenResumed]
05-11 11:10:53.982 1497 1792 I input_focus: [Focus leaving dd2f24c com.yinhan.hunter.tx/com.yinhan.hunter.GAT (server),reason=NOT_FOCUSABLE]
05-11 11:10:53.983 1497 1589 I input_focus: [Focus request 5a2501f com.yinhan.hunter.tx/com.yongyong.nsdk.PermissionsActivity,reason=UpdateInputWindows]
05-11 11:10:53.993 8074 8074 I wm_on_top_resumed_lost_called: [187501012,com.yongyong.nsdk.PermissionsActivity,topStateChangedWhenResumed]
05-11 11:10:53.994 8074 8074 I wm_on_paused_called: [187501012,com.yongyong.nsdk.PermissionsActivity,performPause]
05-11 11:10:53.995 1497 2077 I ActivityTaskManager: FOREGROUND_APPLICATION_CHANGED to com.android.permissioncontroller.permission.ui.GrantPermissionsActivity
05-11 11:10:53.995 1497 2077 I ActivityTaskManager: The Process com.android.permissioncontroller Already Exists in BG. So sending its PID: 4101
05-11 11:10:53.996 1497 2077 I wm_restart_activity: [0,73360984,290,com.android.permissioncontroller/.permission.ui.GrantPermissionsActivity]
05-11 11:10:53.997 1497 2077 I wm_set_resumed_activity: [0,com.android.permissioncontroller/.permission.ui.GrantPermissionsActivity,minimalResumeActivityLocked]
05-11 11:10:54.000 1497 1588 I sysui_multi_action: [757,803,799,window_time_0,802,0]
05-11 11:10:54.004 2050 4354 W ContextImpl: Calling a method in the system process without a qualified user: android.app.ContextImpl.startService:1816 android.content.ContextWrapper.startService:774 com.thundercomm.gamemode.ingame.services.GameModeActionUtils.startGameModeService:118 com.thundercomm.gamemode.ingame.services.GameModeActionUtils.startGameModeEntry:29 com.thundercomm.gamemode.ingame.services.ActivityMonitoringService$1.onActivityLaunch:140
01-01 08:01:46.128 0 0 W ALERT : changing window size from 8000000 to 16000000 at 103444013396
05-11 11:10:54.008 1497 1497 I GameModeConfig: Current uri is uri = content://com.thundercomm.gamemode.api/gamemode_settings/gamemode_isgaming
05-11 11:10:54.009 1497 1497 I GameModeConfig: isGameModeOn = true
05-11 11:10:54.009 1497 1497 I GameModeConfig: isGaming = false
05-11 11:10:54.009 1497 1497 I GameModeConfig: isGameModeOn = true
05-11 11:10:54.009 1497 1497 I GameModeConfig: isGaming = false
05-11 11:10:54.009 1497 1497 I GameModeConfig: isDisableVoice = true
05-11 11:10:54.032 4101 4101 I wm_on_create_called: [73360984,com.android.permissioncontroller.permission.ui.GrantPermissionsActivity,performCreate]
05-11 11:10:54.033 4101 4101 I wm_on_start_called: [73360984,com.android.permissioncontroller.permission.ui.GrantPermissionsActivity,handleStartActivity]
05-11 11:10:54.033 1497 1792 I input_focus: [Focus entering dd2f24c com.yinhan.hunter.tx/com.yinhan.hunter.GAT (server),reason=Window became focusable. Previous reason: NOT_FOCUSABLE]
05-11 11:10:54.033 1497 1792 I input_focus: [Focus leaving dd2f24c com.yinhan.hunter.tx/com.yinhan.hunter.GAT (server),reason=Waiting for window because NOT_VISIBLE]
05-11 11:10:54.033 4101 4101 I wm_on_resume_called: [73360984,com.android.permissioncontroller.permission.ui.GrantPermissionsActivity,RESUME_ACTIVITY]
05-11 11:10:54.038 4101 4101 I wm_on_top_resumed_gained_called: [73360984,com.android.permissioncontroller.permission.ui.GrantPermissionsActivity,topStateChangedWhenResumed]
01-01 08:01:46.160 0 0 I atmel_mxt_ts 0-004a: FB event:2,blank:0
01-01 08:01:46.160 0 0 I atmel_mxt_ts 0-004a: suspend: event = 2, blank = 0, not care
01-01 08:01:46.160 0 0 I [drm:dsi_display_set_mode] [msm-dsi-info]: mdp_transfer_time_us=0 us
01-01 08:01:46.160 0 0 I [drm:dsi_display_set_mode] [msm-dsi-info]: hactive= 2560,vactive= 1080,fps=60
01-01 08:01:46.160 0 0 I : [MAX975X:max96755x_drm_notifier_callback] *INFO* receives BLANK: UNBLANK
05-11 11:10:54.060 1497 1589 I input_focus: [Focus request 616f85d com.android.permissioncontroller/com.android.permissioncontroller.permission.ui.GrantPermissionsActivity,reason=UpdateInputWindows]
01-01 08:01:46.183 0 0 I binder : 4101:4101 ioctl 40046210 7fec0eba04 returned -22
05-11 11:10:54.063 1497 1588 I DisplayDeviceRepository: Display device changed: DisplayDeviceInfo{"内置å±å¹•": uniqueId="local:4630946816427681409", 2560 x 1080, modeId 1, defaultModeId 1, supportedModes [{id=1, width=2560, height=1080, fps=60.000004, alternativeRefreshRates=[30.000002, 45.0]}, {id=2, width=2560, height=1080, fps=45.0, alternativeRefreshRates=[30.000002, 60.000004]}, {id=3, width=2560, height=1080, fps=30.000002, alternativeRefreshRates=[45.0, 60.000004]}], colorMode 0, supportedColorModes [0], hdrCapabilities HdrCapabilities{mSupportedHdrTypes=[2, 3, 4], mMaxLuminance=500.0, mMaxAverageLuminance=500.0, mMinLuminance=0.0}, allmSupported false, gameContentTypeSupported false, density 240, 320.315 x 318.976 dpi, appVsyncOff 1000000, presDeadline 16666666, touch INTERNAL, rotation 0, type INTERNAL, address {port=129, model=0x40446d97fee5e6}, deviceProductInfo DeviceProductInfo{name=, manufacturerPnpId=QCM, productId=1, modelYear=null, manufactureDate=ManufactureDate{week=27, year=2006}, connectionToSinkType=0}, state ON, frameRateOverride , brightnessMinimum 0.0, brightnessMaximum 1.0, brightnessDefault 1.0, FLAG_DEFAULT_DISPLAY, FLAG_ROTATES_WITH_CONTENT, FLAG_SECURE, FLAG_SUPPORTS_PROTECTED_BUFFERS}
05-11 11:10:54.072 1497 1585 I wm_activity_launch_time: [0,73360984,com.android.permissioncontroller/.permission.ui.GrantPermissionsActivity,139]
05-11 11:10:54.070 866 866 I auditd : type=1400 audit(0.0:7539): avc: denied { create } for comm="perf@2.2-servic" name="clkscale_enable" scontext=u:r:vendor_hal_perf_default:s0 tcontext=u:object_r:sysfs:s0 tclass=file permissive=1
05-11 11:10:54.206 1497 1780 I commit_sys_config_file: [settings-1-0,1]
01-01 08:01:46.364 0 0 I atmel_mxt_ts 0-004a: FB event:1,blank:0
01-01 08:01:46.364 0 0 I atmel_mxt_ts 0-004a: drm_notifier_callback: UNBLANK! Resume by drm notifier.
05-11 11:10:54.266 1497 1792 I input_focus: [Focus entering 5a2501f com.yinhan.hunter.tx/com.yongyong.nsdk.PermissionsActivity (server),reason=Window became focusable. Previous reason: NOT_VISIBLE]
05-11 11:10:54.266 1497 1792 I input_focus: [Focus leaving 5a2501f com.yinhan.hunter.tx/com.yongyong.nsdk.PermissionsActivity (server),reason=setFocusedWindow]
05-11 11:10:54.266 1497 1792 I input_focus: [Focus entering 616f85d com.android.permissioncontroller/com.android.permissioncontroller.permission.ui.GrantPermissionsActivity (server),reason=setFocusedWindow]
05-11 11:10:54.359 1497 1601 I am_pss : [3592,10094,com.tencent.android.qqdownloader,99089408,93544448,0,210698240,0,10,9]
05-11 11:10:54.368 1497 1601 I am_pss : [6095,10094,com.tencent.ilink.ServiceProcess,79411200,73674752,0,188899328,0,10,8]
01-01 08:01:46.588 0 0 E link_delay_work_func: DTC_ETH: SQI=0, link=0
01-01 08:01:46.638 0 0 I [dp_rx_][0x7a09dbd6][11:10:54.517468] wlan: [3496:I:QDF] DHCP-R RX: SA:34:f7:16:b2:4c:1e DA:ff:ff:ff:ff:ff:ff
05-11 11:10:54.838 6947 6947 I auditd : type=1400 audit(0.0:7540): avc: denied { open } for comm="APM-TickThread" path="/proc/stat" dev="proc" ino=4026532236 scontext=u:r:untrusted_app_27:s0:c107,c256,c512,c768 tcontext=u:object_r:proc_stat:s0 tclass=file permissive=1 app=com.qqgame.happymj
05-11 11:10:54.838 6947 6947 I auditd : type=1400 audit(0.0:7541): avc: denied { getattr } for comm="APM-TickThread" path="/proc/stat" dev="proc" ino=4026532236 scontext=u:r:untrusted_app_27:s0:c107,c256,c512,c768 tcontext=u:object_r:proc_stat:s0 tclass=file permissive=1 app=com.qqgame.happymj
05-11 11:10:55.047 1497 1792 I input_interaction: Interaction with: 616f85d com.android.permissioncontroller/com.android.permissioncontroller.permission.ui.GrantPermissionsActivity (server), edge-swipe (server), swipe-up (server), PointerEventDispatcher0 (server),
05-11 11:10:55.189 1497 2087 I sysui_multi_action: [757,1243,758,4,806,com.yinhan.hunter.tx,1241,android.permission.READ_PHONE_STATE]
05-11 11:10:55.930 866 866 I auditd : type=1400 audit(0.0:7542): avc: denied { add_name } for comm="perf@2.2-servic" name="clkscale_enable" scontext=u:r:vendor_hal_perf_default:s0 tcontext=u:object_r:sysfs:s0 tclass=dir permissive=1
05-11 11:10:56.016 1497 2090 I sysui_multi_action: [757,1243,758,4,806,com.yinhan.hunter.tx,1241,android.permission.WRITE_EXTERNAL_STORAGE]
05-11 11:10:56.018 1497 2090 I sysui_multi_action: [757,1243,758,4,806,com.yinhan.hunter.tx,1241,android.permission.READ_EXTERNAL_STORAGE]
05-11 11:10:56.018 4101 4101 I snet_event_log: [individual_permissions_requested,10108,com.yinhan.hunter.tx:com.yinhan.hunter.tx:;android.permission.READ_PHONE_STATE|false|768com.yinhan.hunter.tx:;android.permission.WRITE_EXTERNAL_STORAGE|false|2816;android.permission.READ_EXTERNAL_STORAGE|false|2816;android.permission.ACCESS_MEDIA_LOCATION|false|896]
05-11 11:10:56.019 1497 2087 I wm_finish_activity: [0,73360984,290,com.android.permissioncontroller/.permission.ui.GrantPermissionsActivity,app-request]
05-11 11:10:56.028 1497 2087 I wm_pause_activity: [0,73360984,com.android.permissioncontroller/.permission.ui.GrantPermissionsActivity,userLeaving=false,finish]
05-11 11:10:56.034 1497 1792 I input_focus: [Focus leaving 616f85d com.android.permissioncontroller/com.android.permissioncontroller.permission.ui.GrantPermissionsActivity (server),reason=NO_WINDOW]
05-11 11:10:56.054 4101 4101 I wm_on_top_resumed_lost_called: [73360984,com.android.permissioncontroller.permission.ui.GrantPermissionsActivity,topStateChangedWhenResumed]
05-11 11:10:56.054 4101 4101 I wm_on_paused_called: [73360984,com.android.permissioncontroller.permission.ui.GrantPermissionsActivity,performPause]
05-11 11:10:56.055 1497 2516 I ActivityTaskManager: FOREGROUND_APPLICATION_CHANGED to com.yongyong.nsdk.PermissionsActivity
05-11 11:10:56.058 1497 2516 I wm_set_resumed_activity: [0,com.yinhan.hunter.tx/com.yongyong.nsdk.PermissionsActivity,resumeTopActivityInnerLocked]
05-11 11:10:56.060 1497 2516 I wm_resume_activity: [0,187501012,290,com.yinhan.hunter.tx/com.yongyong.nsdk.PermissionsActivity]
05-11 11:10:56.071 1497 1589 I input_focus: [Focus request 5a2501f com.yinhan.hunter.tx/com.yongyong.nsdk.PermissionsActivity,reason=UpdateInputWindows]
05-11 11:10:56.078 1497 1589 I input_focus: [Focus request 286b9ed com.yinhan.hunter.tx/com.yongyong.nsdk.PermissionsActivity,reason=UpdateInputWindows]
05-11 11:10:56.078 1497 1588 I sysui_multi_action: [757,803,799,window_time_0,802,2]
05-11 11:10:56.081 1497 2516 I wm_finish_activity: [0,187501012,290,com.yinhan.hunter.tx/com.yongyong.nsdk.PermissionsActivity,app-request]
05-11 11:10:56.082 1497 1792 I input_focus: [Focus entering 286b9ed com.yinhan.hunter.tx/com.yongyong.nsdk.PermissionsActivity (server),reason=setFocusedWindow]
05-11 11:10:56.093 1497 2516 I wm_pause_activity: [0,187501012,com.yinhan.hunter.tx/com.yongyong.nsdk.PermissionsActivity,userLeaving=false,finish]
05-11 11:10:56.094 1497 2087 W ActivityTaskManager: Duplicate finish request for r=ActivityRecord{b2d09d4 u0 com.yinhan.hunter.tx/com.yongyong.nsdk.PermissionsActivity taskAffinity=10108:com.yinhan.hunter.tx t290 f}}
05-11 11:10:56.094 8074 8074 I wm_on_activity_result_called: [187501012,com.yongyong.nsdk.PermissionsActivity,ACTIVITY_RESULT]
05-11 11:10:56.097 1497 2519 I ActivityTaskManager: FOREGROUND_APPLICATION_CHANGED to com.yinhan.hunter.GAT
05-11 11:10:56.099 1497 2519 I wm_set_resumed_activity: [0,com.yinhan.hunter.tx/com.yinhan.hunter.GAT,resumeTopActivityInnerLocked]
05-11 11:10:56.100 1497 2519 I wm_resume_activity: [0,64073456,290,com.yinhan.hunter.tx/com.yinhan.hunter.GAT]
05-11 11:10:56.107 1497 1588 I sysui_multi_action: [757,803,799,window_time_0,802,0]
05-11 11:10:56.108 1497 1589 I input_focus: [Focus request dd2f24c com.yinhan.hunter.tx/com.yinhan.hunter.GAT,reason=UpdateInputWindows]
05-11 11:10:56.115 1497 1792 I input_focus: [Focus leaving 286b9ed com.yinhan.hunter.tx/com.yongyong.nsdk.PermissionsActivity (server),reason=NO_WINDOW]
05-11 11:10:56.115 1497 1792 I input_focus: [Focus entering dd2f24c com.yinhan.hunter.tx/com.yinhan.hunter.GAT (server),reason=setFocusedWindow]
