05-11 11:09:22.322 1497 1603 I ActivityManager: Start proc 3054:com.hryt.hiphishowfsecontrol/1000 for added application com.hryt.hiphishowfsecontrol
05-11 11:09:22.322 1497 1603 W ActivityManager: Slow operation: 67ms so far, now at startProcess: starting to update pids map
05-11 11:09:22.322 1497 1603 W ActivityManager: Slow operation: 67ms so far, now at startProcess: done updating pids map
05-11 11:09:22.322 1497 1603 W ActivityManager: Slow operation: 66ms so far, now at startProcess: asking zygote to start proc
05-11 11:09:22.322 1497 1601 I am_meminfo: [273444864,3969097728,12288,288296960,1450635264]
05-11 11:09:22.322 1497 1603 D CompatibilityChangeReporter: Compat change id reported: 143937733; UID 10057; state: ENABLED
05-11 11:09:22.324 1497 1588 I sysui_multi_action: [757,803,799,window_time_0,802,4]
05-11 11:09:22.324 1497 1531 I am_proc_bound: [0,3011,com.hht.lebocast]
05-11 11:09:22.327 1497 1531 D CompatibilityChangeReporter: Compat change id reported: 168419799; UID 10081; state: DISABLED
05-11 11:09:22.328 1497 1603 W ActivityManager: Slow operation: 73ms so far, now at startProcess: returned from zygote!
05-11 11:09:22.331 1497 1531 I am_uid_active: 10081
05-11 11:09:22.332 1497 1601 I am_pss : [2430,1000,com.android.settings,45793280,30830592,0,157663232,2,2,8]
05-11 11:09:22.335 1497 2516 I am_uid_running: 10073
05-11 11:09:22.336 1497 2516 D CompatibilityChangeReporter: Compat change id reported: 135634846; UID 10073; state: DISABLED
05-11 11:09:22.336 1497 2516 D CompatibilityChangeReporter: Compat change id reported: 177438394; UID 10073; state: DISABLED
05-11 11:09:22.336 1497 2516 D CompatibilityChangeReporter: Compat change id reported: 135772972; UID 10073; state: DISABLED
05-11 11:09:22.336 1497 2516 D CompatibilityChangeReporter: Compat change id reported: 135754954; UID 10073; state: ENABLED
05-11 11:09:22.338 1497 1601 I am_pss : [2583,10084,com.qualcomm.qti.qccauthmgr,7596032,4272128,0,95215616,2,5,5]
01-01 08:00:14.464 0 0 I configfs-gadget gadget: high-speed config #1: b
01-01 08:00:14.465 0 0 E msm-dwc3 a600000.ssusb: Could not get usb psy
01-01 08:00:14.465 0 0 I android_work: sent uevent USB_STATE=CONFIGURED
01-01 08:00:14.469 0 0 I binder : 3059:3059 ioctl 40046210 7fec0ec5c4 returned -22
01-01 08:00:14.469 0 0 I binder : 3054:3054 ioctl 40046210 7fec0ec5c4 returned -22
01-01 08:00:14.475 0 0 I binder : 3024:3024 ioctl 40046210 7fec0eb4b4 returned -22
05-11 11:09:22.340 1497 1603 W ActivityManager: Slow operation: 84ms so far, now at startProcess: done updating battery stats
05-11 11:09:22.340 1497 1603 I am_proc_start: [0,3059,10057,.pasr,added application,.pasr]
05-11 11:09:22.340 1497 1603 W ActivityManager: Slow operation: 84ms so far, now at startProcess: building log message
05-11 11:09:22.340 1497 1603 I ActivityManager: Start proc 3059:.pasr/u0a57 for added application .pasr
05-11 11:09:22.340 1497 1603 W ActivityManager: Slow operation: 84ms so far, now at startProcess: starting to update pids map
05-11 11:09:22.340 1497 1603 W ActivityManager: Slow operation: 84ms so far, now at startProcess: done updating pids map
05-11 11:09:22.340 1497 1603 W ActivityManager: Slow operation: 84ms so far, now at startProcess: asking zygote to start proc
05-11 11:09:22.340 1497 1603 D CompatibilityChangeReporter: Compat change id reported: 143937733; UID 10071; state: DISABLED
05-11 11:09:22.342 1497 1846 V BackupManagerService: [UserID:0] No ancestral data
05-11 11:09:22.348 1497 3003 V BackupManagerConstants: getKeyValueBackupIntervalMilliseconds(...) returns 14400000
05-11 11:09:22.348 1497 3003 V BackupManagerConstants: getKeyValueBackupFuzzMilliseconds(...) returns 600000
05-11 11:09:22.348 1497 3003 V BackupManagerConstants: getKeyValueBackupRequiredNetworkType(...) returns 1
05-11 11:09:22.348 1497 3003 V BackupManagerConstants: getKeyValueBackupRequireCharging(...) returns true
05-11 11:09:22.351 1497 3003 V KeyValueBackupJob: Scheduling k/v pass in 247 minutes
05-11 11:09:22.352 1497 1601 I am_pss : [2450,10062,com.thundercomm.gamemode.provider,8896512,5689344,0,95744000,2,5,5]
05-11 11:09:22.356 1497 1921 I am_proc_bound: [0,3054,com.hryt.hiphishowfsecontrol]
05-11 11:09:22.357 1497 1603 W ActivityManager: Slow operation: 102ms so far, now at startProcess: returned from zygote!
05-11 11:09:22.359 1497 1601 I am_pss : [2441,10093,android.ext.services,10712064,5013504,0,102707200,2,5,5]
05-11 11:09:22.361 1497 2519 I am_proc_bound: [0,3059,.pasr]
05-11 11:09:22.362 1497 1835 D CompatibilityChangeReporter: Compat change id reported: 157233955; UID 10077; state: DISABLED
05-11 11:09:22.363 1497 2519 D CompatibilityChangeReporter: Compat change id reported: 168419799; UID 10057; state: DISABLED
05-11 11:09:22.365 1497 2519 I am_uid_active: 10057
05-11 11:09:22.365 1497 1603 W ActivityManager: Slow operation: 110ms so far, now at startProcess: done updating battery stats
05-11 11:09:22.365 1497 1603 I am_proc_start: [0,3096,10071,com.qualcomm.qti.services.systemhelper:systemhelper_service,added application,com.qualcomm.qti.services.systemhelper:systemhelper_service]
05-11 11:09:22.365 1497 1603 W ActivityManager: Slow operation: 110ms so far, now at startProcess: building log message
05-11 11:09:22.365 1497 1603 I ActivityManager: Start proc 3096:com.qualcomm.qti.services.systemhelper:systemhelper_service/u0a71 for added application com.qualcomm.qti.services.systemhelper:systemhelper_service
05-11 11:09:22.366 1497 1603 W ActivityManager: Slow operation: 110ms so far, now at startProcess: starting to update pids map
05-11 11:09:22.366 1497 1603 W ActivityManager: Slow operation: 110ms so far, now at startProcess: done updating pids map
05-11 11:09:22.366 1497 1603 W ActivityManager: Slow operation: 109ms so far, now at startProcess: asking zygote to start proc
05-11 11:09:22.366 1497 1603 D CompatibilityChangeReporter: Compat change id reported: 143937733; UID 10086; state: ENABLED
05-11 11:09:22.371 1497 1602 I am_wtf : [0,1497,system_server,-1,ActivityManager,Sending non-protected broadcast android.location.HIGH_POWER_REQUEST_CHANGE from system 2769:com.qualcomm.location/u0a77 pkg com.qualcomm.location]
05-11 11:09:22.372 1497 1603 W ActivityManager: Slow operation: 115ms so far, now at startProcess: returned from zygote!
05-11 11:09:22.372 1497 1601 I am_pss : [2589,10059,com.qualcomm.timeservice,5989376,3379200,0,89350144,2,19,5]
05-11 11:09:22.374 1497 1603 W ActivityManager: Slow operation: 117ms so far, now at startProcess: done updating battery stats
05-11 11:09:22.374 1497 1603 I am_proc_start: [0,3104,10086,com.qualcomm.qti.qccnetstat,added application,com.qualcomm.qti.qccnetstat]
05-11 11:09:22.374 1497 1603 W ActivityManager: Slow operation: 117ms so far, now at startProcess: building log message
05-11 11:09:22.374 1497 1603 I ActivityManager: Start proc 3104:com.qualcomm.qti.qccnetstat/u0a86 for added application com.qualcomm.qti.qccnetstat
05-11 11:09:22.375 1497 1602 I DropBoxManagerService: add tag=system_server_wtf isTagEnabled=true flags=0x2
05-11 11:09:22.376 1497 1603 W ActivityManager: Slow operation: 120ms so far, now at startProcess: starting to update pids map
05-11 11:09:22.377 1497 1603 W ActivityManager: Slow operation: 120ms so far, now at startProcess: done updating pids map
05-11 11:09:22.377 1497 1603 W ActivityManager: Slow operation: 120ms so far, now at startProcess: asking zygote to start proc
05-11 11:09:22.377 1497 1603 D CompatibilityChangeReporter: Compat change id reported: 143937733; UID 10083; state: ENABLED
01-01 08:00:14.497 0 0 I binder : 3096:3096 ioctl 40046210 7fec0ec5c4 returned -22
05-11 11:09:22.380 1497 2516 I am_proc_bound: [0,3096,com.qualcomm.qti.services.systemhelper:systemhelper_service]
05-11 11:09:22.382 1497 1601 I am_pss : [2401,1000,com.qualcomm.qti.qdma,12002304,7524352,0,106045440,2,0,6]
05-11 11:09:22.383 1497 2516 D CompatibilityChangeReporter: Compat change id reported: 168419799; UID 10071; state: DISABLED
05-11 11:09:22.385 1497 2516 I am_uid_active: 10071
05-11 11:09:22.389 1497 1601 I am_pss : [2342,10065,com.qualcomm.qti.devicestatisticsservice,5965824,3452928,0,88981504,2,0,5]
05-11 11:09:22.391 1497 1846 I BackupManagerService: isBackupEnabled() => false due to absent settings file
05-11 11:09:22.391 1497 1846 D BackupManagerService: user:0 readBackupEnableState enabled:false
05-11 11:09:22.391 1497 1846 I BackupManagerService: [UserID:0] Backup enabled => false
01-01 08:00:14.515 0 0 I binder : 3104:3104 ioctl 40046210 7fec0ec5c4 returned -22
05-11 11:09:22.397 1497 1601 I am_pss : [2324,1000,com.thundercomm.remotecontrolservice,10375168,6934528,0,101064704,2,0,6]
01-01 08:00:14.535 0 0 I binder : 3143:3143 ioctl 40046210 7fec0ec5c4 returned -22
01-01 08:00:14.538 0 0 W QSEECOM : __qseecom_unload_app: App (8) is unloaded
01-01 08:00:14.538 0 0 D qbt : qbt_release: entry minor_no=0 fd_available=0
05-11 11:09:22.398 1497 1603 W ActivityManager: Slow operation: 141ms so far, now at startProcess: returned from zygote!
01-01 08:00:14.538 0 0 D qbt : qbt_release: Releasing wakelock
05-11 11:09:22.398 1497 1603 W ActivityManager: Slow operation: 141ms so far, now at startProcess: done updating battery stats
05-11 11:09:22.398 1497 1603 I am_proc_start: [0,3143,10083,com.qualcomm.qti.workloadclassifier,added application,com.qualcomm.qti.workloadclassifier]
05-11 11:09:22.398 1497 1603 W ActivityManager: Slow operation: 141ms so far, now at startProcess: building log message
05-11 11:09:22.398 1497 1603 I ActivityManager: Start proc 3143:com.qualcomm.qti.workloadclassifier/u0a83 for added application com.qualcomm.qti.workloadclassifier
05-11 11:09:22.398 1497 1603 W ActivityManager: Slow operation: 141ms so far, now at startProcess: starting to update pids map
05-11 11:09:22.398 1497 1603 W ActivityManager: Slow operation: 141ms so far, now at startProcess: done updating pids map
05-11 11:09:22.398 1497 1603 W ActivityManager: Slow operation: 134ms so far, now at startProcess: asking zygote to start proc
05-11 11:09:22.398 1497 1603 D CompatibilityChangeReporter: Compat change id reported: 143937733; UID 10092; state: ENABLED
05-11 11:09:22.403 1497 1601 I am_pss : [2302,1068,com.android.se,6457344,3887104,0,91127808,2,0,5]
05-11 11:09:22.409 1497 1601 I am_pss : [2339,1000,com.thundercomm.tcservice,10850304,8069120,0,97386496,2,0,5]
05-11 11:09:22.413 1497 1603 W ActivityManager: Slow operation: 149ms so far, now at startProcess: returned from zygote!
05-11 11:09:22.413 1497 1603 W ActivityManager: Slow operation: 149ms so far, now at startProcess: done updating battery stats
05-11 11:09:22.413 1497 1603 I am_proc_start: [0,3156,10092,com.android.providers.media.module,service,{com.android.providers.media.module/com.android.providers.media.fuse.ExternalStorageServiceImpl}]
05-11 11:09:22.413 1497 1603 I Watchdog: Interesting Java process com.android.providers.media.module started. Pid 3156
05-11 11:09:22.413 1497 1603 W ActivityManager: Slow operation: 149ms so far, now at startProcess: building log message
05-11 11:09:22.413 1497 1603 I ActivityManager: Start proc 3156:com.android.providers.media.module/u0a92 for service {com.android.providers.media.module/com.android.providers.media.fuse.ExternalStorageServiceImpl}
05-11 11:09:22.413 1497 1603 W ActivityManager: Slow operation: 149ms so far, now at startProcess: starting to update pids map
05-11 11:09:22.413 1497 1603 W ActivityManager: Slow operation: 149ms so far, now at startProcess: done updating pids map
05-11 11:09:22.413 1497 1603 W ActivityManager: Slow operation: 102ms so far, now at startProcess: asking zygote to start proc
05-11 11:09:22.413 1497 1603 D CompatibilityChangeReporter: Compat change id reported: 143937733; UID 10022; state: ENABLED
05-11 11:09:22.417 1497 1530 I am_proc_bound: [0,3104,com.qualcomm.qti.qccnetstat]
05-11 11:09:22.418 1497 1497 W Looper : Slow dispatch took 319ms main h=android.os.Handler c=com.android.server.biometrics.sensors.BiometricScheduler$InternalCallback$$ExternalSyntheticLambda0@253c9fb m=0
05-11 11:09:22.418 1497 1497 W Looper : Slow delivery took 325ms main h=com.android.server.job.JobSchedulerService$JobHandler c=null m=4
05-11 11:09:22.418 1497 1601 I am_pss : [1887,1002,com.android.bluetooth,26591232,20770816,0,130142208,2,0,8]
05-11 11:09:22.421 1497 1497 D CompatibilityChangeReporter: Compat change id reported: 175319604; UID 10093; state: DISABLED
05-11 11:09:22.423 1497 1530 D CompatibilityChangeReporter: Compat change id reported: 168419799; UID 10086; state: DISABLED
05-11 11:09:22.424 1497 1530 I am_uid_active: 10086
05-11 11:09:22.425 1497 1601 I am_pss : [2287,10085,com.qti.qualcomm.mstatssystemservice,6054912,3633152,0,89378816,2,0,5]
05-11 11:09:22.426 1497 2519 I am_uid_running: 10019
05-11 11:09:22.426 1497 2519 D CompatibilityChangeReporter: Compat change id reported: 135634846; UID 10019; state: DISABLED
05-11 11:09:22.426 1497 2519 D CompatibilityChangeReporter: Compat change id reported: 177438394; UID 10019; state: DISABLED
05-11 11:09:22.426 1497 2519 D CompatibilityChangeReporter: Compat change id reported: 135772972; UID 10019; state: DISABLED
05-11 11:09:22.426 1497 2519 D CompatibilityChangeReporter: Compat change id reported: 135754954; UID 10019; state: ENABLED
05-11 11:09:22.427 1497 3023 W StorageManagerService: Reporting emulated;0 unmounted due to system locked
05-11 11:09:22.427 1497 1497 D CompatibilityChangeReporter: Compat change id reported: 175319604; UID 10078; state: ENABLED
05-11 11:09:22.427 1497 1497 D CompanionDeviceManagerService: Received BT state transition broadcast: BLE_ON -> TURNING_ON
05-11 11:09:22.431 1497 1601 I am_pss : [2255,1000,vendor.qti.qesdk.sysservice,6139904,3620864,0,90832896,2,0,5]
05-11 11:09:22.435 1497 1835 I am_proc_bound: [0,3143,com.qualcomm.qti.workloadclassifier]
05-11 11:09:22.436 1497 1603 W ActivityManager: Slow operation: 124ms so far, now at startProcess: returned from zygote!
05-11 11:09:22.437 1497 1835 D CompatibilityChangeReporter: Compat change id reported: 168419799; UID 10083; state: DISABLED
05-11 11:09:22.438 1497 1835 I am_uid_active: 10083
05-11 11:09:22.438 1497 1601 I am_pss : [2203,1073,com.android.networkstack.process,11010048,7393280,0,102653952,2,0,7]
05-11 11:09:22.442 1497 1497 I NotificationHistory: Attempted to unlock gone/disabled user 0
05-11 11:09:22.443 1497 1603 W ActivityManager: Slow operation: 131ms so far, now at startProcess: done updating battery stats
05-11 11:09:22.443 1497 1603 I am_proc_start: [0,3187,10022,com.android.traceur,broadcast,{com.android.traceur/com.android.traceur.Receiver}]
05-11 11:09:22.443 1497 1603 W ActivityManager: Slow operation: 131ms so far, now at startProcess: building log message
05-11 11:09:22.443 1497 1603 I ActivityManager: Start proc 3187:com.android.traceur/u0a22 for broadcast {com.android.traceur/com.android.traceur.Receiver}
05-11 11:09:22.443 1497 1603 W ActivityManager: Slow operation: 131ms so far, now at startProcess: starting to update pids map
05-11 11:09:22.443 1497 1603 W ActivityManager: Slow operation: 132ms so far, now at startProcess: done updating pids map
05-11 11:09:22.443 1497 1603 W ActivityManager: Slow operation: 131ms so far, now at startProcess: asking zygote to start proc
05-11 11:09:22.443 1497 1603 D CompatibilityChangeReporter: Compat change id reported: 143937733; UID 10017; state: ENABLED
05-11 11:09:22.444 1497 1497 V NotificationAssistants: disabling notification assistant for user 0: ComponentInfo{android.ext.services/android.ext.services.notification.Assistant}
05-11 11:09:22.444 1497 1497 D NotificationListeners: Removing active service ComponentInfo{android.ext.services/android.ext.services.notification.Assistant}
05-11 11:09:22.445 1497 2516 I am_proc_bound: [0,3156,com.android.providers.media.module]
05-11 11:09:22.445 1497 1497 V NotificationAssistants: enabling notification assistant for 0: ComponentInfo{android.ext.services/android.ext.services.notification.Assistant}
05-11 11:09:22.445 1497 1497 V NotificationAssistants: binding: Intent { act=android.service.notification.NotificationAssistantService cmp=android.ext.services/.notification.Assistant (has extras) }
05-11 11:09:22.445 1497 1601 I am_pss : [2213,1000,com.thundercomm.tcsetupwizard,7514112,5165056,0,91054080,2,0,6]
05-11 11:09:22.448 1497 2516 D CompatibilityChangeReporter: Compat change id reported: 168419799; UID 10092; state: DISABLED
05-11 11:09:22.450 1497 2516 I am_uid_active: 10092
05-11 11:09:22.451 1497 1603 W ActivityManager: Slow operation: 138ms so far, now at startProcess: returned from zygote!
05-11 11:09:22.451 1497 1601 I am_pss : [2196,1000,com.tc.logclient,6918144,4620288,0,90484736,2,0,5]
01-01 08:00:14.538 0 0 D qbt : qbt_release: exit : fd_available=1
01-01 08:00:14.538 0 0 D qbt : qbt_release: entry minor_no=1 fd_available=1
01-01 08:00:14.538 0 0 D qbt : qbt_release: exit : fd_available=1
01-01 08:00:14.560 0 0 I binder : 3156:3156 ioctl 40046210 7fec0ec5c4 returned -22
05-11 11:09:22.456 1497 1497 D CompatibilityChangeReporter: Compat change id reported: 168419799; UID 10093; state: DISABLED
01-01 08:00:14.572 0 0 I binder : 2603:3130 ioctl 40046210 70af964254 returned -22
05-11 11:09:22.457 1497 1603 W ActivityManager: Slow operation: 144ms so far, now at startProcess: done updating battery stats
05-11 11:09:22.457 1497 1603 I am_proc_start: [0,3203,10017,android.process.media,broadcast,{com.android.mtp/com.android.mtp.MtpReceiver}]
05-11 11:09:22.457 1497 1603 W ActivityManager: Slow operation: 144ms so far, now at startProcess: building log message
05-11 11:09:22.457 1497 1603 I ActivityManager: Start proc 3203:android.process.media/u0a17 for broadcast {com.android.mtp/com.android.mtp.MtpReceiver}
05-11 11:09:22.457 1497 1603 W ActivityManager: Slow operation: 144ms so far, now at startProcess: starting to update pids map
05-11 11:09:22.457 1497 1603 W ActivityManager: Slow operation: 144ms so far, now at startProcess: done updating pids map
05-11 11:09:22.457 1497 1603 W ActivityManager: Slow operation: 121ms so far, now at startProcess: asking zygote to start proc
05-11 11:09:22.457 1497 1603 D CompatibilityChangeReporter: Compat change id reported: 143937733; UID 10073; state: ENABLED
05-11 11:09:22.458 1497 1601 I am_pss : [2166,1000,com.thundercomm.tchttpserver,7666688,5378048,0,91246592,2,0,6]
05-11 11:09:22.461 1497 1530 I am_proc_bound: [0,3187,com.android.traceur]
05-11 11:09:22.462 1497 1530 D CompatibilityChangeReporter: Compat change id reported: 168419799; UID 10022; state: DISABLED
05-11 11:09:22.464 1497 1530 I am_uid_active: 10022
05-11 11:09:22.464 1497 1601 I am_pss : [2154,10054,.qtidataservices,6333440,4018176,0,90955776,2,0,5]
05-11 11:09:22.470 1497 1603 W ActivityManager: Slow operation: 134ms so far, now at startProcess: returned from zygote!
05-11 11:09:22.470 1497 1601 I am_pss : [2147,1001,.dataservices,7279616,4927488,0,91996160,2,0,5]
05-11 11:09:22.470 1497 1603 W ActivityManager: Slow operation: 135ms so far, now at startProcess: done updating battery stats
05-11 11:09:22.470 1497 1603 I am_proc_start: [0,3237,10073,com.qualcomm.location.XT,service,{com.qualcomm.location.XT/com.qualcomm.location.XT.XTSrv}]
05-11 11:09:22.470 1497 1603 W ActivityManager: Slow operation: 135ms so far, now at startProcess: building log message
05-11 11:09:22.470 1497 1603 I ActivityManager: Start proc 3237:com.qualcomm.location.XT/u0a73 for service {com.qualcomm.location.XT/com.qualcomm.location.XT.XTSrv}
05-11 11:09:22.471 1497 1603 W ActivityManager: Slow operation: 136ms so far, now at startProcess: starting to update pids map
05-11 11:09:22.471 1497 1603 W ActivityManager: Slow operation: 136ms so far, now at startProcess: done updating pids map
05-11 11:09:22.472 1497 1603 D CompatibilityChangeReporter: Compat change id reported: 143937733; UID 10019; state: ENABLED
05-11 11:09:22.473 1497 1835 I am_proc_bound: [0,3203,android.process.media]
01-01 08:00:14.577 0 0 I binder : 3187:3187 ioctl 40046210 7fec0ec5c4 returned -22
01-01 08:00:14.589 0 0 I binder : 3203:3203 ioctl 40046210 7fec0ec5c4 returned -22
05-11 11:09:22.478 1497 1601 I am_pss : [2144,1000,com.thundercomm.microsettings,28318720,22863872,0,119136256,2,0,6]
05-11 11:09:22.478 1497 1835 D CompatibilityChangeReporter: Compat change id reported: 168419799; UID 10017; state: DISABLED
05-11 11:09:22.484 1497 1601 I am_pss : [2136,1000,com.thundercomm.microservice,9248768,6852608,0,95064064,2,0,6]
01-01 08:00:14.606 0 0 I binder : 3237:3237 ioctl 40046210 7fec0ec5c4 returned -22
05-11 11:09:22.485 1497 1603 W ActivityManager: Slow operation: 59ms so far, now at startProcess: returned from zygote!
05-11 11:09:22.485 1497 1603 W ActivityManager: Slow operation: 60ms so far, now at startProcess: done updating battery stats
05-11 11:09:22.485 1497 1603 I am_proc_start: [0,3259,10019,android.process.acore,content provider,{com.android.providers.contacts/com.android.providers.contacts.ContactsProvider2}]
05-11 11:09:22.485 1497 1603 W ActivityManager: Slow operation: 60ms so far, now at startProcess: building log message
05-11 11:09:22.485 1497 1603 I ActivityManager: Start proc 3259:android.process.acore/u0a19 for content provider {com.android.providers.contacts/com.android.providers.contacts.ContactsProvider2}
05-11 11:09:22.485 1497 1603 W ActivityManager: Slow operation: 60ms so far, now at startProcess: starting to update pids map
05-11 11:09:22.485 1497 1603 W ActivityManager: Slow operation: 60ms so far, now at startProcess: done updating pids map
05-11 11:09:22.487 1497 1835 I am_proc_bound: [0,3237,com.qualcomm.location.XT]
05-11 11:09:22.488 1497 1835 D CompatibilityChangeReporter: Compat change id reported: 168419799; UID 10073; state: DISABLED
05-11 11:09:22.490 1497 1835 I am_uid_active: 10073
05-11 11:09:22.491 1497 1601 I am_pss : [2050,1000,com.thundercomm.gamemode,9383936,7012352,0,95059968,2,0,5]
01-01 08:00:14.624 0 0 W ALERT : changing window size from 20000000 to 16000000 at 11940031973
05-11 11:09:22.507 1497 1601 I am_pss : [1902,10078,com.android.systemui,194048000,171274240,0,345858048,2,0,14]
01-01 08:00:14.627 0 0 I binder : 3259:3259 ioctl 40046210 7fec0ec5c4 returned -22
05-11 11:09:22.512 1497 2519 I am_proc_bound: [0,3259,android.process.acore]
05-11 11:09:22.513 1497 2519 D CompatibilityChangeReporter: Compat change id reported: 168419799; UID 10019; state: DISABLED
05-11 11:09:22.514 1497 2519 I am_uid_active: 10019
05-11 11:09:22.527 1497 1601 I am_pss : [1497,1000,system,325028864,223330304,0,645750784,2,0,19]
05-11 11:09:22.529 1497 1886 I SyncManager: Loaded persisted syncs: 2 periodic syncs, 1 oneshot syncs, 19 total system server jobs, JobStats: FirstLoad: 9/8/3 LastSave: -1/-1/-1
05-11 11:09:22.531 1497 1497 I am_uid_running: 10094
05-11 11:09:22.531 1497 1497 D CompatibilityChangeReporter: Compat change id reported: 135634846; UID 10094; state: DISABLED
05-11 11:09:22.531 1497 1497 D CompatibilityChangeReporter: Compat change id reported: 177438394; UID 10094; state: DISABLED
05-11 11:09:22.532 1497 1497 D CompatibilityChangeReporter: Compat change id reported: 135772972; UID 10094; state: DISABLED
05-11 11:09:22.532 1497 1497 D CompatibilityChangeReporter: Compat change id reported: 135754954; UID 10094; state: DISABLED
05-11 11:09:22.532 1497 1603 D CompatibilityChangeReporter: Compat change id reported: 143937733; UID 10094; state: DISABLED
05-11 11:09:22.535 1497 1497 I sysui_multi_action: [757,1501,758,1,793,552,794,0,795,552,796,27,806,android,857,USB,858,1,947,0,1500,0]
05-11 11:09:22.535 1497 1497 I sysui_multi_action: [757,804,799,note_interruptive,801,0,802,1]
05-11 11:09:22.536 1497 1497 I GameModeConfig: isGameModeOn = true
05-11 11:09:22.536 1497 1497 I GameModeConfig: isGaming = false
05-11 11:09:22.536 1497 1497 W NotificationHistory: Attempted to add notif for locked/gone/disabled user 0
05-11 11:09:22.536 1497 1497 I sysui_multi_action: [757,1501,758,1,793,552,794,0,795,552,796,26,806,android,857,DEVELOPER_IMPORTANT,858,4,947,0,1500,0]
05-11 11:09:22.536 1497 1497 I sysui_multi_action: [757,804,799,note_interruptive,801,0,802,1]
05-11 11:09:22.536 1497 1497 I GameModeConfig: isGameModeOn = true
05-11 11:09:22.536 1497 1497 I GameModeConfig: isGaming = false
05-11 11:09:22.537 1497 1497 W NotificationHistory: Attempted to add notif for locked/gone/disabled user 0
05-11 11:09:22.538 1497 1603 I am_proc_start: [0,3291,10094,com.tencent.android.qqdownloader:live,service,{com.tencent.android.qqdownloader/com.live.sync.YYBLiveSyncService1}]
05-11 11:09:22.538 1497 1603 I ActivityManager: Start proc 3291:com.tencent.android.qqdownloader:live/u0a94 for service {com.tencent.android.qqdownloader/com.live.sync.YYBLiveSyncService1}
05-11 11:09:22.538 1497 1825 I GameModeConfig: isGameModeOn = true
05-11 11:09:22.538 1497 1825 I GameModeConfig: isGaming = false
05-11 11:09:22.538 1497 1825 I GameModeConfig: isGameModeOn = true
05-11 11:09:22.538 1497 1825 I GameModeConfig: isGaming = false
05-11 11:09:22.538 1497 1825 I GameModeConfig: isGameModeOn = true
05-11 11:09:22.538 1497 1825 I GameModeConfig: isGaming = false
05-11 11:09:22.540 1497 1497 I Telecom : BluetoothDeviceManager: Got BluetoothHearingAid: android.bluetooth.BluetoothHearingAid@af4c97b: BMSL.oSC@AAo
05-11 11:09:22.540 1497 1497 D BiometricScheduler/Fingerprint21: [Finishing] {[1] FingerprintUpdateActiveUserClient, proto=1, owner=android, cookie=0, requestId=-1, userId=0}, success: true
05-11 11:09:22.540 1497 1497 D BiometricScheduler/Fingerprint21: [Polled] {[2] FingerprintInternalCleanupClient, proto=7, owner=android, cookie=0, requestId=-1, userId=0}, State: 0
05-11 11:09:22.540 1497 1497 D BiometricScheduler/Fingerprint21: [Starting] {[2] FingerprintInternalCleanupClient, proto=7, owner=android, cookie=0, requestId=-1, userId=0}, State: 0
05-11 11:09:22.540 1497 1497 D BiometricScheduler/Fingerprint21: [Started] {[2] FingerprintInternalCleanupClient, proto=7, owner=android, cookie=0, requestId=-1, userId=0}
05-11 11:09:22.540 1497 1497 D Biometrics/InternalCleanupClient: Starting enumerate: {[3] FingerprintInternalEnumerateClient, proto=6, owner=android, cookie=0, requestId=-1, userId=0}
05-11 11:09:22.541 1497 1497 V NotificationAssistants: 0 notification assistant service connected: ComponentInfo{android.ext.services/android.ext.services.notification.Assistant}
05-11 11:09:22.541 1497 1497 W Looper : Drained
05-11 11:09:22.548 1497 1825 I GameModeConfig: isGameModeOn = true
05-11 11:09:22.549 1497 1825 I GameModeConfig: isGaming = false
05-11 11:09:22.549 1497 1825 I GameModeConfig: isGameModeOn = true
05-11 11:09:22.549 1497 1825 I GameModeConfig: isGaming = false
05-11 11:09:22.549 1497 1825 I GameModeConfig: isGameModeOn = true
05-11 11:09:22.549 1497 1825 I GameModeConfig: isGaming = false
01-01 08:00:14.663 0 0 D qbt : qbt_open: entry minor_no=0 fd_available=1
01-01 08:00:14.663 0 0 D qbt : qbt_open: exit : 0 fd_available=0
01-01 08:00:14.663 0 0 D qbt : qbt_open: entry minor_no=1 fd_available=0
01-01 08:00:14.663 0 0 D qbt : qbt_open: exit : 0 fd_available=0
01-01 08:00:14.663 0 0 D qbt : qbt_ioctl: cmd received 107
01-01 08:00:14.663 0 0 D qbt : qbt_ioctl: Acquiring wakelock
01-01 08:00:14.671 0 0 I binder : 3237:3297 ioctl 40046210 711c291944 returned -22
05-11 11:09:22.556 1497 1825 I GameModeConfig: isGameModeOn = true
05-11 11:09:22.556 1497 1825 I GameModeConfig: isGaming = false
05-11 11:09:22.556 1497 1825 I GameModeConfig: isGameModeOn = true
05-11 11:09:22.556 1497 1825 I GameModeConfig: isGaming = false
05-11 11:09:22.556 1497 1825 I GameModeConfig: isGameModeOn = true
05-11 11:09:22.556 1497 1825 I GameModeConfig: isGaming = false
01-01 08:00:14.678 0 0 I binder : 3291:3291 ioctl 40046210 7fec0ec5c4 returned -22
01-01 08:00:14.687 0 0 W QSEECOM : qseecom_load_app: App (fingerpr) does'nt exist, loading apps for first time
05-11 11:09:22.573 1497 2516 I am_proc_bound: [0,3291,com.tencent.android.qqdownloader:live]
05-11 11:09:22.577 1497 2516 D CompatibilityChangeReporter: Compat change id reported: 168419799; UID 10094; state: DISABLED
05-11 11:09:22.583 1497 1825 I GameModeConfig: isGameModeOn = true
05-11 11:09:22.583 1497 1825 I GameModeConfig: isGaming = false
05-11 11:09:22.583 1497 1825 I GameModeConfig: isGameModeOn = true
05-11 11:09:22.583 1497 1825 I GameModeConfig: isGaming = false
05-11 11:09:22.583 1497 1825 I GameModeConfig: isGameModeOn = true
05-11 11:09:22.583 1497 1825 I GameModeConfig: isGaming = false
05-11 11:09:22.587 1497 3008 I StorageUserConnection: Service: [ComponentInfo{com.android.providers.media.module/com.android.providers.media.fuse.ExternalStorageServiceImpl}] connected. User [0]
05-11 11:09:22.597 1497 1601 I UsageStatsService: User[0] Rollover scheduled @ 2023-05-12 07:17:06(1683847026009)
05-11 11:09:22.597 1497 1601 I UsageStatsService: Time changed in by 1683774547 seconds
05-11 11:09:22.598 1497 2516 W StorageManagerService: Reporting emulated;0 unmounted due to system locked
05-11 11:09:22.602 1497 1835 D CompatibilityChangeReporter: Compat change id reported: 168419799; UID 10065; state: DISABLED
05-11 11:09:22.607 1497 1601 I UsageStatsService: User[0] Flushing usage stats to disk
05-11 11:09:22.611 2342 2342 E AndroidRuntime: FATAL EXCEPTION: main
05-11 11:09:22.611 2342 2342 E AndroidRuntime: Process: com.qualcomm.qti.devicestatisticsservice, PID: 2342
05-11 11:09:22.611 2342 2342 E AndroidRuntime: java.lang.NoClassDefFoundError: Failed resolution of: Landroid/hidl/manager/V1_0/IServiceNotification$Stub;
05-11 11:09:22.611 2342 2342 E AndroidRuntime: at com.qualcomm.qti.devicestatisticsservice.DeviceStatisticsService.onStartCommand(DeviceStatisticsService.java:83)
05-11 11:09:22.611 2342 2342 E AndroidRuntime: at android.app.ActivityThread.handleServiceArgs(ActivityThread.java:4640)
05-11 11:09:22.611 2342 2342 E AndroidRuntime: at android.app.ActivityThread.access$2000(ActivityThread.java:248)
05-11 11:09:22.611 2342 2342 E AndroidRuntime: at android.app.ActivityThread$H.handleMessage(ActivityThread.java:2092)
05-11 11:09:22.611 2342 2342 E AndroidRuntime: at android.os.Handler.dispatchMessage(Handler.java:106)
05-11 11:09:22.611 2342 2342 E AndroidRuntime: at android.os.Looper.loopOnce(Looper.java:201)
05-11 11:09:22.611 2342 2342 E AndroidRuntime: at android.os.Looper.loop(Looper.java:288)
05-11 11:09:22.611 2342 2342 E AndroidRuntime: at android.app.ActivityThread.main(ActivityThread.java:7880)
05-11 11:09:22.611 2342 2342 E AndroidRuntime: at java.lang.reflect.Method.invoke(Native Method)
05-11 11:09:22.611 2342 2342 E AndroidRuntime: at com.android.internal.os.RuntimeInit$MethodAndArgsCaller.run(RuntimeInit.java:548)
05-11 11:09:22.611 2342 2342 E AndroidRuntime: at com.android.internal.os.ZygoteInit.main(ZygoteInit.java:1009)
05-11 11:09:22.611 2342 2342 E AndroidRuntime: Caused by: java.lang.ClassNotFoundException: android.hidl.manager.V1_0.IServiceNotification$Stub
05-11 11:09:22.611 2342 2342 E AndroidRuntime: ... 11 more
05-11 11:09:22.611 1497 2089 D CountryDetector: The first listener is added
05-11 11:09:22.611 1497 2089 I am_crash: [2342,0,com.qualcomm.qti.devicestatisticsservice,814235213,java.lang.ClassNotFoundException,android.hidl.manager.V1_0.IServiceNotification$Stub,DeviceStatisticsService.java,83]
05-11 11:09:22.615 1497 2089 I sysui_multi_action: [757,316,758,4,759,-1]
05-11 11:09:22.615 1497 3337 I DropBoxManagerService: add tag=system_app_crash isTagEnabled=true flags=0x2
05-11 11:09:22.617 1497 1835 D CompatibilityChangeReporter: Compat change id reported: 168419799; UID 1000; state: DISABLED
05-11 11:09:22.618 1497 1497 E BootReceiver: Could not open /sys/kernel/tracing/instances/bootreceiver/trace_pipe
05-11 11:09:22.618 1497 1497 E BootReceiver: android.system.ErrnoException: open failed: ENOENT (No such file or directory)
05-11 11:09:22.618 1497 1497 E BootReceiver: at libcore.io.Linux.open(Native Method)
05-11 11:09:22.618 1497 1497 E BootReceiver: at libcore.io.ForwardingOs.open(ForwardingOs.java:567)
05-11 11:09:22.618 1497 1497 E BootReceiver: at libcore.io.BlockGuardOs.open(BlockGuardOs.java:273)
05-11 11:09:22.618 1497 1497 E BootReceiver: at android.system.Os.open(Os.java:501)
05-11 11:09:22.618 1497 1497 E BootReceiver: at com.android.server.BootReceiver.onReceive(BootReceiver.java:167)
05-11 11:09:22.618 1497 1497 E BootReceiver: at android.app.ActivityThread.handleReceiver(ActivityThread.java:4309)
05-11 11:09:22.618 1497 1497 E BootReceiver: at android.app.ActivityThread.access$1600(ActivityThread.java:248)
05-11 11:09:22.618 1497 1497 E BootReceiver: at android.app.ActivityThread$H.handleMessage(ActivityThread.java:2065)
05-11 11:09:22.618 1497 1497 E BootReceiver: at android.os.Handler.dispatchMessage(Handler.java:106)
05-11 11:09:22.618 1497 1497 E BootReceiver: at android.os.Looper.loopOnce(Looper.java:201)
05-11 11:09:22.618 1497 1497 E BootReceiver: at android.os.Looper.loop(Looper.java:288)
05-11 11:09:22.618 1497 1497 E BootReceiver: at com.android.server.SystemServer.run(SystemServer.java:909)
05-11 11:09:22.618 1497 1497 E BootReceiver: at com.android.server.SystemServer.main(SystemServer.java:616)
05-11 11:09:22.618 1497 1497 E BootReceiver: at java.lang.reflect.Method.invoke(Native Method)
05-11 11:09:22.618 1497 1497 E BootReceiver: at com.android.internal.os.RuntimeInit$MethodAndArgsCaller.run(RuntimeInit.java:548)
05-11 11:09:22.618 1497 1497 E BootReceiver: at com.android.internal.os.ZygoteInit.main(ZygoteInit.java:987)
05-11 11:09:22.618 1497 1602 I am_wtf : [0,1497,system_server,-1,BootReceiver,open failed: ENOENT (No such file or directory)]
05-11 11:09:22.619 1497 1602 I DropBoxManagerService: add tag=system_server_wtf isTagEnabled=true flags=0x2
01-01 08:00:14.747 0 0 I : mtp_open
05-11 11:09:22.630 1497 3340 I DropBoxManagerService: add tag=SYSTEM_BOOT isTagEnabled=true flags=0x2
05-11 11:09:22.631 1497 3340 I BootReceiver: Copying audit failures to DropBox
05-11 11:09:22.632 1497 3340 I BootReceiver: Checking for fsck errors
05-11 11:09:22.633 1497 3340 I BootReceiver: fs_stat, partition:dsp_a stat:0x3
05-11 11:09:22.633 1497 3340 I BootReceiver: fs_stat, partition:persist stat:0x40b
05-11 11:09:22.645 1497 3340 I commit_sys_config_file: [log-files,2537]
05-11 11:09:22.646 1497 3340 I am_uid_active: 10017
05-11 11:09:22.646 1497 1835 D TelephonyRegistry: listen oscl: mHasNotifySubscriptionInfoChangedOccurred==false no callback
05-11 11:09:22.650 1497 2516 I ActivityManager: Process com.qualcomm.qti.devicestatisticsservice (pid 2342) has died: pers PER
05-11 11:09:22.650 1497 2516 I am_proc_died: [0,2342,com.qualcomm.qti.devicestatisticsservice,-800,0]
05-11 11:09:22.650 1497 2516 W ActivityManager: Scheduling restart of crashed service com.qualcomm.qti.devicestatisticsservice/.DeviceStatisticsService in 0ms for persistent
05-11 11:09:22.650 1497 2516 I am_schedule_service_restart: [0,com.qualcomm.qti.devicestatisticsservice/.DeviceStatisticsService,0]
05-11 11:09:22.650 1497 2516 I am_uid_stopped: 10065
05-11 11:09:22.650 1497 2516 W ActivityManager: Re-adding persistent process ProcessRecord{af79ebd 2342:com.qualcomm.qti.devicestatisticsservice/u0a65}
05-11 11:09:22.650 1497 2516 I am_uid_running: 10065
05-11 11:09:22.651 1497 2516 D CompatibilityChangeReporter: Compat change id reported: 135634846; UID 10065; state: DISABLED
05-11 11:09:22.651 1497 2516 D CompatibilityChangeReporter: Compat change id reported: 177438394; UID 10065; state: DISABLED
05-11 11:09:22.651 1497 2516 D CompatibilityChangeReporter: Compat change id reported: 135772972; UID 10065; state: DISABLED
05-11 11:09:22.651 1497 2516 D CompatibilityChangeReporter: Compat change id reported: 135754954; UID 10065; state: ENABLED
05-11 11:09:22.651 1497 2516 I am_uid_active: 10065
05-11 11:09:22.651 1497 1603 D CompatibilityChangeReporter: Compat change id reported: 143937733; UID 10065; state: ENABLED
05-11 11:09:22.659 1497 1603 I am_proc_start: [0,3348,10065,com.qualcomm.qti.devicestatisticsservice,restart,com.qualcomm.qti.devicestatisticsservice]
05-11 11:09:22.659 1497 1603 I ActivityManager: Start proc 3348:com.qualcomm.qti.devicestatisticsservice/u0a65 for restart com.qualcomm.qti.devicestatisticsservice
05-11 11:09:22.660 1497 1825 I GameModeConfig: isGameModeOn = true
05-11 11:09:22.660 1497 1825 I GameModeConfig: isGaming = false
05-11 11:09:22.660 1497 1825 I GameModeConfig: isGameModeOn = true
05-11 11:09:22.661 1497 1825 I GameModeConfig: isGaming = false
05-11 11:09:22.661 1497 1835 D CompatibilityChangeReporter: Compat change id reported: 135634846; UID 1000; state: DISABLED
05-11 11:09:22.661 1497 1835 D CompatibilityChangeReporter: Compat change id reported: 177438394; UID 1000; state: DISABLED
05-11 11:09:22.661 1497 1835 D CompatibilityChangeReporter: Compat change id reported: 135772972; UID 1000; state: DISABLED
05-11 11:09:22.661 1497 1835 D CompatibilityChangeReporter: Compat change id reported: 135754954; UID 1000; state: ENABLED
05-11 11:09:22.661 1497 1825 I GameModeConfig: isGameModeOn = true
05-11 11:09:22.661 1497 1825 I GameModeConfig: isGaming = false
05-11 11:09:22.661 1497 1825 I GameModeConfig: isGameModeOn = true
05-11 11:09:22.661 1497 1825 I GameModeConfig: isGaming = false
05-11 11:09:22.661 1497 1825 I GameModeConfig: isGameModeOn = true
05-11 11:09:22.661 1497 1825 I GameModeConfig: isGaming = false
05-11 11:09:22.661 1497 1825 I GameModeConfig: isGameModeOn = true
05-11 11:09:22.661 1497 1825 I GameModeConfig: isGaming = false
01-01 08:00:14.783 0 0 I binder : 3096:3350 ioctl 40046210 7116f17604 returned -22
05-11 11:09:22.666 1497 1603 I am_proc_start: [0,3354,1000,com.qti.diagservices,broadcast,{com.qti.diagservices/com.qti.diagservices.Diag_OnBoot}]
05-11 11:09:22.666 1497 1603 I ActivityManager: Start proc 3354:com.qti.diagservices/1000 for broadcast {com.qti.diagservices/com.qti.diagservices.Diag_OnBoot}
01-01 08:00:14.797 0 0 I binder : 3348:3348 ioctl 40046210 7fec0ec5c4 returned -22
05-11 11:09:22.679 1497 2089 I am_proc_bound: [0,3348,com.qualcomm.qti.devicestatisticsservice]
05-11 11:09:22.682 1497 2516 D CompatibilityChangeReporter: Compat change id reported: 174042980; UID 1000; state: DISABLED
05-11 11:09:22.689 2603 2603 I wm_on_create_called: [160687672,com.android.launcher3.uioverrides.QuickstepLauncher,performCreate]
01-01 08:00:14.814 0 0 I binder : 3354:3354 ioctl 40046210 7fec0ec5c4 returned -22
05-11 11:09:22.694 2603 2603 I wm_on_start_called: [160687672,com.android.launcher3.uioverrides.QuickstepLauncher,handleStartActivity]
05-11 11:09:22.697 2603 2603 I wm_on_resume_called: [160687672,com.android.launcher3.uioverrides.QuickstepLauncher,RESUME_ACTIVITY]
05-11 11:09:22.698 1497 2089 I am_proc_bound: [0,3354,com.qti.diagservices]
05-11 11:09:22.708 2603 2603 I wm_on_top_resumed_gained_called: [160687672,com.android.launcher3.uioverrides.QuickstepLauncher,topStateChangedWhenResumed]
01-01 08:00:14.835 0 0 W QSEECOM : qseecom_load_app: App with id 9 (fingerpr) now loaded
05-11 11:09:22.722 1497 1497 I notification_cancel_all: [1002,1887,com.android.bluetooth,0,0,64,9,NULL]
05-11 11:09:22.722 1497 1825 I GameModeConfig: isGameModeOn = true
05-11 11:09:22.722 1497 1825 I GameModeConfig: isGaming = false
05-11 11:09:22.723 1497 1825 I GameModeConfig: isGameModeOn = true
05-11 11:09:22.723 1497 1825 I GameModeConfig: isGaming = false
05-11 11:09:22.723 1497 1825 I GameModeConfig: isGameModeOn = true
05-11 11:09:22.723 1497 1825 I GameModeConfig: isGaming = false
05-11 11:09:22.725 1497 1587 D BluetoothManagerService: MESSAGE_BLUETOOTH_STATE_CHANGE: TURNING_ON > ON
05-11 11:09:22.725 1497 1587 D BluetoothManagerService: Broadcasting onBluetoothStateChange(true) to 17 receivers.
05-11 11:09:22.725 1497 1587 D BluetoothManagerService: Creating new ProfileServiceConnections object for profile: 1
05-11 11:09:22.728 1497 1587 W BluetoothManagerService: psc is not null in bindBluetoothProfileService
05-11 11:09:22.728 1497 1587 D BluetoothManagerService: Sending BLE State Change: TURNING_ON > ON
05-11 11:09:22.729 1497 1530 W BluetoothManagerService: psc is not null in bindBluetoothProfileService
05-11 11:09:22.730 1497 1587 D BluetoothManagerService: Sending State Change: TURNING_ON > ON
05-11 11:09:22.732 1497 1589 I input_focus: [Focus request c778371 com.android.launcher3/com.android.launcher3.uioverrides.QuickstepLauncher,reason=UpdateInputWindows]
05-11 11:09:22.734 1497 1497 D CompanionDeviceManagerService: Received BT state transition broadcast: TURNING_ON -> ON
05-11 11:09:22.734 1497 1497 I CompanionDeviceManagerService: startBleScan()
05-11 11:09:22.736 2144 2144 W ContextImpl: Calling a method in the system process without a qualified user: android.app.ContextImpl.sendBroadcast:1173 android.content.ContextWrapper.sendBroadcast:479 com.thundercomm.microsettings.action.SetTimeAction.timeUpdated:212 com.thundercomm.microsettings.action.SetTimeAction.update24HourFormat:190 com.thundercomm.microsettings.action.SetTimeAction.doActualAction:154
05-11 11:09:22.743 1497 1497 D DevicePolicyManager: updateSystemUpdateFreezePeriodsRecord
05-11 11:09:22.744 1497 1497 D ConditionProviders.SCP: onReceive android.intent.action.TIME_SET
05-11 11:09:22.744 1497 1497 D ConditionProviders.SCP: evaluateSubscriptionLocked cal=ScheduleCalendar[mDays={1, 2, 3, 4, 5, 6, 7}, mSchedule=ScheduleInfo{days=[1, 2, 3, 4, 5, 6, 7], startHour=22, startMinute=0, endHour=7, endMinute=0, exitAtAlarm=true, nextAlarm=Thu Jan 01 08:00:00 GMT+08:00 1970 (0)}], now=Thu May 11 11:09:22 GMT+08:00 2023 (1683774562744), nextUserAlarmTime=Thu Jan 01 08:00:00 GMT+08:00 1970 (0)
05-11 11:09:22.744 1497 1497 D ConditionProviders.SCP: notifyCondition condition://android/schedule?days=1.2.3.4.5.6.7&start=22.0&end=7.0&exitAtAlarm=true STATE_FALSE reason=!meetsSchedule
05-11 11:09:22.748 1497 1497 D ConditionProviders.SCP: Scheduling evaluate for Thu May 11 22:00:00 GMT+08:00 2023 (1683813600000), in +10h50m37s256ms, now=Thu May 11 11:09:22 GMT+08:00 2023 (1683774562744)
05-11 11:09:22.749 1497 1497 D CompatibilityChangeReporter: Compat change id reported: 171306433; UID 1000; state: ENABLED
05-11 11:09:22.752 1497 1826 I am_uid_running: 10028
05-11 11:09:22.753 1497 1826 D CompatibilityChangeReporter: Compat change id reported: 135634846; UID 10028; state: DISABLED
05-11 11:09:22.753 1497 1826 D CompatibilityChangeReporter: Compat change id reported: 177438394; UID 10028; state: DISABLED
05-11 11:09:22.753 1497 1826 D CompatibilityChangeReporter: Compat change id reported: 135772972; UID 10028; state: DISABLED
05-11 11:09:22.753 1497 1826 D CompatibilityChangeReporter: Compat change id reported: 135754954; UID 10028; state: ENABLED
05-11 11:09:22.753 1497 1603 D CompatibilityChangeReporter: Compat change id reported: 143937733; UID 10028; state: ENABLED
05-11 11:09:22.759 1497 1601 D CompatibilityChangeReporter: Compat change id reported: 135634846; UID 1000; state: DISABLED
05-11 11:09:22.759 1497 1601 D CompatibilityChangeReporter: Compat change id reported: 177438394; UID 1000; state: DISABLED
05-11 11:09:22.759 1497 1601 D CompatibilityChangeReporter: Compat change id reported: 135772972; UID 1000; state: DISABLED
05-11 11:09:22.759 1497 1601 D CompatibilityChangeReporter: Compat change id reported: 135754954; UID 1000; state: ENABLED
05-11 11:09:22.762 1497 1603 I am_proc_start: [0,3410,10028,com.android.providers.calendar,content provider,{com.android.providers.calendar/com.android.providers.calendar.CalendarProvider2}]
05-11 11:09:22.762 1497 1603 I ActivityManager: Start proc 3410:com.android.providers.calendar/u0a28 for content provider {com.android.providers.calendar/com.android.providers.calendar.CalendarProvider2}
01-01 08:00:14.889 0 0 W cnss-daemon: DMS thread joined succesfully
01-01 08:00:14.889 0 0 W cnss-daemon: wlfw_stop: Stop done: 0
01-01 08:00:14.889 0 0 W cnss-daemon: wlfw_start: Starting
01-01 08:00:14.893 0 0 W cnss-daemon: ro.baseband : [apq]
01-01 08:00:14.893 0 0 W cnss-daemon: Hardware supports external modem
05-11 11:09:22.773 1497 1589 I ActivityRecord: real home.....com.android.launcher3/.uioverrides.QuickstepLauncher
05-11 11:09:22.774 1497 1589 I WindowManager: ******* TELLING SURFACE FLINGER WE ARE BOOTED!
05-11 11:09:22.777 1497 1603 I am_proc_start: [0,3416,1000,com.android.keychain,service,{com.android.keychain/com.android.keychain.KeyChainService}]
05-11 11:09:22.777 1497 1603 I ActivityManager: Start proc 3416:com.android.keychain/1000 for service {com.android.keychain/com.android.keychain.KeyChainService}
01-01 08:00:14.893 0 0 W cnss-daemon: wlfw_service_request: Start the pthread: 0x0K
05-11 11:09:22.793 927 1068 I sf_stop_bootanim: 12229
05-11 11:09:22.796 3354 3354 W ContextImpl: Calling a method in the system process without a qualified user: android.app.ContextImpl.startService:1816 android.content.ContextWrapper.startService:774 android.content.ContextWrapper.startService:774 com.qti.diagservices.Diag_OnBoot.onReceive:40 android.app.ActivityThread.handleReceiver:4309
01-01 08:00:14.926 0 0 W cnss-daemon: pm_release_vote: pm_handle is NULL
01-01 08:00:14.926 0 0 W cnss-daemon: pm_release_vote: pm_handle is NULL
01-01 08:00:14.926 0 0 W cnss-daemon: wlfw_build_cal_table: not read /data/vendor/wifi/wlfw_cal_00.bin
01-01 08:00:14.927 0 0 W cnss-daemon: wlfw_build_cal_table: not read /data/vendor/wifi/wlfw_cal_02.bin
01-01 08:00:14.933 0 0 D cnss : Received QMI WLFW request memory indication
01-01 08:00:14.933 0 0 D cnss : FW requests for memory, size: 0x5e0000, type: 1
01-01 08:00:14.933 0 0 D cnss : FW requests for memory, size: 0xd8000, type: 4
01-01 08:00:14.933 0 0 D cnss : Posting event: REQUEST_MEM(2), state: 0x11 flags: 0x0
01-01 08:00:14.933 0 0 D cnss : PM stay awake, state: 0x11, count: 1
01-01 08:00:14.933 0 0 D cnss : PM relax, state: 0x11, count: 0
01-01 08:00:14.933 0 0 D cnss : PM stay awake, state: 0x11, count: 1
01-01 08:00:14.933 0 0 D cnss : Processing driver event: REQUEST_MEM(2), state: 0x11
01-01 08:00:14.933 0 0 D cnss : Sending respond memory message, state: 0x11
01-01 08:00:14.933 0 0 D cnss : Memory for FW, va: 0x0000000000000000, pa: 0x00000000a1000000, size: 0x5e0000, type: 1
01-01 08:00:14.933 0 0 D cnss : Memory for FW, va: 0x0000000000000000, pa: 0x00000000a1600000, size: 0xd8000, type: 4
01-01 08:00:14.950 0 0 D cnss : Received QMI WLFW FW memory ready indication
01-01 08:00:14.950 0 0 D cnss : Posting event: FW_MEM_READY(3), state: 0x11 flags: 0x0
01-01 08:00:14.967 0 0 D cnss : Processing driver event: FW_MEM_READY(3), state: 0x11
01-01 08:00:14.967 0 0 D cnss : Sending target capability message, state: 0x13
01-01 08:00:14.983 0 0 I binder : 3410:3410 ioctl 40046210 7fec0ec5c4 returned -22
01-01 08:00:14.984 0 0 D cnss : Voltage for CPR: 948mV
01-01 08:00:14.985 0 0 D cnss : Update TCS CMD data address 0x000000000b2e5844 with voltage 950mV
01-01 08:00:14.985 0 0 D cnss : Device frequency is 24000000 HZ
01-01 08:00:14.985 0 0 D cnss : Target capability: chip_id: 0x0, chip_family: 0xb, board_id: 0xff, soc_id: 0xffffffff, fw_version: 0x101a0521, fw_build_timestamp: 2021-12-20 07:54, fw_build_id: QC_IMAGE_VERSION_STRING=WLAN.HST.1.0.1.r1-01313-QCAHSTSWPL_SILICONZ-1, otp_version: 0x0
01-01 08:00:14.985 0 0 D cnss : Sending BDF download message, state: 0x13, type: 4
01-01 08:00:14.985 0 0 D cnss : FW name added with prefix: qca6390/regdb.bin
01-01 08:00:14.985 0 0 W cnss2 b0000000.qcom,cnss-qca6390: Falling back to syfs fallback for: qca6390/regdb.bin
01-01 08:00:14.993 0 0 I binder : 3416:3416 ioctl 40046210 7fec0ec5c4 returned -22
01-01 08:00:14.995 0 0 I ueventd : firmware: loading 'qca6390/regdb.bin' for '/devices/platform/soc/b0000000.qcom,cnss-qca6390/firmware/qca6390!regdb.bin'
05-11 11:09:22.874 1497 1603 W ActivityManager: Slow operation: 116ms so far, now at startProcess: done updating pids map
05-11 11:09:22.874 1497 1921 I am_proc_bound: [0,3410,com.android.providers.calendar]
05-11 11:09:22.877 1497 1921 D CompatibilityChangeReporter: Compat change id reported: 168419799; UID 10028; state: DISABLED
05-11 11:09:22.878 1497 1585 I sysui_multi_action: [319,587,322,492,325,11,757,761,758,8,759,2,806,com.android.launcher3,871,com.android.launcher3.uioverrides.QuickstepLauncher,905,0,1320,4,1321,1]
05-11 11:09:22.878 1497 1921 I am_uid_active: 10028
05-11 11:09:22.879 1497 1585 I wm_activity_launch_time: [0,160687672,com.android.launcher3/.uioverrides.QuickstepLauncher,492]
05-11 11:09:22.881 1497 1792 I input_focus: [Focus entering c778371 com.android.launcher3/com.android.launcher3.uioverrides.QuickstepLauncher (server),reason=setFocusedWindow]
05-11 11:09:22.886 1497 1921 I am_proc_bound: [0,3416,com.android.keychain]
01-01 08:00:14.999 0 0 E ueventd : firmware: could not find firmware for qca6390/regdb.bin
01-01 08:00:14.999 0 0 E ueventd : firmware: attempted /etc/firmware/qca6390/regdb.bin, open failed: No such file or directory
01-01 08:00:14.999 0 0 E ueventd : firmware: attempted /odm/firmware/qca6390/regdb.bin, open failed: No such file or directory
01-01 08:00:14.999 0 0 E ueventd : firmware: attempted /vendor/firmware/qca6390/regdb.bin, open failed: No such file or directory
01-01 08:00:14.999 0 0 E ueventd : firmware: attempted /firmware/image/qca6390/regdb.bin, open failed: No such file or directory
01-01 08:00:14.999 0 0 E ueventd : firmware: attempted /vendor/firmware_mnt/image/qca6390/regdb.bin, open failed: No such file or directory
01-01 08:00:14.999 0 0 I ueventd : loading /devices/platform/soc/b0000000.qcom,cnss-qca6390/firmware/qca6390!regdb.bin took 3ms
01-01 08:00:15.001 0 0 E cnss : Failed to load BDF: qca6390/regdb.bin
01-01 08:00:15.001 0 0 D cnss : Sending BDF download message, state: 0x13, type: 1
01-01 08:00:15.001 0 0 D cnss : FW name added with prefix: qca6390/bdwlan.elf
01-01 08:00:15.001 0 0 W cnss2 b0000000.qcom,cnss-qca6390: Falling back to syfs fallback for: qca6390/bdwlan.elf
01-01 08:00:15.014 0 0 I binder : undelivered transaction 38997, process died.
