05-11 07:16:57.754 1497 1497 I PackageManager: Permission ownership changed. Updating all permissions.
05-11 07:16:57.768 1497 1497 I SystemServerTiming: OnBootPhase_550_com.android.server.pm.StagingManager$Lifecycle
05-11 07:16:57.768 1497 1497 I SystemServerTiming: OnBootPhase_550_com.android.server.app.GameManagerService$Lifecycle
05-11 07:16:57.768 1497 1497 I SystemServerTiming: OnBootPhase_550_com.android.server.appsearch.AppSearchManagerService
05-11 07:16:57.768 1497 1497 I SystemServerTiming: OnBootPhase_550_com.android.server.media.MediaCommunicationService
05-11 07:16:57.768 1497 1497 I SystemServerTiming: StartObservingNativeCrashes
05-11 07:16:57.769 1497 1497 I SystemServerTiming: RegisterAppOpsPolicy
05-11 07:16:57.770 1497 1497 I SystemServerTiming: MakeNetworkManagementServiceReady
05-11 07:16:57.770 1497 1769 I SystemServerTimingAsync: InitThreadPoolExec:WebViewFactoryPreparation
05-11 07:16:57.770 1497 1769 D SystemServerInitThreadPool: Started executing WebViewFactoryPreparation
05-11 07:16:57.770 1497 1769 I SystemServer: WebViewFactoryPreparation
05-11 07:16:57.770 1497 1769 I SystemServerTimingAsync: WebViewFactoryPreparation
05-11 07:16:57.773 1497 1769 I am_uid_running: 1037
05-11 07:16:57.773 1497 1497 I SystemServerTiming: MakeIpSecServiceReady
05-11 07:16:57.774 1497 1769 D CompatibilityChangeReporter: Compat change id reported: 135634846; UID 1000; state: DISABLED
05-11 07:16:57.774 1497 1769 D CompatibilityChangeReporter: Compat change id reported: 177438394; UID 1000; state: DISABLED
05-11 07:16:57.774 1497 1769 D CompatibilityChangeReporter: Compat change id reported: 135772972; UID 1000; state: DISABLED
05-11 07:16:57.774 1497 1769 D CompatibilityChangeReporter: Compat change id reported: 178038272; UID 1000; state: DISABLED
05-11 07:16:57.774 1497 1497 D IpSecService: IpSecService is ready
05-11 07:16:57.774 1497 1497 I SystemServerTiming: MakeNetworkStatsServiceReady
05-11 07:16:57.775 1497 1769 D SystemServerInitThreadPool: Finished executing WebViewFactoryPreparation
05-11 07:16:57.780 1497 1811 I commit_sys_config_file: [net-policy,5]
05-11 07:16:57.780 1497 1811 W NetworkPolicy: setRestrictBackgroundUL: already false
05-11 07:16:57.798 1497 1811 D TelephonyRegistry: listen oscl: mHasNotifySubscriptionInfoChangedOccurred==false no callback
05-11 07:16:57.802 1497 1835 W StorageManagerService: No primary storage defined yet; hacking together a stub
05-11 07:16:57.822 1497 1810 D TelephonyRegistry: listen oscl: mHasNotifySubscriptionInfoChangedOccurred==false no callback
05-11 07:16:57.823 1497 1497 I SystemServerTiming: MakeConnectivityServiceReady
05-11 07:16:57.839 1497 1497 I SystemServerTiming: MakeVpnManagerServiceReady
01-01 08:00:12.436 0 0 I binder : 1247:1247 ioctl 40046210 7febc3c794 returned -22
05-11 07:16:57.842 1497 1497 I SystemServerTiming: MakeVcnManagementServiceReady
05-11 07:16:57.843 1497 1603 W ActivityManager: Slow operation: 70ms so far, now at startProcess: returned from zygote!
05-11 07:16:57.844 1497 1603 W ActivityManager: Slow operation: 70ms so far, now at startProcess: done updating battery stats
05-11 07:16:57.844 1497 1603 I am_proc_start: [0,1960,1037,WebViewLoader-armeabi-v7a,NULL,]
05-11 07:16:57.844 1497 1603 W ActivityManager: Slow operation: 70ms so far, now at startProcess: building log message
05-11 07:16:57.844 1497 1603 I ActivityManager: Start proc 1960:WebViewLoader-armeabi-v7a/1037 [android.webkit.WebViewLibraryLoader$RelroFileCreator] for null
05-11 07:16:57.844 1497 1603 W ActivityManager: Slow operation: 70ms so far, now at startProcess: starting to update pids map
05-11 07:16:57.844 1497 1603 W ActivityManager: Slow operation: 70ms so far, now at startProcess: done updating pids map
05-11 07:16:57.844 1497 1603 W ActivityManager: Slow operation: 69ms so far, now at startProcess: asking zygote to start proc
05-11 07:16:57.848 1497 1497 D TelephonyRegistry: listen oscl: mHasNotifySubscriptionInfoChangedOccurred==false no callback
05-11 07:16:57.848 1497 1603 W ActivityManager: Slow operation: 73ms so far, now at startProcess: returned from zygote!
05-11 07:16:57.848 1497 1603 W ActivityManager: Slow operation: 73ms so far, now at startProcess: done updating battery stats
05-11 07:16:57.848 1497 1603 I am_proc_start: [0,1961,1037,WebViewLoader-arm64-v8a,NULL,]
05-11 07:16:57.848 1497 1603 W ActivityManager: Slow operation: 73ms so far, now at startProcess: building log message
05-11 07:16:57.848 1497 1603 I ActivityManager: Start proc 1961:WebViewLoader-arm64-v8a/1037 [android.webkit.WebViewLibraryLoader$RelroFileCreator] for null
05-11 07:16:57.848 1497 1603 W ActivityManager: Slow operation: 73ms so far, now at startProcess: starting to update pids map
05-11 07:16:57.848 1497 1603 W ActivityManager: Slow operation: 73ms so far, now at startProcess: done updating pids map
05-11 07:16:57.848 1497 1497 I SystemServerTiming: MakeNetworkPolicyServiceReady
05-11 07:16:57.849 1497 1497 I SystemServerTiming: PhaseThirdPartyAppsCanStart
05-11 07:16:57.849 1497 1497 I SystemServiceManager: Starting phase 600
05-11 07:16:57.849 1497 1497 I SystemServerTiming: OnBootPhase_600
05-11 07:16:57.849 1497 1497 I SystemServerTiming: OnBootPhase_600_com.android.server.security.FileIntegrityService
05-11 07:16:57.849 1497 1497 I SystemServerTiming: OnBootPhase_600_com.android.server.pm.Installer
05-11 07:16:57.849 1497 1497 I SystemServerTiming: OnBootPhase_600_com.android.server.os.DeviceIdentifiersPolicyService
05-11 07:16:57.849 1497 1497 I SystemServerTiming: OnBootPhase_600_com.android.server.uri.UriGrantsManagerService$Lifecycle
05-11 07:16:57.849 1497 1497 I SystemServerTiming: OnBootPhase_600_com.android.server.powerstats.PowerStatsService
05-11 07:16:57.849 1497 1497 I SystemServerTiming: OnBootPhase_600_com.android.server.wm.ActivityTaskManagerService$Lifecycle
05-11 07:16:57.849 1497 1497 I SystemServerTiming: OnBootPhase_600_com.android.server.am.ActivityManagerService$Lifecycle
05-11 07:16:57.850 1497 1497 I ExplicitHealthCheckController: Explicit health checks enabled.
05-11 07:16:57.850 1497 1497 I PackageWatchdog: Syncing state, reason: health check state enabled
05-11 07:16:57.850 1497 1497 I PackageWatchdog: Discarding observer rollback-observer. All packages expired
05-11 07:16:57.850 1497 1601 I PackageWatchdog: Saving observer state to file
05-11 07:16:57.850 1497 1497 I SystemServerTiming: OnBootPhase_600_com.android.server.pm.DataLoaderManagerService
05-11 07:16:57.850 1497 1497 I SystemServerTiming: OnBootPhase_600_com.android.server.power.PowerManagerService
05-11 07:16:57.850 1497 1497 I SystemServerTiming: OnBootPhase_600_com.android.server.power.ThermalManagerService
05-11 07:16:57.850 1497 1497 I SystemServerTiming: OnBootPhase_600_com.android.server.power.hint.HintManagerService
05-11 07:16:57.850 1497 1497 I SystemServerTiming: OnBootPhase_600_com.android.server.recoverysystem.RecoverySystemService$Lifecycle
05-11 07:16:57.850 1497 1497 I SystemServerTiming: OnBootPhase_600_com.android.server.lights.LightsService
05-11 07:16:57.850 1497 1497 I SystemServerTiming: OnBootPhase_600_com.android.server.display.DisplayManagerService
05-11 07:16:57.850 1497 1497 I SystemServerTiming: OnBootPhase_600_com.android.server.pm.verify.domain.DomainVerificationService
05-11 07:16:57.850 1497 1497 I SystemServerTiming: OnBootPhase_600_com.android.server.pm.PackageInstallerService$Lifecycle
05-11 07:16:57.850 1497 1497 I SystemServerTiming: OnBootPhase_600_com.android.server.pm.UserManagerService$LifeCycle
05-11 07:16:57.850 1497 1497 I SystemServerTiming: OnBootPhase_600_com.android.server.om.OverlayManagerService
05-11 07:16:57.850 1497 1497 I SystemServerTiming: OnBootPhase_600_com.android.server.SensorPrivacyService
05-11 07:16:57.850 1497 1497 I SystemServerTiming: OnBootPhase_600_com.android.server.thunderperf.ThunderBoostPerfService
01-01 08:00:12.450 0 0 E init : Control message: Could not find 'vendor.qti.hardware.iop@2.0::IIop/default' for ctl.interface_start from pid: 517 (/system/bin/hwservicemanager)
05-11 07:16:57.850 1497 1497 I SystemServerTiming: OnBootPhase_600_com.android.server.sensors.SensorService
05-11 07:16:57.850 1497 1497 I SystemServerTiming: OnBootPhase_600_com.android.server.SystemConfigService
05-11 07:16:57.850 1497 1497 I SystemServerTiming: OnBootPhase_600_com.android.server.BatteryService
05-11 07:16:57.850 1497 1497 I SystemServerTiming: OnBootPhase_600_com.android.server.usage.UsageStatsService
05-11 07:16:57.850 1497 1497 I SystemServerTiming: OnBootPhase_600_com.android.server.webkit.WebViewUpdateService
05-11 07:16:57.850 1497 1497 I SystemServerTiming: OnBootPhase_600_com.android.server.CachedDeviceStateService
05-11 07:16:57.850 1497 1497 I SystemServerTiming: OnBootPhase_600_com.android.server.BinderCallsStatsService$LifeCycle
05-11 07:16:57.850 1497 1497 I SystemServerTiming: OnBootPhase_600_com.android.server.LooperStatsService$Lifecycle
05-11 07:16:57.850 1497 1497 I SystemServerTiming: OnBootPhase_600_com.android.server.rollback.RollbackManagerService
05-11 07:16:57.850 1497 1497 I SystemServerTiming: OnBootPhase_600_com.android.server.os.NativeTombstoneManagerService
05-11 07:16:57.850 1497 1497 I SystemServerTiming: OnBootPhase_600_com.android.server.os.BugreportManagerService
05-11 07:16:57.850 1497 1497 I SystemServerTiming: OnBootPhase_600_com.android.server.gpu.GpuService
05-11 07:16:57.850 1497 1497 I SystemServerTiming: OnBootPhase_600_com.android.server.security.KeyChainSystemService
05-11 07:16:57.850 1497 1497 I SystemServerTiming: OnBootPhase_600_com.android.server.telecom.TelecomLoaderService
05-11 07:16:57.850 1497 1497 I SystemServerTiming: OnBootPhase_600_com.android.server.accounts.AccountManagerService$Lifecycle
05-11 07:16:57.850 1497 1497 I SystemServerTiming: OnBootPhase_600_com.android.server.content.ContentService$Lifecycle
05-11 07:16:57.850 1497 1497 I SystemServerTiming: OnBootPhase_600_com.android.server.DropBoxManagerService
05-11 07:16:57.850 1497 1497 I SystemServerTiming: OnBootPhase_600_com.android.role.RoleService
05-11 07:16:57.850 1497 1497 I SystemServerTiming: OnBootPhase_600_com.android.server.vibrator.VibratorManagerService$Lifecycle
05-11 07:16:57.850 1497 1497 I SystemServerTiming: OnBootPhase_600_com.android.server.alarm.AlarmManagerService
05-11 07:16:57.850 1497 1497 I SystemServerTiming: OnBootPhase_600_com.android.server.devicestate.DeviceStateManagerService
05-11 07:16:57.850 1497 1497 I SystemServerTiming: OnBootPhase_600_com.android.server.camera.CameraServiceProxy
05-11 07:16:57.850 1497 1497 I SystemServerTiming: OnBootPhase_600_com.android.server.BluetoothService
05-11 07:16:57.850 1497 1497 I SystemServerTiming: OnBootPhase_600_com.android.server.connectivity.IpConnectivityMetrics
05-11 07:16:57.850 1497 1497 I SystemServerTiming: OnBootPhase_600_com.android.server.net.watchlist.NetworkWatchlistService$Lifecycle
05-11 07:16:57.850 1497 1497 I SystemServerTiming: OnBootPhase_600_com.android.server.PinnerService
05-11 07:16:57.851 1497 1497 I SystemServerTiming: OnBootPhase_600_com.google.android.startop.iorap.IorapForwardingService
05-11 07:16:57.851 1497 1497 I SystemServerTiming: OnBootPhase_600_com.android.server.ActivityTriggerService
05-11 07:16:57.851 1497 1497 I SystemServerTiming: OnBootPhase_600_com.android.server.integrity.AppIntegrityManagerService
05-11 07:16:57.851 1497 1497 I SystemServerTiming: OnBootPhase_600_com.android.server.inputmethod.InputMethodManagerService$Lifecycle
05-11 07:16:57.851 1497 1497 I SystemServerTiming: OnBootPhase_600_com.android.server.accessibility.AccessibilityManagerService$Lifecycle
05-11 07:16:57.851 1497 1497 I SystemServerTiming: OnBootPhase_600_com.android.server.StorageManagerService$Lifecycle
05-11 07:16:57.851 1497 1497 I SystemServerTiming: OnBootPhase_600_com.android.server.usage.StorageStatsService$Lifecycle
05-11 07:16:57.851 1497 1497 I SystemServerTiming: OnBootPhase_600_com.android.server.UiModeManagerService
05-11 07:16:57.851 1497 1497 I SystemServerTiming: OnBootPhase_600_com.android.server.locksettings.LockSettingsService$Lifecycle
05-11 07:16:57.851 1497 1497 I SystemServerTiming: OnBootPhase_600_com.android.server.PersistentDataBlockService
05-11 07:16:57.851 1497 1497 I SystemServerTiming: OnBootPhase_600_com.android.server.testharness.TestHarnessModeService
05-11 07:16:57.851 1497 1497 I SystemServerTiming: OnBootPhase_600_com.android.server.oemlock.OemLockService
05-11 07:16:57.851 1497 1497 I SystemServerTiming: OnBootPhase_600_com.android.server.DeviceIdleController
05-11 07:16:57.851 1497 1497 I SystemServerTiming: OnBootPhase_600_com.android.server.devicepolicy.DevicePolicyManagerService$Lifecycle
05-11 07:16:57.851 1497 1497 I SystemServerTiming: OnBootPhase_600_com.android.server.texttospeech.TextToSpeechManagerService
05-11 07:16:57.851 1497 1497 I SystemServerTiming: OnBootPhase_600_com.android.server.speech.SpeechRecognitionManagerService
05-11 07:16:57.851 1497 1497 I SystemServerTiming: OnBootPhase_600_com.android.server.searchui.SearchUiManagerService
05-11 07:16:57.851 1497 1497 I SystemServerTiming: OnBootPhase_600_com.android.server.smartspace.SmartspaceManagerService
05-11 07:16:57.851 1497 1497 I SystemServerTiming: OnBootPhase_600_com.android.server.graphics.fonts.FontManagerService$Lifecycle
05-11 07:16:57.851 1497 1497 I SystemServerTiming: OnBootPhase_600_com.android.server.textservices.TextServicesManagerService$Lifecycle
05-11 07:16:57.851 1497 1497 I SystemServerTiming: OnBootPhase_600_com.android.server.textclassifier.TextClassificationManagerService$Lifecycle
05-11 07:16:57.851 1497 1497 I SystemServerTiming: OnBootPhase_600_com.android.server.NetworkScoreService$Lifecycle
05-11 07:16:57.851 1497 1497 I SystemServerTiming: OnBootPhase_600_com.android.server.wifi.WifiService
05-11 07:16:57.851 1497 1497 I SystemServerTiming: OnBootPhase_600_com.android.server.wifi.scanner.WifiScanningService
05-11 07:16:57.851 1497 1497 I SystemServerTiming: OnBootPhase_600_com.android.server.wifi.rtt.RttService
05-11 07:16:57.851 1497 1497 I SystemServerTiming: OnBootPhase_600_com.android.server.wifi.aware.WifiAwareService
05-11 07:16:57.851 1497 1497 I SystemServerTiming: OnBootPhase_600_com.android.server.wifi.p2p.WifiP2pService
05-11 07:16:57.851 1497 1497 I SystemServerTiming: OnBootPhase_600_com.android.server.ethernet.EthernetService
05-11 07:16:57.851 1497 1497 I SystemServerTiming: OnBootPhase_600_com.android.server.ConnectivityServiceInitializer
05-11 07:16:57.851 1497 1497 I SystemServerTiming: OnBootPhase_600_com.android.server.notification.NotificationManagerService
05-11 07:16:57.853 1497 1497 I SystemServerTiming: OnBootPhase_600_com.android.server.storage.DeviceStorageMonitorService
05-11 07:16:57.853 1497 1497 I SystemServerTiming: OnBootPhase_600_com.android.server.location.LocationManagerService$Lifecycle
01-01 08:00:12.456 0 0 I binder : 1960:1960 ioctl 40046210 ff8c0978 returned -22
05-11 07:16:57.866 1497 1530 I am_proc_bound: [0,1960,WebViewLoader-armeabi-v7a]
05-11 07:16:57.868 1497 1530 I am_uid_active: 1037
05-11 07:16:57.870 1497 1497 D TelephonyRegistry: listen oscl: mHasNotifySubscriptionInfoChangedOccurred==false no callback
01-01 08:00:12.464 0 0 I binder : 1961:1961 ioctl 40046210 7fec0ec5c4 returned -22
05-11 07:16:57.873 1497 1530 I am_proc_bound: [0,1961,WebViewLoader-arm64-v8a]
05-11 07:16:57.880 1497 1497 I SystemServerTiming: OnBootPhase_600_com.android.server.timedetector.TimeDetectorService$Lifecycle
05-11 07:16:57.880 1497 1497 I SystemServerTiming: OnBootPhase_600_com.android.server.timezonedetector.TimeZoneDetectorService$Lifecycle
05-11 07:16:57.880 1497 1497 I SystemServerTiming: OnBootPhase_600_com.android.server.timezonedetector.location.LocationTimeZoneManagerService$Lifecycle
05-11 07:16:57.880 1497 1497 I SystemServerTiming: OnBootPhase_600_com.android.server.search.SearchManagerService$Lifecycle
05-11 07:16:57.880 1497 1497 I SystemServerTiming: OnBootPhase_600_com.android.server.wallpaper.WallpaperManagerService$Lifecycle
05-11 07:16:57.880 1497 1497 I WallpaperManagerService: switch-user-0
05-11 07:16:57.880 1497 1585 W CarrierConfigManager: Error getting config for subId -1 ICarrierConfigLoader is null
05-11 07:16:57.881 1497 1497 V WallpaperManagerService: bindWallpaperComponentLocked: componentName=ComponentInfo{com.android.systemui/com.android.systemui.ImageWallpaper}
05-11 07:16:57.881 1887 2004 I bt_config_source: 1
05-11 07:16:57.881 1887 2004 I bt_config_source: 3
05-11 07:16:57.884 1497 1530 W PackageManager: Loading a package that does not exist for the calling user. package=null, user=0
01-01 08:00:12.481 0 0 I msm_vidc: high: 00000001: ....e: Opening video instance: 0000000000000000, 0
01-01 08:00:12.481 0 0 I msm_vidc: err : 00000001: ....e: Failed to create debugfs for msm_vidc
05-11 07:16:57.886 1497 1530 W PackageManager: Loading a package that does not exist for the calling user. package=null, user=0
05-11 07:16:57.888 1497 1497 I SystemServerTiming: OnBootPhase_600_com.android.server.audio.AudioService$Lifecycle
05-11 07:16:57.888 1497 1497 I SystemServerTiming: OnBootPhase_600_com.android.server.soundtrigger_middleware.SoundTriggerMiddlewareService$Lifecycle
05-11 07:16:57.888 1497 1497 I SystemServerTiming: OnBootPhase_600_com.android.server.DockObserver
05-11 07:16:57.888 1497 1497 I SystemServerTiming: OnBootPhase_600_com.android.server.midi.MidiService$Lifecycle
05-11 07:16:57.888 1497 1497 I SystemServerTiming: OnBootPhase_600_com.android.server.adb.AdbService$Lifecycle
05-11 07:16:57.888 1497 1497 I SystemServerTiming: OnBootPhase_600_com.android.server.usb.UsbService$Lifecycle
05-11 07:16:57.888 1497 1497 I SystemServerTiming: OnBootPhase_600_com.android.server.twilight.TwilightService
05-11 07:16:57.888 1497 1497 I SystemServerTiming: OnBootPhase_600_com.android.server.display.color.ColorDisplayService
05-11 07:16:57.888 1497 1497 I SystemServerTiming: OnBootPhase_600_com.android.server.job.JobSchedulerService
05-11 07:16:57.889 1497 1530 I wm_task_created: [2,-1]
05-11 07:16:57.890 1497 1585 D CompatibilityChangeReporter: Compat change id reported: 168936375; UID 1000; state: ENABLED
05-11 07:16:57.890 1497 1497 I SystemServerTiming: OnBootPhase_600_com.android.server.soundtrigger.SoundTriggerService
05-11 07:16:57.890 1497 1497 D SoundTriggerService: onBootPhase: 600 : false
05-11 07:16:57.891 1497 1585 D CompatibilityChangeReporter: Compat change id reported: 168936375; UID 1000; state: DISABLED
05-11 07:16:57.891 1497 1497 I SystemServerTiming: OnBootPhase_600_com.android.server.trust.TrustManagerService
05-11 07:16:57.891 1497 1497 D BiometricService: Sensor ID(0), oemStrength: 15, updatedStrength: 15, modality 2, state: 0, cookie: 0, props: ID: 0, Strength: 2, Type: 1, sensorId 0, hasEnrollments: false cannot participate in Keystore operations
05-11 07:16:57.893 1497 1497 I SystemServerTiming: OnBootPhase_600_com.android.server.backup.BackupManagerService$Lifecycle
05-11 07:16:57.893 1497 1497 I SystemServerTiming: OnBootPhase_600_com.android.server.appwidget.AppWidgetService
05-11 07:16:57.893 1497 1497 I SystemServerTiming: OnBootPhase_600_com.android.server.voiceinteraction.VoiceInteractionManagerService
05-11 07:16:57.894 1497 1530 I wm_task_created: [3,-1]
05-11 07:16:57.895 1497 1497 I SystemServerTiming: OnBootPhase_600_com.android.server.apphibernation.AppHibernationService
05-11 07:16:57.895 1497 1497 I SystemServerTiming: OnBootPhase_600_com.android.server.SensorNotificationService
01-01 08:00:12.489 0 0 I msm_vidc: high: 00000001: h265e: Closed video instance: 0000000000000000
05-11 07:16:57.897 1497 1497 I SystemServerTiming: OnBootPhase_600_com.android.server.emergency.EmergencyAffordanceService
05-11 07:16:57.897 1497 1497 I SystemServerTiming: OnBootPhase_600_com.android.server.blob.BlobStoreManagerService
05-11 07:16:57.903 1497 1497 I SystemServerTiming: OnBootPhase_600_com.android.server.dreams.DreamManagerService
05-11 07:16:57.903 1497 1497 I SystemServerTiming: OnBootPhase_600_com.android.server.companion.CompanionDeviceManagerService
05-11 07:16:57.903 1497 1497 I SystemServerTiming: OnBootPhase_600_com.android.server.restrictions.RestrictionsManagerService
05-11 07:16:57.903 1497 1497 I SystemServerTiming: OnBootPhase_600_com.android.server.media.MediaSessionService
05-11 07:16:57.903 1497 1497 I SystemServerTiming: OnBootPhase_600_com.android.server.media.MediaResourceMonitorService
05-11 07:16:57.903 1497 1497 I SystemServerTiming: OnBootPhase_600_com.android.server.biometrics.sensors.fingerprint.FingerprintService
05-11 07:16:57.903 1497 1497 I SystemServerTiming: OnBootPhase_600_com.android.server.biometrics.BiometricService
05-11 07:16:57.903 1497 1497 I SystemServerTiming: OnBootPhase_600_com.android.server.biometrics.AuthService
05-11 07:16:57.903 1497 1497 I SystemServerTiming: OnBootPhase_600_com.android.server.pm.ShortcutService$Lifecycle
05-11 07:16:57.903 1497 1497 I SystemServerTiming: OnBootPhase_600_com.android.server.pm.LauncherAppsService
05-11 07:16:57.903 1497 1497 I SystemServerTiming: OnBootPhase_600_com.android.server.pm.CrossProfileAppsService
05-11 07:16:57.903 1497 1497 I SystemServerTiming: OnBootPhase_600_com.android.server.people.PeopleService
05-11 07:16:57.903 1497 1497 I SystemServerTiming: OnBootPhase_600_com.android.server.media.metrics.MediaMetricsManagerService
05-11 07:16:57.903 1497 1497 I SystemServerTiming: OnBootPhase_600_com.android.server.media.projection.MediaProjectionManagerService
05-11 07:16:57.903 1497 1497 I SystemServerTiming: OnBootPhase_600_com.android.server.slice.SliceManagerService$Lifecycle
05-11 07:16:57.903 1497 1497 I SystemServerTiming: OnBootPhase_600_com.android.server.stats.StatsCompanion$Lifecycle
05-11 07:16:57.903 1497 1497 I SystemServerTiming: OnBootPhase_600_com.android.server.scheduling.RebootReadinessManagerService$Lifecycle
05-11 07:16:57.903 1497 1497 I SystemServerTiming: OnBootPhase_600_com.android.server.stats.pull.StatsPullAtomService
05-11 07:16:57.903 1497 1497 I SystemServerTiming: OnBootPhase_600_com.android.server.incident.IncidentCompanionService
05-11 07:16:57.903 1497 1497 I SystemServerTiming: OnBootPhase_600_com.android.server.MmsServiceBroker
05-11 07:16:57.903 1497 1497 I SystemServerTiming: OnBootPhase_600_com.android.server.autofill.AutofillManagerService
05-11 07:16:57.904 1497 1601 D StatsPullAtomService: Registering NetworkStats pullers with statsd
05-11 07:16:57.904 1497 1497 I SystemServerTiming: OnBootPhase_600_com.android.server.clipboard.ClipboardService
05-11 07:16:57.904 1497 1497 I SystemServerTiming: OnBootPhase_600_com.android.server.appbinding.AppBindingService$Lifecycle
05-11 07:16:57.904 1497 1497 I SystemServerTiming: OnBootPhase_600_com.android.server.tracing.TracingServiceProxy
05-11 07:16:57.904 1497 1497 I SystemServerTiming: OnBootPhase_600_com.android.server.policy.PermissionPolicyService
05-11 07:16:57.904 1497 1497 I SystemServerTiming: OnBootPhase_600_com.android.server.pm.StagingManager$Lifecycle
05-11 07:16:57.904 1497 1497 I SystemServerTiming: OnBootPhase_600_com.android.server.app.GameManagerService$Lifecycle
05-11 07:16:57.904 1497 1497 I SystemServerTiming: OnBootPhase_600_com.android.server.appsearch.AppSearchManagerService
05-11 07:16:57.904 1497 1497 I SystemServerTiming: OnBootPhase_600_com.android.server.media.MediaCommunicationService
05-11 07:16:57.904 1497 1497 I SystemServerTiming: StartNetworkStack
05-11 07:16:57.904 1497 1497 D ConnectivityModuleConnector: Starting networking module android.net.INetworkStackConnector
05-11 07:16:57.905 1497 1497 D ConnectivityModuleConnector: Starting networking module in network_stack process
05-11 07:16:57.908 1497 1497 I am_uid_running: 1073
05-11 07:16:57.908 1497 1497 D CompatibilityChangeReporter: Compat change id reported: 135634846; UID 1073; state: DISABLED
05-11 07:16:57.909 1497 1497 D CompatibilityChangeReporter: Compat change id reported: 177438394; UID 1073; state: DISABLED
05-11 07:16:57.909 1497 1497 D CompatibilityChangeReporter: Compat change id reported: 135772972; UID 1073; state: DISABLED
05-11 07:16:57.909 1497 1497 D CompatibilityChangeReporter: Compat change id reported: 135754954; UID 1073; state: ENABLED
05-11 07:16:57.909 1497 1497 D ConnectivityModuleConnector: Networking module service start requested
05-11 07:16:57.909 1497 1497 I SystemServerTiming: StartTethering
05-11 07:16:57.909 1497 1497 D ConnectivityModuleConnector: Starting networking module android.net.ITetheringConnector
05-11 07:16:57.909 1497 1497 D ConnectivityModuleConnector: Starting networking module in network_stack process
05-11 07:16:57.913 1497 1497 D ConnectivityModuleConnector: Networking module service start requested
05-11 07:16:57.913 1497 1497 I SystemServerTiming: MakeCountryDetectionServiceReady
05-11 07:16:57.914 1497 1497 I SystemServerTiming: MakeNetworkTimeUpdateReady
05-11 07:16:57.914 1497 1601 I netstats_mobile_sample: [0,0,0,0,0,0,0,0,0,0,0,0,1683760617914]
05-11 07:16:57.914 1497 1601 I netstats_wifi_sample: [0,0,0,0,0,0,0,0,0,0,0,0,1683760617914]
05-11 07:16:57.914 1497 1603 I am_proc_start: [0,2017,1073,com.android.networkstack.process,service,{com.android.networkstack/com.android.server.NetworkStackService}]
05-11 07:16:57.914 1497 1603 I ActivityManager: Start proc 2017:com.android.networkstack.process/1073 for service {com.android.networkstack/com.android.server.NetworkStackService}
05-11 07:16:57.918 1497 1497 I SystemServerTiming: MakeInputManagerServiceReady
05-11 07:16:57.919 1497 1497 I configuration_changed: 16384
05-11 07:16:57.919 1497 1497 I ActivityTaskManager: Config changes=4000 {1.0 ?mcc?mnc [zh_CN] ldltr sw720dp w1706dp h665dp 240dpi lrg long hdr land finger -keyb/v/h -nav/h winConfig={ mBounds=Rect(0, 0 - 2560, 1080) mAppBounds=Rect(0, 0 - 2560, 1034) mMaxBounds=Rect(0, 0 - 2560, 1080) mWindowingMode=fullscreen mDisplayWindowingMode=fullscreen mActivityType=undefined mAlwaysOnTop=undefined mRotation=ROTATION_0} s.10 fontWeightAdjustment=0}
05-11 07:16:57.920 1497 1497 I WindowManager: Override config changes=4000 {1.0 ?mcc?mnc [zh_CN] ldltr sw720dp w1706dp h665dp 240dpi lrg long hdr land finger -keyb/v/h -nav/h winConfig={ mBounds=Rect(0, 0 - 2560, 1080) mAppBounds=Rect(0, 0 - 2560, 1034) mMaxBounds=Rect(0, 0 - 2560, 1080) mWindowingMode=fullscreen mDisplayWindowingMode=fullscreen mActivityType=undefined mAlwaysOnTop=undefined mRotation=ROTATION_0} s.10 fontWeightAdjustment=0} for displayId=0
05-11 07:16:57.924 1497 1497 I SystemServerTiming: MakeTelephonyRegistryReady
05-11 07:16:57.924 1497 1497 D TelephonyRegistry: systemRunning register for intents
05-11 07:16:57.924 1497 1497 I SystemServerTiming: MakeMediaRouterServiceReady
05-11 07:16:57.924 1497 1497 I SystemServerTiming: MakeMmsServiceReady
05-11 07:16:57.924 1497 1497 I MmsServiceBroker: Delay connecting to MmsService until an API is called
05-11 07:16:57.924 1497 1497 I SystemServerTiming: IncidentDaemonReady
01-01 08:00:12.519 0 0 I msm_vidc: high: 00000001: ....d: Opening video instance: 0000000000000000, 1
01-01 08:00:12.519 0 0 I msm_vidc: err : 00000001: ....d: Failed to create debugfs for msm_vidc
05-11 07:16:57.925 1497 1497 I SystemServerTiming: MakeIncrementalServiceReady
05-11 07:16:57.925 1497 1497 I SystemServerTiming: getCurrentUser
05-11 07:16:57.925 1497 1497 I ActivityManager: Current user:0
05-11 07:16:57.926 1497 1497 I SystemServerTiming: ActivityManagerStartApps
05-11 07:16:57.926 1497 1497 I ssm_user_starting: 0
05-11 07:16:57.926 1497 1497 I SystemServerTiming: ssm.StartUser-0
05-11 07:16:57.926 1497 1497 I SystemServiceManager: Calling onStartUser 0
05-11 07:16:57.926 1497 1497 I SystemServerTiming: ssm.onStartUser-0_com.android.server.security.FileIntegrityService
05-11 07:16:57.926 1497 1497 I SystemServerTiming: ssm.onStartUser-0_com.android.server.pm.Installer
05-11 07:16:57.926 1497 1497 I SystemServerTiming: ssm.onStartUser-0_com.android.server.os.DeviceIdentifiersPolicyService
05-11 07:16:57.926 1497 1497 I SystemServerTiming: ssm.onStartUser-0_com.android.server.uri.UriGrantsManagerService$Lifecycle
05-11 07:16:57.926 1497 1497 I SystemServerTiming: ssm.onStartUser-0_com.android.server.powerstats.PowerStatsService
05-11 07:16:57.926 1497 1497 I SystemServerTiming: ssm.onStartUser-0_com.android.server.wm.ActivityTaskManagerService$Lifecycle
05-11 07:16:57.926 1497 1497 I SystemServerTiming: ssm.onStartUser-0_com.android.server.am.ActivityManagerService$Lifecycle
05-11 07:16:57.926 1497 1497 I SystemServerTiming: ssm.onStartUser-0_com.android.server.pm.DataLoaderManagerService
05-11 07:16:57.926 1497 1497 I SystemServerTiming: ssm.onStartUser-0_com.android.server.power.PowerManagerService
05-11 07:16:57.926 1497 1497 I SystemServerTiming: ssm.onStartUser-0_com.android.server.power.ThermalManagerService
05-11 07:16:57.926 1497 1497 I SystemServerTiming: ssm.onStartUser-0_com.android.server.power.hint.HintManagerService
05-11 07:16:57.926 1497 1497 I SystemServerTiming: ssm.onStartUser-0_com.android.server.recoverysystem.RecoverySystemService$Lifecycle
05-11 07:16:57.926 1497 1497 I SystemServerTiming: ssm.onStartUser-0_com.android.server.lights.LightsService
05-11 07:16:57.926 1497 1497 I SystemServerTiming: ssm.onStartUser-0_com.android.server.display.DisplayManagerService
05-11 07:16:57.926 1497 1497 I SystemServerTiming: ssm.onStartUser-0_com.android.server.pm.verify.domain.DomainVerificationService
05-11 07:16:57.926 1497 1497 I SystemServerTiming: ssm.onStartUser-0_com.android.server.pm.PackageInstallerService$Lifecycle
05-11 07:16:57.926 1497 1497 I SystemServerTiming: ssm.onStartUser-0_com.android.server.pm.UserManagerService$LifeCycle
05-11 07:16:57.926 1497 1497 I SystemServerTiming: ssm.onStartUser-0_com.android.server.om.OverlayManagerService
05-11 07:16:57.926 1497 1497 I SystemServerTiming: ssm.onStartUser-0_com.android.server.SensorPrivacyService
05-11 07:16:57.926 1497 1497 I SystemServerTiming: ssm.onStartUser-0_com.android.server.thunderperf.ThunderBoostPerfService
05-11 07:16:57.926 1497 1497 I SystemServerTiming: ssm.onStartUser-0_com.android.server.sensors.SensorService
05-11 07:16:57.926 1497 1497 I SystemServerTiming: ssm.onStartUser-0_com.android.server.SystemConfigService
05-11 07:16:57.926 1497 1497 I SystemServerTiming: ssm.onStartUser-0_com.android.server.BatteryService
05-11 07:16:57.926 1497 1497 I SystemServerTiming: ssm.onStartUser-0_com.android.server.usage.UsageStatsService
05-11 07:16:57.926 1497 1497 I SystemServerTiming: ssm.onStartUser-0_com.android.server.webkit.WebViewUpdateService
05-11 07:16:57.926 1497 1497 I SystemServerTiming: ssm.onStartUser-0_com.android.server.CachedDeviceStateService
05-11 07:16:57.926 1497 1497 I SystemServerTiming: ssm.onStartUser-0_com.android.server.BinderCallsStatsService$LifeCycle
05-11 07:16:57.926 1497 1497 I SystemServerTiming: ssm.onStartUser-0_com.android.server.LooperStatsService$Lifecycle
05-11 07:16:57.926 1497 1497 I SystemServerTiming: ssm.onStartUser-0_com.android.server.rollback.RollbackManagerService
05-11 07:16:57.926 1497 1497 I SystemServerTiming: ssm.onStartUser-0_com.android.server.os.NativeTombstoneManagerService
05-11 07:16:57.926 1497 1497 I SystemServerTiming: ssm.onStartUser-0_com.android.server.os.BugreportManagerService
05-11 07:16:57.926 1497 1497 I SystemServerTiming: ssm.onStartUser-0_com.android.server.gpu.GpuService
05-11 07:16:57.926 1497 1497 I SystemServerTiming: ssm.onStartUser-0_com.android.server.security.KeyChainSystemService
05-11 07:16:57.926 1497 1497 I SystemServerTiming: ssm.onStartUser-0_com.android.server.telecom.TelecomLoaderService
05-11 07:16:57.926 1497 1497 I SystemServerTiming: ssm.onStartUser-0_com.android.server.accounts.AccountManagerService$Lifecycle
05-11 07:16:57.926 1497 1497 I SystemServerTiming: ssm.onStartUser-0_com.android.server.content.ContentService$Lifecycle
05-11 07:16:57.926 1497 1497 I SystemServerTiming: ssm.onStartUser-0_com.android.server.DropBoxManagerService
05-11 07:16:57.926 1497 1497 I SystemServerTiming: ssm.onStartUser-0_com.android.role.RoleService
01-01 08:00:12.522 0 0 I binder : 1887:1887 ioctl 40046210 7fec0ebc34 returned -22
05-11 07:16:57.928 1497 1497 I SystemServerTiming: ssm.onStartUser-0_com.android.server.vibrator.VibratorManagerService$Lifecycle
05-11 07:16:57.928 1497 1497 I SystemServerTiming: ssm.onStartUser-0_com.android.server.alarm.AlarmManagerService
05-11 07:16:57.928 1497 1497 I SystemServerTiming: ssm.onStartUser-0_com.android.server.devicestate.DeviceStateManagerService
05-11 07:16:57.928 1497 1497 I SystemServerTiming: ssm.onStartUser-0_com.android.server.camera.CameraServiceProxy
05-11 07:16:57.929 1497 1497 I SystemServerTiming: ssm.onStartUser-0_com.android.server.BluetoothService
05-11 07:16:57.929 1497 1497 I SystemServerTiming: ssm.onStartUser-0_com.android.server.connectivity.IpConnectivityMetrics
05-11 07:16:57.929 1497 1497 I SystemServerTiming: ssm.onStartUser-0_com.android.server.net.watchlist.NetworkWatchlistService$Lifecycle
05-11 07:16:57.929 1497 1497 I SystemServerTiming: ssm.onStartUser-0_com.android.server.PinnerService
05-11 07:16:57.929 1497 1497 I SystemServerTiming: ssm.onStartUser-0_com.google.android.startop.iorap.IorapForwardingService
05-11 07:16:57.929 1497 1497 I SystemServerTiming: ssm.onStartUser-0_com.android.server.ActivityTriggerService
05-11 07:16:57.929 1497 1497 I SystemServerTiming: ssm.onStartUser-0_com.android.server.integrity.AppIntegrityManagerService
05-11 07:16:57.929 1497 1497 I SystemServerTiming: ssm.onStartUser-0_com.android.server.inputmethod.InputMethodManagerService$Lifecycle
05-11 07:16:57.929 1497 1497 I SystemServerTiming: ssm.onStartUser-0_com.android.server.accessibility.AccessibilityManagerService$Lifecycle
05-11 07:16:57.929 1497 1497 I SystemServerTiming: ssm.onStartUser-0_com.android.server.StorageManagerService$Lifecycle
05-11 07:16:57.931 1497 1497 V StorageManagerService: Package com.sohu.inputmethod.sogou.car has legacy storage
05-11 07:16:57.931 1497 1497 V StorageManagerService: Package android.frameworkres.overlay does not have legacy storage
05-11 07:16:57.931 1497 1497 V StorageManagerService: Package com.android.cts.priv.ctsshim does not have legacy storage
05-11 07:16:57.931 1497 1497 V StorageManagerService: Package com.thundercomm.gamemode.provider does not have legacy storage
05-11 07:16:57.931 1497 1497 V StorageManagerService: Package com.thundercomm.gamemode does not have legacy storage
05-11 07:16:57.931 1497 1497 V StorageManagerService: Package com.thundercomm.microservice does not have legacy storage
05-11 07:16:57.932 1497 1497 V StorageManagerService: Package com.android.dynsystem does not have legacy storage
05-11 07:16:57.932 1497 1497 V StorageManagerService: Package com.hht.lebocast does not have legacy storage
05-11 07:16:57.932 1497 1497 V StorageManagerService: Package com.thundercomm.gamecenter does not have legacy storage
05-11 07:16:57.932 1497 1497 V StorageManagerService: Package com.android.providers.calendar does not have legacy storage
05-11 07:16:57.932 1497 1497 V StorageManagerService: Package com.android.providers.media does not have legacy storage
05-11 07:16:57.932 1497 1497 V StorageManagerService: Package com.happyelements.AndroidAnimal.qq has legacy storage
05-11 07:16:57.932 1497 1497 V StorageManagerService: Package com.android.internal.systemui.navbar.gestural_wide_back does not have legacy storage
05-11 07:16:57.932 1497 1497 V StorageManagerService: Package com.android.wallpapercropper does not have legacy storage
05-11 07:16:57.932 1497 1497 V StorageManagerService: Package com.thundercomm.microsettings does not have legacy storage
05-11 07:16:57.932 1497 1497 V StorageManagerService: Package com.youku.phone does not have legacy storage
05-11 07:16:57.932 1497 1497 V StorageManagerService: Package com.qualcomm.qti.gpudrivers.kona.api30 does not have legacy storage
05-11 07:16:57.932 1497 1497 V StorageManagerService: Package com.android.documentsui does not have legacy storage
05-11 07:16:57.932 1497 1497 V StorageManagerService: Package com.android.externalstorage does not have legacy storage
05-11 07:16:57.932 1497 1497 V StorageManagerService: Package com.android.htmlviewer does not have legacy storage
05-11 07:16:57.932 1497 1497 V StorageManagerService: Package com.qualcomm.qti.uceShimService does not have legacy storage
05-11 07:16:57.932 1497 1497 V StorageManagerService: Package com.android.companiondevicemanager does not have legacy storage
05-11 07:16:57.932 1497 1497 V StorageManagerService: Package com.qualcomm.qti.qms.service.connectionsecurity does not have legacy storage
05-11 07:16:57.932 1497 1497 V StorageManagerService: Package com.android.providers.downloads does not have legacy storage
05-11 07:16:57.932 1497 1497 V StorageManagerService: Package com.qqgame.mic has legacy storage
05-11 07:16:57.932 1497 1497 V StorageManagerService: Package com.android.internal.systemui.onehanded.gestural does not have legacy storage
05-11 07:16:57.933 1497 1497 V StorageManagerService: Package vendor.qti.hardware.cacert.server does not have legacy storage
05-11 07:16:57.933 1497 1497 V StorageManagerService: Package com.thundercomm.tchttpserver does not have legacy storage
05-11 07:16:57.933 1497 1497 V StorageManagerService: Package vendor.qti.iwlan does not have legacy storage
05-11 07:16:57.933 1497 1497 V StorageManagerService: Package com.tc.logclient does not have legacy storage
05-11 07:16:57.933 1497 1497 V StorageManagerService: Package android.qvaoverlay.common does not have legacy storage
05-11 07:16:57.933 1497 1497 V StorageManagerService: Package com.android.providers.downloads.ui does not have legacy storage
05-11 07:16:57.933 1497 1497 V StorageManagerService: Package com.android.pacprocessor does not have legacy storage
05-11 07:16:57.933 1497 1497 V StorageManagerService: Package com.android.networkstack does not have legacy storage
05-11 07:16:57.933 1497 1497 V StorageManagerService: Package android.overlay.common does not have legacy storage
05-11 07:16:57.933 1497 1497 V StorageManagerService: Package com.android.connectivity.resources does not have legacy storage
05-11 07:16:57.933 1497 1497 V StorageManagerService: Package com.tencent.mm has legacy storage
05-11 07:16:57.933 1497 1497 V StorageManagerService: Package com.android.modulemetadata does not have legacy storage
05-11 07:16:57.933 1497 1497 V StorageManagerService: Package com.android.certinstaller does not have legacy storage
05-11 07:16:57.933 1497 1497 V StorageManagerService: Package android does not have legacy storage
05-11 07:16:57.933 1497 1497 V StorageManagerService: Package com.tencent.android.qqdownloader has legacy storage
05-11 07:16:57.934 1497 1497 V StorageManagerService: Package com.qualcomm.wfd.service does not have legacy storage
05-11 07:16:57.934 1497 1497 V StorageManagerService: Package com.thundercomm.tcsetupwizard does not have legacy storage
05-11 07:16:57.934 1497 1497 V StorageManagerService: Package ts.car.uart does not have legacy storage
05-11 07:16:57.934 1497 1497 V StorageManagerService: Package com.android.egg does not have legacy storage
01-01 08:00:12.527 0 0 I msm_vidc: high: 00000001: h264d: Closed video instance: 0000000000000000
05-11 07:16:57.934 1497 1497 V StorageManagerService: Package com.android.mtp does not have legacy storage
05-11 07:16:57.934 1497 1497 V StorageManagerService: Package com.android.nfc does not have legacy storage
05-11 07:16:57.934 1497 1497 V StorageManagerService: Package com.android.launcher3 does not have legacy storage
05-11 07:16:57.934 1497 1497 V StorageManagerService: Package com.android.backupconfirm does not have legacy storage
05-11 07:16:57.935 1497 1497 V StorageManagerService: Package vendor.qti.qesdk.sysservice does not have legacy storage
05-11 07:16:57.935 1497 1497 V StorageManagerService: Package com.hryt.hiphishowfsecontrol does not have legacy storage
05-11 07:16:57.935 1497 1497 V StorageManagerService: Package com.android.provision does not have legacy storage
05-11 07:16:57.935 1497 1497 V StorageManagerService: Package com.thundercomm.debugtools does not have legacy storage
05-11 07:16:57.935 1497 1497 V StorageManagerService: Package android.overlay.target does not have legacy storage
05-11 07:16:57.935 1497 1497 V StorageManagerService: Package com.microsoft.emmx does not have legacy storage
05-11 07:16:57.935 1497 1497 V StorageManagerService: Package com.qti.pasrservice does not have legacy storage
05-11 07:16:57.935 1497 1497 V StorageManagerService: Package com.android.settings.intelligence does not have legacy storage
05-11 07:16:57.935 1497 1497 V StorageManagerService: Package com.android.internal.systemui.navbar.gestural_extra_wide_back does not have legacy storage
05-11 07:16:57.935 1497 1497 V StorageManagerService: Package com.qualcomm.qti.dynamicddsservice does not have legacy storage
05-11 07:16:57.935 1497 1497 V StorageManagerService: Package com.qualcomm.qti.xrvd.service does not have legacy storage
05-11 07:16:57.935 1497 1497 V StorageManagerService: Package com.tencent.tmgp.stzb has legacy storage
05-11 07:16:57.935 1497 1497 V StorageManagerService: Package com.tencent.tmgp.xblr has legacy storage
05-11 07:16:57.935 1497 1497 V StorageManagerService: Package com.android.providers.settings does not have legacy storage
05-11 07:16:57.935 1497 1497 V StorageManagerService: Package com.android.sharedstoragebackup does not have legacy storage
05-11 07:16:57.936 1497 1497 V StorageManagerService: Package com.android.printspooler does not have legacy storage
05-11 07:16:57.936 1497 1497 V StorageManagerService: Package com.qti.qualcomm.mstatssystemservice does not have legacy storage
05-11 07:16:57.936 1497 1497 V StorageManagerService: Package com.qualcomm.qti.services.systemhelper does not have legacy storage
05-11 07:16:57.936 1497 1497 V StorageManagerService: Package com.android.wifi.resources.overlay.common does not have legacy storage
05-11 07:16:57.936 1497 1497 V StorageManagerService: Package com.android.dreams.basic does not have legacy storage
05-11 07:16:57.936 1497 1497 V StorageManagerService: Package com.baidu.appsearch has legacy storage
05-11 07:16:57.936 1497 1497 V StorageManagerService: Package com.android.webview does not have legacy storage
05-11 07:16:57.936 1497 1497 V StorageManagerService: Package com.android.se does not have legacy storage
05-11 07:16:57.936 1497 1497 V StorageManagerService: Package com.android.inputdevices does not have legacy storage
05-11 07:16:57.936 1497 1497 V StorageManagerService: Package com.android.bips does not have legacy storage
05-11 07:16:57.936 1497 1497 V StorageManagerService: Package com.qti.dpmserviceapp does not have legacy storage
05-11 07:16:57.936 1497 1497 V StorageManagerService: Package com.thundercomm.remotecontrolservice does not have legacy storage
05-11 07:16:57.936 1497 1497 V StorageManagerService: Package com.android.musicfx does not have legacy storage
05-11 07:16:57.936 1497 1497 V StorageManagerService: Package com.android.settings.overlay.common does not have legacy storage
05-11 07:16:57.936 1497 1497 V StorageManagerService: Package com.qqgame.happymj does not have legacy storage
05-11 07:16:57.936 1497 1497 V StorageManagerService: Package com.qualcomm.qti.qccnetstat does not have legacy storage
05-11 07:16:57.936 1497 1497 V StorageManagerService: Package android.ext.shared does not have legacy storage
05-11 07:16:57.936 1497 1497 V StorageManagerService: Package com.android.onetimeinitializer does not have legacy storage
05-11 07:16:57.937 1497 1497 V StorageManagerService: Package com.ss.android.article.news has legacy storage
05-11 07:16:57.937 1497 1497 V StorageManagerService: Package com.android.server.telecom does not have legacy storage
05-11 07:16:57.937 1497 1497 V StorageManagerService: Package com.android.keychain does not have legacy storage
05-11 07:16:57.937 1497 1497 V StorageManagerService: Package com.qti.snapdragon.qdcm_ff does not have legacy storage
05-11 07:16:57.937 1497 1497 V StorageManagerService: Package com.android.wifi.resources.overlay.target does not have legacy storage
05-11 07:16:57.937 1497 1497 V StorageManagerService: Package com.android.printservice.recommendation does not have legacy storage
05-11 07:16:57.937 1497 1497 V StorageManagerService: Package com.android.gallery3d has legacy storage
05-11 07:16:57.937 1497 1497 V StorageManagerService: Package com.ss.android.ugc.aweme has legacy storage
05-11 07:16:57.937 1497 1497 V StorageManagerService: Package android.ext.services does not have legacy storage
05-11 07:16:57.937 1497 1497 V StorageManagerService: Package com.android.wifi.resources does not have legacy storage
05-11 07:16:57.937 1497 1497 V StorageManagerService: Package com.baidu.input does not have legacy storage
05-11 07:16:57.937 1497 1497 V StorageManagerService: Package com.android.systemui.overlay.common does not have legacy storage
05-11 07:16:57.937 1497 1497 V StorageManagerService: Package com.tencent.mobileqq has legacy storage
05-11 07:16:57.937 1497 1497 V StorageManagerService: Package com.android.cameraextensions does not have legacy storage
05-11 07:16:57.937 1497 1497 V StorageManagerService: Package com.thundercomm.tcservice does not have legacy storage
05-11 07:16:57.937 1497 1497 V StorageManagerService: Package com.ss.android.lark does not have legacy storage
05-11 07:16:57.937 1497 1497 V StorageManagerService: Package com.android.localtransport does not have legacy storage
05-11 07:16:57.937 1497 1497 V StorageManagerService: Package com.android.packageinstaller does not have legacy storage
05-11 07:16:57.937 1497 1497 V StorageManagerService: Package com.netease.newsreader.activity does not have legacy storage
05-11 07:16:57.937 1497 1497 V StorageManagerService: Package com.qualcomm.qti.devicestatisticsservice does not have legacy storage
05-11 07:16:57.937 1497 1497 V StorageManagerService: Package com.kugou.android has legacy storage
05-11 07:16:57.937 1497 1497 V StorageManagerService: Package com.android.theme.font.notoserifsource does not have legacy storage
05-11 07:16:57.937 1497 1497 V StorageManagerService: Package com.android.proxyhandler does not have legacy storage
05-11 07:16:57.937 1497 1497 V StorageManagerService: Package com.android.internal.display.cutout.emulation.waterfall does not have legacy storage
05-11 07:16:57.937 1497 1497 V StorageManagerService: Package com.qualcomm.qti.workloadclassifier does not have legacy storage
05-11 07:16:57.937 1497 1497 V StorageManagerService: Package com.android.inputmethod.latin does not have legacy storage
05-11 07:16:57.937 1497 1497 V StorageManagerService: Package com.wandoujia.phoenix2 has legacy storage
05-11 07:16:57.937 1497 1497 V StorageManagerService: Package com.android.providers.settings.overlay does not have legacy storage
05-11 07:16:57.938 1497 1497 V StorageManagerService: Package com.android.managedprovisioning does not have legacy storage
05-11 07:16:57.938 1497 1497 V StorageManagerService: Package com.android.networkstack.tethering does not have legacy storage
05-11 07:16:57.938 1497 1497 V StorageManagerService: Package com.android.soundpicker does not have legacy storage
05-11 07:16:57.938 1497 1497 V StorageManagerService: Package com.android.dreams.phototable does not have legacy storage
05-11 07:16:57.938 1497 1497 V StorageManagerService: Package com.ximalaya.ting.android has legacy storage
05-11 07:16:57.938 1497 1497 V StorageManagerService: Package com.thundercomm.screensaver does not have legacy storage
05-11 07:16:57.938 1497 1497 V StorageManagerService: Package com.android.wallpaper.livepicker does not have legacy storage
05-11 07:16:57.938 1497 1497 V StorageManagerService: Package com.android.apps.tag does not have legacy storage
05-11 07:16:57.938 1497 1497 V StorageManagerService: Package com.android.storagemanager does not have legacy storage
05-11 07:16:57.938 1497 1497 V StorageManagerService: Package com.android.bookmarkprovider does not have legacy storage
05-11 07:16:57.938 1497 1497 V StorageManagerService: Package com.android.settings does not have legacy storage
05-11 07:16:57.938 1497 1497 V StorageManagerService: Package com.android.networkstack.permissionconfig does not have legacy storage
05-11 07:16:57.938 1497 1497 V StorageManagerService: Package com.qualcomm.location does not have legacy storage
05-11 07:16:57.938 1497 1497 V StorageManagerService: Package com.android.cts.ctsshim does not have legacy storage
05-11 07:16:57.938 1497 1497 V StorageManagerService: Package com.qti.diagservices does not have legacy storage
05-11 07:16:57.938 1497 1497 V StorageManagerService: Package com.android.vpndialogs does not have legacy storage
05-11 07:16:57.938 1497 1497 V StorageManagerService: Package com.qualcomm.location.XT does not have legacy storage
05-11 07:16:57.938 1497 1497 V StorageManagerService: Package com.android.music does not have legacy storage
05-11 07:16:57.938 1497 1497 V StorageManagerService: Package com.android.shell does not have legacy storage
05-11 07:16:57.938 1497 1497 V StorageManagerService: Package com.android.wallpaperbackup does not have legacy storage
05-11 07:16:57.938 1497 1497 V StorageManagerService: Package com.android.providers.userdictionary does not have legacy storage
05-11 07:16:57.938 1497 1497 V StorageManagerService: Package com.android.providers.media.module does not have legacy storage
05-11 07:16:57.938 1497 1497 V StorageManagerService: Package com.android.emergency does not have legacy storage
05-11 07:16:57.938 1497 1497 V StorageManagerService: Package com.tencent.tmgp.pubgmhd has legacy storage
05-11 07:16:57.938 1497 1497 V StorageManagerService: Package com.android.hotspot2.osulogin does not have legacy storage
05-11 07:16:57.938 1497 1497 V StorageManagerService: Package com.yinhan.hunter.tx has legacy storage
