05-11 11:09:22.889 1497 1921 D CompatibilityChangeReporter: Compat change id reported: 168419799; UID 1000; state: DISABLED
05-11 11:09:22.898 3354 3354 I auditd : type=1400 audit(0.0:1429): avc: denied { read write } for comm="ti.diagservices" name="diag" dev="tmpfs" ino=1141 scontext=u:r:system_app:s0 tcontext=u:object_r:vendor_diag_device:s0 tclass=chr_file permissive=1
05-11 11:09:22.898 3354 3354 I auditd : type=1400 audit(0.0:1430): avc: denied { open } for comm="ti.diagservices" path="/dev/diag" dev="tmpfs" ino=1141 scontext=u:r:system_app:s0 tcontext=u:object_r:vendor_diag_device:s0 tclass=chr_file permissive=1
01-01 08:00:15.024 0 0 D cnss : Downloading BDF: qca6390/bdwlan.elf, size: 57908
05-11 11:09:22.898 3354 3354 I auditd : type=1400 audit(0.0:1431): avc: denied { ioctl } for comm="ti.diagservices" path="/dev/diag" dev="tmpfs" ino=1141 ioctlcmd=0x2d scontext=u:r:system_app:s0 tcontext=u:object_r:vendor_diag_device:s0 tclass=chr_file permissive=1
05-11 11:09:22.904 1497 3412 D CompatibilityChangeReporter: Compat change id reported: 135634846; UID 10035; state: DISABLED
05-11 11:09:22.904 1497 3412 D CompatibilityChangeReporter: Compat change id reported: 177438394; UID 10035; state: DISABLED
05-11 11:09:22.904 1497 3412 D CompatibilityChangeReporter: Compat change id reported: 135772972; UID 10035; state: DISABLED
05-11 11:09:22.904 1497 3412 D CompatibilityChangeReporter: Compat change id reported: 135754954; UID 10035; state: DISABLED
05-11 11:09:22.904 1497 1603 D CompatibilityChangeReporter: Compat change id reported: 143937733; UID 10035; state: DISABLED
05-11 11:09:22.907 1497 3023 I wm_destroy_activity: [0,169591724,7,com.android.settings/.FallbackHome,finish-idle]
05-11 11:09:22.909 2430 2430 I wm_on_stop_called: [169591724,com.android.settings.FallbackHome,LIFECYCLER_STOP_ACTIVITY]
05-11 11:09:22.912 1497 1603 I am_proc_start: [0,3458,10035,com.baidu.input,service,{com.baidu.input/com.baidu.input.ImeService}]
05-11 11:09:22.912 1497 1603 I ActivityManager: Start proc 3458:com.baidu.input/u0a35 for service {com.baidu.input/com.baidu.input.ImeService}
05-11 11:09:22.913 2430 2430 I wm_on_destroy_called: [169591724,com.android.settings.FallbackHome,performDestroy]
01-01 08:00:15.046 0 0 I binder : 3458:3458 ioctl 40046210 7fec0ec5c4 returned -22
05-11 11:09:22.929 1497 3023 I am_proc_bound: [0,3458,com.baidu.input]
05-11 11:09:22.935 1497 3023 I service_manager_stats: [1152,322,5039]
05-11 11:09:22.935 1497 3023 D CompatibilityChangeReporter: Compat change id reported: 168419799; UID 10035; state: DISABLED
05-11 11:09:22.937 1497 3023 I am_uid_active: 10035
05-11 11:09:22.938 3354 3354 I auditd : type=1400 audit(0.0:1432): avc: denied { ioctl } for comm="ti.diagservices" path="/dev/diag" dev="tmpfs" ino=1141 ioctlcmd=0x0 scontext=u:r:system_app:s0 tcontext=u:object_r:vendor_diag_device:s0 tclass=chr_file permissive=1
05-11 11:09:22.962 1497 1826 D CompatibilityChangeReporter: Compat change id reported: 143231523; UID 1000; state: DISABLED
01-01 08:00:15.092 0 0 D cnss : Sending M3 information message, state: 0x13
01-01 08:00:15.092 0 0 D cnss : M3 memory, va: 0x0000000000000000, pa: 0x00000000a1800000, size: 0x411bc
01-01 08:00:15.094 0 0 D cnss : PM relax, state: 0x13, count: 0
01-01 08:00:15.094 0 0 D cnss : PM stay awake, state: 0x13, count: 1
01-01 08:00:15.094 0 0 D cnss : PM relax, state: 0x13, count: 0
01-01 08:00:15.094 0 0 D cnss : Received QMI WLFW FW initialization done indication
01-01 08:00:15.094 0 0 D cnss : Posting event: FW_READY(4), state: 0x13 flags: 0x0
01-01 08:00:15.094 0 0 D cnss : PM stay awake, state: 0x13, count: 1
01-01 08:00:15.094 0 0 D cnss : PM relax, state: 0x13, count: 0
01-01 08:00:15.094 0 0 D cnss : PM stay awake, state: 0x13, count: 1
01-01 08:00:15.095 0 0 D cnss : Processing driver event: FW_READY(4), state: 0x13
01-01 08:00:15.095 0 0 D cnss : PCIE Gen speed not setup
05-11 11:09:22.972 1497 2512 D CompatibilityChangeReporter: Compat change id reported: 143231523; UID 10028; state: DISABLED
05-11 11:09:22.994 1497 1497 D Fingerprint21: handleError, client: FingerprintInternalCleanupClient, error: 2, vendorCode: 0
05-11 11:09:22.994 1497 1497 E Fingerprint21: onError for non-error consumer: FingerprintInternalCleanupClient
01-01 08:00:15.112 0 0 W : (NULL device *): Falling back to syfs fallback for: wlan/qca_cld/qca6390/WCNSS_qcom_cfg.ini
01-01 08:00:15.114 0 0 W QSEECOM : __qseecom_unload_app: App (9) is unloaded
01-01 08:00:15.115 0 0 D qbt : qbt_release: entry minor_no=0 fd_available=0
01-01 08:00:15.115 0 0 D qbt : qbt_release: Releasing wakelock
01-01 08:00:15.115 0 0 D qbt : qbt_release: exit : fd_available=1
01-01 08:00:15.115 0 0 D qbt : qbt_release: entry minor_no=1 fd_available=1
01-01 08:00:15.115 0 0 D qbt : qbt_release: exit : fd_available=1
01-01 08:00:15.121 0 0 I [kworke][0x114e45d7][11:09:23.000588] wlan: [290:I:HDD] hdd_pm_qos_add_request: 9360: Set cpu_mask 0f for affine_cores
01-01 08:00:15.121 0 0 I [kworke][0x114e4698][11:09:23.000598] wlan: [290:I:HDD] hdd_pm_qos_add_request: 9362: Set cpu_mask 0f for affine_cores
01-01 08:00:15.121 0 0 D cnss : Sending ini sync request, state: 0x17, fw_log_mode: 1
01-01 08:00:15.126 0 0 I [kworke][0x114fa41c][11:09:23.005259] wlan: [290:I:HIF] Initializing Runtime PM wakelock &sc->prevent_linkdown_lock
01-01 08:00:15.126 0 0 I [kworke][0x114fa4d5][11:09:23.005268] wlan: [290:I:HIF] hif_pci_enable_bus: con_mode = 0x0, WLAN_SOC_device_id = 0x1101
01-01 08:00:15.126 0 0 I [kworke][0x114fa535][11:09:23.005273] wlan: [290:I:HIF] hif_pci_enable_bus: hif_enable_pci done
01-01 08:00:15.126 0 0 I [kworke][0x114fac84][11:09:23.005370] wlan: [290:I:HIF] *********** QCA6390 *************
01-01 08:00:15.126 0 0 I [kworke][0x114fae27][11:09:23.005392] wlan: [290:I:HIF] hif_pci_enable_bus: hif_type = 0x12, target_type = 0x17
01-01 08:00:15.126 0 0 I [kworke][0x114fae53][11:09:23.005394] wlan: [290:I:HIF] hif_register_tbl_attach: HIF_TYPE_QCA6390
01-01 08:00:15.126 0 0 I [kworke][0x114fae77][11:09:23.005396] wlan: [290:I:HIF] hif_target_register_tbl_attach: TARGET_TYPE_QCA6390
01-01 08:00:15.126 0 0 I [kworke][0x114fae98][11:09:23.005398] wlan: [290:I:HIF] hif_pci_enable_bus:Skip tgt_wake up for srng devices
01-01 08:00:15.126 0 0 E [kworke][0x114fb64c][11:09:23.005501] wlan: [290:E:TXRX] hif_print_hal_shadow_register_cfg: num_config 28
01-01 08:00:15.126 0 0 I [kworke][0x114fb6cc][11:09:23.005507] wlan: [290:I:TXRX] hif_print_hal_shadow_register_cfg: i 0, val a3b034
01-01 08:00:15.126 0 0 I [kworke][0x114fb6e7][11:09:23.005509] wlan: [290:I:TXRX] hif_print_hal_shadow_register_cfg: i 1, val a3b03c
01-01 08:00:15.126 0 0 I [kworke][0x114fb703][11:09:23.005510] wlan: [290:I:TXRX] hif_print_hal_shadow_register_cfg: i 2, val a3b044
01-01 08:00:15.126 0 0 I [kworke][0x114fb71b][11:09:23.005511] wlan: [290:I:TXRX] hif_print_hal_shadow_register_cfg: i 3, val a3b04c
01-01 08:00:15.126 0 0 I [kworke][0x114fb733][11:09:23.005513] wlan: [290:I:TXRX] hif_print_hal_shadow_register_cfg: i 4, val a3b054
01-01 08:00:15.126 0 0 I [kworke][0x114fb74b][11:09:23.005514] wlan: [290:I:TXRX] hif_print_hal_shadow_register_cfg: i 5, val a3b028
01-01 08:00:15.126 0 0 I [kworke][0x114fb763][11:09:23.005515] wlan: [290:I:TXRX] hif_print_hal_shadow_register_cfg: i 6, val a3b020
01-01 08:00:15.126 0 0 I [kworke][0x114fb77b][11:09:23.005516] wlan: [290:I:TXRX] hif_print_hal_shadow_register_cfg: i 7, val a3b06c
01-01 08:00:15.126 0 0 I [kworke][0x114fb793][11:09:23.005518] wlan: [290:I:TXRX] hif_print_hal_shadow_register_cfg: i 8, val a46000
01-01 08:00:15.126 0 0 I [kworke][0x114fb7ab][11:09:23.005519] wlan: [290:I:TXRX] hif_print_hal_shadow_register_cfg: i 9, val a46008
01-01 08:00:15.126 0 0 I [kworke][0x114fb7c4][11:09:23.005520] wlan: [290:I:TXRX] hif_print_hal_shadow_register_cfg: i 10, val a46010
01-01 08:00:15.126 0 0 I [kworke][0x114fb7de][11:09:23.005522] wlan: [290:I:TXRX] hif_print_hal_shadow_register_cfg: i 11, val a46018
01-01 08:00:15.126 0 0 I [kworke][0x114fb7f7][11:09:23.005523] wlan: [290:I:TXRX] hif_print_hal_shadow_register_cfg: i 12, val a46034
01-01 08:00:15.126 0 0 I [kworke][0x114fb80f][11:09:23.005524] wlan: [290:I:TXRX] hif_print_hal_shadow_register_cfg: i 13, val a370b0
01-01 08:00:15.126 0 0 I [kworke][0x114fb827][11:09:23.005525] wlan: [290:I:TXRX] hif_print_hal_shadow_register_cfg: i 14, val a37018
01-01 08:00:15.126 0 0 I [kworke][0x114fb83f][11:09:23.005527] wlan: [290:I:TXRX] hif_print_hal_shadow_register_cfg: i 15, val a370c4
01-01 08:00:15.126 0 0 I [kworke][0x114fb858][11:09:23.005528] wlan: [290:I:TXRX] hif_print_hal_shadow_register_cfg: i 16, val a370cc
01-01 08:00:15.126 0 0 I [kworke][0x114fb870][11:09:23.005529] wlan: [290:I:TXRX] hif_print_hal_shadow_register_cfg: i 17, val a370d4
01-01 08:00:15.126 0 0 I [kworke][0x114fb888][11:09:23.005530] wlan: [290:I:TXRX] hif_print_hal_shadow_register_cfg: i 18, val a370dc
01-01 08:00:15.126 0 0 I [kworke][0x114fb8a0][11:09:23.005532] wlan: [290:I:TXRX] hif_print_hal_shadow_register_cfg: i 19, val a00400
01-01 08:00:15.126 0 0 I [kworke][0x114fb8ba][11:09:23.005533] wlan: [290:I:TXRX] hif_print_hal_shadow_register_cfg: i 20, val a03400
01-01 08:00:15.126 0 0 I [kworke][0x114fb8d2][11:09:23.005534] wlan: [290:I:TXRX] hif_print_hal_shadow_register_cfg: i 21, val a0340c
01-01 08:00:15.126 0 0 I [kworke][0x114fb8eb][11:09:23.005535] wlan: [290:I:TXRX] hif_print_hal_shadow_register_cfg: i 22, val a05400
01-01 08:00:15.126 0 0 I [kworke][0x114fb905][11:09:23.005537] wlan: [290:I:TXRX] hif_print_hal_shadow_register_cfg: i 23, val a0540c
01-01 08:00:15.126 0 0 I [kworke][0x114fb91d][11:09:23.005538] wlan: [290:I:TXRX] hif_print_hal_shadow_register_cfg: i 24, val a06400
01-01 08:00:15.126 0 0 I [kworke][0x114fb935][11:09:23.005539] wlan: [290:I:TXRX] hif_print_hal_shadow_register_cfg: i 25, val a08400
01-01 08:00:15.126 0 0 I [kworke][0x114fb94d][11:09:23.005541] wlan: [290:I:TXRX] hif_print_hal_shadow_register_cfg: i 26, val a0b400
01-01 08:00:15.126 0 0 I [kworke][0x114fb966][11:09:23.005542] wlan: [290:I:TXRX] hif_print_hal_shadow_register_cfg: i 27, val a0b40c
01-01 08:00:15.126 0 0 D cnss : Mode: 0, config: 0000000000000000, host_version: 5.2.022.10G
01-01 08:00:15.126 0 0 D cnss : Sending WLAN config message, state: 0x17
01-01 08:00:15.127 0 0 D cnss : Sending mode message, mode: MISSION(0), state: 0x17
01-01 08:00:15.150 0 0 D cnss : Received QMI WLFW pin connect result indication
01-01 08:00:15.150 0 0 D cnss : Pin connect Result: pwr_pin: 0x1 phy_io_pin: 0x0 rf_io_pin: 0x0
01-01 08:00:15.150 0 0 D cnss : Assign MSI to user: CE, num_vectors: 10, user_base_data: 803, base_vector: 3
01-01 08:00:15.150 0 0 I [kworke][0x1156ef1f][11:09:23.030152] wlan: [290:I:HIF] ce_srng_dest_ring_setup: ce_id 1
01-01 08:00:15.150 0 0 D cnss : Assign MSI to user: CE, num_vectors: 10, user_base_data: 803, base_vector: 3
01-01 08:00:15.151 0 0 I [kworke][0x1156f564][11:09:23.030235] wlan: [290:I:HIF] ce_srng_status_ring_setup: ce_id 1
01-01 08:00:15.151 0 0 D cnss : Assign MSI to user: CE, num_vectors: 10, user_base_data: 803, base_vector: 3
01-01 08:00:15.151 0 0 I [kworke][0x1156f9e6][11:09:23.030295] wlan: [290:I:HIF] ce_srng_dest_ring_setup: ce_id 2
01-01 08:00:15.151 0 0 D cnss : Assign MSI to user: CE, num_vectors: 10, user_base_data: 803, base_vector: 3
01-01 08:00:15.151 0 0 I [kworke][0x1156ff4f][11:09:23.030367] wlan: [290:I:HIF] ce_srng_status_ring_setup: ce_id 2
01-01 08:00:15.151 0 0 D cnss : Assign MSI to user: CE, num_vectors: 10, user_base_data: 803, base_vector: 3
01-01 08:00:15.151 0 0 D cnss : Assign MSI to user: CE, num_vectors: 10, user_base_data: 803, base_vector: 3
01-01 08:00:15.151 0 0 I [kworke][0x11570bbf][11:09:23.030533] wlan: [290:I:HIF] ce_srng_dest_ring_setup: ce_id 5
01-01 08:00:15.151 0 0 D cnss : Assign MSI to user: CE, num_vectors: 10, user_base_data: 803, base_vector: 3
01-01 08:00:15.151 0 0 I [kworke][0x11571138][11:09:23.030606] wlan: [290:I:HIF] ce_srng_status_ring_setup: ce_id 5
01-01 08:00:15.151 0 0 D cnss : Assign MSI to user: CE, num_vectors: 10, user_base_data: 803, base_vector: 3
01-01 08:00:15.151 0 0 I [kworke][0x115715f5][11:09:23.030669] wlan: [290:I:HIF] hif_configure_irq: E
01-01 08:00:15.151 0 0 D cnss : Assign MSI to user: WAKE, num_vectors: 1, user_base_data: 813, base_vector: 13
01-01 08:00:15.151 0 0 D cnss : Get IRQ number 364 for vector index 13
01-01 08:00:15.151 0 0 D cnss : Assign MSI to user: CE, num_vectors: 10, user_base_data: 803, base_vector: 3
01-01 08:00:15.151 0 0 D cnss : Get IRQ number 354 for vector index 3
01-01 08:00:15.151 0 0 D cnss : Get IRQ number 355 for vector index 4
01-01 08:00:15.151 0 0 D cnss : Get IRQ number 356 for vector index 5
01-01 08:00:15.151 0 0 D cnss : Get IRQ number 357 for vector index 6
01-01 08:00:15.151 0 0 D cnss : Get IRQ number 359 for vector index 8
01-01 08:00:15.151 0 0 D cnss : Get IRQ number 360 for vector index 9
01-01 08:00:15.151 0 0 D cnss : Get IRQ number 362 for vector index 11
01-01 08:00:15.151 0 0 E [kworke][0x115722be][11:09:23.030840] wlan: [290:E:mlme] mlme_init_reg_cfg: 2374: null pdev
01-01 08:00:15.151 0 0 E [kworke][0x1157240b][11:09:23.030857] wlan: [290:E:WMI] WMI handle is NULL
01-01 08:00:15.151 0 0 I [kworke][0x115724af][11:09:23.030866] wlan: [290:I:HIF] Initializing Runtime PM wakelock &p2p_soc_obj->roc_runtime_lock
01-01 08:00:15.151 0 0 D cnss : Platform cap_flag is 0x4
01-01 08:00:15.151 0 0 E [kworke][0x11572550][11:09:23.030874] wlan: [290:E:QDF] cds_get_context: 1486: Module ID 66 context is Null
01-01 08:00:15.156 0 0 E [kworke][0x1158a92f][11:09:23.036046] wlan: [290:E:QDF] cds_get_context: 1486: Module ID 66 context is Null
01-01 08:00:15.164 0 0 I [kworke][0x115af145][11:09:23.043834] wlan: [290:I:HIF] Initializing Runtime PM wakelock &psoc_wakelock->wmi_cmd_rsp_runtime_lock
01-01 08:00:15.164 0 0 F [kworke][0x115afde4][11:09:23.044002] wlan: [290:F:WMA] WMA --> wmi_unified_attach - success
01-01 08:00:15.165 0 0 I [kworke][0x115b0e5a][11:09:23.044221] wlan: [290:I:HIF] Initializing Runtime PM wakelock &vdev->vdev_set_key_runtime_wakelock
01-01 08:00:15.165 0 0 I [kworke][0x115b279a][11:09:23.044558] wlan: [290:I:HIF] Initializing Runtime PM wakelock &vdev->vdev_set_key_runtime_wakelock
01-01 08:00:15.165 0 0 I [kworke][0x115b34ec][11:09:23.044736] wlan: [290:I:HIF] Initializing Runtime PM wakelock &vdev->vdev_set_key_runtime_wakelock
01-01 08:00:15.165 0 0 I [kworke][0x115b4606][11:09:23.044964] wlan: [290:I:HIF] Initializing Runtime PM wakelock &vdev->vdev_set_key_runtime_wakelock
01-01 08:00:15.165 0 0 I [kworke][0x115b52f6][11:09:23.045136] wlan: [290:I:HIF] Initializing Runtime PM wakelock &vdev->vdev_set_key_runtime_wakelock
01-01 08:00:15.168 0 0 I [kworke][0x115bf55b][11:09:23.047302] wlan: [290:I:HIF] Initializing Runtime PM wakelock &vdev->vdev_set_key_runtime_wakelock
01-01 08:00:15.168 0 0 I [kworke][0x115c1d8c][11:09:23.047837] wlan: [290:I:HIF] Initializing Runtime PM wakelock &wma_handle->wmi_cmd_rsp_runtime_lock
01-01 08:00:15.168 0 0 I [kworke][0x115c1ece][11:09:23.047854] wlan: [290:I:HIF] Initializing Runtime PM wakelock &wma_handle->sap_prevent_runtime_pm_lock
01-01 08:00:15.169 0 0 E [kworke][0x115c6e9c][11:09:23.048918] wlan: [290:E:QDF] htc_wait_target: 684: Target Ready! TX resource : 1 size:2176, MaxMsgsPerHTCBundle = 1
01-01 08:00:15.169 0 0 E [kworke][0x115c6f67][11:09:23.048929] wlan: [290:E:QDF] htc_setup_target_buffer_assignments: 576: SVS Index : 1 TX : 0x100 : alloc:1
01-01 08:00:15.169 0 0 D cnss : Assign MSI to user: DP, num_vectors: 18, user_base_data: 814, base_vector: 14
01-01 08:00:15.169 0 0 I [kworke][0x115c7979][11:09:23.049063] wlan: [290:I:HIF] +hif_update_pipe_callback pipeid 5
01-01 08:00:15.169 0 0 I [kworke][0x115c79bf][11:09:23.049067] wlan: [290:I:HIF] -hif_update_pipe_callback
01-01 08:00:15.169 0 0 D cnss : Assign MSI to user: DP, num_vectors: 18, user_base_data: 814, base_vector: 14
01-01 08:00:15.170 0 0 E [kworke][0x115c9b3d][11:09:23.049513] wlan: [290:E:DP] dp_srng_get_str_from_hal_ring_type: 7726: Invalid ring type
01-01 08:00:15.170 0 0 D cnss : Assign MSI to user: DP, num_vectors: 18, user_base_data: 814, base_vector: 14
01-01 08:00:15.170 0 0 D cnss : Assign MSI to user: DP, num_vectors: 18, user_base_data: 814, base_vector: 14
01-01 08:00:15.170 0 0 D cnss : Assign MSI to user: DP, num_vectors: 18, user_base_data: 814, base_vector: 14
01-01 08:00:15.170 0 0 D cnss : Assign MSI to user: DP, num_vectors: 18, user_base_data: 814, base_vector: 14
01-01 08:00:15.170 0 0 D cnss : Assign MSI to user: DP, num_vectors: 18, user_base_data: 814, base_vector: 14
01-01 08:00:15.170 0 0 D cnss : Assign MSI to user: DP, num_vectors: 18, user_base_data: 814, base_vector: 14
01-01 08:00:15.170 0 0 D cnss : Assign MSI to user: DP, num_vectors: 18, user_base_data: 814, base_vector: 14
01-01 08:00:15.170 0 0 D cnss : Assign MSI to user: DP, num_vectors: 18, user_base_data: 814, base_vector: 14
01-01 08:00:15.171 0 0 I [kworke][0x115cce2e][11:09:23.050192] wlan: [290:I:DP] dp_tx_soc_attach Tx Desc Alloc num_pool = 4, descs = 4096
01-01 08:00:15.171 0 0 I [kworke][0x115cdc05][11:09:23.050377] wlan: [290:I:DP] dp_tx_soc_attach MSDU Ext Desc Alloc 4, descs = 4096
01-01 08:00:15.171 0 0 I [kworke][0x115cf0ed][11:09:23.050656] wlan: [290:I:DP] dp_tx_soc_attach HAL Tx init Success
01-01 08:00:15.171 0 0 D cnss : Assign MSI to user: DP, num_vectors: 18, user_base_data: 814, base_vector: 14
01-01 08:00:15.171 0 0 D cnss : Assign MSI to user: DP, num_vectors: 18, user_base_data: 814, base_vector: 14
01-01 08:00:15.171 0 0 I [kworke][0x115cf99c][11:09:23.050771] wlan: [290:I:DP] dp_soc_cmn_setup: 3274: num_reo_dest_rings 4
01-01 08:00:15.171 0 0 D cnss : Assign MSI to user: DP, num_vectors: 18, user_base_data: 814, base_vector: 14
01-01 08:00:15.171 0 0 D cnss : Assign MSI to user: DP, num_vectors: 18, user_base_data: 814, base_vector: 14
01-01 08:00:15.171 0 0 D cnss : Assign MSI to user: DP, num_vectors: 18, user_base_data: 814, base_vector: 14
01-01 08:00:15.171 0 0 D cnss : Assign MSI to user: DP, num_vectors: 18, user_base_data: 814, base_vector: 14
01-01 08:00:15.171 0 0 D cnss : Assign MSI to user: DP, num_vectors: 18, user_base_data: 814, base_vector: 14
01-01 08:00:15.171 0 0 D cnss : Assign MSI to user: DP, num_vectors: 18, user_base_data: 814, base_vector: 14
01-01 08:00:15.171 0 0 D cnss : Assign MSI to user: DP, num_vectors: 18, user_base_data: 814, base_vector: 14
01-01 08:00:15.171 0 0 D cnss : Assign MSI to user: DP, num_vectors: 18, user_base_data: 814, base_vector: 14
01-01 08:00:15.171 0 0 D cnss : Assign MSI to user: DP, num_vectors: 18, user_base_data: 814, base_vector: 14
01-01 08:00:15.172 0 0 D cnss : Assign MSI to user: DP, num_vectors: 18, user_base_data: 814, base_vector: 14
01-01 08:00:15.172 0 0 D cnss : Assign MSI to user: DP, num_vectors: 18, user_base_data: 814, base_vector: 14
01-01 08:00:15.172 0 0 I [kworke][0x115d29a3][11:09:23.051412] wlan: [290:I:HAL] hal_reo_set_err_dst_remap_6390: 1024: HWIO_REO_R0_ERROR_DESTINATION_MAPPING_IX_0 0x28005b6d
01-01 08:00:15.172 0 0 D cnss : Assign MSI to user: DP, num_vectors: 18, user_base_data: 814, base_vector: 14
01-01 08:00:15.172 0 0 D cnss : Assign MSI to user: DP, num_vectors: 18, user_base_data: 814, base_vector: 14
01-01 08:00:15.172 0 0 D cnss : Assign MSI to user: DP, num_vectors: 18, user_base_data: 814, base_vector: 14
01-01 08:00:15.172 0 0 D cnss : Assign MSI to user: DP, num_vectors: 18, user_base_data: 814, base_vector: 14
01-01 08:00:15.172 0 0 D cnss : Assign MSI to user: DP, num_vectors: 18, user_base_data: 814, base_vector: 14
01-01 08:00:15.172 0 0 D cnss : Assign MSI to user: DP, num_vectors: 18, user_base_data: 814, base_vector: 14
01-01 08:00:15.175 0 0 I [kworke][0x115e0779][11:09:23.054370] wlan: [290:I:DP] Peer pool init
01-01 08:00:15.175 0 0 W [kworke][0x115e0f04][11:09:23.054470] wlan: [290:W:DP] dp_rx_pdev_mon_attach: pdev attach id=0
01-01 08:00:15.176 0 0 D cnss : Assign MSI to user: DP, num_vectors: 18, user_base_data: 814, base_vector: 14
01-01 08:00:15.176 0 0 D cnss : Get IRQ number 365 for vector index 14
01-01 08:00:15.176 0 0 D cnss : Assign MSI to user: DP, num_vectors: 18, user_base_data: 814, base_vector: 14
01-01 08:00:15.176 0 0 D cnss : Get IRQ number 366 for vector index 15
01-01 08:00:15.176 0 0 D cnss : Assign MSI to user: DP, num_vectors: 18, user_base_data: 814, base_vector: 14
01-01 08:00:15.176 0 0 D cnss : Get IRQ number 367 for vector index 16
01-01 08:00:15.176 0 0 D cnss : Assign MSI to user: DP, num_vectors: 18, user_base_data: 814, base_vector: 14
01-01 08:00:15.176 0 0 D cnss : Get IRQ number 368 for vector index 17
01-01 08:00:15.176 0 0 D cnss : Assign MSI to user: DP, num_vectors: 18, user_base_data: 814, base_vector: 14
01-01 08:00:15.176 0 0 D cnss : Assign MSI to user: DP, num_vectors: 18, user_base_data: 814, base_vector: 14
01-01 08:00:15.176 0 0 D cnss : Get IRQ number 370 for vector index 19
01-01 08:00:15.176 0 0 D cnss : Assign MSI to user: DP, num_vectors: 18, user_base_data: 814, base_vector: 14
01-01 08:00:15.176 0 0 D cnss : Get IRQ number 371 for vector index 20
01-01 08:00:15.178 0 0 I [kworke][0x115ef70e][11:09:23.057564] wlan: [336:I:WMA] wma_rx_service_ready_event: Firmware build version : 101a0521
01-01 08:00:15.178 0 0 I [kworke][0x115ef908][11:09:23.057590] wlan: [336:I:WMA] wma_rx_service_ready_event: Board id: 0, Board version: 8 0 0 0 6
01-01 08:00:15.182 0 0 I [kworke][0x11600654][11:09:23.061181] wlan: [336:I:WMA] wma_is_dbs_mandatory: 5417: MAC0 does not support both bands 2 DBS is mandatory
01-01 08:00:15.182 0 0 E [kworke][0x11600c3b][11:09:23.061260] wlan: [336:E:QDF] copy_fw_abi_version_tlv: 6979: copy_fw_abi_version_tlv: INIT_CMD version: 1, 0, 0x5f414351, 0x4c4d, 0x0, 0x0
05-11 11:09:23.080 1497 3412 W StorageManagerService: Reporting emulated;0 unmounted due to system locked
05-11 11:09:23.087 1497 1587 I commit_sys_config_file: [jobs,1]
05-11 11:09:23.097 1497 2512 W StorageManagerService: Reporting emulated;0 unmounted due to system locked
05-11 11:09:23.098 1497 2512 W StorageManagerService: Reporting emulated;0 unmounted due to system locked
05-11 11:09:23.102 3291 3291 I auditd : type=1400 audit(0.0:1433): avc: granted { execute } for comm="downloader:live" path="/data/user/0/com.tencent.android.qqdownloader/files/shell/7_8424130_6981/lib/arm64-v8a/libmmkv.so" dev="dm-10" ino=6016 scontext=u:r:untrusted_app_27:s0:c512,c768 tcontext=u:object_r:app_data_file:s0:c512,c768 tclass=file app=com.tencent.android.qqdownloader
05-11 11:09:23.114 1497 3023 D CompatibilityChangeReporter: Compat change id reported: 135634846; UID 10094; state: DISABLED
05-11 11:09:23.114 1497 3023 D CompatibilityChangeReporter: Compat change id reported: 177438394; UID 10094; state: DISABLED
05-11 11:09:23.114 1497 3023 D CompatibilityChangeReporter: Compat change id reported: 135772972; UID 10094; state: DISABLED
05-11 11:09:23.114 1497 3023 D CompatibilityChangeReporter: Compat change id reported: 135754954; UID 10094; state: DISABLED
05-11 11:09:23.114 1497 1603 D CompatibilityChangeReporter: Compat change id reported: 143937733; UID 10094; state: DISABLED
05-11 11:09:23.120 1497 1603 I am_proc_start: [0,3506,10094,com.tencent.android.qqdownloader:daemon,content provider,{com.tencent.android.qqdownloader/com.tencent.assistant.db.contentprovider.SimpleDataTranslateProvider}]
05-11 11:09:23.120 1497 1603 I ActivityManager: Start proc 3506:com.tencent.android.qqdownloader:daemon/u0a94 for content provider {com.tencent.android.qqdownloader/com.tencent.assistant.db.contentprovider.SimpleDataTranslateProvider}
05-11 11:09:23.132 1497 3023 I am_proc_bound: [0,3506,com.tencent.android.qqdownloader:daemon]
01-01 08:00:15.250 0 0 I binder : 3506:3506 ioctl 40046210 7fec0ec5c4 returned -22
05-11 11:09:23.153 3291 3291 W PackageParsing: Ignoring duplicate uses-permissions/uses-permissions-sdk-m: android.permission.CAMERA in package: com.tencent.android.qqdownloader at: Binary XML file line #174
05-11 11:09:23.153 3291 3291 W PackageParsing: Ignoring duplicate uses-permissions/uses-permissions-sdk-m: android.permission.ACCESS_NETWORK_STATE in package: com.tencent.android.qqdownloader at: Binary XML file line #175
05-11 11:09:23.153 3291 3291 W PackageParsing: Ignoring duplicate uses-permissions/uses-permissions-sdk-m: android.permission.ACCESS_WIFI_STATE in package: com.tencent.android.qqdownloader at: Binary XML file line #176
05-11 11:09:23.153 3291 3291 W PackageParsing: Ignoring duplicate uses-permissions/uses-permissions-sdk-m: android.permission.CHANGE_WIFI_STATE in package: com.tencent.android.qqdownloader at: Binary XML file line #177
05-11 11:09:23.153 3291 3291 W PackageParsing: Ignoring duplicate uses-permissions/uses-permissions-sdk-m: android.permission.CHANGE_NETWORK_STATE in package: com.tencent.android.qqdownloader at: Binary XML file line #181
05-11 11:09:23.153 3291 3291 W PackageParsing: Ignoring duplicate uses-permissions/uses-permissions-sdk-m: android.permission.INTERNET in package: com.tencent.android.qqdownloader at: Binary XML file line #182
05-11 11:09:23.153 3291 3291 W PackageParsing: Ignoring duplicate uses-permissions/uses-permissions-sdk-m: android.permission.WRITE_EXTERNAL_STORAGE in package: com.tencent.android.qqdownloader at: Binary XML file line #186
05-11 11:09:23.154 3291 3291 W PackageParsing: Ignoring duplicate uses-permissions/uses-permissions-sdk-m: android.permission.INTERNET in package: com.tencent.android.qqdownloader at: Binary XML file line #246
05-11 11:09:23.154 3291 3291 W PackageParsing: Ignoring duplicate uses-permissions/uses-permissions-sdk-m: android.permission.ACCESS_COARSE_LOCATION in package: com.tencent.android.qqdownloader at: Binary XML file line #247
05-11 11:09:23.154 3291 3291 W PackageParsing: Ignoring duplicate uses-permissions/uses-permissions-sdk-m: android.permission.ACCESS_FINE_LOCATION in package: com.tencent.android.qqdownloader at: Binary XML file line #248
05-11 11:09:23.154 3291 3291 W PackageParsing: Ignoring duplicate uses-permissions/uses-permissions-sdk-m: android.permission.ACCESS_NETWORK_STATE in package: com.tencent.android.qqdownloader at: Binary XML file line #249
05-11 11:09:23.154 3291 3291 W PackageParsing: Ignoring duplicate uses-permissions/uses-permissions-sdk-m: android.permission.ACCESS_WIFI_STATE in package: com.tencent.android.qqdownloader at: Binary XML file line #250
05-11 11:09:23.154 3291 3291 W PackageParsing: Ignoring duplicate uses-permissions/uses-permissions-sdk-m: android.permission.CAMERA in package: com.tencent.android.qqdownloader at: Binary XML file line #252
05-11 11:09:23.154 3291 3291 W PackageParsing: Ignoring duplicate uses-permissions/uses-permissions-sdk-m: android.permission.WRITE_EXTERNAL_STORAGE in package: com.tencent.android.qqdownloader at: Binary XML file line #253
05-11 11:09:23.155 3291 3291 W PackageParsing: No actions in intent-filter at /data/user/0/com.tencent.android.qqdownloader/files/shell/7_8424130_6981/base.apk Binary XML file line #447
05-11 11:09:23.155 3291 3291 W PackageParsing: No actions in intent-filter at /data/user/0/com.tencent.android.qqdownloader/files/shell/7_8424130_6981/base.apk Binary XML file line #467
05-11 11:09:23.155 3291 3291 W PackageParsing: No actions in intent-filter at /data/user/0/com.tencent.android.qqdownloader/files/shell/7_8424130_6981/base.apk Binary XML file line #504
05-11 11:09:23.155 3291 3291 W PackageParsing: No actions in intent-filter at /data/user/0/com.tencent.android.qqdownloader/files/shell/7_8424130_6981/base.apk Binary XML file line #540
05-11 11:09:23.155 3291 3291 W PackageParsing: No actions in intent-filter at /data/user/0/com.tencent.android.qqdownloader/files/shell/7_8424130_6981/base.apk Binary XML file line #576
05-11 11:09:23.155 3291 3291 W PackageParsing: No actions in intent-filter at /data/user/0/com.tencent.android.qqdownloader/files/shell/7_8424130_6981/base.apk Binary XML file line #612
05-11 11:09:23.158 3291 3291 W PackageParsing: No actions in intent-filter at /data/user/0/com.tencent.android.qqdownloader/files/shell/7_8424130_6981/base.apk Binary XML file line #1711
05-11 11:09:23.163 1497 1589 I wm_task_removed: [7,cleanUpResourcesForDestroy]
05-11 11:09:23.163 1497 1589 I wm_task_removed: [7,removeChild:removeChild last r=ActivityRecord{a1bc3ac u0 com.android.settings/.FallbackHome taskAffinity=1000:com.android.settings.FallbackHome t-1 f}} in t=Task{fd9cec #7 type=home A=1000:com.android.settings.FallbackHome U=0 visible=false mode=fullscreen translucent=true sz=0 visible freeform task=true rootAffinity=1000:com.android.settings.FallbackHome}]
05-11 11:09:23.163 1497 1589 I wm_task_removed: [7,removeChild]
05-11 11:09:23.168 1497 2077 W ActivityManager: Background start not allowed: service Intent { cmp=com.tencent.android.qqdownloader/com.live.sync.YYBLiveAuthService } to com.tencent.android.qqdownloader/com.live.sync.YYBLiveAuthService from pid=3291 uid=10094 pkg=com.tencent.android.qqdownloader startFg?=false
05-11 11:09:23.171 1497 2077 I commit_sys_config_file: [sync-accounts,1]
01-01 08:00:15.363 0 0 E [kworke][0x11953ac2][11:09:23.242787] wlan: [336:E:QDF] ready_extract_init_status_tlv: 8884: ready_extract_init_status_tlv:0
01-01 08:00:15.363 0 0 E [kworke][0x1195400b][11:09:23.242857] wlan: [336:E:QDF] cds_get_context: 1486: Module ID 65 context is Null
01-01 08:00:15.363 0 0 F [kworke][0x119540bb][11:09:23.242866] wlan: [336:F:DP] cdp_ipa_set_uc_tx_partition_base invalid instance
01-01 08:00:15.363 0 0 I [kworke][0x119541b0][11:09:23.242879] wlan: [336:I:WMA] wma_he_update_tgt_services: 996: 11ax is enabled
01-01 08:00:15.364 0 0 I [kworke][0x11958ceb][11:09:23.243882] wlan: [336:I:HIF] Initializing Runtime PM wakelock &mgmt_txrx_pdev_ctx->wakelock_tx_runtime_cmp
01-01 08:00:15.364 0 0 I [kworke][0x119598c5][11:09:23.244040] wlan: [336:I:dfs] WLAN_DEBUG_DFS_ALWAYS : wlan_dfs_pdev_obj_create_notification: 421: dfs_offload 1
01-01 08:00:15.364 0 0 I [kworke][0x119599cf][11:09:23.244054] wlan: [336:I:SPECTRAL] null_get_capability: 1715: SPECTRAL : get_capability not registered
01-01 08:00:15.364 0 0 I [kworke][0x11959a49][11:09:23.244060] wlan: [336:I:SPECTRAL] target_if_pdev_spectral_init: 2249: HAL_CAP_PHYDIAG : Capable
01-01 08:00:15.364 0 0 I [kworke][0x11959ab9][11:09:23.244066] wlan: [336:I:SPECTRAL] null_get_capability: 1715: SPECTRAL : get_capability not registered
01-01 08:00:15.364 0 0 I [kworke][0x11959b24][11:09:23.244072] wlan: [336:I:SPECTRAL] target_if_pdev_spectral_init: 2253: HAL_CAP_RADAR : Capable
01-01 08:00:15.364 0 0 I [kworke][0x11959cb0][11:09:23.244093] wlan: [336:I:SPECTRAL] null_get_capability: 1715: SPECTRAL : get_capability not registered
01-01 08:00:15.364 0 0 I [kworke][0x11959d26][11:09:23.244099] wlan: [336:I:SPECTRAL] target_if_pdev_spectral_init: 2258: HAL_CAP_SPECTRAL_SCAN : Capable
01-01 08:00:15.364 0 0 I [kworke][0x11959d95][11:09:23.244104] wlan: [336:I:SPECTRAL] null_get_tsf64: 1703: SPECTRAL : get_tsf64 not registered
01-01 08:00:15.364 0 0 I [kworke][0x11959e6f][11:09:23.244116] wlan: [336:I:GREEN_AP] wlan_green_ap_pdev_obj_create_notification: 106: Green AP creation successful, green ap ctx: 0000000000000000, pdev: 0000000000000000
01-01 08:00:15.364 0 0 I [kworke][0x1195a043][11:09:23.244140] wlan: [336:I:IPA] wlan_ipa_wdi_init: 540: ipa_over_gsi: 1, is_smmu_enabled: 1
01-01 08:00:15.365 0 0 I [kworke][0x1195c987][11:09:23.244690] wlan: [336:I:REGULATORY] reg_set_band: 483: set band bitmap: 3
01-01 08:00:15.365 0 0 I [kworke][0x1195dd2a][11:09:23.244952] wlan: [336:I:HIF] Initializing Runtime PM wakelock &ctx->dfs
01-01 08:00:15.365 0 0 I [kworke][0x1195dda2][11:09:23.244958] wlan: [336:I:HIF] Initializing Runtime PM wakelock &ctx->connect
01-01 08:00:15.365 0 0 I [kworke][0x1195de19][11:09:23.244965] wlan: [336:I:HIF] Initializing Runtime PM wakelock &ctx->user
01-01 08:00:15.365 0 0 I [kworke][0x1195de8d][11:09:23.244971] wlan: [336:I:HIF] Initializing Runtime PM wakelock &scan_priv->runtime_pm_lock
01-01 08:00:15.365 0 0 I [kworke][0x1195e056][11:09:23.244994] wlan: [336:I:GREEN_AP] target_if_green_ap_register_egap_event_handler: 131: Set the Enhance Green AP event handler
01-01 08:00:15.365 0 0 E [kworke][0x1195e14e][11:09:23.245007] wlan: [336:E:QDF] dp_peer_map_attach_wifi3: 10048: dp_peer_map_attach_wifi3 max_peers 55, max_ast_index: 144
01-01 08:00:15.365 0 0 I [kworke][0x1195e265][11:09:23.245022] wlan: [336:I:DP]
01-01 08:00:15.365 0 0 I : <=== cfg max peer id 55 ====>
01-01 08:00:15.365 0 0 I [kworke][0x1195e2fa][11:09:23.245030] wlan: [336:I:DP]
01-01 08:00:15.365 0 0 I : <=== cfg max ast idx 144 ====>
01-01 08:00:15.365 0 0 I [kworke][0x1195e383][11:09:23.245037] wlan: [336:I:DP] ast hash_elems: 512, max_ast_idx: 144
01-01 08:00:15.365 0 0 I [kworke][0x1195e5d1][11:09:23.245068] wlan: [290:I:WMA] wma_wait_for_ready_event: 6926: FW ready event received
01-01 08:00:15.366 0 0 E [kworke][0x11961112][11:09:23.245644] wlan: [290:E:WMI] send_action_oui_cmd_tlv: 220: Invalid action id
01-01 08:00:15.366 0 0 E [kworke][0x11961178][11:09:23.245650] wlan: [290:E:action_oui] ucfg_action_oui_send: 160: Failed to send: 7
01-01 08:00:15.366 0 0 E [kworke][0x119611d0][11:09:23.245654] wlan: [290:E:WMI] send_action_oui_cmd_tlv: 220: Invalid action id
01-01 08:00:15.366 0 0 E [kworke][0x11961217][11:09:23.245658] wlan: [290:E:action_oui] ucfg_action_oui_send: 160: Failed to send: 9
01-01 08:00:15.366 0 0 E [kworke][0x1196124d][11:09:23.245661] wlan: [290:E:HDD] hdd_action_oui_send: 13281: Failed to send one or all action_ouis
01-01 08:00:15.368 0 0 D cnss : dma-coherent is enabled
01-01 08:00:15.368 0 0 D cnss : IOMMU map: iova b0000000, len 4096
01-01 08:00:15.368 0 0 D cnss : IOMMU map: iova_addr b0000040
01-01 08:00:15.368 0 0 D cnss : dma-coherent is enabled
01-01 08:00:15.368 0 0 D cnss : IOMMU map: iova b0001000, len 4096
01-01 08:00:15.368 0 0 D cnss : IOMMU map: iova_addr b0001018
01-01 08:00:15.368 0 0 I [kworke][0x1196916f][11:09:23.247356] wlan: [290:I:SYS] Creating periodic timer for OLBC UPDATE CACHE TIMEOUT
01-01 08:00:15.368 0 0 E [kworke][0x11969685][11:09:23.247424] wlan: [290:E:TXRX] dp_rxdma_ring_config: 5022: DBS enabled max_mac_rings 2
01-01 08:00:15.368 0 0 E [kworke][0x119696df][11:09:23.247428] wlan: [290:E:TXRX] dp_rxdma_ring_config: 5033: pdev_id 0 max_mac_rings 2
01-01 08:00:15.368 0 0 E [kworke][0x11969714][11:09:23.247431] wlan: [290:E:TXRX] dp_rxdma_ring_config: 5050: mac_id 0
01-01 08:00:15.368 0 0 E [kworke][0x119698de][11:09:23.247455] wlan: [290:E:TXRX] dp_rxdma_ring_config: 5050: mac_id 1
01-01 08:00:15.368 0 0 I [kworke][0x11969f85][11:09:23.247544] wlan: [290:I:POLICY_MGR] policy_mgr_update_5g_scc_prefer: 398: overwrite pm_second_connection_pcl_dbs_2x2_table, index 2 mode 3 system prefer 0 new pcl 6
01-01 08:00:15.368 0 0 I [kworke][0x11969fb3][11:09:23.247546] wlan: [290:I:POLICY_MGR] policy_mgr_update_5g_scc_prefer: 404: overwrite pm_second_connection_pcl_dbs_2x2_table, index 3 mode 3 system prefer 0 new pcl 6
01-01 08:00:15.368 0 0 E [kworke][0x1196a58b][11:09:23.247624] wlan: [290:E:REGULATORY] reg_freq_width_to_chan_op_class: 512: no op class for frequency 5745
01-01 08:00:15.368 0 0 I [kworke][0x1196af59][11:09:23.247755] wlan: [290:I:HIF] hif_pm_runtime_start: Enabling RUNTIME PM, Delay: 500 ms
01-01 08:00:15.369 0 0 E cnss_utils: WLAN MAC address is not set, type 0
01-01 08:00:15.369 0 0 W cnss_pci 0000: 01:00.0: Falling back to syfs fallback for: wlan/qca_cld/qca6390/wlan_mac.bin
01-01 08:00:15.387 0 0 I [kworke][0x119c4fc8][11:09:23.266960] wlan: [290:I:HDD] hdd_initialize_mac_address: 12589: using default MAC address
01-01 08:00:15.399 0 0 D cnss : Host time = 15399600 us, device time = 2352280 us, offset = 13047320 us
01-01 08:00:15.399 0 0 D cnss : Updated time sync regs [0x984] = 0xc71618, [0x988] = 0x0
01-01 08:00:15.399 0 0 D cnss : Removing vote for Regulator vdd-wlan-rfa2
01-01 08:00:15.399 0 0 D cnss : Removing vote for Regulator vdd-wlan-rfa1
01-01 08:00:15.399 0 0 D cnss : Removing vote for Regulator vdd-wlan-dig
01-01 08:00:15.399 0 0 D cnss : Removing vote for Regulator vdd-wlan-aon
05-11 11:09:23.278 836 836 I android.hardware.wifi@1.0-service: Wifi HAL started
01-01 08:00:15.399 0 0 I qcom_rpmh DRV: apps_rsc TCS Busy, retrying RPMH message send: addr=0x40200
01-01 08:00:15.399 0 0 D cnss : Removing vote for Regulator vdd-wlan-io
01-01 08:00:15.399 0 0 D cnss : PM relax, state: 0x107, count: 0
01-01 08:00:15.410 0 0 I : Wifi Turning On from UI
01-01 08:00:15.411 0 0 I [wifi@1][0x11a33217][11:09:23.290458] wlan: [836:I:DP] dp_vdev_attach_wifi3: wlan_cfg_ap_bridge_enabled 0
01-01 08:00:15.411 0 0 I [wifi@1][0x11a33709][11:09:23.290524] wlan: [836:I:DP] 00000000: 0b 76 cf 76 74 c4 7b d8 9a 8c 44 f4 42 da c8 c4
01-01 08:00:15.411 0 0 I [wifi@1][0x11a33782][11:09:23.290530] wlan: [836:I:DP] 00000010: f6 b5 8c 2c
01-01 08:00:15.411 0 0 I [wifi@1][0x11a33830][11:09:23.290539] wlan: [836:I:DP] 00000000: 45 58 f6 ce 5b 7b 0a f3 25 89 3c 1b a5 88 4c e7
01-01 08:00:15.411 0 0 I [wifi@1][0x11a3389c][11:09:23.290545] wlan: [836:I:DP] 00000010: a3 93 d7 d0 dc 8e e0 68 86 52 31 6c a5 f2 18 ab
01-01 08:00:15.411 0 0 I [wifi@1][0x11a33904][11:09:23.290550] wlan: [836:I:DP] 00000020: f0 57 af 63 b2 56 85 e0 21 7f 78 de
05-11 11:09:23.292 1497 1810 I netstats_mobile_sample: [0,0,0,0,0,0,0,0,0,0,0,0,1683774563292]
05-11 11:09:23.292 1497 1810 I netstats_wifi_sample: [0,0,0,0,0,0,0,0,0,0,0,0,1683774563292]
01-01 08:00:15.417 0 0 I IPv6 : ADDRCONF(NETDEV_UP): wlan0: link is not ready
05-11 11:09:23.300 1497 1810 I netstats_mobile_sample: [0,0,0,0,0,0,0,0,0,0,0,0,1683774563300]
05-11 11:09:23.300 1497 1810 I netstats_wifi_sample: [0,0,0,0,0,0,0,0,0,0,0,0,1683774563300]
05-11 11:09:23.301 836 836 I android.hardware.wifi@1.0-service: Adding interface handle for wlan0
05-11 11:09:23.301 836 836 I android.hardware.wifi@1.0-service: Adding interface handle for p2p0
05-11 11:09:23.301 836 836 I android.hardware.wifi@1.0-service: Adding interface handle for wifi-aware0
05-11 11:09:23.301 836 836 W android.hardware.wifi@1.0-service: No active wlan interfaces in use! Using default
05-11 11:09:23.301 836 836 W android.hardware.wifi@1.0-service: No active wlan interfaces in use! Using default
05-11 11:09:23.303 836 836 I android.hardware.wifi@1.0-service: Configured chip in mode 3
05-11 11:09:23.303 836 836 W android.hardware.wifi@1.0-service: No active wlan interfaces in use! Using default
01-01 08:00:15.428 0 0 I [lowi-s][0x11a84f9d][11:09:23.307918] wlan: [1447:I:wifipos] wifi_pos_get_ch_info: 461: num channels: 26
01-01 08:00:15.429 0 0 I [wifi@1][0x11a88d46][11:09:23.308740] wlan: [836:I:DP] dp_vdev_attach_wifi3: wlan_cfg_ap_bridge_enabled 1
01-01 08:00:15.429 0 0 E [wifi@1][0x11a89538][11:09:23.308846] wlan: [836:E:PMO] pmo_register_wow_wakeup_events: 88: Skipping wake event configuration for vdev_opmode 16
01-01 08:00:15.429 0 0 E [wifi@1][0x11a8987e][11:09:23.308890] wlan: [836:E:SME] sme_get_nss_chain_shift: 4045: Device mode 16 invalid
01-01 08:00:15.429 0 0 E [wifi@1][0x11a898bc][11:09:23.308893] wlan: [836:E:SME] sme_get_nss_chain_shift: 4045: Device mode 16 invalid
01-01 08:00:15.430 0 0 I IPv6 : ADDRCONF(NETDEV_UP): wifi-aware0: link is not ready
01-01 08:00:15.431 0 0 E [wifi@1][0x11a93215][11:09:23.310938] wlan: [3543:E:wifipos] wifi_pos_process_app_reg_req: 608: Received App Req Req pid(1631585092), len(16)
01-01 08:00:15.432 0 0 I [wifi@1][0x11a95b48][11:09:23.311487] wlan: [3543:I:wifipos] wifi_pos_get_ch_info: 461: num channels: 26
01-01 08:00:15.434 0 0 I [wifi@1][0x11aa0846][11:09:23.313794] wlan: [3543:I:wifipos] wifi_pos_get_ch_info: 461: num channels: 26
05-11 11:09:23.322 1229 1229 I wificond: createClientInterface: wiphy_index 0 iface_name wlan0
05-11 11:09:23.324 1229 1229 I wificond: create scanner for interface with index: 17
05-11 11:09:23.324 1229 1229 I wificond: subscribe scan result for interface with index: 17
05-11 11:09:23.325 1229 1229 I wificond: add channel type 0 support at wiphy index: 0
05-11 11:09:23.325 1229 1229 I wificond: add channel type 1 support at wiphy index: 0
01-01 08:00:15.476 0 0 I init : starting service 'wpa_supplicant'...
01-01 08:00:15.476 0 0 I init : Created socket '/dev/socket/vendor_wpa_wlan0', mode 660, user 1010, group 1010
01-01 08:00:15.478 0 0 I init : Control message: Processed ctl.interface_start for 'android.hardware.wifi.supplicant@1.0::ISupplicant/default' from pid: 517 (/system/bin/hwservicemanager)
05-11 11:09:23.380 1497 2090 W StorageManagerService: Reporting emulated;0 unmounted due to system locked
05-11 11:09:23.381 1497 2090 W StorageManagerService: Reporting emulated;0 unmounted due to system locked
05-11 11:09:23.414 1497 2090 W StorageManagerService: Reporting emulated;0 unmounted due to system locked
05-11 11:09:23.597 558 558 I vold : Bind mounting /mnt/runtime/default/emulated/0/Android/data on /mnt/user/0/emulated/0/Android/data
05-11 11:09:23.597 558 558 I vold : Bind mounted /mnt/runtime/default/emulated/0/Android/data on /mnt/user/0/emulated/0/Android/data
05-11 11:09:23.597 558 558 I vold : Bind mounting /mnt/runtime/default/emulated/0/Android/obb on /mnt/user/0/emulated/0/Android/obb
05-11 11:09:23.598 558 558 I vold : Bind mounted /mnt/runtime/default/emulated/0/Android/obb on /mnt/user/0/emulated/0/Android/obb
05-11 11:09:23.598 558 558 I vold : Bind mounting /mnt/runtime/write/emulated/0/Android/obb on /mnt/installer/0/emulated/0/Android/obb
05-11 11:09:23.598 558 558 I vold : Bind mounted /mnt/runtime/write/emulated/0/Android/obb on /mnt/installer/0/emulated/0/Android/obb
05-11 11:09:23.598 558 558 I vold : Configuring read_ahead of /mnt/user/0/emulated fuse filesystem to 256kb
05-11 11:09:23.599 558 558 I vold : Writing 256 to /sys/class/bdi/0:89/read_ahead_kb
05-11 11:09:23.599 558 558 I vold : Configuring max_ratio of /mnt/user/0/emulated fuse filesystem to 40
05-11 11:09:23.599 558 558 I vold : Writing 40 to /sys/class/bdi/0:89/max_ratio
05-11 11:09:23.599 1497 1804 I StorageManagerService: Mounted volume VolumeInfo{emulated;0}:
05-11 11:09:23.599 1497 1804 I StorageManagerService: type=EMULATED diskId=null partGuid= mountFlags=PRIMARY|VISIBLE
05-11 11:09:23.599 1497 1804 I StorageManagerService: mountUserId=0 state=MOUNTED
05-11 11:09:23.599 1497 1804 I StorageManagerService: fsType=null fsUuid=null fsLabel=null
05-11 11:09:23.599 1497 1804 I StorageManagerService: path=/storage/emulated internalPath=/data/media
05-11 11:09:23.602 1497 1804 I StorageSessionController: Notifying volume state changed for session with id: emulated;0
05-11 11:09:23.605 1497 3412 W StorageManagerService: Reporting emulated;0 unmounted due to system locked
05-11 11:09:23.606 1497 2090 W StorageManagerService: Reporting emulated;0 unmounted due to system locked
01-01 08:00:15.728 0 0 I [schedu][0x12000d2b][11:09:23.607406] wlan: [3493:I:HIF] Deinitializing Runtime PM wakelock &vdev->vdev_set_key_runtime_wakelock
05-11 11:09:23.607 1497 3412 W StorageManagerService: Reporting emulated;0 unmounted due to system locked
05-11 11:09:23.608 1497 3412 W StorageManagerService: Reporting emulated;0 unmounted due to system locked
01-01 08:00:15.729 0 0 I [schedu][0x12004b1e][11:09:23.608232] wlan: [3493:I:HIF] Initializing Runtime PM wakelock &vdev->vdev_set_key_runtime_wakelock
05-11 11:09:23.612 1497 1804 I StorageSessionController: Notifying volume state changed for session with id: emulated;0
05-11 11:09:23.613 1497 2077 W StorageManagerService: Reporting emulated;0 unmounted due to system locked
05-11 11:09:23.614 1497 2077 W StorageManagerService: Reporting emulated;0 unmounted due to system locked
05-11 11:09:23.615 1497 2077 W StorageManagerService: Reporting emulated;0 unmounted due to system locked
05-11 11:09:23.617 1497 1804 I StorageSessionController: Notifying volume state changed for session with id: emulated;0
05-11 11:09:23.618 1497 2090 D CompatibilityChangeReporter: Compat change id reported: 135634846; UID 10094; state: DISABLED
05-11 11:09:23.619 1497 2090 D CompatibilityChangeReporter: Compat change id reported: 177438394; UID 10094; state: DISABLED
05-11 11:09:23.619 1497 2090 D CompatibilityChangeReporter: Compat change id reported: 135772972; UID 10094; state: DISABLED
05-11 11:09:23.619 1497 2090 D CompatibilityChangeReporter: Compat change id reported: 135754954; UID 10094; state: DISABLED
05-11 11:09:23.621 1497 1603 D CompatibilityChangeReporter: Compat change id reported: 143937733; UID 10094; state: DISABLED
05-11 11:09:23.626 1497 2516 D CompatibilityChangeReporter: Compat change id reported: 168419799; UID 10092; state: DISABLED
05-11 11:09:23.633 1497 1804 D StorageManagerService: Volume emulated;0 broadcasting mounted to UserHandle{0}
05-11 11:09:23.633 1497 1804 D StorageManagerService: Volume emulated;0 broadcasting mounted to UserHandle{0}
05-11 11:09:23.638 1497 1603 I am_proc_start: [0,3592,10094,com.tencent.android.qqdownloader,content provider,{com.tencent.android.qqdownloader/com.tencent.assistant.db.contentprovider.WallpaperProvider}]
05-11 11:09:23.638 1497 1603 I ActivityManager: Start proc 3592:com.tencent.android.qqdownloader/u0a94 for content provider {com.tencent.android.qqdownloader/com.tencent.assistant.db.contentprovider.WallpaperProvider}
05-11 11:09:23.645 1497 2090 W ActivityManager: Background start not allowed: service Intent { cmp=com.tencent.android.qqdownloader/com.tencent.assistant.sdk.SDKSupportService (has extras) } to com.tencent.android.qqdownloader/com.tencent.assistant.sdk.SDKSupportService from pid=3291 uid=10094 pkg=com.tencent.android.qqdownloader startFg?=false
01-01 08:00:15.777 0 0 I binder : 3592:3592 ioctl 40046210 7fec0ec5c4 returned -22
05-11 11:09:23.659 1497 2090 I am_proc_bound: [0,3592,com.tencent.android.qqdownloader]
05-11 11:09:23.660 1497 2516 D CompatibilityChangeReporter: Compat change id reported: 149924527; UID 10092; state: ENABLED
05-11 11:09:23.661 1497 2516 D CompatibilityChangeReporter: Compat change id reported: 132649864; UID 10092; state: DISABLED
05-11 11:09:23.662 3506 3506 W PackageParsing: Ignoring duplicate uses-permissions/uses-permissions-sdk-m: android.permission.CAMERA in package: com.tencent.android.qqdownloader at: Binary XML file line #174
05-11 11:09:23.662 3506 3506 W PackageParsing: Ignoring duplicate uses-permissions/uses-permissions-sdk-m: android.permission.ACCESS_NETWORK_STATE in package: com.tencent.android.qqdownloader at: Binary XML file line #175
05-11 11:09:23.662 3506 3506 W PackageParsing: Ignoring duplicate uses-permissions/uses-permissions-sdk-m: android.permission.ACCESS_WIFI_STATE in package: com.tencent.android.qqdownloader at: Binary XML file line #176
05-11 11:09:23.662 3506 3506 W PackageParsing: Ignoring duplicate uses-permissions/uses-permissions-sdk-m: android.permission.CHANGE_WIFI_STATE in package: com.tencent.android.qqdownloader at: Binary XML file line #177
05-11 11:09:23.662 3506 3506 W PackageParsing: Ignoring duplicate uses-permissions/uses-permissions-sdk-m: android.permission.CHANGE_NETWORK_STATE in package: com.tencent.android.qqdownloader at: Binary XML file line #181
05-11 11:09:23.662 3506 3506 W PackageParsing: Ignoring duplicate uses-permissions/uses-permissions-sdk-m: android.permission.INTERNET in package: com.tencent.android.qqdownloader at: Binary XML file line #182
05-11 11:09:23.662 3506 3506 W PackageParsing: Ignoring duplicate uses-permissions/uses-permissions-sdk-m: android.permission.WRITE_EXTERNAL_STORAGE in package: com.tencent.android.qqdownloader at: Binary XML file line #186
05-11 11:09:23.662 1497 2090 D CompatibilityChangeReporter: Compat change id reported: 182734110; UID 10092; state: DISABLED
05-11 11:09:23.662 3506 3506 W PackageParsing: Ignoring duplicate uses-permissions/uses-permissions-sdk-m: android.permission.INTERNET in package: com.tencent.android.qqdownloader at: Binary XML file line #246
05-11 11:09:23.662 3506 3506 W PackageParsing: Ignoring duplicate uses-permissions/uses-permissions-sdk-m: android.permission.ACCESS_COARSE_LOCATION in package: com.tencent.android.qqdownloader at: Binary XML file line #247
05-11 11:09:23.662 3506 3506 W PackageParsing: Ignoring duplicate uses-permissions/uses-permissions-sdk-m: android.permission.ACCESS_FINE_LOCATION in package: com.tencent.android.qqdownloader at: Binary XML file line #248
05-11 11:09:23.662 3506 3506 W PackageParsing: Ignoring duplicate uses-permissions/uses-permissions-sdk-m: android.permission.ACCESS_NETWORK_STATE in package: com.tencent.android.qqdownloader at: Binary XML file line #249
05-11 11:09:23.662 3506 3506 W PackageParsing: Ignoring duplicate uses-permissions/uses-permissions-sdk-m: android.permission.ACCESS_WIFI_STATE in package: com.tencent.android.qqdownloader at: Binary XML file line #250
05-11 11:09:23.662 3506 3506 W PackageParsing: Ignoring duplicate uses-permissions/uses-permissions-sdk-m: android.permission.CAMERA in package: com.tencent.android.qqdownloader at: Binary XML file line #252
05-11 11:09:23.663 3506 3506 W PackageParsing: Ignoring duplicate uses-permissions/uses-permissions-sdk-m: android.permission.WRITE_EXTERNAL_STORAGE in package: com.tencent.android.qqdownloader at: Binary XML file line #253
05-11 11:09:23.663 3506 3506 W PackageParsing: No actions in intent-filter at /data/user/0/com.tencent.android.qqdownloader/files/shell/7_8424130_6981/base.apk Binary XML file line #447
05-11 11:09:23.664 3506 3506 W PackageParsing: No actions in intent-filter at /data/user/0/com.tencent.android.qqdownloader/files/shell/7_8424130_6981/base.apk Binary XML file line #467
05-11 11:09:23.664 3506 3506 W PackageParsing: No actions in intent-filter at /data/user/0/com.tencent.android.qqdownloader/files/shell/7_8424130_6981/base.apk Binary XML file line #504
05-11 11:09:23.664 3506 3506 W PackageParsing: No actions in intent-filter at /data/user/0/com.tencent.android.qqdownloader/files/shell/7_8424130_6981/base.apk Binary XML file line #540
