05-11 11:09:21.770 1497 1588 I ActivityManagerTiming: OnBootPhase_1000_com.android.server.trust.TrustManagerService
05-11 11:09:21.774 1497 1588 I ActivityManagerTiming: OnBootPhase_1000_com.android.server.backup.BackupManagerService$Lifecycle
05-11 11:09:21.774 1497 1588 I ActivityManagerTiming: OnBootPhase_1000_com.android.server.appwidget.AppWidgetService
05-11 11:09:21.774 1497 1588 I ActivityManagerTiming: OnBootPhase_1000_com.android.server.voiceinteraction.VoiceInteractionManagerService
05-11 11:09:21.774 1497 1588 I ActivityManagerTiming: OnBootPhase_1000_com.android.server.apphibernation.AppHibernationService
05-11 11:09:21.774 1497 1588 I ActivityManagerTiming: OnBootPhase_1000_com.android.server.SensorNotificationService
05-11 11:09:21.775 1497 1588 D CompatibilityChangeReporter: Compat change id reported: 168936375; UID 1000; state: ENABLED
05-11 11:09:21.775 1497 1588 D CompatibilityChangeReporter: Compat change id reported: 168936375; UID 1000; state: DISABLED
05-11 11:09:21.775 1497 2757 I HibernationStateDiskStore: No hibernation file on disk for file /data/system/hibernation/states
05-11 11:09:21.777 1497 1588 D CompatibilityChangeReporter: Compat change id reported: 73144566; UID 1000; state: ENABLED
05-11 11:09:21.777 1497 1588 D CompatibilityChangeReporter: Compat change id reported: 73144566; UID 1000; state: DISABLED
05-11 11:09:21.778 1497 1588 I ActivityManagerTiming: OnBootPhase_1000_com.android.server.emergency.EmergencyAffordanceService
05-11 11:09:21.778 1497 1588 I ActivityManagerTiming: OnBootPhase_1000_com.android.server.blob.BlobStoreManagerService
05-11 11:09:21.779 1497 1588 I ActivityManagerTiming: OnBootPhase_1000_com.android.server.dreams.DreamManagerService
05-11 11:09:21.779 1497 1588 I ActivityManagerTiming: OnBootPhase_1000_com.android.server.companion.CompanionDeviceManagerService
05-11 11:09:21.779 1497 1588 I ActivityManagerTiming: OnBootPhase_1000_com.android.server.restrictions.RestrictionsManagerService
05-11 11:09:21.779 1497 1588 I ActivityManagerTiming: OnBootPhase_1000_com.android.server.media.MediaSessionService
05-11 11:09:21.780 1497 1588 I ActivityManagerTiming: OnBootPhase_1000_com.android.server.media.MediaResourceMonitorService
05-11 11:09:21.780 1497 1588 I ActivityManagerTiming: OnBootPhase_1000_com.android.server.biometrics.sensors.fingerprint.FingerprintService
05-11 11:09:21.780 1497 1588 I ActivityManagerTiming: OnBootPhase_1000_com.android.server.biometrics.BiometricService
05-11 11:09:21.780 1497 1588 I ActivityManagerTiming: OnBootPhase_1000_com.android.server.biometrics.AuthService
05-11 11:09:21.780 1497 1588 I ActivityManagerTiming: OnBootPhase_1000_com.android.server.pm.ShortcutService$Lifecycle
05-11 11:09:21.780 1497 1588 I ActivityManagerTiming: OnBootPhase_1000_com.android.server.pm.LauncherAppsService
05-11 11:09:21.780 1497 1588 I ActivityManagerTiming: OnBootPhase_1000_com.android.server.pm.CrossProfileAppsService
05-11 11:09:21.780 1497 1588 I ActivityManagerTiming: OnBootPhase_1000_com.android.server.people.PeopleService
05-11 11:09:21.780 1497 1588 I ActivityManagerTiming: OnBootPhase_1000_com.android.server.media.metrics.MediaMetricsManagerService
05-11 11:09:21.780 1497 1588 I ActivityManagerTiming: OnBootPhase_1000_com.android.server.media.projection.MediaProjectionManagerService
05-11 11:09:21.780 1497 1588 I ActivityManagerTiming: OnBootPhase_1000_com.android.server.slice.SliceManagerService$Lifecycle
05-11 11:09:21.780 1497 1588 I ActivityManagerTiming: OnBootPhase_1000_com.android.server.stats.StatsCompanion$Lifecycle
05-11 11:09:21.780 1497 1588 I ActivityManagerTiming: OnBootPhase_1000_com.android.server.scheduling.RebootReadinessManagerService$Lifecycle
05-11 11:09:21.780 1497 1588 I ActivityManagerTiming: OnBootPhase_1000_com.android.server.stats.pull.StatsPullAtomService
05-11 11:09:21.780 1497 1588 I ActivityManagerTiming: OnBootPhase_1000_com.android.server.incident.IncidentCompanionService
05-11 11:09:21.780 1497 1588 I ActivityManagerTiming: OnBootPhase_1000_com.android.server.MmsServiceBroker
05-11 11:09:21.780 1497 1588 I ActivityManagerTiming: OnBootPhase_1000_com.android.server.autofill.AutofillManagerService
05-11 11:09:21.780 1497 1588 I ActivityManagerTiming: OnBootPhase_1000_com.android.server.clipboard.ClipboardService
05-11 11:09:21.780 1497 1588 I ActivityManagerTiming: OnBootPhase_1000_com.android.server.appbinding.AppBindingService$Lifecycle
05-11 11:09:21.780 1497 1588 I ActivityManagerTiming: OnBootPhase_1000_com.android.server.tracing.TracingServiceProxy
05-11 11:09:21.780 1497 1588 I ActivityManagerTiming: OnBootPhase_1000_com.android.server.policy.PermissionPolicyService
05-11 11:09:21.780 1497 1588 I ActivityManagerTiming: OnBootPhase_1000_com.android.server.pm.StagingManager$Lifecycle
05-11 11:09:21.780 1497 1588 I ActivityManagerTiming: OnBootPhase_1000_com.android.server.app.GameManagerService$Lifecycle
05-11 11:09:21.780 1497 1588 D GameManagerService: onBootCompleted
05-11 11:09:21.780 1497 1588 I ActivityManagerTiming: OnBootPhase_1000_com.android.server.appsearch.AppSearchManagerService
05-11 11:09:21.780 1497 1588 I ActivityManagerTiming: OnBootPhase_1000_com.android.server.media.MediaCommunicationService
05-11 11:09:21.780 1497 1588 D ActivityManagerTiming: TotalBootTime took to complete: 4462ms
05-11 11:09:21.780 1497 1588 D SystemServerInitThreadPool: Shutdown requested
05-11 11:09:21.780 1497 1588 I SystemServerTiming: WaitInitThreadPoolShutdown
05-11 11:09:21.781 1497 1588 D SystemServerInitThreadPool: Shutdown successful
05-11 11:09:21.783 1497 1588 I uc_finish_user_boot: 0
05-11 11:09:21.783 1497 1588 I ActivityManager: User 0 state changed from BOOTING to RUNNING_LOCKED
05-11 11:09:21.783 1497 1588 I am_user_state_changed: [0,1]
05-11 11:09:21.783 1497 1588 W ActivityManager: UserLifecycleEvent 4 received without an active userJourneySession.
05-11 11:09:21.784 1497 1588 I uc_send_user_broadcast: [0,android.intent.action.LOCKED_BOOT_COMPLETED]
05-11 11:09:21.784 1497 1588 D StorageManagerService: unlockUserKey: 0 isFileEncryptedNativeOrEmulated: true hasToken: false hasSecret: false
05-11 11:09:21.784 558 558 D vold : fscrypt_unlock_user_key 0 serial=0
05-11 11:09:21.785 558 558 D vold : Trying user CE key /data/misc/vold/user_keys/ce/0/current
05-11 11:09:21.793 558 558 D vold : Successfully retrieved key
05-11 11:09:21.806 2761 2761 F libc : Fatal signal 6 (SIGABRT), code -1 (SI_QUEUE) in tid 2761 (init), pid 2761 (init)
05-11 11:09:21.806 558 558 D vold : Installed fscrypt key with ref cecb1c91a6e48e31d5f15b5e15262252 to /data
05-11 11:09:21.806 558 558 D vold : Added fscrypt-provisioning key for cecb1c91a6e48e31d5f15b5e15262252 to session keyring
05-11 11:09:21.806 558 558 D vold : Installed ce key for user 0
05-11 11:09:21.808 1497 1588 I uc_finish_user_unlocking: 0
05-11 11:09:21.808 1497 1588 W ActivityManager: UserLifecycleEvent 5 received without an active userJourneySession.
05-11 11:09:21.808 1497 1588 D ActivityManager: Started unlocking user 0
05-11 11:09:21.808 1497 1588 D ActivityManager: Unlocking user 0 progress 0
05-11 11:09:21.808 1497 1588 D ActivityManager: Unlocking user 0 progress 5
05-11 11:09:21.810 1497 1602 D CompatibilityChangeReporter: Compat change id reported: 168419799; UID 10085; state: DISABLED
05-11 11:09:21.812 1497 2516 I am_uid_running: 10077
05-11 11:09:21.812 1497 2519 D Fingerprint21: Daemon was null, reconnecting, current operation: null
05-11 11:09:21.813 1497 2516 D CompatibilityChangeReporter: Compat change id reported: 135634846; UID 10077; state: DISABLED
05-11 11:09:21.813 1497 2516 D CompatibilityChangeReporter: Compat change id reported: 177438394; UID 10077; state: DISABLED
05-11 11:09:21.813 1497 2516 D CompatibilityChangeReporter: Compat change id reported: 135772972; UID 10077; state: DISABLED
05-11 11:09:21.813 1497 2516 D CompatibilityChangeReporter: Compat change id reported: 135754954; UID 10077; state: ENABLED
05-11 11:09:21.813 1497 1603 D CompatibilityChangeReporter: Compat change id reported: 143937733; UID 10077; state: ENABLED
05-11 11:09:21.814 1497 2519 D Fingerprint21: Fingerprint HAL ready, HAL ID: 5326416
05-11 11:09:21.814 1497 1497 D BiometricScheduler/Fingerprint21: [Added] {[0] FingerprintUpdateActiveUserClient, proto=1, owner=android, cookie=0, requestId=-1, userId=0}, new queue size: 1
05-11 11:09:21.814 1497 1497 D BiometricScheduler/Fingerprint21: [Polled] {[0] FingerprintUpdateActiveUserClient, proto=1, owner=android, cookie=0, requestId=-1, userId=0}, State: 0
05-11 11:09:21.814 1497 1497 D BiometricScheduler/Fingerprint21: [Starting] {[0] FingerprintUpdateActiveUserClient, proto=1, owner=android, cookie=0, requestId=-1, userId=0}, State: 0
05-11 11:09:21.814 1497 1497 D BiometricScheduler/Fingerprint21: [Started] {[0] FingerprintUpdateActiveUserClient, proto=1, owner=android, cookie=0, requestId=-1, userId=0}
05-11 11:09:21.815 1497 1588 D ColorDisplayService: setUp: currentUser=0
01-01 08:00:13.923 0 0 W : Boot completed
01-01 08:00:13.936 0 0 D qbt : qbt_open: entry minor_no=0 fd_available=1
01-01 08:00:13.936 0 0 D qbt : qbt_open: exit : 0 fd_available=0
01-01 08:00:13.936 0 0 D qbt : qbt_open: entry minor_no=1 fd_available=0
01-01 08:00:13.936 0 0 D qbt : qbt_open: exit : 0 fd_available=0
01-01 08:00:13.936 0 0 D qbt : qbt_ioctl: cmd received 107
01-01 08:00:13.936 0 0 D qbt : qbt_ioctl: Acquiring wakelock
05-11 11:09:21.818 2766 2766 I auditd : type=1400 audit(0.0:1021): avc: denied { ptrace } for comm="crash_dump64" scontext=u:r:crash_dump:s0 tcontext=u:r:init:s0 tclass=process permissive=1
01-01 08:00:13.941 0 0 I init : qssi copy & sync /metadata/vold/metadata_encryption/key/encrypted_key to /persist/key/encrypted_key_bak: No such file or directory
01-01 08:00:13.942 0 0 I init : qssi copy & sync /metadata/vold/metadata_encryption/key/keymaster_key_blob to /persist/key/keymaster_key_blob_bak: No such file or directory
05-11 11:09:21.823 1497 1603 I am_proc_start: [0,2769,10077,com.qualcomm.location,broadcast,{com.qualcomm.location/com.qualcomm.location.LocationServiceReceiver}]
05-11 11:09:21.823 1497 1603 I ActivityManager: Start proc 2769:com.qualcomm.location/u0a77 for broadcast {com.qualcomm.location/com.qualcomm.location.LocationServiceReceiver}
01-01 08:00:13.944 0 0 I init : qssi copy & sync /metadata/vold/metadata_encryption/key/secdiscardable to /persist/key/secdiscardable_bak: No such file or directory
05-11 11:09:21.826 1497 1588 D ColorDisplayService: onNightDisplayAutoModeChanged: autoMode=0
05-11 11:09:21.826 1497 1588 I ColorDisplayService: Turning off night display
01-01 08:00:13.945 0 0 I : read descriptors
01-01 08:00:13.945 0 0 I : read strings
05-11 11:09:21.826 1497 1588 D ColorDisplayService: Setting bright color reduction level: 50
01-01 08:00:13.947 0 0 I init : qssi copy & sync /metadata/vold/metadata_encryption/key/stretching to /persist/key/stretching_bak: No such file or directory
05-11 11:09:21.826 2766 2766 I auditd : type=1400 audit(0.0:1022): avc: denied { search } for comm="crash_dump64" name="bootstrap" dev="dm-5" ino=2999 scontext=u:r:crash_dump:s0 tcontext=u:object_r:system_bootstrap_lib_file:s0 tclass=dir permissive=1
05-11 11:09:21.826 2766 2766 I auditd : type=1400 audit(0.0:1023): avc: denied { read } for comm="crash_dump64" name="libc.so" dev="dm-5" ino=3000 scontext=u:r:crash_dump:s0 tcontext=u:object_r:system_bootstrap_lib_file:s0 tclass=file permissive=1
05-11 11:09:21.826 2766 2766 I auditd : type=1400 audit(0.0:1024): avc: denied { open } for comm="crash_dump64" path="/system/lib64/bootstrap/libc.so" dev="dm-5" ino=3000 scontext=u:r:crash_dump:s0 tcontext=u:object_r:system_bootstrap_lib_file:s0 tclass=file permissive=1
05-11 11:09:21.826 2766 2766 I auditd : type=1400 audit(0.0:1025): avc: denied { getattr } for comm="crash_dump64" path="/system/lib64/bootstrap/libc.so" dev="dm-5" ino=3000 scontext=u:r:crash_dump:s0 tcontext=u:object_r:system_bootstrap_lib_file:s0 tclass=file permissive=1
05-11 11:09:21.826 2766 2766 I auditd : type=1400 audit(0.0:1026): avc: denied { map } for comm="crash_dump64" path="/system/lib64/bootstrap/libc.so" dev="dm-5" ino=3000 scontext=u:r:crash_dump:s0 tcontext=u:object_r:system_bootstrap_lib_file:s0 tclass=file permissive=1
05-11 11:09:21.830 2766 2766 I auditd : type=1400 audit(0.0:1027): avc: denied { open } for comm="crash_dump64" path="/dev/__properties__/u:object_r:zram_control_prop:s0" dev="tmpfs" ino=2462 scontext=u:r:crash_dump:s0 tcontext=u:object_r:zram_control_prop:s0 tclass=file permissive=1
01-01 08:00:13.953 0 0 I init : qssi copy & sync /metadata/vold/metadata_encryption/key/version to /persist/key/version_bak: No such file or directory
05-11 11:09:21.830 2766 2766 I auditd : type=1400 audit(0.0:1028): avc: denied { getattr } for comm="crash_dump64" path="/dev/__properties__/u:object_r:zram_control_prop:s0" dev="tmpfs" ino=2462 scontext=u:r:crash_dump:s0 tcontext=u:object_r:zram_control_prop:s0 tclass=file permissive=1
05-11 11:09:21.830 2766 2766 I auditd : type=1400 audit(0.0:1029): avc: denied { map } for comm="crash_dump64" path="/dev/__properties__/u:object_r:zram_control_prop:s0" dev="tmpfs" ino=2462 scontext=u:r:crash_dump:s0 tcontext=u:object_r:zram_control_prop:s0 tclass=file permissive=1
05-11 11:09:21.830 2766 2766 I auditd : type=1400 audit(0.0:1030): avc: denied { open } for comm="crash_dump64" path="/dev/__properties__/u:object_r:zram_config_prop:s0" dev="tmpfs" ino=2461 scontext=u:r:crash_dump:s0 tcontext=u:object_r:zram_config_prop:s0 tclass=file permissive=1
05-11 11:09:21.830 2766 2766 I auditd : type=1400 audit(0.0:1031): avc: denied { getattr } for comm="crash_dump64" path="/dev/__properties__/u:object_r:zram_config_prop:s0" dev="tmpfs" ino=2461 scontext=u:r:crash_dump:s0 tcontext=u:object_r:zram_config_prop:s0 tclass=file permissive=1
05-11 11:09:21.830 2766 2766 I auditd : type=1400 audit(0.0:1032): avc: denied { map } for comm="crash_dump64" path="/dev/__properties__/u:object_r:zram_config_prop:s0" dev="tmpfs" ino=2461 scontext=u:r:crash_dump:s0 tcontext=u:object_r:zram_config_prop:s0 tclass=file permissive=1
05-11 11:09:21.830 2766 2766 I auditd : type=1400 audit(0.0:1033): avc: denied { open } for comm="crash_dump64" path="/dev/__properties__/u:object_r:wifi_prop:s0" dev="tmpfs" ino=2460 scontext=u:r:crash_dump:s0 tcontext=u:object_r:wifi_prop:s0 tclass=file permissive=1
05-11 11:09:21.830 2766 2766 I auditd : type=1400 audit(0.0:1034): avc: denied { getattr } for comm="crash_dump64" path="/dev/__properties__/u:object_r:wifi_prop:s0" dev="tmpfs" ino=2460 scontext=u:r:crash_dump:s0 tcontext=u:object_r:wifi_prop:s0 tclass=file permissive=1
05-11 11:09:21.830 2766 2766 I auditd : type=1400 audit(0.0:1035): avc: denied { map } for comm="crash_dump64" path="/dev/__properties__/u:object_r:wifi_prop:s0" dev="tmpfs" ino=2460 scontext=u:r:crash_dump:s0 tcontext=u:object_r:wifi_prop:s0 tclass=file permissive=1
05-11 11:09:21.830 2766 2766 I auditd : type=1400 audit(0.0:1036): avc: denied { open } for comm="crash_dump64" path="/dev/__properties__/u:object_r:wifi_hal_prop:s0" dev="tmpfs" ino=2458 scontext=u:r:crash_dump:s0 tcontext=u:object_r:wifi_hal_prop:s0 tclass=file permissive=1
05-11 11:09:21.830 2766 2766 I auditd : type=1400 audit(0.0:1037): avc: denied { getattr } for comm="crash_dump64" path="/dev/__properties__/u:object_r:wifi_hal_prop:s0" dev="tmpfs" ino=2458 scontext=u:r:crash_dump:s0 tcontext=u:object_r:wifi_hal_prop:s0 tclass=file permissive=1
05-11 11:09:21.830 2766 2766 I auditd : type=1400 audit(0.0:1038): avc: denied { map } for comm="crash_dump64" path="/dev/__properties__/u:object_r:wifi_hal_prop:s0" dev="tmpfs" ino=2458 scontext=u:r:crash_dump:s0 tcontext=u:object_r:wifi_hal_prop:s0 tclass=file permissive=1
05-11 11:09:21.830 2766 2766 I auditd : type=1400 audit(0.0:1039): avc: denied { open } for comm="crash_dump64" path="/dev/__properties__/u:object_r:wifi_config_prop:s0" dev="tmpfs" ino=2457 scontext=u:r:crash_dump:s0 tcontext=u:object_r:wifi_config_prop:s0 tclass=file permissive=1
05-11 11:09:21.830 2766 2766 I auditd : type=1400 audit(0.0:1040): avc: denied { getattr } for comm="crash_dump64" path="/dev/__properties__/u:object_r:wifi_config_prop:s0" dev="tmpfs" ino=2457 scontext=u:r:crash_dump:s0 tcontext=u:object_r:wifi_config_prop:s0 tclass=file permissive=1
05-11 11:09:21.830 2766 2766 I auditd : type=1400 audit(0.0:1041): avc: denied { map } for comm="crash_dump64" path="/dev/__properties__/u:object_r:wifi_config_prop:s0" dev="tmpfs" ino=2457 scontext=u:r:crash_dump:s0 tcontext=u:object_r:wifi_config_prop:s0 tclass=file permissive=1
05-11 11:09:21.830 2766 2766 I auditd : type=1400 audit(0.0:1042): avc: denied { open } for comm="crash_dump64" path="/dev/__properties__/u:object_r:vold_post_fs_data_prop:s0" dev="tmpfs" ino=2452 scontext=u:r:crash_dump:s0 tcontext=u:object_r:vold_post_fs_data_prop:s0 tclass=file permissive=1
05-11 11:09:21.830 2766 2766 I auditd : type=1400 audit(0.0:1043): avc: denied { getattr } for comm="crash_dump64" path="/dev/__properties__/u:object_r:vold_post_fs_data_prop:s0" dev="tmpfs" ino=2452 scontext=u:r:crash_dump:s0 tcontext=u:object_r:vold_post_fs_data_prop:s0 tclass=file permissive=1
05-11 11:09:21.830 2766 2766 I auditd : type=1400 audit(0.0:1044): avc: denied { map } for comm="crash_dump64" path="/dev/__properties__/u:object_r:vold_post_fs_data_prop:s0" dev="tmpfs" ino=2452 scontext=u:r:crash_dump:s0 tcontext=u:object_r:vold_post_fs_data_prop:s0 tclass=file permissive=1
05-11 11:09:21.830 2766 2766 I auditd : type=1400 audit(0.0:1045): avc: denied { open } for comm="crash_dump64" path="/dev/__properties__/u:object_r:virtual_ab_prop:s0" dev="tmpfs" ino=2449 scontext=u:r:crash_dump:s0 tcontext=u:object_r:virtual_ab_prop:s0 tclass=file permissive=1
05-11 11:09:21.830 2766 2766 I auditd : type=1400 audit(0.0:1046): avc: denied { getattr } for comm="crash_dump64" path="/dev/__properties__/u:object_r:virtual_ab_prop:s0" dev="tmpfs" ino=2449 scontext=u:r:crash_dump:s0 tcontext=u:object_r:virtual_ab_prop:s0 tclass=file permissive=1
05-11 11:09:21.830 2766 2766 I auditd : type=1400 audit(0.0:1047): avc: denied { map } for comm="crash_dump64" path="/dev/__properties__/u:object_r:virtual_ab_prop:s0" dev="tmpfs" ino=2449 scontext=u:r:crash_dump:s0 tcontext=u:object_r:virtual_ab_prop:s0 tclass=file permissive=1
05-11 11:09:21.830 2766 2766 I auditd : type=1400 audit(0.0:1048): avc: denied { open } for comm="crash_dump64" path="/dev/__properties__/u:object_r:vendor_xrcb_prop:s0" dev="tmpfs" ino=2447 scontext=u:r:crash_dump:s0 tcontext=u:object_r:vendor_xrcb_prop:s0 tclass=file permissive=1
05-11 11:09:21.830 2766 2766 I auditd : type=1400 audit(0.0:1049): avc: denied { getattr } for comm="crash_dump64" path="/dev/__properties__/u:object_r:vendor_xrcb_prop:s0" dev="tmpfs" ino=2447 scontext=u:r:crash_dump:s0 tcontext=u:object_r:vendor_xrcb_prop:s0 tclass=file permissive=1
05-11 11:09:21.830 2766 2766 I auditd : type=1400 audit(0.0:1050): avc: denied { map } for comm="crash_dump64" path="/dev/__properties__/u:object_r:vendor_xrcb_prop:s0" dev="tmpfs" ino=2447 scontext=u:r:crash_dump:s0 tcontext=u:object_r:vendor_xrcb_prop:s0 tclass=file permissive=1
05-11 11:09:21.830 2766 2766 I auditd : type=1400 audit(0.0:1051): avc: denied { open } for comm="crash_dump64" path="/dev/__properties__/u:object_r:vendor_xlat_prop:s0" dev="tmpfs" ino=2446 scontext=u:r:crash_dump:s0 tcontext=u:object_r:vendor_xlat_prop:s0 tclass=file permissive=1
05-11 11:09:21.830 2766 2766 I auditd : type=1400 audit(0.0:1052): avc: denied { getattr } for comm="crash_dump64" path="/dev/__properties__/u:object_r:vendor_xlat_prop:s0" dev="tmpfs" ino=2446 scontext=u:r:crash_dump:s0 tcontext=u:object_r:vendor_xlat_prop:s0 tclass=file permissive=1
05-11 11:09:21.830 2766 2766 I auditd : type=1400 audit(0.0:1053): avc: denied { map } for comm="crash_dump64" path="/dev/__properties__/u:object_r:vendor_xlat_prop:s0" dev="tmpfs" ino=2446 scontext=u:r:crash_dump:s0 tcontext=u:object_r:vendor_xlat_prop:s0 tclass=file permissive=1
05-11 11:09:21.830 2766 2766 I auditd : type=1400 audit(0.0:1054): avc: denied { open } for comm="crash_dump64" path="/dev/__properties__/u:object_r:vendor_wlc_prop:s0" dev="tmpfs" ino=2445 scontext=u:r:crash_dump:s0 tcontext=u:object_r:vendor_wlc_prop:s0 tclass=file permissive=1
05-11 11:09:21.830 2766 2766 I auditd : type=1400 audit(0.0:1055): avc: denied { getattr } for comm="crash_dump64" path="/dev/__properties__/u:object_r:vendor_wlc_prop:s0" dev="tmpfs" ino=2445 scontext=u:r:crash_dump:s0 tcontext=u:object_r:vendor_wlc_prop:s0 tclass=file permissive=1
05-11 11:09:21.830 2766 2766 I auditd : type=1400 audit(0.0:1056): avc: denied { map } for comm="crash_dump64" path="/dev/__properties__/u:object_r:vendor_wlc_prop:s0" dev="tmpfs" ino=2445 scontext=u:r:crash_dump:s0 tcontext=u:object_r:vendor_wlc_prop:s0 tclass=file permissive=1
05-11 11:09:21.830 2766 2766 I auditd : type=1400 audit(0.0:1057): avc: denied { open } for comm="crash_dump64" path="/dev/__properties__/u:object_r:vendor_wigig_prop:s0" dev="tmpfs" ino=2444 scontext=u:r:crash_dump:s0 tcontext=u:object_r:vendor_wigig_prop:s0 tclass=file permissive=1
05-11 11:09:21.830 2766 2766 I auditd : type=1400 audit(0.0:1058): avc: denied { getattr } for comm="crash_dump64" path="/dev/__properties__/u:object_r:vendor_wigig_prop:s0" dev="tmpfs" ino=2444 scontext=u:r:crash_dump:s0 tcontext=u:object_r:vendor_wigig_prop:s0 tclass=file permissive=1
05-11 11:09:21.830 2766 2766 I auditd : type=1400 audit(0.0:1059): avc: denied { map } for comm="crash_dump64" path="/dev/__properties__/u:object_r:vendor_wigig_prop:s0" dev="tmpfs" ino=2444 scontext=u:r:crash_dump:s0 tcontext=u:object_r:vendor_wigig_prop:s0 tclass=file permissive=1
05-11 11:09:21.830 2766 2766 I auditd : type=1400 audit(0.0:1060): avc: denied { open } for comm="crash_dump64" path="/dev/__properties__/u:object_r:vendor_wigig_core_prop:s0" dev="tmpfs" ino=2443 scontext=u:r:crash_dump:s0 tcontext=u:object_r:vendor_wigig_core_prop:s0 tclass=file permissive=1
05-11 11:09:21.830 2766 2766 I auditd : type=1400 audit(0.0:1061): avc: denied { getattr } for comm="crash_dump64" path="/dev/__properties__/u:object_r:vendor_wigig_core_prop:s0" dev="tmpfs" ino=2443 scontext=u:r:crash_dump:s0 tcontext=u:object_r:vendor_wigig_core_prop:s0 tclass=file permissive=1
05-11 11:09:21.830 2766 2766 I auditd : type=1400 audit(0.0:1062): avc: denied { map } for comm="crash_dump64" path="/dev/__properties__/u:object_r:vendor_wigig_core_prop:s0" dev="tmpfs" ino=2443 scontext=u:r:crash_dump:s0 tcontext=u:object_r:vendor_wigig_core_prop:s0 tclass=file permissive=1
05-11 11:09:21.830 2766 2766 I auditd : type=1400 audit(0.0:1063): avc: denied { open } for comm="crash_dump64" path="/dev/__properties__/u:object_r:vendor_wifi_version:s0" dev="tmpfs" ino=2442 scontext=u:r:crash_dump:s0 tcontext=u:object_r:vendor_wifi_version:s0 tclass=file permissive=1
05-11 11:09:21.830 2766 2766 I auditd : type=1400 audit(0.0:1064): avc: denied { getattr } for comm="crash_dump64" path="/dev/__properties__/u:object_r:vendor_wifi_version:s0" dev="tmpfs" ino=2442 scontext=u:r:crash_dump:s0 tcontext=u:object_r:vendor_wifi_version:s0 tclass=file permissive=1
05-11 11:09:21.830 2766 2766 I auditd : type=1400 audit(0.0:1065): avc: denied { map } for comm="crash_dump64" path="/dev/__properties__/u:object_r:vendor_wifi_version:s0" dev="tmpfs" ino=2442 scontext=u:r:crash_dump:s0 tcontext=u:object_r:vendor_wifi_version:s0 tclass=file permissive=1
05-11 11:09:21.830 2766 2766 I auditd : type=1400 audit(0.0:1066): avc: denied { open } for comm="crash_dump64" path="/dev/__properties__/u:object_r:vendor_wifi_prop:s0" dev="tmpfs" ino=2441 scontext=u:r:crash_dump:s0 tcontext=u:object_r:vendor_wifi_prop:s0 tclass=file permissive=1
05-11 11:09:21.830 2766 2766 I auditd : type=1400 audit(0.0:1067): avc: denied { getattr } for comm="crash_dump64" path="/dev/__properties__/u:object_r:vendor_wifi_prop:s0" dev="tmpfs" ino=2441 scontext=u:r:crash_dump:s0 tcontext=u:object_r:vendor_wifi_prop:s0 tclass=file permissive=1
05-11 11:09:21.830 2766 2766 I auditd : type=1400 audit(0.0:1068): avc: denied { map } for comm="crash_dump64" path="/dev/__properties__/u:object_r:vendor_wifi_prop:s0" dev="tmpfs" ino=2441 scontext=u:r:crash_dump:s0 tcontext=u:object_r:vendor_wifi_prop:s0 tclass=file permissive=1
05-11 11:09:21.830 2766 2766 I auditd : type=1400 audit(0.0:1069): avc: denied { open } for comm="crash_dump64" path="/dev/__properties__/u:object_r:vendor_wfd_sys_debug_prop:s0" dev="tmpfs" ino=2440 scontext=u:r:crash_dump:s0 tcontext=u:object_r:vendor_wfd_sys_debug_prop:s0 tclass=file permissive=1
05-11 11:09:21.830 2766 2766 I auditd : type=1400 audit(0.0:1070): avc: denied { getattr } for comm="crash_dump64" path="/dev/__properties__/u:object_r:vendor_wfd_sys_debug_prop:s0" dev="tmpfs" ino=2440 scontext=u:r:crash_dump:s0 tcontext=u:object_r:vendor_wfd_sys_debug_prop:s0 tclass=file permissive=1
05-11 11:09:21.830 2766 2766 I auditd : type=1400 audit(0.0:1071): avc: denied { map } for comm="crash_dump64" path="/dev/__properties__/u:object_r:vendor_wfd_sys_debug_prop:s0" dev="tmpfs" ino=2440 scontext=u:r:crash_dump:s0 tcontext=u:object_r:vendor_wfd_sys_debug_prop:s0 tclass=file permissive=1
05-11 11:09:21.830 2766 2766 I auditd : type=1400 audit(0.0:1072): avc: denied { open } for comm="crash_dump64" path="/dev/__properties__/u:object_r:vendor_wfd_service_prop:s0" dev="tmpfs" ino=2439 scontext=u:r:crash_dump:s0 tcontext=u:object_r:vendor_wfd_service_prop:s0 tclass=file permissive=1
05-11 11:09:21.830 2766 2766 I auditd : type=1400 audit(0.0:1073): avc: denied { getattr } for comm="crash_dump64" path="/dev/__properties__/u:object_r:vendor_wfd_service_prop:s0" dev="tmpfs" ino=2439 scontext=u:r:crash_dump:s0 tcontext=u:object_r:vendor_wfd_service_prop:s0 tclass=file permissive=1
05-11 11:09:21.830 2766 2766 I auditd : type=1400 audit(0.0:1074): avc: denied { map } for comm="crash_dump64" path="/dev/__properties__/u:object_r:vendor_wfd_service_prop:s0" dev="tmpfs" ino=2439 scontext=u:r:crash_dump:s0 tcontext=u:object_r:vendor_wfd_service_prop:s0 tclass=file permissive=1
05-11 11:09:21.830 2766 2766 I auditd : type=1400 audit(0.0:1075): avc: denied { open } for comm="crash_dump64" path="/dev/__properties__/u:object_r:vendor_video_prop:s0" dev="tmpfs" ino=2438 scontext=u:r:crash_dump:s0 tcontext=u:object_r:vendor_video_prop:s0 tclass=file permissive=1
05-11 11:09:21.830 2766 2766 I auditd : type=1400 audit(0.0:1076): avc: denied { getattr } for comm="crash_dump64" path="/dev/__properties__/u:object_r:vendor_video_prop:s0" dev="tmpfs" ino=2438 scontext=u:r:crash_dump:s0 tcontext=u:object_r:vendor_video_prop:s0 tclass=file permissive=1
05-11 11:09:21.830 2766 2766 I auditd : type=1400 audit(0.0:1077): avc: denied { map } for comm="crash_dump64" path="/dev/__properties__/u:object_r:vendor_video_prop:s0" dev="tmpfs" ino=2438 scontext=u:r:crash_dump:s0 tcontext=u:object_r:vendor_video_prop:s0 tclass=file permissive=1
05-11 11:09:21.830 2766 2766 I auditd : type=1400 audit(0.0:1078): avc: denied { open } for comm="crash_dump64" path="/dev/__properties__/u:object_r:vendor_usb_prop:s0" dev="tmpfs" ino=2437 scontext=u:r:crash_dump:s0 tcontext=u:object_r:vendor_usb_prop:s0 tclass=file permissive=1
05-11 11:09:21.830 2766 2766 I auditd : type=1400 audit(0.0:1079): avc: denied { getattr } for comm="crash_dump64" path="/dev/__properties__/u:object_r:vendor_usb_prop:s0" dev="tmpfs" ino=2437 scontext=u:r:crash_dump:s0 tcontext=u:object_r:vendor_usb_prop:s0 tclass=file permissive=1
05-11 11:09:21.830 2766 2766 I auditd : type=1400 audit(0.0:1080): avc: denied { map } for comm="crash_dump64" path="/dev/__properties__/u:object_r:vendor_usb_prop:s0" dev="tmpfs" ino=2437 scontext=u:r:crash_dump:s0 tcontext=u:object_r:vendor_usb_prop:s0 tclass=file permissive=1
05-11 11:09:21.830 2766 2766 I auditd : type=1400 audit(0.0:1081): avc: denied { open } for comm="crash_dump64" path="/dev/__properties__/u:object_r:vendor_time_service_prop:s0" dev="tmpfs" ino=2436 scontext=u:r:crash_dump:s0 tcontext=u:object_r:vendor_time_service_prop:s0 tclass=file permissive=1
05-11 11:09:21.830 2766 2766 I auditd : type=1400 audit(0.0:1082): avc: denied { getattr } for comm="crash_dump64" path="/dev/__properties__/u:object_r:vendor_time_service_prop:s0" dev="tmpfs" ino=2436 scontext=u:r:crash_dump:s0 tcontext=u:object_r:vendor_time_service_prop:s0 tclass=file permissive=1
05-11 11:09:21.830 2766 2766 I auditd : type=1400 audit(0.0:1083): avc: denied { map } for comm="crash_dump64" path="/dev/__properties__/u:object_r:vendor_time_service_prop:s0" dev="tmpfs" ino=2436 scontext=u:r:crash_dump:s0 tcontext=u:object_r:vendor_time_service_prop:s0 tclass=file permissive=1
05-11 11:09:21.830 2766 2766 I auditd : type=1400 audit(0.0:1084): avc: denied { open } for comm="crash_dump64" path="/dev/__properties__/u:object_r:vendor_tee_listener_prop:s0" dev="tmpfs" ino=2435 scontext=u:r:crash_dump:s0 tcontext=u:object_r:vendor_tee_listener_prop:s0 tclass=file permissive=1
05-11 11:09:21.830 2766 2766 I auditd : type=1400 audit(0.0:1085): avc: denied { getattr } for comm="crash_dump64" path="/dev/__properties__/u:object_r:vendor_tee_listener_prop:s0" dev="tmpfs" ino=2435 scontext=u:r:crash_dump:s0 tcontext=u:object_r:vendor_tee_listener_prop:s0 tclass=file permissive=1
05-11 11:09:21.830 2766 2766 I auditd : type=1400 audit(0.0:1086): avc: denied { map } for comm="crash_dump64" path="/dev/__properties__/u:object_r:vendor_tee_listener_prop:s0" dev="tmpfs" ino=2435 scontext=u:r:crash_dump:s0 tcontext=u:object_r:vendor_tee_listener_prop:s0 tclass=file permissive=1
05-11 11:09:21.830 2766 2766 I auditd : type=1400 audit(0.0:1087): avc: denied { open } for comm="crash_dump64" path="/dev/__properties__/u:object_r:vendor_system_prop:s0" dev="tmpfs" ino=2434 scontext=u:r:crash_dump:s0 tcontext=u:object_r:vendor_system_prop:s0 tclass=file permissive=1
05-11 11:09:21.830 2766 2766 I auditd : type=1400 audit(0.0:1088): avc: denied { getattr } for comm="crash_dump64" path="/dev/__properties__/u:object_r:vendor_system_prop:s0" dev="tmpfs" ino=2434 scontext=u:r:crash_dump:s0 tcontext=u:object_r:vendor_system_prop:s0 tclass=file permissive=1
05-11 11:09:21.830 2766 2766 I auditd : type=1400 audit(0.0:1089): avc: denied { map } for comm="crash_dump64" path="/dev/__properties__/u:object_r:vendor_system_prop:s0" dev="tmpfs" ino=2434 scontext=u:r:crash_dump:s0 tcontext=u:object_r:vendor_system_prop:s0 tclass=file permissive=1
05-11 11:09:21.830 2766 2766 I auditd : type=1400 audit(0.0:1090): avc: denied { open } for comm="crash_dump64" path="/dev/__properties__/u:object_r:vendor_sys_video_prop:s0" dev="tmpfs" ino=2433 scontext=u:r:crash_dump:s0 tcontext=u:object_r:vendor_sys_video_prop:s0 tclass=file permissive=1
05-11 11:09:21.830 2766 2766 I auditd : type=1400 audit(0.0:1091): avc: denied { getattr } for comm="crash_dump64" path="/dev/__properties__/u:object_r:vendor_sys_video_prop:s0" dev="tmpfs" ino=2433 scontext=u:r:crash_dump:s0 tcontext=u:object_r:vendor_sys_video_prop:s0 tclass=file permissive=1
05-11 11:09:21.830 2766 2766 I auditd : type=1400 audit(0.0:1092): avc: denied { map } for comm="crash_dump64" path="/dev/__properties__/u:object_r:vendor_sys_video_prop:s0" dev="tmpfs" ino=2433 scontext=u:r:crash_dump:s0 tcontext=u:object_r:vendor_sys_video_prop:s0 tclass=file permissive=1
05-11 11:09:21.830 2766 2766 I auditd : type=1400 audit(0.0:1093): avc: denied { open } for comm="crash_dump64" path="/dev/__properties__/u:object_r:vendor_sxr_prop:s0" dev="tmpfs" ino=2432 scontext=u:r:crash_dump:s0 tcontext=u:object_r:vendor_sxr_prop:s0 tclass=file permissive=1
05-11 11:09:21.830 2766 2766 I auditd : type=1400 audit(0.0:1094): avc: denied { getattr } for comm="crash_dump64" path="/dev/__properties__/u:object_r:vendor_sxr_prop:s0" dev="tmpfs" ino=2432 scontext=u:r:crash_dump:s0 tcontext=u:object_r:vendor_sxr_prop:s0 tclass=file permissive=1
05-11 11:09:21.830 2766 2766 I auditd : type=1400 audit(0.0:1095): avc: denied { map } for comm="crash_dump64" path="/dev/__properties__/u:object_r:vendor_sxr_prop:s0" dev="tmpfs" ino=2432 scontext=u:r:crash_dump:s0 tcontext=u:object_r:vendor_sxr_prop:s0 tclass=file permissive=1
05-11 11:09:21.830 2766 2766 I auditd : type=1400 audit(0.0:1096): avc: denied { open } for comm="crash_dump64" path="/dev/__properties__/u:object_r:vendor_ssr_prop:s0" dev="tmpfs" ino=2431 scontext=u:r:crash_dump:s0 tcontext=u:object_r:vendor_ssr_prop:s0 tclass=file permissive=1
05-11 11:09:21.830 2766 2766 I auditd : type=1400 audit(0.0:1097): avc: denied { getattr } for comm="crash_dump64" path="/dev/__properties__/u:object_r:vendor_ssr_prop:s0" dev="tmpfs" ino=2431 scontext=u:r:crash_dump:s0 tcontext=u:object_r:vendor_ssr_prop:s0 tclass=file permissive=1
05-11 11:09:21.830 2766 2766 I auditd : type=1400 audit(0.0:1098): avc: denied { map } for comm="crash_dump64" path="/dev/__properties__/u:object_r:vendor_ssr_prop:s0" dev="tmpfs" ino=2431 scontext=u:r:crash_dump:s0 tcontext=u:object_r:vendor_ssr_prop:s0 tclass=file permissive=1
05-11 11:09:21.830 2766 2766 I auditd : type=1400 audit(0.0:1099): avc: denied { open } for comm="crash_dump64" path="/dev/__properties__/u:object_r:vendor_spcomlib_prop:s0" dev="tmpfs" ino=2430 scontext=u:r:crash_dump:s0 tcontext=u:object_r:vendor_spcomlib_prop:s0 tclass=file permissive=1
05-11 11:09:21.830 2766 2766 I auditd : type=1400 audit(0.0:1100): avc: denied { getattr } for comm="crash_dump64" path="/dev/__properties__/u:object_r:vendor_spcomlib_prop:s0" dev="tmpfs" ino=2430 scontext=u:r:crash_dump:s0 tcontext=u:object_r:vendor_spcomlib_prop:s0 tclass=file permissive=1
05-11 11:09:21.830 2766 2766 I auditd : type=1400 audit(0.0:1101): avc: denied { map } for comm="crash_dump64" path="/dev/__properties__/u:object_r:vendor_spcomlib_prop:s0" dev="tmpfs" ino=2430 scontext=u:r:crash_dump:s0 tcontext=u:object_r:vendor_spcomlib_prop:s0 tclass=file permissive=1
05-11 11:09:21.830 2766 2766 I auditd : type=1400 audit(0.0:1102): avc: denied { open } for comm="crash_dump64" path="/dev/__properties__/u:object_r:vendor_soc_name_prop:s0" dev="tmpfs" ino=2428 scontext=u:r:crash_dump:s0 tcontext=u:object_r:vendor_soc_name_prop:s0 tclass=file permissive=1
05-11 11:09:21.830 2766 2766 I auditd : type=1400 audit(0.0:1103): avc: denied { getattr } for comm="crash_dump64" path="/dev/__properties__/u:object_r:vendor_soc_name_prop:s0" dev="tmpfs" ino=2428 scontext=u:r:crash_dump:s0 tcontext=u:object_r:vendor_soc_name_prop:s0 tclass=file permissive=1
05-11 11:09:21.830 2766 2766 I auditd : type=1400 audit(0.0:1104): avc: denied { map } for comm="crash_dump64" path="/dev/__properties__/u:object_r:vendor_soc_name_prop:s0" dev="tmpfs" ino=2428 scontext=u:r:crash_dump:s0 tcontext=u:object_r:vendor_soc_name_prop:s0 tclass=file permissive=1
05-11 11:09:21.830 2766 2766 I auditd : type=1400 audit(0.0:1105): avc: denied { open } for comm="crash_dump64" path="/dev/__properties__/u:object_r:vendor_soc_model_prop:s0" dev="tmpfs" ino=2427 scontext=u:r:crash_dump:s0 tcontext=u:object_r:vendor_soc_model_prop:s0 tclass=file permissive=1
05-11 11:09:21.830 2766 2766 I auditd : type=1400 audit(0.0:1106): avc: denied { getattr } for comm="crash_dump64" path="/dev/__properties__/u:object_r:vendor_soc_model_prop:s0" dev="tmpfs" ino=2427 scontext=u:r:crash_dump:s0 tcontext=u:object_r:vendor_soc_model_prop:s0 tclass=file permissive=1
05-11 11:09:21.830 2766 2766 I auditd : type=1400 audit(0.0:1107): avc: denied { map } for comm="crash_dump64" path="/dev/__properties__/u:object_r:vendor_soc_model_prop:s0" dev="tmpfs" ino=2427 scontext=u:r:crash_dump:s0 tcontext=u:object_r:vendor_soc_model_prop:s0 tclass=file permissive=1
05-11 11:09:21.830 2766 2766 I auditd : type=1400 audit(0.0:1108): avc: denied { open } for comm="crash_dump64" path="/dev/__properties__/u:object_r:vendor_soc_id_prop:s0" dev="tmpfs" ino=2426 scontext=u:r:crash_dump:s0 tcontext=u:object_r:vendor_soc_id_prop:s0 tclass=file permissive=1
05-11 11:09:21.830 2766 2766 I auditd : type=1400 audit(0.0:1109): avc: denied { getattr } for comm="crash_dump64" path="/dev/__properties__/u:object_r:vendor_soc_id_prop:s0" dev="tmpfs" ino=2426 scontext=u:r:crash_dump:s0 tcontext=u:object_r:vendor_soc_id_prop:s0 tclass=file permissive=1
05-11 11:09:21.830 2766 2766 I auditd : type=1400 audit(0.0:1110): avc: denied { map } for comm="crash_dump64" path="/dev/__properties__/u:object_r:vendor_soc_id_prop:s0" dev="tmpfs" ino=2426 scontext=u:r:crash_dump:s0 tcontext=u:object_r:vendor_soc_id_prop:s0 tclass=file permissive=1
05-11 11:09:21.830 2766 2766 I auditd : type=1400 audit(0.0:1111): avc: denied { open } for comm="crash_dump64" path="/dev/__properties__/u:object_r:vendor_slm_prop:s0" dev="tmpfs" ino=2425 scontext=u:r:crash_dump:s0 tcontext=u:object_r:vendor_slm_prop:s0 tclass=file permissive=1
05-11 11:09:21.830 2766 2766 I auditd : type=1400 audit(0.0:1112): avc: denied { getattr } for comm="crash_dump64" path="/dev/__properties__/u:object_r:vendor_slm_prop:s0" dev="tmpfs" ino=2425 scontext=u:r:crash_dump:s0 tcontext=u:object_r:vendor_slm_prop:s0 tclass=file permissive=1
05-11 11:09:21.830 2766 2766 I auditd : type=1400 audit(0.0:1113): avc: denied { map } for comm="crash_dump64" path="/dev/__properties__/u:object_r:vendor_slm_prop:s0" dev="tmpfs" ino=2425 scontext=u:r:crash_dump:s0 tcontext=u:object_r:vendor_slm_prop:s0 tclass=file permissive=1
05-11 11:09:21.830 2766 2766 I auditd : type=1400 audit(0.0:1114): avc: denied { open } for comm="crash_dump64" path="/dev/__properties__/u:object_r:vendor_sensors_prop:s0" dev="tmpfs" ino=2424 scontext=u:r:crash_dump:s0 tcontext=u:object_r:vendor_sensors_prop:s0 tclass=file permissive=1
05-11 11:09:21.830 2766 2766 I auditd : type=1400 audit(0.0:1115): avc: denied { getattr } for comm="crash_dump64" path="/dev/__properties__/u:object_r:vendor_sensors_prop:s0" dev="tmpfs" ino=2424 scontext=u:r:crash_dump:s0 tcontext=u:object_r:vendor_sensors_prop:s0 tclass=file permissive=1
05-11 11:09:21.830 2766 2766 I auditd : type=1400 audit(0.0:1116): avc: denied { map } for comm="crash_dump64" path="/dev/__properties__/u:object_r:vendor_sensors_prop:s0" dev="tmpfs" ino=2424 scontext=u:r:crash_dump:s0 tcontext=u:object_r:vendor_sensors_prop:s0 tclass=file permissive=1
05-11 11:09:21.830 2766 2766 I auditd : type=1400 audit(0.0:1117): avc: denied { open } for comm="crash_dump64" path="/dev/__properties__/u:object_r:vendor_scroll_prop:s0" dev="tmpfs" ino=2422 scontext=u:r:crash_dump:s0 tcontext=u:object_r:vendor_scroll_prop:s0 tclass=file permissive=1
05-11 11:09:21.830 2766 2766 I auditd : type=1400 audit(0.0:1118): avc: denied { getattr } for comm="crash_dump64" path="/dev/__properties__/u:object_r:vendor_scroll_prop:s0" dev="tmpfs" ino=2422 scontext=u:r:crash_dump:s0 tcontext=u:object_r:vendor_scroll_prop:s0 tclass=file permissive=1
05-11 11:09:21.830 2766 2766 I auditd : type=1400 audit(0.0:1119): avc: denied { map } for comm="crash_dump64" path="/dev/__properties__/u:object_r:vendor_scroll_prop:s0" dev="tmpfs" ino=2422 scontext=u:r:crash_dump:s0 tcontext=u:object_r:vendor_scroll_prop:s0 tclass=file permissive=1
05-11 11:09:21.830 2766 2766 I auditd : type=1400 audit(0.0:1120): avc: denied { open } for comm="crash_dump64" path="/dev/__properties__/u:object_r:vendor_reschedule_service_prop:s0" dev="tmpfs" ino=2421 scontext=u:r:crash_dump:s0 tcontext=u:object_r:vendor_reschedule_service_prop:s0 tclass=file permissive=1
05-11 11:09:21.830 2766 2766 I auditd : type=1400 audit(0.0:1121): avc: denied { getattr } for comm="crash_dump64" path="/dev/__properties__/u:object_r:vendor_reschedule_service_prop:s0" dev="tmpfs" ino=2421 scontext=u:r:crash_dump:s0 tcontext=u:object_r:vendor_reschedule_service_prop:s0 tclass=file permissive=1
05-11 11:09:21.830 2766 2766 I auditd : type=1400 audit(0.0:1122): avc: denied { map } for comm="crash_dump64" path="/dev/__properties__/u:object_r:vendor_reschedule_service_prop:s0" dev="tmpfs" ino=2421 scontext=u:r:crash_dump:s0 tcontext=u:object_r:vendor_reschedule_service_prop:s0 tclass=file permissive=1
05-11 11:09:21.830 2766 2766 I auditd : type=1400 audit(0.0:1123): avc: denied { open } for comm="crash_dump64" path="/dev/__properties__/u:object_r:vendor_ramdump_prop:s0" dev="tmpfs" ino=2420 scontext=u:r:crash_dump:s0 tcontext=u:object_r:vendor_ramdump_prop:s0 tclass=file permissive=1
05-11 11:09:21.830 2766 2766 I auditd : type=1400 audit(0.0:1124): avc: denied { getattr } for comm="crash_dump64" path="/dev/__properties__/u:object_r:vendor_ramdump_prop:s0" dev="tmpfs" ino=2420 scontext=u:r:crash_dump:s0 tcontext=u:object_r:vendor_ramdump_prop:s0 tclass=file permissive=1
05-11 11:09:21.830 2766 2766 I auditd : type=1400 audit(0.0:1125): avc: denied { map } for comm="crash_dump64" path="/dev/__properties__/u:object_r:vendor_ramdump_prop:s0" dev="tmpfs" ino=2420 scontext=u:r:crash_dump:s0 tcontext=u:object_r:vendor_ramdump_prop:s0 tclass=file permissive=1
05-11 11:09:21.830 2766 2766 I auditd : type=1400 audit(0.0:1126): avc: denied { open } for comm="crash_dump64" path="/dev/__properties__/u:object_r:vendor_radio_prop:s0" dev="tmpfs" ino=2419 scontext=u:r:crash_dump:s0 tcontext=u:object_r:vendor_radio_prop:s0 tclass=file permissive=1
05-11 11:09:21.830 2766 2766 I auditd : type=1400 audit(0.0:1127): avc: denied { getattr } for comm="crash_dump64" path="/dev/__properties__/u:object_r:vendor_radio_prop:s0" dev="tmpfs" ino=2419 scontext=u:r:crash_dump:s0 tcontext=u:object_r:vendor_radio_prop:s0 tclass=file permissive=1
05-11 11:09:21.830 2766 2766 I auditd : type=1400 audit(0.0:1128): avc: denied { map } for comm="crash_dump64" path="/dev/__properties__/u:object_r:vendor_radio_prop:s0" dev="tmpfs" ino=2419 scontext=u:r:crash_dump:s0 tcontext=u:object_r:vendor_radio_prop:s0 tclass=file permissive=1
05-11 11:09:21.830 2766 2766 I auditd : type=1400 audit(0.0:1129): avc: denied { open } for comm="crash_dump64" path="/dev/__properties__/u:object_r:vendor_qvrd_prop:s0" dev="tmpfs" ino=2418 scontext=u:r:crash_dump:s0 tcontext=u:object_r:vendor_qvrd_prop:s0 tclass=file permissive=1
05-11 11:09:21.830 2766 2766 I auditd : type=1400 audit(0.0:1130): avc: denied { getattr } for comm="crash_dump64" path="/dev/__properties__/u:object_r:vendor_qvrd_prop:s0" dev="tmpfs" ino=2418 scontext=u:r:crash_dump:s0 tcontext=u:object_r:vendor_qvrd_prop:s0 tclass=file permissive=1
05-11 11:09:21.830 2766 2766 I auditd : type=1400 audit(0.0:1131): avc: denied { map } for comm="crash_dump64" path="/dev/__properties__/u:object_r:vendor_qvrd_prop:s0" dev="tmpfs" ino=2418 scontext=u:r:crash_dump:s0 tcontext=u:object_r:vendor_qvrd_prop:s0 tclass=file permissive=1
05-11 11:09:21.830 2766 2766 I auditd : type=1400 audit(0.0:1132): avc: denied { open } for comm="crash_dump64" path="/dev/__properties__/u:object_r:vendor_qvrd_persist_prop:s0" dev="tmpfs" ino=2417 scontext=u:r:crash_dump:s0 tcontext=u:object_r:vendor_qvrd_persist_prop:s0 tclass=file permissive=1
05-11 11:09:21.830 2766 2766 I auditd : type=1400 audit(0.0:1133): avc: denied { getattr } for comm="crash_dump64" path="/dev/__properties__/u:object_r:vendor_qvrd_persist_prop:s0" dev="tmpfs" ino=2417 scontext=u:r:crash_dump:s0 tcontext=u:object_r:vendor_qvrd_persist_prop:s0 tclass=file permissive=1
05-11 11:09:21.830 2766 2766 I auditd : type=1400 audit(0.0:1134): avc: denied { map } for comm="crash_dump64" path="/dev/__properties__/u:object_r:vendor_qvrd_persist_prop:s0" dev="tmpfs" ino=2417 scontext=u:r:crash_dump:s0 tcontext=u:object_r:vendor_qvrd_persist_prop:s0 tclass=file permissive=1
05-11 11:09:21.830 2766 2766 I auditd : type=1400 audit(0.0:1135): avc: denied { open } for comm="crash_dump64" path="/dev/__properties__/u:object_r:vendor_qvr_prop:s0" dev="tmpfs" ino=2416 scontext=u:r:crash_dump:s0 tcontext=u:object_r:vendor_qvr_prop:s0 tclass=file permissive=1
05-11 11:09:21.830 2766 2766 I auditd : type=1400 audit(0.0:1136): avc: denied { getattr } for comm="crash_dump64" path="/dev/__properties__/u:object_r:vendor_qvr_prop:s0" dev="tmpfs" ino=2416 scontext=u:r:crash_dump:s0 tcontext=u:object_r:vendor_qvr_prop:s0 tclass=file permissive=1
05-11 11:09:21.830 2766 2766 I auditd : type=1400 audit(0.0:1137): avc: denied { map } for comm="crash_dump64" path="/dev/__properties__/u:object_r:vendor_qvr_prop:s0" dev="tmpfs" ino=2416 scontext=u:r:crash_dump:s0 tcontext=u:object_r:vendor_qvr_prop:s0 tclass=file permissive=1
05-11 11:09:21.830 2766 2766 I auditd : type=1400 audit(0.0:1138): avc: denied { open } for comm="crash_dump64" path="/dev/__properties__/u:object_r:vendor_qvr_persist_prop:s0" dev="tmpfs" ino=2415 scontext=u:r:crash_dump:s0 tcontext=u:object_r:vendor_qvr_persist_prop:s0 tclass=file permissive=1
05-11 11:09:21.830 2766 2766 I auditd : type=1400 audit(0.0:1139): avc: denied { getattr } for comm="crash_dump64" path="/dev/__properties__/u:object_r:vendor_qvr_persist_prop:s0" dev="tmpfs" ino=2415 scontext=u:r:crash_dump:s0 tcontext=u:object_r:vendor_qvr_persist_prop:s0 tclass=file permissive=1
05-11 11:09:21.830 2766 2766 I auditd : type=1400 audit(0.0:1140): avc: denied { map } for comm="crash_dump64" path="/dev/__properties__/u:object_r:vendor_qvr_persist_prop:s0" dev="tmpfs" ino=2415 scontext=u:r:crash_dump:s0 tcontext=u:object_r:vendor_qvr_persist_prop:s0 tclass=file permissive=1
05-11 11:09:21.830 2766 2766 I auditd : type=1400 audit(0.0:1141): avc: denied { open } for comm="crash_dump64" path="/dev/__properties__/u:object_r:vendor_qteeconnector_opti_prop:s0" dev="tmpfs" ino=2414 scontext=u:r:crash_dump:s0 tcontext=u:object_r:vendor_qteeconnector_opti_prop:s0 tclass=file permissive=1
05-11 11:09:21.830 2766 2766 I auditd : type=1400 audit(0.0:1142): avc: denied { getattr } for comm="crash_dump64" path="/dev/__properties__/u:object_r:vendor_qteeconnector_opti_prop:s0" dev="tmpfs" ino=2414 scontext=u:r:crash_dump:s0 tcontext=u:object_r:vendor_qteeconnector_opti_prop:s0 tclass=file permissive=1
05-11 11:09:21.830 2766 2766 I auditd : type=1400 audit(0.0:1143): avc: denied { map } for comm="crash_dump64" path="/dev/__properties__/u:object_r:vendor_qteeconnector_opti_prop:s0" dev="tmpfs" ino=2414 scontext=u:r:crash_dump:s0 tcontext=u:object_r:vendor_qteeconnector_opti_prop:s0 tclass=file permissive=1
05-11 11:09:21.830 2766 2766 I auditd : type=1400 audit(0.0:1144): avc: denied { open } for comm="crash_dump64" path="/dev/__properties__/u:object_r:vendor_qspm_prop:s0" dev="tmpfs" ino=2413 scontext=u:r:crash_dump:s0 tcontext=u:object_r:vendor_qspm_prop:s0 tclass=file permissive=1
05-11 11:09:21.830 2766 2766 I auditd : type=1400 audit(0.0:1145): avc: denied { getattr } for comm="crash_dump64" path="/dev/__properties__/u:object_r:vendor_qspm_prop:s0" dev="tmpfs" ino=2413 scontext=u:r:crash_dump:s0 tcontext=u:object_r:vendor_qspm_prop:s0 tclass=file permissive=1
05-11 11:09:21.830 2766 2766 I auditd : type=1400 audit(0.0:1146): avc: denied { map } for comm="crash_dump64" path="/dev/__properties__/u:object_r:vendor_qspm_prop:s0" dev="tmpfs" ino=2413 scontext=u:r:crash_dump:s0 tcontext=u:object_r:vendor_qspm_prop:s0 tclass=file permissive=1
05-11 11:09:21.830 2766 2766 I auditd : type=1400 audit(0.0:1147): avc: denied { open } for comm="crash_dump64" path="/dev/__properties__/u:object_r:vendor_qdcmss_prop:s0" dev="tmpfs" ino=2412 scontext=u:r:crash_dump:s0 tcontext=u:object_r:vendor_qdcmss_prop:s0 tclass=file permissive=1
05-11 11:09:21.830 2766 2766 I auditd : type=1400 audit(0.0:1148): avc: denied { getattr } for comm="crash_dump64" path="/dev/__properties__/u:object_r:vendor_qdcmss_prop:s0" dev="tmpfs" ino=2412 scontext=u:r:crash_dump:s0 tcontext=u:object_r:vendor_qdcmss_prop:s0 tclass=file permissive=1
05-11 11:09:21.830 2766 2766 I auditd : type=1400 audit(0.0:1149): avc: denied { map } for comm="crash_dump64" path="/dev/__properties__/u:object_r:vendor_qdcmss_prop:s0" dev="tmpfs" ino=2412 scontext=u:r:crash_dump:s0 tcontext=u:object_r:vendor_qdcmss_prop:s0 tclass=file permissive=1
05-11 11:09:21.830 2766 2766 I auditd : type=1400 audit(0.0:1150): avc: denied { open } for comm="crash_dump64" path="/dev/__properties__/u:object_r:vendor_qcc_prop:s0" dev="tmpfs" ino=2411 scontext=u:r:crash_dump:s0 tcontext=u:object_r:vendor_qcc_prop:s0 tclass=file permissive=1
05-11 11:09:21.830 2766 2766 I auditd : type=1400 audit(0.0:1151): avc: denied { getattr } for comm="crash_dump64" path="/dev/__properties__/u:object_r:vendor_qcc_prop:s0" dev="tmpfs" ino=2411 scontext=u:r:crash_dump:s0 tcontext=u:object_r:vendor_qcc_prop:s0 tclass=file permissive=1
05-11 11:09:21.830 2766 2766 I auditd : type=1400 audit(0.0:1152): avc: denied { map } for comm="crash_dump64" path="/dev/__properties__/u:object_r:vendor_qcc_prop:s0" dev="tmpfs" ino=2411 scontext=u:r:crash_dump:s0 tcontext=u:object_r:vendor_qcc_prop:s0 tclass=file permissive=1
05-11 11:09:21.830 2766 2766 I auditd : type=1400 audit(0.0:1153): avc: denied { open } for comm="crash_dump64" path="/dev/__properties__/u:object_r:vendor_persist_tcm_prop:s0" dev="tmpfs" ino=2409 scontext=u:r:crash_dump:s0 tcontext=u:object_r:vendor_persist_tcm_prop:s0 tclass=file permissive=1
05-11 11:09:21.830 2766 2766 I auditd : type=1400 audit(0.0:1154): avc: denied { getattr } for comm="crash_dump64" path="/dev/__properties__/u:object_r:vendor_persist_tcm_prop:s0" dev="tmpfs" ino=2409 scontext=u:r:crash_dump:s0 tcontext=u:object_r:vendor_persist_tcm_prop:s0 tclass=file permissive=1
05-11 11:09:21.830 2766 2766 I auditd : type=1400 audit(0.0:1155): avc: denied { map } for comm="crash_dump64" path="/dev/__properties__/u:object_r:vendor_persist_tcm_prop:s0" dev="tmpfs" ino=2409 scontext=u:r:crash_dump:s0 tcontext=u:object_r:vendor_persist_tcm_prop:s0 tclass=file permissive=1
05-11 11:09:21.830 2766 2766 I auditd : type=1400 audit(0.0:1156): avc: denied { open } for comm="crash_dump64" path="/dev/__properties__/u:object_r:vendor_persist_rcs_prop:s0" dev="tmpfs" ino=2408 scontext=u:r:crash_dump:s0 tcontext=u:object_r:vendor_persist_rcs_prop:s0 tclass=file permissive=1
