01-01 08:01:22.012 0 0 I afe_send_port_topology_id: AFE set topology id 0x112fc enable for port 0x400e ret 0
01-01 08:01:22.012 0 0 I send_afe_cal_type: cal_index is 0
01-01 08:01:22.012 0 0 I send_afe_cal_type: dev_acdb_id[119] is 20
01-01 08:01:22.012 0 0 I afe_find_cal: cal_index 0 port_id 0x400e port_index 119
01-01 08:01:22.012 0 0 I afe_find_cal: acdb_id 20 dev_acdb_id 20 sample_rate 48000 afe_sample_rates 44100
01-01 08:01:22.012 0 0 I afe_find_cal: no matching cal_block found
01-01 08:01:22.012 0 0 E : send_afe_cal_type cal_block not found!!
01-01 08:01:22.013 0 0 I afe_send_hw_delay: port_id 0x400e rate 44100 delay_usec 0 status 0
05-11 11:10:29.964 1497 1602 I am_uid_idle: 10019
05-11 11:10:29.966 6574 6574 I auditd : type=1400 audit(0.0:6139): avc: denied { open } for comm="NativeThread" path="/proc/uptime" dev="proc" ino=4026532237 scontext=u:r:untrusted_app:s0:c104,c256,c512,c768 tcontext=u:object_r:proc_uptime:s0 tclass=file permissive=1 app=com.youku.phone
05-11 11:10:29.966 6574 6574 I auditd : type=1400 audit(0.0:6140): avc: denied { read } for comm="NativeThread" name="version" dev="proc" ino=4026532238 scontext=u:r:untrusted_app:s0:c104,c256,c512,c768 tcontext=u:object_r:proc_version:s0 tclass=file permissive=1 app=com.youku.phone
05-11 11:10:29.966 6574 6574 I auditd : type=1400 audit(0.0:6141): avc: denied { open } for comm="NativeThread" path="/proc/version" dev="proc" ino=4026532238 scontext=u:r:untrusted_app:s0:c104,c256,c512,c768 tcontext=u:object_r:proc_version:s0 tclass=file permissive=1 app=com.youku.phone
05-11 11:10:30.045 1497 1530 E ClipboardService: Denying clipboard access to com.youku.phone, application is not in focus nor is it a system service for user 0
05-11 11:10:30.046 6574 6574 I auditd : type=1400 audit(0.0:6142): avc: denied { read } for comm="Thread-69" name="drivers" dev="proc" ino=4026531852 scontext=u:r:untrusted_app:s0:c104,c256,c512,c768 tcontext=u:object_r:proc_tty_drivers:s0 tclass=file permissive=1 app=com.youku.phone
05-11 11:10:30.046 6574 6574 I auditd : type=1400 audit(0.0:6143): avc: denied { open } for comm="Thread-69" path="/proc/tty/drivers" dev="proc" ino=4026531852 scontext=u:r:untrusted_app:s0:c104,c256,c512,c768 tcontext=u:object_r:proc_tty_drivers:s0 tclass=file permissive=1 app=com.youku.phone
05-11 11:10:30.221 1497 1587 I commit_sys_config_file: [jobs,1]
01-01 08:01:22.452 0 0 W audit : audit_lost=5717 audit_rate_limit=5 audit_backlog_limit=64
01-01 08:01:22.452 0 0 E audit : rate limit exceeded
01-01 08:01:22.556 0 0 I [soft_i][0x5e7abfdd][11:10:30.436028] wlan: [0:I:DP] dp_addba_requestprocess_wifi3 restore BA win 64 based on addba req
05-11 11:10:30.907 516 516 I auditd : avc: denied { find } for pid=6574 uid=10104 name=whetstone.activity scontext=u:r:untrusted_app:s0:c104,c256,c512,c768 tcontext=u:object_r:default_android_service:s0 tclass=service_manager permissive=1
05-11 11:10:30.916 516 516 I auditd : avc: denied { find } for pid=6574 uid=10104 name=android.hardware.light.ILights/default scontext=u:r:untrusted_app:s0:c104,c256,c512,c768 tcontext=u:object_r:hal_light_service:s0 tclass=service_manager permissive=1
05-11 11:10:30.917 516 516 I auditd : avc: denied { find } for pid=6574 uid=10104 name=android.os.UpdateEngineService scontext=u:r:untrusted_app:s0:c104,c256,c512,c768 tcontext=u:object_r:update_engine_service:s0 tclass=service_manager permissive=1
05-11 11:10:30.918 516 516 I auditd : avc: denied { find } for pid=6574 uid=10104 name=android.os.UpdateEngineStableService scontext=u:r:untrusted_app:s0:c104,c256,c512,c768 tcontext=u:object_r:update_engine_stable_service:s0 tclass=service_manager permissive=1
05-11 11:10:30.919 516 516 I auditd : avc: denied { find } for pid=6574 uid=10104 name=android.security.compat scontext=u:r:untrusted_app:s0:c104,c256,c512,c768 tcontext=u:object_r:keystore_compat_hal_service:s0 tclass=service_manager permissive=1
05-11 11:10:30.921 516 516 I auditd : avc: denied { find } for pid=6574 uid=10104 name=android.security.metrics scontext=u:r:untrusted_app:s0:c104,c256,c512,c768 tcontext=u:object_r:keystore_metrics_service:s0 tclass=service_manager permissive=1
05-11 11:10:30.922 516 516 I auditd : avc: denied { find } for pid=6574 uid=10104 name=app_hibernation scontext=u:r:untrusted_app:s0:c104,c256,c512,c768 tcontext=u:object_r:app_hibernation_service:s0 tclass=service_manager permissive=1
05-11 11:10:30.923 516 516 I auditd : avc: denied { find } for pid=6574 uid=10104 name=com.thundercomm.gamemode.perfservice scontext=u:r:untrusted_app:s0:c104,c256,c512,c768 tcontext=u:object_r:boostperf_service:s0 tclass=service_manager permissive=1
05-11 11:10:30.924 516 516 I auditd : avc: denied { find } for pid=6574 uid=10104 name=com.thundercomm.microservice scontext=u:r:untrusted_app:s0:c104,c256,c512,c768 tcontext=u:object_r:micro_service:s0 tclass=service_manager permissive=1
05-11 11:10:30.925 516 516 I auditd : avc: denied { find } for pid=6574 uid=10104 name=com.thundercomm.tcservice scontext=u:r:untrusted_app:s0:c104,c256,c512,c768 tcontext=u:object_r:tc_service:s0 tclass=service_manager permissive=1
05-11 11:10:30.926 516 516 I auditd : avc: denied { find } for pid=6574 uid=10104 name=com.thundercomm.tcservice.uartservice scontext=u:r:untrusted_app:s0:c104,c256,c512,c768 tcontext=u:object_r:tc_uart_service:s0 tclass=service_manager permissive=1
05-11 11:10:30.929 516 516 I auditd : avc: denied { find } for pid=6574 uid=10104 name=dpmservice scontext=u:r:untrusted_app:s0:c104,c256,c512,c768 tcontext=u:object_r:vendor_dpmservice:s0 tclass=service_manager permissive=1
05-11 11:10:30.932 516 516 I auditd : avc: denied { find } for pid=6574 uid=10104 name=iorapd scontext=u:r:untrusted_app:s0:c104,c256,c512,c768 tcontext=u:object_r:iorapd_service:s0 tclass=service_manager permissive=1
05-11 11:10:30.936 6574 6821 I service_manager_stats: [200,163,80372]
05-11 11:10:30.940 516 516 I auditd : avc: denied { find } for pid=6574 uid=10104 name=system_server_dumper scontext=u:r:untrusted_app:s0:c104,c256,c512,c768 tcontext=u:object_r:system_server_dumper_service:s0 tclass=service_manager permissive=1
05-11 11:10:30.941 516 516 I auditd : avc: denied { find } for pid=6574 uid=10104 name=thunderperf scontext=u:r:untrusted_app:s0:c104,c256,c512,c768 tcontext=u:object_r:thunderperf_service:s0 tclass=service_manager permissive=1
05-11 11:10:30.942 516 516 I auditd : avc: denied { find } for pid=6574 uid=10104 name=tracing.proxy scontext=u:r:untrusted_app:s0:c104,c256,c512,c768 tcontext=u:object_r:tracingproxy_service:s0 tclass=service_manager permissive=1
05-11 11:10:30.943 516 516 I auditd : avc: denied { find } for pid=6574 uid=10104 name=uce scontext=u:r:untrusted_app:s0:c104,c256,c512,c768 tcontext=u:object_r:uce_service:s0 tclass=service_manager permissive=1
05-11 11:10:30.945 516 516 I auditd : avc: denied { find } for pid=6574 uid=10104 name=vendor.qti.qesdsys.IQesdSys/default scontext=u:r:untrusted_app:s0:c104,c256,c512,c768 tcontext=u:object_r:vendor_qesdk_service:s0 tclass=service_manager permissive=1
01-01 08:01:23.117 0 0 I logd : logdr: UID=10104 GID=10104 PID=7288 n tail=1500 logMask=5 pid=0 start=0ns deadline=0ns
05-11 11:10:31.098 0 0 I auditd : type=1400 audit(0.0:6167): avc: denied { kill } for comm="swapper/6" capability=5 scontext=u:r:kernel:s0 tcontext=u:r:kernel:s0 tclass=capability permissive=1
05-11 11:10:31.650 6574 6574 I auditd : type=1400 audit(0.0:6168): avc: denied { read } for comm="NativeThread" name="unix" dev="proc" ino=4026532262 scontext=u:r:untrusted_app:s0:c104,c256,c512,c768 tcontext=u:object_r:proc_net:s0 tclass=file permissive=1 app=com.youku.phone
05-11 11:10:31.650 6574 6574 I auditd : type=1400 audit(0.0:6169): avc: denied { open } for comm="NativeThread" path="/proc/6574/net/unix" dev="proc" ino=4026532262 scontext=u:r:untrusted_app:s0:c104,c256,c512,c768 tcontext=u:object_r:proc_net:s0 tclass=file permissive=1 app=com.youku.phone
05-11 11:10:31.650 6574 6574 I auditd : type=1400 audit(0.0:6170): avc: denied { getattr } for comm="NativeThread" path="/proc/6574/net/unix" dev="proc" ino=4026532262 scontext=u:r:untrusted_app:s0:c104,c256,c512,c768 tcontext=u:object_r:proc_net:s0 tclass=file permissive=1 app=com.youku.phone
05-11 11:10:31.989 1497 1601 I sysui_multi_action: [757,1717,758,1,759,0]
05-11 11:10:31.989 1497 1601 I sysui_multi_action: [757,1717,758,2,759,0]
05-11 11:10:31.989 1497 1601 I sysui_multi_action: [757,1717,758,3,759,0]
05-11 11:10:32.098 0 0 I auditd : type=1400 audit(0.0:6171): avc: denied { kill } for comm="swapper/6" capability=5 scontext=u:r:kernel:s0 tcontext=u:r:kernel:s0 tclass=capability permissive=1
05-11 11:10:32.128 1497 1792 I input_interaction: Interaction with: 31f13a com.youku.phone/com.youku.v2.HomePageEntry (server), edge-swipe (server), swipe-up (server), PointerEventDispatcher0 (server),
05-11 11:10:32.129 1497 1588 I wm_task_moved: [286,1,7]
05-11 11:10:32.129 1497 1588 I wm_task_to_front: [0,286]
05-11 11:10:32.133 6947 6947 I wm_on_top_resumed_lost_called: [217473681,com.qqgame.happymj.VideoActivity,topStateChangedWhenResumed]
05-11 11:10:32.133 1497 1588 I wm_focused_root_task: [0,0,286,287,setFocusedTask]
05-11 11:10:32.133 1497 1588 I wm_set_resumed_activity: [0,com.youku.phone/com.youku.v2.HomePageEntry,setFocusedTask]
05-11 11:10:32.133 1497 1588 I ActivityTaskManager: FOREGROUND_APPLICATION_CHANGED to com.youku.v2.HomePageEntry
05-11 11:10:32.134 1497 1588 I wm_set_resumed_activity: [0,com.youku.phone/com.youku.v2.HomePageEntry,resumeTopActivityInnerLocked]
05-11 11:10:32.134 1497 1588 D CompatibilityChangeReporter: Compat change id reported: 184838306; UID 10104; state: DISABLED
05-11 11:10:32.135 1497 1588 D CompatibilityChangeReporter: Compat change id reported: 185004937; UID 10104; state: DISABLED
05-11 11:10:32.135 1497 1588 I wm_resume_activity: [0,73312546,286,com.youku.phone/com.youku.v2.HomePageEntry]
05-11 11:10:32.136 1497 1589 I input_focus: [Focus request 31f13a com.youku.phone/com.youku.v2.HomePageEntry,reason=UpdateInputWindows]
05-11 11:10:32.165 1497 1792 I input_focus: [Focus leaving 95cdf18 com.qqgame.happymj/com.qqgame.happymj.VideoActivity (server),reason=setFocusedWindow]
05-11 11:10:32.165 1497 1792 I input_focus: [Focus entering 31f13a com.youku.phone/com.youku.v2.HomePageEntry (server),reason=setFocusedWindow]
05-11 11:10:32.183 6574 6574 I wm_on_resume_called: [73312546,com.youku.v2.HomePageEntry,RESUME_ACTIVITY]
05-11 11:10:32.182 6574 6574 I auditd : type=1400 audit(0.0:6172): avc: denied { open } for comm="NativeThread" path="/proc/stat" dev="proc" ino=4026532236 scontext=u:r:untrusted_app:s0:c104,c256,c512,c768 tcontext=u:object_r:proc_stat:s0 tclass=file permissive=1 app=com.youku.phone
05-11 11:10:32.190 6574 6574 I wm_on_top_resumed_gained_called: [73312546,com.youku.v2.HomePageEntry,topStateChangedWhenResumed]
05-11 11:10:32.190 6574 6574 I auditd : type=1400 audit(0.0:6173): avc: denied { nlmsg_readpriv } for comm="DaemonThread-6" scontext=u:r:untrusted_app:s0:c104,c256,c512,c768 tcontext=u:r:untrusted_app:s0:c104,c256,c512,c768 tclass=netlink_route_socket permissive=1 bug=b/155595000 app=com.youku.phone
05-11 11:10:32.239 1497 2516 I ActivityTaskManager: clear resize flag in freeform mode
05-11 11:10:32.239 1497 2516 I ActivityTaskManager: clear resize flag in freeform mode
05-11 11:10:32.293 1497 1589 I input_focus: [Focus request 8e9478a com.youku.phone/com.youku.v2.HomePageEntry,reason=UpdateInputWindows]
05-11 11:10:32.334 1497 1792 I input_focus: [Focus leaving 31f13a com.youku.phone/com.youku.v2.HomePageEntry (server),reason=setFocusedWindow]
05-11 11:10:32.334 1497 1792 I input_focus: [Focus entering 8e9478a com.youku.phone/com.youku.v2.HomePageEntry (server),reason=setFocusedWindow]
05-11 11:10:32.382 6574 6574 I auditd : type=1400 audit(0.0:6174): avc: denied { read } for comm="DaemonThread-6" name="cache" dev="dm-5" ino=16 scontext=u:r:untrusted_app:s0:c104,c256,c512,c768 tcontext=u:object_r:cache_file:s0 tclass=lnk_file permissive=1 app=com.youku.phone
05-11 11:10:32.382 6574 6574 I auditd : type=1400 audit(0.0:6175): avc: denied { getattr } for comm="DaemonThread-6" path="/proc/kmsg" dev="proc" ino=4026532240 scontext=u:r:untrusted_app:s0:c104,c256,c512,c768 tcontext=u:object_r:proc_kmsg:s0 tclass=file permissive=1 app=com.youku.phone
05-11 11:10:32.506 6574 6574 I auditd : type=1400 audit(0.0:6176): avc: denied { ioctl } for comm="NativeThread" path="socket:[92554]" dev="sockfs" ino=92554 ioctlcmd=0x8927 scontext=u:r:untrusted_app:s0:c104,c256,c512,c768 tcontext=u:r:untrusted_app:s0:c104,c256,c512,c768 tclass=udp_socket permissive=1 app=com.youku.phone
01-01 08:01:24.632 0 0 W audit : audit_lost=5737 audit_rate_limit=5 audit_backlog_limit=64
01-01 08:01:24.632 0 0 E audit : rate limit exceeded
05-11 11:10:32.519 1497 2516 W ActivityManager: Unable to start service Intent { act=com.google.android.gms.ads.identifier.service.START pkg=com.google.android.gms } U=0: not found
05-11 11:10:32.519 6574 6739 E ActivityThread: Failed to find provider info for com.vivo.vms.IdProvider
05-11 11:10:33.230 4759 4759 I auditd : type=1400 audit(0.0:6182): avc: granted { nlmsg_readpriv } for comm="DaemonThread-6" scontext=u:r:untrusted_app_27:s0:c512,c768 tcontext=u:r:untrusted_app_27:s0:c512,c768 tclass=netlink_route_socket app=com.wandoujia.phoenix2
01-01 08:01:25.646 0 0 I [dp_rx_][0x62040686][11:10:33.526037] wlan: [3496:I:QDF] DHCP-R RX: SA:34:f7:16:b2:4c:1e DA:ff:ff:ff:ff:ff:ff
05-11 11:10:33.594 4759 4759 I auditd : type=1400 audit(0.0:6183): avc: granted { nlmsg_readpriv } for comm="DaemonThread-6" scontext=u:r:untrusted_app_27:s0:c512,c768 tcontext=u:r:untrusted_app_27:s0:c512,c768 tclass=netlink_route_socket app=com.wandoujia.phoenix2
01-01 08:01:26.108 0 0 E link_delay_work_func: DTC_ETH: SQI=0, link=0
05-11 11:10:35.377 1497 1746 I commit_sys_config_file: [package-user-0,2]
01-01 08:01:28.108 0 0 I msm_vidc: high: 00000001: h264d: Closed video instance: 0000000000000000
05-11 11:10:35.993 1497 3412 I wm_finish_activity: [0,217473681,287,com.qqgame.happymj/.VideoActivity,app-request]
05-11 11:10:35.999 1497 3412 I wm_pause_activity: [0,217473681,com.qqgame.happymj/.VideoActivity,userLeaving=false,finish]
05-11 11:10:36.002 1497 3412 I thunderperf: PlatormCompat.setOverrides: Uid1=10107 Pid1=6947 Uid2=10107 Pid2=6947
05-11 11:10:36.002 1497 3412 I thunderperf: PlatormCompat.setOverrides: needCheck:false
05-11 11:10:36.002 1497 3412 I thunderperf: CompatConfig.addOverrideUnsafe: bef-state=0
05-11 11:10:36.002 1497 3412 I thunderperf: CompatConfig.addOverrideUnsafe: aft-state=0
05-11 11:10:36.002 1497 3412 W PackageManager: MATCH_ANY_USER flag requires INTERACT_ACROSS_USERS permission: UID 10107 requires android.permission.INTERACT_ACROSS_USERS_FULL or android.permission.INTERACT_ACROSS_USERS to access user 0.
05-11 11:10:36.003 1497 3412 I ActivityTaskManager: START u0 {act=android.intent.action.MAIN cat=[android.intent.category.LAUNCHER] flg=0x10008000 cmp=com.qqgame.happymj/com.onevcat.uniwebview.AndroidPlugin (has extras)} from uid 10107
05-11 11:10:36.002 866 866 I auditd : type=1400 audit(0.0:6184): avc: denied { add_name } for comm="perf@2.2-servic" name="clkscale_enable" scontext=u:r:vendor_hal_perf_default:s0 tcontext=u:object_r:sysfs:s0 tclass=dir permissive=1
05-11 11:10:36.002 866 866 I auditd : type=1400 audit(0.0:6185): avc: denied { create } for comm="perf@2.2-servic" name="clkscale_enable" scontext=u:r:vendor_hal_perf_default:s0 tcontext=u:object_r:sysfs:s0 tclass=file permissive=1
05-11 11:10:36.004 1497 3412 I wm_task_moved: [287,1,7]
05-11 11:10:36.004 1497 3412 I wm_task_to_front: [0,287]
05-11 11:10:36.005 1497 3412 I wm_focused_root_task: [0,0,287,286,bringingFoundTaskToFront]
05-11 11:10:36.005 1497 3412 I wm_finish_activity: [0,171431884,287,com.qqgame.happymj/.SplashActivity,clear-task-all]
05-11 11:10:36.005 6574 6574 I wm_on_top_resumed_lost_called: [73312546,com.youku.v2.HomePageEntry,topStateChangedWhenResumed]
05-11 11:10:36.005 1497 3412 I wm_destroy_activity: [0,171431884,287,com.qqgame.happymj/.SplashActivity,finish-imm:finishIfPossible]
05-11 11:10:36.007 1497 3412 D CompatibilityChangeReporter: Compat change id reported: 174042980; UID 10107; state: DISABLED
05-11 11:10:36.007 1497 3412 D CompatibilityChangeReporter: Compat change id reported: 184838306; UID 10107; state: DISABLED
05-11 11:10:36.008 1497 3412 D CompatibilityChangeReporter: Compat change id reported: 185004937; UID 10107; state: DISABLED
05-11 11:10:36.008 1497 3412 D CompatibilityChangeReporter: Compat change id reported: 181136395; UID 10107; state: DISABLED
05-11 11:10:36.008 1497 3412 D CompatibilityChangeReporter: Compat change id reported: 174042936; UID 10107; state: DISABLED
05-11 11:10:36.009 1497 3412 I wm_task_moved: [287,1,7]
05-11 11:10:36.009 1497 3412 I wm_create_activity: [0,264365961,287,com.qqgame.happymj/com.onevcat.uniwebview.AndroidPlugin,android.intent.action.MAIN,NULL,NULL,272662528]
05-11 11:10:36.009 1497 3412 D CompatibilityChangeReporter: Compat change id reported: 168419799; UID 10107; state: DISABLED
05-11 11:10:36.009 1497 3412 V SplashScreenExceptionList: SplashScreen checking exception for package com.qqgame.happymj (target sdk:28) -> false
05-11 11:10:36.010 1902 2028 D PhoneStartingWindowTypeAlgorithm: preferredStartingWindowType newTask:true taskSwitch:false processRunning:true allowTaskSnapshot:true activityCreated:false useEmptySplashScreen:true legacySplashScreen:false topIsHome:false
05-11 11:10:36.010 1902 2028 D StartingSurfaceDrawer: addSplashScreen com.qqgame.happymj theme=7f0e0005 task=287 suggestType=3
05-11 11:10:36.012 1902 2031 D StartingSurfaceDrawer: window attributes color: 0 icon null duration 0 brandImage null
05-11 11:10:36.013 1902 2031 W StartingSurfaceDrawer: Window background is transparent, fill background with black color
05-11 11:10:36.013 1902 2031 D StartingSurfaceDrawer: fillViewWithIcon surfaceWindowView android.window.SplashScreenView{9e7b61d V.E...... ......ID 0,0-0,0}
05-11 11:10:36.013 6947 6947 I wm_on_paused_called: [217473681,com.qqgame.happymj.VideoActivity,performPause]
05-11 11:10:36.014 1497 3412 I wm_add_to_stopping: [0,217473681,com.qqgame.happymj/.VideoActivity,completeFinishing]
05-11 11:10:36.015 1497 3412 I wm_pause_activity: [0,73312546,com.youku.phone/com.youku.v2.HomePageEntry,userLeaving=false,pauseBackTasks]
05-11 11:10:36.015 1497 3412 I ActivityTaskManager: The Process com.qqgame.happymj Already Exists in BG. So sending its PID: 6947
05-11 11:10:36.017 6947 6947 I wm_on_destroy_called: [171431884,com.qqgame.happymj.SplashActivity,performDestroy]
05-11 11:10:36.018 1497 1588 I sysui_multi_action: [757,803,799,window_time_0,802,7]
05-11 11:10:36.025 6574 6574 I wm_on_paused_called: [73312546,com.youku.v2.HomePageEntry,performPause]
05-11 11:10:36.027 1497 3412 I ActivityTaskManager: FOREGROUND_APPLICATION_CHANGED to com.onevcat.uniwebview.AndroidPlugin
05-11 11:10:36.028 1497 3412 I ActivityTaskManager: The Process com.qqgame.happymj Already Exists in BG. So sending its PID: 6947
05-11 11:10:36.028 1497 3412 W ActivityTaskManager: Tried to set launchTime (0) < mLastActivityLaunchTime (78374)
05-11 11:10:36.028 1497 3412 I wm_restart_activity: [0,264365961,287,com.qqgame.happymj/com.onevcat.uniwebview.AndroidPlugin]
05-11 11:10:36.030 1497 3412 I wm_set_resumed_activity: [0,com.qqgame.happymj/com.onevcat.uniwebview.AndroidPlugin,minimalResumeActivityLocked]
05-11 11:10:36.036 1497 1588 I sysui_multi_action: [757,803,799,window_time_0,802,0]
05-11 11:10:36.041 1497 1601 W UsageStatsService: Unexpected activity event reported! (com.qqgame.happymj/com.qqgame.happymj.SplashActivity event : 23 instanceId : 156950873)
01-01 08:01:28.236 0 0 I btfm_slim_enable_ch: chipset soc version:400a0200
01-01 08:01:28.236 0 0 I btfm_slim_enable_ch: channel define - prot:2, dataf:0, auxf:0
01-01 08:01:28.236 0 0 I btfm_slim_enable_ch: channel define - rates:44100, baser:2, ratem:4
01-01 08:01:28.236 0 0 E btfm_slim_enable_ch: slim_define_ch failed ret[-106]
01-01 08:01:28.236 0 0 E btfm_slim_dai_prepare: channel opened without closing, return success
05-11 11:10:36.283 6947 6947 I wm_on_create_called: [264365961,com.onevcat.uniwebview.AndroidPlugin,performCreate]
05-11 11:10:36.286 6947 6947 I wm_on_start_called: [264365961,com.onevcat.uniwebview.AndroidPlugin,handleStartActivity]
05-11 11:10:36.291 6947 6947 I wm_on_resume_called: [264365961,com.onevcat.uniwebview.AndroidPlugin,RESUME_ACTIVITY]
05-11 11:10:36.293 1497 3412 W WindowManager: Failed looking up window session=Session{df7bdf7 6947:u0a10107} callers=com.android.server.wm.WindowManagerService.windowForClientLocked:5628 com.android.server.wm.Session.insetsModified:629 android.view.IWindowSession$Stub.onTransact:1151
05-11 11:10:36.294 6947 6947 I wm_on_top_resumed_gained_called: [264365961,com.onevcat.uniwebview.AndroidPlugin,topStateChangedWhenResumed]
05-11 11:10:36.302 1497 1589 I input_focus: [Focus request ae4a175 com.qqgame.happymj/com.onevcat.uniwebview.AndroidPlugin,reason=UpdateInputWindows]
05-11 11:10:36.310 7500 7500 I auditd : type=1400 audit(0.0:6186): avc: denied { open } for comm="getprop" path="/dev/__properties__/u:object_r:ab_update_gki_prop:s0" dev="tmpfs" ino=2120 scontext=u:r:untrusted_app_27:s0:c107,c256,c512,c768 tcontext=u:object_r:ab_update_gki_prop:s0 tclass=file permissive=1 app=com.qqgame.happymj
01-01 08:01:28.436 0 0 W audit : audit_lost=5742 audit_rate_limit=5 audit_backlog_limit=64
01-01 08:01:28.436 0 0 E audit : rate limit exceeded
05-11 11:10:36.310 7500 7500 I auditd : type=1400 audit(0.0:6187): avc: denied { getattr } for comm="getprop" path="/dev/__properties__/u:object_r:ab_update_gki_prop:s0" dev="tmpfs" ino=2120 scontext=u:r:untrusted_app_27:s0:c107,c256,c512,c768 tcontext=u:object_r:ab_update_gki_prop:s0 tclass=file permissive=1 app=com.qqgame.happymj
05-11 11:10:36.310 7500 7500 I auditd : type=1400 audit(0.0:6188): avc: denied { map } for comm="getprop" path="/dev/__properties__/u:object_r:ab_update_gki_prop:s0" dev="tmpfs" ino=2120 scontext=u:r:untrusted_app_27:s0:c107,c256,c512,c768 tcontext=u:object_r:ab_update_gki_prop:s0 tclass=file permissive=1 app=com.qqgame.happymj
05-11 11:10:36.310 7500 7500 I auditd : type=1400 audit(0.0:6189): avc: denied { open } for comm="getprop" path="/dev/__properties__/u:object_r:adbd_prop:s0" dev="tmpfs" ino=2122 scontext=u:r:untrusted_app_27:s0:c107,c256,c512,c768 tcontext=u:object_r:adbd_prop:s0 tclass=file permissive=1 app=com.qqgame.happymj
05-11 11:10:36.310 7500 7500 I auditd : type=1400 audit(0.0:6190): avc: denied { getattr } for comm="getprop" path="/dev/__properties__/u:object_r:adbd_prop:s0" dev="tmpfs" ino=2122 scontext=u:r:untrusted_app_27:s0:c107,c256,c512,c768 tcontext=u:object_r:adbd_prop:s0 tclass=file permissive=1 app=com.qqgame.happymj
05-11 11:10:36.310 7500 7500 I auditd : type=1400 audit(0.0:6191): avc: denied { map } for comm="getprop" path="/dev/__properties__/u:object_r:adbd_prop:s0" dev="tmpfs" ino=2122 scontext=u:r:untrusted_app_27:s0:c107,c256,c512,c768 tcontext=u:object_r:adbd_prop:s0 tclass=file permissive=1 app=com.qqgame.happymj
05-11 11:10:36.318 1497 1585 I wm_activity_launch_time: [0,264365961,com.qqgame.happymj/com.onevcat.uniwebview.AndroidPlugin,315]
05-11 11:10:36.332 1902 2028 D StartingSurfaceDrawer: Task start finish, remove starting surface for task 287
05-11 11:10:36.332 1902 2028 V StartingSurfaceDrawer: Removing splash screen window for task: 287
05-11 11:10:36.333 1497 1792 I input_focus: [Focus entering ae4a175 com.qqgame.happymj/com.onevcat.uniwebview.AndroidPlugin (server),reason=setFocusedWindow]
05-11 11:10:36.354 1497 1601 I am_pss : [6574,10104,com.youku.phone,277295104,259833856,0,445419520,0,2,16]
05-11 11:10:36.466 1497 1588 I wm_destroy_activity: [0,217473681,287,com.qqgame.happymj/.VideoActivity,finish-imm:idle]
05-11 11:10:36.499 6947 6947 I wm_on_stop_called: [217473681,com.qqgame.happymj.VideoActivity,LIFECYCLER_STOP_ACTIVITY]
05-11 11:10:36.499 6947 6947 I wm_on_destroy_called: [217473681,com.qqgame.happymj.VideoActivity,performDestroy]
05-11 11:10:36.663 1497 1497 I Telecom : BluetoothStateReceiver: Device 60:F4:3A:B2:E8:8D transitioned to audio state 11: BSR.oR@AB4
05-11 11:10:36.739 1497 1497 I Telecom : BluetoothStateReceiver: Device 60:F4:3A:B2:E8:8D transitioned to audio state 12: BSR.oR@AB8
05-11 11:10:36.739 1497 1497 I Telecom : BluetoothStateReceiver: Ignoring BT audio on since we're not in a call: BSR.oR@AB8
05-11 11:10:37.166 1497 3023 W ActivityManager: Receiver with filter android.content.IntentFilter@6fb697d already registered for pid 6947, callerPackage is com.qqgame.happymj
05-11 11:10:37.330 6947 6947 I auditd : type=1400 audit(0.0:7481): avc: granted { nlmsg_readpriv } for comm="UnityMain" scontext=u:r:untrusted_app_27:s0:c107,c256,c512,c768 tcontext=u:r:untrusted_app_27:s0:c107,c256,c512,c768 tclass=netlink_route_socket app=com.qqgame.happymj
05-11 11:10:37.330 6947 6947 I auditd : type=1400 audit(0.0:7482): avc: denied { search } for comm="UnityMain" name="net" dev="sysfs" ino=46850 scontext=u:r:untrusted_app_27:s0:c107,c256,c512,c768 tcontext=u:object_r:sysfs_net:s0 tclass=dir permissive=1 app=com.qqgame.happymj
05-11 11:10:37.354 4840 4840 I auditd : type=1400 audit(0.0:7483): avc: granted { nlmsg_readpriv } for comm="DaemonThread-6" scontext=u:r:untrusted_app_27:s0:c512,c768 tcontext=u:r:untrusted_app_27:s0:c512,c768 tclass=netlink_route_socket app=com.wandoujia.phoenix2
05-11 11:10:37.443 1497 1835 D CompatibilityChangeReporter: Compat change id reported: 149924527; UID 10107; state: ENABLED
05-11 11:10:37.443 1497 1835 D CompatibilityChangeReporter: Compat change id reported: 132649864; UID 10107; state: DISABLED
05-11 11:10:37.506 6947 6947 I auditd : type=1400 audit(0.0:7484): avc: denied { getattr } for comm="tgpa_init" path="/data/data/com.android.bluetoothmidiservice" dev="dm-10" ino=2108 scontext=u:r:untrusted_app_27:s0:c107,c256,c512,c768 tcontext=u:object_r:app_data_file:s0:c44,c256,c512,c768 tclass=dir permissive=1 app=com.qqgame.happymj
05-11 11:10:37.506 6947 6947 I auditd : type=1400 audit(0.0:7485): avc: denied { getattr } for comm="tgpa_init" path="/data/data/com.android.printspooler" dev="dm-10" ino=1885 scontext=u:r:untrusted_app_27:s0:c107,c256,c512,c768 tcontext=u:object_r:app_data_file:s0:c49,c256,c512,c768 tclass=dir permissive=1 app=com.qqgame.happymj
01-01 08:01:29.630 0 0 W audit : audit_lost=7031 audit_rate_limit=5 audit_backlog_limit=64
01-01 08:01:29.630 0 0 E audit : rate limit exceeded
05-11 11:10:37.589 1497 2068 D CompatibilityChangeReporter: Compat change id reported: 135634846; UID 10104; state: DISABLED
05-11 11:10:37.589 1497 2068 D CompatibilityChangeReporter: Compat change id reported: 177438394; UID 10104; state: DISABLED
05-11 11:10:37.589 1497 2068 D CompatibilityChangeReporter: Compat change id reported: 135772972; UID 10104; state: DISABLED
05-11 11:10:37.589 1497 2068 D CompatibilityChangeReporter: Compat change id reported: 135754954; UID 10104; state: ENABLED
05-11 11:10:37.590 1497 1603 D CompatibilityChangeReporter: Compat change id reported: 143937733; UID 10104; state: ENABLED
05-11 11:10:37.596 1497 1603 I am_proc_start: [0,7651,10104,com.youku.phone:channel,service,{com.youku.phone/com.alibaba.analytics.AnalyticsService}]
05-11 11:10:37.596 1497 1603 I ActivityManager: Start proc 7651:com.youku.phone:channel/u0a104 for service {com.youku.phone/com.alibaba.analytics.AnalyticsService}
01-01 08:01:29.728 0 0 I binder : 7651:7651 ioctl 40046210 7fec0ec5c4 returned -22
05-11 11:10:37.611 1497 2068 I am_proc_bound: [0,7651,com.youku.phone:channel]
01-01 08:01:29.834 0 0 I afe_close: port_id = 0x400e
05-11 11:10:37.719 1497 2068 W ActivityManager: Unable to start service Intent { act=com.google.android.gms.ads.identifier.service.START pkg=com.google.android.gms } U=0: not found
05-11 11:10:37.722 1497 2068 D TelephonyRegistry: listen oscl: mHasNotifySubscriptionInfoChangedOccurred==false no callback
01-01 08:01:29.841 0 0 I btfm_slim_disable_ch: port:16, grp: 0, ch->grph:0x0, ch->ch_hdl:0x1d
01-01 08:01:30.131 0 0 I btfm_slim_hw_init: PGD Enum Addr: 00:01:20:02:17: 02
01-01 08:01:30.131 0 0 I btfm_slim_hw_init: IFD Enum Addr: 00:00:20:02:17: 02
01-01 08:01:30.131 0 0 I btfm_slim_hw_init: chipset soc version:400a0200
01-01 08:01:30.131 0 0 I btfm_slim_hw_init: chipset is hastings 2.0, overwriting EA
01-01 08:01:30.131 0 0 I btfm_slim_hw_init: PGD Enum Addr: 00:01:20:02:17: 02
01-01 08:01:30.131 0 0 I btfm_slim_hw_init: IFD Enum Addr: 00:00:20:02:17: 02
01-01 08:01:30.131 0 0 I btfm_slim_alloc_port: chipset soc version:400a0200
01-01 08:01:30.141 0 0 I btfm_slim_enable_ch: chipset soc version:400a0200
01-01 08:01:30.141 0 0 I btfm_slim_enable_ch: channel define - prot:2, dataf:0, auxf:0
01-01 08:01:30.141 0 0 I btfm_slim_enable_ch: channel define - rates:44100, baser:2, ratem:4
01-01 08:01:30.141 0 0 I btfm_slim_enable_ch: slim_connect_sink(port: 16, ch: 157)
01-01 08:01:30.141 0 0 I btfm_slim_enable_ch: port: 16, ch: 157, grp: 0, ch->grph: 0x0, ch_hdl: 0x1d
01-01 08:01:30.142 0 0 I __afe_port_start: port id: 0x400e
01-01 08:01:30.142 0 0 I afe_find_cal_topo_id_by_port: port id: 0x400e, dev_acdb_id: 20
01-01 08:01:30.142 0 0 I afe_find_cal_topo_id_by_port: top_id:112fc acdb_id:20 afe_port_id:0x400e
01-01 08:01:30.142 0 0 I afe_get_cal_topology_id: port_id = 0x400e acdb_id = 20 topology_id = 0x112fc cal_type_index=8 ret=0
01-01 08:01:30.142 0 0 I afe_send_port_topology_id: AFE set topology id 0x112fc enable for port 0x400e ret 0
01-01 08:01:30.142 0 0 I send_afe_cal_type: cal_index is 0
01-01 08:01:30.142 0 0 I send_afe_cal_type: dev_acdb_id[119] is 20
01-01 08:01:30.142 0 0 I afe_find_cal: cal_index 0 port_id 0x400e port_index 119
01-01 08:01:30.142 0 0 I afe_find_cal: acdb_id 20 dev_acdb_id 20 sample_rate 48000 afe_sample_rates 44100
01-01 08:01:30.142 0 0 I afe_find_cal: no matching cal_block found
01-01 08:01:30.142 0 0 E : send_afe_cal_type cal_block not found!!
01-01 08:01:30.143 0 0 I afe_send_hw_delay: port_id 0x400e rate 44100 delay_usec 0 status 0
05-11 11:10:38.069 1497 1497 W Looper : Slow dispatch took 296ms main h=android.app.ActivityThread$H c=android.app.LoadedApk$ReceiverDispatcher$Args$$ExternalSyntheticLambda0@9ec9d56 m=0
05-11 11:10:38.069 1497 1497 I Telecom : BluetoothStateReceiver: Device 60:F4:3A:B2:E8:8D transitioned to audio state 10: BSR.oR@ACA
05-11 11:10:38.069 1497 1497 W Looper : Slow delivery took 296ms main h=android.app.ActivityThread$H c=android.app.LoadedApk$ReceiverDispatcher$Args$$ExternalSyntheticLambda0@8fa5ac4 m=0
05-11 11:10:38.069 1497 2613 I Telecom : BluetoothRouteManager: Message received: BT_AUDIO_LOST.: BSR.oR->BRM.pM_201@ACA
05-11 11:10:38.069 1497 2613 I Telecom : BluetoothRouteManager: Received HFP off for device 60:F4:3A:B2:E8:8D while HFP off.: BSR.oR->BRM.pM_201@ACA
05-11 11:10:38.069 1497 2644 I Telecom : CallAudioRouteStateMachine: Message received: UPDATE_SYSTEM_AUDIO_ROUTE=1201, arg1=0: BSR.oR->BRM.pM_201->CARSM.pM_UPDATE_SYSTEM_AUDIO_ROUTE@ACA
05-11 11:10:38.069 1497 2644 I Telecom : QuiescentEarpieceRoute: Processing message UPDATE_SYSTEM_AUDIO_ROUTE: BSR.oR->BRM.pM_201->CARSM.pM_UPDATE_SYSTEM_AUDIO_ROUTE@ACA
05-11 11:10:38.071 1497 2644 I Telecom : CallAudioRouteStateMachine: setSystemAudioState: changing from [AudioState isMuted: false, route: EARPIECE, supportedRouteMask: EARPIECE, SPEAKER, activeBluetoothDevice: [null], supportedBluetoothDevices: []] to [AudioState isMuted: false, route: EARPIECE, supportedRouteMask: EARPIECE, SPEAKER, activeBluetoothDevice: [null], supportedBluetoothDevices: []]: BSR.oR->BRM.pM_201->CARSM.pM_UPDATE_SYSTEM_AUDIO_ROUTE@ACA
05-11 11:10:38.594 6947 6947 I auditd : type=1400 audit(0.0:7503): avc: denied { open } for comm="APM-TickThread" path="/proc/stat" dev="proc" ino=4026532236 scontext=u:r:untrusted_app_27:s0:c107,c256,c512,c768 tcontext=u:object_r:proc_stat:s0 tclass=file permissive=1 app=com.qqgame.happymj
05-11 11:10:38.594 6947 6947 I auditd : type=1400 audit(0.0:7504): avc: denied { getattr } for comm="APM-TickThread" path="/proc/stat" dev="proc" ino=4026532236 scontext=u:r:untrusted_app_27:s0:c107,c256,c512,c768 tcontext=u:object_r:proc_stat:s0 tclass=file permissive=1 app=com.qqgame.happymj
01-01 08:01:30.868 0 0 I [dp_rx_][0x67fdb83b][11:10:38.747393] wlan: [3496:I:QDF] DHCP-R RX: SA:34:f7:16:b2:4c:1e DA:ff:ff:ff:ff:ff:ff
05-11 11:10:39.023 1497 1497 W Looper : Drained
01-01 08:01:31.228 0 0 E link_delay_work_func: DTC_ETH: SQI=0, link=0
05-11 11:10:39.150 6947 6947 I auditd : type=1400 audit(0.0:7505): avc: denied { read } for comm="ace_worker0" name="cache" dev="dm-5" ino=16 scontext=u:r:untrusted_app_27:s0:c107,c256,c512,c768 tcontext=u:object_r:cache_file:s0 tclass=lnk_file permissive=1 app=com.qqgame.happymj
01-01 08:01:31.280 0 0 W audit : audit_lost=7048 audit_rate_limit=5 audit_backlog_limit=64
05-11 11:10:39.154 6947 6947 I auditd : type=1400 audit(0.0:7506): avc: denied { read } for comm="Thread-140" name="max_user_watches" dev="proc" ino=98282 scontext=u:r:untrusted_app_27:s0:c107,c256,c512,c768 tcontext=u:object_r:proc:s0 tclass=file permissive=1 app=com.qqgame.happymj
01-01 08:01:31.280 0 0 E audit : rate limit exceeded
05-11 11:10:39.154 6947 6947 I auditd : type=1400 audit(0.0:7507): avc: denied { open } for comm="Thread-140" path="/proc/sys/fs/inotify/max_user_watches" dev="proc" ino=98282 scontext=u:r:untrusted_app_27:s0:c107,c256,c512,c768 tcontext=u:object_r:proc:s0 tclass=file permissive=1 app=com.qqgame.happymj
05-11 11:10:40.006 4840 4840 I auditd : type=1400 audit(0.0:7518): avc: denied { open } for comm="doujia.phoenix2" path="/proc/vmstat" dev="proc" ino=4026531858 scontext=u:r:untrusted_app_27:s0:c512,c768 tcontext=u:object_r:proc_vmstat:s0 tclass=file permissive=1 app=com.wandoujia.phoenix2
05-11 11:10:40.006 4840 4840 I auditd : type=1400 audit(0.0:7519): avc: denied { getattr } for comm="doujia.phoenix2" path="/proc/vmstat" dev="proc" ino=4026531858 scontext=u:r:untrusted_app_27:s0:c512,c768 tcontext=u:object_r:proc_vmstat:s0 tclass=file permissive=1 app=com.wandoujia.phoenix2
05-11 11:10:40.749 1497 1602 D CompatibilityChangeReporter: Compat change id reported: 168419799; UID 10096; state: DISABLED
05-11 11:10:40.754 1497 1601 I am_pss : [4101,10091,com.android.permissioncontroller,13925376,11788288,739328,86843392,0,6,5]
05-11 11:10:40.931 1497 1602 I am_uid_idle: 10059
05-11 11:10:41.311 1497 1921 W ActivityManager: Unable to start service Intent { act=com.youku.push.action.setLongTimeBackAlarm cmp=com.youku.phone/com.youku.push.container.service.LocalPushService } U=0: not found
05-11 11:10:42.295 1497 1810 I netstats_mobile_sample: [0,0,0,0,0,0,0,0,0,0,0,0,1683872309303]
05-11 11:10:42.295 1497 1810 I netstats_wifi_sample: [322,1,0,0,322,1,0,0,0,0,0,0,1683872309303]
05-11 11:10:42.294 685 685 I auditd : type=1400 audit(0.0:7520): avc: denied { add_name } for comm="Binder:685_4" name="globalAlert" scontext=u:r:netd:s0 tcontext=u:object_r:proc_net:s0 tclass=dir permissive=1
05-11 11:10:42.294 685 685 I auditd : type=1400 audit(0.0:7521): avc: denied { create } for comm="Binder:685_4" name="globalAlert" scontext=u:r:netd:s0 tcontext=u:object_r:proc_net:s0 tclass=file permissive=1
05-11 11:10:42.315 1497 1602 I am_uid_idle: 10022
05-11 11:10:43.546 4680 4680 I auditd : type=1400 audit(0.0:7522): avc: granted { nlmsg_readpriv } for comm="DaemonThread-6" scontext=u:r:untrusted_app_27:s0:c512,c768 tcontext=u:r:untrusted_app_27:s0:c512,c768 tclass=netlink_route_socket app=com.wandoujia.phoenix2
05-11 11:10:43.890 4680 4680 I auditd : type=1400 audit(0.0:7523): avc: granted { nlmsg_readpriv } for comm="DaemonThread-6" scontext=u:r:untrusted_app_27:s0:c512,c768 tcontext=u:r:untrusted_app_27:s0:c512,c768 tclass=netlink_route_socket app=com.wandoujia.phoenix2
05-11 11:10:44.074 1497 1792 I input_interaction: Interaction with: ae4a175 com.qqgame.happymj/com.onevcat.uniwebview.AndroidPlugin (server), edge-swipe (server), swipe-up (server), PointerEventDispatcher0 (server),
05-11 11:10:44.098 0 0 I auditd : type=1400 audit(0.0:7524): avc: denied { kill } for comm="swapper/5" capability=5 scontext=u:r:kernel:s0 tcontext=u:r:kernel:s0 tclass=capability permissive=1
01-01 08:01:36.348 0 0 E link_delay_work_func: DTC_ETH: SQI=0, link=0
05-11 11:10:44.266 1497 1602 I am_uid_idle: 10029
05-11 11:10:44.499 1497 1602 I am_uid_idle: 10080
05-11 11:10:44.693 1497 1602 I am_uid_idle: 10060
05-11 11:10:44.801 1497 1602 I am_uid_idle: 10025
05-11 11:10:45.072 1497 1602 I am_uid_idle: 10017
05-11 11:10:45.132 1497 1602 I am_uid_idle: 2000
05-11 11:10:45.365 1497 1921 I wm_task_moved: [1,0,0]
05-11 11:10:45.365 1497 1921 I wm_task_moved: [1,0,6]
05-11 11:10:45.376 2603 2603 I wm_on_restart_called: [160687672,com.android.launcher3.uioverrides.QuickstepLauncher,performRestartActivity]
05-11 11:10:45.415 2603 2603 I wm_on_start_called: [160687672,com.android.launcher3.uioverrides.QuickstepLauncher,handleStartActivity]
05-11 11:10:45.416 6947 6947 I view_enqueue_input_event: [Motion - Cancel,com.qqgame.happymj/com.onevcat.uniwebview.AndroidPlugin]
05-11 11:10:45.418 1497 1585 D AutofillManagerService: Close system dialogs
05-11 11:10:45.424 1497 1589 I input_focus: [Focus request recents_animation_input_consumer,reason=UpdateInputWindows]
05-11 11:10:45.426 1497 1792 I input_interaction: Interaction with: edge-swipe (server), swipe-up (server), PointerEventDispatcher0 (server),
05-11 11:10:45.435 2603 2603 I sysui_latency: [1,74]
05-11 11:10:45.443 1497 1585 I sysui_multi_action: [319,5,322,75,325,94,757,761,758,9,759,5,806,com.android.launcher3,871,com.android.launcher3.uioverrides.QuickstepLauncher,905,0,1320,4,1321,1]
05-11 11:10:45.462 1497 3023 W WindowManager: Failed to load bitmap: /data/system_ce/0/snapshots/281.jpg
05-11 11:10:45.466 1497 1792 I input_focus: [Focus leaving ae4a175 com.qqgame.happymj/com.onevcat.uniwebview.AndroidPlugin (server),reason=NOT_FOCUSABLE]
05-11 11:10:45.466 1497 1792 I input_focus: [Focus entering recents_animation_input_consumer (server),reason=setFocusedWindow]
05-11 11:10:45.467 1497 3023 W WindowManager: Failed to load bitmap: /data/system_ce/0/snapshots/282.jpg
05-11 11:10:45.614 1497 1780 I commit_sys_config_file: [settings-1-0,1]
05-11 11:10:45.741 1497 1601 I sysui_latency: [8,80]
05-11 11:10:45.785 1497 1602 I am_uid_idle: 10084
05-11 11:10:45.800 1497 1602 I am_uid_idle: 10058
05-11 11:10:45.883 1497 1602 I am_uid_idle: 10082
05-11 11:10:46.199 1497 2516 I wm_task_moved: [1,1,7]
05-11 11:10:46.199 1497 2516 I wm_task_moved: [285,1,2147483647]
05-11 11:10:46.199 1497 2516 I wm_task_to_front: [0,285]
05-11 11:10:46.200 1497 2516 I wm_focused_root_task: [0,0,1,287,RecentsAnimation.onAnimationFinished()]
05-11 11:10:46.200 1497 2516 I wm_set_resumed_activity: [0,com.android.launcher3/.uioverrides.QuickstepLauncher,RecentsAnimation.onAnimationFinished()]
05-11 11:10:46.200 1497 2516 I wm_pause_activity: [0,264365961,com.qqgame.happymj/com.onevcat.uniwebview.AndroidPlugin,userLeaving=true,pauseBackTasks]
05-11 11:10:46.201 1497 2516 I wm_add_to_stopping: [0,264365961,com.qqgame.happymj/com.onevcat.uniwebview.AndroidPlugin,makeInvisible]
05-11 11:10:46.201 6947 6947 I wm_on_top_resumed_lost_called: [264365961,com.onevcat.uniwebview.AndroidPlugin,topStateChangedWhenResumed]
05-11 11:10:46.201 1497 2516 I ActivityTaskManager: FOREGROUND_APPLICATION_CHANGED to com.android.launcher3.uioverrides.QuickstepLauncher
05-11 11:10:46.201 1497 2516 I wm_set_resumed_activity: [0,com.android.launcher3/.uioverrides.QuickstepLauncher,resumeTopActivityInnerLocked]
05-11 11:10:46.203 1497 2516 I wm_resume_activity: [0,160687672,285,com.android.launcher3/.uioverrides.QuickstepLauncher]
05-11 11:10:46.204 2603 2603 I wm_on_resume_called: [160687672,com.android.launcher3.uioverrides.QuickstepLauncher,RESUME_ACTIVITY]
05-11 11:10:46.207 1497 1589 I input_focus: [Focus request c778371 com.android.launcher3/com.android.launcher3.uioverrides.QuickstepLauncher,reason=UpdateInputWindows]
05-11 11:10:46.209 2603 2603 I wm_on_top_resumed_gained_called: [160687672,com.android.launcher3.uioverrides.QuickstepLauncher,topStateChangedWhenResumed]
05-11 11:10:46.209 1497 2089 I wm_stop_activity: [0,264365961,com.qqgame.happymj/com.onevcat.uniwebview.AndroidPlugin]
05-11 11:10:46.211 1497 2087 I ActivityTaskManager: START u0 {flg=0x10010000 cmp=com.android.launcher3/com.android.quickstep.RecentsActivity} from uid 10072
05-11 11:10:46.210 866 866 I auditd : type=1400 audit(0.0:7525): avc: denied { add_name } for comm="perf@2.2-servic" name="clkscale_enable" scontext=u:r:vendor_hal_perf_default:s0 tcontext=u:object_r:sysfs:s0 tclass=dir permissive=1
05-11 11:10:46.210 866 866 I auditd : type=1400 audit(0.0:7526): avc: denied { create } for comm="perf@2.2-servic" name="clkscale_enable" scontext=u:r:vendor_hal_perf_default:s0 tcontext=u:object_r:sysfs:s0 tclass=file permissive=1
05-11 11:10:46.215 1497 2087 I wm_task_created: [288,-1]
05-11 11:10:46.215 1497 2087 W ActivityTaskManager: Can't find TaskDisplayArea to determine support for multi window. Task id=288 attached=false
05-11 11:10:46.216 1497 2087 I wm_task_created: [289,-1]
05-11 11:10:46.216 1497 2087 I wm_task_moved: [289,0,-2147483648]
05-11 11:10:46.217 1497 2087 I wm_create_task: [0,289]
05-11 11:10:46.217 1497 2087 I wm_create_activity: [0,5982369,289,com.android.launcher3/com.android.quickstep.RecentsActivity,NULL,NULL,NULL,276889600]
05-11 11:10:46.217 1497 2087 I wm_task_moved: [288,0,0]
05-11 11:10:46.217 1497 2087 I wm_task_moved: [288,0,7]
05-11 11:10:46.218 1497 2087 I ActivityTaskManager: The Process com.android.launcher3 Already Exists in BG. So sending its PID: 2603
05-11 11:10:46.219 1497 2087 W ActivityTaskManager: Tried to set launchTime (0) < mLastActivityLaunchTime (11735)
05-11 11:10:46.219 1497 2087 I wm_restart_activity: [0,5982369,289,com.android.launcher3/com.android.quickstep.RecentsActivity]
05-11 11:10:46.223 1497 1588 I sysui_multi_action: [757,803,799,window_time_0,802,10]
05-11 11:10:46.225 1497 2087 I WindowManager: Queue is too deep! Purged item with taskid=286
05-11 11:10:46.226 1497 1588 I sysui_multi_action: [757,803,799,window_time_0,802,0]
05-11 11:10:46.226 1497 2516 I wm_task_moved: [288,1,8]
05-11 11:10:46.226 1497 2516 I wm_focused_root_task: [0,0,288,1,RecentsAnimation.onAnimationFinished()]
05-11 11:10:46.227 1497 2516 I wm_pause_activity: [0,160687672,com.android.launcher3/.uioverrides.QuickstepLauncher,userLeaving=false,pauseBackTasks]
05-11 11:10:46.227 1497 2516 I ActivityTaskManager: FOREGROUND_APPLICATION_CHANGED to com.android.quickstep.RecentsActivity
05-11 11:10:46.228 1497 2516 I wm_set_resumed_activity: [0,com.android.launcher3/com.android.quickstep.RecentsActivity,resumeTopActivityInnerLocked]
05-11 11:10:46.228 1497 2516 I wm_resume_activity: [0,5982369,289,com.android.launcher3/com.android.quickstep.RecentsActivity]
05-11 11:10:46.228 1497 2516 I wm_add_to_stopping: [0,73312546,com.youku.phone/com.youku.v2.HomePageEntry,makeInvisible]
05-11 11:10:46.228 1497 2516 I wm_add_to_stopping: [0,90462076,com.youku.phone/.ActivityWelcome,makeInvisible]
05-11 11:10:46.230 1497 2516 I wm_finish_activity: [0,5982369,289,com.android.launcher3/com.android.quickstep.RecentsActivity,app-request]
05-11 11:10:46.230 1497 2516 I wm_task_moved: [1,1,8]
05-11 11:10:46.230 1497 2516 I wm_task_moved: [285,1,2147483647]
05-11 11:10:46.230 1497 2516 I wm_focused_root_task: [0,0,1,-1,finish-top adjustFocusToNextFocusableTask]
05-11 11:10:46.231 1497 2516 I wm_pause_activity: [0,5982369,com.android.launcher3/com.android.quickstep.RecentsActivity,userLeaving=false,finish]
05-11 11:10:46.232 2603 2603 I wm_on_create_called: [5982369,com.android.quickstep.RecentsActivity,performCreate]
05-11 11:10:46.232 1497 1589 I input_focus: [Focus request c778371 com.android.launcher3/com.android.launcher3.uioverrides.QuickstepLauncher,reason=UpdateInputWindows]
05-11 11:10:46.232 1497 1792 I input_focus: [Focus leaving recents_animation_input_consumer (server),reason=NOT_VISIBLE]
05-11 11:10:46.232 1497 1792 I input_focus: [Focus entering c778371 com.android.launcher3/com.android.launcher3.uioverrides.QuickstepLauncher (server),reason=setFocusedWindow]
05-11 11:10:46.234 2603 2603 I wm_on_top_resumed_lost_called: [160687672,com.android.launcher3.uioverrides.QuickstepLauncher,topStateChangedWhenResumed]
05-11 11:10:46.234 2603 2603 I wm_on_paused_called: [160687672,com.android.launcher3.uioverrides.QuickstepLauncher,performPause]
05-11 11:10:46.236 1497 2087 I ActivityTaskManager: FOREGROUND_APPLICATION_CHANGED to com.android.launcher3.uioverrides.QuickstepLauncher
05-11 11:10:46.236 1497 2087 I wm_set_resumed_activity: [0,com.android.launcher3/.uioverrides.QuickstepLauncher,resumeTopActivityInnerLocked]
05-11 11:10:46.237 1497 2087 I wm_resume_activity: [0,160687672,285,com.android.launcher3/.uioverrides.QuickstepLauncher]
05-11 11:10:46.241 1497 1601 I am_pss : [4680,10102,com.wandoujia.phoenix2:channel,38835200,27197440,265216,155648000,0,10,6]
05-11 11:10:46.242 1497 1588 I sysui_multi_action: [757,803,799,window_time_0,802,0]
05-11 11:10:46.242 1497 1588 I wm_destroy_activity: [0,5982369,289,com.android.launcher3/com.android.quickstep.RecentsActivity,finish-idle]
05-11 11:10:46.244 1497 1588 I sysui_multi_action: [757,1144,758,8,806,com.android.launcher3,871,com.android.quickstep.RecentsActivity]
05-11 11:10:46.244 2603 2603 I wm_on_resume_called: [160687672,com.android.launcher3.uioverrides.QuickstepLauncher,RESUME_ACTIVITY]
05-11 11:10:46.244 2603 2603 I wm_on_top_resumed_gained_called: [160687672,com.android.launcher3.uioverrides.QuickstepLauncher,topWhenResuming]
05-11 11:10:46.246 1497 1588 I sysui_multi_action: [757,803,799,window_time_0,802,0]
05-11 11:10:46.247 2603 2603 I wm_on_destroy_called: [5982369,com.android.quickstep.RecentsActivity,performDestroy]
05-11 11:10:46.247 1497 1588 I sysui_multi_action: [757,803,799,window_time_0,802,0]
05-11 11:10:46.247 1497 2089 I wm_task_removed: [289,cleanUpResourcesForDestroy]
05-11 11:10:46.248 1497 2089 I wm_task_removed: [288,removeChild:removeChild last r=Task{4a114aa #289 type=recents I=com.android.launcher3/com.android.quickstep.RecentsActivity U=0 visible=false mode=fullscreen translucent=true sz=0 visible freeform task=true rootAffinity=null} in t=Task{8d6db95 #288 type=recents ?? U=0 visible=false mode=fullscreen translucent=true sz=0 visible freeform task=true rootAffinity=null}]
05-11 11:10:46.248 1497 2089 I wm_task_removed: [288,removeChild]
05-11 11:10:46.248 1497 2089 I wm_task_removed: [289,removeChild:removeChild last r=ActivityRecord{5b48a1 u0 com.android.launcher3/com.android.quickstep.RecentsActivity taskAffinity=null t-1 f}} in t=Task{4a114aa #289 type=recents I=com.android.launcher3/com.android.quickstep.RecentsActivity U=0 visible=false mode=fullscreen translucent=true sz=0 visible freeform task=true rootAffinity=null}]
05-11 11:10:46.248 1497 2089 I wm_task_removed: [289,removeChild]
05-11 11:10:46.255 1497 1601 I am_pss : [6319,10094,com.tencent.android.qqdownloader:wxa_container0,162992128,156004352,581632,277958656,0,19,11]
05-11 11:10:46.264 1497 1601 I am_pss : [4759,10102,com.wandoujia.phoenix2:aid,63220736,44462080,1441792,213647360,0,10,8]
05-11 11:10:46.275 1497 1601 I am_pss : [4840,10102,com.wandoujia.phoenix2,103933952,84463616,172032,273313792,0,10,10]
05-11 11:10:46.279 1497 1601 I am_pss : [5671,10053,com.qualcomm.qti.qms.service.trustzoneaccess,6072320,1933312,3328000,57499648,0,19,4]
05-11 11:10:46.285 1497 1601 I am_pss : [3410,10028,com.android.providers.calendar,7538688,3215360,3330048,64499712,0,19,4]
05-11 11:10:46.290 1497 1601 I am_pss : [5252,10036,com.android.externalstorage,6054912,1908736,3345408,57667584,0,19,5]
05-11 11:10:46.308 6947 6947 I wm_on_paused_called: [264365961,com.onevcat.uniwebview.AndroidPlugin,performPause]
05-11 11:10:46.309 1497 1602 I am_uid_idle: 10028
05-11 11:10:46.345 2050 4354 W ContextImpl: Calling a method in the system process without a qualified user: android.app.ContextImpl.startService:1816 android.content.ContextWrapper.startService:774 com.thundercomm.gamemode.ingame.services.GameModeActionUtils.startGameModeService:118 com.thundercomm.gamemode.ingame.services.GameModeActionUtils.startGameModeEntry:29 com.thundercomm.gamemode.ingame.services.ActivityMonitoringService$1.onActivityLaunch:140
05-11 11:10:46.347 6947 6947 I wm_on_stop_called: [264365961,com.onevcat.uniwebview.AndroidPlugin,STOP_ACTIVITY_ITEM]
05-11 11:10:46.348 1497 1497 I GameModeConfig: Current uri is uri = content://com.thundercomm.gamemode.api/gamemode_settings/gamemode_isgaming
05-11 11:10:46.349 1497 1497 I GameModeConfig: isGameModeOn = true
05-11 11:10:46.349 1497 1497 I GameModeConfig: isGaming = false
05-11 11:10:46.350 1497 1497 I GameModeConfig: isGameModeOn = true
05-11 11:10:46.350 1497 1497 I GameModeConfig: isGaming = false
05-11 11:10:46.350 1497 1497 I GameModeConfig: isDisableVoice = true
01-01 08:01:38.472 0 0 W ALERT : changing window size from 8000000 to 16000000 at 95788055482
05-11 11:10:46.373 1497 1601 I am_pss : [6574,10104,com.youku.phone,264857600,226869248,0,454144000,0,2,17]
01-01 08:01:38.511 0 0 I atmel_mxt_ts 0-004a: FB event:2,blank:0
01-01 08:01:38.511 0 0 I atmel_mxt_ts 0-004a: suspend: event = 2, blank = 0, not care
01-01 08:01:38.511 0 0 I [drm:dsi_display_set_mode] [msm-dsi-info]: mdp_transfer_time_us=0 us
01-01 08:01:38.511 0 0 I [drm:dsi_display_set_mode] [msm-dsi-info]: hactive= 2560,vactive= 1080,fps=60
01-01 08:01:38.511 0 0 I : [MAX975X:max96755x_drm_notifier_callback] *INFO* receives BLANK: UNBLANK
