05-11 11:09:47.417 1497 2087 W ActivityManager: Background start not allowed: service Intent { cmp=com.tencent.android.qqdownloader/com.tencent.assistant.main.MainService } to com.tencent.android.qqdownloader/com.tencent.assistant.main.MainService from pid=3506 uid=10094 pkg=com.tencent.android.qqdownloader startFg?=false
05-11 11:09:47.425 1497 2089 W ActivityManager: Background start not allowed: service Intent { cmp=com.tencent.android.qqdownloader/com.tencent.assistant.main.MainService } to com.tencent.android.qqdownloader/com.tencent.assistant.main.MainService from pid=3506 uid=10094 pkg=com.tencent.android.qqdownloader startFg?=false
05-11 11:09:47.427 1497 1497 I GameModeConfig: isGameModeOn = true
05-11 11:09:47.427 1497 1497 I GameModeConfig: isGaming = false
05-11 11:09:47.427 1497 2089 W ActivityManager: Background start not allowed: service Intent { cmp=com.tencent.android.qqdownloader/com.tencent.assistant.main.MainService } to com.tencent.android.qqdownloader/com.tencent.assistant.main.MainService from pid=3506 uid=10094 pkg=com.tencent.android.qqdownloader startFg?=false
05-11 11:09:47.432 1497 2077 W ActivityManager: Background start not allowed: service Intent { cmp=com.tencent.android.qqdownloader/com.tencent.assistant.main.MainService } to com.tencent.android.qqdownloader/com.tencent.assistant.main.MainService from pid=3506 uid=10094 pkg=com.tencent.android.qqdownloader startFg?=false
05-11 11:09:47.433 1497 2077 W ActivityManager: Background start not allowed: service Intent { cmp=com.tencent.android.qqdownloader/com.tencent.assistant.main.MainService } to com.tencent.android.qqdownloader/com.tencent.assistant.main.MainService from pid=3506 uid=10094 pkg=com.tencent.android.qqdownloader startFg?=false
05-11 11:09:47.434 1497 2077 W ActivityManager: Background start not allowed: service Intent { cmp=com.tencent.android.qqdownloader/com.tencent.assistant.main.MainService } to com.tencent.android.qqdownloader/com.tencent.assistant.main.MainService from pid=3506 uid=10094 pkg=com.tencent.android.qqdownloader startFg?=false
05-11 11:09:47.435 1497 2077 W ActivityManager: Background start not allowed: service Intent { cmp=com.tencent.android.qqdownloader/com.tencent.assistant.main.MainService } to com.tencent.android.qqdownloader/com.tencent.assistant.main.MainService from pid=3506 uid=10094 pkg=com.tencent.android.qqdownloader startFg?=false
05-11 11:09:47.436 1497 2077 W ActivityManager: Background start not allowed: service Intent { cmp=com.tencent.android.qqdownloader/com.tencent.assistant.main.MainService } to com.tencent.android.qqdownloader/com.tencent.assistant.main.MainService from pid=3506 uid=10094 pkg=com.tencent.android.qqdownloader startFg?=false
05-11 11:09:47.441 1497 2077 W ActivityManager: Background start not allowed: service Intent { cmp=com.tencent.android.qqdownloader/com.tencent.assistant.main.MainService } to com.tencent.android.qqdownloader/com.tencent.assistant.main.MainService from pid=3506 uid=10094 pkg=com.tencent.android.qqdownloader startFg?=false
05-11 11:09:47.443 1497 2077 W ActivityManager: Background start not allowed: service Intent { cmp=com.tencent.android.qqdownloader/com.tencent.assistant.main.MainService } to com.tencent.android.qqdownloader/com.tencent.assistant.main.MainService from pid=3506 uid=10094 pkg=com.tencent.android.qqdownloader startFg?=false
05-11 11:09:47.445 1497 2077 W ActivityManager: Background start not allowed: service Intent { cmp=com.tencent.android.qqdownloader/com.tencent.assistant.main.MainService } to com.tencent.android.qqdownloader/com.tencent.assistant.main.MainService from pid=3506 uid=10094 pkg=com.tencent.android.qqdownloader startFg?=false
05-11 11:09:47.455 1497 2087 W ActivityManager: Background start not allowed: service Intent { cmp=com.tencent.android.qqdownloader/com.tencent.assistant.main.MainService } to com.tencent.android.qqdownloader/com.tencent.assistant.main.MainService from pid=3506 uid=10094 pkg=com.tencent.android.qqdownloader startFg?=false
05-11 11:09:47.458 1497 2087 W ActivityManager: Background start not allowed: service Intent { cmp=com.tencent.android.qqdownloader/com.tencent.assistant.main.MainService } to com.tencent.android.qqdownloader/com.tencent.assistant.main.MainService from pid=3506 uid=10094 pkg=com.tencent.android.qqdownloader startFg?=false
05-11 11:09:47.465 1497 2087 W ActivityManager: Background start not allowed: service Intent { cmp=com.tencent.android.qqdownloader/com.tencent.assistant.main.MainService } to com.tencent.android.qqdownloader/com.tencent.assistant.main.MainService from pid=3506 uid=10094 pkg=com.tencent.android.qqdownloader startFg?=false
05-11 11:09:47.466 1497 2087 W ActivityManager: Background start not allowed: service Intent { cmp=com.tencent.android.qqdownloader/com.tencent.assistant.main.MainService } to com.tencent.android.qqdownloader/com.tencent.assistant.main.MainService from pid=3506 uid=10094 pkg=com.tencent.android.qqdownloader startFg?=false
05-11 11:09:47.467 1497 2087 W ActivityManager: Background start not allowed: service Intent { cmp=com.tencent.android.qqdownloader/com.tencent.assistant.main.MainService } to com.tencent.android.qqdownloader/com.tencent.assistant.main.MainService from pid=3506 uid=10094 pkg=com.tencent.android.qqdownloader startFg?=false
05-11 11:09:47.470 1497 2087 W ActivityManager: Background start not allowed: service Intent { cmp=com.tencent.android.qqdownloader/com.tencent.assistant.main.MainService } to com.tencent.android.qqdownloader/com.tencent.assistant.main.MainService from pid=3506 uid=10094 pkg=com.tencent.android.qqdownloader startFg?=false
05-11 11:09:47.471 1497 2087 W ActivityManager: Background start not allowed: service Intent { cmp=com.tencent.android.qqdownloader/com.tencent.assistant.main.MainService } to com.tencent.android.qqdownloader/com.tencent.assistant.main.MainService from pid=3506 uid=10094 pkg=com.tencent.android.qqdownloader startFg?=false
05-11 11:09:47.473 1497 2087 W ActivityManager: Background start not allowed: service Intent { cmp=com.tencent.android.qqdownloader/com.tencent.assistant.main.MainService } to com.tencent.android.qqdownloader/com.tencent.assistant.main.MainService from pid=3506 uid=10094 pkg=com.tencent.android.qqdownloader startFg?=false
05-11 11:09:47.473 1497 2087 W ActivityManager: Background start not allowed: service Intent { cmp=com.tencent.android.qqdownloader/com.tencent.assistant.main.MainService } to com.tencent.android.qqdownloader/com.tencent.assistant.main.MainService from pid=3506 uid=10094 pkg=com.tencent.android.qqdownloader startFg?=false
05-11 11:09:47.475 1497 2087 W ActivityManager: Background start not allowed: service Intent { cmp=com.tencent.android.qqdownloader/com.tencent.assistant.main.MainService } to com.tencent.android.qqdownloader/com.tencent.assistant.main.MainService from pid=3506 uid=10094 pkg=com.tencent.android.qqdownloader startFg?=false
05-11 11:09:47.476 1497 2087 W ActivityManager: Background start not allowed: service Intent { cmp=com.tencent.android.qqdownloader/com.tencent.assistant.main.MainService } to com.tencent.android.qqdownloader/com.tencent.assistant.main.MainService from pid=3506 uid=10094 pkg=com.tencent.android.qqdownloader startFg?=false
05-11 11:09:47.477 1497 2087 W ActivityManager: Background start not allowed: service Intent { cmp=com.tencent.android.qqdownloader/com.tencent.assistant.main.MainService } to com.tencent.android.qqdownloader/com.tencent.assistant.main.MainService from pid=3506 uid=10094 pkg=com.tencent.android.qqdownloader startFg?=false
05-11 11:09:47.477 1497 2087 W ActivityManager: Background start not allowed: service Intent { cmp=com.tencent.android.qqdownloader/com.tencent.assistant.main.MainService } to com.tencent.android.qqdownloader/com.tencent.assistant.main.MainService from pid=3506 uid=10094 pkg=com.tencent.android.qqdownloader startFg?=false
05-11 11:09:47.478 1497 2087 W ActivityManager: Background start not allowed: service Intent { cmp=com.tencent.android.qqdownloader/com.tencent.assistant.main.MainService } to com.tencent.android.qqdownloader/com.tencent.assistant.main.MainService from pid=3506 uid=10094 pkg=com.tencent.android.qqdownloader startFg?=false
05-11 11:09:47.479 1497 2087 W ActivityManager: Background start not allowed: service Intent { cmp=com.tencent.android.qqdownloader/com.tencent.assistant.main.MainService } to com.tencent.android.qqdownloader/com.tencent.assistant.main.MainService from pid=3506 uid=10094 pkg=com.tencent.android.qqdownloader startFg?=false
05-11 11:09:47.481 1497 2087 W ActivityManager: Background start not allowed: service Intent { cmp=com.tencent.android.qqdownloader/com.tencent.assistant.main.MainService } to com.tencent.android.qqdownloader/com.tencent.assistant.main.MainService from pid=3506 uid=10094 pkg=com.tencent.android.qqdownloader startFg?=false
05-11 11:09:47.482 1497 2087 W ActivityManager: Background start not allowed: service Intent { cmp=com.tencent.android.qqdownloader/com.tencent.assistant.main.MainService } to com.tencent.android.qqdownloader/com.tencent.assistant.main.MainService from pid=3506 uid=10094 pkg=com.tencent.android.qqdownloader startFg?=false
05-11 11:09:47.484 1497 2087 W ActivityManager: Background start not allowed: service Intent { cmp=com.tencent.android.qqdownloader/com.tencent.assistant.main.MainService } to com.tencent.android.qqdownloader/com.tencent.assistant.main.MainService from pid=3506 uid=10094 pkg=com.tencent.android.qqdownloader startFg?=false
05-11 11:09:47.485 1497 2087 W ActivityManager: Background start not allowed: service Intent { cmp=com.tencent.android.qqdownloader/com.tencent.assistant.main.MainService } to com.tencent.android.qqdownloader/com.tencent.assistant.main.MainService from pid=3506 uid=10094 pkg=com.tencent.android.qqdownloader startFg?=false
05-11 11:09:47.486 1497 2087 W ActivityManager: Background start not allowed: service Intent { cmp=com.tencent.android.qqdownloader/com.tencent.assistant.main.MainService } to com.tencent.android.qqdownloader/com.tencent.assistant.main.MainService from pid=3506 uid=10094 pkg=com.tencent.android.qqdownloader startFg?=false
05-11 11:09:47.487 1497 2087 W ActivityManager: Background start not allowed: service Intent { cmp=com.tencent.android.qqdownloader/com.tencent.assistant.main.MainService } to com.tencent.android.qqdownloader/com.tencent.assistant.main.MainService from pid=3506 uid=10094 pkg=com.tencent.android.qqdownloader startFg?=false
05-11 11:09:47.489 1497 2087 W ActivityManager: Background start not allowed: service Intent { cmp=com.tencent.android.qqdownloader/com.tencent.assistant.main.MainService } to com.tencent.android.qqdownloader/com.tencent.assistant.main.MainService from pid=3506 uid=10094 pkg=com.tencent.android.qqdownloader startFg?=false
05-11 11:09:47.489 1497 2087 W ActivityManager: Background start not allowed: service Intent { cmp=com.tencent.android.qqdownloader/com.tencent.assistant.main.MainService } to com.tencent.android.qqdownloader/com.tencent.assistant.main.MainService from pid=3506 uid=10094 pkg=com.tencent.android.qqdownloader startFg?=false
05-11 11:09:47.489 1497 1602 I ActivityManager: Waited long enough for: ServiceRecord{825df3b u0 com.baidu.appsearch/com.baidu.android.pushservice.PushService}
05-11 11:09:47.491 1497 2087 W ActivityManager: Background start not allowed: service Intent { cmp=com.tencent.android.qqdownloader/com.tencent.assistant.main.MainService } to com.tencent.android.qqdownloader/com.tencent.assistant.main.MainService from pid=3506 uid=10094 pkg=com.tencent.android.qqdownloader startFg?=false
05-11 11:09:47.492 1497 2087 W ActivityManager: Background start not allowed: service Intent { cmp=com.tencent.android.qqdownloader/com.tencent.assistant.main.MainService } to com.tencent.android.qqdownloader/com.tencent.assistant.main.MainService from pid=3506 uid=10094 pkg=com.tencent.android.qqdownloader startFg?=false
05-11 11:09:47.490 6095 6095 I auditd : type=1400 audit(0.0:6024): avc: granted { execute } for comm="Binder:6095_3" path="/data/user/0/com.tencent.android.qqdownloader/app_wxa_sdk_plugin/554172673/wxa_libs/libmmkv.so" dev="dm-10" ino=11591 scontext=u:r:untrusted_app_27:s0:c512,c768 tcontext=u:object_r:app_data_file:s0:c512,c768 tclass=file app=com.tencent.android.qqdownloader
05-11 11:09:47.493 1497 2087 W ActivityManager: Background start not allowed: service Intent { cmp=com.tencent.android.qqdownloader/com.tencent.assistant.main.MainService } to com.tencent.android.qqdownloader/com.tencent.assistant.main.MainService from pid=3506 uid=10094 pkg=com.tencent.android.qqdownloader startFg?=false
05-11 11:09:47.494 1497 2087 W ActivityManager: Background start not allowed: service Intent { cmp=com.tencent.android.qqdownloader/com.tencent.assistant.main.MainService } to com.tencent.android.qqdownloader/com.tencent.assistant.main.MainService from pid=3506 uid=10094 pkg=com.tencent.android.qqdownloader startFg?=false
05-11 11:09:47.509 1497 2087 W ActivityManager: Background start not allowed: service Intent { cmp=com.tencent.android.qqdownloader/com.tencent.assistant.main.MainService } to com.tencent.android.qqdownloader/com.tencent.assistant.main.MainService from pid=3506 uid=10094 pkg=com.tencent.android.qqdownloader startFg?=false
05-11 11:09:47.510 1497 2087 W ActivityManager: Background start not allowed: service Intent { cmp=com.tencent.android.qqdownloader/com.tencent.assistant.main.MainService } to com.tencent.android.qqdownloader/com.tencent.assistant.main.MainService from pid=3506 uid=10094 pkg=com.tencent.android.qqdownloader startFg?=false
05-11 11:09:47.515 1497 2087 W ActivityManager: Background start not allowed: service Intent { cmp=com.tencent.android.qqdownloader/com.tencent.assistant.main.MainService } to com.tencent.android.qqdownloader/com.tencent.assistant.main.MainService from pid=3506 uid=10094 pkg=com.tencent.android.qqdownloader startFg?=false
05-11 11:09:47.516 1497 2087 W ActivityManager: Background start not allowed: service Intent { cmp=com.tencent.android.qqdownloader/com.tencent.assistant.main.MainService } to com.tencent.android.qqdownloader/com.tencent.assistant.main.MainService from pid=3506 uid=10094 pkg=com.tencent.android.qqdownloader startFg?=false
05-11 11:09:47.527 1497 2087 W ActivityManager: Background start not allowed: service Intent { cmp=com.tencent.android.qqdownloader/com.tencent.assistant.main.MainService } to com.tencent.android.qqdownloader/com.tencent.assistant.main.MainService from pid=3506 uid=10094 pkg=com.tencent.android.qqdownloader startFg?=false
05-11 11:09:47.528 1497 2087 W ActivityManager: Background start not allowed: service Intent { cmp=com.tencent.android.qqdownloader/com.tencent.assistant.main.MainService } to com.tencent.android.qqdownloader/com.tencent.assistant.main.MainService from pid=3506 uid=10094 pkg=com.tencent.android.qqdownloader startFg?=false
05-11 11:09:47.530 1497 2087 W ActivityManager: Background start not allowed: service Intent { cmp=com.tencent.android.qqdownloader/com.tencent.assistant.main.MainService } to com.tencent.android.qqdownloader/com.tencent.assistant.main.MainService from pid=3506 uid=10094 pkg=com.tencent.android.qqdownloader startFg?=false
05-11 11:09:47.531 1497 2087 W ActivityManager: Background start not allowed: service Intent { cmp=com.tencent.android.qqdownloader/com.tencent.assistant.main.MainService } to com.tencent.android.qqdownloader/com.tencent.assistant.main.MainService from pid=3506 uid=10094 pkg=com.tencent.android.qqdownloader startFg?=false
05-11 11:09:47.535 1497 2087 W ActivityManager: Background start not allowed: service Intent { cmp=com.tencent.android.qqdownloader/com.tencent.assistant.main.MainService } to com.tencent.android.qqdownloader/com.tencent.assistant.main.MainService from pid=3506 uid=10094 pkg=com.tencent.android.qqdownloader startFg?=false
05-11 11:09:47.536 1497 2087 W ActivityManager: Background start not allowed: service Intent { cmp=com.tencent.android.qqdownloader/com.tencent.assistant.main.MainService } to com.tencent.android.qqdownloader/com.tencent.assistant.main.MainService from pid=3506 uid=10094 pkg=com.tencent.android.qqdownloader startFg?=false
05-11 11:09:47.623 1497 2077 W ActivityManager: Background start not allowed: service Intent { cmp=com.tencent.android.qqdownloader/com.tencent.assistant.main.MainService } to com.tencent.android.qqdownloader/com.tencent.assistant.main.MainService from pid=3506 uid=10094 pkg=com.tencent.android.qqdownloader startFg?=false
05-11 11:09:47.708 1497 2077 W ActivityManager: Background start not allowed: service Intent { cmp=com.tencent.android.qqdownloader/com.tencent.assistant.main.MainService } to com.tencent.android.qqdownloader/com.tencent.assistant.main.MainService from pid=3506 uid=10094 pkg=com.tencent.android.qqdownloader startFg?=false
05-11 11:09:47.734 1497 2077 W ActivityManager: Background start not allowed: service Intent { cmp=com.tencent.android.qqdownloader/com.tencent.assistant.main.MainService } to com.tencent.android.qqdownloader/com.tencent.assistant.main.MainService from pid=3506 uid=10094 pkg=com.tencent.android.qqdownloader startFg?=false
05-11 11:09:47.758 1497 2087 W ActivityManager: Background start not allowed: service Intent { cmp=com.tencent.android.qqdownloader/com.tencent.assistant.main.MainService } to com.tencent.android.qqdownloader/com.tencent.assistant.main.MainService from pid=3506 uid=10094 pkg=com.tencent.android.qqdownloader startFg?=false
05-11 11:09:47.764 1497 2087 W ActivityManager: Background start not allowed: service Intent { cmp=com.tencent.android.qqdownloader/com.tencent.assistant.main.MainService } to com.tencent.android.qqdownloader/com.tencent.assistant.main.MainService from pid=3506 uid=10094 pkg=com.tencent.android.qqdownloader startFg?=false
05-11 11:09:47.776 1497 2087 W ActivityManager: Background start not allowed: service Intent { cmp=com.tencent.android.qqdownloader/com.tencent.assistant.main.MainService } to com.tencent.android.qqdownloader/com.tencent.assistant.main.MainService from pid=3506 uid=10094 pkg=com.tencent.android.qqdownloader startFg?=false
05-11 11:09:47.778 1497 2087 W ActivityManager: Background start not allowed: service Intent { cmp=com.tencent.android.qqdownloader/com.tencent.assistant.main.MainService } to com.tencent.android.qqdownloader/com.tencent.assistant.main.MainService from pid=3506 uid=10094 pkg=com.tencent.android.qqdownloader startFg?=false
05-11 11:09:47.780 1497 2087 W ActivityManager: Background start not allowed: service Intent { cmp=com.tencent.android.qqdownloader/com.tencent.assistant.main.MainService } to com.tencent.android.qqdownloader/com.tencent.assistant.main.MainService from pid=3506 uid=10094 pkg=com.tencent.android.qqdownloader startFg?=false
05-11 11:09:47.785 1497 2087 W ActivityManager: Background start not allowed: service Intent { cmp=com.tencent.android.qqdownloader/com.tencent.assistant.main.MainService } to com.tencent.android.qqdownloader/com.tencent.assistant.main.MainService from pid=3506 uid=10094 pkg=com.tencent.android.qqdownloader startFg?=false
05-11 11:09:47.786 1497 2087 W ActivityManager: Background start not allowed: service Intent { cmp=com.tencent.android.qqdownloader/com.tencent.assistant.main.MainService } to com.tencent.android.qqdownloader/com.tencent.assistant.main.MainService from pid=3506 uid=10094 pkg=com.tencent.android.qqdownloader startFg?=false
05-11 11:09:47.789 1497 2087 W ActivityManager: Background start not allowed: service Intent { cmp=com.tencent.android.qqdownloader/com.tencent.assistant.main.MainService } to com.tencent.android.qqdownloader/com.tencent.assistant.main.MainService from pid=3506 uid=10094 pkg=com.tencent.android.qqdownloader startFg?=false
05-11 11:09:47.791 1497 2087 W ActivityManager: Background start not allowed: service Intent { cmp=com.tencent.android.qqdownloader/com.tencent.assistant.main.MainService } to com.tencent.android.qqdownloader/com.tencent.assistant.main.MainService from pid=3506 uid=10094 pkg=com.tencent.android.qqdownloader startFg?=false
01-01 08:00:40.030 0 0 E link_delay_work_func: DTC_ETH: SQI=0, link=0
05-11 11:09:48.011 1497 2087 D CompatibilityChangeReporter: Compat change id reported: 135634846; UID 10094; state: DISABLED
05-11 11:09:48.011 1497 2087 D CompatibilityChangeReporter: Compat change id reported: 177438394; UID 10094; state: DISABLED
05-11 11:09:48.011 1497 2087 D CompatibilityChangeReporter: Compat change id reported: 135772972; UID 10094; state: DISABLED
05-11 11:09:48.011 1497 2087 D CompatibilityChangeReporter: Compat change id reported: 135754954; UID 10094; state: DISABLED
05-11 11:09:48.011 1497 1603 D CompatibilityChangeReporter: Compat change id reported: 143937733; UID 10094; state: DISABLED
05-11 11:09:48.020 1497 1603 I am_proc_start: [0,6319,10094,com.tencent.android.qqdownloader:wxa_container0,service,{com.tencent.android.qqdownloader/com.tencent.luggage.services.WxaProxy_WxaIPCContainerService0}]
05-11 11:09:48.020 1497 1603 I ActivityManager: Start proc 6319:com.tencent.android.qqdownloader:wxa_container0/u0a94 for service {com.tencent.android.qqdownloader/com.tencent.luggage.services.WxaProxy_WxaIPCContainerService0}
05-11 11:09:48.032 1497 2087 I am_proc_bound: [0,6319,com.tencent.android.qqdownloader:wxa_container0]
01-01 08:00:40.150 0 0 I binder : 6319:6319 ioctl 40046210 7fec0ec5c4 returned -22
05-11 11:09:48.098 0 0 I auditd : type=1400 audit(0.0:6025): avc: denied { kill } for comm="swapper/6" capability=5 scontext=u:r:kernel:s0 tcontext=u:r:kernel:s0 tclass=capability permissive=1
05-11 11:09:48.267 1497 1497 I notification_enqueue: [10094,3506,com.tencent.android.qqdownloader,127,NULL,0,Notification(channel=channel_id_default_silent shortcut=null contentView=com.tencent.android.qqdownloader/0x7f0a01c2 vibrate=null sound=null defaults=0x0 flags=0x2a2 color=0x00000000 groupKey=com.tencent.android.qqdownloader vis=PRIVATE),1]
05-11 11:09:48.467 1497 1497 I GameModeConfig: isGameModeOn = true
05-11 11:09:48.467 1497 1497 I GameModeConfig: isGaming = false
05-11 11:09:48.524 1497 1601 I am_pss : [3291,10094,com.tencent.android.qqdownloader:live,43615232,39337984,872448,142852096,0,19,6]
05-11 11:09:48.598 1497 1825 I GameModeConfig: isGameModeOn = true
05-11 11:09:48.598 1497 1825 I GameModeConfig: isGaming = false
05-11 11:09:48.598 1497 1825 I GameModeConfig: isGameModeOn = true
05-11 11:09:48.598 1497 1825 I GameModeConfig: isGaming = false
05-11 11:09:48.614 1497 1601 I am_pss : [3592,10094,com.tencent.android.qqdownloader,112797696,106364928,0,226533376,0,19,10]
05-11 11:09:48.818 1497 1825 I GameModeConfig: isGameModeOn = true
05-11 11:09:48.818 1497 1825 I GameModeConfig: isGaming = false
05-11 11:09:48.882 6319 6319 I auditd : type=1400 audit(0.0:6026): avc: granted { execute } for comm=":wxa_container0" path="/data/user/0/com.tencent.android.qqdownloader/files/shell/7_8424130_6981/lib/arm64-v8a/libmmkv.so" dev="dm-10" ino=6016 scontext=u:r:untrusted_app_27:s0:c512,c768 tcontext=u:object_r:app_data_file:s0:c512,c768 tclass=file app=com.tencent.android.qqdownloader
05-11 11:09:48.908 1497 1825 I GameModeConfig: isGameModeOn = true
05-11 11:09:48.908 1497 1825 I GameModeConfig: isGaming = false
05-11 11:09:48.906 6319 6319 I auditd : type=1400 audit(0.0:6027): avc: granted { execute } for comm="temporary-1" path="/data/user/0/com.tencent.android.qqdownloader/files/shell/7_8424130_6981/lib/arm64-v8a/libmarsxlog.so" dev="dm-10" ino=6015 scontext=u:r:untrusted_app_27:s0:c512,c768 tcontext=u:object_r:app_data_file:s0:c512,c768 tclass=file app=com.tencent.android.qqdownloader
05-11 11:09:48.990 6319 6319 I auditd : type=1400 audit(0.0:6028): avc: granted { execute } for comm=":wxa_container0" path="/data/user/0/com.tencent.android.qqdownloader/files/res_hub/yyb/online/wx_lib_host_so_64_10/arm64-v8a/libc++_shared.so" dev="dm-10" ino=4881 scontext=u:r:untrusted_app_27:s0:c512,c768 tcontext=u:object_r:app_data_file:s0:c512,c768 tclass=file app=com.tencent.android.qqdownloader
05-11 11:09:49.014 6319 6319 I auditd : type=1400 audit(0.0:6029): avc: granted { execute } for comm=":wxa_container0" path="/data/user/0/com.tencent.android.qqdownloader/files/res_hub/yyb/online/wx_lib_host_so_64_10/arm64-v8a/libwechatxlog.so" dev="dm-10" ino=4886 scontext=u:r:untrusted_app_27:s0:c512,c768 tcontext=u:object_r:app_data_file:s0:c512,c768 tclass=file app=com.tencent.android.qqdownloader
05-11 11:09:49.036 1497 2087 W ActivityManager: Background start not allowed: service Intent { cmp=com.tencent.android.qqdownloader/com.tencent.assistant.main.MainService } to com.tencent.android.qqdownloader/com.tencent.assistant.main.MainService from pid=6319 uid=10094 pkg=com.tencent.android.qqdownloader startFg?=false
05-11 11:09:49.038 1497 2087 W ActivityManager: Background start not allowed: service Intent { cmp=com.tencent.android.qqdownloader/com.tencent.assistant.main.MainService } to com.tencent.android.qqdownloader/com.tencent.assistant.main.MainService from pid=6319 uid=10094 pkg=com.tencent.android.qqdownloader startFg?=false
05-11 11:09:49.052 1497 2077 W ActivityManager: Background start not allowed: service Intent { cmp=com.tencent.android.qqdownloader/com.tencent.assistant.main.MainService } to com.tencent.android.qqdownloader/com.tencent.assistant.main.MainService from pid=6319 uid=10094 pkg=com.tencent.android.qqdownloader startFg?=false
05-11 11:09:49.053 1497 2077 W ActivityManager: Background start not allowed: service Intent { cmp=com.tencent.android.qqdownloader/com.tencent.assistant.main.MainService } to com.tencent.android.qqdownloader/com.tencent.assistant.main.MainService from pid=6319 uid=10094 pkg=com.tencent.android.qqdownloader startFg?=false
05-11 11:09:49.055 1497 2077 W ActivityManager: Background start not allowed: service Intent { cmp=com.tencent.android.qqdownloader/com.tencent.assistant.main.MainService } to com.tencent.android.qqdownloader/com.tencent.assistant.main.MainService from pid=6319 uid=10094 pkg=com.tencent.android.qqdownloader startFg?=false
05-11 11:09:49.056 1497 2077 W ActivityManager: Background start not allowed: service Intent { cmp=com.tencent.android.qqdownloader/com.tencent.assistant.main.MainService } to com.tencent.android.qqdownloader/com.tencent.assistant.main.MainService from pid=6319 uid=10094 pkg=com.tencent.android.qqdownloader startFg?=false
05-11 11:09:49.058 1497 2077 W ActivityManager: Background start not allowed: service Intent { cmp=com.tencent.android.qqdownloader/com.tencent.assistant.main.MainService } to com.tencent.android.qqdownloader/com.tencent.assistant.main.MainService from pid=6319 uid=10094 pkg=com.tencent.android.qqdownloader startFg?=false
05-11 11:09:49.059 1497 2077 W ActivityManager: Background start not allowed: service Intent { cmp=com.tencent.android.qqdownloader/com.tencent.assistant.main.MainService } to com.tencent.android.qqdownloader/com.tencent.assistant.main.MainService from pid=6319 uid=10094 pkg=com.tencent.android.qqdownloader startFg?=false
05-11 11:09:49.060 1497 2077 W ActivityManager: Background start not allowed: service Intent { cmp=com.tencent.android.qqdownloader/com.tencent.assistant.main.MainService } to com.tencent.android.qqdownloader/com.tencent.assistant.main.MainService from pid=6319 uid=10094 pkg=com.tencent.android.qqdownloader startFg?=false
05-11 11:09:49.061 1497 2087 W ActivityManager: Background start not allowed: service Intent { cmp=com.tencent.android.qqdownloader/com.tencent.assistant.main.MainService } to com.tencent.android.qqdownloader/com.tencent.assistant.main.MainService from pid=6319 uid=10094 pkg=com.tencent.android.qqdownloader startFg?=false
05-11 11:09:49.062 1497 2077 W ActivityManager: Background start not allowed: service Intent { cmp=com.tencent.android.qqdownloader/com.tencent.assistant.main.MainService } to com.tencent.android.qqdownloader/com.tencent.assistant.main.MainService from pid=6319 uid=10094 pkg=com.tencent.android.qqdownloader startFg?=false
05-11 11:09:49.064 1497 2077 W ActivityManager: Background start not allowed: service Intent { cmp=com.tencent.android.qqdownloader/com.tencent.assistant.main.MainService } to com.tencent.android.qqdownloader/com.tencent.assistant.main.MainService from pid=6319 uid=10094 pkg=com.tencent.android.qqdownloader startFg?=false
05-11 11:09:49.066 1497 2077 W ActivityManager: Background start not allowed: service Intent { cmp=com.tencent.android.qqdownloader/com.tencent.assistant.main.MainService } to com.tencent.android.qqdownloader/com.tencent.assistant.main.MainService from pid=6319 uid=10094 pkg=com.tencent.android.qqdownloader startFg?=false
05-11 11:09:49.067 1497 2077 W ActivityManager: Background start not allowed: service Intent { cmp=com.tencent.android.qqdownloader/com.tencent.assistant.main.MainService } to com.tencent.android.qqdownloader/com.tencent.assistant.main.MainService from pid=6319 uid=10094 pkg=com.tencent.android.qqdownloader startFg?=false
05-11 11:09:49.068 1497 2077 W ActivityManager: Background start not allowed: service Intent { cmp=com.tencent.android.qqdownloader/com.tencent.assistant.main.MainService } to com.tencent.android.qqdownloader/com.tencent.assistant.main.MainService from pid=6319 uid=10094 pkg=com.tencent.android.qqdownloader startFg?=false
05-11 11:09:49.070 1497 2077 W ActivityManager: Background start not allowed: service Intent { cmp=com.tencent.android.qqdownloader/com.tencent.assistant.main.MainService } to com.tencent.android.qqdownloader/com.tencent.assistant.main.MainService from pid=6319 uid=10094 pkg=com.tencent.android.qqdownloader startFg?=false
05-11 11:09:49.071 1497 2077 W ActivityManager: Background start not allowed: service Intent { cmp=com.tencent.android.qqdownloader/com.tencent.assistant.main.MainService } to com.tencent.android.qqdownloader/com.tencent.assistant.main.MainService from pid=6319 uid=10094 pkg=com.tencent.android.qqdownloader startFg?=false
05-11 11:09:49.072 1497 2077 W ActivityManager: Background start not allowed: service Intent { cmp=com.tencent.android.qqdownloader/com.tencent.assistant.main.MainService } to com.tencent.android.qqdownloader/com.tencent.assistant.main.MainService from pid=6319 uid=10094 pkg=com.tencent.android.qqdownloader startFg?=false
05-11 11:09:49.073 1497 2077 W ActivityManager: Background start not allowed: service Intent { cmp=com.tencent.android.qqdownloader/com.tencent.assistant.main.MainService } to com.tencent.android.qqdownloader/com.tencent.assistant.main.MainService from pid=6319 uid=10094 pkg=com.tencent.android.qqdownloader startFg?=false
05-11 11:09:49.074 1497 2077 W ActivityManager: Background start not allowed: service Intent { cmp=com.tencent.android.qqdownloader/com.tencent.assistant.main.MainService } to com.tencent.android.qqdownloader/com.tencent.assistant.main.MainService from pid=6319 uid=10094 pkg=com.tencent.android.qqdownloader startFg?=false
05-11 11:09:49.075 1497 2077 W ActivityManager: Background start not allowed: service Intent { cmp=com.tencent.android.qqdownloader/com.tencent.assistant.main.MainService } to com.tencent.android.qqdownloader/com.tencent.assistant.main.MainService from pid=6319 uid=10094 pkg=com.tencent.android.qqdownloader startFg?=false
05-11 11:09:49.076 1497 2077 W ActivityManager: Background start not allowed: service Intent { cmp=com.tencent.android.qqdownloader/com.tencent.assistant.main.MainService } to com.tencent.android.qqdownloader/com.tencent.assistant.main.MainService from pid=6319 uid=10094 pkg=com.tencent.android.qqdownloader startFg?=false
05-11 11:09:49.077 1497 2077 W ActivityManager: Background start not allowed: service Intent { cmp=com.tencent.android.qqdownloader/com.tencent.assistant.main.MainService } to com.tencent.android.qqdownloader/com.tencent.assistant.main.MainService from pid=6319 uid=10094 pkg=com.tencent.android.qqdownloader startFg?=false
05-11 11:09:49.078 1497 2077 W ActivityManager: Background start not allowed: service Intent { cmp=com.tencent.android.qqdownloader/com.tencent.assistant.main.MainService } to com.tencent.android.qqdownloader/com.tencent.assistant.main.MainService from pid=6319 uid=10094 pkg=com.tencent.android.qqdownloader startFg?=false
05-11 11:09:49.563 1497 2077 E PackageDexUsage: Unsupported context?
05-11 11:09:49.579 1497 1825 I GameModeConfig: isGameModeOn = true
05-11 11:09:49.579 1497 1825 I GameModeConfig: isGaming = false
05-11 11:09:49.774 6319 6319 I auditd : type=1400 audit(0.0:6030): avc: granted { execute } for comm=":wxa_container0" path="/data/user/0/com.tencent.android.qqdownloader/app_wxa_sdk_plugin/554172673/wxa_libs/libc++_shared.so" dev="dm-10" ino=11547 scontext=u:r:untrusted_app_27:s0:c512,c768 tcontext=u:object_r:app_data_file:s0:c512,c768 tclass=file app=com.tencent.android.qqdownloader
05-11 11:09:49.774 6319 6319 I auditd : type=1400 audit(0.0:6031): avc: granted { execute } for comm=":wxa_container0" path="/data/user/0/com.tencent.android.qqdownloader/app_wxa_sdk_plugin/554172673/wxa_libs/libwechatxlog.so" dev="dm-10" ino=11651 scontext=u:r:untrusted_app_27:s0:c512,c768 tcontext=u:object_r:app_data_file:s0:c512,c768 tclass=file app=com.tencent.android.qqdownloader
05-11 11:09:49.778 6319 6319 I auditd : type=1400 audit(0.0:6032): avc: granted { execute } for comm=":wxa_container0" path="/data/user/0/com.tencent.android.qqdownloader/app_wxa_sdk_plugin/554172673/wxa_libs/libstlport_shared.so" dev="dm-10" ino=11636 scontext=u:r:untrusted_app_27:s0:c512,c768 tcontext=u:object_r:app_data_file:s0:c512,c768 tclass=file app=com.tencent.android.qqdownloader
05-11 11:09:49.826 6319 6319 I auditd : type=1400 audit(0.0:6033): avc: granted { execute } for comm=":wxa_container0" path="/data/user/0/com.tencent.android.qqdownloader/app_wxa_sdk_plugin/554172673/wxa_libs/libwechatcrash.so" dev="dm-10" ino=11649 scontext=u:r:untrusted_app_27:s0:c512,c768 tcontext=u:object_r:app_data_file:s0:c512,c768 tclass=file app=com.tencent.android.qqdownloader
01-01 08:00:41.953 0 0 W audit : audit_lost=5644 audit_rate_limit=5 audit_backlog_limit=64
01-01 08:00:41.953 0 0 E audit : rate limit exceeded
05-11 11:09:50.454 6095 6095 I auditd : type=1400 audit(0.0:6036): avc: granted { execute } for comm="Binder:6095_6" path="/data/user/0/com.tencent.android.qqdownloader/app_wxa_sdk_plugin/554172673/wxa_libs/libwcdb.so" dev="dm-10" ino=11642 scontext=u:r:untrusted_app_27:s0:c512,c768 tcontext=u:object_r:app_data_file:s0:c512,c768 tclass=file app=com.tencent.android.qqdownloader
05-11 11:09:50.522 6095 6095 I auditd : type=1400 audit(0.0:6037): avc: granted { execute } for comm="Binder:6095_6" path="/data/user/0/com.tencent.android.qqdownloader/app_wxa_sdk_plugin/554172673/wxa_libs/libappbrandcommon.so" dev="dm-10" ino=11544 scontext=u:r:untrusted_app_27:s0:c512,c768 tcontext=u:object_r:app_data_file:s0:c512,c768 tclass=file app=com.tencent.android.qqdownloader
05-11 11:09:50.534 6319 6319 I auditd : type=1400 audit(0.0:6038): avc: granted { execute } for comm="DefaultDispatch" path="/data/user/0/com.tencent.android.qqdownloader/app_wxa_sdk_plugin/554172673/wxa_libs/libappbrandcommon.so" dev="dm-10" ino=11544 scontext=u:r:untrusted_app_27:s0:c512,c768 tcontext=u:object_r:app_data_file:s0:c512,c768 tclass=file app=com.tencent.android.qqdownloader
05-11 11:09:50.554 6319 6319 I auditd : type=1400 audit(0.0:6039): avc: granted { execute } for comm="[GT]ColdPool#0" path="/data/user/0/com.tencent.android.qqdownloader/app_wxa_sdk_plugin/554172673/wxa_libs/libandromeda.so" dev="dm-10" ino=11539 scontext=u:r:untrusted_app_27:s0:c512,c768 tcontext=u:object_r:app_data_file:s0:c512,c768 tclass=file app=com.tencent.android.qqdownloader
05-11 11:09:50.658 6319 6319 I auditd : type=1400 audit(0.0:6040): avc: granted { execute } for comm="[GT]ColdPool#0" path="/data/user/0/com.tencent.android.qqdownloader/app_wxa_sdk_plugin/554172673/wxa_libs/libmmv8.so" dev="dm-10" ino=11612 scontext=u:r:untrusted_app_27:s0:c512,c768 tcontext=u:object_r:app_data_file:s0:c512,c768 tclass=file app=com.tencent.android.qqdownloader
05-11 11:09:50.715 1497 1601 I am_pss : [4751,10096,com.tencent.mm,269114368,220098560,1810432,431403008,0,10,17]
05-11 11:09:50.727 1497 1601 I am_pss : [4509,10096,com.tencent.mm:push,94413824,48611328,1200128,241287168,0,10,11]
05-11 11:09:50.733 1497 1601 I am_pss : [3203,10017,android.process.media,10523648,7405568,1702912,81444864,0,10,6]
05-11 11:09:50.740 1497 1601 I am_pss : [2583,10084,com.qualcomm.qti.qccauthmgr,6502400,3821568,1536000,73297920,0,19,6]
05-11 11:09:50.747 1497 1601 I am_pss : [3259,10019,android.process.acore,13016064,8749056,1778688,95752192,0,19,6]
01-01 08:00:43.000 0 0 W audit : audit_lost=5653 audit_rate_limit=5 audit_backlog_limit=64
01-01 08:00:43.000 0 0 E audit : rate limit exceeded
01-01 08:00:43.057 0 0 I [dp_rx_][0x3146cfcf][11:09:50.937148] wlan: [3496:I:QDF] DHCP-R RX: SA:34:f7:16:b2:4c:1e DA:ff:ff:ff:ff:ff:ff
05-11 11:09:50.983 1497 1825 I GameModeConfig: isGameModeOn = true
05-11 11:09:50.983 1497 1825 I GameModeConfig: isGaming = false
05-11 11:09:51.786 6319 6319 I auditd : type=1400 audit(0.0:6055): avc: granted { execute } for comm="[GT]ColdPool#1" path="/data/user/0/com.tencent.android.qqdownloader/app_wxa_sdk_plugin/554172673/wxa_libs/libNLog.so" dev="dm-10" ino=11535 scontext=u:r:untrusted_app_27:s0:c512,c768 tcontext=u:object_r:app_data_file:s0:c512,c768 tclass=file app=com.tencent.android.qqdownloader
05-11 11:09:51.790 6319 6319 I auditd : type=1400 audit(0.0:6056): avc: granted { execute } for comm="[GT]ColdPool#1" path="/data/user/0/com.tencent.android.qqdownloader/app_wxa_sdk_plugin/554172673/wxa_libs/libaudio_common.so" dev="dm-10" ino=11545 scontext=u:r:untrusted_app_27:s0:c512,c768 tcontext=u:object_r:app_data_file:s0:c512,c768 tclass=file app=com.tencent.android.qqdownloader
05-11 11:09:52.098 0 0 I auditd : type=1400 audit(0.0:6057): avc: denied { kill } for comm="swapper/6" capability=5 scontext=u:r:kernel:s0 tcontext=u:r:kernel:s0 tclass=capability permissive=1
01-01 08:00:45.148 0 0 E link_delay_work_func: DTC_ETH: SQI=0, link=0
05-11 11:09:53.094 4680 4680 I auditd : type=1400 audit(0.0:6058): avc: denied { read } for comm="NativeThread" name="unix" dev="proc" ino=4026532262 scontext=u:r:untrusted_app_27:s0:c512,c768 tcontext=u:object_r:proc_net:s0 tclass=file permissive=1 app=com.wandoujia.phoenix2
05-11 11:09:53.094 4680 4680 I auditd : type=1400 audit(0.0:6059): avc: denied { open } for comm="NativeThread" path="/proc/4680/net/unix" dev="proc" ino=4026532262 scontext=u:r:untrusted_app_27:s0:c512,c768 tcontext=u:object_r:proc_net:s0 tclass=file permissive=1 app=com.wandoujia.phoenix2
05-11 11:09:53.094 4680 4680 I auditd : type=1400 audit(0.0:6060): avc: denied { getattr } for comm="NativeThread" path="/proc/4680/net/unix" dev="proc" ino=4026532262 scontext=u:r:untrusted_app_27:s0:c512,c768 tcontext=u:object_r:proc_net:s0 tclass=file permissive=1 app=com.wandoujia.phoenix2
05-11 11:09:53.250 6095 6095 I auditd : type=1400 audit(0.0:6061): avc: granted { execute } for comm="BeaconReportHan" path="/data/user/0/com.tencent.android.qqdownloader/files/shell/7_8424130_6981/lib/arm64-v8a/libqmp.so" dev="dm-10" ino=6018 scontext=u:r:untrusted_app_27:s0:c512,c768 tcontext=u:object_r:app_data_file:s0:c512,c768 tclass=file app=com.tencent.android.qqdownloader
05-11 11:09:53.282 6095 6095 I auditd : type=1400 audit(0.0:6062): avc: granted { execute } for comm="BeaconReportHan" path="/data/user/0/com.tencent.android.qqdownloader/files/shell/7_8424130_6981/lib/arm64-v8a/libbeaconid.so" dev="dm-10" ino=6007 scontext=u:r:untrusted_app_27:s0:c512,c768 tcontext=u:object_r:app_data_file:s0:c512,c768 tclass=file app=com.tencent.android.qqdownloader
05-11 11:09:53.352 1497 1602 I ActivityManager: Waited long enough for: ServiceRecord{cc91b4a u0 com.wandoujia.phoenix2/com.pp.assistant.manager.ResidentNotificationManager$PPResidentService}
05-11 11:09:53.358 6095 6095 I auditd : type=1400 audit(0.0:6063): avc: denied { read } for comm="qimei-thread-1" name="/" dev="dm-5" ino=2 scontext=u:r:untrusted_app_27:s0:c512,c768 tcontext=u:object_r:rootfs:s0 tclass=dir permissive=1 app=com.tencent.android.qqdownloader
05-11 11:09:53.358 6095 6095 I auditd : type=1400 audit(0.0:6064): avc: denied { open } for comm="qimei-thread-1" path="/" dev="dm-5" ino=2 scontext=u:r:untrusted_app_27:s0:c512,c768 tcontext=u:object_r:rootfs:s0 tclass=dir permissive=1 app=com.tencent.android.qqdownloader
05-11 11:09:55.276 1497 1601 I am_pss : [3156,10092,com.android.providers.media.module,20322304,17596416,0,123863040,0,0,10]
05-11 11:09:55.289 1497 1601 I am_pss : [1887,1002,com.android.bluetooth,63221760,52826112,0,181284864,0,0,10]
05-11 11:09:55.299 1497 1601 I am_pss : [2769,10077,com.qualcomm.location,9697280,7688192,0,101318656,0,0,7]
05-11 11:09:55.306 1497 1601 I am_pss : [2203,1073,com.android.networkstack.process,13146112,11132928,0,108576768,0,0,6]
05-11 11:09:55.316 1497 1601 I am_pss : [2147,1001,.dataservices,7803904,6266880,0,94175232,0,0,7]
05-11 11:09:55.333 1497 1601 I am_pss : [1902,10078,com.android.systemui,184706048,163778560,0,342351872,0,0,16]
05-11 11:09:55.354 1497 1601 I am_pss : [1497,1000,system,286200832,184971264,0,626704384,0,0,20]
01-01 08:00:48.105 0 0 I [schedu][0x370d7435][11:09:55.984246] wlan: [3493:I:WMA] [11:09:55.910000] [NEIGH_RPT_REQ] VDEV[0]
01-01 08:00:48.105 0 0 I [schedu][0x370d7575][11:09:55.984263] wlan: [3493:I:WMA] [11:09:55.967000] [NEIGH_RPT_RSP] VDEV[0] { 2462 }
01-01 08:00:48.381 0 0 I [dp_rx_][0x375e6ea6][11:09:56.260652] wlan: [3496:I:QDF] DHCP-R RX: SA:34:f7:16:b2:4c:1e DA:ff:ff:ff:ff:ff:ff
05-11 11:09:57.342 6319 6319 I auditd : type=1400 audit(0.0:6065): avc: granted { execute } for comm="BeaconReportHan" path="/data/user/0/com.tencent.android.qqdownloader/files/shell/7_8424130_6981/lib/arm64-v8a/libqmp.so" dev="dm-10" ino=6018 scontext=u:r:untrusted_app_27:s0:c512,c768 tcontext=u:object_r:app_data_file:s0:c512,c768 tclass=file app=com.tencent.android.qqdownloader
05-11 11:09:57.377 1497 1783 D CompatibilityChangeReporter: Compat change id reported: 168419799; UID 10035; state: DISABLED
05-11 11:09:57.374 6319 6319 I auditd : type=1400 audit(0.0:6066): avc: granted { execute } for comm="BeaconReportHan" path="/data/user/0/com.tencent.android.qqdownloader/files/shell/7_8424130_6981/lib/arm64-v8a/libbeaconid.so" dev="dm-10" ino=6007 scontext=u:r:untrusted_app_27:s0:c512,c768 tcontext=u:object_r:app_data_file:s0:c512,c768 tclass=file app=com.tencent.android.qqdownloader
05-11 11:09:57.381 1497 2068 W BroadcastQueue: Background execution not allowed: receiving Intent { act=com.tencent.android.qqdownloader.action.SCHEDULE_JOB flg=0x14 (has extras) } to com.tencent.android.qqdownloader/com.tencent.assistant.module.timer.ScheduleJobReceiver
05-11 11:09:57.388 1497 1886 I sync : [com.tencent.android.qqdownloader.YYBLiveAccountProvider,0,3,24220937]
05-11 11:09:57.391 1497 2089 W ActivityManager: Background start not allowed: service Intent { cmp=com.tencent.android.qqdownloader/com.tencent.assistant.sdk.SDKSupportService (has extras) } to com.tencent.android.qqdownloader/com.tencent.assistant.sdk.SDKSupportService from pid=3291 uid=10094 pkg=com.tencent.android.qqdownloader startFg?=false
05-11 11:09:57.396 1497 2068 W ActivityManager: Background start not allowed: service Intent { cmp=com.tencent.android.qqdownloader/com.tencent.assistant.sdk.SDKSupportService (has extras) } to com.tencent.android.qqdownloader/com.tencent.assistant.sdk.SDKSupportService from pid=3291 uid=10094 pkg=com.tencent.android.qqdownloader startFg?=false
05-11 11:09:57.400 1497 1601 I am_pss : [4363,10101,com.baidu.appsearch,40652800,26697728,0,179724288,0,4,9]
05-11 11:09:57.403 1497 1886 I sync : [com.tencent.android.qqdownloader.YYBLiveAccountProvider,1,3,24220937]
05-11 11:09:57.404 1497 1886 I commit_sys_config_file: [sync-status,31289]
05-11 11:09:57.408 1497 1886 I sync : [com.tencent.android.qqdownloader.YYBLiveAccountProvider,0,3,24220937]
05-11 11:09:57.411 1497 2087 W ActivityManager: Background start not allowed: service Intent { cmp=com.tencent.android.qqdownloader/com.tencent.assistant.sdk.SDKSupportService (has extras) } to com.tencent.android.qqdownloader/com.tencent.assistant.sdk.SDKSupportService from pid=3291 uid=10094 pkg=com.tencent.android.qqdownloader startFg?=false
05-11 11:09:57.413 1497 1601 I am_pss : [5165,10101,com.baidu.appsearch:bdservice_v1,23310336,9170944,1057792,149504000,0,10,7]
05-11 11:09:57.416 1497 3412 W ActivityManager: Background start not allowed: service Intent { cmp=com.tencent.android.qqdownloader/com.tencent.assistant.sdk.SDKSupportService (has extras) } to com.tencent.android.qqdownloader/com.tencent.assistant.sdk.SDKSupportService from pid=3291 uid=10094 pkg=com.tencent.android.qqdownloader startFg?=false
05-11 11:09:57.425 1497 1886 I sync : [com.tencent.android.qqdownloader.YYBLiveAccountProvider,1,3,24220937]
05-11 11:09:57.426 1497 1886 I commit_sys_config_file: [sync-status,31310]
05-11 11:09:57.480 1497 1602 W BroadcastQueue: Permission Denial: broadcasting Intent { act=android.net.conn.CONNECTIVITY_CHANGE flg=0x4200010 (has extras) } from null (pid=-1, uid=-1) requires com.baidu.appsearch.permission.sofire.RECEIVE due to registered receiver BroadcastFilter{82d6c3f 10101/u0 ReceiverList{448305e 4363 com.baidu.appsearch/10101/u0 remote:9470599}}
05-11 11:09:57.482 6319 6319 I auditd : type=1400 audit(0.0:6067): avc: granted { nlmsg_readpriv } for comm="qimei-thread-1" scontext=u:r:untrusted_app_27:s0:c512,c768 tcontext=u:r:untrusted_app_27:s0:c512,c768 tclass=netlink_route_socket app=com.tencent.android.qqdownloader
05-11 11:09:57.485 1497 1602 W BroadcastQueue: Permission Denial: broadcasting Intent { act=android.net.conn.CONNECTIVITY_CHANGE flg=0x4200010 (has extras) } from null (pid=-1, uid=-1) requires com.baidu.input.permission.sofire.RECEIVE due to registered receiver BroadcastFilter{562f46a 10035/u0 ReceiverList{f796255 3458 com.baidu.input/10035/u0 remote:a0c790c}}
01-01 08:00:50.268 0 0 E link_delay_work_func: DTC_ETH: SQI=0, link=0
05-11 11:09:59.407 1497 1587 I commit_sys_config_file: [jobs,2]
01-01 08:00:53.911 0 0 I [dp_rx_][0x3db299d3][11:10:01.790828] wlan: [3496:I:QDF] DHCP-R RX: SA:34:f7:16:b2:4c:1e DA:ff:ff:ff:ff:ff:ff
05-11 11:10:03.106 1497 1601 I am_pss : [3237,10073,com.qualcomm.location.XT,6165504,4657152,0,93007872,0,6,8]
01-01 08:00:55.388 0 0 E link_delay_work_func: DTC_ETH: SQI=0, link=0
01-01 08:00:59.226 0 0 I [dp_rx_][0x43c7ab17][11:10:07.105619] wlan: [3496:I:QDF] DHCP-R RX: SA:34:f7:16:b2:4c:1e DA:ff:ff:ff:ff:ff:ff
01-01 08:01:00.508 0 0 E link_delay_work_func: DTC_ETH: SQI=0, link=0
01-01 08:01:04.550 0 0 I [dp_rx_][0x49df8d52][11:10:12.430022] wlan: [3496:I:QDF] DHCP-R RX: SA:34:f7:16:b2:4c:1e DA:ff:ff:ff:ff:ff:ff
01-01 08:01:05.629 0 0 E link_delay_work_func: DTC_ETH: SQI=0, link=0
01-01 08:01:09.671 0 0 I [dp_rx_][0x4fbbbe75][11:10:17.550677] wlan: [3496:I:QDF] DHCP-R RX: SA:34:f7:16:b2:4c:1e DA:ff:ff:ff:ff:ff:ff
01-01 08:01:10.749 0 0 E link_delay_work_func: DTC_ETH: SQI=0, link=0
05-11 11:10:20.007 1497 1585 D CompatibilityChangeReporter: Compat change id reported: 168419799; UID 10091; state: DISABLED
05-11 11:10:20.020 1497 1601 I am_pss : [3458,10035,com.baidu.input,90665984,78852096,0,240058368,0,7,13]
01-01 08:01:12.454 0 0 I logd : logdr: UID=2000 GID=2000 PID=6552 b tail=0 logMask=bf pid=0 start=0ns deadline=0ns
01-01 08:01:14.999 0 0 I [dp_rx_][0x55d4c308][11:10:22.878951] wlan: [3496:I:QDF] DHCP-R RX: SA:34:f7:16:b2:4c:1e DA:ff:ff:ff:ff:ff:ff
01-01 08:01:15.868 0 0 E link_delay_work_func: DTC_ETH: SQI=0, link=0
05-11 11:10:23.963 1497 1792 I input_interaction: Interaction with: c778371 com.android.launcher3/com.android.launcher3.uioverrides.QuickstepLauncher (server), ab08418 com.android.systemui.ImageWallpaper (server), edge-swipe (server), swipe-up (server), PointerEventDispatcher0 (server),
05-11 11:10:24.098 0 0 I auditd : type=1400 audit(0.0:6068): avc: denied { kill } for comm="swapper/6" capability=5 scontext=u:r:kernel:s0 tcontext=u:r:kernel:s0 tclass=capability permissive=1
05-11 11:10:24.794 1497 1602 I am_uid_idle: 10066
05-11 11:10:25.354 1497 2087 I thunderperf: PlatormCompat.setOverrides: Uid1=10072 Pid1=2603 Uid2=10072 Pid2=2603
05-11 11:10:25.354 1497 2087 I thunderperf: PlatormCompat.setOverrides: needCheck:false
05-11 11:10:25.354 1497 2087 I thunderperf: CompatConfig.addOverrideUnsafe: bef-state=0
05-11 11:10:25.354 1497 2087 I thunderperf: CompatConfig.addOverrideUnsafe: aft-state=0
05-11 11:10:25.354 1497 2087 I thunderperf: CompatConfig.addOverrideUnsafe: bef-state=0
05-11 11:10:25.354 1497 2087 I thunderperf: CompatConfig.addOverrideUnsafe: aft-state=0
05-11 11:10:25.355 1497 2087 I thunderperf: CompatConfig.addOverrideUnsafe: bef-state=0
05-11 11:10:25.355 1497 2087 I thunderperf: CompatConfig.addOverrideUnsafe: aft-state=0
05-11 11:10:25.355 1497 2087 I thunderperf: CompatConfig.addOverrideUnsafe: bef-state=0
05-11 11:10:25.355 1497 2087 I thunderperf: CompatConfig.addOverrideUnsafe: aft-state=0
05-11 11:10:25.356 1497 2087 I thunderperf: CompatConfig.addOverrideUnsafe: bef-state=0
05-11 11:10:25.356 1497 2087 I thunderperf: CompatConfig.addOverrideUnsafe: aft-state=0
05-11 11:10:25.356 1497 2087 I thunderperf: CompatConfig.addOverrideUnsafe: bef-state=0
05-11 11:10:25.356 1497 2087 I thunderperf: CompatConfig.addOverrideUnsafe: aft-state=0
05-11 11:10:25.356 1497 2087 I thunderperf: CompatConfig.addOverrideUnsafe: bef-state=0
05-11 11:10:25.356 1497 2087 I thunderperf: CompatConfig.addOverrideUnsafe: aft-state=0
05-11 11:10:25.357 1497 2087 I thunderperf: CompatConfig.addOverrideUnsafe: bef-state=0
05-11 11:10:25.357 1497 2087 I thunderperf: CompatConfig.addOverrideUnsafe: aft-state=0
05-11 11:10:25.357 1497 2087 I thunderperf: CompatConfig.addOverrideUnsafe: bef-state=0
05-11 11:10:25.357 1497 2087 I thunderperf: CompatConfig.addOverrideUnsafe: aft-state=0
