05-11 11:09:35.540 1497 3412 W ActivityManager: Background start not allowed: service Intent { cmp=com.tencent.android.qqdownloader/com.tencent.assistant.main.MainService } to com.tencent.android.qqdownloader/com.tencent.assistant.main.MainService from pid=3506 uid=10094 pkg=com.tencent.android.qqdownloader startFg?=false
01-01 08:00:27.887 0 0 W audit : audit_lost=3893 audit_rate_limit=5 audit_backlog_limit=64
01-01 08:00:27.887 0 0 E audit : rate limit exceeded
05-11 11:09:35.775 1497 1497 I notification_enqueue: [10101,4363,com.baidu.appsearch,2131755452,NULL,0,Notification(channel=手机管ç†ã€å®‰å…¨æ£€æµ‹ç›¸å…³é€šçŸ¥ shortcut=null contentView=null vibrate=null sound=null defaults=0x0 flags=0x22 color=0x00000000 vis=PRIVATE),0]
05-11 11:09:35.777 1497 2068 I ActivityManager: Background started FGS: Allowed [callingPackage: com.baidu.appsearch; callingUid: 10101; uidState: TRNB; intent: Intent { cmp=com.baidu.appsearch/.youhua.analysis.HandleNotificationService }; code:ACTIVITY_STARTER; tempAllowListReason:; targetSdkVersion:29; callerTargetSdkVersion:29; startForegroundCount:0; bindFromPackage:null]
05-11 11:09:35.779 1497 1602 I ActivityManager: Deferring FGS notification in legacy app com.baidu.appsearch/u0a101 : Notification(channel=手机管ç†ã€å®‰å…¨æ£€æµ‹ç›¸å…³é€šçŸ¥ shortcut=null contentView=null vibrate=null sound=null defaults=0x0 flags=0x62 color=0x00000000 vis=PRIVATE)
05-11 11:09:35.779 1497 1497 I notification_enqueue: [10101,4363,com.baidu.appsearch,2131755452,NULL,0,Notification(channel=手机管ç†ã€å®‰å…¨æ£€æµ‹ç›¸å…³é€šçŸ¥ shortcut=null contentView=null vibrate=null sound=null defaults=0x0 flags=0x62 color=0x00000000 vis=PRIVATE),0]
05-11 11:09:35.782 4840 4840 I auditd : type=1400 audit(0.0:4230): avc: denied { read } for comm="DaemonThread-6" name="u:object_r:serialno_prop:s0" dev="tmpfs" ino=2302 scontext=u:r:untrusted_app_27:s0:c512,c768 tcontext=u:object_r:serialno_prop:s0 tclass=file permissive=1 app=com.wandoujia.phoenix2
05-11 11:09:35.782 4840 4840 I auditd : type=1400 audit(0.0:4231): avc: denied { open } for comm="DaemonThread-6" path="/dev/__properties__/u:object_r:serialno_prop:s0" dev="tmpfs" ino=2302 scontext=u:r:untrusted_app_27:s0:c512,c768 tcontext=u:object_r:serialno_prop:s0 tclass=file permissive=1 app=com.wandoujia.phoenix2
05-11 11:09:35.782 4840 4840 I auditd : type=1400 audit(0.0:4232): avc: denied { getattr } for comm="DaemonThread-6" path="/dev/__properties__/u:object_r:serialno_prop:s0" dev="tmpfs" ino=2302 scontext=u:r:untrusted_app_27:s0:c512,c768 tcontext=u:object_r:serialno_prop:s0 tclass=file permissive=1 app=com.wandoujia.phoenix2
05-11 11:09:35.782 4840 4840 I auditd : type=1400 audit(0.0:4233): avc: denied { map } for comm="DaemonThread-6" path="/dev/__properties__/u:object_r:serialno_prop:s0" dev="tmpfs" ino=2302 scontext=u:r:untrusted_app_27:s0:c512,c768 tcontext=u:object_r:serialno_prop:s0 tclass=file permissive=1 app=com.wandoujia.phoenix2
05-11 11:09:35.808 1497 3412 W ActivityManager: Background start not allowed: service Intent { cmp=com.tencent.android.qqdownloader/com.tencent.assistant.main.MainService } to com.tencent.android.qqdownloader/com.tencent.assistant.main.MainService from pid=3506 uid=10094 pkg=com.tencent.android.qqdownloader startFg?=false
05-11 11:09:35.863 1497 3412 W ActivityManager: Background start not allowed: service Intent { cmp=com.tencent.android.qqdownloader/com.tencent.assistant.main.MainService } to com.tencent.android.qqdownloader/com.tencent.assistant.main.MainService from pid=3506 uid=10094 pkg=com.tencent.android.qqdownloader startFg?=false
05-11 11:09:35.882 4840 4840 I auditd : type=1400 audit(0.0:4234): avc: granted { nlmsg_readpriv } for comm="DaemonThread-6" scontext=u:r:untrusted_app_27:s0:c512,c768 tcontext=u:r:untrusted_app_27:s0:c512,c768 tclass=netlink_route_socket app=com.wandoujia.phoenix2
05-11 11:09:35.879 1497 2068 W ActivityManager: Background start not allowed: service Intent { cmp=com.tencent.android.qqdownloader/com.tencent.assistant.main.MainService } to com.tencent.android.qqdownloader/com.tencent.assistant.main.MainService from pid=3506 uid=10094 pkg=com.tencent.android.qqdownloader startFg?=false
05-11 11:09:35.912 1497 2068 I ActivityManager: Process com.qti.ltebc (pid 5427) has died: fg RCVR
05-11 11:09:35.912 1497 2068 I am_proc_died: [0,5427,com.qti.ltebc,0,11]
05-11 11:09:35.912 1497 2068 I am_broadcast_discard_app: [0,167747210,android.intent.action.MEDIA_MOUNTED,2,ResolveInfo{1649486 com.qti.ltebc/com.qualcomm.ltebc.LTEBroadcastReceiver m=0x208000}]
05-11 11:09:35.913 1497 2068 I am_uid_stopped: 10070
05-11 11:09:35.916 1497 3412 W BroadcastQueue: Background execution not allowed: receiving Intent { act=android.net.wifi.STATE_CHANGE flg=0x4000010 (has extras) } to com.wandoujia.phoenix2/com.pp.assistant.modules.cleaner.cleaner.update.UpdateNetworkReceiver
05-11 11:09:35.917 1497 1602 W BroadcastQueue: Background execution not allowed: receiving Intent { act=android.net.wifi.STATE_CHANGE flg=0x4000010 (has extras) } to com.wandoujia.phoenix2/com.pp.assistant.modules.cleaner.cleaner.update.UpdateNetworkReceiver
05-11 11:09:35.917 1497 1602 W BroadcastQueue: Background execution not allowed: receiving Intent { act=android.net.wifi.STATE_CHANGE flg=0x4000010 (has extras) } to com.wandoujia.phoenix2/com.pp.assistant.modules.cleaner.cleaner.update.UpdateNetworkReceiver
05-11 11:09:35.917 1497 1602 W BroadcastQueue: Background execution not allowed: receiving Intent { act=android.net.wifi.STATE_CHANGE flg=0x4000010 (has extras) } to com.wandoujia.phoenix2/com.pp.assistant.modules.cleaner.cleaner.update.UpdateNetworkReceiver
05-11 11:09:35.917 1497 1602 W BroadcastQueue: Background execution not allowed: receiving Intent { act=android.net.wifi.STATE_CHANGE flg=0x4000010 (has extras) } to com.wandoujia.phoenix2/com.pp.assistant.modules.cleaner.cleaner.update.UpdateNetworkReceiver
05-11 11:09:35.917 1497 1602 W BroadcastQueue: Background execution not allowed: receiving Intent { act=android.net.wifi.STATE_CHANGE flg=0x4000010 (has extras) } to com.wandoujia.phoenix2/com.pp.assistant.modules.cleaner.cleaner.update.UpdateNetworkReceiver
05-11 11:09:35.917 1497 1602 W BroadcastQueue: Target SDK mismatch: receiver ActivityInfo{6adaae3 com.xiaomi.push.service.receivers.NetworkStatusReceiver} targets 28 but delivery restricted to [0, 23] broadcasting Intent { act=android.net.conn.CONNECTIVITY_CHANGE flg=0x4200010 (has extras) } from android (pid=1497, uid=1000) to com.kugou.android/com.xiaomi.push.service.receivers.NetworkStatusReceiver
05-11 11:09:35.917 1497 1602 W BroadcastQueue: Target SDK mismatch: receiver ActivityInfo{951ce0 com.xiaomi.push.service.receivers.NetworkStatusReceiver} targets 29 but delivery restricted to [0, 23] broadcasting Intent { act=android.net.conn.CONNECTIVITY_CHANGE flg=0x4200010 (has extras) } from android (pid=1497, uid=1000) to com.netease.cloudmusic/com.xiaomi.push.service.receivers.NetworkStatusReceiver
05-11 11:09:35.917 1497 1602 W BroadcastQueue: Target SDK mismatch: receiver ActivityInfo{389bb99 com.xiaomi.push.service.receivers.NetworkStatusReceiver} targets 31 but delivery restricted to [0, 23] broadcasting Intent { act=android.net.conn.CONNECTIVITY_CHANGE flg=0x4200010 (has extras) } from android (pid=1497, uid=1000) to com.netease.newsreader.activity/com.xiaomi.push.service.receivers.NetworkStatusReceiver
05-11 11:09:35.918 1497 1602 W BroadcastQueue: Target SDK mismatch: receiver ActivityInfo{a23ae5e com.xiaomi.push.service.receivers.NetworkStatusReceiver} targets 32 but delivery restricted to [0, 23] broadcasting Intent { act=android.net.conn.CONNECTIVITY_CHANGE flg=0x4200010 (has extras) } from android (pid=1497, uid=1000) to tv.danmaku.bili/com.xiaomi.push.service.receivers.NetworkStatusReceiver
05-11 11:09:35.918 1497 1602 W BroadcastQueue: Target SDK mismatch: receiver ActivityInfo{b06123f com.happyelements.gsp.android.notification.gcn.GcnBroadcastReceiver} targets 26 but delivery restricted to [0, 23] broadcasting Intent { act=android.net.conn.CONNECTIVITY_CHANGE flg=0x4200010 (has extras) } from android (pid=1497, uid=1000) to com.happyelements.AndroidAnimal.qq/com.happyelements.gsp.android.notification.gcn.GcnBroadcastReceiver
05-11 11:09:35.918 1497 1602 W BroadcastQueue: Target SDK mismatch: receiver ActivityInfo{6df270c com.netease.nimlib.service.NimReceiver} targets 29 but delivery restricted to [0, 23] broadcasting Intent { act=android.net.conn.CONNECTIVITY_CHANGE flg=0x4200010 (has extras) } from android (pid=1497, uid=1000) to com.netease.cloudmusic/com.netease.nimlib.service.NimReceiver
05-11 11:09:35.918 1497 1602 W BroadcastQueue: Target SDK mismatch: receiver ActivityInfo{a317855 com.netease.galaxy.GalaxyReceiver} targets 31 but delivery restricted to [0, 23] broadcasting Intent { act=android.net.conn.CONNECTIVITY_CHANGE flg=0x4200010 (has extras) } from android (pid=1497, uid=1000) to com.netease.newsreader.activity/com.netease.galaxy.GalaxyReceiver
05-11 11:09:35.918 1497 1602 W BroadcastQueue: Target SDK mismatch: receiver ActivityInfo{78526a com.tencent.special.httpdns.Cache$ConnectReceiver} targets 28 but delivery restricted to [0, 23] broadcasting Intent { act=android.net.conn.CONNECTIVITY_CHANGE flg=0x4200010 (has extras) } from android (pid=1497, uid=1000) to com.qqgame.happymj/com.tencent.special.httpdns.Cache$ConnectReceiver
05-11 11:09:35.918 1497 1602 W BroadcastQueue: Target SDK mismatch: receiver ActivityInfo{453935b com.tencent.special.httpdns.Cache$ConnectReceiver} targets 28 but delivery restricted to [0, 23] broadcasting Intent { act=android.net.conn.CONNECTIVITY_CHANGE flg=0x4200010 (has extras) } from android (pid=1497, uid=1000) to com.qqgame.mic/com.tencent.special.httpdns.Cache$ConnectReceiver
05-11 11:09:35.918 1497 1602 W BroadcastQueue: Target SDK mismatch: receiver ActivityInfo{1dda7f8 com.taobao.accs.EventReceiver} targets 26 but delivery restricted to [0, 23] broadcasting Intent { act=android.net.conn.CONNECTIVITY_CHANGE flg=0x4200010 (has extras) } from android (pid=1497, uid=1000) to com.wandoujia.phoenix2/com.taobao.accs.EventReceiver
05-11 11:09:35.918 1497 1602 W BroadcastQueue: Target SDK mismatch: receiver ActivityInfo{65e44d1 cn.jpush.android.service.PushReceiver} targets 28 but delivery restricted to [0, 23] broadcasting Intent { act=android.net.conn.CONNECTIVITY_CHANGE flg=0x4200010 (has extras) } from android (pid=1497, uid=1000) to com.ximalaya.ting.android/cn.jpush.android.service.PushReceiver
05-11 11:09:35.935 1497 1825 I GameModeConfig: isGameModeOn = true
05-11 11:09:35.935 1497 1825 I GameModeConfig: isGaming = false
05-11 11:09:35.935 1497 1825 I GameModeConfig: isGameModeOn = true
05-11 11:09:35.935 1497 1825 I GameModeConfig: isGaming = false
05-11 11:09:35.946 1497 2068 W ActivityManager: Background start not allowed: service Intent { cmp=com.tencent.android.qqdownloader/com.tencent.assistant.main.MainService } to com.tencent.android.qqdownloader/com.tencent.assistant.main.MainService from pid=3506 uid=10094 pkg=com.tencent.android.qqdownloader startFg?=false
05-11 11:09:35.976 1497 1497 I sysui_multi_action: [757,1501,758,1,793,201,794,0,795,201,796,2131755452,806,com.baidu.appsearch,857,手机管ç†ã€å®‰å…¨æ£€æµ‹ç›¸å…³é€šçŸ¥,858,4,947,0,1500,0,1688,1]
05-11 11:09:35.976 1497 1497 I sysui_multi_action: [757,804,799,note_interruptive,801,0,802,1]
05-11 11:09:35.976 1497 1497 I GameModeConfig: isGameModeOn = true
05-11 11:09:35.976 1497 1497 I GameModeConfig: isGaming = false
05-11 11:09:35.982 1497 1497 W NotificationHistory: Attempted to add notif for locked/gone/disabled user 0
05-11 11:09:35.982 1497 1497 I GameModeConfig: isGameModeOn = true
05-11 11:09:35.982 1497 1497 I GameModeConfig: isGaming = false
05-11 11:09:35.982 1497 1497 E NotificationService: Muting recently noisy 0|com.baidu.appsearch|2131755452|null|10101
05-11 11:09:36.018 1902 1902 I sysui_multi_action: [757,803,799,note_peek,802,1]
05-11 11:09:36.021 1497 2077 I sysui_multi_action: [757,127,758,1]
05-11 11:09:36.021 1497 2077 I sysui_multi_action: [757,804,799,note_load,801,1,802,1]
05-11 11:09:36.021 1497 2077 I notification_panel_revealed: 1
05-11 11:09:36.022 1902 1902 I sysui_heads_up_status: [0|com.baidu.appsearch|2131755452|null|10101,1]
05-11 11:09:36.032 1497 3412 I sysui_multi_action: [757,128,758,1,793,14048,794,0,795,14048,796,26,798,0,806,android,857,DEVELOPER_IMPORTANT,858,4,947,0,1395,2,1500,13496,1688,1]
05-11 11:09:36.032 1497 3412 I sysui_multi_action: [757,804,799,note_freshness,801,14048,802,1]
05-11 11:09:36.032 1497 3412 I notification_visibility: [-1|android|26|null|1000,1,14048,14048,0,0]
05-11 11:09:36.032 1497 3412 I sysui_multi_action: [757,128,758,1,793,14049,794,0,795,14049,796,27,798,1,806,android,857,USB,858,1,947,0,1395,2,1500,13497,1688,1]
05-11 11:09:36.032 1497 3412 I sysui_multi_action: [757,804,799,note_freshness,801,14049,802,1]
05-11 11:09:36.032 1497 3412 I notification_visibility: [-1|android|27|null|1000,1,14049,14049,0,1]
05-11 11:09:36.393 1497 1497 I notification_enqueue: [10094,3506,com.tencent.android.qqdownloader,127,NULL,0,Notification(channel=channel_id_default_silent shortcut=null contentView=com.tencent.android.qqdownloader/0x7f0a01c2 vibrate=null sound=null defaults=0x0 flags=0x2a2 color=0x00000000 groupKey=com.tencent.android.qqdownloader vis=PRIVATE),1]
01-01 08:00:28.554 0 0 I [soft_i][0x20adcf93][11:09:36.433891] wlan: [0:I:DP] dp_addba_requestprocess_wifi3 restore BA win 64 based on addba req
05-11 11:09:36.447 1497 3412 W ActivityManager: Background start not allowed: service Intent { cmp=com.tencent.android.qqdownloader/com.tencent.assistant.main.MainService } to com.tencent.android.qqdownloader/com.tencent.assistant.main.MainService from pid=3506 uid=10094 pkg=com.tencent.android.qqdownloader startFg?=false
05-11 11:09:36.461 1497 3412 I am_uid_running: 10070
05-11 11:09:36.461 1497 3412 D CompatibilityChangeReporter: Compat change id reported: 135634846; UID 10070; state: DISABLED
05-11 11:09:36.461 1497 3412 D CompatibilityChangeReporter: Compat change id reported: 177438394; UID 10070; state: DISABLED
05-11 11:09:36.461 1497 3412 D CompatibilityChangeReporter: Compat change id reported: 135772972; UID 10070; state: DISABLED
05-11 11:09:36.461 1497 3412 D CompatibilityChangeReporter: Compat change id reported: 135754954; UID 10070; state: ENABLED
05-11 11:09:36.461 1497 1603 D CompatibilityChangeReporter: Compat change id reported: 143937733; UID 10070; state: ENABLED
05-11 11:09:36.469 1497 1603 I am_proc_start: [0,5562,10070,com.qti.ltebc,broadcast,{com.qti.ltebc/com.qualcomm.ltebc.LTEBroadcastAlarmReceiver}]
05-11 11:09:36.469 1497 1603 I ActivityManager: Start proc 5562:com.qti.ltebc/u0a70 for broadcast {com.qti.ltebc/com.qualcomm.ltebc.LTEBroadcastAlarmReceiver}
05-11 11:09:36.473 1497 3412 W ActivityManager: Unable to start service Intent { act=com.taobao.orange.service.OrangeApiService cat=[android.intent.category.DEFAULT] cmp=com.wandoujia.phoenix2/com.taobao.orange.service.OrangeApiService } U=0: not found
05-11 11:09:36.480 1497 2068 I am_proc_bound: [0,5562,com.qti.ltebc]
05-11 11:09:36.482 1497 2068 I am_uid_active: 10070
01-01 08:00:28.598 0 0 I binder : 5562:5562 ioctl 40046210 7fec0ec5c4 returned -22
05-11 11:09:36.555 4751 5158 E ActivityThread: Failed to find provider info for com.android.badge
05-11 11:09:36.555 4751 5074 E ActivityThread: Failed to find provider info for com.huawei.android.launcher.settings
05-11 11:09:36.557 4751 5046 E ActivityThread: Failed to find provider info for com.android.badge
05-11 11:09:36.593 1497 1497 I GameModeConfig: isGameModeOn = true
05-11 11:09:36.593 1497 1497 I GameModeConfig: isGaming = false
05-11 11:09:36.618 1497 2090 I sysui_multi_action: [757,128,758,2,793,14634,794,586,795,14634,796,26,798,0,806,android,857,DEVELOPER_IMPORTANT,858,4,947,0,1395,2,1500,14082,1688,1]
05-11 11:09:36.618 1497 2090 I notification_visibility: [-1|android|26|null|1000,0,14634,14634,0,0]
05-11 11:09:36.618 1497 2090 I sysui_multi_action: [757,128,758,2,793,14635,794,586,795,14635,796,27,798,1,806,android,857,USB,858,1,947,0,1395,2,1500,14083,1688,1]
05-11 11:09:36.618 1497 2090 I notification_visibility: [-1|android|27|null|1000,0,14635,14635,0,1]
05-11 11:09:36.668 1497 2068 D CompatibilityChangeReporter: Compat change id reported: 171306433; UID 10102; state: DISABLED
05-11 11:09:36.796 1497 1810 I netstats_mobile_sample: [0,0,0,0,0,0,0,0,0,0,0,0,1683872243803]
05-11 11:09:36.796 1497 1810 I netstats_wifi_sample: [322,1,0,0,322,1,0,0,0,0,0,0,1683872243803]
05-11 11:09:36.830 5590 5590 I auditd : type=1400 audit(0.0:4240): avc: granted { bind } for comm="ip" scontext=u:r:untrusted_app_29:s0:c96,c256,c512,c768 tcontext=u:r:untrusted_app_29:s0:c96,c256,c512,c768 tclass=netlink_route_socket app=com.tencent.mm
05-11 11:09:37.098 0 0 I auditd : type=1400 audit(0.0:4241): avc: denied { kill } for comm="swapper/4" capability=5 scontext=u:r:kernel:s0 tcontext=u:r:kernel:s0 tclass=capability permissive=1
05-11 11:09:37.192 1497 2090 W ActivityManager: Background start not allowed: service Intent { cmp=com.tencent.android.qqdownloader/com.tencent.assistant.main.MainService } to com.tencent.android.qqdownloader/com.tencent.assistant.main.MainService from pid=3506 uid=10094 pkg=com.tencent.android.qqdownloader startFg?=false
01-01 08:00:29.345 0 0 I binder : 4751:5600 ioctl 40046210 7027e44484 returned -22
01-01 08:00:29.392 0 0 I msm_vidc: high: 00000001: ....e: Opening video instance: 0000000000000000, 0
01-01 08:00:29.392 0 0 I msm_vidc: err : 00000001: ....e: Failed to create debugfs for msm_vidc
05-11 11:09:37.274 4840 4840 I auditd : type=1400 audit(0.0:4242): avc: granted { nlmsg_readpriv } for comm="DaemonThread-6" scontext=u:r:untrusted_app_27:s0:c512,c768 tcontext=u:r:untrusted_app_27:s0:c512,c768 tclass=netlink_route_socket app=com.wandoujia.phoenix2
01-01 08:00:29.454 0 0 I msm_vidc: high: 00000001: h264e: Closed video instance: 0000000000000000
05-11 11:09:37.498 4509 4509 I auditd : type=1400 audit(0.0:4243): avc: granted { nlmsg_readpriv } for comm="mars::5591" scontext=u:r:untrusted_app_29:s0:c96,c256,c512,c768 tcontext=u:r:untrusted_app_29:s0:c96,c256,c512,c768 tclass=netlink_route_socket app=com.tencent.mm
05-11 11:09:37.498 4509 4509 I auditd : type=1400 audit(0.0:4244): avc: granted { nlmsg_readpriv } for comm="mars::5591" scontext=u:r:untrusted_app_29:s0:c96,c256,c512,c768 tcontext=u:r:untrusted_app_29:s0:c96,c256,c512,c768 tclass=netlink_route_socket app=com.tencent.mm
01-01 08:00:29.736 0 0 W audit : audit_lost=3900 audit_rate_limit=5 audit_backlog_limit=64
01-01 08:00:29.736 0 0 E audit : rate limit exceeded
01-01 08:00:29.788 0 0 E link_delay_work_func: DTC_ETH: SQI=0, link=0
01-01 08:00:29.877 0 0 I msm_vidc: high: 00000001: ....e: Opening video instance: 0000000000000000, 0
01-01 08:00:29.877 0 0 I msm_vidc: err : 00000001: ....e: Failed to create debugfs for msm_vidc
01-01 08:00:29.956 0 0 I msm_vidc: high: 00000001: h265e: Closed video instance: 0000000000000000
05-11 11:09:37.884 1497 1602 I ActivityManager: Waited long enough for: ServiceRecord{cf93725 u0 com.qti.diagservices/.QTIDiagServices}
05-11 11:09:37.903 1497 3412 E PackageDexUsage: Unsupported context?
05-11 11:09:37.931 1497 3412 W ActivityManager: Background start not allowed: service Intent { cmp=com.tencent.android.qqdownloader/com.tencent.assistant.main.MainService } to com.tencent.android.qqdownloader/com.tencent.assistant.main.MainService from pid=3506 uid=10094 pkg=com.tencent.android.qqdownloader startFg?=false
05-11 11:09:37.945 1497 2077 W ActivityManager: Background start not allowed: service Intent { cmp=com.tencent.android.qqdownloader/com.tencent.assistant.main.MainService } to com.tencent.android.qqdownloader/com.tencent.assistant.main.MainService from pid=3506 uid=10094 pkg=com.tencent.android.qqdownloader startFg?=false
05-11 11:09:37.948 1497 2077 W ActivityManager: Background start not allowed: service Intent { cmp=com.tencent.android.qqdownloader/com.tencent.assistant.main.MainService } to com.tencent.android.qqdownloader/com.tencent.assistant.main.MainService from pid=3506 uid=10094 pkg=com.tencent.android.qqdownloader startFg?=false
05-11 11:09:37.967 1497 2077 W ActivityManager: Background start not allowed: service Intent { cmp=com.tencent.android.qqdownloader/com.tencent.assistant.main.MainService } to com.tencent.android.qqdownloader/com.tencent.assistant.main.MainService from pid=3506 uid=10094 pkg=com.tencent.android.qqdownloader startFg?=false
05-11 11:09:38.076 1497 2077 W ActivityManager: Background start not allowed: service Intent { cmp=com.tencent.android.qqdownloader/com.tencent.assistant.main.MainService } to com.tencent.android.qqdownloader/com.tencent.assistant.main.MainService from pid=3506 uid=10094 pkg=com.tencent.android.qqdownloader startFg?=false
05-11 11:09:38.102 1497 2077 W ActivityManager: Background start not allowed: service Intent { cmp=com.tencent.android.qqdownloader/com.tencent.assistant.main.MainService } to com.tencent.android.qqdownloader/com.tencent.assistant.main.MainService from pid=3506 uid=10094 pkg=com.tencent.android.qqdownloader startFg?=false
05-11 11:09:38.106 1497 2077 I am_uid_running: 10053
05-11 11:09:38.106 1497 2077 D CompatibilityChangeReporter: Compat change id reported: 135634846; UID 10053; state: DISABLED
05-11 11:09:38.106 1497 2077 D CompatibilityChangeReporter: Compat change id reported: 177438394; UID 10053; state: DISABLED
05-11 11:09:38.106 1497 2077 D CompatibilityChangeReporter: Compat change id reported: 135772972; UID 10053; state: DISABLED
05-11 11:09:38.107 1497 2077 D CompatibilityChangeReporter: Compat change id reported: 135754954; UID 10053; state: DISABLED
05-11 11:09:38.107 1497 1603 D CompatibilityChangeReporter: Compat change id reported: 143937733; UID 10053; state: DISABLED
05-11 11:09:38.114 1497 1603 I am_proc_start: [0,5671,10053,com.qualcomm.qti.qms.service.trustzoneaccess,service,{com.qualcomm.qti.qms.service.trustzoneaccess/com.qualcomm.qti.qms.service.trustzoneaccess.TZAccessService}]
05-11 11:09:38.115 1497 1603 I ActivityManager: Start proc 5671:com.qualcomm.qti.qms.service.trustzoneaccess/u0a53 for service {com.qualcomm.qti.qms.service.trustzoneaccess/com.qualcomm.qti.qms.service.trustzoneaccess.TZAccessService}
05-11 11:09:38.129 1497 2077 I thunderperf: PlatormCompat.setOverrides: Uid1=10094 Pid1=3506 Uid2=10094 Pid2=3506
05-11 11:09:38.129 1497 2077 I thunderperf: PlatormCompat.setOverrides: needCheck:false
05-11 11:09:38.130 1497 2077 I thunderperf: CompatConfig.addOverrideUnsafe: bef-state=0
05-11 11:09:38.130 1497 2077 I thunderperf: CompatConfig.addOverrideUnsafe: aft-state=0
05-11 11:09:38.130 1497 2077 W PackageManager: MATCH_ANY_USER flag requires INTERACT_ACROSS_USERS permission: UID 10094 requires android.permission.INTERACT_ACROSS_USERS_FULL or android.permission.INTERACT_ACROSS_USERS to access user 0.
05-11 11:09:38.131 1497 2077 I ActivityTaskManager: START u0 {flg=0x10010000 cmp=com.tencent.android.qqdownloader/com.tencent.qqdownloader.backgroundstart.BackgroundSupportActivity (has extras)} from uid 10094
01-01 08:00:30.255 0 0 I binder : 5671:5671 ioctl 40046210 7fec0ec5c4 returned -22
05-11 11:09:38.132 1497 2077 W ActivityTaskManager: Background activity start [callingPackage: com.tencent.android.qqdownloader; callingUid: 10094; appSwitchAllowed: true; isCallingUidForeground: false; callingUidHasAnyVisibleWindow: false; callingUidProcState: CACHED_EMPTY; isCallingUidPersistentSystemProcess: false; realCallingUid: 10094; isRealCallingUidForeground: false; realCallingUidHasAnyVisibleWindow: false; realCallingUidProcState: CACHED_EMPTY; isRealCallingUidPersistentSystemProcess: false; originatingPendingIntent: null; allowBackgroundActivityStart: false; intent: Intent { flg=0x10010000 cmp=com.tencent.android.qqdownloader/com.tencent.qqdownloader.backgroundstart.BackgroundSupportActivity (has extras) }; callerApp: ProcessRecord{5611e72 3506:com.tencent.android.qqdownloader:daemon/u0a94}; inVisibleTask: false]
05-11 11:09:38.132 1497 2077 I sysui_multi_action: [757,1513,758,4,805,1683774578132,1514,10094,1515,com.tencent.android.qqdownloader,1516,1018,1517,0,1518,10094,1519,1018,1520,0,1526,com.tencent.android.qqdownloader/com.tencent.qqdownloader.backgroundstart.BackgroundSupportActivity,1527,0,1529,com.tencent.android.qqdownloader:daemon,1530,1018,1531,0,1532,0,1533,0,1534,0,1535,0,1536,0,1539,10596]
05-11 11:09:38.133 1497 2077 W ActivityTaskManager: Permission Denial: starting Intent { flg=0x10010000 cmp=com.tencent.android.qqdownloader/com.tencent.qqdownloader.backgroundstart.BackgroundSupportActivity (has extras) } from ProcessRecord{5611e72 3506:com.tencent.android.qqdownloader:daemon/u0a94} (pid=3506, uid=10094) with launchActivityType=assistant
05-11 11:09:38.136 1497 2077 I am_proc_bound: [0,5671,com.qualcomm.qti.qms.service.trustzoneaccess]
05-11 11:09:38.137 1497 2077 D CompatibilityChangeReporter: Compat change id reported: 168419799; UID 10053; state: DISABLED
05-11 11:09:38.178 4751 4751 I auditd : type=1400 audit(0.0:4252): avc: denied { read } for comm="Binder:4751_1" name="devices" dev="proc" ino=4026532296 scontext=u:r:untrusted_app_29:s0:c96,c256,c512,c768 tcontext=u:object_r:proc:s0 tclass=file permissive=1 app=com.tencent.mm
05-11 11:09:38.178 4751 4751 I auditd : type=1400 audit(0.0:4253): avc: denied { open } for comm="Binder:4751_1" path="/proc/bus/pci/devices" dev="proc" ino=4026532296 scontext=u:r:untrusted_app_29:s0:c96,c256,c512,c768 tcontext=u:object_r:proc:s0 tclass=file permissive=1 app=com.tencent.mm
05-11 11:09:38.178 4751 4751 I auditd : type=1400 audit(0.0:4254): avc: denied { read } for comm="Binder:4751_1" name="interrupts" dev="proc" ino=4026532233 scontext=u:r:untrusted_app_29:s0:c96,c256,c512,c768 tcontext=u:object_r:proc_interrupts:s0 tclass=file permissive=1 app=com.tencent.mm
05-11 11:09:38.178 4751 4751 I auditd : type=1400 audit(0.0:4255): avc: denied { open } for comm="Binder:4751_1" path="/proc/interrupts" dev="proc" ino=4026532233 scontext=u:r:untrusted_app_29:s0:c96,c256,c512,c768 tcontext=u:object_r:proc_interrupts:s0 tclass=file permissive=1 app=com.tencent.mm
05-11 11:09:38.182 4751 4751 I auditd : type=1400 audit(0.0:4256): avc: denied { read } for comm="Binder:4751_1" name="diskstats" dev="proc" ino=4026532293 scontext=u:r:untrusted_app_29:s0:c96,c256,c512,c768 tcontext=u:object_r:proc_diskstats:s0 tclass=file permissive=1 app=com.tencent.mm
01-01 08:00:30.300 0 0 I mv2112_setup_work_handler: Try to setup link again!
01-01 08:00:30.300 0 0 I : mv2112_setup_forced
05-11 11:09:38.251 1497 2077 W ActivityManager: Background start not allowed: service Intent { cmp=com.tencent.android.qqdownloader/com.tencent.assistant.main.MainService } to com.tencent.android.qqdownloader/com.tencent.assistant.main.MainService from pid=3506 uid=10094 pkg=com.tencent.android.qqdownloader startFg?=false
05-11 11:09:38.252 1497 2077 W ActivityManager: Background start not allowed: service Intent { cmp=com.tencent.android.qqdownloader/com.tencent.assistant.main.MainService } to com.tencent.android.qqdownloader/com.tencent.assistant.main.MainService from pid=3506 uid=10094 pkg=com.tencent.android.qqdownloader startFg?=false
05-11 11:09:38.387 1497 3412 W ActivityManager: Unable to start service Intent { act=com.tencent.soter.soterserver.ISoterService pkg=com.tencent.soter.soterserver } U=0: not found
05-11 11:09:38.388 3506 3627 I service_manager_slow: [64,uri_grants]
05-11 11:09:38.389 1497 3412 W UriGrantsManagerService: No permission grants found for com.tencent.android.qqdownloader
05-11 11:09:38.400 1497 2090 W ActivityManager: Background start not allowed: service Intent { cmp=com.tencent.android.qqdownloader/com.tencent.assistant.main.MainService } to com.tencent.android.qqdownloader/com.tencent.assistant.main.MainService from pid=3506 uid=10094 pkg=com.tencent.android.qqdownloader startFg?=false
05-11 11:09:38.405 1497 2090 W ActivityManager: Background start not allowed: service Intent { cmp=com.tencent.android.qqdownloader/com.tencent.assistant.main.MainService } to com.tencent.android.qqdownloader/com.tencent.assistant.main.MainService from pid=3506 uid=10094 pkg=com.tencent.android.qqdownloader startFg?=false
05-11 11:09:38.514 1497 2090 W ActivityManager: Unable to start service Intent { act=com.tencent.soter.soterserver.ISoterService pkg=com.tencent.soter.soterserver } U=0: not found
05-11 11:09:38.546 1497 1601 I sysui_multi_action: [757,1717,758,1,759,0]
05-11 11:09:38.546 1497 1601 I sysui_multi_action: [757,1717,758,2,759,0]
05-11 11:09:38.547 1497 1601 I sysui_multi_action: [757,1717,758,3,759,0]
05-11 11:09:38.596 1497 1825 I GameModeConfig: isGameModeOn = true
05-11 11:09:38.596 1497 1825 I GameModeConfig: isGaming = false
05-11 11:09:38.596 1497 1825 I GameModeConfig: isGameModeOn = true
05-11 11:09:38.596 1497 1825 I GameModeConfig: isGaming = false
05-11 11:09:38.596 1497 1825 I GameModeConfig: isGameModeOn = true
05-11 11:09:38.596 1497 1825 I GameModeConfig: isGaming = false
05-11 11:09:38.596 1497 1825 I GameModeConfig: isGameModeOn = true
05-11 11:09:38.597 1497 1825 I GameModeConfig: isGaming = false
05-11 11:09:38.597 1497 1825 I GameModeConfig: isGameModeOn = true
05-11 11:09:38.597 1497 1825 I GameModeConfig: isGaming = false
05-11 11:09:38.597 1497 1825 I GameModeConfig: isGameModeOn = true
05-11 11:09:38.597 1497 1825 I GameModeConfig: isGaming = false
05-11 11:09:38.597 1497 1825 I GameModeConfig: isGameModeOn = true
05-11 11:09:38.597 1497 1825 I GameModeConfig: isGaming = false
05-11 11:09:38.597 1497 1825 I GameModeConfig: isGameModeOn = true
05-11 11:09:38.597 1497 1825 I GameModeConfig: isGaming = false
05-11 11:09:38.597 1497 1825 I GameModeConfig: isGameModeOn = true
05-11 11:09:38.597 1497 1825 I GameModeConfig: isGaming = false
05-11 11:09:38.597 1497 1825 I GameModeConfig: isGameModeOn = true
05-11 11:09:38.597 1497 1825 I GameModeConfig: isGaming = false
05-11 11:09:38.604 1497 2090 W ActivityManager: Background start not allowed: service Intent { cmp=com.tencent.android.qqdownloader/com.tencent.assistant.main.MainService } to com.tencent.android.qqdownloader/com.tencent.assistant.main.MainService from pid=3506 uid=10094 pkg=com.tencent.android.qqdownloader startFg?=false
05-11 11:09:38.608 1497 2090 W ActivityManager: Background start not allowed: service Intent { cmp=com.tencent.android.qqdownloader/com.tencent.assistant.main.MainService } to com.tencent.android.qqdownloader/com.tencent.assistant.main.MainService from pid=3506 uid=10094 pkg=com.tencent.android.qqdownloader startFg?=false
05-11 11:09:38.616 1497 1497 I notification_enqueue: [10102,4759,com.wandoujia.phoenix2,5,NULL,0,Notification(channel=com.wandoujia.phoenix2/resid shortcut=null contentView=com.wandoujia.phoenix2/0x7f0c010f vibrate=null sound=null defaults=0x0 flags=0x12 color=0xff22ab43 vis=PRIVATE),0]
05-11 11:09:38.652 1497 3412 W ActivityManager: Background start not allowed: service Intent { cmp=com.tencent.android.qqdownloader/com.tencent.assistant.main.MainService } to com.tencent.android.qqdownloader/com.tencent.assistant.main.MainService from pid=3506 uid=10094 pkg=com.tencent.android.qqdownloader startFg?=false
05-11 11:09:38.660 1497 3412 E PackageDexUsage: Unsupported context?
05-11 11:09:38.673 1497 3412 W ActivityManager: Background start not allowed: service Intent { cmp=com.tencent.android.qqdownloader/com.tencent.assistant.main.MainService } to com.tencent.android.qqdownloader/com.tencent.assistant.main.MainService from pid=3506 uid=10094 pkg=com.tencent.android.qqdownloader startFg?=false
05-11 11:09:38.707 1497 1497 I notification_enqueue: [10102,4759,com.wandoujia.phoenix2,5,NULL,0,Notification(channel=com.wandoujia.phoenix2/resid shortcut=null contentView=com.wandoujia.phoenix2/0x7f0c010f vibrate=null sound=null defaults=0x0 flags=0x12 color=0xff22ab43 vis=PRIVATE),0]
05-11 11:09:38.817 1497 1497 I sysui_multi_action: [757,1501,758,1,793,201,794,0,795,201,796,5,806,com.wandoujia.phoenix2,857,com.wandoujia.phoenix2/resid,858,5,947,0,1500,0,1688,1]
05-11 11:09:38.817 1497 1497 I sysui_multi_action: [757,804,799,note_interruptive,801,0,802,1]
05-11 11:09:38.817 1497 1497 I GameModeConfig: isGameModeOn = true
05-11 11:09:38.817 1497 1497 I GameModeConfig: isGaming = false
01-01 08:00:30.944 0 0 I : mv2112_setup_forced
01-01 08:00:30.944 0 0 I mv2112_setup_forced: Already setup link!
05-11 11:09:38.825 1497 1497 W NotificationHistory: Attempted to add notif for locked/gone/disabled user 0
05-11 11:09:38.835 4759 5708 E ActivityThread: Failed to find provider info for com.pp.assistant.modules.cleaner.cleaner.provider
05-11 11:09:38.837 1497 2090 I ActivityManager: Process com.qti.ltebc (pid 5562) has died: cch+5 CEM
05-11 11:09:38.837 1497 2090 I am_proc_died: [0,5562,com.qti.ltebc,905,19]
05-11 11:09:38.837 1497 2090 I am_uid_stopped: 10070
05-11 11:09:38.838 4759 5710 E ActivityThread: Failed to find provider info for com.pp.assistant.modules.cleaner.cleaner.provider
05-11 11:09:38.839 1497 2068 W ActivityManager: Background start not allowed: service Intent { cmp=com.tencent.android.qqdownloader/com.tencent.assistant.main.MainService } to com.tencent.android.qqdownloader/com.tencent.assistant.main.MainService from pid=3506 uid=10094 pkg=com.tencent.android.qqdownloader startFg?=false
05-11 11:09:38.839 4759 5710 E ActivityThread: Failed to find provider info for com.pp.assistant.modules.cleaner.cleaner.provider
05-11 11:09:38.840 4759 5710 E ActivityThread: Failed to find provider info for com.pp.assistant.modules.cleaner.cleaner.provider
05-11 11:09:38.843 4759 5710 E ActivityThread: Failed to find provider info for com.pp.assistant.modules.cleaner.cleaner.provider
05-11 11:09:38.844 4759 5710 E ActivityThread: Failed to find provider info for com.pp.assistant.modules.cleaner.cleaner.provider
05-11 11:09:38.856 4759 5710 E ActivityThread: Failed to find provider info for com.pp.assistant.modules.cleaner.cleaner.provider
05-11 11:09:38.860 1497 1810 I netstats_mobile_sample: [0,0,0,0,0,0,0,0,0,0,0,0,1683872245867]
05-11 11:09:38.860 1497 1810 I netstats_wifi_sample: [322,1,0,0,322,1,0,0,0,0,0,0,1683872245867]
05-11 11:09:38.860 1902 1902 I sysui_heads_up_status: [0|com.wandoujia.phoenix2|5|null|10102,1]
05-11 11:09:38.894 1497 2077 W ActivityManager: Background start not allowed: service Intent { cmp=com.tencent.android.qqdownloader/com.tencent.assistant.main.MainService } to com.tencent.android.qqdownloader/com.tencent.assistant.main.MainService from pid=3506 uid=10094 pkg=com.tencent.android.qqdownloader startFg?=false
05-11 11:09:38.908 1497 1497 I GameModeConfig: isGameModeOn = true
05-11 11:09:38.908 1497 1497 I GameModeConfig: isGaming = false
05-11 11:09:38.908 1497 1497 E NotificationService: Muting recently noisy 0|com.wandoujia.phoenix2|5|null|10102
01-01 08:00:31.126 0 0 W audit : audit_lost=3915 audit_rate_limit=5 audit_backlog_limit=64
05-11 11:09:38.946 4759 5709 I liblog : 114
01-01 08:00:31.126 0 0 E audit : rate limit exceeded
05-11 11:09:39.017 4759 5709 I liblog : 192
05-11 11:09:39.023 4759 5709 I liblog : 14
05-11 11:09:39.030 4759 5709 I liblog : 23
05-11 11:09:39.032 4759 5709 I liblog : 28
05-11 11:09:39.035 1497 3412 W ActivityManager: Background start not allowed: service Intent { cmp=com.tencent.android.qqdownloader/com.tencent.assistant.main.MainService } to com.tencent.android.qqdownloader/com.tencent.assistant.main.MainService from pid=3506 uid=10094 pkg=com.tencent.android.qqdownloader startFg?=false
05-11 11:09:39.041 4759 5709 I liblog : 27
05-11 11:09:39.056 4759 5709 I liblog : 26
05-11 11:09:39.062 4759 5709 I liblog : 28
05-11 11:09:39.066 1497 2077 W ActivityManager: Background start not allowed: service Intent { cmp=com.tencent.android.qqdownloader/com.tencent.assistant.main.MainService } to com.tencent.android.qqdownloader/com.tencent.assistant.main.MainService from pid=3506 uid=10094 pkg=com.tencent.android.qqdownloader startFg?=false
05-11 11:09:39.066 4759 5709 I liblog : 8
05-11 11:09:39.068 1497 3412 W ActivityManager: Background start not allowed: service Intent { cmp=com.tencent.android.qqdownloader/com.tencent.assistant.main.MainService } to com.tencent.android.qqdownloader/com.tencent.assistant.main.MainService from pid=3506 uid=10094 pkg=com.tencent.android.qqdownloader startFg?=false
05-11 11:09:39.077 4759 5709 I liblog : 34
05-11 11:09:39.173 4759 5709 I liblog : 195
05-11 11:09:39.207 4759 5709 I liblog : 8
01-01 08:00:31.454 0 0 I msm_vidc: err : ffffffff: .....: DBLP Set: status 0
05-11 11:09:39.231 4759 5709 I liblog : 52
05-11 11:09:39.366 1497 2077 W ActivityManager: Background start not allowed: service Intent { cmp=com.tencent.android.qqdownloader/com.tencent.assistant.main.MainService } to com.tencent.android.qqdownloader/com.tencent.assistant.main.MainService from pid=3506 uid=10094 pkg=com.tencent.android.qqdownloader startFg?=false
05-11 11:09:39.374 4759 5732 I liblog : 32
05-11 11:09:39.375 1497 1497 I notification_enqueue: [10102,4759,com.wandoujia.phoenix2,5,NULL,0,Notification(channel=com.wandoujia.phoenix2/resid shortcut=null contentView=com.wandoujia.phoenix2/0x7f0c010f vibrate=null sound=null defaults=0x0 flags=0x12 color=0xff22ab43 vis=PRIVATE),1]
05-11 11:09:39.452 1497 2087 W ActivityManager: Background start not allowed: service Intent { cmp=com.tencent.android.qqdownloader/com.tencent.assistant.main.MainService } to com.tencent.android.qqdownloader/com.tencent.assistant.main.MainService from pid=3506 uid=10094 pkg=com.tencent.android.qqdownloader startFg?=false
05-11 11:09:39.469 1497 2087 W ActivityManager: Background start not allowed: service Intent { cmp=com.tencent.android.qqdownloader/com.tencent.assistant.main.MainService } to com.tencent.android.qqdownloader/com.tencent.assistant.main.MainService from pid=3506 uid=10094 pkg=com.tencent.android.qqdownloader startFg?=false
05-11 11:09:39.485 1497 3412 W ActivityManager: Background start not allowed: service Intent { cmp=com.tencent.android.qqdownloader/com.tencent.assistant.main.MainService } to com.tencent.android.qqdownloader/com.tencent.assistant.main.MainService from pid=3506 uid=10094 pkg=com.tencent.android.qqdownloader startFg?=false
05-11 11:09:39.489 1497 2077 W ActivityManager: Background start not allowed: service Intent { cmp=com.tencent.android.qqdownloader/com.tencent.assistant.main.MainService } to com.tencent.android.qqdownloader/com.tencent.assistant.main.MainService from pid=3506 uid=10094 pkg=com.tencent.android.qqdownloader startFg?=false
05-11 11:09:39.503 1497 2077 W ActivityManager: Background start not allowed: service Intent { cmp=com.tencent.android.qqdownloader/com.tencent.assistant.main.MainService } to com.tencent.android.qqdownloader/com.tencent.assistant.main.MainService from pid=3506 uid=10094 pkg=com.tencent.android.qqdownloader startFg?=false
05-11 11:09:39.509 1497 2077 W ActivityManager: Background start not allowed: service Intent { cmp=com.tencent.android.qqdownloader/com.tencent.assistant.main.MainService } to com.tencent.android.qqdownloader/com.tencent.assistant.main.MainService from pid=3506 uid=10094 pkg=com.tencent.android.qqdownloader startFg?=false
05-11 11:09:39.528 1497 2077 W ActivityManager: Background start not allowed: service Intent { cmp=com.tencent.android.qqdownloader/com.tencent.assistant.main.MainService } to com.tencent.android.qqdownloader/com.tencent.assistant.main.MainService from pid=3506 uid=10094 pkg=com.tencent.android.qqdownloader startFg?=false
05-11 11:09:39.533 1497 3412 W ActivityManager: Background start not allowed: service Intent { cmp=com.tencent.android.qqdownloader/com.tencent.assistant.main.MainService } to com.tencent.android.qqdownloader/com.tencent.assistant.main.MainService from pid=3506 uid=10094 pkg=com.tencent.android.qqdownloader startFg?=false
05-11 11:09:39.541 1497 2087 W ActivityManager: Background start not allowed: service Intent { cmp=com.tencent.android.qqdownloader/com.tencent.assistant.main.MainService } to com.tencent.android.qqdownloader/com.tencent.assistant.main.MainService from pid=3506 uid=10094 pkg=com.tencent.android.qqdownloader startFg?=false
05-11 11:09:39.546 1497 2087 W ActivityManager: Background start not allowed: service Intent { cmp=com.tencent.android.qqdownloader/com.tencent.assistant.main.MainService } to com.tencent.android.qqdownloader/com.tencent.assistant.main.MainService from pid=3506 uid=10094 pkg=com.tencent.android.qqdownloader startFg?=false
05-11 11:09:39.552 1497 2087 W ActivityManager: Background start not allowed: service Intent { cmp=com.tencent.android.qqdownloader/com.tencent.assistant.main.MainService } to com.tencent.android.qqdownloader/com.tencent.assistant.main.MainService from pid=3506 uid=10094 pkg=com.tencent.android.qqdownloader startFg?=false
05-11 11:09:39.570 1497 2087 W ActivityManager: Background start not allowed: service Intent { cmp=com.tencent.android.qqdownloader/com.tencent.assistant.main.MainService } to com.tencent.android.qqdownloader/com.tencent.assistant.main.MainService from pid=3506 uid=10094 pkg=com.tencent.android.qqdownloader startFg?=false
05-11 11:09:39.576 1497 2087 W ActivityManager: Background start not allowed: service Intent { cmp=com.tencent.android.qqdownloader/com.tencent.assistant.main.MainService } to com.tencent.android.qqdownloader/com.tencent.assistant.main.MainService from pid=3506 uid=10094 pkg=com.tencent.android.qqdownloader startFg?=false
05-11 11:09:39.577 1497 1497 I GameModeConfig: isGameModeOn = true
05-11 11:09:39.577 1497 1497 I GameModeConfig: isGaming = false
05-11 11:09:39.577 1497 1497 E NotificationService: Muting recently noisy 0|com.wandoujia.phoenix2|5|null|10102
05-11 11:09:39.590 1497 3412 W ActivityManager: Background start not allowed: service Intent { cmp=com.tencent.android.qqdownloader/com.tencent.assistant.main.MainService } to com.tencent.android.qqdownloader/com.tencent.assistant.main.MainService from pid=3506 uid=10094 pkg=com.tencent.android.qqdownloader startFg?=false
05-11 11:09:39.599 1497 2087 W ActivityManager: Background start not allowed: service Intent { cmp=com.tencent.android.qqdownloader/com.tencent.assistant.main.MainService } to com.tencent.android.qqdownloader/com.tencent.assistant.main.MainService from pid=3506 uid=10094 pkg=com.tencent.android.qqdownloader startFg?=false
05-11 11:09:39.656 1497 3412 W ActivityManager: Background start not allowed: service Intent { cmp=com.tencent.android.qqdownloader/com.tencent.assistant.main.MainService } to com.tencent.android.qqdownloader/com.tencent.assistant.main.MainService from pid=3506 uid=10094 pkg=com.tencent.android.qqdownloader startFg?=false
05-11 11:09:39.740 1497 2519 W ActivityManager: Background start not allowed: service Intent { cmp=com.tencent.android.qqdownloader/com.tencent.assistant.main.MainService } to com.tencent.android.qqdownloader/com.tencent.assistant.main.MainService from pid=3506 uid=10094 pkg=com.tencent.android.qqdownloader startFg?=false
05-11 11:09:39.867 1497 2519 W ActivityManager: Background start not allowed: service Intent { cmp=com.tencent.android.qqdownloader/com.tencent.assistant.main.MainService } to com.tencent.android.qqdownloader/com.tencent.assistant.main.MainService from pid=3506 uid=10094 pkg=com.tencent.android.qqdownloader startFg?=false
05-11 11:09:39.912 1497 3412 W ActivityManager: Background start not allowed: service Intent { cmp=com.tencent.android.qqdownloader/com.tencent.assistant.main.MainService } to com.tencent.android.qqdownloader/com.tencent.assistant.main.MainService from pid=3506 uid=10094 pkg=com.tencent.android.qqdownloader startFg?=false
05-11 11:09:39.961 1497 2519 W ActivityManager: Background start not allowed: service Intent { cmp=com.tencent.android.qqdownloader/com.tencent.assistant.main.MainService } to com.tencent.android.qqdownloader/com.tencent.assistant.main.MainService from pid=3506 uid=10094 pkg=com.tencent.android.qqdownloader startFg?=false
05-11 11:09:39.975 1497 2519 W ActivityManager: Background start not allowed: service Intent { cmp=com.tencent.android.qqdownloader/com.tencent.assistant.main.MainService } to com.tencent.android.qqdownloader/com.tencent.assistant.main.MainService from pid=3506 uid=10094 pkg=com.tencent.android.qqdownloader startFg?=false
05-11 11:09:39.986 1497 2519 W ActivityManager: Background start not allowed: service Intent { cmp=com.tencent.android.qqdownloader/com.tencent.assistant.main.MainService } to com.tencent.android.qqdownloader/com.tencent.assistant.main.MainService from pid=3506 uid=10094 pkg=com.tencent.android.qqdownloader startFg?=false
05-11 11:09:39.988 1497 2519 W ActivityManager: Background start not allowed: service Intent { cmp=com.tencent.android.qqdownloader/com.tencent.assistant.main.MainService } to com.tencent.android.qqdownloader/com.tencent.assistant.main.MainService from pid=3506 uid=10094 pkg=com.tencent.android.qqdownloader startFg?=false
05-11 11:09:39.993 1497 2519 W ActivityManager: Background start not allowed: service Intent { cmp=com.tencent.android.qqdownloader/com.tencent.assistant.main.MainService } to com.tencent.android.qqdownloader/com.tencent.assistant.main.MainService from pid=3506 uid=10094 pkg=com.tencent.android.qqdownloader startFg?=false
05-11 11:09:40.006 4840 4840 I auditd : type=1400 audit(0.0:4267): avc: denied { open } for comm="doujia.phoenix2" path="/proc/vmstat" dev="proc" ino=4026531858 scontext=u:r:untrusted_app_27:s0:c512,c768 tcontext=u:object_r:proc_vmstat:s0 tclass=file permissive=1 app=com.wandoujia.phoenix2
05-11 11:09:40.006 4840 4840 I auditd : type=1400 audit(0.0:4268): avc: denied { getattr } for comm="doujia.phoenix2" path="/proc/vmstat" dev="proc" ino=4026531858 scontext=u:r:untrusted_app_27:s0:c512,c768 tcontext=u:object_r:proc_vmstat:s0 tclass=file permissive=1 app=com.wandoujia.phoenix2
05-11 11:09:40.151 1497 2519 W ActivityManager: Background start not allowed: service Intent { cmp=com.tencent.android.qqdownloader/com.tencent.assistant.main.MainService } to com.tencent.android.qqdownloader/com.tencent.assistant.main.MainService from pid=3506 uid=10094 pkg=com.tencent.android.qqdownloader startFg?=false
05-11 11:09:40.167 1497 2519 W ActivityManager: Background start not allowed: service Intent { cmp=com.tencent.android.qqdownloader/com.tencent.assistant.main.MainService } to com.tencent.android.qqdownloader/com.tencent.assistant.main.MainService from pid=3506 uid=10094 pkg=com.tencent.android.qqdownloader startFg?=false
05-11 11:09:40.301 1497 2519 W ActivityManager: Unable to start service Intent { act=com.tencent.soter.soterserver.ISoterService pkg=com.tencent.soter.soterserver } U=0: not found
05-11 11:09:40.338 4840 4840 I auditd : type=1400 audit(0.0:4269): avc: granted { nlmsg_readpriv } for comm="DaemonThread-6" scontext=u:r:untrusted_app_27:s0:c512,c768 tcontext=u:r:untrusted_app_27:s0:c512,c768 tclass=netlink_route_socket app=com.wandoujia.phoenix2
01-01 08:00:32.498 0 0 I [dp_rx_][0x253146c8][11:09:40.377881] wlan: [3496:I:QDF] DHCP-R RX: SA:34:f7:16:b2:4c:1e DA:ff:ff:ff:ff:ff:ff
05-11 11:09:40.422 5792 5792 I auditd : type=1400 audit(0.0:4270): avc: granted { bind } for comm="ip" scontext=u:r:untrusted_app_29:s0:c96,c256,c512,c768 tcontext=u:r:untrusted_app_29:s0:c96,c256,c512,c768 tclass=netlink_route_socket app=com.tencent.mm
05-11 11:09:40.484 1497 2519 W ActivityManager: Background start not allowed: service Intent { cmp=com.tencent.android.qqdownloader/com.tencent.assistant.main.MainService } to com.tencent.android.qqdownloader/com.tencent.assistant.main.MainService from pid=3506 uid=10094 pkg=com.tencent.android.qqdownloader startFg?=false
05-11 11:09:40.505 1497 2519 W ActivityManager: Background start not allowed: service Intent { cmp=com.tencent.android.qqdownloader/com.tencent.assistant.main.MainService } to com.tencent.android.qqdownloader/com.tencent.assistant.main.MainService from pid=3506 uid=10094 pkg=com.tencent.android.qqdownloader startFg?=false
05-11 11:09:40.506 1497 3412 W ActivityManager: Background start not allowed: service Intent { cmp=com.tencent.android.qqdownloader/com.tencent.assistant.main.MainService } to com.tencent.android.qqdownloader/com.tencent.assistant.main.MainService from pid=3506 uid=10094 pkg=com.tencent.android.qqdownloader startFg?=false
01-01 08:00:32.659 0 0 W audit : audit_lost=3917 audit_rate_limit=5 audit_backlog_limit=64
01-01 08:00:32.659 0 0 E audit : rate limit exceeded
05-11 11:09:40.534 4751 4751 I auditd : type=1400 audit(0.0:4271): avc: denied { read } for comm="Binder:4751_1" name="version" dev="proc" ino=4026532238 scontext=u:r:untrusted_app_29:s0:c96,c256,c512,c768 tcontext=u:object_r:proc_version:s0 tclass=file permissive=1 app=com.tencent.mm
05-11 11:09:40.589 1497 3412 W ActivityManager: Background start not allowed: service Intent { cmp=com.tencent.android.qqdownloader/com.tencent.assistant.main.MainService } to com.tencent.android.qqdownloader/com.tencent.assistant.main.MainService from pid=3506 uid=10094 pkg=com.tencent.android.qqdownloader startFg?=false
05-11 11:09:40.602 1497 2087 W ActivityManager: Background start not allowed: service Intent { cmp=com.tencent.android.qqdownloader/com.tencent.assistant.main.MainService } to com.tencent.android.qqdownloader/com.tencent.assistant.main.MainService from pid=3506 uid=10094 pkg=com.tencent.android.qqdownloader startFg?=false
05-11 11:09:40.604 1497 2087 W ActivityManager: Background start not allowed: service Intent { cmp=com.tencent.android.qqdownloader/com.tencent.assistant.main.MainService } to com.tencent.android.qqdownloader/com.tencent.assistant.main.MainService from pid=3506 uid=10094 pkg=com.tencent.android.qqdownloader startFg?=false
