05-11 11:09:29.389 1497 2068 W ActivityManager: Background start not allowed: service Intent { cmp=com.tencent.android.qqdownloader/com.tencent.assistant.main.MainService } to com.tencent.android.qqdownloader/com.tencent.assistant.main.MainService from pid=3506 uid=10094 pkg=com.tencent.android.qqdownloader startFg?=false
05-11 11:09:29.390 1497 2068 W ActivityManager: Background start not allowed: service Intent { cmp=com.tencent.android.qqdownloader/com.tencent.assistant.main.MainService } to com.tencent.android.qqdownloader/com.tencent.assistant.main.MainService from pid=3506 uid=10094 pkg=com.tencent.android.qqdownloader startFg?=false
05-11 11:09:29.390 1497 2068 W ActivityManager: Background start not allowed: service Intent { cmp=com.tencent.android.qqdownloader/com.tencent.assistant.main.MainService } to com.tencent.android.qqdownloader/com.tencent.assistant.main.MainService from pid=3506 uid=10094 pkg=com.tencent.android.qqdownloader startFg?=false
05-11 11:09:29.391 1497 2068 W ActivityManager: Background start not allowed: service Intent { cmp=com.tencent.android.qqdownloader/com.tencent.assistant.main.MainService } to com.tencent.android.qqdownloader/com.tencent.assistant.main.MainService from pid=3506 uid=10094 pkg=com.tencent.android.qqdownloader startFg?=false
05-11 11:09:29.392 1497 2068 W ActivityManager: Background start not allowed: service Intent { cmp=com.tencent.android.qqdownloader/com.tencent.assistant.main.MainService } to com.tencent.android.qqdownloader/com.tencent.assistant.main.MainService from pid=3506 uid=10094 pkg=com.tencent.android.qqdownloader startFg?=false
05-11 11:09:29.393 1497 2068 W ActivityManager: Background start not allowed: service Intent { cmp=com.tencent.android.qqdownloader/com.tencent.assistant.main.MainService } to com.tencent.android.qqdownloader/com.tencent.assistant.main.MainService from pid=3506 uid=10094 pkg=com.tencent.android.qqdownloader startFg?=false
05-11 11:09:29.394 1497 2068 W ActivityManager: Background start not allowed: service Intent { cmp=com.tencent.android.qqdownloader/com.tencent.assistant.main.MainService } to com.tencent.android.qqdownloader/com.tencent.assistant.main.MainService from pid=3506 uid=10094 pkg=com.tencent.android.qqdownloader startFg?=false
05-11 11:09:29.395 1497 2068 W ActivityManager: Background start not allowed: service Intent { cmp=com.tencent.android.qqdownloader/com.tencent.assistant.main.MainService } to com.tencent.android.qqdownloader/com.tencent.assistant.main.MainService from pid=3506 uid=10094 pkg=com.tencent.android.qqdownloader startFg?=false
05-11 11:09:29.396 1497 2068 W ActivityManager: Background start not allowed: service Intent { cmp=com.tencent.android.qqdownloader/com.tencent.assistant.main.MainService } to com.tencent.android.qqdownloader/com.tencent.assistant.main.MainService from pid=3506 uid=10094 pkg=com.tencent.android.qqdownloader startFg?=false
05-11 11:09:29.397 1497 2068 W ActivityManager: Background start not allowed: service Intent { cmp=com.tencent.android.qqdownloader/com.tencent.assistant.main.MainService } to com.tencent.android.qqdownloader/com.tencent.assistant.main.MainService from pid=3506 uid=10094 pkg=com.tencent.android.qqdownloader startFg?=false
05-11 11:09:29.397 1497 2068 W ActivityManager: Background start not allowed: service Intent { cmp=com.tencent.android.qqdownloader/com.tencent.assistant.main.MainService } to com.tencent.android.qqdownloader/com.tencent.assistant.main.MainService from pid=3506 uid=10094 pkg=com.tencent.android.qqdownloader startFg?=false
05-11 11:09:29.414 3592 3592 I auditd : type=1400 audit(0.0:3521): avc: denied { read } for comm="Shark-Looper-Ma" name="version" dev="proc" ino=4026532238 scontext=u:r:untrusted_app_27:s0:c512,c768 tcontext=u:object_r:proc_version:s0 tclass=file permissive=1 app=com.tencent.android.qqdownloader
05-11 11:09:29.414 3592 3592 I auditd : type=1400 audit(0.0:3522): avc: denied { open } for comm="Shark-Looper-Ma" path="/proc/version" dev="proc" ino=4026532238 scontext=u:r:untrusted_app_27:s0:c512,c768 tcontext=u:object_r:proc_version:s0 tclass=file permissive=1 app=com.tencent.android.qqdownloader
05-11 11:09:29.414 3592 3592 I auditd : type=1400 audit(0.0:3523): avc: denied { getattr } for comm="Shark-Looper-Ma" path="/proc/version" dev="proc" ino=4026532238 scontext=u:r:untrusted_app_27:s0:c512,c768 tcontext=u:object_r:proc_version:s0 tclass=file permissive=1 app=com.tencent.android.qqdownloader
05-11 11:09:29.398 1497 2068 W ActivityManager: Background start not allowed: service Intent { cmp=com.tencent.android.qqdownloader/com.tencent.assistant.main.MainService } to com.tencent.android.qqdownloader/com.tencent.assistant.main.MainService from pid=3506 uid=10094 pkg=com.tencent.android.qqdownloader startFg?=false
05-11 11:09:29.399 1497 2068 W ActivityManager: Background start not allowed: service Intent { cmp=com.tencent.android.qqdownloader/com.tencent.assistant.main.MainService } to com.tencent.android.qqdownloader/com.tencent.assistant.main.MainService from pid=3506 uid=10094 pkg=com.tencent.android.qqdownloader startFg?=false
05-11 11:09:29.400 1497 2068 W ActivityManager: Background start not allowed: service Intent { cmp=com.tencent.android.qqdownloader/com.tencent.assistant.main.MainService } to com.tencent.android.qqdownloader/com.tencent.assistant.main.MainService from pid=3506 uid=10094 pkg=com.tencent.android.qqdownloader startFg?=false
05-11 11:09:29.400 1497 2068 W ActivityManager: Background start not allowed: service Intent { cmp=com.tencent.android.qqdownloader/com.tencent.assistant.main.MainService } to com.tencent.android.qqdownloader/com.tencent.assistant.main.MainService from pid=3506 uid=10094 pkg=com.tencent.android.qqdownloader startFg?=false
05-11 11:09:29.401 1497 2068 W ActivityManager: Background start not allowed: service Intent { cmp=com.tencent.android.qqdownloader/com.tencent.assistant.main.MainService } to com.tencent.android.qqdownloader/com.tencent.assistant.main.MainService from pid=3506 uid=10094 pkg=com.tencent.android.qqdownloader startFg?=false
05-11 11:09:29.402 1497 2068 W ActivityManager: Background start not allowed: service Intent { cmp=com.tencent.android.qqdownloader/com.tencent.assistant.main.MainService } to com.tencent.android.qqdownloader/com.tencent.assistant.main.MainService from pid=3506 uid=10094 pkg=com.tencent.android.qqdownloader startFg?=false
05-11 11:09:29.403 1497 2068 W ActivityManager: Background start not allowed: service Intent { cmp=com.tencent.android.qqdownloader/com.tencent.assistant.main.MainService } to com.tencent.android.qqdownloader/com.tencent.assistant.main.MainService from pid=3506 uid=10094 pkg=com.tencent.android.qqdownloader startFg?=false
05-11 11:09:29.403 1497 2068 W ActivityManager: Background start not allowed: service Intent { cmp=com.tencent.android.qqdownloader/com.tencent.assistant.main.MainService } to com.tencent.android.qqdownloader/com.tencent.assistant.main.MainService from pid=3506 uid=10094 pkg=com.tencent.android.qqdownloader startFg?=false
05-11 11:09:29.404 1497 2068 W ActivityManager: Background start not allowed: service Intent { cmp=com.tencent.android.qqdownloader/com.tencent.assistant.main.MainService } to com.tencent.android.qqdownloader/com.tencent.assistant.main.MainService from pid=3506 uid=10094 pkg=com.tencent.android.qqdownloader startFg?=false
05-11 11:09:29.405 1497 2068 W ActivityManager: Background start not allowed: service Intent { cmp=com.tencent.android.qqdownloader/com.tencent.assistant.main.MainService } to com.tencent.android.qqdownloader/com.tencent.assistant.main.MainService from pid=3506 uid=10094 pkg=com.tencent.android.qqdownloader startFg?=false
05-11 11:09:29.408 1497 2068 W ActivityManager: Background start not allowed: service Intent { cmp=com.tencent.android.qqdownloader/com.tencent.assistant.main.MainService } to com.tencent.android.qqdownloader/com.tencent.assistant.main.MainService from pid=3506 uid=10094 pkg=com.tencent.android.qqdownloader startFg?=false
05-11 11:09:29.419 1497 2068 W ActivityManager: Background start not allowed: service Intent { cmp=com.tencent.android.qqdownloader/com.tencent.assistant.main.MainService } to com.tencent.android.qqdownloader/com.tencent.assistant.main.MainService from pid=3506 uid=10094 pkg=com.tencent.android.qqdownloader startFg?=false
05-11 11:09:29.498 3506 3506 I auditd : type=1400 audit(0.0:3524): avc: granted { execute } for comm="temporary-8" path="/data/user/0/com.tencent.android.qqdownloader/files/shell/7_8424130_6981/lib/arm64-v8a/libqmp.so" dev="dm-10" ino=6018 scontext=u:r:untrusted_app_27:s0:c512,c768 tcontext=u:object_r:app_data_file:s0:c512,c768 tclass=file app=com.tencent.android.qqdownloader
05-11 11:09:29.692 1497 3412 D CompatibilityChangeReporter: Compat change id reported: 171306433; UID 10096; state: DISABLED
01-01 08:00:21.901 0 0 W audit : audit_lost=3215 audit_rate_limit=5 audit_backlog_limit=64
01-01 08:00:21.901 0 0 E audit : rate limit exceeded
01-01 08:00:22.053 0 0 I [dp_rx_][0x193d481d][11:09:29.933099] wlan: [3496:I:QDF] DHCP-R RX: SA:34:f7:16:b2:4c:1e DA:ff:ff:ff:ff:ff:ff
05-11 11:09:29.958 1497 3412 W ActivityManager: Background start not allowed: service Intent { cmp=com.tencent.android.qqdownloader/com.tencent.assistant.main.MainService } to com.tencent.android.qqdownloader/com.tencent.assistant.main.MainService from pid=3506 uid=10094 pkg=com.tencent.android.qqdownloader startFg?=false
05-11 11:09:29.980 1497 3412 W ActivityManager: Background start not allowed: service Intent { cmp=com.tencent.android.qqdownloader/com.tencent.assistant.main.MainService } to com.tencent.android.qqdownloader/com.tencent.assistant.main.MainService from pid=3506 uid=10094 pkg=com.tencent.android.qqdownloader startFg?=false
05-11 11:09:29.988 1497 2077 W ActivityManager: Background start not allowed: service Intent { cmp=com.tencent.android.qqdownloader/com.tencent.assistant.main.MainService } to com.tencent.android.qqdownloader/com.tencent.assistant.main.MainService from pid=3506 uid=10094 pkg=com.tencent.android.qqdownloader startFg?=false
05-11 11:09:29.996 1497 2077 W ActivityManager: Background start not allowed: service Intent { cmp=com.tencent.android.qqdownloader/com.tencent.assistant.main.MainService } to com.tencent.android.qqdownloader/com.tencent.assistant.main.MainService from pid=3506 uid=10094 pkg=com.tencent.android.qqdownloader startFg?=false
05-11 11:09:29.998 1497 2077 D CompatibilityChangeReporter: Compat change id reported: 135634846; UID 10096; state: DISABLED
05-11 11:09:29.998 1497 2077 D CompatibilityChangeReporter: Compat change id reported: 177438394; UID 10096; state: DISABLED
05-11 11:09:29.998 1497 2077 D CompatibilityChangeReporter: Compat change id reported: 135772972; UID 10096; state: DISABLED
05-11 11:09:29.998 1497 1603 D CompatibilityChangeReporter: Compat change id reported: 143937733; UID 10096; state: DISABLED
05-11 11:09:29.999 1497 2077 W ActivityManager: Background start not allowed: service Intent { cmp=com.tencent.android.qqdownloader/com.tencent.assistant.main.MainService } to com.tencent.android.qqdownloader/com.tencent.assistant.main.MainService from pid=3506 uid=10094 pkg=com.tencent.android.qqdownloader startFg?=false
05-11 11:09:30.005 1497 1603 I am_proc_start: [0,4751,10096,com.tencent.mm,service,{com.tencent.mm/com.tencent.mm.service.ProcessService$MMProcessService}]
05-11 11:09:30.005 1497 1603 I ActivityManager: Start proc 4751:com.tencent.mm/u0a96 for service {com.tencent.mm/com.tencent.mm.service.ProcessService$MMProcessService}
05-11 11:09:30.012 1497 2077 D CompatibilityChangeReporter: Compat change id reported: 135634846; UID 10102; state: DISABLED
05-11 11:09:30.012 1497 2077 D CompatibilityChangeReporter: Compat change id reported: 177438394; UID 10102; state: DISABLED
05-11 11:09:30.012 1497 2077 D CompatibilityChangeReporter: Compat change id reported: 135772972; UID 10102; state: DISABLED
05-11 11:09:30.012 1497 2077 D CompatibilityChangeReporter: Compat change id reported: 135754954; UID 10102; state: DISABLED
05-11 11:09:30.012 1497 1603 D CompatibilityChangeReporter: Compat change id reported: 143937733; UID 10102; state: DISABLED
05-11 11:09:30.017 1902 1902 I sysui_heads_up_status: [-1|android|26|null|1000,0]
05-11 11:09:30.020 1497 1603 I am_proc_start: [0,4759,10102,com.wandoujia.phoenix2:aid,content provider,{com.wandoujia.phoenix2/com.lib.common.sharedata.PPShareDataContentProvider}]
05-11 11:09:30.020 1497 1603 I ActivityManager: Start proc 4759:com.wandoujia.phoenix2:aid/u0a102 for content provider {com.wandoujia.phoenix2/com.lib.common.sharedata.PPShareDataContentProvider}
05-11 11:09:30.027 1497 3412 I am_proc_bound: [0,4751,com.tencent.mm]
01-01 08:00:22.145 0 0 I binder : 4751:4751 ioctl 40046210 7fec0ec5c4 returned -22
05-11 11:09:30.030 1497 2077 W ActivityManager: Background start not allowed: service Intent { cmp=com.tencent.android.qqdownloader/com.tencent.assistant.main.MainService } to com.tencent.android.qqdownloader/com.tencent.assistant.main.MainService from pid=3506 uid=10094 pkg=com.tencent.android.qqdownloader startFg?=false
01-01 08:00:22.154 0 0 I binder : 4759:4759 ioctl 40046210 7fec0ec5c4 returned -22
05-11 11:09:30.036 1497 3412 I am_proc_bound: [0,4759,com.wandoujia.phoenix2:aid]
05-11 11:09:30.080 1497 3412 W ActivityManager: Background start not allowed: service Intent { cmp=com.tencent.android.qqdownloader/com.tencent.assistant.main.MainService } to com.tencent.android.qqdownloader/com.tencent.assistant.main.MainService from pid=3506 uid=10094 pkg=com.tencent.android.qqdownloader startFg?=false
05-11 11:09:30.088 1497 2077 W ActivityManager: Background start not allowed: service Intent { cmp=com.tencent.android.qqdownloader/com.tencent.assistant.main.MainService } to com.tencent.android.qqdownloader/com.tencent.assistant.main.MainService from pid=3506 uid=10094 pkg=com.tencent.android.qqdownloader startFg?=false
05-11 11:09:30.093 1497 2077 W ActivityManager: Background start not allowed: service Intent { cmp=com.tencent.android.qqdownloader/com.tencent.assistant.main.MainService } to com.tencent.android.qqdownloader/com.tencent.assistant.main.MainService from pid=3506 uid=10094 pkg=com.tencent.android.qqdownloader startFg?=false
05-11 11:09:30.100 1497 1932 I commit_sys_config_file: [appops,7]
05-11 11:09:30.101 1497 2077 W ActivityManager: Background start not allowed: service Intent { cmp=com.tencent.android.qqdownloader/com.tencent.assistant.main.MainService } to com.tencent.android.qqdownloader/com.tencent.assistant.main.MainService from pid=3506 uid=10094 pkg=com.tencent.android.qqdownloader startFg?=false
05-11 11:09:30.103 1497 2077 W ActivityManager: Background start not allowed: service Intent { cmp=com.tencent.android.qqdownloader/com.tencent.assistant.main.MainService } to com.tencent.android.qqdownloader/com.tencent.assistant.main.MainService from pid=3506 uid=10094 pkg=com.tencent.android.qqdownloader startFg?=false
05-11 11:09:30.114 1497 3412 D CompatibilityChangeReporter: Compat change id reported: 171306433; UID 10094; state: DISABLED
05-11 11:09:30.114 1497 2077 W ActivityManager: Background start not allowed: service Intent { cmp=com.tencent.android.qqdownloader/com.tencent.assistant.main.MainService } to com.tencent.android.qqdownloader/com.tencent.assistant.main.MainService from pid=3506 uid=10094 pkg=com.tencent.android.qqdownloader startFg?=false
05-11 11:09:30.116 1497 2077 W ActivityManager: Background start not allowed: service Intent { cmp=com.tencent.android.qqdownloader/com.tencent.assistant.main.MainService } to com.tencent.android.qqdownloader/com.tencent.assistant.main.MainService from pid=3506 uid=10094 pkg=com.tencent.android.qqdownloader startFg?=false
05-11 11:09:30.128 1497 3412 W ActivityManager: Background start not allowed: service Intent { cmp=com.tencent.android.qqdownloader/com.tencent.assistant.main.MainService } to com.tencent.android.qqdownloader/com.tencent.assistant.main.MainService from pid=3506 uid=10094 pkg=com.tencent.android.qqdownloader startFg?=false
05-11 11:09:30.131 1497 3412 W ActivityManager: Background start not allowed: service Intent { cmp=com.tencent.android.qqdownloader/com.tencent.assistant.main.MainService } to com.tencent.android.qqdownloader/com.tencent.assistant.main.MainService from pid=3506 uid=10094 pkg=com.tencent.android.qqdownloader startFg?=false
05-11 11:09:30.150 4775 4775 I auditd : type=1400 audit(0.0:3534): avc: granted { bind } for comm="ip" scontext=u:r:untrusted_app_29:s0:c96,c256,c512,c768 tcontext=u:r:untrusted_app_29:s0:c96,c256,c512,c768 tclass=netlink_route_socket app=com.tencent.mm
05-11 11:09:30.154 4776 4776 I auditd : type=1400 audit(0.0:3535): avc: granted { bind } for comm="ip" scontext=u:r:untrusted_app_29:s0:c96,c256,c512,c768 tcontext=u:r:untrusted_app_29:s0:c96,c256,c512,c768 tclass=netlink_route_socket app=com.tencent.mm
05-11 11:09:30.218 3506 3506 I auditd : type=1400 audit(0.0:3536): avc: denied { read } for comm="StartThread-43" name="drivers" dev="proc" ino=4026531852 scontext=u:r:untrusted_app_27:s0:c512,c768 tcontext=u:object_r:proc_tty_drivers:s0 tclass=file permissive=1 app=com.tencent.android.qqdownloader
05-11 11:09:30.218 3506 3506 I auditd : type=1400 audit(0.0:3537): avc: denied { open } for comm="StartThread-43" path="/proc/tty/drivers" dev="proc" ino=4026531852 scontext=u:r:untrusted_app_27:s0:c512,c768 tcontext=u:object_r:proc_tty_drivers:s0 tclass=file permissive=1 app=com.tencent.android.qqdownloader
05-11 11:09:30.218 3506 3506 I auditd : type=1400 audit(0.0:3538): avc: denied { getattr } for comm="StartThread-43" path="/proc/tty/drivers" dev="proc" ino=4026531852 scontext=u:r:untrusted_app_27:s0:c512,c768 tcontext=u:object_r:proc_tty_drivers:s0 tclass=file permissive=1 app=com.tencent.android.qqdownloader
05-11 11:09:30.256 1497 2077 W ActivityManager: Background start not allowed: service Intent { cmp=com.tencent.android.qqdownloader/com.tencent.assistant.main.MainService } to com.tencent.android.qqdownloader/com.tencent.assistant.main.MainService from pid=3506 uid=10094 pkg=com.tencent.android.qqdownloader startFg?=false
05-11 11:09:30.338 1497 2077 W ActivityManager: Background start not allowed: service Intent { cmp=com.tencent.android.qqdownloader/com.tencent.assistant.main.MainService } to com.tencent.android.qqdownloader/com.tencent.assistant.main.MainService from pid=3506 uid=10094 pkg=com.tencent.android.qqdownloader startFg?=false
05-11 11:09:30.339 1497 2077 W ActivityManager: Background start not allowed: service Intent { cmp=com.tencent.android.qqdownloader/com.tencent.assistant.main.MainService } to com.tencent.android.qqdownloader/com.tencent.assistant.main.MainService from pid=3506 uid=10094 pkg=com.tencent.android.qqdownloader startFg?=false
05-11 11:09:30.348 1497 2077 W ActivityManager: Unable to start service Intent { act=com.uodis.opendevice.OPENIDS_SERVICE pkg=com.huawei.hwid } U=0: not found
05-11 11:09:30.354 1497 2077 W ActivityManager: Background start not allowed: service Intent { cmp=com.tencent.android.qqdownloader/com.tencent.assistant.main.MainService } to com.tencent.android.qqdownloader/com.tencent.assistant.main.MainService from pid=3506 uid=10094 pkg=com.tencent.android.qqdownloader startFg?=false
05-11 11:09:30.360 1497 2089 W ActivityManager: Background start not allowed: service Intent { cmp=com.tencent.android.qqdownloader/com.tencent.assistant.main.MainService } to com.tencent.android.qqdownloader/com.tencent.assistant.main.MainService from pid=3506 uid=10094 pkg=com.tencent.android.qqdownloader startFg?=false
05-11 11:09:30.376 1497 2089 W ActivityManager: Background start not allowed: service Intent { cmp=com.tencent.android.qqdownloader/com.tencent.assistant.main.MainService } to com.tencent.android.qqdownloader/com.tencent.assistant.main.MainService from pid=3506 uid=10094 pkg=com.tencent.android.qqdownloader startFg?=false
05-11 11:09:30.383 1497 2089 W ActivityManager: Background start not allowed: service Intent { cmp=com.tencent.android.qqdownloader/com.tencent.assistant.main.MainService } to com.tencent.android.qqdownloader/com.tencent.assistant.main.MainService from pid=3506 uid=10094 pkg=com.tencent.android.qqdownloader startFg?=false
05-11 11:09:30.408 1497 2089 W ActivityManager: Background start not allowed: service Intent { cmp=com.tencent.android.qqdownloader/com.tencent.assistant.main.MainService } to com.tencent.android.qqdownloader/com.tencent.assistant.main.MainService from pid=3506 uid=10094 pkg=com.tencent.android.qqdownloader startFg?=false
05-11 11:09:30.457 1497 2089 I sysui_multi_action: [757,128,758,1,793,8474,794,0,795,8474,796,27,798,1,806,android,857,USB,858,1,947,0,1395,2,1500,7922,1688,1]
05-11 11:09:30.457 1497 2089 I sysui_multi_action: [757,804,799,note_freshness,801,8474,802,1]
05-11 11:09:30.457 1497 2089 I notification_visibility: [-1|android|27|null|1000,1,8474,8474,0,1]
05-11 11:09:30.459 1497 2077 I sysui_multi_action: [757,128,758,2,793,8475,794,5624,795,8475,796,26,798,0,806,android,857,DEVELOPER_IMPORTANT,858,4,947,0,1395,2,1500,7923,1688,1]
05-11 11:09:30.459 1497 2077 I notification_visibility: [-1|android|26|null|1000,0,8475,8475,0,0]
05-11 11:09:30.459 1497 2077 I sysui_multi_action: [757,128,758,2,793,8476,794,2,795,8476,796,27,798,1,806,android,857,USB,858,1,947,0,1395,2,1500,7924,1688,1]
05-11 11:09:30.459 1497 2077 I notification_visibility: [-1|android|27|null|1000,0,8476,8476,0,1]
05-11 11:09:30.460 1497 2077 I sysui_multi_action: [757,127,758,2]
05-11 11:09:30.460 1497 2077 I notification_panel_hidden:
05-11 11:09:30.568 1497 3412 W ActivityManager: Unable to start service Intent { act=com.uodis.opendevice.OPENIDS_SERVICE pkg=com.huawei.hwid } U=0: not found
05-11 11:09:30.616 1497 2512 W ActivityManager: Background start not allowed: service Intent { cmp=com.tencent.android.qqdownloader/com.tencent.assistant.main.MainService } to com.tencent.android.qqdownloader/com.tencent.assistant.main.MainService from pid=3506 uid=10094 pkg=com.tencent.android.qqdownloader startFg?=false
05-11 11:09:30.641 1497 2089 W ActivityManager: Background start not allowed: service Intent { cmp=com.tencent.android.qqdownloader/com.tencent.assistant.main.MainService } to com.tencent.android.qqdownloader/com.tencent.assistant.main.MainService from pid=3506 uid=10094 pkg=com.tencent.android.qqdownloader startFg?=false
05-11 11:09:30.692 1497 2089 D CompatibilityChangeReporter: Compat change id reported: 135634846; UID 10102; state: DISABLED
05-11 11:09:30.692 1497 2089 D CompatibilityChangeReporter: Compat change id reported: 177438394; UID 10102; state: DISABLED
05-11 11:09:30.692 1497 2089 D CompatibilityChangeReporter: Compat change id reported: 135772972; UID 10102; state: DISABLED
05-11 11:09:30.692 1497 2089 D CompatibilityChangeReporter: Compat change id reported: 135754954; UID 10102; state: DISABLED
05-11 11:09:30.693 1497 1603 D CompatibilityChangeReporter: Compat change id reported: 143937733; UID 10102; state: DISABLED
05-11 11:09:30.700 1497 1603 I am_proc_start: [0,4840,10102,com.wandoujia.phoenix2,broadcast,{com.wandoujia.phoenix2/com.pp.assistant.modules.cleaner.cleaner.core.JunkScannerReceiver}]
05-11 11:09:30.700 1497 1603 I ActivityManager: Start proc 4840:com.wandoujia.phoenix2/u0a102 for broadcast {com.wandoujia.phoenix2/com.pp.assistant.modules.cleaner.cleaner.core.JunkScannerReceiver}
01-01 08:00:22.830 0 0 I binder : 4840:4840 ioctl 40046210 7fec0ec5c4 returned -22
05-11 11:09:30.713 1497 2087 I am_proc_bound: [0,4840,com.wandoujia.phoenix2]
05-11 11:09:30.773 1497 2089 W ActivityManager: Background start not allowed: service Intent { cmp=com.tencent.android.qqdownloader/com.tencent.assistant.main.MainService } to com.tencent.android.qqdownloader/com.tencent.assistant.main.MainService from pid=3506 uid=10094 pkg=com.tencent.android.qqdownloader startFg?=false
05-11 11:09:30.793 1497 2087 W ActivityManager: Background start not allowed: service Intent { cmp=com.tencent.android.qqdownloader/com.tencent.assistant.main.MainService } to com.tencent.android.qqdownloader/com.tencent.assistant.main.MainService from pid=3506 uid=10094 pkg=com.tencent.android.qqdownloader startFg?=false
05-11 11:09:30.794 1497 2087 W ActivityManager: Background start not allowed: service Intent { cmp=com.tencent.android.qqdownloader/com.tencent.assistant.main.MainService } to com.tencent.android.qqdownloader/com.tencent.assistant.main.MainService from pid=3506 uid=10094 pkg=com.tencent.android.qqdownloader startFg?=false
05-11 11:09:30.796 1497 2089 W ActivityManager: Background start not allowed: service Intent { cmp=com.tencent.android.qqdownloader/com.tencent.assistant.main.MainService } to com.tencent.android.qqdownloader/com.tencent.assistant.main.MainService from pid=3506 uid=10094 pkg=com.tencent.android.qqdownloader startFg?=false
01-01 08:00:22.935 0 0 W audit : audit_lost=3239 audit_rate_limit=5 audit_backlog_limit=64
01-01 08:00:22.935 0 0 E audit : rate limit exceeded
05-11 11:09:30.817 1497 2087 W ActivityManager: Background start not allowed: service Intent { cmp=com.tencent.android.qqdownloader/com.tencent.assistant.main.MainService } to com.tencent.android.qqdownloader/com.tencent.assistant.main.MainService from pid=3506 uid=10094 pkg=com.tencent.android.qqdownloader startFg?=false
05-11 11:09:30.856 1497 2087 W ActivityManager: Background start not allowed: service Intent { cmp=com.tencent.android.qqdownloader/com.tencent.assistant.main.MainService } to com.tencent.android.qqdownloader/com.tencent.assistant.main.MainService from pid=3506 uid=10094 pkg=com.tencent.android.qqdownloader startFg?=false
01-01 08:00:23.030 0 0 I binder : 2196:4883 ioctl 40046210 711dac9ef4 returned -22
05-11 11:09:30.915 1497 2087 W ActivityManager: Background start not allowed: service Intent { cmp=com.tencent.android.qqdownloader/com.tencent.assistant.main.MainService } to com.tencent.android.qqdownloader/com.tencent.assistant.main.MainService from pid=3506 uid=10094 pkg=com.tencent.android.qqdownloader startFg?=false
01-01 08:00:23.082 0 0 I init : processing action (sys.tlog.tlogdsho.active=1) from (/system/etc/init/tlogd.rc:163)
01-01 08:00:23.083 0 0 I init : starting service 'tlogdsho'...
01-01 08:00:23.126 0 0 I init : Service 'tlogdsho' (pid 4900) exited with status 0 oneshot service took 0.041000 seconds in background
01-01 08:00:23.126 0 0 I init : Sending signal 9 to service 'tlogdsho' (pid 4900) process group...
01-01 08:00:23.126 0 0 I libprocessgroup: Successfully killed process cgroup uid 0 pid 4900 in 0ms
01-01 08:00:23.318 0 0 I init : Untracked pid 4903 exited with status 0
05-11 11:09:31.184 1497 2512 D CompatibilityChangeReporter: Compat change id reported: 149924527; UID 10102; state: ENABLED
05-11 11:09:31.184 1497 2512 D CompatibilityChangeReporter: Compat change id reported: 132649864; UID 10102; state: DISABLED
05-11 11:09:31.291 1497 2089 I am_wtf : [0,4751,com.tencent.mm,949501508,FirebaseApp,Remote stack trace:
05-11 11:09:31.291 1497 2089 I am_wtf : at com.android.server.content.ContentService.registerContentObserver(ContentService.java:357)
05-11 11:09:31.291 1497 2089 I am_wtf : at android.content.IContentService$Stub.onTransact(IContentService.java:484)
05-11 11:09:31.291 1497 2089 I am_wtf : at android.os.Binder.execTransactInternal(Binder.java:1179)
05-11 11:09:31.291 1497 2089 I am_wtf : at android.os.Binder.execTransact(Binder.java:1143)
05-11 11:09:31.291 1497 2089 I am_wtf : ]
05-11 11:09:31.292 1497 4972 I DropBoxManagerService: add tag=data_app_wtf isTagEnabled=true flags=0x2
05-11 11:09:31.310 4759 4759 I auditd : type=1400 audit(0.0:4182): avc: denied { read } for comm="WaBackgroundHan" name="u:object_r:serialno_prop:s0" dev="tmpfs" ino=2302 scontext=u:r:untrusted_app_27:s0:c512,c768 tcontext=u:object_r:serialno_prop:s0 tclass=file permissive=1 app=com.wandoujia.phoenix2
05-11 11:09:31.310 4759 4759 I auditd : type=1400 audit(0.0:4183): avc: denied { open } for comm="WaBackgroundHan" path="/dev/__properties__/u:object_r:serialno_prop:s0" dev="tmpfs" ino=2302 scontext=u:r:untrusted_app_27:s0:c512,c768 tcontext=u:object_r:serialno_prop:s0 tclass=file permissive=1 app=com.wandoujia.phoenix2
05-11 11:09:31.310 4759 4759 I auditd : type=1400 audit(0.0:4184): avc: denied { getattr } for comm="WaBackgroundHan" path="/dev/__properties__/u:object_r:serialno_prop:s0" dev="tmpfs" ino=2302 scontext=u:r:untrusted_app_27:s0:c512,c768 tcontext=u:object_r:serialno_prop:s0 tclass=file permissive=1 app=com.wandoujia.phoenix2
05-11 11:09:31.310 4759 4759 I auditd : type=1400 audit(0.0:4185): avc: denied { map } for comm="WaBackgroundHan" path="/dev/__properties__/u:object_r:serialno_prop:s0" dev="tmpfs" ino=2302 scontext=u:r:untrusted_app_27:s0:c512,c768 tcontext=u:object_r:serialno_prop:s0 tclass=file permissive=1 app=com.wandoujia.phoenix2
05-11 11:09:31.319 1497 1825 I GameModeConfig: isGameModeOn = true
05-11 11:09:31.319 1497 1825 I GameModeConfig: isGaming = false
05-11 11:09:31.342 3506 3506 I auditd : type=1400 audit(0.0:4186): avc: denied { read } for comm="qimei-thread-1" name="/" dev="dm-5" ino=2 scontext=u:r:untrusted_app_27:s0:c512,c768 tcontext=u:object_r:rootfs:s0 tclass=dir permissive=1 app=com.tencent.android.qqdownloader
05-11 11:09:31.354 1497 2087 W ActivityManager: Unable to start service Intent { act=mtopsdk.xstate.aidl.IXState cat=[android.intent.category.DEFAULT] pkg=com.wandoujia.phoenix2 cmp=com.wandoujia.phoenix2/mtopsdk.xstate.XStateService } U=0: not found
01-01 08:00:23.997 0 0 W audit : audit_lost=3879 audit_rate_limit=5 audit_backlog_limit=64
01-01 08:00:23.997 0 0 E audit : rate limit exceeded
05-11 11:09:32.150 1497 1825 I GameModeConfig: isGameModeOn = true
05-11 11:09:32.150 1497 1825 I GameModeConfig: isGaming = false
05-11 11:09:32.390 4751 4751 I auditd : type=1400 audit(0.0:4204): avc: granted { execute } for comm="wc_srvinit_10" path="/data/user/0/com.tencent.mm/tinker/patch-13ff42e7/lib/lib/arm64-v8a/libwechatbase.so" dev="dm-10" ino=37544 scontext=u:r:untrusted_app_29:s0:c96,c256,c512,c768 tcontext=u:object_r:app_data_file:s0:c96,c256,c512,c768 tclass=file app=com.tencent.mm
05-11 11:09:32.399 1497 2089 W ActivityManager: Unable to start service Intent { act=mtopsdk.xstate.aidl.IXState cat=[android.intent.category.DEFAULT] pkg=com.wandoujia.phoenix2 cmp=com.wandoujia.phoenix2/mtopsdk.xstate.XStateService } U=0: not found
05-11 11:09:32.422 4751 4751 I auditd : type=1400 audit(0.0:4205): avc: granted { execute } for comm="wc_srvinit_10" path="/data/user/0/com.tencent.mm/tinker/patch-13ff42e7/lib/lib/arm64-v8a/libandromeda.so" dev="dm-10" ino=37536 scontext=u:r:untrusted_app_29:s0:c96,c256,c512,c768 tcontext=u:object_r:app_data_file:s0:c96,c256,c512,c768 tclass=file app=com.tencent.mm
05-11 11:09:32.450 4751 4751 I auditd : type=1400 audit(0.0:4206): avc: granted { execute } for comm="wc_srvinit_10" path="/data/user/0/com.tencent.mm/tinker/patch-13ff42e7/lib/lib/arm64-v8a/libwechatmm.so" dev="dm-10" ino=37619 scontext=u:r:untrusted_app_29:s0:c96,c256,c512,c768 tcontext=u:object_r:app_data_file:s0:c96,c256,c512,c768 tclass=file app=com.tencent.mm
05-11 11:09:32.488 1497 2089 D CompatibilityChangeReporter: Compat change id reported: 135634846; UID 10101; state: DISABLED
05-11 11:09:32.489 1497 2089 D CompatibilityChangeReporter: Compat change id reported: 177438394; UID 10101; state: DISABLED
05-11 11:09:32.489 1497 2089 D CompatibilityChangeReporter: Compat change id reported: 135772972; UID 10101; state: DISABLED
05-11 11:09:32.489 1497 2089 D CompatibilityChangeReporter: Compat change id reported: 135754954; UID 10101; state: DISABLED
05-11 11:09:32.489 1497 1603 D CompatibilityChangeReporter: Compat change id reported: 143937733; UID 10101; state: DISABLED
05-11 11:09:32.497 1497 1603 I am_proc_start: [0,5165,10101,com.baidu.appsearch:bdservice_v1,service,{com.baidu.appsearch/com.baidu.android.pushservice.PushService}]
05-11 11:09:32.497 1497 1603 I ActivityManager: Start proc 5165:com.baidu.appsearch:bdservice_v1/u0a101 for service {com.baidu.appsearch/com.baidu.android.pushservice.PushService}
01-01 08:00:24.635 0 0 I binder : 5165:5165 ioctl 40046210 7fec0ec5c4 returned -22
05-11 11:09:32.506 4751 4751 I auditd : type=1400 audit(0.0:4207): avc: granted { execute } for comm="wc_srvinit_8" path="/data/user/0/com.tencent.mm/tinker/patch-13ff42e7/lib/lib/arm64-v8a/libkinda_android.so" dev="dm-10" ino=37581 scontext=u:r:untrusted_app_29:s0:c96,c256,c512,c768 tcontext=u:object_r:app_data_file:s0:c96,c256,c512,c768 tclass=file app=com.tencent.mm
05-11 11:09:32.517 1497 2087 I am_proc_bound: [0,5165,com.baidu.appsearch:bdservice_v1]
05-11 11:09:32.532 1497 2087 I service_manager_slow: [14,platform_compat]
05-11 11:09:32.533 1497 2087 D CompatibilityChangeReporter: Compat change id reported: 168419799; UID 10101; state: DISABLED
01-01 08:00:24.668 0 0 E link_delay_work_func: DTC_ETH: SQI=0, link=0
05-11 11:09:32.539 1497 1825 I GameModeConfig: isGameModeOn = true
05-11 11:09:32.539 1497 1825 I GameModeConfig: isGaming = false
05-11 11:09:32.539 1497 1825 I GameModeConfig: isGameModeOn = true
05-11 11:09:32.539 1497 1825 I GameModeConfig: isGaming = false
05-11 11:09:32.539 1497 1825 I GameModeConfig: isGameModeOn = true
05-11 11:09:32.539 1497 1825 I GameModeConfig: isGaming = false
05-11 11:09:32.549 1497 1825 I GameModeConfig: isGameModeOn = true
05-11 11:09:32.549 1497 1825 I GameModeConfig: isGaming = false
05-11 11:09:32.549 1497 1825 I GameModeConfig: isGameModeOn = true
05-11 11:09:32.549 1497 1825 I GameModeConfig: isGaming = false
05-11 11:09:32.557 1497 1825 I GameModeConfig: isGameModeOn = true
01-01 08:00:24.714 0 0 I logd : logdr: UID=10096 GID=10096 PID=5128 n tail=2000 logMask=bf pid=0 start=0ns deadline=0ns
05-11 11:09:32.966 4840 4840 I auditd : type=1400 audit(0.0:4208): avc: denied { read } for comm=4173796E635461736B202336 name="version" dev="proc" ino=4026532238 scontext=u:r:untrusted_app_27:s0:c512,c768 tcontext=u:object_r:proc_version:s0 tclass=file permissive=1 app=com.wandoujia.phoenix2
01-01 08:00:24.976 0 0 I binder : 5252:5252 ioctl 40046210 7fec0ec5c4 returned -22
01-01 08:00:25.091 0 0 W audit : audit_lost=3884 audit_rate_limit=5 audit_backlog_limit=64
01-01 08:00:25.091 0 0 E audit : rate limit exceeded
05-11 11:09:32.557 1497 1825 I GameModeConfig: isGaming = false
05-11 11:09:32.557 1497 1825 I GameModeConfig: isGameModeOn = true
05-11 11:09:32.557 1497 1825 I GameModeConfig: isGaming = false
05-11 11:09:32.583 1497 1825 I GameModeConfig: isGameModeOn = true
05-11 11:09:32.583 1497 1825 I GameModeConfig: isGaming = false
05-11 11:09:32.583 1497 1825 I GameModeConfig: isGameModeOn = true
05-11 11:09:32.583 1497 1825 I GameModeConfig: isGaming = false
05-11 11:09:32.661 1497 1825 I GameModeConfig: isGameModeOn = true
05-11 11:09:32.661 1497 1825 I GameModeConfig: isGaming = false
05-11 11:09:32.661 1497 1825 I GameModeConfig: isGameModeOn = true
05-11 11:09:32.661 1497 1825 I GameModeConfig: isGaming = false
05-11 11:09:32.661 1497 1825 I GameModeConfig: isGameModeOn = true
05-11 11:09:32.661 1497 1825 I GameModeConfig: isGaming = false
05-11 11:09:32.661 1497 1825 I GameModeConfig: isGameModeOn = true
05-11 11:09:32.661 1497 1825 I GameModeConfig: isGaming = false
05-11 11:09:32.723 1497 1825 I GameModeConfig: isGameModeOn = true
05-11 11:09:32.723 1497 1825 I GameModeConfig: isGaming = false
05-11 11:09:32.723 1497 1825 I GameModeConfig: isGameModeOn = true
05-11 11:09:32.723 1497 1825 I GameModeConfig: isGaming = false
05-11 11:09:32.803 5165 5233 D ActivityThread: Loading provider com.baidu.appsearch.permissiongranter.PermissionRequestorContentProvider: com.baidu.appsearch.permissiongranter.PermissionRequestorContentProvider
05-11 11:09:32.809 1497 3412 I ActivityManager: Finished processing BOOT_COMPLETED for u0
05-11 11:09:32.809 1497 3412 W BroadcastQueue: Background execution not allowed: receiving Intent { act=android.intent.action.INPUT_METHOD_CHANGED flg=0x20000010 (has extras) } to com.baidu.input/.switchguide.InputMethodChangedReceiver
05-11 11:09:32.822 1497 1810 I netstats_mobile_sample: [0,0,0,0,0,0,0,0,0,0,0,0,1683872239829]
05-11 11:09:32.822 1497 1810 I netstats_wifi_sample: [322,1,0,0,322,1,0,0,0,0,0,0,1683872239829]
05-11 11:09:32.824 1497 1810 D CompatibilityChangeReporter: Compat change id reported: 168419799; UID 10059; state: DISABLED
05-11 11:09:32.839 1497 3412 I am_uid_running: 10036
05-11 11:09:32.839 1497 3412 D CompatibilityChangeReporter: Compat change id reported: 135634846; UID 10036; state: DISABLED
05-11 11:09:32.839 1497 3412 D CompatibilityChangeReporter: Compat change id reported: 177438394; UID 10036; state: DISABLED
05-11 11:09:32.839 1497 3412 D CompatibilityChangeReporter: Compat change id reported: 135772972; UID 10036; state: DISABLED
05-11 11:09:32.839 1497 3412 D CompatibilityChangeReporter: Compat change id reported: 135754954; UID 10036; state: ENABLED
05-11 11:09:32.840 1497 1603 D CompatibilityChangeReporter: Compat change id reported: 143937733; UID 10036; state: ENABLED
05-11 11:09:32.846 1497 1603 I am_proc_start: [0,5252,10036,com.android.externalstorage,broadcast,{com.android.externalstorage/com.android.externalstorage.MountReceiver}]
05-11 11:09:32.846 1497 1603 I ActivityManager: Start proc 5252:com.android.externalstorage/u0a36 for broadcast {com.android.externalstorage/com.android.externalstorage.MountReceiver}
05-11 11:09:32.859 1497 3412 I am_proc_bound: [0,5252,com.android.externalstorage]
05-11 11:09:32.860 1497 3412 D CompatibilityChangeReporter: Compat change id reported: 168419799; UID 10036; state: DISABLED
05-11 11:09:32.914 1497 1601 I am_pss : [2603,10072,com.android.launcher3,181931008,155025408,0,336052224,0,2,10]
05-11 11:09:33.228 1497 1497 I notification_enqueue: [10094,3506,com.tencent.android.qqdownloader,127,NULL,0,Notification(channel=channel_id_default_silent shortcut=null contentView=com.tencent.android.qqdownloader/0x7f0a01c2 vibrate=null sound=null defaults=0x0 flags=0x2a2 color=0x00000000 groupKey=com.tencent.android.qqdownloader vis=PRIVATE),0]
05-11 11:09:33.236 1497 1825 I GameModeConfig: isGameModeOn = true
05-11 11:09:33.236 1497 1825 I GameModeConfig: isGaming = false
05-11 11:09:33.236 1497 1825 I GameModeConfig: isGameModeOn = true
05-11 11:09:33.236 1497 1825 I GameModeConfig: isGaming = false
05-11 11:09:33.237 1497 1825 I GameModeConfig: isGameModeOn = true
05-11 11:09:33.237 1497 1825 I GameModeConfig: isGaming = false
05-11 11:09:33.237 1497 1825 I GameModeConfig: isGameModeOn = true
05-11 11:09:33.237 1497 1825 I GameModeConfig: isGaming = false
05-11 11:09:33.237 1497 1825 I GameModeConfig: isGameModeOn = true
05-11 11:09:33.237 1497 1825 I GameModeConfig: isGaming = false
05-11 11:09:33.237 1497 1825 I GameModeConfig: isGameModeOn = true
05-11 11:09:33.237 1497 1825 I GameModeConfig: isGaming = false
05-11 11:09:33.286 1497 1497 I sysui_multi_action: [757,128,758,5,759,8,793,59,794,0,795,59,796,127,806,com.tencent.android.qqdownloader,857,channel_id_default_silent,858,3,946,com.tencent.android.qqdownloader,947,1,1500,59,1688,1]
05-11 11:09:33.286 1497 1497 I notification_canceled: [0|com.tencent.android.qqdownloader|127|null|10094,8,59,59,0,-1,-1,NULL]
05-11 11:09:33.319 4840 5329 E ActivityThread: Failed to find provider info for com.pp.assistant.modules.cleaner.cleaner.provider
05-11 11:09:33.320 4840 5329 E ActivityThread: Failed to find provider info for com.pp.assistant.modules.cleaner.cleaner.provider
05-11 11:09:33.350 4840 5329 E ActivityThread: Failed to find provider info for com.pp.assistant.modules.cleaner.cleaner.provider
05-11 11:09:33.372 4840 5329 E ActivityThread: Failed to find provider info for com.pp.assistant.modules.cleaner.cleaner.provider
05-11 11:09:33.373 4840 5329 E ActivityThread: Failed to find provider info for com.pp.assistant.modules.cleaner.cleaner.provider
05-11 11:09:33.428 1497 1497 I NotificationService: Cannot find enqueued record for key: 0|com.tencent.android.qqdownloader|127|null|10094
05-11 11:09:33.440 4840 5329 E ActivityThread: Failed to find provider info for com.pp.assistant.modules.cleaner.cleaner.provider
05-11 11:09:33.600 1497 3412 I am_uid_running: 10070
05-11 11:09:33.600 1497 3412 D CompatibilityChangeReporter: Compat change id reported: 135634846; UID 10070; state: DISABLED
05-11 11:09:33.600 1497 3412 D CompatibilityChangeReporter: Compat change id reported: 177438394; UID 10070; state: DISABLED
05-11 11:09:33.600 1497 3412 D CompatibilityChangeReporter: Compat change id reported: 135772972; UID 10070; state: DISABLED
05-11 11:09:33.600 1497 3412 D CompatibilityChangeReporter: Compat change id reported: 135754954; UID 10070; state: ENABLED
05-11 11:09:33.600 1497 1603 D CompatibilityChangeReporter: Compat change id reported: 143937733; UID 10070; state: ENABLED
05-11 11:09:33.608 1497 1603 I am_proc_start: [0,5379,10070,com.qti.ltebc,broadcast,{com.qti.ltebc/com.qualcomm.ltebc.LTEBroadcastReceiver}]
05-11 11:09:33.608 1497 1603 I ActivityManager: Start proc 5379:com.qti.ltebc/u0a70 for broadcast {com.qti.ltebc/com.qualcomm.ltebc.LTEBroadcastReceiver}
05-11 11:09:33.622 1497 2512 I am_proc_bound: [0,5379,com.qti.ltebc]
05-11 11:09:33.623 1497 2512 D CompatibilityChangeReporter: Compat change id reported: 168419799; UID 10070; state: DISABLED
05-11 11:09:33.624 1497 2512 I am_uid_active: 10070
01-01 08:00:25.740 0 0 I binder : 5379:5379 ioctl 40046210 7fec0ec5c4 returned -22
05-11 11:09:33.699 1497 2512 W ActivityManager: Background start not allowed: service Intent { cmp=com.tencent.android.qqdownloader/com.tencent.assistant.main.MainService } to com.tencent.android.qqdownloader/com.tencent.assistant.main.MainService from pid=3506 uid=10094 pkg=com.tencent.android.qqdownloader startFg?=false
05-11 11:09:33.746 5395 5395 I auditd : type=1400 audit(0.0:4215): avc: denied { setattr } for comm="WeexJSBridgeThr" name="libweexjsb.so" dev="dm-10" ino=15613 scontext=u:r:untrusted_app_27:s0:c512,c768 tcontext=u:object_r:apk_data_file:s0 tclass=file permissive=1 app=com.wandoujia.phoenix2
05-11 11:09:33.814 5395 5395 I auditd : type=1400 audit(0.0:4216): avc: denied { getattr } for comm="libweexjsb.so" path="/postinstall" dev="dm-5" ino=44 scontext=u:r:untrusted_app_27:s0:c512,c768 tcontext=u:object_r:postinstall_mnt_dir:s0 tclass=dir permissive=1 app=com.wandoujia.phoenix2
05-11 11:09:33.854 5373 5373 I auditd : type=1400 audit(0.0:4217): avc: denied { read } for comm="ps" name="pid_max" dev="proc" ino=48438 scontext=u:r:untrusted_app_27:s0:c512,c768 tcontext=u:object_r:proc_pid_max:s0 tclass=file permissive=1 app=com.wandoujia.phoenix2
05-11 11:09:33.854 5373 5373 I auditd : type=1400 audit(0.0:4218): avc: denied { open } for comm="ps" path="/proc/sys/kernel/pid_max" dev="proc" ino=48438 scontext=u:r:untrusted_app_27:s0:c512,c768 tcontext=u:object_r:proc_pid_max:s0 tclass=file permissive=1 app=com.wandoujia.phoenix2
05-11 11:09:33.976 1497 2512 W ActivityManager: Background start not allowed: service Intent { cmp=com.tencent.android.qqdownloader/com.tencent.assistant.main.MainService } to com.tencent.android.qqdownloader/com.tencent.assistant.main.MainService from pid=3506 uid=10094 pkg=com.tencent.android.qqdownloader startFg?=false
05-11 11:09:34.081 1497 2512 W ActivityManager: Background start not allowed: service Intent { cmp=com.tencent.android.qqdownloader/com.tencent.assistant.main.MainService } to com.tencent.android.qqdownloader/com.tencent.assistant.main.MainService from pid=3506 uid=10094 pkg=com.tencent.android.qqdownloader startFg?=false
05-11 11:09:34.098 0 0 I auditd : type=1400 audit(0.0:4219): avc: denied { kill } for comm="swapper/4" capability=5 scontext=u:r:kernel:s0 tcontext=u:r:kernel:s0 tclass=capability permissive=1
05-11 11:09:34.120 1497 1810 I netstats_mobile_sample: [0,0,0,0,0,0,0,0,0,0,0,0,1683872241127]
05-11 11:09:34.120 1497 1810 I netstats_wifi_sample: [322,1,0,0,322,1,0,0,0,0,0,0,1683872241127]
05-11 11:09:34.211 1497 1825 I GameModeConfig: isGameModeOn = true
05-11 11:09:34.211 1497 1825 I GameModeConfig: isGaming = false
05-11 11:09:34.212 1497 1825 I GameModeConfig: isGameModeOn = true
05-11 11:09:34.212 1497 1825 I GameModeConfig: isGaming = false
05-11 11:09:34.258 1497 2087 W BluetoothManagerService: psc is not null in bindBluetoothProfileService
05-11 11:09:34.276 1497 1497 I notification_enqueue: [10094,3506,com.tencent.android.qqdownloader,127,NULL,0,Notification(channel=channel_id_default_silent shortcut=null contentView=com.tencent.android.qqdownloader/0x7f0a01c2 vibrate=null sound=null defaults=0x0 flags=0x2a2 color=0x00000000 groupKey=com.tencent.android.qqdownloader vis=PRIVATE),0]
05-11 11:09:34.354 1497 2512 W ActivityManager: Background start not allowed: service Intent { cmp=com.tencent.android.qqdownloader/com.tencent.assistant.main.MainService } to com.tencent.android.qqdownloader/com.tencent.assistant.main.MainService from pid=3506 uid=10094 pkg=com.tencent.android.qqdownloader startFg?=false
05-11 11:09:34.363 1497 2087 W ActivityManager: Background start not allowed: service Intent { cmp=com.tencent.android.qqdownloader/com.tencent.assistant.main.MainService } to com.tencent.android.qqdownloader/com.tencent.assistant.main.MainService from pid=3506 uid=10094 pkg=com.tencent.android.qqdownloader startFg?=false
05-11 11:09:34.392 1497 2087 I ActivityManager: Process com.qti.ltebc (pid 5379) has died: fg RCVR
05-11 11:09:34.392 1497 2087 I am_proc_died: [0,5379,com.qti.ltebc,0,11]
05-11 11:09:34.393 1497 2087 I am_broadcast_discard_app: [0,189297745,android.intent.action.MEDIA_MOUNTED,2,ResolveInfo{75d4e2c com.qti.ltebc/com.qualcomm.ltebc.LTEBroadcastReceiver m=0x208000}]
05-11 11:09:34.393 1497 2087 I am_uid_stopped: 10070
05-11 11:09:34.414 1497 2512 I am_uid_running: 10070
05-11 11:09:34.415 1497 2512 D CompatibilityChangeReporter: Compat change id reported: 135634846; UID 10070; state: DISABLED
05-11 11:09:34.415 1497 2512 D CompatibilityChangeReporter: Compat change id reported: 177438394; UID 10070; state: DISABLED
05-11 11:09:34.415 1497 2512 D CompatibilityChangeReporter: Compat change id reported: 135772972; UID 10070; state: DISABLED
05-11 11:09:34.415 1497 2512 D CompatibilityChangeReporter: Compat change id reported: 135754954; UID 10070; state: ENABLED
05-11 11:09:34.415 1497 1603 D CompatibilityChangeReporter: Compat change id reported: 143937733; UID 10070; state: ENABLED
05-11 11:09:34.423 1497 1603 I am_proc_start: [0,5427,10070,com.qti.ltebc,broadcast,{com.qti.ltebc/com.qualcomm.ltebc.LTEBroadcastReceiver}]
05-11 11:09:34.423 1497 1603 I ActivityManager: Start proc 5427:com.qti.ltebc/u0a70 for broadcast {com.qti.ltebc/com.qualcomm.ltebc.LTEBroadcastReceiver}
05-11 11:09:34.434 1497 2087 I am_proc_bound: [0,5427,com.qti.ltebc]
05-11 11:09:34.436 1497 2087 I am_uid_active: 10070
01-01 08:00:26.552 0 0 I binder : 5427:5427 ioctl 40046210 7fec0ec5c4 returned -22
05-11 11:09:34.477 1497 1497 I GameModeConfig: isGameModeOn = true
05-11 11:09:34.477 1497 1497 I GameModeConfig: isGaming = false
05-11 11:09:34.617 1497 1601 W NotificationHistory: Attempted to remove conversation for locked/gone/disabled user 0
01-01 08:00:26.869 0 0 W audit : audit_lost=3890 audit_rate_limit=5 audit_backlog_limit=64
01-01 08:00:26.869 0 0 E audit : rate limit exceeded
05-11 11:09:34.766 3592 3592 I auditd : type=1400 audit(0.0:4221): avc: denied { read } for comm="qimei-s-thread-" name="ioports" dev="proc" ino=4026532273 scontext=u:r:untrusted_app_27:s0:c512,c768 tcontext=u:object_r:proc:s0 tclass=file permissive=1 app=com.tencent.android.qqdownloader
05-11 11:09:34.766 3592 3592 I auditd : type=1400 audit(0.0:4222): avc: denied { open } for comm="qimei-s-thread-" path="/proc/ioports" dev="proc" ino=4026532273 scontext=u:r:untrusted_app_27:s0:c512,c768 tcontext=u:object_r:proc:s0 tclass=file permissive=1 app=com.tencent.android.qqdownloader
05-11 11:09:34.848 1497 1497 D CompanionDeviceManagerService: TriggerDeviceDisappearedRunnable.run(address = 60:F4:3A:B2:E8:8D)
05-11 11:09:34.870 1497 1587 I commit_sys_config_file: [notification-policy,14819]
01-01 08:00:27.173 0 0 I [dp_rx_][0x1f193dc5][11:09:35.052961] wlan: [3496:I:QDF] DHCP-R RX: SA:34:f7:16:b2:4c:1e DA:ff:ff:ff:ff:ff:ff
05-11 11:09:35.100 1497 2090 W ActivityManager: Background start not allowed: service Intent { cmp=com.tencent.android.qqdownloader/com.tencent.assistant.main.MainService } to com.tencent.android.qqdownloader/com.tencent.assistant.main.MainService from pid=3506 uid=10094 pkg=com.tencent.android.qqdownloader startFg?=false
05-11 11:09:35.098 0 0 I auditd : type=1400 audit(0.0:4223): avc: denied { kill } for comm="swapper/4" capability=5 scontext=u:r:kernel:s0 tcontext=u:r:kernel:s0 tclass=capability permissive=1
05-11 11:09:35.322 1497 1497 I notification_enqueue: [10094,3506,com.tencent.android.qqdownloader,127,NULL,0,Notification(channel=channel_id_default_silent shortcut=null contentView=com.tencent.android.qqdownloader/0x7f0a01c2 vibrate=null sound=null defaults=0x0 flags=0x2a2 color=0x00000000 groupKey=com.tencent.android.qqdownloader vis=PRIVATE),1]
05-11 11:09:35.434 4840 4840 I auditd : type=1400 audit(0.0:4224): avc: denied { read } for comm="PPHttpLoadingTa" name="u:object_r:wifi_hal_prop:s0" dev="tmpfs" ino=2458 scontext=u:r:untrusted_app_27:s0:c512,c768 tcontext=u:object_r:wifi_hal_prop:s0 tclass=file permissive=1 app=com.wandoujia.phoenix2
05-11 11:09:35.434 4840 4840 I auditd : type=1400 audit(0.0:4225): avc: denied { open } for comm="PPHttpLoadingTa" path="/dev/__properties__/u:object_r:wifi_hal_prop:s0" dev="tmpfs" ino=2458 scontext=u:r:untrusted_app_27:s0:c512,c768 tcontext=u:object_r:wifi_hal_prop:s0 tclass=file permissive=1 app=com.wandoujia.phoenix2
05-11 11:09:35.523 1497 1497 I GameModeConfig: isGameModeOn = true
05-11 11:09:35.523 1497 1497 I GameModeConfig: isGaming = false
