05-11 11:09:23.664 3506 3506 W PackageParsing: No actions in intent-filter at /data/user/0/com.tencent.android.qqdownloader/files/shell/7_8424130_6981/base.apk Binary XML file line #576
05-11 11:09:23.664 3506 3506 W PackageParsing: No actions in intent-filter at /data/user/0/com.tencent.android.qqdownloader/files/shell/7_8424130_6981/base.apk Binary XML file line #612
05-11 11:09:23.668 3506 3506 W PackageParsing: No actions in intent-filter at /data/user/0/com.tencent.android.qqdownloader/files/shell/7_8424130_6981/base.apk Binary XML file line #1711
01-01 08:00:15.803 0 0 I [schedu][0x12163f07][11:09:23.683164] wlan: [3493:I:HIF] Deinitializing Runtime PM wakelock &vdev->vdev_set_key_runtime_wakelock
01-01 08:00:15.804 0 0 I [schedu][0x12165653][11:09:23.683474] wlan: [3493:I:HIF] Initializing Runtime PM wakelock &vdev->vdev_set_key_runtime_wakelock
01-01 08:00:15.808 0 0 I [wifi@1][0x1217a638][11:09:23.687953] wlan: [836:I:DP] dp_vdev_attach_wifi3: wlan_cfg_ap_bridge_enabled 0
05-11 11:09:23.695 1497 2519 W ActivityManager: Background start not allowed: service Intent { cmp=com.tencent.android.qqdownloader/com.tencent.assistant.daemon.CoreService } to com.tencent.android.qqdownloader/com.tencent.assistant.daemon.CoreService from pid=3506 uid=10094 pkg=com.tencent.android.qqdownloader startFg?=false
01-01 08:00:15.820 0 0 E [wifi@1][0x121b2b32][11:09:23.699966] wlan: [3543:E:wifipos] wifi_pos_process_app_reg_req: 608: Received App Req Req pid(1631585092), len(16)
01-01 08:00:15.821 0 0 I [wifi@1][0x121b3f97][11:09:23.700238] wlan: [3543:I:wifipos] wifi_pos_get_ch_info: 461: num channels: 26
01-01 08:00:15.821 0 0 I [wifi@1][0x121b4cc5][11:09:23.700414] wlan: [3543:I:wifipos] wifi_pos_get_ch_info: 461: num channels: 26
05-11 11:09:23.718 1497 2512 D CompatibilityChangeReporter: Compat change id reported: 149924527; UID 10094; state: ENABLED
05-11 11:09:23.718 1497 2512 D CompatibilityChangeReporter: Compat change id reported: 132649864; UID 10094; state: DISABLED
05-11 11:09:23.739 1497 2519 D CompatibilityChangeReporter: Compat change id reported: 135634846; UID 10094; state: DISABLED
05-11 11:09:23.739 1497 2519 D CompatibilityChangeReporter: Compat change id reported: 177438394; UID 10094; state: DISABLED
05-11 11:09:23.739 1497 2519 D CompatibilityChangeReporter: Compat change id reported: 135772972; UID 10094; state: DISABLED
05-11 11:09:23.739 1497 2519 D CompatibilityChangeReporter: Compat change id reported: 135754954; UID 10094; state: DISABLED
05-11 11:09:23.739 1497 1603 D CompatibilityChangeReporter: Compat change id reported: 143937733; UID 10094; state: DISABLED
05-11 11:09:23.745 1497 1603 I am_proc_start: [0,3653,10094,com.tencent.android.qqdownloader:cloud,service,{com.tencent.android.qqdownloader/com.live.watermelon.service.SentryAlphaService}]
05-11 11:09:23.745 1497 1603 I ActivityManager: Start proc 3653:com.tencent.android.qqdownloader:cloud/u0a94 for service {com.tencent.android.qqdownloader/com.live.watermelon.service.SentryAlphaService}
01-01 08:00:15.875 0 0 I binder : 3653:3653 ioctl 40046210 7fec0ec5c4 returned -22
05-11 11:09:23.759 1497 2519 I am_proc_bound: [0,3653,com.tencent.android.qqdownloader:cloud]
01-01 08:00:15.887 0 0 I binder : 3671:3671 ioctl 40046210 7fda9e0764 returned -22
05-11 11:09:23.772 1497 2090 W ActivityManager: Background start not allowed: service Intent { cmp=com.tencent.android.qqdownloader/com.tencent.assistant.main.MainService } to com.tencent.android.qqdownloader/com.tencent.assistant.main.MainService from pid=3506 uid=10094 pkg=com.tencent.android.qqdownloader startFg?=false
05-11 11:09:23.773 1497 2090 W ActivityManager: Background start not allowed: service Intent { cmp=com.tencent.android.qqdownloader/com.tencent.assistant.main.MainService } to com.tencent.android.qqdownloader/com.tencent.assistant.main.MainService from pid=3506 uid=10094 pkg=com.tencent.android.qqdownloader startFg?=false
05-11 11:09:23.776 1497 2512 W ActivityManager: Background start not allowed: service Intent { cmp=com.tencent.android.qqdownloader/com.tencent.assistant.main.MainService } to com.tencent.android.qqdownloader/com.tencent.assistant.main.MainService from pid=3506 uid=10094 pkg=com.tencent.android.qqdownloader startFg?=false
05-11 11:09:23.777 1497 2512 W ActivityManager: Background start not allowed: service Intent { cmp=com.tencent.android.qqdownloader/com.tencent.assistant.main.MainService } to com.tencent.android.qqdownloader/com.tencent.assistant.main.MainService from pid=3506 uid=10094 pkg=com.tencent.android.qqdownloader startFg?=false
05-11 11:09:23.781 1497 2512 W ActivityManager: Background start not allowed: service Intent { cmp=com.tencent.android.qqdownloader/com.tencent.assistant.main.MainService } to com.tencent.android.qqdownloader/com.tencent.assistant.main.MainService from pid=3506 uid=10094 pkg=com.tencent.android.qqdownloader startFg?=false
05-11 11:09:23.781 1497 2512 W ActivityManager: Background start not allowed: service Intent { cmp=com.tencent.android.qqdownloader/com.tencent.assistant.main.MainService } to com.tencent.android.qqdownloader/com.tencent.assistant.main.MainService from pid=3506 uid=10094 pkg=com.tencent.android.qqdownloader startFg?=false
05-11 11:09:23.782 1497 2512 W ActivityManager: Background start not allowed: service Intent { cmp=com.tencent.android.qqdownloader/com.tencent.assistant.main.MainService } to com.tencent.android.qqdownloader/com.tencent.assistant.main.MainService from pid=3506 uid=10094 pkg=com.tencent.android.qqdownloader startFg?=false
05-11 11:09:23.783 1497 2512 W ActivityManager: Background start not allowed: service Intent { cmp=com.tencent.android.qqdownloader/com.tencent.assistant.main.MainService } to com.tencent.android.qqdownloader/com.tencent.assistant.main.MainService from pid=3506 uid=10094 pkg=com.tencent.android.qqdownloader startFg?=false
05-11 11:09:23.783 1497 2512 W ActivityManager: Background start not allowed: service Intent { cmp=com.tencent.android.qqdownloader/com.tencent.assistant.main.MainService } to com.tencent.android.qqdownloader/com.tencent.assistant.main.MainService from pid=3506 uid=10094 pkg=com.tencent.android.qqdownloader startFg?=false
05-11 11:09:23.784 1497 2512 W ActivityManager: Background start not allowed: service Intent { cmp=com.tencent.android.qqdownloader/com.tencent.assistant.main.MainService } to com.tencent.android.qqdownloader/com.tencent.assistant.main.MainService from pid=3506 uid=10094 pkg=com.tencent.android.qqdownloader startFg?=false
05-11 11:09:23.784 1497 2512 W ActivityManager: Background start not allowed: service Intent { cmp=com.tencent.android.qqdownloader/com.tencent.assistant.main.MainService } to com.tencent.android.qqdownloader/com.tencent.assistant.main.MainService from pid=3506 uid=10094 pkg=com.tencent.android.qqdownloader startFg?=false
05-11 11:09:23.785 1497 2090 W ActivityManager: Background start not allowed: service Intent { cmp=com.tencent.android.qqdownloader/com.tencent.assistant.main.MainService } to com.tencent.android.qqdownloader/com.tencent.assistant.main.MainService from pid=3506 uid=10094 pkg=com.tencent.android.qqdownloader startFg?=false
05-11 11:09:23.785 1497 2090 W ActivityManager: Background start not allowed: service Intent { cmp=com.tencent.android.qqdownloader/com.tencent.assistant.main.MainService } to com.tencent.android.qqdownloader/com.tencent.assistant.main.MainService from pid=3506 uid=10094 pkg=com.tencent.android.qqdownloader startFg?=false
05-11 11:09:23.786 1497 2512 W ActivityManager: Background start not allowed: service Intent { cmp=com.tencent.android.qqdownloader/com.tencent.assistant.main.MainService } to com.tencent.android.qqdownloader/com.tencent.assistant.main.MainService from pid=3506 uid=10094 pkg=com.tencent.android.qqdownloader startFg?=false
05-11 11:09:23.786 1497 2090 W ActivityManager: Background start not allowed: service Intent { cmp=com.tencent.android.qqdownloader/com.tencent.assistant.main.MainService } to com.tencent.android.qqdownloader/com.tencent.assistant.main.MainService from pid=3506 uid=10094 pkg=com.tencent.android.qqdownloader startFg?=false
05-11 11:09:23.787 1497 2090 W ActivityManager: Background start not allowed: service Intent { cmp=com.tencent.android.qqdownloader/com.tencent.assistant.main.MainService } to com.tencent.android.qqdownloader/com.tencent.assistant.main.MainService from pid=3506 uid=10094 pkg=com.tencent.android.qqdownloader startFg?=false
05-11 11:09:23.788 1497 2512 W ActivityManager: Background start not allowed: service Intent { cmp=com.tencent.android.qqdownloader/com.tencent.assistant.main.MainService } to com.tencent.android.qqdownloader/com.tencent.assistant.main.MainService from pid=3506 uid=10094 pkg=com.tencent.android.qqdownloader startFg?=false
05-11 11:09:23.788 1497 2512 W ActivityManager: Background start not allowed: service Intent { cmp=com.tencent.android.qqdownloader/com.tencent.assistant.main.MainService } to com.tencent.android.qqdownloader/com.tencent.assistant.main.MainService from pid=3506 uid=10094 pkg=com.tencent.android.qqdownloader startFg?=false
05-11 11:09:23.789 1497 2512 W ActivityManager: Background start not allowed: service Intent { cmp=com.tencent.android.qqdownloader/com.tencent.assistant.main.MainService } to com.tencent.android.qqdownloader/com.tencent.assistant.main.MainService from pid=3506 uid=10094 pkg=com.tencent.android.qqdownloader startFg?=false
05-11 11:09:23.789 1497 2090 W ActivityManager: Background start not allowed: service Intent { cmp=com.tencent.android.qqdownloader/com.tencent.assistant.main.MainService } to com.tencent.android.qqdownloader/com.tencent.assistant.main.MainService from pid=3506 uid=10094 pkg=com.tencent.android.qqdownloader startFg?=false
05-11 11:09:23.790 1497 2090 W ActivityManager: Background start not allowed: service Intent { cmp=com.tencent.android.qqdownloader/com.tencent.assistant.main.MainService } to com.tencent.android.qqdownloader/com.tencent.assistant.main.MainService from pid=3506 uid=10094 pkg=com.tencent.android.qqdownloader startFg?=false
05-11 11:09:23.791 1497 2512 W ActivityManager: Background start not allowed: service Intent { cmp=com.tencent.android.qqdownloader/com.tencent.assistant.main.MainService } to com.tencent.android.qqdownloader/com.tencent.assistant.main.MainService from pid=3506 uid=10094 pkg=com.tencent.android.qqdownloader startFg?=false
05-11 11:09:23.791 1497 2090 W ActivityManager: Background start not allowed: service Intent { cmp=com.tencent.android.qqdownloader/com.tencent.assistant.main.MainService } to com.tencent.android.qqdownloader/com.tencent.assistant.main.MainService from pid=3506 uid=10094 pkg=com.tencent.android.qqdownloader startFg?=false
05-11 11:09:23.792 1497 2090 W ActivityManager: Background start not allowed: service Intent { cmp=com.tencent.android.qqdownloader/com.tencent.assistant.main.MainService } to com.tencent.android.qqdownloader/com.tencent.assistant.main.MainService from pid=3506 uid=10094 pkg=com.tencent.android.qqdownloader startFg?=false
05-11 11:09:23.792 1497 2090 W ActivityManager: Background start not allowed: service Intent { cmp=com.tencent.android.qqdownloader/com.tencent.assistant.main.MainService } to com.tencent.android.qqdownloader/com.tencent.assistant.main.MainService from pid=3506 uid=10094 pkg=com.tencent.android.qqdownloader startFg?=false
05-11 11:09:23.793 1497 2068 W ActivityManager: Background start not allowed: service Intent { cmp=com.tencent.android.qqdownloader/com.tencent.assistant.main.MainService } to com.tencent.android.qqdownloader/com.tencent.assistant.main.MainService from pid=3506 uid=10094 pkg=com.tencent.android.qqdownloader startFg?=false
05-11 11:09:23.795 1497 2068 W ActivityManager: Background start not allowed: service Intent { cmp=com.tencent.android.qqdownloader/com.tencent.assistant.main.MainService } to com.tencent.android.qqdownloader/com.tencent.assistant.main.MainService from pid=3506 uid=10094 pkg=com.tencent.android.qqdownloader startFg?=false
05-11 11:09:23.800 1497 2519 W ActivityManager: Background start not allowed: service Intent { cmp=com.tencent.android.qqdownloader/com.tencent.assistant.main.MainService } to com.tencent.android.qqdownloader/com.tencent.assistant.main.MainService from pid=3506 uid=10094 pkg=com.tencent.android.qqdownloader startFg?=false
05-11 11:09:23.803 1497 2519 W ActivityManager: Background start not allowed: service Intent { cmp=com.tencent.android.qqdownloader/com.tencent.assistant.main.MainService } to com.tencent.android.qqdownloader/com.tencent.assistant.main.MainService from pid=3506 uid=10094 pkg=com.tencent.android.qqdownloader startFg?=false
05-11 11:09:23.806 1497 2519 W ActivityManager: Background start not allowed: service Intent { cmp=com.tencent.android.qqdownloader/com.tencent.assistant.main.MainService } to com.tencent.android.qqdownloader/com.tencent.assistant.main.MainService from pid=3506 uid=10094 pkg=com.tencent.android.qqdownloader startFg?=false
05-11 11:09:23.807 1497 2519 W ActivityManager: Background start not allowed: service Intent { cmp=com.tencent.android.qqdownloader/com.tencent.assistant.main.MainService } to com.tencent.android.qqdownloader/com.tencent.assistant.main.MainService from pid=3506 uid=10094 pkg=com.tencent.android.qqdownloader startFg?=false
05-11 11:09:23.815 1497 2068 W ActivityManager: Background start not allowed: service Intent { cmp=com.tencent.android.qqdownloader/com.tencent.assistant.main.MainService } to com.tencent.android.qqdownloader/com.tencent.assistant.main.MainService from pid=3506 uid=10094 pkg=com.tencent.android.qqdownloader startFg?=false
05-11 11:09:23.825 1497 2068 E PackageDexUsage: Unsupported context?
05-11 11:09:23.825 1497 2068 W ActivityManager: Background start not allowed: service Intent { cmp=com.tencent.android.qqdownloader/com.tencent.assistant.main.MainService } to com.tencent.android.qqdownloader/com.tencent.assistant.main.MainService from pid=3506 uid=10094 pkg=com.tencent.android.qqdownloader startFg?=false
05-11 11:09:23.832 1497 2068 W ActivityManager: Background start not allowed: service Intent { cmp=com.tencent.android.qqdownloader/com.tencent.assistant.main.MainService } to com.tencent.android.qqdownloader/com.tencent.assistant.main.MainService from pid=3506 uid=10094 pkg=com.tencent.android.qqdownloader startFg?=false
05-11 11:09:23.833 1497 2068 W ActivityManager: Background start not allowed: service Intent { cmp=com.tencent.android.qqdownloader/com.tencent.assistant.main.MainService } to com.tencent.android.qqdownloader/com.tencent.assistant.main.MainService from pid=3506 uid=10094 pkg=com.tencent.android.qqdownloader startFg?=false
05-11 11:09:23.833 1497 2068 W ActivityManager: Background start not allowed: service Intent { cmp=com.tencent.android.qqdownloader/com.tencent.assistant.main.MainService } to com.tencent.android.qqdownloader/com.tencent.assistant.main.MainService from pid=3506 uid=10094 pkg=com.tencent.android.qqdownloader startFg?=false
05-11 11:09:23.834 1497 2068 W ActivityManager: Background start not allowed: service Intent { cmp=com.tencent.android.qqdownloader/com.tencent.assistant.main.MainService } to com.tencent.android.qqdownloader/com.tencent.assistant.main.MainService from pid=3506 uid=10094 pkg=com.tencent.android.qqdownloader startFg?=false
05-11 11:09:23.834 1497 2068 W ActivityManager: Background start not allowed: service Intent { cmp=com.tencent.android.qqdownloader/com.tencent.assistant.main.MainService } to com.tencent.android.qqdownloader/com.tencent.assistant.main.MainService from pid=3506 uid=10094 pkg=com.tencent.android.qqdownloader startFg?=false
05-11 11:09:23.835 1497 2068 W ActivityManager: Background start not allowed: service Intent { cmp=com.tencent.android.qqdownloader/com.tencent.assistant.main.MainService } to com.tencent.android.qqdownloader/com.tencent.assistant.main.MainService from pid=3506 uid=10094 pkg=com.tencent.android.qqdownloader startFg?=false
05-11 11:09:23.835 1497 2068 W ActivityManager: Background start not allowed: service Intent { cmp=com.tencent.android.qqdownloader/com.tencent.assistant.main.MainService } to com.tencent.android.qqdownloader/com.tencent.assistant.main.MainService from pid=3506 uid=10094 pkg=com.tencent.android.qqdownloader startFg?=false
05-11 11:09:23.836 1497 2068 W ActivityManager: Background start not allowed: service Intent { cmp=com.tencent.android.qqdownloader/com.tencent.assistant.main.MainService } to com.tencent.android.qqdownloader/com.tencent.assistant.main.MainService from pid=3506 uid=10094 pkg=com.tencent.android.qqdownloader startFg?=false
05-11 11:09:23.836 1497 2068 W ActivityManager: Background start not allowed: service Intent { cmp=com.tencent.android.qqdownloader/com.tencent.assistant.main.MainService } to com.tencent.android.qqdownloader/com.tencent.assistant.main.MainService from pid=3506 uid=10094 pkg=com.tencent.android.qqdownloader startFg?=false
05-11 11:09:23.837 1497 2068 W ActivityManager: Background start not allowed: service Intent { cmp=com.tencent.android.qqdownloader/com.tencent.assistant.main.MainService } to com.tencent.android.qqdownloader/com.tencent.assistant.main.MainService from pid=3506 uid=10094 pkg=com.tencent.android.qqdownloader startFg?=false
05-11 11:09:23.837 1497 2068 W ActivityManager: Background start not allowed: service Intent { cmp=com.tencent.android.qqdownloader/com.tencent.assistant.main.MainService } to com.tencent.android.qqdownloader/com.tencent.assistant.main.MainService from pid=3506 uid=10094 pkg=com.tencent.android.qqdownloader startFg?=false
05-11 11:09:23.838 1497 2068 W ActivityManager: Background start not allowed: service Intent { cmp=com.tencent.android.qqdownloader/com.tencent.assistant.main.MainService } to com.tencent.android.qqdownloader/com.tencent.assistant.main.MainService from pid=3506 uid=10094 pkg=com.tencent.android.qqdownloader startFg?=false
05-11 11:09:23.838 1497 2519 D CompatibilityChangeReporter: Compat change id reported: 172100307; UID 10092; state: DISABLED
05-11 11:09:23.838 1497 2519 W ActivityManager: Background start not allowed: service Intent { cmp=com.tencent.android.qqdownloader/com.tencent.assistant.main.MainService } to com.tencent.android.qqdownloader/com.tencent.assistant.main.MainService from pid=3506 uid=10094 pkg=com.tencent.android.qqdownloader startFg?=false
05-11 11:09:23.839 1497 2519 W ActivityManager: Background start not allowed: service Intent { cmp=com.tencent.android.qqdownloader/com.tencent.assistant.main.MainService } to com.tencent.android.qqdownloader/com.tencent.assistant.main.MainService from pid=3506 uid=10094 pkg=com.tencent.android.qqdownloader startFg?=false
05-11 11:09:23.840 1497 2519 W ActivityManager: Background start not allowed: service Intent { cmp=com.tencent.android.qqdownloader/com.tencent.assistant.main.MainService } to com.tencent.android.qqdownloader/com.tencent.assistant.main.MainService from pid=3506 uid=10094 pkg=com.tencent.android.qqdownloader startFg?=false
05-11 11:09:23.840 1497 2519 W ActivityManager: Background start not allowed: service Intent { cmp=com.tencent.android.qqdownloader/com.tencent.assistant.main.MainService } to com.tencent.android.qqdownloader/com.tencent.assistant.main.MainService from pid=3506 uid=10094 pkg=com.tencent.android.qqdownloader startFg?=false
05-11 11:09:23.841 1497 2519 W ActivityManager: Background start not allowed: service Intent { cmp=com.tencent.android.qqdownloader/com.tencent.assistant.main.MainService } to com.tencent.android.qqdownloader/com.tencent.assistant.main.MainService from pid=3506 uid=10094 pkg=com.tencent.android.qqdownloader startFg?=false
01-01 08:00:16.009 0 0 I [schedu][0x125254aa][11:09:23.888252] wlan: [3493:I:OSIF] scan start scan id 40961
05-11 11:09:23.916 1497 1497 W Looper : Slow dispatch took 287ms main h=android.app.ActivityThread$H c=android.app.LoadedApk$ReceiverDispatcher$Args$$ExternalSyntheticLambda0@ae57dc9 m=0
05-11 11:09:23.916 1497 1497 W Looper : Slow delivery took 287ms main h=android.app.ActivityThread$H c=android.app.LoadedApk$ReceiverDispatcher$Args$$ExternalSyntheticLambda0@27ffcce m=0
05-11 11:09:23.917 1497 1612 W BatteryExternalStatsWorker: error reading modem stats:ERROR_PHONE_NOT_AVAILABLE
05-11 11:09:23.910 2803 2803 I auditd : type=1400 audit(0.0:1454): avc: denied { write } for comm="sh" name="ip_forward" dev="proc" ino=12195 scontext=u:r:ethernet:s0 tcontext=u:object_r:proc_net:s0 tclass=file permissive=1
05-11 11:09:23.910 2803 2803 I auditd : type=1400 audit(0.0:1455): avc: denied { open } for comm="sh" path="/proc/sys/net/ipv4/ip_forward" dev="proc" ino=12195 scontext=u:r:ethernet:s0 tcontext=u:object_r:proc_net:s0 tclass=file permissive=1
05-11 11:09:23.934 1497 1497 I Telecom : DefaultDialerCache: Refreshing default dialer for user 0: now null: DDC.oR@AA8
05-11 11:09:23.935 1497 1497 W Looper : Drained
05-11 11:09:23.935 1497 1497 I Telecom : MissedCallNotifierImpl: reloadAfterBootComplete: user=0: TSBCR.oR@ABA
05-11 11:09:23.941 1497 1497 I Telecom : MissedCallNotifierImpl: reloadAfterBootComplete: user=0: TSBCR.oR@ABA
05-11 11:09:23.938 3743 3743 I auditd : type=1400 audit(0.0:1456): avc: denied { getattr } for comm="echo" path="/proc/sys/net/ipv4/ip_forward" dev="proc" ino=12195 scontext=u:r:ethernet:s0 tcontext=u:object_r:proc_net:s0 tclass=file permissive=1
05-11 11:09:23.938 3742 3742 I auditd : type=1400 audit(0.0:1457): avc: denied { search } for comm="mount" name="vendor" dev="tmpfs" ino=12436 scontext=u:r:untrusted_app_27:s0:c512,c768 tcontext=u:object_r:mnt_vendor_file:s0 tclass=dir permissive=1 app=com.tencent.android.qqdownloader
05-11 11:09:23.938 3742 3742 I auditd : type=1400 audit(0.0:1458): avc: denied { getattr } for comm="mount" path="/mnt/vendor/persist" dev="sda2" ino=2 scontext=u:r:untrusted_app_27:s0:c512,c768 tcontext=u:object_r:mnt_vendor_file:s0 tclass=dir permissive=1 app=com.tencent.android.qqdownloader
05-11 11:09:23.944 1497 1497 D CompatibilityChangeReporter: Compat change id reported: 135634846; UID 1000; state: DISABLED
05-11 11:09:23.944 1497 1497 D CompatibilityChangeReporter: Compat change id reported: 177438394; UID 1000; state: DISABLED
05-11 11:09:23.944 1497 1497 D CompatibilityChangeReporter: Compat change id reported: 135772972; UID 1000; state: DISABLED
05-11 11:09:23.944 1497 1497 D CompatibilityChangeReporter: Compat change id reported: 135754954; UID 1000; state: ENABLED
05-11 11:09:23.946 1497 1497 I Telecom : BluetoothDeviceManager: Got BluetoothHeadset: com.android.server.telecom.BluetoothHeadsetProxy@83c4700: BMSL.oSC@ABE
05-11 11:09:23.951 1497 1603 I am_proc_start: [0,3769,1000,com.android.dynsystem,broadcast,{com.android.dynsystem/com.android.dynsystem.BootCompletedReceiver}]
05-11 11:09:23.951 1497 1603 I ActivityManager: Start proc 3769:com.android.dynsystem/1000 for broadcast {com.android.dynsystem/com.android.dynsystem.BootCompletedReceiver}
05-11 11:09:23.968 1497 1612 E KernelCpuSpeedReader: Failed to read cpu-freq: /sys/devices/system/cpu/cpu4/cpufreq/stats/time_in_state: open failed: ENOENT (No such file or directory)
05-11 11:09:23.969 1497 1612 E KernelCpuSpeedReader: Failed to read cpu-freq: /sys/devices/system/cpu/cpu0/cpufreq/stats/time_in_state: open failed: ENOENT (No such file or directory)
05-11 11:09:23.969 1497 1612 W BatteryStatsImpl: Attempted to remove untracked isolated uid (1037)
01-01 08:00:16.110 0 0 I binder : 3769:3769 ioctl 40046210 7fec0ec5c4 returned -22
05-11 11:09:23.996 1497 2068 I am_proc_bound: [0,3769,com.android.dynsystem]
05-11 11:09:24.000 1497 2068 D CompatibilityChangeReporter: Compat change id reported: 168419799; UID 1000; state: DISABLED
05-11 11:09:24.032 1497 1921 D CompatibilityChangeReporter: Compat change id reported: 171306433; UID 10035; state: DISABLED
05-11 11:09:24.057 1497 1921 D CompatibilityChangeReporter: Compat change id reported: 135634846; UID 1000; state: DISABLED
05-11 11:09:24.057 1497 1921 D CompatibilityChangeReporter: Compat change id reported: 177438394; UID 1000; state: DISABLED
05-11 11:09:24.058 1497 1921 D CompatibilityChangeReporter: Compat change id reported: 135772972; UID 1000; state: DISABLED
05-11 11:09:24.058 1497 1921 D CompatibilityChangeReporter: Compat change id reported: 135754954; UID 1000; state: ENABLED
05-11 11:09:24.059 1497 1921 I am_uid_running: 10068
05-11 11:09:24.059 1497 1921 D CompatibilityChangeReporter: Compat change id reported: 135634846; UID 10068; state: DISABLED
05-11 11:09:24.060 1497 1921 D CompatibilityChangeReporter: Compat change id reported: 177438394; UID 10068; state: DISABLED
05-11 11:09:24.060 1497 1921 D CompatibilityChangeReporter: Compat change id reported: 135772972; UID 10068; state: DISABLED
05-11 11:09:24.060 1497 1921 D CompatibilityChangeReporter: Compat change id reported: 135754954; UID 10068; state: ENABLED
05-11 11:09:24.063 1497 1921 W ActivityManager: Receiver with filter android.content.IntentFilter@a212e9a already registered for pid 1902, callerPackage is com.android.systemui
05-11 11:09:24.065 1497 1603 I am_proc_start: [0,3816,1000,com.android.dynsystem:dynsystem,service,{com.android.dynsystem/com.android.dynsystem.DynamicSystemInstallationService}]
05-11 11:09:24.065 1497 1603 I ActivityManager: Start proc 3816:com.android.dynsystem:dynsystem/1000 for service {com.android.dynsystem/com.android.dynsystem.DynamicSystemInstallationService}
05-11 11:09:24.065 1497 1603 D CompatibilityChangeReporter: Compat change id reported: 143937733; UID 10068; state: ENABLED
05-11 11:09:24.071 1497 1603 I am_proc_start: [0,3817,10068,com.android.inputmethod.latin,broadcast,{com.android.inputmethod.latin/com.android.inputmethod.latin.SystemBroadcastReceiver}]
05-11 11:09:24.071 1497 1603 I ActivityManager: Start proc 3817:com.android.inputmethod.latin/u0a68 for broadcast {com.android.inputmethod.latin/com.android.inputmethod.latin.SystemBroadcastReceiver}
01-01 08:00:16.207 0 0 I binder : 3816:3816 ioctl 40046210 7fec0ec5c4 returned -22
05-11 11:09:24.089 3458 3770 E ActivityThread: Failed to find provider info for telephony
01-01 08:00:16.210 0 0 I binder : 3817:3817 ioctl 40046210 7fec0ec5c4 returned -22
05-11 11:09:24.101 1497 2519 I am_proc_bound: [0,3817,com.android.inputmethod.latin]
05-11 11:09:24.107 1497 2519 D CompatibilityChangeReporter: Compat change id reported: 168419799; UID 10068; state: DISABLED
05-11 11:09:24.108 1497 2519 I am_uid_active: 10068
05-11 11:09:24.108 1497 1530 I am_proc_bound: [0,3816,com.android.dynsystem:dynsystem]
05-11 11:09:24.133 1497 1530 W ActivityTaskManager: Current config: {1.0 ?mcc?mnc [zh_CN] ldltr sw720dp w1706dp h665dp 240dpi lrg long hdr land finger -keyb/v/h -nav/h winConfig={ mBounds=Rect(0, 0 - 2560, 1080) mAppBounds=Rect(0, 0 - 2560, 1034) mMaxBounds=Rect(0, 0 - 2560, 1080) mWindowingMode=fullscreen mDisplayWindowingMode=fullscreen mActivityType=undefined mAlwaysOnTop=undefined mRotation=ROTATION_0} s.10 fontWeightAdjustment=0} unchanged for IME proc com.baidu.input
05-11 11:09:24.133 1497 1530 W ActivityTaskManager: Current config: {1.0 ?mcc?mnc [zh_CN] ldltr sw720dp w1706dp h665dp 240dpi lrg long hdr land finger -keyb/v/h -nav/h winConfig={ mBounds=Rect(0, 0 - 2560, 1080) mAppBounds=Rect(0, 0 - 2560, 1034) mMaxBounds=Rect(0, 0 - 2560, 1080) mWindowingMode=fullscreen mDisplayWindowingMode=fullscreen mActivityType=undefined mAlwaysOnTop=undefined mRotation=ROTATION_0} s.10 fontWeightAdjustment=0} unchanged for IME proc com.baidu.input
05-11 11:09:24.210 1497 1825 I GameModeConfig: isGameModeOn = true
05-11 11:09:24.210 1497 1825 I GameModeConfig: isGaming = false
05-11 11:09:24.210 1497 1825 I GameModeConfig: isGameModeOn = true
05-11 11:09:24.210 1497 1825 I GameModeConfig: isGaming = false
05-11 11:09:24.210 1497 1825 I GameModeConfig: isGameModeOn = true
05-11 11:09:24.210 1497 1825 I GameModeConfig: isGaming = false
05-11 11:09:24.212 1497 1530 I DynamicSystemService: isInstalled(): false
05-11 11:09:24.261 1497 2519 I ActivityManager: Process com.android.inputmethod.latin (pid 3817) has died: fg RCVR
05-11 11:09:24.262 1497 2519 I am_proc_died: [0,3817,com.android.inputmethod.latin,0,11]
05-11 11:09:24.262 1497 2519 I am_broadcast_discard_app: [0,149867333,android.intent.action.BOOT_COMPLETED,16,ResolveInfo{3d3de5d com.android.inputmethod.latin/.SystemBroadcastReceiver m=0x108000}]
05-11 11:09:24.262 1497 2519 I am_uid_stopped: 10068
05-11 11:09:24.263 1497 1602 I am_uid_running: 10029
05-11 11:09:24.264 1497 1602 I ActivityManager: com.android.managedprovisioning is exempt from freezer
05-11 11:09:24.264 1497 1602 D CompatibilityChangeReporter: Compat change id reported: 135634846; UID 10029; state: DISABLED
05-11 11:09:24.264 1497 1602 D CompatibilityChangeReporter: Compat change id reported: 177438394; UID 10029; state: DISABLED
05-11 11:09:24.264 1497 1602 D CompatibilityChangeReporter: Compat change id reported: 135772972; UID 10029; state: DISABLED
05-11 11:09:24.264 1497 1602 D CompatibilityChangeReporter: Compat change id reported: 135754954; UID 10029; state: ENABLED
05-11 11:09:24.264 1497 1603 D CompatibilityChangeReporter: Compat change id reported: 143937733; UID 10029; state: ENABLED
05-11 11:09:24.270 1497 1603 I am_proc_start: [0,3924,10029,com.android.managedprovisioning,broadcast,{com.android.managedprovisioning/com.android.managedprovisioning.BootReminder}]
05-11 11:09:24.270 1497 1603 I ActivityManager: Start proc 3924:com.android.managedprovisioning/u0a29 for broadcast {com.android.managedprovisioning/com.android.managedprovisioning.BootReminder}
05-11 11:09:24.284 1497 2068 I am_proc_bound: [0,3924,com.android.managedprovisioning]
01-01 08:00:16.401 0 0 I binder : 3924:3924 ioctl 40046210 7fec0ec5c4 returned -22
05-11 11:09:24.285 1497 2068 D CompatibilityChangeReporter: Compat change id reported: 168419799; UID 10029; state: DISABLED
05-11 11:09:24.287 1497 2068 I am_uid_active: 10029
05-11 11:09:24.317 3458 3866 W PackageParser: No actions in intent filter at /system/priv-app/baidu_ime-mainLine-release/baidu_ime-mainLine-release.apk Binary XML file line #1529
01-01 08:00:16.433 0 0 I init : Service 'ethernet' (pid 2803) exited with status 0 oneshot service took 2.425000 seconds in background
01-01 08:00:16.433 0 0 I init : Sending signal 9 to service 'ethernet' (pid 2803) process group...
01-01 08:00:16.433 0 0 I libprocessgroup: Successfully killed process cgroup uid 0 pid 2803 in 0ms
05-11 11:09:24.321 1902 1902 I sysui_multi_action: [757,803,799,note_peek,802,1]
05-11 11:09:24.325 1497 2068 I sysui_multi_action: [757,127,758,1]
05-11 11:09:24.325 1497 2068 I sysui_multi_action: [757,804,799,note_load,801,1,802,1]
05-11 11:09:24.325 1497 2068 I notification_panel_revealed: 1
05-11 11:09:24.328 1902 1902 I sysui_heads_up_status: [-1|android|26|null|1000,1]
05-11 11:09:24.336 1497 2068 I sysui_multi_action: [757,128,758,1,793,2353,794,0,795,2353,796,27,798,1,806,android,857,USB,858,1,947,0,1395,2,1500,1801,1688,1]
05-11 11:09:24.336 1497 2068 I sysui_multi_action: [757,804,799,note_freshness,801,2353,802,1]
05-11 11:09:24.336 1497 2068 I notification_visibility: [-1|android|27|null|1000,1,2353,2353,0,1]
05-11 11:09:24.346 3653 3653 W PackageParsing: Ignoring duplicate uses-permissions/uses-permissions-sdk-m: android.permission.CAMERA in package: com.tencent.android.qqdownloader at: Binary XML file line #174
05-11 11:09:24.346 3653 3653 W PackageParsing: Ignoring duplicate uses-permissions/uses-permissions-sdk-m: android.permission.ACCESS_NETWORK_STATE in package: com.tencent.android.qqdownloader at: Binary XML file line #175
05-11 11:09:24.346 3653 3653 W PackageParsing: Ignoring duplicate uses-permissions/uses-permissions-sdk-m: android.permission.ACCESS_WIFI_STATE in package: com.tencent.android.qqdownloader at: Binary XML file line #176
05-11 11:09:24.346 3653 3653 W PackageParsing: Ignoring duplicate uses-permissions/uses-permissions-sdk-m: android.permission.CHANGE_WIFI_STATE in package: com.tencent.android.qqdownloader at: Binary XML file line #177
05-11 11:09:24.346 3653 3653 W PackageParsing: Ignoring duplicate uses-permissions/uses-permissions-sdk-m: android.permission.CHANGE_NETWORK_STATE in package: com.tencent.android.qqdownloader at: Binary XML file line #181
05-11 11:09:24.346 3653 3653 W PackageParsing: Ignoring duplicate uses-permissions/uses-permissions-sdk-m: android.permission.INTERNET in package: com.tencent.android.qqdownloader at: Binary XML file line #182
05-11 11:09:24.346 3653 3653 W PackageParsing: Ignoring duplicate uses-permissions/uses-permissions-sdk-m: android.permission.WRITE_EXTERNAL_STORAGE in package: com.tencent.android.qqdownloader at: Binary XML file line #186
05-11 11:09:24.346 3653 3653 W PackageParsing: Ignoring duplicate uses-permissions/uses-permissions-sdk-m: android.permission.INTERNET in package: com.tencent.android.qqdownloader at: Binary XML file line #246
05-11 11:09:24.346 3653 3653 W PackageParsing: Ignoring duplicate uses-permissions/uses-permissions-sdk-m: android.permission.ACCESS_COARSE_LOCATION in package: com.tencent.android.qqdownloader at: Binary XML file line #247
05-11 11:09:24.346 3653 3653 W PackageParsing: Ignoring duplicate uses-permissions/uses-permissions-sdk-m: android.permission.ACCESS_FINE_LOCATION in package: com.tencent.android.qqdownloader at: Binary XML file line #248
05-11 11:09:24.346 3653 3653 W PackageParsing: Ignoring duplicate uses-permissions/uses-permissions-sdk-m: android.permission.ACCESS_NETWORK_STATE in package: com.tencent.android.qqdownloader at: Binary XML file line #249
05-11 11:09:24.346 3653 3653 W PackageParsing: Ignoring duplicate uses-permissions/uses-permissions-sdk-m: android.permission.ACCESS_WIFI_STATE in package: com.tencent.android.qqdownloader at: Binary XML file line #250
05-11 11:09:24.346 3653 3653 W PackageParsing: Ignoring duplicate uses-permissions/uses-permissions-sdk-m: android.permission.CAMERA in package: com.tencent.android.qqdownloader at: Binary XML file line #252
05-11 11:09:24.346 3653 3653 W PackageParsing: Ignoring duplicate uses-permissions/uses-permissions-sdk-m: android.permission.WRITE_EXTERNAL_STORAGE in package: com.tencent.android.qqdownloader at: Binary XML file line #253
05-11 11:09:24.348 3653 3653 W PackageParsing: No actions in intent-filter at /data/user/0/com.tencent.android.qqdownloader/files/shell/7_8424130_6981/base.apk Binary XML file line #447
05-11 11:09:24.348 3653 3653 W PackageParsing: No actions in intent-filter at /data/user/0/com.tencent.android.qqdownloader/files/shell/7_8424130_6981/base.apk Binary XML file line #467
05-11 11:09:24.348 3653 3653 W PackageParsing: No actions in intent-filter at /data/user/0/com.tencent.android.qqdownloader/files/shell/7_8424130_6981/base.apk Binary XML file line #504
05-11 11:09:24.348 3653 3653 W PackageParsing: No actions in intent-filter at /data/user/0/com.tencent.android.qqdownloader/files/shell/7_8424130_6981/base.apk Binary XML file line #540
05-11 11:09:24.348 3653 3653 W PackageParsing: No actions in intent-filter at /data/user/0/com.tencent.android.qqdownloader/files/shell/7_8424130_6981/base.apk Binary XML file line #576
05-11 11:09:24.348 3653 3653 W PackageParsing: No actions in intent-filter at /data/user/0/com.tencent.android.qqdownloader/files/shell/7_8424130_6981/base.apk Binary XML file line #612
05-11 11:09:24.352 3653 3653 W PackageParsing: No actions in intent-filter at /data/user/0/com.tencent.android.qqdownloader/files/shell/7_8424130_6981/base.apk Binary XML file line #1711
05-11 11:09:24.363 1497 2068 I am_uid_running: 10066
05-11 11:09:24.364 1497 2068 D CompatibilityChangeReporter: Compat change id reported: 135634846; UID 10066; state: DISABLED
05-11 11:09:24.364 1497 1603 D CompatibilityChangeReporter: Compat change id reported: 143937733; UID 10066; state: ENABLED
05-11 11:09:24.371 1497 1603 I am_proc_start: [0,3967,10066,com.android.webview:webview_service,service,{com.android.webview/org.chromium.android_webview.services.VariationsSeedServer}]
05-11 11:09:24.371 1497 1603 I ActivityManager: Start proc 3967:com.android.webview:webview_service/u0a66 for service {com.android.webview/org.chromium.android_webview.services.VariationsSeedServer}
05-11 11:09:24.395 1497 1530 I am_proc_bound: [0,3967,com.android.webview:webview_service]
01-01 08:00:16.512 0 0 I binder : 3967:3967 ioctl 40046210 ff8c0978 returned -22
05-11 11:09:24.403 1497 1530 D CompatibilityChangeReporter: Compat change id reported: 168419799; UID 10066; state: DISABLED
05-11 11:09:24.404 1497 1530 I am_uid_active: 10066
05-11 11:09:24.407 3592 3592 W PackageParsing: Ignoring duplicate uses-permissions/uses-permissions-sdk-m: android.permission.CAMERA in package: com.tencent.android.qqdownloader at: Binary XML file line #174
05-11 11:09:24.407 3592 3592 W PackageParsing: Ignoring duplicate uses-permissions/uses-permissions-sdk-m: android.permission.ACCESS_NETWORK_STATE in package: com.tencent.android.qqdownloader at: Binary XML file line #175
05-11 11:09:24.407 3592 3592 W PackageParsing: Ignoring duplicate uses-permissions/uses-permissions-sdk-m: android.permission.ACCESS_WIFI_STATE in package: com.tencent.android.qqdownloader at: Binary XML file line #176
05-11 11:09:24.407 3592 3592 W PackageParsing: Ignoring duplicate uses-permissions/uses-permissions-sdk-m: android.permission.CHANGE_WIFI_STATE in package: com.tencent.android.qqdownloader at: Binary XML file line #177
05-11 11:09:24.407 3592 3592 W PackageParsing: Ignoring duplicate uses-permissions/uses-permissions-sdk-m: android.permission.CHANGE_NETWORK_STATE in package: com.tencent.android.qqdownloader at: Binary XML file line #181
05-11 11:09:24.407 3592 3592 W PackageParsing: Ignoring duplicate uses-permissions/uses-permissions-sdk-m: android.permission.INTERNET in package: com.tencent.android.qqdownloader at: Binary XML file line #182
05-11 11:09:24.407 3592 3592 W PackageParsing: Ignoring duplicate uses-permissions/uses-permissions-sdk-m: android.permission.WRITE_EXTERNAL_STORAGE in package: com.tencent.android.qqdownloader at: Binary XML file line #186
05-11 11:09:24.408 3592 3592 W PackageParsing: Ignoring duplicate uses-permissions/uses-permissions-sdk-m: android.permission.INTERNET in package: com.tencent.android.qqdownloader at: Binary XML file line #246
05-11 11:09:24.409 3592 3592 W PackageParsing: Ignoring duplicate uses-permissions/uses-permissions-sdk-m: android.permission.ACCESS_COARSE_LOCATION in package: com.tencent.android.qqdownloader at: Binary XML file line #247
05-11 11:09:24.409 3592 3592 W PackageParsing: Ignoring duplicate uses-permissions/uses-permissions-sdk-m: android.permission.ACCESS_FINE_LOCATION in package: com.tencent.android.qqdownloader at: Binary XML file line #248
05-11 11:09:24.409 3592 3592 W PackageParsing: Ignoring duplicate uses-permissions/uses-permissions-sdk-m: android.permission.ACCESS_NETWORK_STATE in package: com.tencent.android.qqdownloader at: Binary XML file line #249
05-11 11:09:24.409 3592 3592 W PackageParsing: Ignoring duplicate uses-permissions/uses-permissions-sdk-m: android.permission.ACCESS_WIFI_STATE in package: com.tencent.android.qqdownloader at: Binary XML file line #250
05-11 11:09:24.409 3592 3592 W PackageParsing: Ignoring duplicate uses-permissions/uses-permissions-sdk-m: android.permission.CAMERA in package: com.tencent.android.qqdownloader at: Binary XML file line #252
05-11 11:09:24.409 3592 3592 W PackageParsing: Ignoring duplicate uses-permissions/uses-permissions-sdk-m: android.permission.WRITE_EXTERNAL_STORAGE in package: com.tencent.android.qqdownloader at: Binary XML file line #253
05-11 11:09:24.420 3592 3592 W PackageParsing: No actions in intent-filter at /data/user/0/com.tencent.android.qqdownloader/files/shell/7_8424130_6981/base.apk Binary XML file line #447
05-11 11:09:24.420 3592 3592 W PackageParsing: No actions in intent-filter at /data/user/0/com.tencent.android.qqdownloader/files/shell/7_8424130_6981/base.apk Binary XML file line #467
05-11 11:09:24.421 3592 3592 W PackageParsing: No actions in intent-filter at /data/user/0/com.tencent.android.qqdownloader/files/shell/7_8424130_6981/base.apk Binary XML file line #504
05-11 11:09:24.421 3592 3592 W PackageParsing: No actions in intent-filter at /data/user/0/com.tencent.android.qqdownloader/files/shell/7_8424130_6981/base.apk Binary XML file line #540
05-11 11:09:24.421 3592 3592 W PackageParsing: No actions in intent-filter at /data/user/0/com.tencent.android.qqdownloader/files/shell/7_8424130_6981/base.apk Binary XML file line #576
05-11 11:09:24.422 3592 3592 W PackageParsing: No actions in intent-filter at /data/user/0/com.tencent.android.qqdownloader/files/shell/7_8424130_6981/base.apk Binary XML file line #612
05-11 11:09:24.439 3592 3592 W PackageParsing: No actions in intent-filter at /data/user/0/com.tencent.android.qqdownloader/files/shell/7_8424130_6981/base.apk Binary XML file line #1711
05-11 11:09:24.469 1497 1497 I Telecom : BluetoothStateReceiver: Device 60:F4:3A:B2:E8:8D changed state to 1: BSR.oR@ABc
05-11 11:09:24.495 1497 3023 D CompatibilityChangeReporter: Compat change id reported: 168419799; UID 10017; state: DISABLED
05-11 11:09:24.498 1497 2068 I am_uid_running: 10080
05-11 11:09:24.498 1497 2068 D CompatibilityChangeReporter: Compat change id reported: 135634846; UID 10080; state: DISABLED
05-11 11:09:24.498 1497 2068 D CompatibilityChangeReporter: Compat change id reported: 177438394; UID 10080; state: DISABLED
05-11 11:09:24.498 1497 2068 D CompatibilityChangeReporter: Compat change id reported: 135772972; UID 10080; state: DISABLED
05-11 11:09:24.498 1497 2068 D CompatibilityChangeReporter: Compat change id reported: 135754954; UID 10080; state: ENABLED
05-11 11:09:24.498 1497 1603 D CompatibilityChangeReporter: Compat change id reported: 143937733; UID 10080; state: ENABLED
05-11 11:09:24.504 1497 1603 I am_proc_start: [0,4004,10080,com.android.music,broadcast,{com.android.music/com.android.music.MediaPlaybackReceiver}]
05-11 11:09:24.505 1497 1603 I ActivityManager: Start proc 4004:com.android.music/u0a80 for broadcast {com.android.music/com.android.music.MediaPlaybackReceiver}
05-11 11:09:24.518 1497 2068 I am_proc_bound: [0,4004,com.android.music]
05-11 11:09:24.519 1497 2068 D CompatibilityChangeReporter: Compat change id reported: 168419799; UID 10080; state: DISABLED
05-11 11:09:24.520 1497 2068 I am_uid_active: 10080
01-01 08:00:16.636 0 0 I binder : 4004:4004 ioctl 40046210 7fec0ec5c4 returned -22
01-01 08:00:16.761 0 0 I binder : 4042:4042 ioctl 40046210 7fd285b264 returned -22
05-11 11:09:24.692 1497 3023 I am_uid_running: 10060
05-11 11:09:24.692 1497 3023 D CompatibilityChangeReporter: Compat change id reported: 135634846; UID 10060; state: DISABLED
05-11 11:09:24.692 1497 3023 D CompatibilityChangeReporter: Compat change id reported: 177438394; UID 10060; state: DISABLED
05-11 11:09:24.692 1497 3023 D CompatibilityChangeReporter: Compat change id reported: 135772972; UID 10060; state: DISABLED
01-01 08:00:16.829 0 0 I binder : 4049:4049 ioctl 40046210 7fec0ec5c4 returned -22
05-11 11:09:24.692 1497 3023 D CompatibilityChangeReporter: Compat change id reported: 135754954; UID 10060; state: ENABLED
05-11 11:09:24.692 1497 1603 D CompatibilityChangeReporter: Compat change id reported: 143937733; UID 10060; state: ENABLED
05-11 11:09:24.698 1497 1603 I am_proc_start: [0,4049,10060,com.android.onetimeinitializer,broadcast,{com.android.onetimeinitializer/com.android.onetimeinitializer.OneTimeInitializerReceiver}]
05-11 11:09:24.698 1497 1603 I ActivityManager: Start proc 4049:com.android.onetimeinitializer/u0a60 for broadcast {com.android.onetimeinitializer/com.android.onetimeinitializer.OneTimeInitializerReceiver}
05-11 11:09:24.711 1497 2068 I am_proc_bound: [0,4049,com.android.onetimeinitializer]
05-11 11:09:24.712 1497 2068 D CompatibilityChangeReporter: Compat change id reported: 168419799; UID 10060; state: DISABLED
05-11 11:09:24.713 1497 2068 I am_uid_active: 10060
05-11 11:09:24.801 1497 3023 I am_uid_running: 10025
05-11 11:09:24.801 1497 3023 I ActivityManager: com.android.packageinstaller is exempt from freezer
05-11 11:09:24.801 1497 3023 D CompatibilityChangeReporter: Compat change id reported: 135634846; UID 10025; state: DISABLED
05-11 11:09:24.801 1497 3023 D CompatibilityChangeReporter: Compat change id reported: 177438394; UID 10025; state: DISABLED
05-11 11:09:24.801 1497 3023 D CompatibilityChangeReporter: Compat change id reported: 135772972; UID 10025; state: DISABLED
05-11 11:09:24.801 1497 3023 D CompatibilityChangeReporter: Compat change id reported: 135754954; UID 10025; state: ENABLED
05-11 11:09:24.801 1497 1603 D CompatibilityChangeReporter: Compat change id reported: 143937733; UID 10025; state: ENABLED
05-11 11:09:24.807 1497 1603 I am_proc_start: [0,4076,10025,com.android.packageinstaller,broadcast,{com.android.packageinstaller/com.android.packageinstaller.TemporaryFileManager}]
05-11 11:09:24.807 1497 1603 I ActivityManager: Start proc 4076:com.android.packageinstaller/u0a25 for broadcast {com.android.packageinstaller/com.android.packageinstaller.TemporaryFileManager}
01-01 08:00:16.938 0 0 I binder : 4076:4076 ioctl 40046210 7fec0ec5c4 returned -22
05-11 11:09:24.819 1497 3023 I am_proc_bound: [0,4076,com.android.packageinstaller]
05-11 11:09:24.823 1497 3023 D CompatibilityChangeReporter: Compat change id reported: 168419799; UID 10025; state: DISABLED
05-11 11:09:24.824 1497 3023 I am_uid_active: 10025
05-11 11:09:24.835 1497 3023 I sysui_multi_action: [757,128,758,1,793,2851,794,0,795,2851,796,26,798,0,806,android,857,DEVELOPER_IMPORTANT,858,4,947,0,1395,2,1500,2299,1688,1]
05-11 11:09:24.836 1497 3023 I sysui_multi_action: [757,804,799,note_freshness,801,2851,802,1]
05-11 11:09:24.836 1497 3023 I notification_visibility: [-1|android|26|null|1000,1,2851,2851,0,0]
05-11 11:09:24.836 1497 3023 I sysui_multi_action: [757,128,758,2,793,2853,794,500,795,2853,796,27,798,1,806,android,857,USB,858,1,947,0,1395,2,1500,2301,1688,1]
05-11 11:09:24.836 1497 3023 I notification_visibility: [-1|android|27|null|1000,0,2853,2853,0,1]
05-11 11:09:24.848 1497 1497 D CompanionDeviceManagerService: onDeviceConnected(address = 60:F4:3A:B2:E8:8D)
05-11 11:09:24.848 1497 1497 I CompanionDeviceManagerService: onDeviceNearby(justAppeared, address = 60:F4:3A:B2:E8:8D)
05-11 11:09:24.870 1497 2519 I am_uid_running: 10091
05-11 11:09:24.871 1497 2519 D CompatibilityChangeReporter: Compat change id reported: 135634846; UID 10091; state: DISABLED
05-11 11:09:24.871 1497 2519 D CompatibilityChangeReporter: Compat change id reported: 177438394; UID 10091; state: DISABLED
05-11 11:09:24.871 1497 2519 D CompatibilityChangeReporter: Compat change id reported: 135772972; UID 10091; state: DISABLED
05-11 11:09:24.871 1497 2519 D CompatibilityChangeReporter: Compat change id reported: 135754954; UID 10091; state: DISABLED
05-11 11:09:24.871 1497 1603 D CompatibilityChangeReporter: Compat change id reported: 143937733; UID 10091; state: DISABLED
05-11 11:09:24.878 1497 1603 I am_proc_start: [0,4101,10091,com.android.permissioncontroller,broadcast,{com.android.permissioncontroller/com.android.permissioncontroller.permission.service.LocationAccessCheck$SetupPeriodicBackgroundLocationAccessCheck}]
05-11 11:09:24.878 1497 1603 I ActivityManager: Start proc 4101:com.android.permissioncontroller/u0a91 for broadcast {com.android.permissioncontroller/com.android.permissioncontroller.permission.service.LocationAccessCheck$SetupPeriodicBackgroundLocationAccessCheck}
01-01 08:00:17.033 0 0 I binder : 4101:4101 ioctl 40046210 7fec0ec5c4 returned -22
05-11 11:09:24.915 1497 2519 I am_proc_bound: [0,4101,com.android.permissioncontroller]
05-11 11:09:24.920 1497 2519 D CompatibilityChangeReporter: Compat change id reported: 168419799; UID 10091; state: DISABLED
05-11 11:09:24.922 1497 2519 I am_uid_active: 10091
01-01 08:00:17.080 0 0 I binder : 3458:4031 ioctl 40046210 706bafbab4 returned -22
05-11 11:09:25.041 1497 1530 W ActivityManager: Background start not allowed: service Intent { cmp=com.tencent.android.qqdownloader/com.tencent.assistant.main.MainService } to com.tencent.android.qqdownloader/com.tencent.assistant.main.MainService from pid=3592 uid=10094 pkg=com.tencent.android.qqdownloader startFg?=false
05-11 11:09:25.041 1497 1530 W ActivityManager: Background start not allowed: service Intent { cmp=com.tencent.android.qqdownloader/com.tencent.assistant.main.MainService } to com.tencent.android.qqdownloader/com.tencent.assistant.main.MainService from pid=3592 uid=10094 pkg=com.tencent.android.qqdownloader startFg?=false
05-11 11:09:25.061 1497 1530 I service_manager_slow: [13,platform_compat]
05-11 11:09:25.061 1497 1530 D CompatibilityChangeReporter: Compat change id reported: 168419799; UID 10028; state: DISABLED
05-11 11:09:25.067 1497 2519 D CompatibilityChangeReporter: Compat change id reported: 171306433; UID 10028; state: ENABLED
05-11 11:09:25.077 1497 2519 D CompatibilityChangeReporter: Compat change id reported: 168419799; UID 1000; state: DISABLED
05-11 11:09:25.132 1497 2090 I am_uid_running: 2000
05-11 11:09:25.133 1497 2090 I ActivityManager: com.android.shell is exempt from freezer
05-11 11:09:25.133 1497 2090 D CompatibilityChangeReporter: Compat change id reported: 135634846; UID 2000; state: DISABLED
05-11 11:09:25.133 1497 2090 D CompatibilityChangeReporter: Compat change id reported: 177438394; UID 2000; state: DISABLED
05-11 11:09:25.133 1497 2090 D CompatibilityChangeReporter: Compat change id reported: 135772972; UID 2000; state: DISABLED
05-11 11:09:25.133 1497 2090 D CompatibilityChangeReporter: Compat change id reported: 135754954; UID 2000; state: ENABLED
05-11 11:09:25.140 1497 1603 I am_proc_start: [0,4146,2000,com.android.shell,broadcast,{com.android.shell/com.android.shell.HeapDumpReceiver}]
05-11 11:09:25.140 1497 1603 I ActivityManager: Start proc 4146:com.android.shell/2000 for broadcast {com.android.shell/com.android.shell.HeapDumpReceiver}
