05-11 11:09:42.591 1497 2077 W ActivityManager: Background start not allowed: service Intent { cmp=com.tencent.android.qqdownloader/com.tencent.assistant.main.MainService } to com.tencent.android.qqdownloader/com.tencent.assistant.main.MainService from pid=3506 uid=10094 pkg=com.tencent.android.qqdownloader startFg?=false
05-11 11:09:42.595 1497 2089 W ActivityManager: Background start not allowed: service Intent { cmp=com.tencent.android.qqdownloader/com.tencent.assistant.main.MainService } to com.tencent.android.qqdownloader/com.tencent.assistant.main.MainService from pid=3506 uid=10094 pkg=com.tencent.android.qqdownloader startFg?=false
05-11 11:09:42.618 1497 2089 W ActivityManager: Background start not allowed: service Intent { cmp=com.tencent.android.qqdownloader/com.tencent.assistant.main.MainService } to com.tencent.android.qqdownloader/com.tencent.assistant.main.MainService from pid=3506 uid=10094 pkg=com.tencent.android.qqdownloader startFg?=false
05-11 11:09:42.621 1497 2087 W ActivityManager: Background start not allowed: service Intent { cmp=com.tencent.android.qqdownloader/com.tencent.assistant.main.MainService } to com.tencent.android.qqdownloader/com.tencent.assistant.main.MainService from pid=3506 uid=10094 pkg=com.tencent.android.qqdownloader startFg?=false
05-11 11:09:42.643 1497 1601 I am_pss : [3237,10073,com.qualcomm.location.XT,6074368,4657152,0,94142464,0,6,6]
05-11 11:09:42.644 1497 2087 W ActivityManager: Background start not allowed: service Intent { cmp=com.tencent.android.qqdownloader/com.tencent.assistant.main.MainService } to com.tencent.android.qqdownloader/com.tencent.assistant.main.MainService from pid=3506 uid=10094 pkg=com.tencent.android.qqdownloader startFg?=false
05-11 11:09:42.650 1497 2077 W ActivityManager: Background start not allowed: service Intent { cmp=com.tencent.android.qqdownloader/com.tencent.assistant.main.MainService } to com.tencent.android.qqdownloader/com.tencent.assistant.main.MainService from pid=3506 uid=10094 pkg=com.tencent.android.qqdownloader startFg?=false
05-11 11:09:42.658 1497 2087 W ActivityManager: Background start not allowed: service Intent { cmp=com.tencent.android.qqdownloader/com.tencent.assistant.main.MainService } to com.tencent.android.qqdownloader/com.tencent.assistant.main.MainService from pid=3506 uid=10094 pkg=com.tencent.android.qqdownloader startFg?=false
05-11 11:09:42.660 1497 2087 W ActivityManager: Background start not allowed: service Intent { cmp=com.tencent.android.qqdownloader/com.tencent.assistant.main.MainService } to com.tencent.android.qqdownloader/com.tencent.assistant.main.MainService from pid=3506 uid=10094 pkg=com.tencent.android.qqdownloader startFg?=false
05-11 11:09:42.722 4680 4680 I auditd : type=1400 audit(0.0:5310): avc: granted { nlmsg_readpriv } for comm="AppMonitor:2" scontext=u:r:untrusted_app_27:s0:c512,c768 tcontext=u:r:untrusted_app_27:s0:c512,c768 tclass=netlink_route_socket app=com.wandoujia.phoenix2
05-11 11:09:42.736 1497 1601 I am_pss : [2430,1000,com.android.settings,27446272,16769024,0,148275200,0,19,8]
01-01 08:00:34.912 0 0 E link_delay_work_func: DTC_ETH: SQI=0, link=0
05-11 11:09:42.780 1497 2077 W ActivityManager: Background start not allowed: service Intent { cmp=com.tencent.android.qqdownloader/com.tencent.assistant.main.MainService } to com.tencent.android.qqdownloader/com.tencent.assistant.main.MainService from pid=3506 uid=10094 pkg=com.tencent.android.qqdownloader startFg?=false
05-11 11:09:42.813 1497 1601 I am_pss : [3187,10022,com.android.traceur,10174464,8769536,0,98045952,0,19,5]
05-11 11:09:42.816 1497 2077 W ActivityManager: Background start not allowed: service Intent { cmp=com.tencent.android.qqdownloader/com.tencent.assistant.main.MainService } to com.tencent.android.qqdownloader/com.tencent.assistant.main.MainService from pid=3506 uid=10094 pkg=com.tencent.android.qqdownloader startFg?=false
05-11 11:09:42.934 3506 3506 I auditd : type=1400 audit(0.0:5311): avc: granted { execute } for comm="logging-thread" path="/data/user/0/com.tencent.android.qqdownloader/app_tbs_64/core_share/libx5log.so" dev="dm-10" ino=11997 scontext=u:r:untrusted_app_27:s0:c512,c768 tcontext=u:object_r:app_data_file:s0:c512,c768 tclass=file app=com.tencent.android.qqdownloader
01-01 08:00:35.070 0 0 W audit : audit_lost=4948 audit_rate_limit=5 audit_backlog_limit=64
01-01 08:00:35.070 0 0 E audit : rate limit exceeded
05-11 11:09:42.946 4680 4680 I auditd : type=1400 audit(0.0:5312): avc: denied { read } for comm="DaemonThread-6" name="cache" dev="dm-5" ino=16 scontext=u:r:untrusted_app_27:s0:c512,c768 tcontext=u:object_r:cache_file:s0 tclass=lnk_file permissive=1 app=com.wandoujia.phoenix2
05-11 11:09:43.030 1497 2077 W ActivityManager: Background start not allowed: service Intent { cmp=com.tencent.android.qqdownloader/com.tencent.assistant.main.MainService } to com.tencent.android.qqdownloader/com.tencent.assistant.main.MainService from pid=3506 uid=10094 pkg=com.tencent.android.qqdownloader startFg?=false
05-11 11:09:43.033 1497 2089 W ActivityManager: Background start not allowed: service Intent { cmp=com.tencent.android.qqdownloader/com.tencent.assistant.main.MainService } to com.tencent.android.qqdownloader/com.tencent.assistant.main.MainService from pid=3506 uid=10094 pkg=com.tencent.android.qqdownloader startFg?=false
05-11 11:09:43.068 1497 2077 W ActivityManager: Background start not allowed: service Intent { cmp=com.tencent.android.qqdownloader/com.tencent.assistant.main.MainService } to com.tencent.android.qqdownloader/com.tencent.assistant.main.MainService from pid=3506 uid=10094 pkg=com.tencent.android.qqdownloader startFg?=false
05-11 11:09:43.100 1497 2077 E PackageDexUsage: Unsupported context?
05-11 11:09:43.113 1497 2077 W ActivityManager: Background start not allowed: service Intent { cmp=com.tencent.android.qqdownloader/com.tencent.assistant.main.MainService } to com.tencent.android.qqdownloader/com.tencent.assistant.main.MainService from pid=3506 uid=10094 pkg=com.tencent.android.qqdownloader startFg?=false
05-11 11:09:43.128 1497 2077 W ActivityManager: Background start not allowed: service Intent { cmp=com.tencent.android.qqdownloader/com.tencent.assistant.main.MainService } to com.tencent.android.qqdownloader/com.tencent.assistant.main.MainService from pid=3506 uid=10094 pkg=com.tencent.android.qqdownloader startFg?=false
05-11 11:09:43.133 1497 2077 W ActivityManager: Background start not allowed: service Intent { cmp=com.tencent.android.qqdownloader/com.tencent.assistant.main.MainService } to com.tencent.android.qqdownloader/com.tencent.assistant.main.MainService from pid=3506 uid=10094 pkg=com.tencent.android.qqdownloader startFg?=false
05-11 11:09:43.136 1497 2077 W ActivityManager: Background start not allowed: service Intent { cmp=com.tencent.android.qqdownloader/com.tencent.assistant.main.MainService } to com.tencent.android.qqdownloader/com.tencent.assistant.main.MainService from pid=3506 uid=10094 pkg=com.tencent.android.qqdownloader startFg?=false
05-11 11:09:43.143 1497 2077 W ActivityManager: Background start not allowed: service Intent { cmp=com.tencent.android.qqdownloader/com.tencent.assistant.main.MainService } to com.tencent.android.qqdownloader/com.tencent.assistant.main.MainService from pid=3506 uid=10094 pkg=com.tencent.android.qqdownloader startFg?=false
05-11 11:09:43.147 1497 2077 W ActivityManager: Background start not allowed: service Intent { cmp=com.tencent.android.qqdownloader/com.tencent.assistant.main.MainService } to com.tencent.android.qqdownloader/com.tencent.assistant.main.MainService from pid=3506 uid=10094 pkg=com.tencent.android.qqdownloader startFg?=false
05-11 11:09:43.149 1497 2077 W ActivityManager: Background start not allowed: service Intent { cmp=com.tencent.android.qqdownloader/com.tencent.assistant.main.MainService } to com.tencent.android.qqdownloader/com.tencent.assistant.main.MainService from pid=3506 uid=10094 pkg=com.tencent.android.qqdownloader startFg?=false
05-11 11:09:43.208 1497 2089 W ActivityManager: Background start not allowed: service Intent { cmp=com.tencent.android.qqdownloader/com.tencent.assistant.main.MainService } to com.tencent.android.qqdownloader/com.tencent.assistant.main.MainService from pid=3506 uid=10094 pkg=com.tencent.android.qqdownloader startFg?=false
05-11 11:09:43.217 1497 2077 W ActivityManager: Background start not allowed: service Intent { cmp=com.tencent.android.qqdownloader/com.tencent.assistant.main.MainService } to com.tencent.android.qqdownloader/com.tencent.assistant.main.MainService from pid=3506 uid=10094 pkg=com.tencent.android.qqdownloader startFg?=false
05-11 11:09:43.249 1497 1825 I GameModeConfig: isGameModeOn = true
05-11 11:09:43.249 1497 1825 I GameModeConfig: isGaming = false
05-11 11:09:43.249 1497 1825 I GameModeConfig: isGameModeOn = true
05-11 11:09:43.249 1497 1825 I GameModeConfig: isGaming = false
05-11 11:09:43.250 1497 1825 I GameModeConfig: isGameModeOn = true
05-11 11:09:43.250 1497 1825 I GameModeConfig: isGaming = false
05-11 11:09:43.250 1497 1825 I GameModeConfig: isGameModeOn = true
05-11 11:09:43.250 1497 1825 I GameModeConfig: isGaming = false
05-11 11:09:43.311 1497 2077 W ActivityManager: Background start not allowed: service Intent { cmp=com.tencent.android.qqdownloader/com.tencent.assistant.main.MainService } to com.tencent.android.qqdownloader/com.tencent.assistant.main.MainService from pid=3506 uid=10094 pkg=com.tencent.android.qqdownloader startFg?=false
05-11 11:09:43.324 1497 2077 W ActivityManager: Background start not allowed: service Intent { cmp=com.tencent.android.qqdownloader/com.tencent.assistant.main.MainService } to com.tencent.android.qqdownloader/com.tencent.assistant.main.MainService from pid=3506 uid=10094 pkg=com.tencent.android.qqdownloader startFg?=false
05-11 11:09:43.332 1497 2089 W ActivityManager: Background start not allowed: service Intent { cmp=com.tencent.android.qqdownloader/com.tencent.assistant.main.MainService } to com.tencent.android.qqdownloader/com.tencent.assistant.main.MainService from pid=3506 uid=10094 pkg=com.tencent.android.qqdownloader startFg?=false
05-11 11:09:43.357 1497 2089 W ActivityManager: Background start not allowed: service Intent { cmp=com.tencent.android.qqdownloader/com.tencent.assistant.main.MainService } to com.tencent.android.qqdownloader/com.tencent.assistant.main.MainService from pid=3506 uid=10094 pkg=com.tencent.android.qqdownloader startFg?=false
05-11 11:09:43.382 1497 1601 I am_pss : [2603,10072,com.android.launcher3,182631424,156045312,0,336154624,0,2,11]
05-11 11:09:43.416 1497 1601 I am_pss : [3458,10035,com.baidu.input,93325312,80449536,0,245096448,0,7,11]
05-11 11:09:43.419 1497 2077 W ActivityManager: Background start not allowed: service Intent { cmp=com.tencent.android.qqdownloader/com.tencent.assistant.main.MainService } to com.tencent.android.qqdownloader/com.tencent.assistant.main.MainService from pid=3506 uid=10094 pkg=com.tencent.android.qqdownloader startFg?=false
05-11 11:09:43.429 1497 2077 W ActivityManager: Background start not allowed: service Intent { cmp=com.tencent.android.qqdownloader/com.tencent.assistant.main.MainService } to com.tencent.android.qqdownloader/com.tencent.assistant.main.MainService from pid=3506 uid=10094 pkg=com.tencent.android.qqdownloader startFg?=false
05-11 11:09:43.474 1497 2089 W ActivityManager: Background start not allowed: service Intent { cmp=com.tencent.android.qqdownloader/com.tencent.assistant.main.MainService } to com.tencent.android.qqdownloader/com.tencent.assistant.main.MainService from pid=3506 uid=10094 pkg=com.tencent.android.qqdownloader startFg?=false
05-11 11:09:43.506 4680 4680 I auditd : type=1400 audit(0.0:5323): avc: granted { nlmsg_readpriv } for comm="DaemonThread-6" scontext=u:r:untrusted_app_27:s0:c512,c768 tcontext=u:r:untrusted_app_27:s0:c512,c768 tclass=netlink_route_socket app=com.wandoujia.phoenix2
05-11 11:09:43.506 6008 6008 I auditd : type=1400 audit(0.0:5324): avc: granted { bind } for comm="ip" scontext=u:r:untrusted_app_29:s0:c96,c256,c512,c768 tcontext=u:r:untrusted_app_29:s0:c96,c256,c512,c768 tclass=netlink_route_socket app=com.tencent.mm
05-11 11:09:43.528 1497 2077 W ActivityManager: Background start not allowed: service Intent { cmp=com.tencent.android.qqdownloader/com.tencent.assistant.main.MainService } to com.tencent.android.qqdownloader/com.tencent.assistant.main.MainService from pid=3506 uid=10094 pkg=com.tencent.android.qqdownloader startFg?=false
05-11 11:09:43.543 1497 2077 W ActivityManager: Background start not allowed: service Intent { cmp=com.tencent.android.qqdownloader/com.tencent.assistant.main.MainService } to com.tencent.android.qqdownloader/com.tencent.assistant.main.MainService from pid=3506 uid=10094 pkg=com.tencent.android.qqdownloader startFg?=false
05-11 11:09:43.545 1497 2077 W ActivityManager: Background start not allowed: service Intent { cmp=com.tencent.android.qqdownloader/com.tencent.assistant.main.MainService } to com.tencent.android.qqdownloader/com.tencent.assistant.main.MainService from pid=3506 uid=10094 pkg=com.tencent.android.qqdownloader startFg?=false
05-11 11:09:43.556 1497 2077 W ActivityManager: Background start not allowed: service Intent { cmp=com.tencent.android.qqdownloader/com.tencent.assistant.main.MainService } to com.tencent.android.qqdownloader/com.tencent.assistant.main.MainService from pid=3506 uid=10094 pkg=com.tencent.android.qqdownloader startFg?=false
05-11 11:09:43.564 1497 2087 W ActivityManager: Background start not allowed: service Intent { cmp=com.tencent.android.qqdownloader/com.tencent.assistant.main.MainService } to com.tencent.android.qqdownloader/com.tencent.assistant.main.MainService from pid=3506 uid=10094 pkg=com.tencent.android.qqdownloader startFg?=false
05-11 11:09:43.574 3506 3506 I auditd : type=1400 audit(0.0:5325): avc: granted { execute } for comm="tbs_preinit" path="/data/user/0/com.tencent.android.qqdownloader/app_tbs_64/core_share/libmttwebview.so" dev="dm-10" ino=11908 scontext=u:r:untrusted_app_27:s0:c512,c768 tcontext=u:object_r:app_data_file:s0:c512,c768 tclass=file app=com.tencent.android.qqdownloader
05-11 11:09:43.582 4509 4509 I auditd : type=1400 audit(0.0:5326): avc: granted { nlmsg_readpriv } for comm="mars::6009" scontext=u:r:untrusted_app_29:s0:c96,c256,c512,c768 tcontext=u:r:untrusted_app_29:s0:c96,c256,c512,c768 tclass=netlink_route_socket app=com.tencent.mm
05-11 11:09:43.582 4509 4509 I auditd : type=1400 audit(0.0:5327): avc: granted { nlmsg_readpriv } for comm="mars::6009" scontext=u:r:untrusted_app_29:s0:c96,c256,c512,c768 tcontext=u:r:untrusted_app_29:s0:c96,c256,c512,c768 tclass=netlink_route_socket app=com.tencent.mm
05-11 11:09:43.592 1497 2087 W ActivityManager: Background start not allowed: service Intent { cmp=com.tencent.android.qqdownloader/com.tencent.assistant.main.MainService } to com.tencent.android.qqdownloader/com.tencent.assistant.main.MainService from pid=3506 uid=10094 pkg=com.tencent.android.qqdownloader startFg?=false
05-11 11:09:43.597 1497 2087 W ActivityManager: Background start not allowed: service Intent { cmp=com.tencent.android.qqdownloader/com.tencent.assistant.main.MainService } to com.tencent.android.qqdownloader/com.tencent.assistant.main.MainService from pid=3506 uid=10094 pkg=com.tencent.android.qqdownloader startFg?=false
05-11 11:09:43.600 1497 2087 W ActivityManager: Background start not allowed: service Intent { cmp=com.tencent.android.qqdownloader/com.tencent.assistant.main.MainService } to com.tencent.android.qqdownloader/com.tencent.assistant.main.MainService from pid=3506 uid=10094 pkg=com.tencent.android.qqdownloader startFg?=false
05-11 11:09:43.681 1497 2087 W ActivityManager: Background start not allowed: service Intent { cmp=com.tencent.android.qqdownloader/com.tencent.assistant.main.MainService } to com.tencent.android.qqdownloader/com.tencent.assistant.main.MainService from pid=3506 uid=10094 pkg=com.tencent.android.qqdownloader startFg?=false
05-11 11:09:43.713 1497 2087 W ActivityManager: Background start not allowed: service Intent { cmp=com.tencent.android.qqdownloader/com.tencent.assistant.main.MainService } to com.tencent.android.qqdownloader/com.tencent.assistant.main.MainService from pid=3506 uid=10094 pkg=com.tencent.android.qqdownloader startFg?=false
05-11 11:09:43.729 1497 2087 W ActivityManager: Background start not allowed: service Intent { cmp=com.tencent.android.qqdownloader/com.tencent.assistant.main.MainService } to com.tencent.android.qqdownloader/com.tencent.assistant.main.MainService from pid=3506 uid=10094 pkg=com.tencent.android.qqdownloader startFg?=false
05-11 11:09:43.733 1497 2087 W ActivityManager: Background start not allowed: service Intent { cmp=com.tencent.android.qqdownloader/com.tencent.assistant.main.MainService } to com.tencent.android.qqdownloader/com.tencent.assistant.main.MainService from pid=3506 uid=10094 pkg=com.tencent.android.qqdownloader startFg?=false
05-11 11:09:43.735 1497 2087 W ActivityManager: Background start not allowed: service Intent { cmp=com.tencent.android.qqdownloader/com.tencent.assistant.main.MainService } to com.tencent.android.qqdownloader/com.tencent.assistant.main.MainService from pid=3506 uid=10094 pkg=com.tencent.android.qqdownloader startFg?=false
05-11 11:09:43.740 1497 2077 W ActivityManager: Background start not allowed: service Intent { cmp=com.tencent.android.qqdownloader/com.tencent.assistant.main.MainService } to com.tencent.android.qqdownloader/com.tencent.assistant.main.MainService from pid=3506 uid=10094 pkg=com.tencent.android.qqdownloader startFg?=false
05-11 11:09:43.749 1497 2077 W ActivityManager: Background start not allowed: service Intent { cmp=com.tencent.android.qqdownloader/com.tencent.assistant.main.MainService } to com.tencent.android.qqdownloader/com.tencent.assistant.main.MainService from pid=3506 uid=10094 pkg=com.tencent.android.qqdownloader startFg?=false
05-11 11:09:43.771 1497 2089 W ActivityManager: Background start not allowed: service Intent { cmp=com.tencent.android.qqdownloader/com.tencent.assistant.main.MainService } to com.tencent.android.qqdownloader/com.tencent.assistant.main.MainService from pid=3506 uid=10094 pkg=com.tencent.android.qqdownloader startFg?=false
05-11 11:09:43.797 1497 2089 W ActivityManager: Background start not allowed: service Intent { cmp=com.tencent.android.qqdownloader/com.tencent.assistant.main.MainService } to com.tencent.android.qqdownloader/com.tencent.assistant.main.MainService from pid=3506 uid=10094 pkg=com.tencent.android.qqdownloader startFg?=false
05-11 11:09:43.810 3506 6036 W FileUtils: Failed to chmod(/data/user/0/com.tencent.mm/app_tbs): android.system.ErrnoException: chmod failed: EACCES (Permission denied)
05-11 11:09:43.810 3506 6036 W FileUtils: Failed to chmod(/data/user/0/com.tencent.mm/app_tbs_common_share): android.system.ErrnoException: chmod failed: EACCES (Permission denied)
05-11 11:09:43.836 1497 2077 W ActivityManager: Background start not allowed: service Intent { cmp=com.tencent.android.qqdownloader/com.tencent.assistant.main.MainService } to com.tencent.android.qqdownloader/com.tencent.assistant.main.MainService from pid=3506 uid=10094 pkg=com.tencent.android.qqdownloader startFg?=false
05-11 11:09:43.843 3506 6036 W FileUtils: Failed to chmod(/data/user/0/com.tencent.mobileqq/app_tbs): android.system.ErrnoException: chmod failed: EACCES (Permission denied)
05-11 11:09:43.843 3506 6036 W FileUtils: Failed to chmod(/data/user/0/com.tencent.mobileqq/app_tbs_common_share): android.system.ErrnoException: chmod failed: EACCES (Permission denied)
05-11 11:09:44.231 1497 1601 W NotificationHistory: Attempted to remove conversation for locked/gone/disabled user 0
05-11 11:09:44.296 1497 1601 I am_pss : [3816,1000,com.android.dynsystem:dynsystem,5371904,3940352,0,91377664,0,19,6]
05-11 11:09:44.335 1497 1601 I am_pss : [3769,1000,com.android.dynsystem,5127168,3731456,0,90824704,0,19,5]
05-11 11:09:44.349 1497 1601 I am_pss : [3354,1000,com.qti.diagservices,5805056,4104192,0,95354880,0,10,5]
05-11 11:09:44.485 1497 1587 I commit_sys_config_file: [notification-policy,24434]
05-11 11:09:44.494 1497 2087 W UriGrantsManagerService: No permission grants found for com.tencent.android.qqdownloader
05-11 11:09:44.508 1497 1601 I am_pss : [3416,1000,com.android.keychain,7814144,6451200,0,94195712,0,19,5]
05-11 11:09:44.515 1497 1601 I am_pss : [3924,10029,com.android.managedprovisioning,8693760,7352320,0,94617600,0,19,5]
05-11 11:09:44.583 1902 1902 I sysui_heads_up_status: [0|com.wandoujia.phoenix2|5|null|10102,0]
05-11 11:09:44.710 1497 1601 I am_pss : [4004,10080,com.android.music,6908928,5214208,0,93741056,0,19,5]
05-11 11:09:44.720 1497 2089 W ActivityManager: Background start not allowed: service Intent { cmp=com.tencent.android.qqdownloader/com.tencent.assistant.main.MainService } to com.tencent.android.qqdownloader/com.tencent.assistant.main.MainService from pid=3506 uid=10094 pkg=com.tencent.android.qqdownloader startFg?=false
05-11 11:09:44.723 1497 2089 W ActivityManager: Background start not allowed: service Intent { cmp=com.tencent.android.qqdownloader/com.tencent.assistant.main.MainService } to com.tencent.android.qqdownloader/com.tencent.assistant.main.MainService from pid=3506 uid=10094 pkg=com.tencent.android.qqdownloader startFg?=false
05-11 11:09:44.729 1497 2089 W ActivityManager: Background start not allowed: service Intent { cmp=com.tencent.android.qqdownloader/com.tencent.assistant.main.MainService } to com.tencent.android.qqdownloader/com.tencent.assistant.main.MainService from pid=3506 uid=10094 pkg=com.tencent.android.qqdownloader startFg?=false
05-11 11:09:44.732 1497 2089 W ActivityManager: Background start not allowed: service Intent { cmp=com.tencent.android.qqdownloader/com.tencent.assistant.main.MainService } to com.tencent.android.qqdownloader/com.tencent.assistant.main.MainService from pid=3506 uid=10094 pkg=com.tencent.android.qqdownloader startFg?=false
05-11 11:09:44.733 1497 2089 W ActivityManager: Background start not allowed: service Intent { cmp=com.tencent.android.qqdownloader/com.tencent.assistant.main.MainService } to com.tencent.android.qqdownloader/com.tencent.assistant.main.MainService from pid=3506 uid=10094 pkg=com.tencent.android.qqdownloader startFg?=false
05-11 11:09:44.735 1497 2089 W ActivityManager: Background start not allowed: service Intent { cmp=com.tencent.android.qqdownloader/com.tencent.assistant.main.MainService } to com.tencent.android.qqdownloader/com.tencent.assistant.main.MainService from pid=3506 uid=10094 pkg=com.tencent.android.qqdownloader startFg?=false
05-11 11:09:44.737 1497 2089 W ActivityManager: Background start not allowed: service Intent { cmp=com.tencent.android.qqdownloader/com.tencent.assistant.main.MainService } to com.tencent.android.qqdownloader/com.tencent.assistant.main.MainService from pid=3506 uid=10094 pkg=com.tencent.android.qqdownloader startFg?=false
05-11 11:09:44.739 1497 2089 W ActivityManager: Background start not allowed: service Intent { cmp=com.tencent.android.qqdownloader/com.tencent.assistant.main.MainService } to com.tencent.android.qqdownloader/com.tencent.assistant.main.MainService from pid=3506 uid=10094 pkg=com.tencent.android.qqdownloader startFg?=false
05-11 11:09:44.741 1497 2089 W ActivityManager: Background start not allowed: service Intent { cmp=com.tencent.android.qqdownloader/com.tencent.assistant.main.MainService } to com.tencent.android.qqdownloader/com.tencent.assistant.main.MainService from pid=3506 uid=10094 pkg=com.tencent.android.qqdownloader startFg?=false
05-11 11:09:44.742 1497 2077 W ActivityManager: Background start not allowed: service Intent { cmp=com.tencent.android.qqdownloader/com.tencent.assistant.main.MainService } to com.tencent.android.qqdownloader/com.tencent.assistant.main.MainService from pid=3506 uid=10094 pkg=com.tencent.android.qqdownloader startFg?=false
05-11 11:09:44.744 1497 2089 W ActivityManager: Background start not allowed: service Intent { cmp=com.tencent.android.qqdownloader/com.tencent.assistant.main.MainService } to com.tencent.android.qqdownloader/com.tencent.assistant.main.MainService from pid=3506 uid=10094 pkg=com.tencent.android.qqdownloader startFg?=false
05-11 11:09:44.749 1497 2089 W ActivityManager: Background start not allowed: service Intent { cmp=com.tencent.android.qqdownloader/com.tencent.assistant.main.MainService } to com.tencent.android.qqdownloader/com.tencent.assistant.main.MainService from pid=3506 uid=10094 pkg=com.tencent.android.qqdownloader startFg?=false
05-11 11:09:44.751 1497 2089 W ActivityManager: Background start not allowed: service Intent { cmp=com.tencent.android.qqdownloader/com.tencent.assistant.main.MainService } to com.tencent.android.qqdownloader/com.tencent.assistant.main.MainService from pid=3506 uid=10094 pkg=com.tencent.android.qqdownloader startFg?=false
05-11 11:09:44.757 1497 2089 W ActivityManager: Background start not allowed: service Intent { cmp=com.tencent.android.qqdownloader/com.tencent.assistant.main.MainService } to com.tencent.android.qqdownloader/com.tencent.assistant.main.MainService from pid=3506 uid=10094 pkg=com.tencent.android.qqdownloader startFg?=false
05-11 11:09:44.760 1497 2089 W ActivityManager: Background start not allowed: service Intent { cmp=com.tencent.android.qqdownloader/com.tencent.assistant.main.MainService } to com.tencent.android.qqdownloader/com.tencent.assistant.main.MainService from pid=3506 uid=10094 pkg=com.tencent.android.qqdownloader startFg?=false
05-11 11:09:44.761 1497 2089 W ActivityManager: Background start not allowed: service Intent { cmp=com.tencent.android.qqdownloader/com.tencent.assistant.main.MainService } to com.tencent.android.qqdownloader/com.tencent.assistant.main.MainService from pid=3506 uid=10094 pkg=com.tencent.android.qqdownloader startFg?=false
05-11 11:09:44.764 1497 2089 W ActivityManager: Background start not allowed: service Intent { cmp=com.tencent.android.qqdownloader/com.tencent.assistant.main.MainService } to com.tencent.android.qqdownloader/com.tencent.assistant.main.MainService from pid=3506 uid=10094 pkg=com.tencent.android.qqdownloader startFg?=false
05-11 11:09:44.768 1497 2089 W ActivityManager: Background start not allowed: service Intent { cmp=com.tencent.android.qqdownloader/com.tencent.assistant.main.MainService } to com.tencent.android.qqdownloader/com.tencent.assistant.main.MainService from pid=3506 uid=10094 pkg=com.tencent.android.qqdownloader startFg?=false
05-11 11:09:44.824 1497 1601 I am_pss : [3967,10066,com.android.webview:webview_service,16190464,3665920,0,85852160,0,19,6]
05-11 11:09:44.831 1497 1601 I am_pss : [4049,10060,com.android.onetimeinitializer,4854784,3518464,0,90935296,0,19,5]
05-11 11:09:44.938 1497 2077 D CompatibilityChangeReporter: Compat change id reported: 135634846; UID 10094; state: DISABLED
05-11 11:09:44.938 1497 2077 D CompatibilityChangeReporter: Compat change id reported: 177438394; UID 10094; state: DISABLED
05-11 11:09:44.938 1497 2077 D CompatibilityChangeReporter: Compat change id reported: 135772972; UID 10094; state: DISABLED
05-11 11:09:44.938 1497 2077 D CompatibilityChangeReporter: Compat change id reported: 135754954; UID 10094; state: DISABLED
05-11 11:09:44.939 1497 1603 D CompatibilityChangeReporter: Compat change id reported: 143937733; UID 10094; state: DISABLED
05-11 11:09:44.945 1497 1603 I am_proc_start: [0,6095,10094,com.tencent.ilink.ServiceProcess,service,{com.tencent.android.qqdownloader/com.tencent.luggage.services.WxaStartUpService}]
05-11 11:09:44.945 1497 1603 I ActivityManager: Start proc 6095:com.tencent.ilink.ServiceProcess/u0a94 for service {com.tencent.android.qqdownloader/com.tencent.luggage.services.WxaStartUpService}
01-01 08:00:37.074 0 0 I binder : 6095:6095 ioctl 40046210 7fec0ec5c4 returned -22
05-11 11:09:44.955 1497 2089 I am_proc_bound: [0,6095,com.tencent.ilink.ServiceProcess]
05-11 11:09:44.959 1497 2089 I am_uid_running: 99000
05-11 11:09:44.959 1497 2089 D CompatibilityChangeReporter: Compat change id reported: 135634846; UID 10094; state: DISABLED
05-11 11:09:44.959 1497 1603 D CompatibilityChangeReporter: Compat change id reported: 143937733; UID 10094; state: ENABLED
05-11 11:09:44.965 1497 1603 I am_proc_start: [0,6112,99000,com.android.webview:sandboxed_process0:org.chromium.content.app.SandboxedProcessService0:0,,{com.tencent.android.qqdownloader/org.chromium.content.app.SandboxedProcessService0:0}]
05-11 11:09:44.965 1497 1603 I ActivityManager: Start proc 6112:com.android.webview:sandboxed_process0:org.chromium.content.app.SandboxedProcessService0:0/u0ai9000 for {com.tencent.android.qqdownloader/org.chromium.content.app.SandboxedProcessService0:0}
01-01 08:00:37.099 0 0 I binder : 6112:6112 ioctl 40046210 ff8c00c8 returned -22
05-11 11:09:44.981 1497 2077 I am_proc_bound: [0,6112,com.android.webview:sandboxed_process0:org.chromium.content.app.SandboxedProcessService0:0]
05-11 11:09:45.024 516 516 I auditd : avc: denied { find } for pid=6112 uid=99000 name=content_capture scontext=u:r:isolated_app:s0:c512,c768 tcontext=u:object_r:content_capture_service:s0 tclass=service_manager permissive=1
05-11 11:09:45.053 1497 1601 I am_pss : [4101,10091,com.android.permissioncontroller,11229184,9854976,0,99037184,0,19,6]
05-11 11:09:45.069 1497 2077 D CompatibilityChangeReporter: Compat change id reported: 168419799; UID 10066; state: DISABLED
05-11 11:09:45.087 1497 1601 I am_pss : [4076,10025,com.android.packageinstaller,6876160,5595136,0,91459584,0,19,6]
05-11 11:09:45.098 0 0 I auditd : type=1400 audit(0.0:5334): avc: denied { kill } for comm="swapper/6" capability=5 scontext=u:r:kernel:s0 tcontext=u:r:kernel:s0 tclass=capability permissive=1
05-11 11:09:45.168 1497 1497 I notification_enqueue: [10094,3506,com.tencent.android.qqdownloader,127,NULL,0,Notification(channel=channel_id_default_silent shortcut=null contentView=com.tencent.android.qqdownloader/0x7f0a01c2 vibrate=null sound=null defaults=0x0 flags=0x2a2 color=0x00000000 groupKey=com.tencent.android.qqdownloader vis=PRIVATE),1]
05-11 11:09:45.170 1497 2089 E PackageDexUsage: Unsupported context?
05-11 11:09:45.297 1497 1601 I am_pss : [4146,2000,com.android.shell,5695488,4345856,0,92385280,0,19,5]
05-11 11:09:45.368 1497 1497 I GameModeConfig: isGameModeOn = true
05-11 11:09:45.369 1497 1497 I GameModeConfig: isGaming = false
05-11 11:09:45.589 1497 1601 I am_pss : [4212,1000,com.android.localtransport,5266432,3944448,0,91160576,0,19,6]
05-11 11:09:45.646 1497 2077 E PackageDexUsage: Unsupported context?
01-01 08:00:37.823 0 0 I [dp_rx_][0x2b493cda][11:09:45.702548] wlan: [3496:I:QDF] DHCP-R RX: SA:34:f7:16:b2:4c:1e DA:ff:ff:ff:ff:ff:ff
05-11 11:09:45.711 1497 2077 W ActivityManager: Background start not allowed: service Intent { cmp=com.tencent.android.qqdownloader/com.tencent.assistant.main.MainService } to com.tencent.android.qqdownloader/com.tencent.assistant.main.MainService from pid=3506 uid=10094 pkg=com.tencent.android.qqdownloader startFg?=false
05-11 11:09:45.712 1497 2087 W ActivityManager: Background start not allowed: service Intent { cmp=com.tencent.android.qqdownloader/com.tencent.assistant.main.MainService } to com.tencent.android.qqdownloader/com.tencent.assistant.main.MainService from pid=3506 uid=10094 pkg=com.tencent.android.qqdownloader startFg?=false
05-11 11:09:45.795 1497 1601 I am_pss : [4363,10101,com.baidu.appsearch,40927232,26963968,0,181727232,0,4,9]
05-11 11:09:45.870 6095 6095 I auditd : type=1400 audit(0.0:5335): avc: granted { execute } for comm="temporary-1" path="/data/user/0/com.tencent.android.qqdownloader/files/shell/7_8424130_6981/lib/arm64-v8a/libmmkv.so" dev="dm-10" ino=6016 scontext=u:r:untrusted_app_27:s0:c512,c768 tcontext=u:object_r:app_data_file:s0:c512,c768 tclass=file app=com.tencent.android.qqdownloader
05-11 11:09:45.883 1497 1601 I am_pss : [4331,10058,com.qualcomm.qti.qms.service.connectionsecurity,13742080,4194304,0,77766656,0,19,5]
05-11 11:09:45.898 6095 6095 I auditd : type=1400 audit(0.0:5336): avc: granted { execute } for comm="temporary-1" path="/data/user/0/com.tencent.android.qqdownloader/files/shell/7_8424130_6981/lib/arm64-v8a/libmarsxlog.so" dev="dm-10" ino=6015 scontext=u:r:untrusted_app_27:s0:c512,c768 tcontext=u:object_r:app_data_file:s0:c512,c768 tclass=file app=com.tencent.android.qqdownloader
05-11 11:09:45.986 1902 1902 I sysui_heads_up_status: [0|com.baidu.appsearch|2131755452|null|10101,0]
05-11 11:09:45.990 1497 1825 I GameModeConfig: isGameModeOn = true
05-11 11:09:45.991 1497 1825 I GameModeConfig: isGaming = false
05-11 11:09:45.991 1497 1825 I GameModeConfig: isGameModeOn = true
05-11 11:09:45.991 1497 1825 I GameModeConfig: isGaming = false
05-11 11:09:46.006 6095 6095 I auditd : type=1400 audit(0.0:5337): avc: granted { execute } for comm=".ServiceProcess" path="/data/user/0/com.tencent.android.qqdownloader/files/res_hub/yyb/online/wx_lib_host_so_64_10/arm64-v8a/libc++_shared.so" dev="dm-10" ino=4881 scontext=u:r:untrusted_app_27:s0:c512,c768 tcontext=u:object_r:app_data_file:s0:c512,c768 tclass=file app=com.tencent.android.qqdownloader
05-11 11:09:46.034 6095 6095 I auditd : type=1400 audit(0.0:5338): avc: granted { execute } for comm=".ServiceProcess" path="/data/user/0/com.tencent.android.qqdownloader/files/res_hub/yyb/online/wx_lib_host_so_64_10/arm64-v8a/libwechatxlog.so" dev="dm-10" ino=4886 scontext=u:r:untrusted_app_27:s0:c512,c768 tcontext=u:object_r:app_data_file:s0:c512,c768 tclass=file app=com.tencent.android.qqdownloader
05-11 11:09:46.048 1497 2087 W ActivityManager: Background start not allowed: service Intent { cmp=com.tencent.android.qqdownloader/com.tencent.assistant.main.MainService } to com.tencent.android.qqdownloader/com.tencent.assistant.main.MainService from pid=6095 uid=10094 pkg=com.tencent.android.qqdownloader startFg?=false
05-11 11:09:46.050 1497 2087 W ActivityManager: Background start not allowed: service Intent { cmp=com.tencent.android.qqdownloader/com.tencent.assistant.main.MainService } to com.tencent.android.qqdownloader/com.tencent.assistant.main.MainService from pid=6095 uid=10094 pkg=com.tencent.android.qqdownloader startFg?=false
05-11 11:09:46.063 1497 2087 W ActivityManager: Background start not allowed: service Intent { cmp=com.tencent.android.qqdownloader/com.tencent.assistant.main.MainService } to com.tencent.android.qqdownloader/com.tencent.assistant.main.MainService from pid=6095 uid=10094 pkg=com.tencent.android.qqdownloader startFg?=false
05-11 11:09:46.065 1497 2077 W ActivityManager: Background start not allowed: service Intent { cmp=com.tencent.android.qqdownloader/com.tencent.assistant.main.MainService } to com.tencent.android.qqdownloader/com.tencent.assistant.main.MainService from pid=6095 uid=10094 pkg=com.tencent.android.qqdownloader startFg?=false
05-11 11:09:46.066 1497 2087 W ActivityManager: Background start not allowed: service Intent { cmp=com.tencent.android.qqdownloader/com.tencent.assistant.main.MainService } to com.tencent.android.qqdownloader/com.tencent.assistant.main.MainService from pid=6095 uid=10094 pkg=com.tencent.android.qqdownloader startFg?=false
05-11 11:09:46.067 1497 2087 W ActivityManager: Background start not allowed: service Intent { cmp=com.tencent.android.qqdownloader/com.tencent.assistant.main.MainService } to com.tencent.android.qqdownloader/com.tencent.assistant.main.MainService from pid=6095 uid=10094 pkg=com.tencent.android.qqdownloader startFg?=false
05-11 11:09:46.068 1497 2087 W ActivityManager: Background start not allowed: service Intent { cmp=com.tencent.android.qqdownloader/com.tencent.assistant.main.MainService } to com.tencent.android.qqdownloader/com.tencent.assistant.main.MainService from pid=6095 uid=10094 pkg=com.tencent.android.qqdownloader startFg?=false
05-11 11:09:46.069 1497 2087 W ActivityManager: Background start not allowed: service Intent { cmp=com.tencent.android.qqdownloader/com.tencent.assistant.main.MainService } to com.tencent.android.qqdownloader/com.tencent.assistant.main.MainService from pid=6095 uid=10094 pkg=com.tencent.android.qqdownloader startFg?=false
05-11 11:09:46.071 1497 2087 W ActivityManager: Background start not allowed: service Intent { cmp=com.tencent.android.qqdownloader/com.tencent.assistant.main.MainService } to com.tencent.android.qqdownloader/com.tencent.assistant.main.MainService from pid=6095 uid=10094 pkg=com.tencent.android.qqdownloader startFg?=false
05-11 11:09:46.072 1497 2087 W ActivityManager: Background start not allowed: service Intent { cmp=com.tencent.android.qqdownloader/com.tencent.assistant.main.MainService } to com.tencent.android.qqdownloader/com.tencent.assistant.main.MainService from pid=6095 uid=10094 pkg=com.tencent.android.qqdownloader startFg?=false
05-11 11:09:46.073 1497 2089 W ActivityManager: Background start not allowed: service Intent { cmp=com.tencent.android.qqdownloader/com.tencent.assistant.main.MainService } to com.tencent.android.qqdownloader/com.tencent.assistant.main.MainService from pid=6095 uid=10094 pkg=com.tencent.android.qqdownloader startFg?=false
05-11 11:09:46.074 1497 2089 W ActivityManager: Background start not allowed: service Intent { cmp=com.tencent.android.qqdownloader/com.tencent.assistant.main.MainService } to com.tencent.android.qqdownloader/com.tencent.assistant.main.MainService from pid=6095 uid=10094 pkg=com.tencent.android.qqdownloader startFg?=false
05-11 11:09:46.075 1497 2089 W ActivityManager: Background start not allowed: service Intent { cmp=com.tencent.android.qqdownloader/com.tencent.assistant.main.MainService } to com.tencent.android.qqdownloader/com.tencent.assistant.main.MainService from pid=6095 uid=10094 pkg=com.tencent.android.qqdownloader startFg?=false
05-11 11:09:46.076 1497 2089 W ActivityManager: Background start not allowed: service Intent { cmp=com.tencent.android.qqdownloader/com.tencent.assistant.main.MainService } to com.tencent.android.qqdownloader/com.tencent.assistant.main.MainService from pid=6095 uid=10094 pkg=com.tencent.android.qqdownloader startFg?=false
05-11 11:09:46.077 1497 2089 W ActivityManager: Background start not allowed: service Intent { cmp=com.tencent.android.qqdownloader/com.tencent.assistant.main.MainService } to com.tencent.android.qqdownloader/com.tencent.assistant.main.MainService from pid=6095 uid=10094 pkg=com.tencent.android.qqdownloader startFg?=false
05-11 11:09:46.078 1497 2089 W ActivityManager: Background start not allowed: service Intent { cmp=com.tencent.android.qqdownloader/com.tencent.assistant.main.MainService } to com.tencent.android.qqdownloader/com.tencent.assistant.main.MainService from pid=6095 uid=10094 pkg=com.tencent.android.qqdownloader startFg?=false
05-11 11:09:46.079 1497 2089 W ActivityManager: Background start not allowed: service Intent { cmp=com.tencent.android.qqdownloader/com.tencent.assistant.main.MainService } to com.tencent.android.qqdownloader/com.tencent.assistant.main.MainService from pid=6095 uid=10094 pkg=com.tencent.android.qqdownloader startFg?=false
05-11 11:09:46.081 1497 2089 W ActivityManager: Background start not allowed: service Intent { cmp=com.tencent.android.qqdownloader/com.tencent.assistant.main.MainService } to com.tencent.android.qqdownloader/com.tencent.assistant.main.MainService from pid=6095 uid=10094 pkg=com.tencent.android.qqdownloader startFg?=false
05-11 11:09:46.082 1497 2089 W ActivityManager: Background start not allowed: service Intent { cmp=com.tencent.android.qqdownloader/com.tencent.assistant.main.MainService } to com.tencent.android.qqdownloader/com.tencent.assistant.main.MainService from pid=6095 uid=10094 pkg=com.tencent.android.qqdownloader startFg?=false
05-11 11:09:46.085 1497 2089 W ActivityManager: Background start not allowed: service Intent { cmp=com.tencent.android.qqdownloader/com.tencent.assistant.main.MainService } to com.tencent.android.qqdownloader/com.tencent.assistant.main.MainService from pid=6095 uid=10094 pkg=com.tencent.android.qqdownloader startFg?=false
05-11 11:09:46.086 1497 2089 W ActivityManager: Background start not allowed: service Intent { cmp=com.tencent.android.qqdownloader/com.tencent.assistant.main.MainService } to com.tencent.android.qqdownloader/com.tencent.assistant.main.MainService from pid=6095 uid=10094 pkg=com.tencent.android.qqdownloader startFg?=false
05-11 11:09:46.089 1497 2089 W ActivityManager: Background start not allowed: service Intent { cmp=com.tencent.android.qqdownloader/com.tencent.assistant.main.MainService } to com.tencent.android.qqdownloader/com.tencent.assistant.main.MainService from pid=6095 uid=10094 pkg=com.tencent.android.qqdownloader startFg?=false
05-11 11:09:46.090 1497 2089 W ActivityManager: Background start not allowed: service Intent { cmp=com.tencent.android.qqdownloader/com.tencent.assistant.main.MainService } to com.tencent.android.qqdownloader/com.tencent.assistant.main.MainService from pid=6095 uid=10094 pkg=com.tencent.android.qqdownloader startFg?=false
05-11 11:09:46.092 1497 2089 W ActivityManager: Background start not allowed: service Intent { cmp=com.tencent.android.qqdownloader/com.tencent.assistant.main.MainService } to com.tencent.android.qqdownloader/com.tencent.assistant.main.MainService from pid=6095 uid=10094 pkg=com.tencent.android.qqdownloader startFg?=false
01-01 08:00:38.221 0 0 W audit : audit_lost=4964 audit_rate_limit=5 audit_backlog_limit=64
01-01 08:00:38.221 0 0 E audit : rate limit exceeded
05-11 11:09:46.185 1497 1497 I notification_enqueue: [10094,3506,com.tencent.android.qqdownloader,127,NULL,0,Notification(channel=channel_id_default_silent shortcut=null contentView=com.tencent.android.qqdownloader/0x7f0a01c2 vibrate=null sound=null defaults=0x0 flags=0x2a2 color=0x00000000 groupKey=com.tencent.android.qqdownloader vis=PRIVATE),1]
05-11 11:09:46.386 1497 1497 I GameModeConfig: isGameModeOn = true
05-11 11:09:46.386 1497 1497 I GameModeConfig: isGaming = false
05-11 11:09:46.422 1497 2087 I sysui_multi_action: [757,128,758,1,793,24438,794,0,795,24438,796,26,798,0,806,android,857,DEVELOPER_IMPORTANT,858,4,947,0,1395,2,1500,23886,1688,1]
05-11 11:09:46.423 1497 2087 I sysui_multi_action: [757,804,799,note_freshness,801,24438,802,1]
05-11 11:09:46.423 1497 2087 I notification_visibility: [-1|android|26|null|1000,1,24438,24438,0,0]
05-11 11:09:46.423 1497 2087 I sysui_multi_action: [757,128,758,1,793,24440,794,0,795,24440,796,27,798,1,806,android,857,USB,858,1,947,0,1395,2,1500,23888,1688,1]
05-11 11:09:46.423 1497 2087 I sysui_multi_action: [757,804,799,note_freshness,801,24440,802,1]
05-11 11:09:46.423 1497 2087 I notification_visibility: [-1|android|27|null|1000,1,24440,24440,0,1]
05-11 11:09:46.427 1497 2087 I sysui_multi_action: [757,128,758,2,793,24443,794,5,795,24443,796,26,798,0,806,android,857,DEVELOPER_IMPORTANT,858,4,947,0,1395,2,1500,23891,1688,1]
05-11 11:09:46.427 1497 2087 I notification_visibility: [-1|android|26|null|1000,0,24443,24443,0,0]
05-11 11:09:46.427 1497 2087 I sysui_multi_action: [757,128,758,2,793,24444,794,4,795,24444,796,27,798,1,806,android,857,USB,858,1,947,0,1395,2,1500,23892,1688,1]
05-11 11:09:46.428 1497 2087 I notification_visibility: [-1|android|27|null|1000,0,24444,24444,0,1]
05-11 11:09:46.428 1497 2089 I sysui_multi_action: [757,127,758,2]
05-11 11:09:46.428 1497 2089 I notification_panel_hidden:
05-11 11:09:46.482 6254 6254 I auditd : type=1400 audit(0.0:5340): avc: granted { execute } for comm="DeleteObserver" name="a" dev="dm-10" ino=77005 scontext=u:r:untrusted_app_27:s0:c512,c768 tcontext=u:object_r:app_data_file:s0:c512,c768 tclass=file app=com.wandoujia.phoenix2
05-11 11:09:46.482 6254 6254 I auditd : type=1400 audit(0.0:5341): avc: granted { execute_no_trans } for comm="DeleteObserver" path="/data/data/com.wandoujia.phoenix2/amodel/a" dev="dm-10" ino=77005 scontext=u:r:untrusted_app_27:s0:c512,c768 tcontext=u:object_r:app_data_file:s0:c512,c768 tclass=file app=com.wandoujia.phoenix2
05-11 11:09:46.486 6254 6254 I auditd : type=1400 audit(0.0:5342): avc: granted { execute } for comm="a" path="/data/data/com.wandoujia.phoenix2/amodel/a" dev="dm-10" ino=77005 scontext=u:r:untrusted_app_27:s0:c512,c768 tcontext=u:object_r:app_data_file:s0:c512,c768 tclass=file app=com.wandoujia.phoenix2
05-11 11:09:46.978 3506 3506 I auditd : type=1400 audit(0.0:5343): avc: granted { execute } for comm="gatherer-1-thre" path="/data/user/0/com.tencent.android.qqdownloader/app_e_qq_com_plugin_new_b11baa871a179485a20599a8c8554089/libturingga.so" dev="dm-10" ino=8038 scontext=u:r:untrusted_app_27:s0:c512,c768 tcontext=u:object_r:app_data_file:s0:c512,c768 tclass=file app=com.tencent.android.qqdownloader
05-11 11:09:47.046 6265 6265 I auditd : type=1400 audit(0.0:5344): avc: denied { open } for comm="getprop" path="/dev/__properties__/u:object_r:ab_update_gki_prop:s0" dev="tmpfs" ino=2120 scontext=u:r:untrusted_app_27:s0:c512,c768 tcontext=u:object_r:ab_update_gki_prop:s0 tclass=file permissive=1 app=com.tencent.android.qqdownloader
05-11 11:09:47.157 1497 2087 E PackageDexUsage: Unsupported context?
05-11 11:09:47.226 1497 1497 I notification_enqueue: [10094,3506,com.tencent.android.qqdownloader,127,NULL,0,Notification(channel=channel_id_default_silent shortcut=null contentView=com.tencent.android.qqdownloader/0x7f0a01c2 vibrate=null sound=null defaults=0x0 flags=0x2a2 color=0x00000000 groupKey=com.tencent.android.qqdownloader vis=PRIVATE),1]
05-11 11:09:47.244 1497 1601 I sysui_multi_action: [757,1717,758,1,759,0]
05-11 11:09:47.244 1497 1601 I sysui_multi_action: [757,1717,758,2,759,0]
05-11 11:09:47.244 1497 1601 I sysui_multi_action: [757,1717,758,3,759,0]
01-01 08:00:39.507 0 0 W audit : audit_lost=5639 audit_rate_limit=5 audit_backlog_limit=64
01-01 08:00:39.507 0 0 E audit : rate limit exceeded
05-11 11:09:47.397 1497 2087 W ActivityManager: Background start not allowed: service Intent { cmp=com.tencent.android.qqdownloader/com.tencent.assistant.main.MainService } to com.tencent.android.qqdownloader/com.tencent.assistant.main.MainService from pid=3506 uid=10094 pkg=com.tencent.android.qqdownloader startFg?=false
05-11 11:09:47.398 1497 2087 W ActivityManager: Background start not allowed: service Intent { cmp=com.tencent.android.qqdownloader/com.tencent.assistant.main.MainService } to com.tencent.android.qqdownloader/com.tencent.assistant.main.MainService from pid=3506 uid=10094 pkg=com.tencent.android.qqdownloader startFg?=false
05-11 11:09:47.399 1497 2087 W ActivityManager: Background start not allowed: service Intent { cmp=com.tencent.android.qqdownloader/com.tencent.assistant.main.MainService } to com.tencent.android.qqdownloader/com.tencent.assistant.main.MainService from pid=3506 uid=10094 pkg=com.tencent.android.qqdownloader startFg?=false
05-11 11:09:47.399 1497 2087 W ActivityManager: Background start not allowed: service Intent { cmp=com.tencent.android.qqdownloader/com.tencent.assistant.main.MainService } to com.tencent.android.qqdownloader/com.tencent.assistant.main.MainService from pid=3506 uid=10094 pkg=com.tencent.android.qqdownloader startFg?=false
05-11 11:09:47.401 1497 2087 W ActivityManager: Background start not allowed: service Intent { cmp=com.tencent.android.qqdownloader/com.tencent.assistant.main.MainService } to com.tencent.android.qqdownloader/com.tencent.assistant.main.MainService from pid=3506 uid=10094 pkg=com.tencent.android.qqdownloader startFg?=false
05-11 11:09:47.402 1497 2087 W ActivityManager: Background start not allowed: service Intent { cmp=com.tencent.android.qqdownloader/com.tencent.assistant.main.MainService } to com.tencent.android.qqdownloader/com.tencent.assistant.main.MainService from pid=3506 uid=10094 pkg=com.tencent.android.qqdownloader startFg?=false
05-11 11:09:47.403 1497 2087 W ActivityManager: Background start not allowed: service Intent { cmp=com.tencent.android.qqdownloader/com.tencent.assistant.main.MainService } to com.tencent.android.qqdownloader/com.tencent.assistant.main.MainService from pid=3506 uid=10094 pkg=com.tencent.android.qqdownloader startFg?=false
05-11 11:09:47.404 1497 2087 W ActivityManager: Background start not allowed: service Intent { cmp=com.tencent.android.qqdownloader/com.tencent.assistant.main.MainService } to com.tencent.android.qqdownloader/com.tencent.assistant.main.MainService from pid=3506 uid=10094 pkg=com.tencent.android.qqdownloader startFg?=false
05-11 11:09:47.409 1497 2087 W ActivityManager: Background start not allowed: service Intent { cmp=com.tencent.android.qqdownloader/com.tencent.assistant.main.MainService } to com.tencent.android.qqdownloader/com.tencent.assistant.main.MainService from pid=3506 uid=10094 pkg=com.tencent.android.qqdownloader startFg?=false
05-11 11:09:47.411 1497 2087 W ActivityManager: Background start not allowed: service Intent { cmp=com.tencent.android.qqdownloader/com.tencent.assistant.main.MainService } to com.tencent.android.qqdownloader/com.tencent.assistant.main.MainService from pid=3506 uid=10094 pkg=com.tencent.android.qqdownloader startFg?=false
05-11 11:09:47.412 1497 2087 W ActivityManager: Background start not allowed: service Intent { cmp=com.tencent.android.qqdownloader/com.tencent.assistant.main.MainService } to com.tencent.android.qqdownloader/com.tencent.assistant.main.MainService from pid=3506 uid=10094 pkg=com.tencent.android.qqdownloader startFg?=false
05-11 11:09:47.414 1497 2087 W ActivityManager: Background start not allowed: service Intent { cmp=com.tencent.android.qqdownloader/com.tencent.assistant.main.MainService } to com.tencent.android.qqdownloader/com.tencent.assistant.main.MainService from pid=3506 uid=10094 pkg=com.tencent.android.qqdownloader startFg?=false
