01-01 08:00:17.273 0 0 I binder : 4146:4146 ioctl 40046210 7fec0ec5c4 returned -22
05-11 11:09:25.156 1497 2068 I am_proc_bound: [0,4146,com.android.shell]
05-11 11:09:25.157 1497 2068 D CompatibilityChangeReporter: Compat change id reported: 168419799; UID 2000; state: DISABLED
05-11 11:09:25.158 1497 2068 I am_uid_active: 2000
05-11 11:09:25.174 1497 1497 I Telecom : BluetoothStateReceiver: Device 60:F4:3A:B2:E8:8D is now the preferred BT device for HFP: BSR.oR@ABg
05-11 11:09:25.174 1497 1497 I Telecom : BluetoothStateReceiver: Device 60:F4:3A:B2:E8:8D changed state to 2: BSR.oR@ABk
05-11 11:09:25.175 1497 2644 I Telecom : CallAudioRouteStateMachine: Message received: BT_ACTIVE_DEVICE_PRESENT=8, arg1=0: BSR.oR->CARSM.pM_BT_ACTIVE_DEVICE_PRESENT@ABg
05-11 11:09:25.175 1497 2644 I Telecom : QuiescentEarpieceRoute: Processing message BT_ACTIVE_DEVICE_PRESENT: BSR.oR->CARSM.pM_BT_ACTIVE_DEVICE_PRESENT@ABg
05-11 11:09:25.175 1497 2613 I Telecom : BluetoothRouteManager: Message received: NEW_DEVICE_CONNECTED.: BSR.oR->BRM.pM_1@ABk
05-11 11:09:25.175 1497 2644 I Telecom : Logging.Events: Non-call EVENT: AUDIO_ROUTE, Bluetooth active device present: BSR.oR->CARSM.pM_BT_ACTIVE_DEVICE_PRESENT@ABg
05-11 11:09:25.175 1497 2644 I Telecom : CallAudioRouteStateMachine: Message received: SWITCH_BLUETOOTH=1002, arg1=0: BSR.oR->CARSM.pM_BT_ACTIVE_DEVICE_PRESENT->CARSM.pM_SWITCH_BLUETOOTH@ABg
05-11 11:09:25.175 1497 2644 I Telecom : QuiescentEarpieceRoute: Processing message SWITCH_BLUETOOTH: BSR.oR->CARSM.pM_BT_ACTIVE_DEVICE_PRESENT->CARSM.pM_SWITCH_BLUETOOTH@ABg
05-11 11:09:25.175 1497 2644 W Telecom : QuiescentEarpieceRoute: Ignoring switch to bluetooth command. Not available.: BSR.oR->CARSM.pM_BT_ACTIVE_DEVICE_PRESENT->CARSM.pM_SWITCH_BLUETOOTH@ABg
05-11 11:09:25.175 1497 2644 I Telecom : CallAudioRouteStateMachine: Message received: BLUETOOTH_DEVICE_LIST_CHANGED=7, arg1=0: BSR.oR->CARSM.pM_BLUETOOTH_DEVICE_LIST_CHANGED@ABk
05-11 11:09:25.175 1497 2644 I Telecom : QuiescentEarpieceRoute: Processing message BLUETOOTH_DEVICE_LIST_CHANGED: BSR.oR->CARSM.pM_BLUETOOTH_DEVICE_LIST_CHANGED@ABk
05-11 11:09:25.175 1497 2644 I Telecom : Logging.Events: Non-call EVENT: AUDIO_ROUTE, Bluetooth device list changed: BSR.oR->CARSM.pM_BLUETOOTH_DEVICE_LIST_CHANGED@ABk
05-11 11:09:25.178 1497 1497 I Telecom : WiredHeadsetManager: ACTION_HEADSET_PLUG event, plugged in: false, : WHC.oADA@ABo
05-11 11:09:25.191 1497 2519 I volume_changed: [6,7,10,15,com.android.bluetooth]
05-11 11:09:25.216 1410 1447 I liblog : 380
01-01 08:00:17.332 0 0 I [schedu][0x13d62b01][11:09:25.212070] wlan: [3493:I:OSIF] vdev 0, scan id 40961 type COMPLETED(1) reason COMPLETED(1) scan found 88 bss
05-11 11:09:25.264 1497 1921 W BroadcastQueue: Permission Denial: receiving Intent { act=android.intent.action.BOOT_COMPLETED flg=0x89000010 (has extras) } to com.baidu.input/.directboot.DirectBootReceiver requires android.permission.RECEIVE_BOOT_COMPLETED due to sender null (uid 1000)
05-11 11:09:25.264 1497 1602 W BroadcastQueue: Permission Denial: receiving Intent { act=android.intent.action.BOOT_COMPLETED flg=0x89000010 (has extras) } to com.baidu.input/.switchguide.InputMethodChangedReceiver requires android.permission.RECEIVE_BOOT_COMPLETED due to sender null (uid 1000)
05-11 11:09:25.270 1497 1602 D CompatibilityChangeReporter: Compat change id reported: 168419799; UID 10081; state: DISABLED
05-11 11:09:25.282 3054 3054 W ContextImpl: Calling a method in the system process without a qualified user: android.app.ContextImpl.startService:1816 android.content.ContextWrapper.startService:774 com.hryt.hiphishowfsecontrol.mce_app.broadcasts.FseReceiver.onReceive:49 android.app.ActivityThread.handleReceiver:4309 android.app.ActivityThread.access$1600:248
05-11 11:09:25.283 1497 1921 I am_uid_running: 10070
05-11 11:09:25.284 1497 1921 D CompatibilityChangeReporter: Compat change id reported: 135634846; UID 10070; state: DISABLED
05-11 11:09:25.284 1497 1921 D CompatibilityChangeReporter: Compat change id reported: 177438394; UID 10070; state: DISABLED
05-11 11:09:25.284 1497 1921 D CompatibilityChangeReporter: Compat change id reported: 135772972; UID 10070; state: DISABLED
05-11 11:09:25.284 1497 1921 D CompatibilityChangeReporter: Compat change id reported: 135754954; UID 10070; state: ENABLED
05-11 11:09:25.284 1497 1603 D CompatibilityChangeReporter: Compat change id reported: 143937733; UID 10070; state: ENABLED
05-11 11:09:25.296 1497 1603 I am_proc_start: [0,4187,10070,com.qti.ltebc,broadcast,{com.qti.ltebc/com.qualcomm.ltebc.LTEBroadcastBootReceiver}]
05-11 11:09:25.296 1497 1603 I ActivityManager: Start proc 4187:com.qti.ltebc/u0a70 for broadcast {com.qti.ltebc/com.qualcomm.ltebc.LTEBroadcastBootReceiver}
05-11 11:09:25.303 1497 2068 D CompatibilityChangeReporter: Compat change id reported: 149924527; UID 10081; state: ENABLED
05-11 11:09:25.303 1497 2068 D CompatibilityChangeReporter: Compat change id reported: 132649864; UID 10081; state: DISABLED
01-01 08:00:17.435 0 0 I binder : 4187:4187 ioctl 40046210 7fec0ec5c4 returned -22
05-11 11:09:25.317 1497 2068 I am_proc_bound: [0,4187,com.qti.ltebc]
05-11 11:09:25.318 1497 2068 D CompatibilityChangeReporter: Compat change id reported: 168419799; UID 10070; state: DISABLED
05-11 11:09:25.319 1497 2068 I am_uid_active: 10070
01-01 08:00:17.464 0 0 I [schedu][0x13fc9d1d][11:09:25.343298] wlan: [3493:I:HIF] Deinitializing Runtime PM wakelock &vdev->vdev_set_key_runtime_wakelock
05-11 11:09:25.346 1497 3003 D CompatibilityChangeReporter: Compat change id reported: 135634846; UID 1000; state: DISABLED
05-11 11:09:25.346 1497 3003 D CompatibilityChangeReporter: Compat change id reported: 177438394; UID 1000; state: DISABLED
05-11 11:09:25.346 1497 3003 D CompatibilityChangeReporter: Compat change id reported: 135772972; UID 1000; state: DISABLED
05-11 11:09:25.346 1497 3003 D CompatibilityChangeReporter: Compat change id reported: 135754954; UID 1000; state: ENABLED
05-11 11:09:25.346 836 836 D android.hardware.wifi@1.0-service: Successfully SetMacAddress.
05-11 11:09:25.346 1497 3003 I backup_transport_lifecycle: [com.android.localtransport/.LocalTransportService,1]
01-01 08:00:17.465 0 0 I [schedu][0x13fd28e6][11:09:25.345162] wlan: [3493:I:HIF] Initializing Runtime PM wakelock &vdev->vdev_set_key_runtime_wakelock
01-01 08:00:17.467 0 0 I [wifi@1][0x13fdabf6][11:09:25.346909] wlan: [836:I:DP] dp_vdev_attach_wifi3: wlan_cfg_ap_bridge_enabled 0
05-11 11:09:25.353 1497 1603 I am_proc_start: [0,4212,1000,com.android.localtransport,service,{com.android.localtransport/com.android.localtransport.LocalTransportService}]
05-11 11:09:25.353 1497 1603 I ActivityManager: Start proc 4212:com.android.localtransport/1000 for service {com.android.localtransport/com.android.localtransport.LocalTransportService}
01-01 08:00:17.476 0 0 E [wifi@1][0x1400617d][11:09:25.356156] wlan: [3543:E:wifipos] wifi_pos_process_app_reg_req: 608: Received App Req Req pid(1631585092), len(16)
01-01 08:00:17.477 0 0 I [wifi@1][0x140082e0][11:09:25.356602] wlan: [3543:I:wifipos] wifi_pos_get_ch_info: 461: num channels: 26
01-01 08:00:17.477 0 0 I [wifi@1][0x14008d27][11:09:25.356739] wlan: [3543:I:wifipos] wifi_pos_get_ch_info: 461: num channels: 26
05-11 11:09:25.360 1229 1229 W wificond: Scan is not started. Ignore abort request
01-01 08:00:17.487 0 0 I binder : 4212:4212 ioctl 40046210 7fec0ec5c4 returned -22
05-11 11:09:25.376 1497 2519 I am_proc_bound: [0,4212,com.android.localtransport]
05-11 11:09:25.394 1497 1497 I backup_transport_connection: [com.android.localtransport/.LocalTransportService,1]
05-11 11:09:25.394 1497 1497 I TransportClient: LocalTransportService#0: Notifying [TransportManager.registerTransport()] transport = IBackupTransport
05-11 11:09:25.395 1497 3003 D BackupTransportManager: Transport com.android.localtransport/.LocalTransportService registered
05-11 11:09:25.395 1497 3003 D BackupManagerService: [UserID:0] Transport com.android.localtransport/.LocalTransport registered 3064ms after first request (delay = 3000ms)
05-11 11:09:25.396 1497 3003 I backup_transport_lifecycle: [com.android.localtransport/.LocalTransportService,0]
05-11 11:09:25.396 1497 3003 I backup_transport_connection: [com.android.localtransport/.LocalTransportService,0]
05-11 11:09:25.397 1497 3003 I BackupManagerService: [UserID:0] Found 4 stale backup journal(s), scheduling.
05-11 11:09:25.399 1497 3003 V BackupManagerConstants: getKeyValueBackupIntervalMilliseconds(...) returns 14400000
05-11 11:09:25.399 1497 3003 V BackupManagerConstants: getKeyValueBackupFuzzMilliseconds(...) returns 600000
05-11 11:09:25.399 1497 3003 V BackupManagerConstants: getKeyValueBackupRequiredNetworkType(...) returns 1
05-11 11:09:25.399 1497 3003 V BackupManagerConstants: getKeyValueBackupRequireCharging(...) returns true
05-11 11:09:25.399 1497 3003 V KeyValueBackupJob: Scheduling k/v pass in 243 minutes
05-11 11:09:25.403 1497 3003 I BackupManagerService: [UserID:0] Stale backup journals: Scheduled 8 package(s) total
05-11 11:09:25.498 3011 4239 E ActivityThread: Failed to find provider info for com.tcl.xian.StartandroidService.MyContentProvider
05-11 11:09:25.542 4259 4259 I auditd : type=1400 audit(0.0:2205): avc: denied { read } for comm="cat" name="address" dev="sysfs" ino=69189 scontext=u:r:platform_app:s0:c512,c768 tcontext=u:object_r:sysfs:s0 tclass=file permissive=1
05-11 11:09:25.542 4259 4259 I auditd : type=1400 audit(0.0:2206): avc: denied { open } for comm="cat" path="/sys/devices/platform/soc/1c08000.qcom,pcie/pci0001:00/0001:00:00.0/0001:01:00.0/net/eth0/address" dev="sysfs" ino=69189 scontext=u:r:platform_app:s0:c512,c768 tcontext=u:object_r:sysfs:s0 tclass=file permissive=1
01-01 08:00:17.668 0 0 I [wpa_su][0x1438676e][11:09:25.547382] wlan: [3554:I:SME] vdev-0: Connecting to DMC 64:6e:97:5a:7e:e2 rssi: -27 freq: 5785 akm 9 cipher: uc 6 mc 6, CC:
01-01 08:00:17.668 0 0 E [wpa_su][0x14386a99][11:09:25.547425] wlan: [3554:E:QDF] Cannot malloc 0 bytes @ csr_get_cfg_max_tx_power:14199
01-01 08:00:17.669 0 0 I [schedu][0x1438adf6][11:09:25.548323] wlan: [3493:I:WMI] send_vdev_start_cmd_tlv: 1062: send_vdev_start_cmd_tlv: vdev_id 0 freq 5785 chanmode 10 ch_info: 0xa is_dfs 0 beacon interval 100 dtim 0 center_chan 5775 center_freq2 0 reg_info_1: 0x180000 reg_info_2: 0x1800, req->max_txpow: 0x18 Tx SS 1, Rx SS 1, ldpc_rx: 0, cac 0, regd 4, HE ops: 0req->dis_hw_ack: 0
01-01 08:00:17.694 0 0 I [soft_i][0x144030f9][11:09:25.573963] wlan: [0:I:TXRX] HTT_T2H_MSG_TYPE_PEER_MAP msg for peer id 8 vdev id 0 n
01-01 08:00:17.694 0 0 E [soft_i][0x144034a5][11:09:25.574012] wlan: [0:E:DP] dp_peer_find_add_id: peer 0000000000000000 ID 8 vid 0 mac 64:6e:97:5a:7e:e2
01-01 08:00:17.694 0 0 I [soft_i][0x144035a7][11:09:25.574025] wlan: [0:I:DP] dp_peer_find_add_id: ref_cnt: 2
01-01 08:00:17.694 0 0 E [soft_i][0x14403672][11:09:25.574036] wlan: [0:E:DP] dp_peer_map_ast: peer 0000000000000000 ID 87 vid 0 mac 64:6e:97:5a:7e:e2
05-11 11:09:25.597 1497 1601 I sysui_multi_action: [757,1717,758,1,759,0]
05-11 11:09:25.597 1497 1601 I sysui_multi_action: [757,1717,758,2,759,0]
05-11 11:09:25.597 1497 1601 I sysui_multi_action: [757,1717,758,3,759,0]
05-11 11:09:25.605 1497 1497 I Telecom : WiredHeadsetManager: ACTION_HEADSET_PLUG event, plugged in: false, : WHC.oADA@ABs
05-11 11:09:25.611 1497 3023 I stream_devices_changed: [3,2,128]
01-01 08:00:17.756 0 0 I logd : logdr: UID=10081 GID=10081 PID=4270 b tail=0 logMask=99 pid=0 start=0ns deadline=0ns
05-11 11:09:25.639 1497 1833 I stream_devices_changed: [6,1,128]
01-01 08:00:17.814 0 0 I [schedu][0x14635dd8][11:09:25.694028] wlan: [3493:I:PE] Auth TX: seq 1 seq num 2049 status 0 WEP 0 to 64:6e:97:5a:7e:e2
01-01 08:00:17.816 0 0 I [schedu][0x1463b512][11:09:25.695191] wlan: [3493:I:PE] Auth TX: success
01-01 08:00:17.818 0 0 I [schedu][0x14648d32][11:09:25.698073] wlan: [3493:I:PE] Auth RX: vdev 0 sys role 3 lim_state 5 from 64:6e:97:5a:7e:e2 rssi -25 auth_alg 0 seq 103
01-01 08:00:17.818 0 0 I [schedu][0x14649394][11:09:25.698158] wlan: [3493:I:PE] Assoc req TX: vdev 0 to 64:6e:97:5a:7e:e2 seq num 2050
01-01 08:00:17.821 0 0 I [schedu][0x14656ea0][11:09:25.701078] wlan: [3493:I:PE] Assoc req TX: success
01-01 08:00:17.837 0 0 I [schedu][0x1469f8a5][11:09:25.716572] wlan: [3493:I:PE] Assoc rsp RX: subtype 0 vdev 0 sys role 3 lim state 10 rssi -26 from 64:6e:97:5a:7e:e2
01-01 08:00:17.843 0 0 E [schedu][0x146bd573][11:09:25.722929] wlan: [3493:E:QDF] Cannot malloc 0 bytes @ csr_get_cfg_max_tx_power:14199
01-01 08:00:17.843 0 0 E [schedu][0x146bd61d][11:09:25.722938] wlan: [3493:E:QDF] Cannot malloc 0 bytes @ csr_get_cfg_max_tx_power:14199
01-01 08:00:17.844 0 0 E [soft_i][0x146bf6cc][11:09:25.723374] wlan: [0:E:DP] dp_tx_initialize_threshold: tx flow control threshold is set, pool size is 4096
01-01 08:00:17.844 0 0 I [schedu][0x146bf95b][11:09:25.723408] wlan: [3493:I:HDD] wlan0(vdevid-0): 9e:97:44:09:89:15 connected to 64:6e:97:5a:7e:e2
01-01 08:00:17.890 0 0 I [schedu][0x147985cc][11:09:25.769654] wlan: [3493:I:PE] 00000000: 03 02 00 08 27 00
01-01 08:00:17.890 0 0 E [schedu][0x1479874a][11:09:25.769674] wlan: [3493:E:PE] lim_process_delba_req: 1772: Failed to process delba request
01-01 08:00:17.890 0 0 I [schedu][0x1479ab94][11:09:25.770158] wlan: [3493:I:PE] 00000000: 03 02 00 18 27 00
01-01 08:00:17.890 0 0 E [schedu][0x1479ac1a][11:09:25.770165] wlan: [3493:E:PE] lim_process_delba_req: 1772: Failed to process delba request
01-01 08:00:17.891 0 0 I [schedu][0x1479dfb4][11:09:25.770853] wlan: [3493:I:PE] 00000000: 03 02 00 28 27 00
01-01 08:00:17.891 0 0 E [schedu][0x1479e01e][11:09:25.770858] wlan: [3493:E:PE] lim_process_delba_req: 1772: Failed to process delba request
01-01 08:00:17.892 0 0 I [schedu][0x147a2e11][11:09:25.771898] wlan: [3493:I:PE] 00000000: 03 02 00 38 27 00
01-01 08:00:17.892 0 0 E [schedu][0x147a2e62][11:09:25.771902] wlan: [3493:E:PE] lim_process_delba_req: 1772: Failed to process delba request
01-01 08:00:17.893 0 0 I [schedu][0x147a7771][11:09:25.772876] wlan: [3493:I:PE] 00000000: 03 02 00 48 27 00
01-01 08:00:17.893 0 0 E [schedu][0x147a7851][11:09:25.772888] wlan: [3493:E:PE] lim_process_delba_req: 1772: Failed to process delba request
01-01 08:00:17.894 0 0 I [schedu][0x147ad7dd][11:09:25.774161] wlan: [3493:I:PE] 00000000: 03 02 00 58 27 00
01-01 08:00:17.894 0 0 E [schedu][0x147ad84d][11:09:25.774167] wlan: [3493:E:PE] lim_process_delba_req: 1772: Failed to process delba request
01-01 08:00:17.895 0 0 W logd : Skipping entries from slow reader, pid 4270, fd 16, from LogBuffer::Prune()
05-11 11:09:25.775 1497 2090 D CompatibilityChangeReporter: Compat change id reported: 168419799; UID 10057; state: DISABLED
05-11 11:09:25.775 1497 2512 D CompatibilityChangeReporter: Compat change id reported: 171306433; UID 10070; state: ENABLED
01-01 08:00:17.896 0 0 I [schedu][0x147b62c2][11:09:25.776013] wlan: [3493:I:PE] 00000000: 03 02 00 68 27 00
01-01 08:00:17.896 0 0 E [schedu][0x147b6346][11:09:25.776020] wlan: [3493:E:PE] lim_process_delba_req: 1772: Failed to process delba request
01-01 08:00:17.897 0 0 I [schedu][0x147baa34][11:09:25.776966] wlan: [3493:I:PE] 00000000: 03 02 00 78 27 00
01-01 08:00:17.897 0 0 E [schedu][0x147baad5][11:09:25.776974] wlan: [3493:E:PE] lim_process_delba_req: 1772: Failed to process delba request
05-11 11:09:25.779 1497 2090 D CompatibilityChangeReporter: Compat change id reported: 168419799; UID 10077; state: DISABLED
05-11 11:09:25.782 1497 2090 D CompatibilityChangeReporter: Compat change id reported: 168419799; UID 10073; state: DISABLED
05-11 11:09:25.784 1497 2512 D CompatibilityChangeReporter: Compat change id reported: 168419799; UID 10084; state: DISABLED
01-01 08:00:17.909 0 0 I [soft_i][0x147f08dd][11:09:25.788468] wlan: [0:I:DP] dp_addba_requestprocess_wifi3 restore BA win 64 based on addba req
05-11 11:09:25.796 1497 2512 D CompatibilityChangeReporter: Compat change id reported: 168419799; UID 10086; state: DISABLED
05-11 11:09:25.798 1497 2512 D CompatibilityChangeReporter: Compat change id reported: 168419799; UID 1000; state: DISABLED
05-11 11:09:25.799 1497 2512 I am_uid_running: 10058
05-11 11:09:25.800 1497 2512 D CompatibilityChangeReporter: Compat change id reported: 135634846; UID 10058; state: DISABLED
05-11 11:09:25.800 1497 1603 D CompatibilityChangeReporter: Compat change id reported: 143937733; UID 10058; state: DISABLED
05-11 11:09:25.804 1497 1603 I am_proc_start: [0,4331,10058,com.qualcomm.qti.qms.service.connectionsecurity,broadcast,{com.qualcomm.qti.qms.service.connectionsecurity/com.qualcomm.qti.qms.service.connectionsecurity.ConnSecBroadcastReceiver}]
05-11 11:09:25.804 1497 1603 I ActivityManager: Start proc 4331:com.qualcomm.qti.qms.service.connectionsecurity/u0a58 for broadcast {com.qualcomm.qti.qms.service.connectionsecurity/com.qualcomm.qti.qms.service.connectionsecurity.ConnSecBroadcastReceiver}
01-01 08:00:17.940 0 0 I binder : 4331:4331 ioctl 40046210 ff8c0978 returned -22
05-11 11:09:25.823 1497 3023 I am_proc_bound: [0,4331,com.qualcomm.qti.qms.service.connectionsecurity]
05-11 11:09:25.828 1497 3023 D CompatibilityChangeReporter: Compat change id reported: 168419799; UID 10058; state: DISABLED
05-11 11:09:25.829 1497 3023 I am_uid_active: 10058
05-11 11:09:25.831 1497 2090 W ActivityManager: Background start not allowed: service Intent { cmp=com.tencent.android.qqdownloader/com.tencent.assistant.tools.ToolService } to com.tencent.android.qqdownloader/com.tencent.assistant.tools.ToolService from pid=3506 uid=10094 pkg=com.tencent.android.qqdownloader startFg?=false
05-11 11:09:25.831 1497 1921 W ActivityManager: Receiver with filter android.content.IntentFilter@32c413a already registered for pid 3458, callerPackage is com.baidu.input
01-01 08:00:17.988 0 0 I [dp_rx_][0x14963826][11:09:25.867605] wlan: [3496:I:QDF] EAPOL-1 RX: SA:64:6e:97:5a:7e:e2 DA:9e:97:44:09:89:15
01-01 08:00:17.990 0 0 I [soft_i][0x1496f1bb][11:09:25.870080] wlan: [0:I:QDF] EAPOL-2 TX: SA:9e:97:44:09:89:15 DA:64:6e:97:5a:7e:e2 msdu_id:0 status: succ
01-01 08:00:17.992 0 0 I [dp_rx_][0x149760f7][11:09:25.871563] wlan: [3496:I:QDF] EAPOL-3 RX: SA:64:6e:97:5a:7e:e2 DA:9e:97:44:09:89:15
01-01 08:00:17.994 0 0 I [soft_i][0x1497ef65][11:09:25.873462] wlan: [0:I:QDF] EAPOL-4 TX: SA:9e:97:44:09:89:15 DA:64:6e:97:5a:7e:e2 msdu_id:0 status: succ
01-01 08:00:17.997 0 0 E [schedu][0x1498ec63][11:09:25.876835] wlan: [3493:E:QDF] Cannot malloc 0 bytes @ csr_get_cfg_max_tx_power:14199
05-11 11:09:25.880 1497 2068 D CompatibilityChangeReporter: Compat change id reported: 168419799; UID 10083; state: DISABLED
01-01 08:00:18.002 0 0 I binder : 3143:3143 ioctl 40046210 7fec0ebc74 returned -22
05-11 11:09:25.883 1497 2512 D CompatibilityChangeReporter: Compat change id reported: 168419799; UID 10082; state: DISABLED
01-01 08:00:18.009 0 0 I [schedu][0x149c45b9][11:09:25.888266] wlan: [3493:I:WMI] LFR3:OKC enabled
01-01 08:00:18.009 0 0 I [schedu][0x149c4625][11:09:25.888272] wlan: [3493:I:WMI] LFR3:PMKSA caching enabled
05-11 11:09:25.912 1497 1530 I am_uid_running: 10101
05-11 11:09:25.912 1497 1530 D CompatibilityChangeReporter: Compat change id reported: 135634846; UID 10101; state: DISABLED
05-11 11:09:25.912 1497 1530 D CompatibilityChangeReporter: Compat change id reported: 177438394; UID 10101; state: DISABLED
05-11 11:09:25.912 1497 1530 D CompatibilityChangeReporter: Compat change id reported: 135772972; UID 10101; state: DISABLED
05-11 11:09:25.912 1497 1530 D CompatibilityChangeReporter: Compat change id reported: 135754954; UID 10101; state: DISABLED
05-11 11:09:25.912 1497 1603 D CompatibilityChangeReporter: Compat change id reported: 143937733; UID 10101; state: DISABLED
05-11 11:09:25.917 1497 2512 I ActivityManager: Process com.qti.ltebc (pid 4187) has died: cch+15 CEM
05-11 11:09:25.917 1497 2512 I am_proc_died: [0,4187,com.qti.ltebc,915,19]
05-11 11:09:25.918 1497 2512 I am_uid_stopped: 10070
05-11 11:09:25.919 1497 2512 I am_uid_active: 10101
05-11 11:09:25.923 2050 2050 W ContextImpl: Calling a method in the system process without a qualified user: android.app.ContextImpl.startService:1816 android.content.ContextWrapper.startService:774 com.thundercomm.gamemode.ingame.services.GameModeActionUtils.startGameModeService:118 com.thundercomm.gamemode.ingame.services.GameModeActionUtils.startGameModeEntry:29 com.thundercomm.gamemode.ingame.services.ActivityMonitoringService$1.onActivityLaunch:140
05-11 11:09:25.922 3592 3592 I auditd : type=1400 audit(0.0:2207): avc: granted { execute } for comm="StartThread-59" path="/data/user/0/com.tencent.android.qqdownloader/files/shell/7_8424130_6981/lib/arm64-v8a/libBugly_Native.so" dev="dm-10" ino=6006 scontext=u:r:untrusted_app_27:s0:c512,c768 tcontext=u:object_r:app_data_file:s0:c512,c768 tclass=file app=com.tencent.android.qqdownloader
01-01 08:00:18.048 0 0 I binder : 2050:2050 ioctl 40046210 7fec0eb104 returned -22
05-11 11:09:25.927 1497 1497 I GameModeConfig: Current uri is uri = content://com.thundercomm.gamemode.api/gamemode_settings/gamemode_isgaming
05-11 11:09:25.928 1497 1497 I GameModeConfig: isGameModeOn = true
05-11 11:09:25.928 1497 1497 I GameModeConfig: isGaming = false
05-11 11:09:25.929 1497 1497 I GameModeConfig: isGameModeOn = true
05-11 11:09:25.929 1497 1497 I GameModeConfig: isGaming = false
05-11 11:09:25.929 1497 1497 I GameModeConfig: isDisableVoice = true
05-11 11:09:25.929 1497 1825 I GameModeConfig: isGameModeOn = true
05-11 11:09:25.929 1497 1825 I GameModeConfig: isGaming = false
05-11 11:09:25.929 1497 1825 I GameModeConfig: isGameModeOn = true
05-11 11:09:25.929 1497 1825 I GameModeConfig: isGaming = false
05-11 11:09:25.929 1497 1825 I GameModeConfig: isGameModeOn = true
05-11 11:09:25.929 1497 1603 I am_proc_start: [0,4363,10101,com.baidu.appsearch,broadcast,{com.baidu.appsearch/com.evernote.android.job.JobBootReceiver}]
05-11 11:09:25.929 1497 1603 I ActivityManager: Start proc 4363:com.baidu.appsearch/u0a101 for broadcast {com.baidu.appsearch/com.evernote.android.job.JobBootReceiver}
05-11 11:09:25.929 1497 1825 I GameModeConfig: isGaming = false
05-11 11:09:25.934 1497 1530 D CompatibilityChangeReporter: Compat change id reported: 171306433; UID 1073; state: ENABLED
01-01 08:00:18.063 0 0 I binder : 4363:4363 ioctl 40046210 7fec0ec5c4 returned -22
05-11 11:09:25.946 1497 2068 I am_proc_bound: [0,4363,com.baidu.appsearch]
01-01 08:00:18.067 0 0 E [wifi@1][0x14ad7ec2][11:09:25.947053] wlan: [836:E:HDD] hdd_enable_ns_offload: 484: Failed to cache ns request; status:4
05-11 11:09:25.948 1497 2068 D CompatibilityChangeReporter: Compat change id reported: 168419799; UID 10101; state: DISABLED
05-11 11:09:25.966 1497 1820 I netstats_mobile_sample: [0,0,0,0,0,0,0,0,0,0,0,0,1683774565966]
05-11 11:09:25.966 1497 1820 I netstats_wifi_sample: [0,0,0,0,0,0,0,0,0,0,0,0,1683774565966]
05-11 11:09:25.975 1229 1229 I wificond: Regulatory domain changed to country: CN on wiphy_index: 0
05-11 11:09:25.976 1229 1229 I wificond: 2.4Ghz frequencies: 2412 2417 2422 2427 2432 2437 2442 2447 2452 2457 2462 2467 2472
05-11 11:09:25.976 1229 1229 I wificond: 5Ghz non-DFS frequencies: 5180 5200 5220 5240 5745 5765 5785 5805 5825
05-11 11:09:25.976 1229 1229 I wificond: 5Ghz DFS frequencies: 5260 5280 5300 5320
05-11 11:09:25.976 1229 1229 I wificond: 6Ghz frequencies:
05-11 11:09:25.976 1229 1229 I wificond: 60Ghz frequencies:
01-01 08:00:18.104 0 0 I [soft_i][0x14b83c1c][11:09:25.983712] wlan: [0:I:QDF] DHCP-R TX: SA:9e:97:44:09:89:15 DA:ff:ff:ff:ff:ff:ff msdu_id:1 status: succ
01-01 08:00:18.106 0 0 I [dp_rx_][0x14b8ac2d][11:09:25.985206] wlan: [3496:I:QDF] DHCP-A RX: SA:64:6e:97:5a:7e:e0 DA:9e:97:44:09:89:15
05-11 11:09:26.000 1497 1820 I netstats_mobile_sample: [0,0,0,0,0,0,0,0,0,0,0,0,1683774566000]
05-11 11:09:26.000 1497 1820 I netstats_wifi_sample: [0,0,0,0,0,0,0,0,0,0,0,0,1683774566000]
05-11 11:09:26.008 1497 1820 I netstats_mobile_sample: [0,0,0,0,0,0,0,0,0,0,0,0,1683774566008]
05-11 11:09:26.008 1497 1820 I netstats_wifi_sample: [0,0,0,0,0,0,0,0,0,0,0,0,1683774566008]
01-01 08:00:18.154 0 0 I [soft_i][0x14c6f89c][11:09:26.034011] wlan: [0:I:DP] dp_addba_requestprocess_wifi3 restore BA win 64 based on addba req
05-11 11:09:26.035 1497 1820 I netstats_mobile_sample: [0,0,0,0,0,0,0,0,0,0,0,0,1683774566035]
05-11 11:09:26.035 1497 1820 I netstats_wifi_sample: [0,0,0,0,0,0,0,0,0,0,0,0,1683774566035]
05-11 11:09:26.038 685 734 E NetlinkEvent: NetlinkEvent::FindParam(): Parameter 'INTERFACE' not found
05-11 11:09:26.038 685 734 E NetlinkEvent: NetlinkEvent::FindParam(): Parameter 'STATE' not found
05-11 11:09:26.038 685 734 E NetlinkEvent: NetlinkEvent::FindParam(): Parameter 'TIME_NS' not found
05-11 11:09:26.038 685 734 E NetlinkEvent: NetlinkEvent::FindParam(): Parameter 'UID' not found
05-11 11:09:26.046 1497 1820 I netstats_mobile_sample: [0,0,0,0,0,0,0,0,0,0,0,0,1683774566046]
05-11 11:09:26.046 1497 1820 I netstats_wifi_sample: [322,1,0,0,322,1,0,0,0,0,0,0,1683774566046]
05-11 11:09:26.050 1497 1820 W ContextImpl: Calling a method in the system process without a qualified user: android.app.ContextImpl.sendStickyBroadcast:1559 com.android.server.ConnectivityService.sendStickyBroadcast:2811 com.android.server.ConnectivityService.sendGeneralBroadcast:2786 com.android.server.ConnectivityService.sendConnectedBroadcast:2759 com.android.server.ConnectivityService.sendLegacyNetworkBroadcast:8704
05-11 11:09:26.046 4393 4393 I auditd : type=1400 audit(0.0:2208): avc: denied { open } for comm="getprop" path="/dev/__properties__/u:object_r:ab_update_gki_prop:s0" dev="tmpfs" ino=2120 scontext=u:r:untrusted_app_27:s0:c512,c768 tcontext=u:object_r:ab_update_gki_prop:s0 tclass=file permissive=1 app=com.tencent.android.qqdownloader
05-11 11:09:26.046 4393 4393 I auditd : type=1400 audit(0.0:2209): avc: denied { getattr } for comm="getprop" path="/dev/__properties__/u:object_r:ab_update_gki_prop:s0" dev="tmpfs" ino=2120 scontext=u:r:untrusted_app_27:s0:c512,c768 tcontext=u:object_r:ab_update_gki_prop:s0 tclass=file permissive=1 app=com.tencent.android.qqdownloader
01-01 08:00:18.162 0 0 I [dp_rx_][0x14c94fa9][11:09:26.041999] wlan: [3496:I:QDF] DHCP-R RX: SA:9e:97:44:09:89:15 DA:ff:ff:ff:ff:ff:ff
05-11 11:09:26.067 1497 1811 I service_manager_slow: [14,alarm]
05-11 11:09:26.076 1497 1820 W ContextImpl: Calling a method in the system process without a qualified user: android.app.ContextImpl.sendStickyBroadcast:1559 com.android.server.ConnectivityService.sendStickyBroadcast:2811 com.android.server.ConnectivityService.sendGeneralBroadcast:2786 com.android.server.ConnectivityService.sendInetConditionBroadcast:2763 com.android.server.ConnectivityService.updateInetCondition:8451
01-01 08:00:18.212 0 0 E [wifi@1][0x14d7f811][11:09:26.092031] wlan: [836:E:QDF] Cannot malloc 0 bytes @ csr_get_cfg_max_tx_power:14199
01-01 08:00:18.212 0 0 E [wifi@1][0x14d80143][11:09:26.092153] wlan: [836:E:QDF] Cannot malloc 0 bytes @ csr_get_cfg_max_tx_power:14199
01-01 08:00:18.213 0 0 I [schedu][0x14d806cd][11:09:26.092227] wlan: [3493:I:WMI] LFR3:OKC enabled
01-01 08:00:18.213 0 0 I [schedu][0x14d806f9][11:09:26.092230] wlan: [3493:I:WMI] LFR3:PMKSA caching enabled
01-01 08:00:18.213 0 0 I [schedu][0x14d80fa0][11:09:26.092345] wlan: [3493:I:WMI] LFR3:OKC enabled
01-01 08:00:18.213 0 0 I [schedu][0x14d80fbf][11:09:26.092347] wlan: [3493:I:WMI] LFR3:PMKSA caching enabled
05-11 11:09:26.095 1497 1886 I sync : [com.tencent.android.qqdownloader.YYBLiveAccountProvider,0,3,24220937]
05-11 11:09:26.097 1497 1886 D CompatibilityChangeReporter: Compat change id reported: 168419799; UID 10094; state: DISABLED
05-11 11:09:26.098 1497 2512 W ActivityManager: Background start not allowed: service Intent { cmp=com.tencent.android.qqdownloader/com.tencent.assistant.sdk.SDKSupportService (has extras) } to com.tencent.android.qqdownloader/com.tencent.assistant.sdk.SDKSupportService from pid=3291 uid=10094 pkg=com.tencent.android.qqdownloader startFg?=false
05-11 11:09:26.109 1497 2512 W ActivityManager: Background start not allowed: service Intent { cmp=com.tencent.android.qqdownloader/com.tencent.assistant.sdk.SDKSupportService (has extras) } to com.tencent.android.qqdownloader/com.tencent.assistant.sdk.SDKSupportService from pid=3291 uid=10094 pkg=com.tencent.android.qqdownloader startFg?=false
05-11 11:09:26.116 1497 1886 I sync : [com.tencent.android.qqdownloader.YYBLiveAccountProvider,1,3,24220937]
05-11 11:09:26.117 1497 1886 I commit_sys_config_file: [sync-status,1]
05-11 11:09:26.123 1497 1886 I sync : [com.tencent.android.qqdownloader.YYBLiveAccountProvider,0,3,24220937]
05-11 11:09:26.128 1497 3023 W ActivityManager: Background start not allowed: service Intent { cmp=com.tencent.android.qqdownloader/com.tencent.assistant.sdk.SDKSupportService (has extras) } to com.tencent.android.qqdownloader/com.tencent.assistant.sdk.SDKSupportService from pid=3291 uid=10094 pkg=com.tencent.android.qqdownloader startFg?=false
05-11 11:09:26.131 1497 3023 W ActivityManager: Background start not allowed: service Intent { cmp=com.tencent.android.qqdownloader/com.tencent.assistant.sdk.SDKSupportService (has extras) } to com.tencent.android.qqdownloader/com.tencent.assistant.sdk.SDKSupportService from pid=3291 uid=10094 pkg=com.tencent.android.qqdownloader startFg?=false
05-11 11:09:26.144 1497 1886 I sync : [com.tencent.android.qqdownloader.YYBLiveAccountProvider,1,3,24220937]
05-11 11:09:26.146 1497 1886 I commit_sys_config_file: [sync-status,30]
01-01 08:00:18.320 0 0 I [soft_i][0x14f7a387][11:09:26.200130] wlan: [0:I:DP] dp_addba_requestprocess_wifi3 restore BA win 64 based on addba req
05-11 11:09:26.215 1497 2019 I ntp_success: [time.android.com/216.239.35.8,65,97667007]
05-11 11:09:26.282 1497 1602 W BroadcastQueue: Permission Denial: broadcasting Intent { act=android.net.conn.CONNECTIVITY_CHANGE flg=0x4200010 (has extras) } from null (pid=-1, uid=-1) requires com.baidu.input.permission.sofire.RECEIVE due to registered receiver BroadcastFilter{84b912f 10035/u0 ReceiverList{d85130e 3458 com.baidu.input/10035/u0 remote:3940509}}
05-11 11:09:26.650 4483 4483 I auditd : type=1400 audit(0.0:2885): avc: denied { open } for comm="getprop" path="/dev/__properties__/u:object_r:ab_update_gki_prop:s0" dev="tmpfs" ino=2120 scontext=u:r:untrusted_app_27:s0:c512,c768 tcontext=u:object_r:ab_update_gki_prop:s0 tclass=file permissive=1 app=com.tencent.android.qqdownloader
05-11 11:09:26.650 4483 4483 I auditd : type=1400 audit(0.0:2886): avc: denied { getattr } for comm="getprop" path="/dev/__properties__/u:object_r:ab_update_gki_prop:s0" dev="tmpfs" ino=2120 scontext=u:r:untrusted_app_27:s0:c512,c768 tcontext=u:object_r:ab_update_gki_prop:s0 tclass=file permissive=1 app=com.tencent.android.qqdownloader
05-11 11:09:26.650 4483 4483 I auditd : type=1400 audit(0.0:2887): avc: denied { map } for comm="getprop" path="/dev/__properties__/u:object_r:ab_update_gki_prop:s0" dev="tmpfs" ino=2120 scontext=u:r:untrusted_app_27:s0:c512,c768 tcontext=u:object_r:ab_update_gki_prop:s0 tclass=file permissive=1 app=com.tencent.android.qqdownloader
05-11 11:09:26.650 4483 4483 I auditd : type=1400 audit(0.0:2888): avc: denied { open } for comm="getprop" path="/dev/__properties__/u:object_r:adbd_prop:s0" dev="tmpfs" ino=2122 scontext=u:r:untrusted_app_27:s0:c512,c768 tcontext=u:object_r:adbd_prop:s0 tclass=file permissive=1 app=com.tencent.android.qqdownloader
05-11 11:09:26.650 4483 4483 I auditd : type=1400 audit(0.0:2889): avc: denied { getattr } for comm="getprop" path="/dev/__properties__/u:object_r:adbd_prop:s0" dev="tmpfs" ino=2122 scontext=u:r:untrusted_app_27:s0:c512,c768 tcontext=u:object_r:adbd_prop:s0 tclass=file permissive=1 app=com.tencent.android.qqdownloader
05-11 11:09:26.758 1497 2512 I am_uid_running: 10096
05-11 11:09:26.759 1497 2512 D CompatibilityChangeReporter: Compat change id reported: 135634846; UID 10096; state: DISABLED
05-11 11:09:26.759 1497 2512 D CompatibilityChangeReporter: Compat change id reported: 177438394; UID 10096; state: DISABLED
05-11 11:09:26.759 1497 2512 D CompatibilityChangeReporter: Compat change id reported: 135772972; UID 10096; state: DISABLED
05-11 11:09:26.759 1497 1603 D CompatibilityChangeReporter: Compat change id reported: 143937733; UID 10096; state: DISABLED
05-11 11:09:26.768 1497 1603 I am_proc_start: [0,4509,10096,com.tencent.mm:push,broadcast,{com.tencent.mm/com.tencent.mm.booter.MMReceivers$BootReceiver}]
05-11 11:09:26.768 1497 1603 I ActivityManager: Start proc 4509:com.tencent.mm:push/u0a96 for broadcast {com.tencent.mm/com.tencent.mm.booter.MMReceivers$BootReceiver}
01-01 08:00:18.898 0 0 I binder : 4509:4509 ioctl 40046210 7fec0ec5c4 returned -22
05-11 11:09:26.781 1497 3023 I am_proc_bound: [0,4509,com.tencent.mm:push]
05-11 11:09:26.784 1497 3023 D CompatibilityChangeReporter: Compat change id reported: 168419799; UID 10096; state: DISABLED
05-11 11:09:26.785 1497 3023 I am_uid_active: 10096
05-11 11:09:26.843 1497 2512 E PackageDexUsage: Unsupported context?
05-11 11:09:26.871 1497 1602 W BroadcastQueue: Permission Denial: broadcasting Intent { act=android.net.conn.CONNECTIVITY_CHANGE flg=0x4200010 (has extras) } from null (pid=-1, uid=-1) requires com.baidu.appsearch.permission.sofire.RECEIVE due to registered receiver BroadcastFilter{1a4f291 10101/u0 ReceiverList{5ff74b8 4363 com.baidu.appsearch/10101/u0 remote:35d9b1b}}
01-01 08:00:19.548 0 0 E link_delay_work_func: DTC_ETH: SQI=0, link=0
01-01 08:00:19.630 0 0 W audit_log_lost: 1111 callbacks suppressed
01-01 08:00:19.630 0 0 W audit : audit_lost=3204 audit_rate_limit=5 audit_backlog_limit=64
01-01 08:00:19.630 0 0 E audit : rate limit exceeded
05-11 11:09:27.670 3592 3592 I auditd : type=1400 audit(0.0:3508): avc: granted { nlmsg_readpriv } for comm="pool-13-thread-" scontext=u:r:untrusted_app_27:s0:c512,c768 tcontext=u:r:untrusted_app_27:s0:c512,c768 tclass=netlink_route_socket app=com.tencent.android.qqdownloader
05-11 11:09:27.862 4509 4509 I auditd : type=1400 audit(0.0:3509): avc: granted { execute } for comm="tencent.mm:push" path="/data/user/0/com.tencent.mm/tinker/patch-13ff42e7/lib/lib/arm64-v8a/libwechatxlog.so" dev="dm-10" ino=37541 scontext=u:r:untrusted_app_29:s0:c96,c256,c512,c768 tcontext=u:object_r:app_data_file:s0:c96,c256,c512,c768 tclass=file app=com.tencent.mm
05-11 11:09:27.882 4509 4509 I auditd : type=1400 audit(0.0:3510): avc: denied { read } for comm="tencent.mm:push" name="anr" dev="dm-10" ino=22 scontext=u:r:untrusted_app_29:s0:c96,c256,c512,c768 tcontext=u:object_r:anr_data_file:s0 tclass=dir permissive=1 app=com.tencent.mm
05-11 11:09:27.902 4509 4509 I auditd : type=1400 audit(0.0:3511): avc: granted { execute } for comm="tencent.mm:push" path="/data/user/0/com.tencent.mm/tinker/patch-13ff42e7/lib/lib/arm64-v8a/libwechatbacktrace.so" dev="dm-10" ino=37630 scontext=u:r:untrusted_app_29:s0:c96,c256,c512,c768 tcontext=u:object_r:app_data_file:s0:c96,c256,c512,c768 tclass=file app=com.tencent.mm
05-11 11:09:27.902 4509 4509 I auditd : type=1400 audit(0.0:3512): avc: granted { execute } for comm="tencent.mm:push" path="/data/user/0/com.tencent.mm/tinker/patch-13ff42e7/lib/lib/arm64-v8a/libtrace-canary.so" dev="dm-10" ino=37624 scontext=u:r:untrusted_app_29:s0:c96,c256,c512,c768 tcontext=u:object_r:app_data_file:s0:c96,c256,c512,c768 tclass=file app=com.tencent.mm
05-11 11:09:28.024 1497 3023 D CompatibilityChangeReporter: Compat change id reported: 149924527; UID 10096; state: ENABLED
05-11 11:09:28.024 1497 3023 D CompatibilityChangeReporter: Compat change id reported: 132649864; UID 10096; state: DISABLED
05-11 11:09:28.056 1497 1587 I commit_sys_config_file: [jobs,1]
05-11 11:09:28.069 1497 2512 W ActivityManager: Background start not allowed: service Intent { cmp=com.tencent.android.qqdownloader/com.live.sync.YYBLiveAuthService } to com.tencent.android.qqdownloader/com.live.sync.YYBLiveAuthService from pid=3592 uid=10094 pkg=com.tencent.android.qqdownloader startFg?=false
05-11 11:09:28.338 1497 1810 I service_manager_stats: [114,151,5403]
05-11 11:09:28.343 1497 1810 I netstats_mobile_sample: [0,0,0,0,0,0,0,0,0,0,0,0,1683872235350]
05-11 11:09:28.343 1497 1810 I netstats_wifi_sample: [322,1,0,0,322,1,0,0,0,0,0,0,1683872235350]
05-11 11:09:28.519 1497 1746 W PackageManager: /data/system/packages.xml fsync begin
05-11 11:09:28.523 1497 1746 W PackageManager: /data/system/packages.xml fsync end
01-01 08:00:20.645 0 0 W audit : audit_lost=3211 audit_rate_limit=5 audit_backlog_limit=64
01-01 08:00:20.645 0 0 E audit : rate limit exceeded
05-11 11:09:28.535 1497 1746 I commit_sys_config_file: [package-user-0,1]
05-11 11:09:28.535 1497 1746 I commit_sys_config_file: [package,23]
05-11 11:09:28.763 3291 3583 I service_manager_slow: [103,media_router]
05-11 11:09:29.047 3506 3646 I service_manager_slow: [62,thermalservice]
05-11 11:09:29.126 3506 3506 I auditd : type=1400 audit(0.0:3520): avc: granted { nlmsg_readpriv } for comm="temporary-8" scontext=u:r:untrusted_app_27:s0:c512,c768 tcontext=u:r:untrusted_app_27:s0:c512,c768 tclass=netlink_route_socket app=com.tencent.android.qqdownloader
05-11 11:09:29.132 1497 2516 W ActivityManager: Background start not allowed: service Intent { cmp=com.tencent.android.qqdownloader/com.tencent.assistant.main.MainService } to com.tencent.android.qqdownloader/com.tencent.assistant.main.MainService from pid=3506 uid=10094 pkg=com.tencent.android.qqdownloader startFg?=false
05-11 11:09:29.132 1497 2512 W ActivityManager: Background start not allowed: service Intent { cmp=com.tencent.android.qqdownloader/com.tencent.assistant.daemon.CoreService (has extras) } to com.tencent.android.qqdownloader/com.tencent.assistant.daemon.CoreService from pid=3506 uid=10094 pkg=com.tencent.android.qqdownloader startFg?=false
05-11 11:09:29.143 1497 2090 W ActivityManager: Background start not allowed: service Intent { cmp=com.tencent.android.qqdownloader/com.tencent.assistant.main.MainService } to com.tencent.android.qqdownloader/com.tencent.assistant.main.MainService from pid=3506 uid=10094 pkg=com.tencent.android.qqdownloader startFg?=false
05-11 11:09:29.145 1497 2089 W ActivityManager: Background start not allowed: service Intent { cmp=com.tencent.android.qqdownloader/com.tencent.assistant.main.MainService } to com.tencent.android.qqdownloader/com.tencent.assistant.main.MainService from pid=3506 uid=10094 pkg=com.tencent.android.qqdownloader startFg?=false
05-11 11:09:29.149 1497 2090 W ActivityManager: Background start not allowed: service Intent { cmp=com.tencent.android.qqdownloader/com.tencent.assistant.main.MainService } to com.tencent.android.qqdownloader/com.tencent.assistant.main.MainService from pid=3506 uid=10094 pkg=com.tencent.android.qqdownloader startFg?=false
05-11 11:09:29.154 1497 2090 W ActivityManager: Background start not allowed: service Intent { cmp=com.tencent.android.qqdownloader/com.tencent.assistant.main.MainService } to com.tencent.android.qqdownloader/com.tencent.assistant.main.MainService from pid=3506 uid=10094 pkg=com.tencent.android.qqdownloader startFg?=false
01-01 08:00:21.304 0 0 I [soft_i][0x1861a9c5][11:09:29.183467] wlan: [0:I:DP] dp_addba_requestprocess_wifi3 restore BA win 64 based on addba req
05-11 11:09:29.187 1497 3412 I netstats_mobile_sample: [0,0,0,0,0,0,0,0,0,0,0,0,1683872236194]
05-11 11:09:29.187 1497 3412 I netstats_wifi_sample: [322,1,0,0,322,1,0,0,0,0,0,0,1683872236194]
05-11 11:09:29.211 1497 2068 W ActivityManager: Background start not allowed: service Intent { cmp=com.tencent.android.qqdownloader/com.tencent.assistant.main.MainService } to com.tencent.android.qqdownloader/com.tencent.assistant.main.MainService from pid=3506 uid=10094 pkg=com.tencent.android.qqdownloader startFg?=false
05-11 11:09:29.212 1497 2077 W ActivityManager: Background start not allowed: service Intent { cmp=com.tencent.android.qqdownloader/com.tencent.assistant.main.MainService } to com.tencent.android.qqdownloader/com.tencent.assistant.main.MainService from pid=3506 uid=10094 pkg=com.tencent.android.qqdownloader startFg?=false
05-11 11:09:29.214 1497 2077 W ActivityManager: Background start not allowed: service Intent { cmp=com.tencent.android.qqdownloader/com.tencent.assistant.main.MainService } to com.tencent.android.qqdownloader/com.tencent.assistant.main.MainService from pid=3506 uid=10094 pkg=com.tencent.android.qqdownloader startFg?=false
05-11 11:09:29.215 1497 2068 W ActivityManager: Background start not allowed: service Intent { cmp=com.tencent.android.qqdownloader/com.tencent.assistant.main.MainService } to com.tencent.android.qqdownloader/com.tencent.assistant.main.MainService from pid=3506 uid=10094 pkg=com.tencent.android.qqdownloader startFg?=false
05-11 11:09:29.217 1497 2077 W ActivityManager: Background start not allowed: service Intent { cmp=com.tencent.android.qqdownloader/com.tencent.assistant.main.MainService } to com.tencent.android.qqdownloader/com.tencent.assistant.main.MainService from pid=3506 uid=10094 pkg=com.tencent.android.qqdownloader startFg?=false
05-11 11:09:29.218 1497 2077 W ActivityManager: Background start not allowed: service Intent { cmp=com.tencent.android.qqdownloader/com.tencent.assistant.main.MainService } to com.tencent.android.qqdownloader/com.tencent.assistant.main.MainService from pid=3506 uid=10094 pkg=com.tencent.android.qqdownloader startFg?=false
05-11 11:09:29.219 1497 2077 W ActivityManager: Background start not allowed: service Intent { cmp=com.tencent.android.qqdownloader/com.tencent.assistant.main.MainService } to com.tencent.android.qqdownloader/com.tencent.assistant.main.MainService from pid=3506 uid=10094 pkg=com.tencent.android.qqdownloader startFg?=false
05-11 11:09:29.220 1497 2068 D CompatibilityChangeReporter: Compat change id reported: 157233955; UID 10096; state: DISABLED
05-11 11:09:29.221 1497 3412 W ActivityManager: Background start not allowed: service Intent { cmp=com.tencent.android.qqdownloader/com.tencent.assistant.main.MainService } to com.tencent.android.qqdownloader/com.tencent.assistant.main.MainService from pid=3506 uid=10094 pkg=com.tencent.android.qqdownloader startFg?=false
05-11 11:09:29.233 1497 3412 W ActivityManager: Background start not allowed: service Intent { cmp=com.tencent.android.qqdownloader/com.tencent.assistant.main.MainService } to com.tencent.android.qqdownloader/com.tencent.assistant.main.MainService from pid=3506 uid=10094 pkg=com.tencent.android.qqdownloader startFg?=false
05-11 11:09:29.234 1497 3412 W ActivityManager: Background start not allowed: service Intent { cmp=com.tencent.android.qqdownloader/com.tencent.assistant.main.MainService } to com.tencent.android.qqdownloader/com.tencent.assistant.main.MainService from pid=3506 uid=10094 pkg=com.tencent.android.qqdownloader startFg?=false
05-11 11:09:29.235 1497 3412 W ActivityManager: Background start not allowed: service Intent { cmp=com.tencent.android.qqdownloader/com.tencent.assistant.main.MainService } to com.tencent.android.qqdownloader/com.tencent.assistant.main.MainService from pid=3506 uid=10094 pkg=com.tencent.android.qqdownloader startFg?=false
05-11 11:09:29.243 1497 3412 W ActivityManager: Background start not allowed: service Intent { cmp=com.tencent.android.qqdownloader/com.tencent.assistant.main.MainService } to com.tencent.android.qqdownloader/com.tencent.assistant.main.MainService from pid=3506 uid=10094 pkg=com.tencent.android.qqdownloader startFg?=false
05-11 11:09:29.244 1497 3412 W ActivityManager: Background start not allowed: service Intent { cmp=com.tencent.android.qqdownloader/com.tencent.assistant.main.MainService } to com.tencent.android.qqdownloader/com.tencent.assistant.main.MainService from pid=3506 uid=10094 pkg=com.tencent.android.qqdownloader startFg?=false
05-11 11:09:29.247 1497 3412 W ActivityManager: Background start not allowed: service Intent { cmp=com.tencent.android.qqdownloader/com.tencent.assistant.main.MainService } to com.tencent.android.qqdownloader/com.tencent.assistant.main.MainService from pid=3506 uid=10094 pkg=com.tencent.android.qqdownloader startFg?=false
05-11 11:09:29.256 1497 3412 W ActivityManager: Background start not allowed: service Intent { cmp=com.tencent.android.qqdownloader/com.tencent.assistant.main.MainService } to com.tencent.android.qqdownloader/com.tencent.assistant.main.MainService from pid=3506 uid=10094 pkg=com.tencent.android.qqdownloader startFg?=false
05-11 11:09:29.257 1497 3412 W ActivityManager: Background start not allowed: service Intent { cmp=com.tencent.android.qqdownloader/com.tencent.assistant.main.MainService } to com.tencent.android.qqdownloader/com.tencent.assistant.main.MainService from pid=3506 uid=10094 pkg=com.tencent.android.qqdownloader startFg?=false
05-11 11:09:29.259 1497 3412 W ActivityManager: Background start not allowed: service Intent { cmp=com.tencent.android.qqdownloader/com.tencent.assistant.main.MainService } to com.tencent.android.qqdownloader/com.tencent.assistant.main.MainService from pid=3506 uid=10094 pkg=com.tencent.android.qqdownloader startFg?=false
05-11 11:09:29.260 1497 3412 W ActivityManager: Background start not allowed: service Intent { cmp=com.tencent.android.qqdownloader/com.tencent.assistant.main.MainService } to com.tencent.android.qqdownloader/com.tencent.assistant.main.MainService from pid=3506 uid=10094 pkg=com.tencent.android.qqdownloader startFg?=false
05-11 11:09:29.260 1497 3412 W ActivityManager: Background start not allowed: service Intent { cmp=com.tencent.android.qqdownloader/com.tencent.assistant.main.MainService } to com.tencent.android.qqdownloader/com.tencent.assistant.main.MainService from pid=3506 uid=10094 pkg=com.tencent.android.qqdownloader startFg?=false
05-11 11:09:29.267 1497 3412 W ActivityManager: Background start not allowed: service Intent { cmp=com.tencent.android.qqdownloader/com.tencent.assistant.main.MainService } to com.tencent.android.qqdownloader/com.tencent.assistant.main.MainService from pid=3506 uid=10094 pkg=com.tencent.android.qqdownloader startFg?=false
05-11 11:09:29.268 1497 3412 W ActivityManager: Background start not allowed: service Intent { cmp=com.tencent.android.qqdownloader/com.tencent.assistant.main.MainService } to com.tencent.android.qqdownloader/com.tencent.assistant.main.MainService from pid=3506 uid=10094 pkg=com.tencent.android.qqdownloader startFg?=false
05-11 11:09:29.288 1497 3412 W ActivityManager: Background start not allowed: service Intent { cmp=com.tencent.android.qqdownloader/com.tencent.assistant.main.MainService } to com.tencent.android.qqdownloader/com.tencent.assistant.main.MainService from pid=3506 uid=10094 pkg=com.tencent.android.qqdownloader startFg?=false
05-11 11:09:29.319 1497 3412 D CompatibilityChangeReporter: Compat change id reported: 168419799; UID 10096; state: DISABLED
05-11 11:09:29.338 1497 2077 I am_uid_running: 10102
05-11 11:09:29.338 1497 2077 D CompatibilityChangeReporter: Compat change id reported: 135634846; UID 10102; state: DISABLED
05-11 11:09:29.338 1497 2077 D CompatibilityChangeReporter: Compat change id reported: 177438394; UID 10102; state: DISABLED
05-11 11:09:29.338 1497 2077 D CompatibilityChangeReporter: Compat change id reported: 135772972; UID 10102; state: DISABLED
05-11 11:09:29.338 1497 2077 D CompatibilityChangeReporter: Compat change id reported: 135754954; UID 10102; state: DISABLED
05-11 11:09:29.338 1497 1603 D CompatibilityChangeReporter: Compat change id reported: 143937733; UID 10102; state: DISABLED
05-11 11:09:29.347 1497 1603 I am_proc_start: [0,4680,10102,com.wandoujia.phoenix2:channel,broadcast,{com.wandoujia.phoenix2/com.taobao.accs.EventReceiver}]
05-11 11:09:29.347 1497 1603 I ActivityManager: Start proc 4680:com.wandoujia.phoenix2:channel/u0a102 for broadcast {com.wandoujia.phoenix2/com.taobao.accs.EventReceiver}
01-01 08:00:21.477 0 0 I binder : 4680:4680 ioctl 40046210 7fec0ec5c4 returned -22
05-11 11:09:29.359 1497 2077 I am_proc_bound: [0,4680,com.wandoujia.phoenix2:channel]
05-11 11:09:29.363 1497 2077 D CompatibilityChangeReporter: Compat change id reported: 168419799; UID 10102; state: DISABLED
05-11 11:09:29.373 1497 2077 I am_uid_active: 10102
05-11 11:09:29.380 1497 2068 W ActivityManager: Background start not allowed: service Intent { cmp=com.tencent.android.qqdownloader/com.tencent.assistant.main.MainService } to com.tencent.android.qqdownloader/com.tencent.assistant.main.MainService from pid=3506 uid=10094 pkg=com.tencent.android.qqdownloader startFg?=false
05-11 11:09:29.382 1497 2068 W ActivityManager: Background start not allowed: service Intent { cmp=com.tencent.android.qqdownloader/com.tencent.assistant.main.MainService } to com.tencent.android.qqdownloader/com.tencent.assistant.main.MainService from pid=3506 uid=10094 pkg=com.tencent.android.qqdownloader startFg?=false
05-11 11:09:29.383 1497 2068 W ActivityManager: Background start not allowed: service Intent { cmp=com.tencent.android.qqdownloader/com.tencent.assistant.main.MainService } to com.tencent.android.qqdownloader/com.tencent.assistant.main.MainService from pid=3506 uid=10094 pkg=com.tencent.android.qqdownloader startFg?=false
01-01 08:00:21.500 0 0 I init : Sending signal 9 to service 'idmap2d' (pid 1204) process group...
01-01 08:00:21.505 0 0 I libprocessgroup: Successfully killed process cgroup uid 1000 pid 1204 in 5ms
01-01 08:00:21.506 0 0 I init : Control message: Processed ctl.stop for 'idmap2d' from pid: 1497 (system_server)
01-01 08:00:21.506 0 0 I init : Service 'idmap2d' (pid 1204) received signal 9
05-11 11:09:29.384 1497 2068 W OverlayManager: service 'idmap' died
05-11 11:09:29.387 1497 2068 W ActivityManager: Background start not allowed: service Intent { cmp=com.tencent.android.qqdownloader/com.tencent.assistant.main.MainService } to com.tencent.android.qqdownloader/com.tencent.assistant.main.MainService from pid=3506 uid=10094 pkg=com.tencent.android.qqdownloader startFg?=false
