05-11 07:16:58.202 1497 2077 D TelephonyRegistry: listen oscl: mHasNotifySubscriptionInfoChangedOccurred==false no callback
01-01 08:00:12.800 0 0 I binder : 2339:2339 ioctl 40046210 7fec0ec5c4 returned -22
01-01 08:00:12.800 0 0 I binder : 2302:2302 ioctl 40046210 7fec0ec5c4 returned -22
05-11 07:16:58.214 1497 2077 I am_proc_bound: [0,2339,com.thundercomm.tcservice]
05-11 07:16:58.215 1497 2077 D CompatibilityChangeReporter: Compat change id reported: 168419799; UID 1000; state: DISABLED
05-11 07:16:58.217 1497 2068 D CompatibilityChangeReporter: Compat change id reported: 157233955; UID 10078; state: ENABLED
01-01 08:00:12.813 0 0 I binder : 2342:2342 ioctl 40046210 7fec0ec5c4 returned -22
05-11 07:16:58.219 1497 1603 W ActivityManager: Slow operation: 264ms so far, now at startProcess: returned from zygote!
05-11 07:16:58.221 1497 2087 I am_proc_bound: [0,2302,com.android.se]
05-11 07:16:58.221 2144 2144 W ContextImpl: Calling a method in the system process without a qualified user: android.app.ContextImpl.startService:1816 android.content.ContextWrapper.startService:774 com.thundercomm.microsettings.service.SettingsApplication.onCreate:30 android.app.Instrumentation.callApplicationOnCreate:1212 android.app.ActivityThread.handleBindApplication:6744
05-11 07:16:58.224 1497 2087 D CompatibilityChangeReporter: Compat change id reported: 168419799; UID 1068; state: DISABLED
05-11 07:16:58.225 1497 2087 I am_uid_active: 1068
05-11 07:16:58.225 1497 1531 I am_proc_bound: [0,2324,com.thundercomm.remotecontrolservice]
05-11 07:16:58.228 1497 1531 D CompatibilityChangeReporter: Compat change id reported: 168419799; UID 1000; state: DISABLED
05-11 07:16:58.229 1497 1603 W ActivityManager: Slow operation: 274ms so far, now at startProcess: done updating battery stats
05-11 07:16:58.229 1497 1603 I am_proc_start: [0,2401,1000,com.qualcomm.qti.qdma,added application,com.qualcomm.qti.qdma]
05-11 07:16:58.229 1497 1603 W ActivityManager: Slow operation: 275ms so far, now at startProcess: building log message
05-11 07:16:58.229 1497 1603 I ActivityManager: Start proc 2401:com.qualcomm.qti.qdma/1000 for added application com.qualcomm.qti.qdma
05-11 07:16:58.229 1497 1603 W ActivityManager: Slow operation: 275ms so far, now at startProcess: starting to update pids map
05-11 07:16:58.233 1497 1603 W ActivityManager: Slow operation: 278ms so far, now at startProcess: done updating pids map
01-01 08:00:12.826 0 0 I msm_vidc: high: 00000001: ....e: Opening video instance: 0000000000000000, 0
01-01 08:00:12.826 0 0 I msm_vidc: err : 00000001: ....e: Failed to create debugfs for msm_vidc
05-11 07:16:58.233 1497 1603 W ActivityManager: Slow operation: 193ms so far, now at startProcess: asking zygote to start proc
05-11 07:16:58.233 1497 2090 W ActivityManager: Unable to start service Intent { act=com.thundercomm.microsettings.SETTING_SERVICE pkg=com.thundercomm.microsettings } U=0: not found
05-11 07:16:58.235 2144 2144 W ContextImpl: Calling a method in the system process without a qualified user: android.app.ContextImpl.startService:1816 android.content.ContextWrapper.startService:774 com.thundercomm.microsettings.service.SettingsApplication.onCreate:36 android.app.Instrumentation.callApplicationOnCreate:1212 android.app.ActivityThread.handleBindApplication:6744
05-11 07:16:58.236 1497 2090 I am_proc_bound: [0,2342,com.qualcomm.qti.devicestatisticsservice]
05-11 07:16:58.237 1497 2090 D CompatibilityChangeReporter: Compat change id reported: 168419799; UID 10065; state: DISABLED
05-11 07:16:58.238 1497 2090 I am_uid_active: 10065
05-11 07:16:58.239 1497 1603 W ActivityManager: Slow operation: 199ms so far, now at startProcess: returned from zygote!
05-11 07:16:58.239 1497 2089 W ActivityManager: Unable to start service Intent { act=com.thundercomm.microsettings.EOL_SERVICE pkg=com.thundercomm.microsettings } U=0: not found
01-01 08:00:12.833 0 0 I msm_vidc: high: 00000001: h265e: Closed video instance: 0000000000000000
05-11 07:16:58.240 1497 1603 W ActivityManager: Slow operation: 200ms so far, now at startProcess: done updating battery stats
05-11 07:16:58.240 1497 1603 I am_proc_start: [0,2430,1000,com.android.settings,top-activity,{com.android.settings/com.android.settings.FallbackHome}]
05-11 07:16:58.240 1497 1603 W ActivityManager: Slow operation: 200ms so far, now at startProcess: building log message
05-11 07:16:58.240 1497 1603 I ActivityManager: Start proc 2430:com.android.settings/1000 for top-activity {com.android.settings/com.android.settings.FallbackHome}
05-11 07:16:58.240 1497 1603 W ActivityManager: Slow operation: 200ms so far, now at startProcess: starting to update pids map
05-11 07:16:58.240 1497 1603 W ActivityManager: Slow operation: 201ms so far, now at startProcess: done updating pids map
05-11 07:16:58.240 1497 1603 W ActivityManager: Slow operation: 176ms so far, now at startProcess: asking zygote to start proc
05-11 07:16:58.240 1497 1603 D CompatibilityChangeReporter: Compat change id reported: 143937733; UID 10093; state: ENABLED
01-01 08:00:12.842 0 0 I binder : 2401:2401 ioctl 40046210 7fec0ec5c4 returned -22
05-11 07:16:58.247 1497 1603 W ActivityManager: Slow operation: 183ms so far, now at startProcess: returned from zygote!
05-11 07:16:58.248 1497 1603 W ActivityManager: Slow operation: 183ms so far, now at startProcess: done updating battery stats
05-11 07:16:58.248 1497 1603 I am_proc_start: [0,2441,10093,android.ext.services,service,{android.ext.services/android.ext.services.autofill.InlineSuggestionRenderServiceImpl}]
05-11 07:16:58.248 1497 1603 W ActivityManager: Slow operation: 183ms so far, now at startProcess: building log message
05-11 07:16:58.248 1497 1603 I ActivityManager: Start proc 2441:android.ext.services/u0a93 for service {android.ext.services/android.ext.services.autofill.InlineSuggestionRenderServiceImpl}
05-11 07:16:58.248 1497 1603 W ActivityManager: Slow operation: 183ms so far, now at startProcess: starting to update pids map
05-11 07:16:58.248 1497 1603 W ActivityManager: Slow operation: 183ms so far, now at startProcess: done updating pids map
05-11 07:16:58.248 1497 1603 W ActivityManager: Slow operation: 155ms so far, now at startProcess: asking zygote to start proc
05-11 07:16:58.248 1497 1603 D CompatibilityChangeReporter: Compat change id reported: 143937733; UID 10062; state: ENABLED
05-11 07:16:58.249 2144 2144 D MicroServiceManager: add linkToDeath
05-11 07:16:58.250 2144 2144 D MicroServiceManager: bindMicroService: called already get service
05-11 07:16:58.250 2144 2144 I MicroServiceManager: addCommonCallbackListener add listener
05-11 07:16:58.250 2144 2144 I MicroServiceManager: addConnectChangedListener add listener
01-01 08:00:12.853 0 0 E bt_ioctl: BT_CMD_PWR_CTRL pwr_cntrl:0
01-01 08:00:12.853 0 0 E bt_ioctl: BT state already:0 no change done
01-01 08:00:12.853 0 0 E bt_ioctl: BT_CMD_PWR_CTRL pwr_cntrl:1
01-01 08:00:12.853 0 0 I bt_power vendor: bt_qca6390: Linked as a consumer to regulator.9
01-01 08:00:12.853 0 0 E bt_vreg_enable: vreg_en successful for : qca,bt-vdd-aon
01-01 08:00:12.853 0 0 I bt_power vendor: bt_qca6390: Linked as a consumer to regulator.51
01-01 08:00:12.853 0 0 E bt_vreg_enable: vreg_en successful for : qca,bt-vdd-dig
01-01 08:00:12.853 0 0 I bt_power vendor: bt_qca6390: Linked as a consumer to regulator.8
01-01 08:00:12.853 0 0 E bt_vreg_enable: vreg_en successful for : qca,bt-vdd-rfa1
01-01 08:00:12.853 0 0 I bt_power vendor: bt_qca6390: Linked as a consumer to regulator.36
05-11 07:16:58.257 1497 1603 W ActivityManager: Slow operation: 164ms so far, now at startProcess: returned from zygote!
05-11 07:16:58.257 1497 1603 W ActivityManager: Slow operation: 164ms so far, now at startProcess: done updating battery stats
05-11 07:16:58.257 1497 1603 I am_proc_start: [0,2450,10062,com.thundercomm.gamemode.provider,content provider,{com.thundercomm.gamemode.provider/com.thundercomm.gamemode.provider.SettingsProvider}]
05-11 07:16:58.257 1497 1603 W ActivityManager: Slow operation: 164ms so far, now at startProcess: building log message
05-11 07:16:58.257 1497 1603 I ActivityManager: Start proc 2450:com.thundercomm.gamemode.provider/u0a62 for content provider {com.thundercomm.gamemode.provider/com.thundercomm.gamemode.provider.SettingsProvider}
05-11 07:16:58.257 1497 1603 W ActivityManager: Slow operation: 164ms so far, now at startProcess: starting to update pids map
05-11 07:16:58.257 1497 1603 W ActivityManager: Slow operation: 164ms so far, now at startProcess: done updating pids map
01-01 08:00:12.854 0 0 E bt_vreg_enable: vreg_en successful for : qca,bt-vdd-rfa2
01-01 08:00:12.854 0 0 I bt_power vendor: bt_qca6390: Linked as a consumer to regulator.27
01-01 08:00:12.854 0 0 E bt_vreg_enable: vreg_en successful for : qca,bt-vdd-asd
05-11 11:09:20.735 1497 1783 E LazyAlarmStore: Removed TIME_TICK alarm
05-11 11:09:20.736 1497 1602 I am_wtf : [0,1497,system_server,-1,LazyAlarmStore,Removed TIME_TICK alarm]
05-11 11:09:20.737 1497 1602 I DropBoxManagerService: add tag=system_server_wtf isTagEnabled=true flags=0x2
05-11 11:09:20.738 1497 1531 I am_proc_bound: [0,2401,com.qualcomm.qti.qdma]
01-01 08:00:12.858 0 0 I msm_vidc: high: 00000001: ....e: Opening video instance: 0000000000000000, 0
01-01 08:00:12.859 0 0 I msm_vidc: err : 00000001: ....e: Failed to create debugfs for msm_vidc
05-11 11:09:20.739 1497 1531 D CompatibilityChangeReporter: Compat change id reported: 168419799; UID 1000; state: DISABLED
01-01 08:00:12.863 0 0 I binder : 2430:2430 ioctl 40046210 7fec0ec5c4 returned -22
05-11 11:09:20.749 1497 1849 D CompatibilityChangeReporter: Compat change id reported: 171306433; UID 1000; state: ENABLED
01-01 08:00:12.866 0 0 I binder : 2441:2441 ioctl 40046210 7fec0ec5c4 returned -22
01-01 08:00:12.870 0 0 I msm_vidc: high: 00000001: h265e: Closed video instance: 0000000000000000
01-01 08:00:12.878 0 0 I input : Remote Mouse Controller as /devices/virtual/input/input4
01-01 08:00:12.880 0 0 I input : Remote Keyboard Controller as /devices/virtual/input/input5
01-01 08:00:12.890 0 0 I binder : 2450:2450 ioctl 40046210 7fec0ec5c4 returned -22
05-11 11:09:20.785 1497 2087 I am_proc_bound: [0,2441,android.ext.services]
01-01 08:00:12.908 0 0 I bt_configure_gpios: BTON:Turn Bt Off bt-reset-gpio(1121) value(0)
01-01 08:00:12.908 0 0 I bt_configure_gpios: BTON:Turn Bt Off
01-01 08:00:12.908 0 0 I bt_configure_gpios: bt-sw-ctrl-gpio(1224) value(1)
01-01 08:00:12.908 0 0 I bt_enable_bt_reset_gpios_safely: bt_enable_bt_reset_gpios_safely: BTON:Turn Bt On
01-01 08:00:12.908 0 0 I bt_enable_bt_reset_gpios_safely: bt_enable_bt_reset_gpios_safely: wl-reset-gpio(1120) value(1)
01-01 08:00:12.908 0 0 I bt_enable_bt_reset_gpios_safely: bt_enable_bt_reset_gpios_safely: BTON: Asserting BT_EN
01-01 08:00:12.909 0 0 I msm_vidc: high: 00000001: ....e: Opening video instance: 0000000000000000, 0
05-11 11:09:20.787 1497 2087 D CompatibilityChangeReporter: Compat change id reported: 168419799; UID 10093; state: DISABLED
01-01 08:00:12.909 0 0 I msm_vidc: err : 00000001: ....e: Failed to create debugfs for msm_vidc
01-01 08:00:12.909 0 0 I msm_vidc: err : 00000001: ....e: msm_vidc_comm_update_ctrl: failed: control name Ltr Count, min 0, max 0, step 0, default_value 0
05-11 11:09:20.788 1497 2087 I am_uid_active: 10093
05-11 11:09:20.790 1497 2068 I am_proc_bound: [0,2430,com.android.settings]
01-01 08:00:12.912 0 0 I msm_vidc: high: 00000001: vp8e: Closed video instance: 0000000000000000
05-11 11:09:20.792 1497 2068 D CompatibilityChangeReporter: Compat change id reported: 168419799; UID 1000; state: DISABLED
05-11 11:09:20.793 1497 2068 I wm_restart_activity: [0,169591724,7,com.android.settings/.FallbackHome]
05-11 11:09:20.794 1497 2068 I wm_set_resumed_activity: [0,com.android.settings/.FallbackHome,minimalResumeActivityLocked]
01-01 08:00:12.920 0 0 I binder : 2339:2339 ioctl 40046210 7fec0eb134 returned -22
01-01 08:00:12.920 0 0 I binder : 2302:2302 ioctl 40046210 7fec0eb574 returned -22
05-11 11:09:20.801 1497 1835 I am_proc_bound: [0,2450,com.thundercomm.gamemode.provider]
05-11 11:09:20.802 1497 1835 D CompatibilityChangeReporter: Compat change id reported: 168419799; UID 10062; state: DISABLED
05-11 11:09:20.803 1497 1835 I am_uid_active: 10062
01-01 08:00:12.937 0 0 D cnss : Received QMI WLFW pin connect result indication
01-01 08:00:12.937 0 0 D cnss : Pin connect Result: pwr_pin: 0x0 phy_io_pin: 0x0 rf_io_pin: 0x2b
01-01 08:00:12.937 0 0 D cnss : Received QMI WLFW calibration done indication
01-01 08:00:12.937 0 0 D cnss : Posting event: COLD_BOOT_CAL_DONE(6), state: 0xf flags: 0x0
01-01 08:00:12.937 0 0 D cnss : PM stay awake, state: 0xf, count: 1
01-01 08:00:12.937 0 0 D cnss : PM relax, state: 0xf, count: 0
01-01 08:00:12.937 0 0 D cnss : Received QMI WLFW FW ready indication
01-01 08:00:12.937 0 0 D cnss : Posting event: COLD_BOOT_CAL_DONE(6), state: 0xf flags: 0x0
01-01 08:00:12.937 0 0 D cnss : PM stay awake, state: 0xf, count: 1
01-01 08:00:12.937 0 0 D cnss : PM relax, state: 0xf, count: 0
01-01 08:00:12.937 0 0 D cnss : PM stay awake, state: 0xf, count: 1
01-01 08:00:12.937 0 0 D cnss : Processing driver event: COLD_BOOT_CAL_DONE(6), state: 0xf
01-01 08:00:12.937 0 0 D cnss : Calibration completed successfully
01-01 08:00:12.937 0 0 D cnss : Sending mode message, mode: OFF(4), state: 0xf
05-11 11:09:20.815 1497 1921 W BluetoothManagerService: bindBluetoothProfileService:Trying to bind to profile: 1, while Bluetooth is disabled
05-11 11:09:20.819 2339 2339 W ContextImpl: Calling a method in the system process without a qualified user: android.app.ContextImpl.startService:1816 android.content.ContextWrapper.startService:774 com.thundercomm.tcservice.TCService.init:48 com.thundercomm.tcservice.TCService.onCreate:34 android.app.ActivityThread.handleCreateService:4488
01-01 08:00:12.941 0 0 D cnss : Skip driver remove
01-01 08:00:12.941 0 0 D cnss : Read register offset 0x1f8031c, val = 0x2
01-01 08:00:12.941 0 0 D cnss : Write val 0x3 to register offset 0x1f8031c
01-01 08:00:12.941 0 0 D cnss : WLFW server exiting
01-01 08:00:12.941 0 0 D cnss : Posting event: SERVER_EXIT(1), state: 0x2000f flags: 0x0
01-01 08:00:12.943 0 0 D cnss : Setting MHI state: POWER_OFF(4)
05-11 11:09:20.826 1497 1497 D AccessibilityManagerService: Ignoring non-encryption-aware service ComponentInfo{com.baidu.appsearch/com.baidu.appsearch.util.AppAccessibilityService}
05-11 11:09:20.827 1497 1497 D AccessibilityManagerService: Ignoring non-encryption-aware service ComponentInfo{com.kugou.android/com.kugou.ringtone.permission.accessibilitysuper.service.AccessibilitySuperService}
05-11 11:09:20.827 1497 1497 D AccessibilityManagerService: Ignoring non-encryption-aware service ComponentInfo{com.ss.android.ugc.aweme/com.ss.android.ugc.aweme.live.livehostimpl.AudioAccessibilityService}
05-11 11:09:20.827 1497 1497 D AccessibilityManagerService: Ignoring non-encryption-aware service ComponentInfo{com.tencent.android.qqdownloader/com.tencent.nucleus.manager.accessibility.YYBAccessibilityService}
05-11 11:09:20.827 1497 1497 D AccessibilityManagerService: Ignoring non-encryption-aware service ComponentInfo{com.wandoujia.phoenix2/com.pp.assistant.accessibility.AccessibilityService}
05-11 11:09:20.829 1497 1497 W Looper : Slow dispatch took 171ms main h=android.app.ActivityThread$H c=android.app.LoadedApk$ReceiverDispatcher$Args$$ExternalSyntheticLambda0@7733887 m=0
05-11 11:09:20.829 1497 1497 I SystemServerTiming: ManagedServices.unbindOtherUserServices_current0
05-11 11:09:20.829 1497 1497 I SystemServerTiming: ManagedServices.unbindOtherUserServices_current0
05-11 11:09:20.829 1497 1497 I SystemServerTiming: ManagedServices.unbindOtherUserServices_current0
05-11 11:09:20.829 1497 1497 V NotificationAssistants: enabling notification assistant for 0: ComponentInfo{android.ext.services/android.ext.services.notification.Assistant}
05-11 11:09:20.829 1497 1497 V NotificationAssistants: binding: Intent { act=android.service.notification.NotificationAssistantService cmp=android.ext.services/.notification.Assistant (has extras) }
01-01 08:00:12.960 0 0 D cnss : Suspending PCI link
01-01 08:00:12.964 0 0 I bt_configure_gpios: BTON:Turn Bt On bt-reset-gpio(1121) value(1)
01-01 08:00:12.964 0 0 I bt_configure_gpios: BTON:Turn Bt On
01-01 08:00:12.964 0 0 I bt_configure_gpios: bt-sw-ctrl-gpio(1224) value(1)
01-01 08:00:12.964 0 0 I bt_configure_gpios: bt_gpio= 1121 on: 1 is successful
01-01 08:00:12.968 0 0 I msm_pcie_disable: PCIe: Assert the reset of endpoint of RC0.
01-01 08:00:12.968 0 0 D cnss : Setting MHI state: DEINIT(1)
01-01 08:00:12.968 0 0 D cnss : De-assert WLAN_EN GPIO successfully
01-01 08:00:12.968 0 0 D cnss : Regulator vdd-wlan-rfa2 is being disabled
01-01 08:00:12.968 0 0 D cnss : Regulator vdd-wlan-rfa1 is being disabled
01-01 08:00:12.968 0 0 D cnss : Regulator vdd-wlan-dig is being disabled
01-01 08:00:12.968 0 0 D cnss : Regulator vdd-wlan-aon is being disabled
01-01 08:00:12.968 0 0 D cnss : Regulator wlan-ant-switch is being disabled
01-01 08:00:12.968 0 0 D cnss : Regulator vdd-wlan-io is being disabled
01-01 08:00:12.976 0 0 I binder : 2401:2401 ioctl 40046210 7fec0ea5a4 returned -22
05-11 11:09:20.861 1497 1921 D CompatibilityChangeReporter: Compat change id reported: 182478738; UID 1073; state: DISABLED
05-11 11:09:20.862 824 824 I auditd : type=1400 audit(0.0:1016): avc: denied { search } for comm="bluetooth@1.0-s" name="bluetooth" dev="sda2" ino=69 scontext=u:r:hal_bluetooth_default:s0 tcontext=u:object_r:mnt_product_file:s0 tclass=dir permissive=1
01-01 08:00:12.992 0 0 E bt_ioctl: unified Current SOC Version : 400a0200
05-11 11:09:20.882 827 827 I auditd : type=1400 audit(0.0:1017): avc: denied { read } for comm="Loc_hal_worker" name="u:object_r:vendor_pd_locater_dbg_prop:s0" dev="tmpfs" ino=2404 scontext=u:r:vendor_hal_gnss_qti:s0 tcontext=u:object_r:vendor_pd_locater_dbg_prop:s0 tclass=file permissive=1
05-11 11:09:20.882 827 827 I auditd : type=1400 audit(0.0:1018): avc: denied { open } for comm="Loc_hal_worker" path="/dev/__properties__/u:object_r:vendor_pd_locater_dbg_prop:s0" dev="tmpfs" ino=2404 scontext=u:r:vendor_hal_gnss_qti:s0 tcontext=u:object_r:vendor_pd_locater_dbg_prop:s0 tclass=file permissive=1
05-11 11:09:20.882 827 827 I auditd : type=1400 audit(0.0:1019): avc: denied { getattr } for comm="Loc_hal_worker" path="/dev/__properties__/u:object_r:vendor_pd_locater_dbg_prop:s0" dev="tmpfs" ino=2404 scontext=u:r:vendor_hal_gnss_qti:s0 tcontext=u:object_r:vendor_pd_locater_dbg_prop:s0 tclass=file permissive=1
05-11 11:09:20.882 827 827 I auditd : type=1400 audit(0.0:1020): avc: denied { map } for comm="Loc_hal_worker" path="/dev/__properties__/u:object_r:vendor_pd_locater_dbg_prop:s0" dev="tmpfs" ino=2404 scontext=u:r:vendor_hal_gnss_qti:s0 tcontext=u:object_r:vendor_pd_locater_dbg_prop:s0 tclass=file permissive=1
01-01 08:00:13.024 0 0 D cnss : Processing driver event: COLD_BOOT_CAL_DONE(6), state: 0x20001
01-01 08:00:13.024 0 0 D cnss : Processing driver event: SERVER_EXIT(1), state: 0x20001
01-01 08:00:13.024 0 0 I cnss : QMI WLFW service disconnected, state: 0x20000
01-01 08:00:13.024 0 0 D cnss : PM relax, state: 0x0, count: 0
01-01 08:00:13.024 0 0 D cnss : PM stay awake, state: 0x0, count: 1
01-01 08:00:13.024 0 0 D cnss : PM relax, state: 0x0, count: 0
01-01 08:00:13.025 0 0 D cnss : Posting event: REGISTER_DRIVER(7)-sync, state: 0x0 flags: 0x5
01-01 08:00:13.025 0 0 D cnss : PM stay awake, state: 0x0, count: 1
01-01 08:00:13.025 0 0 D cnss : Processing driver event: REGISTER_DRIVER-sync(7), state: 0x0
01-01 08:00:13.025 0 0 D cnss : Regulator vdd-wlan-io is being enabled
01-01 08:00:13.025 0 0 D cnss : Regulator wlan-ant-switch is being enabled
01-01 08:00:13.025 0 0 D cnss : Regulator vdd-wlan-aon is being enabled
01-01 08:00:13.025 0 0 D cnss : Regulator vdd-wlan-dig is being enabled
01-01 08:00:13.025 0 0 D cnss : Regulator vdd-wlan-rfa1 is being enabled
01-01 08:00:13.025 0 0 D cnss : Regulator vdd-wlan-rfa2 is being enabled
01-01 08:00:13.025 0 0 D cnss : BT_EN_GPIO State: On
01-01 08:00:13.026 0 0 D cnss : Assert WLAN_EN GPIO successfully
01-01 08:00:13.026 0 0 D cnss : Resuming PCI link
01-01 08:00:13.026 0 0 I msm_pcie_enable: PCIe: Assert the reset of endpoint of RC0.
01-01 08:00:13.029 0 0 I msm_pcie_enable: PCIe: RC0: PCIE20_PARF_INT_ALL_MASK: 0x7f80d202
01-01 08:00:13.031 0 0 I pcie_phy_init: PCIe RC0 PHY is ready!
05-11 11:09:20.913 1497 1530 I am_uid_running: 10084
05-11 11:09:20.914 1497 1530 D CompatibilityChangeReporter: Compat change id reported: 135634846; UID 10084; state: DISABLED
05-11 11:09:20.914 1497 1530 D CompatibilityChangeReporter: Compat change id reported: 177438394; UID 10084; state: DISABLED
05-11 11:09:20.914 1497 1530 D CompatibilityChangeReporter: Compat change id reported: 135772972; UID 10084; state: DISABLED
05-11 11:09:20.914 1497 1530 D CompatibilityChangeReporter: Compat change id reported: 135754954; UID 10084; state: ENABLED
05-11 11:09:20.914 1497 1603 D CompatibilityChangeReporter: Compat change id reported: 143937733; UID 10084; state: ENABLED
05-11 11:09:20.922 2430 2430 I wm_on_create_called: [169591724,com.android.settings.FallbackHome,performCreate]
05-11 11:09:20.923 2430 2430 I wm_on_start_called: [169591724,com.android.settings.FallbackHome,handleStartActivity]
05-11 11:09:20.923 2430 2430 I wm_on_resume_called: [169591724,com.android.settings.FallbackHome,RESUME_ACTIVITY]
01-01 08:00:13.045 0 0 I msm_pcie_enable: PCIe: Release the reset of endpoint of RC0.
05-11 11:09:20.930 1497 1497 I am_uid_running: 10059
05-11 11:09:20.931 2430 2430 I wm_on_top_resumed_gained_called: [169591724,com.android.settings.FallbackHome,topStateChangedWhenResumed]
05-11 11:09:20.933 1497 1589 I input_focus: [Focus request aeae035 com.android.settings/com.android.settings.FallbackHome,reason=UpdateInputWindows]
05-11 11:09:20.936 1497 1497 D CompatibilityChangeReporter: Compat change id reported: 135634846; UID 10059; state: DISABLED
05-11 11:09:20.936 1497 1497 D CompatibilityChangeReporter: Compat change id reported: 177438394; UID 10059; state: DISABLED
05-11 11:09:20.936 1497 1497 D CompatibilityChangeReporter: Compat change id reported: 135772972; UID 10059; state: DISABLED
05-11 11:09:20.936 1497 1497 D CompatibilityChangeReporter: Compat change id reported: 135754954; UID 10059; state: ENABLED
05-11 11:09:20.937 1497 1603 I am_proc_start: [0,2583,10084,com.qualcomm.qti.qccauthmgr,content provider,{com.qualcomm.qti.qccauthmgr/com.qualcomm.qti.qccauthmgr.providers.SMQContentProvider}]
05-11 11:09:20.937 1497 1603 I ActivityManager: Start proc 2583:com.qualcomm.qti.qccauthmgr/u0a84 for content provider {com.qualcomm.qti.qccauthmgr/com.qualcomm.qti.qccauthmgr.providers.SMQContentProvider}
05-11 11:09:20.938 1497 1603 D CompatibilityChangeReporter: Compat change id reported: 143937733; UID 10059; state: ENABLED
05-11 11:09:20.938 1497 1585 D UsbDeviceManager: push notification:正在通过 USB 为此设备充电
05-11 11:09:20.942 1497 1497 D ConditionProviders.SCP: onSubscribe condition://android/schedule?days=1.2.3.4.5.6.7&start=22.0&end=7.0&exitAtAlarm=true
05-11 11:09:20.942 1497 1497 D ConditionProviders.SCP: setRegistered true
01-01 08:00:13.066 0 0 I msm_pcie_link_train: PCIe RC0 link initialized
05-11 11:09:20.947 1497 1497 D ConditionProviders.SCP: evaluateSubscriptionLocked cal=ScheduleCalendar[mDays={1, 2, 3, 4, 5, 6, 7}, mSchedule=ScheduleInfo{days=[1, 2, 3, 4, 5, 6, 7], startHour=22, startMinute=0, endHour=7, endMinute=0, exitAtAlarm=true, nextAlarm=Thu Jan 01 08:00:00 GMT+08:00 1970 (0)}], now=Thu May 11 11:09:20 GMT+08:00 2023 (1683774560942), nextUserAlarmTime=Thu Jan 01 08:00:00 GMT+08:00 1970 (0)
05-11 11:09:20.947 1497 1497 D ConditionProviders.SCP: notifyCondition condition://android/schedule?days=1.2.3.4.5.6.7&start=22.0&end=7.0&exitAtAlarm=true STATE_FALSE reason=!meetsSchedule
05-11 11:09:20.948 1497 1497 D ConditionProviders.SCP: Scheduling evaluate for Thu May 11 22:00:00 GMT+08:00 2023 (1683813600000), in +10h50m39s58ms, now=Thu May 11 11:09:20 GMT+08:00 2023 (1683774560942)
01-01 08:00:13.070 0 0 I binder : 2430:2569 ioctl 40046210 7116f171f4 returned -22
05-11 11:09:20.955 1497 1835 I am_uid_running: 10072
05-11 11:09:20.955 1497 1835 D CompatibilityChangeReporter: Compat change id reported: 135634846; UID 10072; state: DISABLED
05-11 11:09:20.955 1497 1835 D CompatibilityChangeReporter: Compat change id reported: 177438394; UID 10072; state: DISABLED
05-11 11:09:20.955 1497 1835 D CompatibilityChangeReporter: Compat change id reported: 135772972; UID 10072; state: DISABLED
05-11 11:09:20.955 1497 1835 D CompatibilityChangeReporter: Compat change id reported: 135754954; UID 10072; state: ENABLED
05-11 11:09:20.956 1497 1603 I am_proc_start: [0,2589,10059,com.qualcomm.timeservice,broadcast,{com.qualcomm.timeservice/com.qualcomm.timeservice.TimeServiceBroadcastReceiver}]
05-11 11:09:20.956 1497 1603 I ActivityManager: Start proc 2589:com.qualcomm.timeservice/u0a59 for broadcast {com.qualcomm.timeservice/com.qualcomm.timeservice.TimeServiceBroadcastReceiver}
05-11 11:09:20.956 1497 1603 D CompatibilityChangeReporter: Compat change id reported: 143937733; UID 10072; state: ENABLED
01-01 08:00:13.080 0 0 I cnss_pci 0000: 01:00.0: enabling device (0000 -> 0002)
01-01 08:00:13.080 0 0 D cnss : Config PCIe remap window register to 0x4000003f
01-01 08:00:13.080 0 0 D cnss : Read register offset 0x1f8031c, val = 0x6
01-01 08:00:13.080 0 0 D cnss : Write val 0x2 to register offset 0x1f8031c
01-01 08:00:13.080 0 0 D cnss : Setting MHI state: INIT(0)
01-01 08:00:13.080 0 0 D cnss : Setting MHI state: POWER_ON(2)
05-11 11:09:20.963 1497 1826 W ActivityThread: Failed to find provider info for com.android.calendar (user not unlocked)
05-11 11:09:20.964 1497 1588 I ActivityManagerTiming: FinishBooting
05-11 11:09:20.964 1497 1826 W ActivityThread: Failed to find provider info for com.android.calendar (user not unlocked)
05-11 11:09:20.964 1497 1588 I boot_progress_enable_screen: 10401
01-01 08:00:13.086 0 0 W cnss_pci 0000: 01:00.0: Falling back to syfs fallback for: qca6390/amss20.bin
05-11 11:09:20.967 1497 1588 I screen_toggled: 1
05-11 11:09:20.967 1497 1588 W KeyguardServiceDelegate: onScreenTurningOn(): no keyguard service!
05-11 11:09:20.968 1497 1588 I am_uid_active: 10059
05-11 11:09:20.973 1497 1603 I am_proc_start: [0,2603,10072,com.android.launcher3,service,{com.android.launcher3/com.android.quickstep.TouchInteractionService}]
05-11 11:09:20.973 1497 1603 I ActivityManager: Start proc 2603:com.android.launcher3/u0a72 for service {com.android.launcher3/com.android.quickstep.TouchInteractionService}
01-01 08:00:13.097 0 0 I ueventd : firmware: loading 'qca6390/amss20.bin' for '/devices/platform/soc/1c00000.qcom,pcie/pci0000:00/0000:00:00.0/0000:01:00.0/firmware/qca6390!amss20.bin'
05-11 11:09:20.977 1497 1497 W BluetoothManagerService: bindBluetoothProfileService:Trying to bind to profile: 1, while Bluetooth is disabled
01-01 08:00:13.100 0 0 I binder : 2583:2583 ioctl 40046210 7fec0ec5c4 returned -22
01-01 08:00:13.103 0 0 I ueventd : loading /devices/platform/soc/1c00000.qcom,pcie/pci0000:00/0000:00:00.0/0000:01:00.0/firmware/qca6390!amss20.bin took 7ms
01-01 08:00:13.104 0 0 I binder : 2589:2589 ioctl 40046210 7fec0ec5c4 returned -22
05-11 11:09:20.985 1497 1497 I Telecom : SystemStateHelper: Registering broadcast receiver: android.content.IntentFilter@26dd3af: TS.init@AAA
05-11 11:09:20.985 1497 1497 I Telecom : SystemStateHelper: Registering broadcast receiver: android.content.IntentFilter@79ca3bc: TS.init@AAA
05-11 11:09:20.985 1497 2613 I Telecom : BluetoothRouteManager: getBluetoothAudioConnectedDevice: no service available.
05-11 11:09:20.990 1497 1530 I am_proc_bound: [0,2583,com.qualcomm.qti.qccauthmgr]
05-11 11:09:20.992 1497 1530 D CompatibilityChangeReporter: Compat change id reported: 168419799; UID 10084; state: DISABLED
05-11 11:09:20.992 1497 1530 I am_uid_active: 10084
05-11 11:09:20.994 1497 2068 I am_proc_bound: [0,2589,com.qualcomm.timeservice]
05-11 11:09:21.000 1497 2068 D CompatibilityChangeReporter: Compat change id reported: 168419799; UID 10059; state: DISABLED
01-01 08:00:13.130 0 0 I binder : 2603:2603 ioctl 40046210 7fec0ec5c4 returned -22
05-11 11:09:21.011 1497 1530 I am_proc_bound: [0,2603,com.android.launcher3]
05-11 11:09:21.013 1497 1530 D CompatibilityChangeReporter: Compat change id reported: 168419799; UID 10072; state: DISABLED
05-11 11:09:21.016 1497 1530 I am_uid_active: 10072
05-11 11:09:21.020 1497 2644 I Telecom : Logging.Events: Non-call EVENT: AUDIO_ROUTE, Entering state QuiescentEarpieceRoute
05-11 11:09:21.020 1497 2644 I Telecom : BluetoothRouteManager: getBluetoothAudioConnectedDevice: no service available.
05-11 11:09:21.027 1497 2657 I Telecom : CallAudioModeStateMachine: Message received: null.: TS.init->CAMSM.pM_1@AAA
05-11 11:09:21.035 1902 2591 I sysui_multi_action: [757,213,758,4,759,-1]
05-11 11:09:21.039 1497 1497 I Telecom : MissedCallNotifierImpl: reloadFromDatabase: Boot not yet complete -- call log db may not be available. Deferring loading until boot complete for user 0: TS.init@AAA
05-11 11:09:21.050 1497 1921 D CompatibilityChangeReporter: Compat change id reported: 171306433; UID 1000; state: ENABLED
01-01 08:00:13.178 0 0 I binder : 1902:2593 ioctl 40046210 70a2bd6124 returned -22
05-11 11:09:21.075 1902 1902 W CarrierConfigManager: Error getting config for subId -1 ICarrierConfigLoader is null
05-11 11:09:21.078 1497 1497 D TelephonyRegistry: listen oscl: mHasNotifySubscriptionInfoChangedOccurred==false no callback
05-11 11:09:21.078 1497 1497 I Telecom : MissedCallNotifierImpl: reloadFromDatabase: Boot not yet complete -- call log db may not be available. Deferring loading until boot complete for user 0: TS.init@AAA
05-11 11:09:21.079 1497 1497 I Telecom : Class: TelecomSystem.INSTANCE being set
05-11 11:09:21.081 1497 1497 W Looper : Slow dispatch took 131ms main h=android.app.ActivityThread$H c=android.app.LoadedApk$ServiceDispatcher$RunConnection@62b44a3 m=0
05-11 11:09:21.082 1497 1497 D AutofillManagerService: Restriction did not change for user 0
05-11 11:09:21.083 1497 1497 D CompanionDeviceManagerService: Received BT state transition broadcast: OFF -> BLE_TURNING_ON
05-11 11:09:21.083 1497 1497 D DevicePolicyManager: updateSystemUpdateFreezePeriodsRecord
05-11 11:09:21.083 1497 1497 I JobScheduler: RTC now valid; recalculating persisted job windows
05-11 11:09:21.084 1497 1497 W SyncManager: Clock is valid now.
05-11 11:09:21.084 1497 1497 I ConnectivityModuleConnector: Networking module service connected
05-11 11:09:21.090 1497 1497 I ExplicitHealthCheckController: Explicit health check service is connected ComponentInfo{android.ext.services/android.ext.services.watchdog.ExplicitHealthCheckServiceImpl}
05-11 11:09:21.090 1497 1497 I ExplicitHealthCheckController: Service initialized, syncing requests
05-11 11:09:21.090 1497 1497 V NotificationAssistants: 0 notification assistant service connected: ComponentInfo{android.ext.services/android.ext.services.notification.Assistant}
05-11 11:09:21.090 1497 2068 D TelephonyRegistry: listen oscl: mHasNotifySubscriptionInfoChangedOccurred==false no callback
05-11 11:09:21.091 1497 1497 I notification_enqueue: [10078,1902,com.android.systemui,1,empty_media,0,Notification(channel=empty_media_style_id shortcut=null contentView=null vibrate=null sound=null defaults=0x0 flags=0x20 color=0x00000000 category=transport groupKey=empty_media actions=5 vis=PRIVATE),0]
05-11 11:09:21.092 1497 1497 I ConnectivityModuleConnector: Networking module service connected
05-11 11:09:21.105 1497 1497 I notification_cancel_all: [1000,1497,com.android.systemui,0,0,0,20,NULL]
05-11 11:09:21.106 1497 1497 D TelephonyRegistry: notifyCellLocationForSubscriber: subId=2147483647 cellIdentity=null
05-11 11:09:21.109 1497 1497 I notification_enqueue: [1000,1497,android,32,NULL,-1,Notification(channel=USB shortcut=null contentView=null vibrate=null sound=null tick defaults=0x0 flags=0x2 color=0x00000000 vis=PUBLIC),0]
05-11 11:09:21.111 1497 1497 I Telecom : WiredHeadsetManager: ACTION_HEADSET_PLUG event, plugged in: false, : WHC.oADA@AAE
05-11 11:09:21.116 1497 1497 I PackageWatchdog: Syncing health check requests for packages: {}
05-11 11:09:21.116 1497 1497 D ExplicitHealthCheckController: Getting health check supported packages
05-11 11:09:21.116 1497 1497 W Looper : Drained
05-11 11:09:21.117 1497 1835 I ExplicitHealthCheckController: Explicit health check supported packages [PackageConfig{com.android.networkstack, 86400000}]
05-11 11:09:21.117 1497 1835 D PackageWatchdog: Received supported packages [PackageConfig{com.android.networkstack, 86400000}]
05-11 11:09:21.117 1497 1835 D ExplicitHealthCheckController: Getting health check requested packages
05-11 11:09:21.118 1497 1835 I ExplicitHealthCheckController: Explicit health check requested packages []
05-11 11:09:21.118 1497 1835 I ExplicitHealthCheckController: No more health check requests, unbinding...
05-11 11:09:21.120 1497 1835 I ExplicitHealthCheckController: Explicit health check service is unbound
05-11 11:09:21.141 1497 1835 I StatusBarManagerService: registerStatusBar bar=com.android.internal.statusbar.IStatusBar$Stub$Proxy@4fa319a
05-11 11:09:21.292 1497 1497 I sysui_multi_action: [757,1501,758,1,793,426,794,0,795,426,796,1,797,empty_media,806,com.android.systemui,857,empty_media_style_id,858,4,946,empty_media,947,0,1500,0,1641,transport,1688,1,1745,1043716538]
05-11 11:09:21.292 1497 1497 I sysui_multi_action: [757,804,799,note_interruptive,801,0,802,1]
05-11 11:09:21.292 1497 1497 I GameModeConfig: isGameModeOn = false
05-11 11:09:21.294 1497 1497 W NotificationHistory: Attempted to add notif for locked/gone/disabled user 0
05-11 11:09:21.296 1497 1835 D CompatibilityChangeReporter: Compat change id reported: 168419799; UID 10078; state: DISABLED
05-11 11:09:21.310 1497 1497 I sysui_multi_action: [757,1501,758,1,793,372,794,0,795,372,796,32,806,android,857,USB,858,1,947,0,1500,0]
05-11 11:09:21.310 1497 1497 I sysui_multi_action: [757,804,799,note_interruptive,801,0,802,1]
05-11 11:09:21.310 1497 1497 I GameModeConfig: isGameModeOn = false
05-11 11:09:21.311 1497 1497 W NotificationHistory: Attempted to add notif for locked/gone/disabled user 0
05-11 11:09:21.336 1902 2556 W ActivityThread: Failed to find provider info for com.android.contacts (user not unlocked)
01-01 08:00:13.481 0 0 D cnss : MHI status cb is called with reason MISSION_MODE(6)
01-01 08:00:13.482 0 0 D cnss : Completed event: REGISTER_DRIVER(7), state: 0x10, ret: 0/0
01-01 08:00:13.482 0 0 D cnss : PM relax, state: 0x10, count: 0
01-01 08:00:13.486 0 0 E register_client_adhoc: find path.src 1 dest 589
01-01 08:00:13.486 0 0 E register_client_adhoc: Failed to find path.src 1 dest 589
01-01 08:00:13.486 0 0 E : [drm:dp_display_init_aux_switch][msm-dp-err][951 ]failed to register notifier (-22)
01-01 08:00:13.487 0 0 E register_client_adhoc: find path.src 1 dest 589
01-01 08:00:13.487 0 0 E register_client_adhoc: Failed to find path.src 1 dest 589
01-01 08:00:13.487 0 0 E : [drm:dp_display_init_aux_switch][msm-dp-err][592 ]failed to register notifier (-22)
05-11 11:09:21.433 1902 2590 W ActivityThread: Failed to find provider info for com.android.contacts (user not unlocked)
05-11 11:09:21.455 1902 2590 W ActivityThread: Failed to find provider info for com.android.contacts (user not unlocked)
01-01 08:00:13.573 0 0 D cnss : WLFW server arriving: node 7 port 1
01-01 08:00:13.573 0 0 D cnss : Posting event: SERVER_ARRIVE(0), state: 0x10 flags: 0x0
01-01 08:00:13.573 0 0 D cnss : PM stay awake, state: 0x10, count: 1
01-01 08:00:13.573 0 0 D cnss : PM relax, state: 0x10, count: 0
01-01 08:00:13.573 0 0 D cnss : PM stay awake, state: 0x10, count: 1
01-01 08:00:13.573 0 0 D cnss : Processing driver event: SERVER_ARRIVE(0), state: 0x10
01-01 08:00:13.573 0 0 I cnss : QMI WLFW service connected, state: 0x11
01-01 08:00:13.573 0 0 D cnss : Sending indication register message, state: 0x11
01-01 08:00:13.576 0 0 D cnss : Sending host capability message, state: 0x11
01-01 08:00:13.576 0 0 D cnss : Number of clients is 2
01-01 08:00:13.576 0 0 D cnss : Assign MSI to user: WAKE, num_vectors: 1, user_base_data: 813, base_vector: 13
01-01 08:00:13.576 0 0 D cnss : WAKE MSI base data is 813
01-01 08:00:13.576 0 0 D cnss : Calibration done is 1
01-01 08:00:13.576 0 0 D cnss : Sending iova starting 0xa0000000 with size 0x10010000
01-01 08:00:13.578 0 0 D cnss : PM relax, state: 0x11, count: 0
05-11 11:09:21.460 1177 1177 I iorapd : iorapd (the prefetchening) readied up
05-11 11:09:21.464 1902 2590 W ActivityThread: Failed to find provider info for com.android.contacts (user not unlocked)
05-11 11:09:21.746 1497 1588 I wm_boot_animation_done: 11183
05-11 11:09:21.746 1497 1588 I ActivityManagerTiming: FinishBooting
05-11 11:09:21.748 1497 1588 I ActivityManager: About to commit checkpoint
05-11 11:09:21.749 1497 1588 W ActivityManager: FinishBooting sync begin
05-11 11:09:21.750 1497 1588 W ActivityManager: FinishBooting sync end
05-11 11:09:21.750 1497 1588 I SystemServiceManager: Starting phase 1000
05-11 11:09:21.750 1497 1588 I ActivityManagerTiming: OnBootPhase_1000
05-11 11:09:21.750 1497 1588 I ActivityManagerTiming: OnBootPhase_1000_com.android.server.security.FileIntegrityService
05-11 11:09:21.750 1497 1588 I ActivityManagerTiming: OnBootPhase_1000_com.android.server.pm.Installer
05-11 11:09:21.750 1497 1588 I ActivityManagerTiming: OnBootPhase_1000_com.android.server.os.DeviceIdentifiersPolicyService
05-11 11:09:21.750 1497 1588 I ActivityManagerTiming: OnBootPhase_1000_com.android.server.uri.UriGrantsManagerService$Lifecycle
05-11 11:09:21.750 1497 1588 I ActivityManagerTiming: OnBootPhase_1000_com.android.server.powerstats.PowerStatsService
05-11 11:09:21.750 1497 1588 E PowerStatsService: Failed to start PowerStatsService loggers
05-11 11:09:21.750 1497 1588 I ActivityManagerTiming: OnBootPhase_1000_com.android.server.wm.ActivityTaskManagerService$Lifecycle
05-11 11:09:21.750 1497 1588 I ActivityManagerTiming: OnBootPhase_1000_com.android.server.am.ActivityManagerService$Lifecycle
05-11 11:09:21.750 1497 1588 I ActivityManagerTiming: OnBootPhase_1000_com.android.server.pm.DataLoaderManagerService
05-11 11:09:21.750 1497 1588 I ActivityManagerTiming: OnBootPhase_1000_com.android.server.power.PowerManagerService
05-11 11:09:21.751 1497 1588 I ActivityManagerTiming: OnBootPhase_1000_com.android.server.power.ThermalManagerService
05-11 11:09:21.751 1497 1588 I ActivityManagerTiming: OnBootPhase_1000_com.android.server.power.hint.HintManagerService
05-11 11:09:21.751 1497 1588 I ActivityManagerTiming: OnBootPhase_1000_com.android.server.recoverysystem.RecoverySystemService$Lifecycle
05-11 11:09:21.751 1497 1588 I ActivityManagerTiming: OnBootPhase_1000_com.android.server.lights.LightsService
05-11 11:09:21.751 1497 1588 I ActivityManagerTiming: OnBootPhase_1000_com.android.server.display.DisplayManagerService
05-11 11:09:21.752 1497 1646 V DisplayPowerController[0]: Brightness [1.0] reason changing to: 'manual', previous reason: 'override'.
05-11 11:09:21.752 1497 1588 I ActivityManagerTiming: OnBootPhase_1000_com.android.server.pm.verify.domain.DomainVerificationService
05-11 11:09:21.752 1497 1588 I ActivityManagerTiming: OnBootPhase_1000_com.android.server.pm.PackageInstallerService$Lifecycle
05-11 11:09:21.752 1497 1588 I ActivityManagerTiming: OnBootPhase_1000_com.android.server.pm.UserManagerService$LifeCycle
05-11 11:09:21.752 1497 1588 I ActivityManagerTiming: OnBootPhase_1000_com.android.server.om.OverlayManagerService
05-11 11:09:21.752 1497 1588 I ActivityManagerTiming: OnBootPhase_1000_com.android.server.SensorPrivacyService
05-11 11:09:21.752 1497 1588 I ActivityManagerTiming: OnBootPhase_1000_com.android.server.thunderperf.ThunderBoostPerfService
05-11 11:09:21.752 1497 1588 I ActivityManagerTiming: OnBootPhase_1000_com.android.server.sensors.SensorService
05-11 11:09:21.752 1497 1588 I ActivityManagerTiming: OnBootPhase_1000_com.android.server.SystemConfigService
05-11 11:09:21.752 1497 1588 I ActivityManagerTiming: OnBootPhase_1000_com.android.server.BatteryService
05-11 11:09:21.752 1497 1588 I ActivityManagerTiming: OnBootPhase_1000_com.android.server.usage.UsageStatsService
05-11 11:09:21.752 1497 1588 I ActivityManagerTiming: OnBootPhase_1000_com.android.server.webkit.WebViewUpdateService
05-11 11:09:21.752 1497 1588 I ActivityManagerTiming: OnBootPhase_1000_com.android.server.CachedDeviceStateService
05-11 11:09:21.752 1497 1588 I ActivityManagerTiming: OnBootPhase_1000_com.android.server.BinderCallsStatsService$LifeCycle
05-11 11:09:21.752 1497 1588 I ActivityManagerTiming: OnBootPhase_1000_com.android.server.LooperStatsService$Lifecycle
05-11 11:09:21.752 1497 1588 I ActivityManagerTiming: OnBootPhase_1000_com.android.server.rollback.RollbackManagerService
05-11 11:09:21.752 1497 1588 I ActivityManagerTiming: OnBootPhase_1000_com.android.server.os.NativeTombstoneManagerService
05-11 11:09:21.752 1497 1588 I ActivityManagerTiming: OnBootPhase_1000_com.android.server.os.BugreportManagerService
05-11 11:09:21.752 1497 1588 I ActivityManagerTiming: OnBootPhase_1000_com.android.server.gpu.GpuService
05-11 11:09:21.752 1497 1766 D RollbackManager: mRollbackLifetimeDurationInMillis=1209600000
05-11 11:09:21.752 1497 1764 D AppStandbyController: Loading headless system app cache. appIdleEnabled=false
05-11 11:09:21.756 1497 1588 I ActivityManagerTiming: OnBootPhase_1000_com.android.server.security.KeyChainSystemService
05-11 11:09:21.756 1497 1588 I ActivityManagerTiming: OnBootPhase_1000_com.android.server.telecom.TelecomLoaderService
05-11 11:09:21.756 1497 1588 I ActivityManagerTiming: OnBootPhase_1000_com.android.server.accounts.AccountManagerService$Lifecycle
05-11 11:09:21.756 1497 1588 I ActivityManagerTiming: OnBootPhase_1000_com.android.server.content.ContentService$Lifecycle
05-11 11:09:21.756 1497 1588 I ActivityManagerTiming: OnBootPhase_1000_com.android.server.DropBoxManagerService
05-11 11:09:21.756 1497 1588 I ActivityManagerTiming: OnBootPhase_1000_com.android.role.RoleService
05-11 11:09:21.756 1497 1588 I ActivityManagerTiming: OnBootPhase_1000_com.android.server.vibrator.VibratorManagerService$Lifecycle
05-11 11:09:21.756 1497 1588 I ActivityManagerTiming: OnBootPhase_1000_com.android.server.alarm.AlarmManagerService
05-11 11:09:21.756 1497 1588 I ActivityManagerTiming: OnBootPhase_1000_com.android.server.devicestate.DeviceStateManagerService
05-11 11:09:21.756 1497 1588 I ActivityManagerTiming: OnBootPhase_1000_com.android.server.camera.CameraServiceProxy
05-11 11:09:21.757 1497 1588 I ActivityManagerTiming: OnBootPhase_1000_com.android.server.BluetoothService
05-11 11:09:21.757 1497 1588 I ActivityManagerTiming: OnBootPhase_1000_com.android.server.connectivity.IpConnectivityMetrics
05-11 11:09:21.757 1497 1588 I ActivityManagerTiming: OnBootPhase_1000_com.android.server.net.watchlist.NetworkWatchlistService$Lifecycle
05-11 11:09:21.757 1497 1588 I ActivityManagerTiming: OnBootPhase_1000_com.android.server.PinnerService
05-11 11:09:21.757 1497 1588 I ActivityManagerTiming: OnBootPhase_1000_com.google.android.startop.iorap.IorapForwardingService
05-11 11:09:21.757 1497 1588 I ActivityManagerTiming: OnBootPhase_1000_com.android.server.ActivityTriggerService
05-11 11:09:21.757 1497 1588 I ActivityManagerTiming: OnBootPhase_1000_com.android.server.integrity.AppIntegrityManagerService
05-11 11:09:21.757 1497 1588 I ActivityManagerTiming: OnBootPhase_1000_com.android.server.inputmethod.InputMethodManagerService$Lifecycle
05-11 11:09:21.757 1497 1588 I ActivityManagerTiming: OnBootPhase_1000_com.android.server.accessibility.AccessibilityManagerService$Lifecycle
05-11 11:09:21.757 1497 1588 I ActivityManagerTiming: OnBootPhase_1000_com.android.server.StorageManagerService$Lifecycle
05-11 11:09:21.757 1497 1588 I ActivityManagerTiming: OnBootPhase_1000_com.android.server.usage.StorageStatsService$Lifecycle
05-11 11:09:21.757 1497 1588 I ActivityManagerTiming: OnBootPhase_1000_com.android.server.UiModeManagerService
05-11 11:09:21.757 1497 1804 D StorageManagerService: Thinking about init, mBootCompleted=true, mDaemonConnected=true
05-11 11:09:21.757 1497 1804 D StorageManagerService: Thinking about reset, mBootCompleted=true, mDaemonConnected=true
05-11 11:09:21.757 1497 1588 I ActivityManagerTiming: OnBootPhase_1000_com.android.server.locksettings.LockSettingsService$Lifecycle
05-11 11:09:21.757 1497 1588 I ActivityManagerTiming: OnBootPhase_1000_com.android.server.PersistentDataBlockService
05-11 11:09:21.757 1497 1588 I ActivityManagerTiming: OnBootPhase_1000_com.android.server.testharness.TestHarnessModeService
05-11 11:09:21.757 1497 1588 D TestHarnessModeService: Completing Test Harness Mode setup.
05-11 11:09:21.757 1497 1804 I StorageSessionController: Started resetting external storage service...
05-11 11:09:21.757 1497 1804 I StorageSessionController: Finished resetting external storage service
05-11 11:09:21.757 1497 1804 I StorageManagerService: Resetting vold...
05-11 11:09:21.758 1497 1804 I StorageManagerService: Reset vold
05-11 11:09:21.758 558 558 I vold : onUserAdded: 0
05-11 11:09:21.767 1497 1588 I ActivityManagerTiming: OnBootPhase_1000_com.android.server.oemlock.OemLockService
05-11 11:09:21.767 1497 1588 I ActivityManagerTiming: OnBootPhase_1000_com.android.server.DeviceIdleController
05-11 11:09:21.767 1497 1588 I ActivityManagerTiming: OnBootPhase_1000_com.android.server.devicepolicy.DevicePolicyManagerService$Lifecycle
05-11 11:09:21.767 1497 1588 I ActivityManagerTiming: OnBootPhase_1000_com.android.server.texttospeech.TextToSpeechManagerService
05-11 11:09:21.767 1497 1588 I ActivityManagerTiming: OnBootPhase_1000_com.android.server.speech.SpeechRecognitionManagerService
05-11 11:09:21.767 1497 1588 I ActivityManagerTiming: OnBootPhase_1000_com.android.server.searchui.SearchUiManagerService
05-11 11:09:21.767 1497 1588 I ActivityManagerTiming: OnBootPhase_1000_com.android.server.smartspace.SmartspaceManagerService
05-11 11:09:21.767 1497 1588 I ActivityManagerTiming: OnBootPhase_1000_com.android.server.graphics.fonts.FontManagerService$Lifecycle
05-11 11:09:21.767 1497 1588 I ActivityManagerTiming: OnBootPhase_1000_com.android.server.textservices.TextServicesManagerService$Lifecycle
05-11 11:09:21.767 1497 1588 I ActivityManagerTiming: OnBootPhase_1000_com.android.server.textclassifier.TextClassificationManagerService$Lifecycle
05-11 11:09:21.767 1497 1588 I ActivityManagerTiming: OnBootPhase_1000_com.android.server.NetworkScoreService$Lifecycle
05-11 11:09:21.767 1497 1588 I ActivityManagerTiming: OnBootPhase_1000_com.android.server.wifi.WifiService
05-11 11:09:21.768 1497 1588 I ActivityManagerTiming: OnBootPhase_1000_com.android.server.wifi.scanner.WifiScanningService
05-11 11:09:21.768 1497 1588 I ActivityManagerTiming: OnBootPhase_1000_com.android.server.wifi.rtt.RttService
05-11 11:09:21.768 1497 1588 I ActivityManagerTiming: OnBootPhase_1000_com.android.server.wifi.aware.WifiAwareService
05-11 11:09:21.768 1497 1588 I ActivityManagerTiming: OnBootPhase_1000_com.android.server.wifi.p2p.WifiP2pService
05-11 11:09:21.768 1497 1588 I ActivityManagerTiming: OnBootPhase_1000_com.android.server.ethernet.EthernetService
05-11 11:09:21.768 1497 1588 I ActivityManagerTiming: OnBootPhase_1000_com.android.server.ConnectivityServiceInitializer
05-11 11:09:21.768 1497 1588 I ActivityManagerTiming: OnBootPhase_1000_com.android.server.notification.NotificationManagerService
05-11 11:09:21.768 1497 1588 I ActivityManagerTiming: OnBootPhase_1000_com.android.server.storage.DeviceStorageMonitorService
05-11 11:09:21.768 1497 1588 I ActivityManagerTiming: OnBootPhase_1000_com.android.server.location.LocationManagerService$Lifecycle
05-11 11:09:21.768 1497 1588 I ActivityManagerTiming: OnBootPhase_1000_com.android.server.timedetector.TimeDetectorService$Lifecycle
05-11 11:09:21.768 1497 1588 I ActivityManagerTiming: OnBootPhase_1000_com.android.server.timezonedetector.TimeZoneDetectorService$Lifecycle
05-11 11:09:21.768 1497 1588 I ActivityManagerTiming: OnBootPhase_1000_com.android.server.timezonedetector.location.LocationTimeZoneManagerService$Lifecycle
05-11 11:09:21.768 1497 1588 I ActivityManagerTiming: OnBootPhase_1000_com.android.server.search.SearchManagerService$Lifecycle
05-11 11:09:21.768 1497 1588 I ActivityManagerTiming: OnBootPhase_1000_com.android.server.wallpaper.WallpaperManagerService$Lifecycle
05-11 11:09:21.768 1497 1588 I ActivityManagerTiming: OnBootPhase_1000_com.android.server.audio.AudioService$Lifecycle
05-11 11:09:21.768 1497 1588 I ActivityManagerTiming: OnBootPhase_1000_com.android.server.soundtrigger_middleware.SoundTriggerMiddlewareService$Lifecycle
05-11 11:09:21.768 1497 1588 I ActivityManagerTiming: OnBootPhase_1000_com.android.server.DockObserver
05-11 11:09:21.768 1497 1588 I ActivityManagerTiming: OnBootPhase_1000_com.android.server.midi.MidiService$Lifecycle
05-11 11:09:21.768 1497 1588 I ActivityManagerTiming: OnBootPhase_1000_com.android.server.adb.AdbService$Lifecycle
05-11 11:09:21.768 1497 1588 I ActivityManagerTiming: OnBootPhase_1000_com.android.server.usb.UsbService$Lifecycle
05-11 11:09:21.768 1497 1588 I ActivityManagerTiming: OnBootPhase_1000_com.android.server.twilight.TwilightService
05-11 11:09:21.769 1497 1585 I UsbDeviceManager: Setting USB config to mtp,adb
05-11 11:09:21.769 1497 1588 I ActivityManagerTiming: OnBootPhase_1000_com.android.server.display.color.ColorDisplayService
05-11 11:09:21.770 1497 1588 I ActivityManagerTiming: OnBootPhase_1000_com.android.server.job.JobSchedulerService
05-11 11:09:21.770 1497 1588 I ActivityManagerTiming: OnBootPhase_1000_com.android.server.soundtrigger.SoundTriggerService
05-11 11:09:21.770 1497 1588 D SoundTriggerService: onBootPhase: 1000 : false
