01-01 08:00:11.519 1497 1497 I SystemServiceManager: Starting com.android.server.BinderCallsStatsService$LifeCycle
01-01 08:00:11.519 1497 1497 I SystemServerTiming: StartLooperStatsService
01-01 08:00:11.519 1497 1497 I SystemServiceManager: Starting com.android.server.LooperStatsService$Lifecycle
01-01 08:00:11.520 1497 1497 I SystemServerTiming: StartRollbackManagerService
01-01 08:00:11.520 1497 1497 I SystemServiceManager: Starting com.android.server.rollback.RollbackManagerService
01-01 08:00:11.522 1497 1497 I PackageWatchdog: Syncing state, reason: added new observer
01-01 08:00:11.522 1497 1497 I PackageWatchdog: Not pruning observers, elapsed time: 0ms
01-01 08:00:11.522 1497 1601 I PackageWatchdog: Saving observer state to file
01-01 08:00:11.524 1497 1497 I SystemServerTiming: StartNativeTombstoneManagerService
01-01 08:00:11.524 1497 1497 I SystemServiceManager: Starting com.android.server.os.NativeTombstoneManagerService
01-01 08:00:11.524 1497 1497 I SystemServerTiming: StartBugreportManagerService
01-01 08:00:11.524 1497 1497 I SystemServiceManager: Starting com.android.server.os.BugreportManagerService
01-01 08:00:11.525 1497 1497 I SystemServerTiming: GpuService
01-01 08:00:11.525 1497 1497 I SystemServiceManager: Starting com.android.server.gpu.GpuService
01-01 08:00:11.525 1497 1497 I SystemServerTiming: startOtherServices
01-01 08:00:11.525 1497 1497 I SystemServerTiming: StartKeyAttestationApplicationIdProviderService
01-01 08:00:11.525 1497 1768 I SystemServerTimingAsync: InitThreadPoolExec:SecondaryZygotePreload
01-01 08:00:11.525 1497 1768 D SystemServerInitThreadPool: Started executing SecondaryZygotePreload
01-01 08:00:11.525 1497 1768 I SystemServer: SecondaryZygotePreload
01-01 08:00:11.525 1497 1768 I SystemServerTimingAsync: SecondaryZygotePreload
01-01 08:00:11.525 1497 1497 I SystemServerTiming: StartKeyChainSystemService
01-01 08:00:11.525 1497 1497 I SystemServiceManager: Starting com.android.server.security.KeyChainSystemService
01-01 08:00:11.525 1497 1497 I SystemServerTiming: StartSchedulingPolicyService
01-01 08:00:11.526 1497 1497 I SystemServerTiming: StartTelecomLoaderService
01-01 08:00:11.526 1497 1497 I SystemServiceManager: Starting com.android.server.telecom.TelecomLoaderService
01-01 08:00:11.526 1497 1497 I SystemServerTiming: StartTelephonyRegistry
01-01 08:00:11.526 1497 1769 I SystemServerTimingAsync: InitThreadPoolExec:SchedulingPolicyService.
01-01 08:00:11.526 1497 1769 D SystemServerInitThreadPool: Started executing SchedulingPolicyService.
01-01 08:00:11.527 1497 1497 I SystemServerTiming: StartEntropyMixer
01-01 08:00:11.527 1497 1497 I EntropyMixer: Writing entropy...
01-01 08:00:11.536 0 0 E HL6111R : is_dc_online: DC psy unavailable
01-01 08:00:11.537 1497 1497 I SystemServerTiming: StartAccountManagerService
01-01 08:00:11.537 1497 1497 I SystemServiceManager: Starting com.android.server.accounts.AccountManagerService$Lifecycle
01-01 08:00:11.542 1497 1769 D SystemServerInitThreadPool: Finished executing SchedulingPolicyService.
01-01 08:00:11.542 1226 1777 I storaged: storaged: Start
01-01 08:00:11.547 1497 1497 I SystemServerTiming: StartContentService
01-01 08:00:11.547 1497 1497 I SystemServiceManager: Starting com.android.server.content.ContentService$Lifecycle
01-01 08:00:11.548 1497 1497 I SystemServerTiming: InstallSystemProviders
01-01 08:00:11.575 1497 1602 D ActivityManager: Freezer enabled
01-01 08:00:11.575 1497 1602 D ActivityManager: freezer override set to false
01-01 08:00:11.576 1497 1497 I SystemServerTiming: StartDropBoxManager
01-01 08:00:11.576 1497 1497 I SystemServiceManager: Starting com.android.server.DropBoxManagerService
01-01 08:00:11.577 1497 1497 I SystemServerTiming: StartRoleManagerService
01-01 08:00:11.577 1497 1497 I SystemServiceManager: Starting com.android.role.RoleService
01-01 08:00:11.578 1497 1497 I SystemServerTiming: StartVibratorManagerService
01-01 08:00:11.578 1497 1497 I SystemServiceManager: Starting com.android.server.vibrator.VibratorManagerService$Lifecycle
01-01 08:00:11.581 1497 1497 I SystemServerTiming: StartDynamicSystemService
01-01 08:00:11.581 1497 1497 I SystemServerTiming: StartConsumerIrService
01-01 08:00:11.582 1497 1497 I SystemServerTiming: StartAlarmManagerService
01-01 08:00:11.582 1497 1497 I SystemServiceManager: Starting com.android.server.alarm.AlarmManagerService
01-01 08:00:11.593 1497 1497 I AlarmManager: Current time only 11593, advancing to build time 1683760617000
05-11 07:16:57.001 1497 1497 I SystemServerTiming: StartInputManagerService
05-11 07:16:57.001 1497 1497 I InputManager: Initializing input manager, mUseDevInputEventForAudioJack=true
05-11 07:16:57.004 1497 1497 I SystemServerTiming: DeviceStateManagerService
05-11 07:16:57.004 1497 1497 I SystemServiceManager: Starting com.android.server.devicestate.DeviceStateManagerService
05-11 07:16:57.006 1497 1497 I SystemServerTiming: StartCameraServiceProxy
05-11 07:16:57.006 1497 1497 I SystemServiceManager: Starting com.android.server.camera.CameraServiceProxy
05-11 07:16:57.007 1497 1497 I SystemServerTiming: StartWindowManagerService
05-11 07:16:57.007 1497 1497 I SystemServiceManager: Starting phase 200
05-11 07:16:57.007 1497 1497 I SystemServerTiming: OnBootPhase_200
05-11 07:16:57.007 1497 1497 I SystemServerTiming: OnBootPhase_200_com.android.server.security.FileIntegrityService
05-11 07:16:57.007 1497 1497 I SystemServerTiming: OnBootPhase_200_com.android.server.pm.Installer
05-11 07:16:57.007 1497 1497 I SystemServerTiming: OnBootPhase_200_com.android.server.os.DeviceIdentifiersPolicyService
05-11 07:16:57.007 1497 1497 I SystemServerTiming: OnBootPhase_200_com.android.server.uri.UriGrantsManagerService$Lifecycle
05-11 07:16:57.007 1497 1497 I SystemServerTiming: OnBootPhase_200_com.android.server.powerstats.PowerStatsService
05-11 07:16:57.007 1497 1497 I SystemServerTiming: OnBootPhase_200_com.android.server.wm.ActivityTaskManagerService$Lifecycle
05-11 07:16:57.007 1497 1497 I SystemServerTiming: OnBootPhase_200_com.android.server.am.ActivityManagerService$Lifecycle
05-11 07:16:57.007 1497 1497 I SystemServerTiming: OnBootPhase_200_com.android.server.pm.DataLoaderManagerService
05-11 07:16:57.007 1497 1497 I SystemServerTiming: OnBootPhase_200_com.android.server.power.PowerManagerService
05-11 07:16:57.007 1497 1497 I SystemServerTiming: OnBootPhase_200_com.android.server.power.ThermalManagerService
05-11 07:16:57.007 1497 1497 I SystemServerTiming: OnBootPhase_200_com.android.server.power.hint.HintManagerService
05-11 07:16:57.007 1497 1497 I SystemServerTiming: OnBootPhase_200_com.android.server.recoverysystem.RecoverySystemService$Lifecycle
05-11 07:16:57.007 1497 1497 I SystemServerTiming: OnBootPhase_200_com.android.server.lights.LightsService
05-11 07:16:57.007 1497 1497 I SystemServerTiming: OnBootPhase_200_com.android.server.display.DisplayManagerService
05-11 07:16:57.007 1497 1497 I SystemServerTiming: OnBootPhase_200_com.android.server.pm.verify.domain.DomainVerificationService
05-11 07:16:57.007 1497 1497 I SystemServerTiming: OnBootPhase_200_com.android.server.pm.PackageInstallerService$Lifecycle
05-11 07:16:57.007 1497 1497 I SystemServerTiming: OnBootPhase_200_com.android.server.pm.UserManagerService$LifeCycle
05-11 07:16:57.007 1497 1497 I SystemServerTiming: OnBootPhase_200_com.android.server.om.OverlayManagerService
05-11 07:16:57.007 1497 1497 I SystemServerTiming: OnBootPhase_200_com.android.server.SensorPrivacyService
05-11 07:16:57.007 1497 1497 I SystemServerTiming: OnBootPhase_200_com.android.server.thunderperf.ThunderBoostPerfService
05-11 07:16:57.007 1497 1497 I SystemServerTiming: OnBootPhase_200_com.android.server.sensors.SensorService
05-11 07:16:57.007 1497 1497 I SystemServerTiming: OnBootPhase_200_com.android.server.SystemConfigService
05-11 07:16:57.007 1497 1497 I SystemServerTiming: OnBootPhase_200_com.android.server.BatteryService
05-11 07:16:57.007 1497 1497 I SystemServerTiming: OnBootPhase_200_com.android.server.usage.UsageStatsService
05-11 07:16:57.007 1497 1497 I SystemServerTiming: OnBootPhase_200_com.android.server.webkit.WebViewUpdateService
05-11 07:16:57.007 1497 1497 I SystemServerTiming: OnBootPhase_200_com.android.server.CachedDeviceStateService
05-11 07:16:57.007 1497 1497 I SystemServerTiming: OnBootPhase_200_com.android.server.BinderCallsStatsService$LifeCycle
05-11 07:16:57.007 1497 1497 I SystemServerTiming: OnBootPhase_200_com.android.server.LooperStatsService$Lifecycle
05-11 07:16:57.007 1497 1497 I SystemServerTiming: OnBootPhase_200_com.android.server.rollback.RollbackManagerService
05-11 07:16:57.007 1497 1497 I SystemServerTiming: OnBootPhase_200_com.android.server.os.NativeTombstoneManagerService
05-11 07:16:57.007 1497 1497 I SystemServerTiming: OnBootPhase_200_com.android.server.os.BugreportManagerService
05-11 07:16:57.007 1497 1497 I SystemServerTiming: OnBootPhase_200_com.android.server.gpu.GpuService
05-11 07:16:57.007 1497 1497 I SystemServerTiming: OnBootPhase_200_com.android.server.security.KeyChainSystemService
05-11 07:16:57.007 1497 1497 I SystemServerTiming: OnBootPhase_200_com.android.server.telecom.TelecomLoaderService
05-11 07:16:57.007 1497 1497 I SystemServerTiming: OnBootPhase_200_com.android.server.accounts.AccountManagerService$Lifecycle
05-11 07:16:57.007 1497 1497 I SystemServerTiming: OnBootPhase_200_com.android.server.content.ContentService$Lifecycle
05-11 07:16:57.007 1497 1497 I SystemServerTiming: OnBootPhase_200_com.android.server.DropBoxManagerService
05-11 07:16:57.007 1497 1497 I SystemServerTiming: OnBootPhase_200_com.android.role.RoleService
05-11 07:16:57.007 1497 1497 I SystemServerTiming: OnBootPhase_200_com.android.server.vibrator.VibratorManagerService$Lifecycle
05-11 07:16:57.007 1497 1497 I SystemServerTiming: OnBootPhase_200_com.android.server.alarm.AlarmManagerService
05-11 07:16:57.007 1497 1497 I SystemServerTiming: OnBootPhase_200_com.android.server.devicestate.DeviceStateManagerService
05-11 07:16:57.007 1497 1497 I SystemServerTiming: OnBootPhase_200_com.android.server.camera.CameraServiceProxy
05-11 07:16:57.007 1497 1497 I WindowManager: No existing display settings, starting empty
05-11 07:16:57.008 1497 1497 I WindowManager: No existing display settings, starting empty
05-11 07:16:57.013 1497 1497 I SystemServerTiming: SetWindowManagerService
05-11 07:16:57.030 1497 1497 E TaskPersister: Error while reading taskIds file for user 0
05-11 07:16:57.030 1497 1497 E TaskPersister: java.lang.NumberFormatException: For input string: "À€À€À€À€À€À€À€À€À€À€À€À€À€À€À€À€À€À€À€À€À€À€À€À€À€À€À€À€À€À€À€À€À€À€À€À€À€À€À€À€À€À€À€À€À€À€À€À€À€À€À€À€"
05-11 07:16:57.030 1497 1497 E TaskPersister: at java.lang.Integer.parseInt(Integer.java:604)
05-11 07:16:57.030 1497 1497 E TaskPersister: at java.lang.Integer.parseInt(Integer.java:650)
05-11 07:16:57.030 1497 1497 E TaskPersister: at com.android.server.wm.TaskPersister.loadPersistedTaskIdsForUser(TaskPersister.java:144)
05-11 07:16:57.030 1497 1497 E TaskPersister: at com.android.server.wm.RecentTasks.loadPersistedTaskIdsForUserLocked(RecentTasks.java:507)
05-11 07:16:57.030 1497 1497 E TaskPersister: at com.android.server.wm.RecentTasks.containsTaskId(RecentTasks.java:516)
05-11 07:16:57.030 1497 1497 E TaskPersister: at com.android.server.wm.ActivityTaskSupervisor.getNextTaskIdForUser(ActivityTaskSupervisor.java:593)
05-11 07:16:57.030 1497 1497 E TaskPersister: at com.android.server.wm.ActivityTaskSupervisor.getNextTaskIdForUser(ActivityTaskSupervisor.java:584)
05-11 07:16:57.030 1497 1497 E TaskPersister: at com.android.server.wm.TaskDisplayArea.getNextRootTaskId(TaskDisplayArea.java:1234)
05-11 07:16:57.030 1497 1497 E TaskPersister: at com.android.server.wm.Task$Builder.validateRootTask(Task.java:8327)
05-11 07:16:57.030 1497 1497 E TaskPersister: at com.android.server.wm.Task$Builder.build(Task.java:8332)
05-11 07:16:57.030 1497 1497 E TaskPersister: at com.android.server.wm.TaskDisplayArea.createRootTask(TaskDisplayArea.java:1264)
05-11 07:16:57.030 1497 1497 E TaskPersister: at com.android.server.wm.TaskDisplayArea.createRootTask(TaskDisplayArea.java:1238)
05-11 07:16:57.030 1497 1497 E TaskPersister: at com.android.server.wm.TaskDisplayArea.getOrCreateRootHomeTask(TaskDisplayArea.java:1891)
05-11 07:16:57.030 1497 1497 E TaskPersister: at com.android.server.wm.RootWindowContainer.setWindowManager(RootWindowContainer.java:1378)
05-11 07:16:57.030 1497 1497 E TaskPersister: at com.android.server.wm.ActivityTaskManagerService.setWindowManager(ActivityTaskManagerService.java:985)
05-11 07:16:57.030 1497 1497 E TaskPersister: at com.android.server.am.ActivityManagerService.setWindowManager(ActivityManagerService.java:1873)
05-11 07:16:57.030 1497 1497 E TaskPersister: at com.android.server.SystemServer.startOtherServices(SystemServer.java:1510)
05-11 07:16:57.030 1497 1497 E TaskPersister: at com.android.server.SystemServer.run(SystemServer.java:885)
05-11 07:16:57.030 1497 1497 E TaskPersister: at com.android.server.SystemServer.main(SystemServer.java:616)
05-11 07:16:57.030 1497 1497 E TaskPersister: at java.lang.reflect.Method.invoke(Native Method)
05-11 07:16:57.030 1497 1497 E TaskPersister: at com.android.internal.os.RuntimeInit$MethodAndArgsCaller.run(RuntimeInit.java:548)
05-11 07:16:57.030 1497 1497 E TaskPersister: at com.android.internal.os.ZygoteInit.main(ZygoteInit.java:987)
05-11 07:16:57.031 1497 1497 I ActivityTaskManager: Loaded persisted task ids for user 0
05-11 07:16:57.031 1497 1497 I wm_task_created: [1,-1]
05-11 07:16:57.032 1497 1497 I SystemServerTiming: WindowManagerServiceOnInitReady
05-11 07:16:57.036 1497 1588 I sysui_multi_action: [757,1594,758,4,759,0,806,NULL]
05-11 07:16:57.037 1497 1497 I SystemServerTiming: StartInputManager
05-11 07:16:57.037 1497 1497 I InputManager: Starting input manager
05-11 07:16:57.039 1497 1791 I SystemServerTimingAsync: InitThreadPoolExec:StartHidlServices
05-11 07:16:57.039 1497 1791 D SystemServerInitThreadPool: Started executing StartHidlServices
05-11 07:16:57.039 1497 1791 I SystemServerTimingAsync: StartHidlServices
05-11 07:16:57.041 1497 1497 I SystemServerTiming: DisplayManagerWindowManagerAndInputReady
05-11 07:16:57.041 1497 1497 I SystemServerTiming: StartBluetoothService
05-11 07:16:57.041 1497 1497 I SystemServiceManager: Starting com.android.server.BluetoothService
05-11 07:16:57.041 1497 1588 I LogicalDisplayMapper: Requesting Transition to state: 0
05-11 07:16:57.041 1497 1588 I LogicalDisplayMapper: Applying layout: [{addr: {port=129, model=0x40446d97fee5e6}, dispId: 0(ON)}], Previous layout: [{addr: {port=129, model=0x40446d97fee5e6}, dispId: 0(ON)}]
05-11 07:16:57.042 1497 1497 D BluetoothManagerService: Loading stored name and address
05-11 07:16:57.042 1497 1497 D BluetoothManagerService: Stored bluetooth Name=高åˆå¨±ä¹å‰¯å±,Address=F0:74:E4:41:13:64
05-11 07:16:57.042 1497 1497 D BluetoothManagerService: Bluetooth persisted state: 1
05-11 07:16:57.042 1497 1497 D BluetoothManagerService: Startup: Bluetooth persisted state is ON.
05-11 07:16:57.043 1497 1497 D BluetoothManagerService: Detected SystemUiUid: 10078
05-11 07:16:57.043 1497 1497 I SystemServerTiming: IpConnectivityMetrics
05-11 07:16:57.043 1497 1497 I SystemServiceManager: Starting com.android.server.connectivity.IpConnectivityMetrics
05-11 07:16:57.043 1497 1497 I SystemServerTiming: NetworkWatchlistService
05-11 07:16:57.043 1497 1497 I SystemServiceManager: Starting com.android.server.net.watchlist.NetworkWatchlistService$Lifecycle
05-11 07:16:57.044 1497 1791 D SystemServerInitThreadPool: Finished executing StartHidlServices
05-11 07:16:57.048 1497 1497 I WatchlistSettings: Reload watchlist settings done
05-11 07:16:57.048 1497 1497 I SystemServerTiming: PinnerService
05-11 07:16:57.049 1497 1497 I SystemServiceManager: Starting com.android.server.PinnerService
05-11 07:16:57.049 1497 1799 I WatchlistLoggingHandler: No need to aggregate record yet.
05-11 07:16:57.049 1497 1799 I WatchlistLoggingHandler: Milliseconds spent on tryAggregateRecords(): 1
05-11 07:16:57.049 1497 1497 V HistoricalRegistry: Interaction before persistence initialized
05-11 07:16:57.049 1497 1497 I SystemServerTiming: IorapForwardingService
05-11 07:16:57.049 1497 1497 I SystemServiceManager: Starting com.google.android.startop.iorap.IorapForwardingService
05-11 07:16:57.049 1497 1601 D PinnerService: pinRangeStream: null
05-11 07:16:57.050 1497 1601 D PinnerService: pinRangeStream: null
05-11 07:16:57.050 1497 1601 D PinnerService: pinRangeStream: null
05-11 07:16:57.050 1497 1601 D PinnerService: pinRangeStream: null
05-11 07:16:57.051 1497 1497 I SystemServiceManager: Starting com.android.server.ActivityTriggerService
05-11 07:16:57.052 1497 1497 I ActivityTriggerService: Starting ActivityTriggerService
05-11 07:16:57.052 1497 1497 I SystemServerTiming: SignedConfigService
05-11 07:16:57.052 1497 1497 I SystemServerTiming: AppIntegrityService
05-11 07:16:57.052 1497 1497 I SystemServiceManager: Starting com.android.server.integrity.AppIntegrityManagerService
05-11 07:16:57.052 1497 1497 E IntegrityFileManager: Error creating staging and rules directory
05-11 07:16:57.076 1497 1497 I WindowManager: SAFE MODE not enabled
05-11 07:16:57.076 1497 1497 I SystemServerTiming: StartInputMethodManagerLifecycle
05-11 07:16:57.077 1497 1497 I SystemServiceManager: Starting com.android.server.inputmethod.InputMethodManagerService$Lifecycle
05-11 07:16:57.078 1497 1497 I SystemServerTiming: StartAccessibilityManagerService
05-11 07:16:57.078 1497 1497 I SystemServiceManager: Starting com.android.server.accessibility.AccessibilityManagerService$Lifecycle
05-11 07:16:57.078 1497 1601 D PinnerService: pinRangeStream: null
05-11 07:16:57.079 1497 1601 D PinnerService: pinRangeStream: null
05-11 07:16:57.079 1497 1601 D PinnerService: pinRangeStream: null
05-11 07:16:57.085 1497 1497 I SystemServerTiming: MakeDisplayReady
05-11 07:16:57.086 1497 1497 I configuration_changed: 536894968
05-11 07:16:57.086 1497 1601 D PinnerService: pinRangeStream: null
05-11 07:16:57.086 1497 1497 I ActivityTaskManager: Config changes=20005df8 {1.0 ?mcc?mnc [zh_CN] ldltr sw720dp w1706dp h665dp 240dpi lrg long land ?uimode ?night -touch -keyb/v/h -nav/h winConfig={ mBounds=Rect(0, 0 - 2560, 1080) mAppBounds=Rect(0, 0 - 2560, 1034) mMaxBounds=Rect(0, 0 - 2560, 1080) mWindowingMode=fullscreen mDisplayWindowingMode=fullscreen mActivityType=undefined mAlwaysOnTop=undefined mRotation=ROTATION_0} s.2 ?fontWeightAdjustment}
05-11 07:16:57.087 1497 1497 I WindowManager: Override config changes=60007dfc {1.0 ?mcc?mnc [zh_CN] ldltr sw720dp w1706dp h665dp 240dpi lrg long land ?uimode ?night -touch -keyb/v/h -nav/h winConfig={ mBounds=Rect(0, 0 - 2560, 1080) mAppBounds=Rect(0, 0 - 2560, 1034) mMaxBounds=Rect(0, 0 - 2560, 1080) mWindowingMode=fullscreen mDisplayWindowingMode=fullscreen mActivityType=undefined mAlwaysOnTop=undefined mRotation=ROTATION_0} s.2 ?fontWeightAdjustment} for displayId=0
05-11 07:16:57.087 1497 1497 I sysui_multi_action: [757,1659,758,4,759,2,1660,0]
01-01 08:00:11.684 0 0 I init : processing action (sys.sysctl.extra_free_kbytes=*) from (/system/etc/init/hw/init.rc:1172)
05-11 07:16:57.090 1497 1497 I configuration_changed: 8
05-11 07:16:57.090 1497 1497 I ActivityTaskManager: Config changes=8 {1.0 ?mcc?mnc [zh_CN] ldltr sw720dp w1706dp h665dp 240dpi lrg long land ?uimode ?night finger -keyb/v/h -nav/h winConfig={ mBounds=Rect(0, 0 - 2560, 1080) mAppBounds=Rect(0, 0 - 2560, 1034) mMaxBounds=Rect(0, 0 - 2560, 1080) mWindowingMode=fullscreen mDisplayWindowingMode=fullscreen mActivityType=undefined mAlwaysOnTop=undefined mRotation=ROTATION_0} s.4 ?fontWeightAdjustment}
05-11 07:16:57.091 1497 1497 I WindowManager: Override config changes=8 {1.0 ?mcc?mnc [zh_CN] ldltr sw720dp w1706dp h665dp 240dpi lrg long land ?uimode ?night finger -keyb/v/h -nav/h winConfig={ mBounds=Rect(0, 0 - 2560, 1080) mAppBounds=Rect(0, 0 - 2560, 1034) mMaxBounds=Rect(0, 0 - 2560, 1080) mWindowingMode=fullscreen mDisplayWindowingMode=fullscreen mActivityType=undefined mAlwaysOnTop=undefined mRotation=ROTATION_0} s.4 ?fontWeightAdjustment} for displayId=0
05-11 07:16:57.092 1497 1497 I SystemServerTiming: StartStorageManagerService
05-11 07:16:57.092 1497 1497 I SystemServiceManager: Starting com.android.server.StorageManagerService$Lifecycle
05-11 07:16:57.094 1497 1601 D PinnerService: pinRangeStream: null
05-11 07:16:57.094 1497 1601 D PinnerService: pinRangeStream: null
05-11 07:16:57.096 1497 1497 I SystemServerTiming: StartStorageStatsService
05-11 07:16:57.096 1497 1497 I SystemServiceManager: Starting com.android.server.usage.StorageStatsService$Lifecycle
05-11 07:16:57.096 1497 1804 D StorageManagerService: Thinking about init, mBootCompleted=false, mDaemonConnected=true
05-11 07:16:57.096 1497 1804 D StorageManagerService: Thinking about reset, mBootCompleted=false, mDaemonConnected=true
05-11 07:16:57.097 1497 1804 D StorageManagerService: Thinking about init, mBootCompleted=false, mDaemonConnected=true
05-11 07:16:57.097 1497 1804 D StorageManagerService: Thinking about reset, mBootCompleted=false, mDaemonConnected=true
05-11 07:16:57.097 1497 1601 D PinnerService: pinRangeStream: null
05-11 07:16:57.097 1497 1601 D PinnerService: pinRangeStream: null
05-11 07:16:57.098 1497 1601 E PinnerService: Could not pin file /system/lib64/libsurfaceflinger.so
05-11 07:16:57.098 1497 1601 E PinnerService: android.system.ErrnoException: open failed: ENOENT (No such file or directory)
05-11 07:16:57.098 1497 1601 E PinnerService: at libcore.io.Linux.open(Native Method)
05-11 07:16:57.098 1497 1601 E PinnerService: at libcore.io.ForwardingOs.open(ForwardingOs.java:567)
05-11 07:16:57.098 1497 1601 E PinnerService: at libcore.io.BlockGuardOs.open(BlockGuardOs.java:273)
05-11 07:16:57.098 1497 1601 E PinnerService: at android.system.Os.open(Os.java:501)
05-11 07:16:57.098 1497 1601 E PinnerService: at com.android.server.PinnerService.pinFileRanges(PinnerService.java:939)
05-11 07:16:57.098 1497 1601 E PinnerService: at com.android.server.PinnerService.pinFile(PinnerService.java:814)
05-11 07:16:57.098 1497 1601 E PinnerService: at com.android.server.PinnerService.handlePinOnStart(PinnerService.java:273)
05-11 07:16:57.098 1497 1601 E PinnerService: at com.android.server.PinnerService.access$1600(PinnerService.java:91)
05-11 07:16:57.098 1497 1601 E PinnerService: at com.android.server.PinnerService$PinnerHandler.handleMessage(PinnerService.java:1183)
05-11 07:16:57.098 1497 1601 E PinnerService: at android.os.Handler.dispatchMessage(Handler.java:106)
05-11 07:16:57.098 1497 1601 E PinnerService: at android.os.Looper.loopOnce(Looper.java:201)
05-11 07:16:57.098 1497 1601 E PinnerService: at android.os.Looper.loop(Looper.java:288)
05-11 07:16:57.098 1497 1601 E PinnerService: at android.os.HandlerThread.run(HandlerThread.java:67)
05-11 07:16:57.098 1497 1601 E PinnerService: Failed to pin file = /system/lib64/libsurfaceflinger.so
05-11 07:16:57.098 1497 1497 I SystemServerTiming: StartUiModeManager
05-11 07:16:57.098 1497 1497 I SystemServiceManager: Starting com.android.server.UiModeManagerService
05-11 07:16:57.098 1497 1497 I SystemServerTiming: UpdatePackagesIfNeeded
05-11 07:16:57.098 1497 1497 I Watchdog: Pausing HandlerChecker: main thread for reason: dexopt. Pause count: 1
05-11 07:16:57.099 1497 1497 I Watchdog: Resuming HandlerChecker: main thread for reason: dexopt. Pause count: 0
05-11 07:16:57.099 1497 1497 I SystemServerTiming: PerformFstrimIfNeeded
05-11 07:16:57.099 1497 1497 I SystemServerTiming: StartLockSettingsService
05-11 07:16:57.099 1497 1497 I SystemServiceManager: Starting com.android.server.locksettings.LockSettingsService$Lifecycle
05-11 07:16:57.100 1497 1805 I SystemServerTimingAsync: InitThreadPoolExec:UiModeManager.onStart
05-11 07:16:57.100 1497 1805 D SystemServerInitThreadPool: Started executing UiModeManager.onStart
05-11 07:16:57.105 1497 1805 D SystemServerInitThreadPool: Finished executing UiModeManager.onStart
05-11 07:16:57.109 1497 1497 I SystemServerTiming: StartPersistentDataBlock
05-11 07:16:57.109 1497 1497 I SystemServiceManager: Starting com.android.server.PersistentDataBlockService
05-11 07:16:57.109 1497 1497 I SystemServerTiming: StartTestHarnessMode
05-11 07:16:57.109 1497 1497 I SystemServiceManager: Starting com.android.server.testharness.TestHarnessModeService
05-11 07:16:57.110 1497 1497 I SystemServerTiming: StartOemLockService
05-11 07:16:57.110 1497 1497 I SystemServiceManager: Starting com.android.server.oemlock.OemLockService
05-11 07:16:57.110 1497 1808 I SystemServerTimingAsync: InitThreadPoolExec:PersistentDataBlockService.onStart
05-11 07:16:57.110 1497 1808 D SystemServerInitThreadPool: Started executing PersistentDataBlockService.onStart
05-11 07:16:57.110 1497 1497 I OemLock : OemLock HAL not present on device
05-11 07:16:57.110 1497 1497 I OemLock : Using persistent data block based lock
05-11 07:16:57.110 1497 1497 I SystemServerTiming: StartDeviceIdleController
05-11 07:16:57.110 1497 1497 I SystemServiceManager: Starting com.android.server.DeviceIdleController
05-11 07:16:57.112 1497 1497 I SystemServerTiming: StartDevicePolicyManager
05-11 07:16:57.112 1497 1497 I SystemServiceManager: Starting com.android.server.devicepolicy.DevicePolicyManagerService$Lifecycle
05-11 07:16:57.115 1497 1497 I DevicePolicyManager: Set ro.organization_owned property to false
05-11 07:16:57.116 1497 1497 I SystemServerTiming: StartStatusBarManagerService
05-11 07:16:57.116 1497 1808 E PersistentDataBlockService: not able to find package com.google.android.gms
05-11 07:16:57.116 1497 1808 E PersistentDataBlockService: android.content.pm.PackageManager$NameNotFoundException: com.google.android.gms
05-11 07:16:57.116 1497 1808 E PersistentDataBlockService: at android.app.ApplicationPackageManager.getPackageUidAsUser(ApplicationPackageManager.java:364)
05-11 07:16:57.116 1497 1808 E PersistentDataBlockService: at com.android.server.PersistentDataBlockService.getAllowedUid(PersistentDataBlockService.java:162)
05-11 07:16:57.116 1497 1808 E PersistentDataBlockService: at com.android.server.PersistentDataBlockService.lambda$onStart$0$PersistentDataBlockService(PersistentDataBlockService.java:176)
05-11 07:16:57.116 1497 1808 E PersistentDataBlockService: at com.android.server.PersistentDataBlockService$$ExternalSyntheticLambda0.run(Unknown Source:2)
05-11 07:16:57.116 1497 1808 E PersistentDataBlockService: at com.android.server.SystemServerInitThreadPool.lambda$submitTask$0$SystemServerInitThreadPool(SystemServerInitThreadPool.java:105)
05-11 07:16:57.116 1497 1808 E PersistentDataBlockService: at com.android.server.SystemServerInitThreadPool$$ExternalSyntheticLambda0.run(Unknown Source:6)
05-11 07:16:57.116 1497 1808 E PersistentDataBlockService: at java.util.concurrent.Executors$RunnableAdapter.call(Executors.java:462)
05-11 07:16:57.116 1497 1808 E PersistentDataBlockService: at java.util.concurrent.FutureTask.run(FutureTask.java:266)
05-11 07:16:57.116 1497 1808 E PersistentDataBlockService: at java.util.concurrent.ThreadPoolExecutor.runWorker(ThreadPoolExecutor.java:1167)
05-11 07:16:57.116 1497 1808 E PersistentDataBlockService: at java.util.concurrent.ThreadPoolExecutor$Worker.run(ThreadPoolExecutor.java:641)
05-11 07:16:57.116 1497 1808 E PersistentDataBlockService: at com.android.internal.util.ConcurrentUtils$1$1.run(ConcurrentUtils.java:65)
05-11 07:16:57.122 1497 1497 D SystemServer: MusicRecognitionManagerService not defined by OEM or disabled by flag
05-11 07:16:57.122 1497 1753 I PackageManager: Deferred reconcileAppsData finished 130 packages
05-11 07:16:57.122 1497 1753 D SystemServerInitThreadPool: Finished executing prepareAppData
05-11 07:16:57.122 1497 1497 D SystemServer: ContentCaptureService disabled because resource is not overlaid
05-11 07:16:57.122 1497 1497 D SystemServer: AttentionService is not configured on this device
05-11 07:16:57.122 1497 1497 D SystemServer: RotationResolverService is not configured on this device
05-11 07:16:57.122 1497 1497 D SystemServer: SystemCaptionsManagerService disabled because resource is not overlaid
05-11 07:16:57.122 1497 1497 I SystemServerTiming: StartTextToSpeechManagerService
05-11 07:16:57.122 1497 1497 I SystemServiceManager: Starting com.android.server.texttospeech.TextToSpeechManagerService
05-11 07:16:57.126 1497 1497 I SystemServerTiming: StartSpeechRecognitionManagerService
05-11 07:16:57.126 1497 1497 I SystemServiceManager: Starting com.android.server.speech.SpeechRecognitionManagerService
05-11 07:16:57.127 1497 1497 D SystemServer: AppPredictionService not defined by OEM
05-11 07:16:57.127 1497 1497 D SystemServer: ContentSuggestionsService not defined by OEM
05-11 07:16:57.127 1497 1497 I SystemServerTiming: StartSearchUiService
05-11 07:16:57.127 1497 1497 I SystemServiceManager: Starting com.android.server.searchui.SearchUiManagerService
05-11 07:16:57.128 1497 1497 I SystemServerTiming: StartSmartspaceService
05-11 07:16:57.128 1497 1497 I SystemServiceManager: Starting com.android.server.smartspace.SmartspaceManagerService
05-11 07:16:57.128 1497 1497 I SystemServerTiming: InitConnectivityModuleConnector
05-11 07:16:57.128 1497 1497 D ConnectivityModuleConnector: Network stack init
05-11 07:16:57.129 1497 1497 I SystemServerTiming: InitNetworkStackClient
05-11 07:16:57.129 1497 1497 I SystemServerTiming: StartNetworkManagementService
05-11 07:16:57.132 1497 1497 I SystemServerTiming: StartIpSecService
05-11 07:16:57.132 1497 1808 D SystemServerInitThreadPool: Finished executing PersistentDataBlockService.onStart
05-11 07:16:57.132 1497 1497 I SystemServerTiming: StartFontManagerService
05-11 07:16:57.187 1497 1497 I SystemServerTiming: StartTextServicesManager
05-11 07:16:57.187 1497 1497 I SystemServiceManager: Starting com.android.server.textservices.TextServicesManagerService$Lifecycle
05-11 07:16:57.187 1497 1497 I SystemServerTiming: StartTextClassificationManagerService
05-11 07:16:57.187 1497 1497 I SystemServiceManager: Starting com.android.server.textclassifier.TextClassificationManagerService$Lifecycle
05-11 07:16:57.188 1497 1497 I SystemServerTiming: StartNetworkScoreService
05-11 07:16:57.188 1497 1497 I SystemServiceManager: Starting com.android.server.NetworkScoreService$Lifecycle
05-11 07:16:57.189 1497 1497 I SystemServerTiming: StartNetworkStatsService
05-11 07:16:57.190 1497 1497 I SystemServerTiming: StartNetworkPolicyManagerService
05-11 07:16:57.192 1497 1497 I SystemServerTiming: StartWifi
05-11 07:16:57.212 1497 1497 I SystemServiceManager: Starting com.android.server.wifi.WifiService --------- beginning of radio
05-11 07:16:57.253 1497 1497 D TelephonyRegistry: listen oscl: mHasNotifySubscriptionInfoChangedOccurred==false no callback
05-11 07:16:57.264 1229 1229 I wificond: New wificond event callback registered
05-11 07:16:57.266 1497 1497 V HistoricalRegistry: Interaction before persistence initialized
05-11 07:16:57.268 1497 1497 I SystemServerTiming: StartWifiScanning
05-11 07:16:57.268 1497 1497 I SystemServiceManager: Starting com.android.server.wifi.scanner.WifiScanningService
05-11 07:16:57.270 1497 1497 I SystemServerTiming: StartRttService
05-11 07:16:57.270 1497 1497 I SystemServiceManager: Starting com.android.server.wifi.rtt.RttService
05-11 07:16:57.270 1497 1497 I SystemServerTiming: StartWifiAware
05-11 07:16:57.270 1497 1497 I SystemServiceManager: Starting com.android.server.wifi.aware.WifiAwareService
05-11 07:16:57.271 1497 1497 I SystemServerTiming: StartWifiP2P
05-11 07:16:57.271 1497 1497 I SystemServiceManager: Starting com.android.server.wifi.p2p.WifiP2pService
05-11 07:16:57.273 1497 1497 I SystemServerTiming: StartEthernet
05-11 07:16:57.273 1497 1497 I SystemServiceManager: Starting com.android.server.ethernet.EthernetService
05-11 07:16:57.273 1497 1497 I SystemServerTiming: StartPacProxyService
05-11 07:16:57.274 1497 1497 I SystemServerTiming: StartConnectivityService
05-11 07:16:57.291 1497 1497 I SystemServiceManager: Starting com.android.server.ConnectivityServiceInitializer
05-11 07:16:57.309 1497 1497 D CompatibilityChangeReporter: Compat change id reported: 182478738; UID 1000; state: ENABLED
05-11 07:16:57.312 1497 1497 I SystemServerTiming: StartVpnManagerService
05-11 07:16:57.313 1497 1497 I SystemServerTiming: StartVcnManagementService
05-11 07:16:57.314 1497 1497 I SystemServerTiming: StartNsdService
05-11 07:16:57.314 1497 1497 D NsdService: Network service discovery is enabled
05-11 07:16:57.315 1497 1497 I SystemServerTiming: StartSystemUpdateManagerService
05-11 07:16:57.315 1497 1497 I SystemUpdateManagerService: No existing info file /data/system/system-update-info.xml
05-11 07:16:57.315 1497 1497 I SystemServerTiming: StartUpdateLockService
05-11 07:16:57.316 1497 1497 I SystemServerTiming: StartNotificationManager
05-11 07:16:57.316 1497 1497 I SystemServiceManager: Starting com.android.server.notification.NotificationManagerService
05-11 07:16:57.318 1497 1497 D ConditionProviders.SCP: new ScheduleConditionProvider()
05-11 07:16:57.329 1497 1497 I NotificationAssistants: Read notification assistant permissions from xml
05-11 07:16:57.330 1497 1497 I ConditionProviders: Read condition provider permissions from xml
05-11 07:16:57.330 1497 1497 I ConditionProviders: Read condition provider permissions from xml
05-11 07:16:57.330 1497 1497 D NotificationAssistants: Approving default notification assistant for user 0
05-11 07:16:57.330 1497 1497 I ConditionProviders: Allowing condition provider android.ext.services/android.ext.services.notification.Assistant (userSet: true)
05-11 07:16:57.330 1497 1497 I GameModeConfig: isGameModeOn cache is null
05-11 07:16:57.331 1497 1497 I GameModeConfig: isGameModeOn = false
05-11 07:16:57.331 1497 1497 D CompatibilityChangeReporter: Compat change id reported: 157233955; UID 1000; state: ENABLED
05-11 07:16:57.334 1497 1497 I SystemServerTiming: StartDeviceMonitor
05-11 07:16:57.335 1497 1497 I SystemServiceManager: Starting com.android.server.storage.DeviceStorageMonitorService
05-11 07:16:57.335 1497 1497 I SystemServerTiming: StartLocationManagerService
05-11 07:16:57.335 1497 1497 I SystemServiceManager: Starting com.android.server.location.LocationManagerService$Lifecycle
05-11 07:16:57.335 1497 1829 I storage_state: [41217664-9172-527a-b3d5-edabb50a7d69,0,0,91033124864,118610538496]
05-11 07:16:57.337 1497 1497 I SystemServerTiming: StartCountryDetectorService
05-11 07:16:57.337 1497 1497 I SystemServerTiming: StartTimeDetectorService
05-11 07:16:57.337 1497 1497 I SystemServiceManager: Starting com.android.server.timedetector.TimeDetectorService$Lifecycle
05-11 07:16:57.338 1497 1497 I SystemServerTiming: StartTimeZoneDetectorService
05-11 07:16:57.338 1497 1497 I SystemServiceManager: Starting com.android.server.timezonedetector.TimeZoneDetectorService$Lifecycle
05-11 07:16:57.338 1497 1497 I SystemServerTiming: StartLocationTimeZoneManagerService
05-11 07:16:57.338 1497 1497 I SystemServiceManager: Starting com.android.server.timezonedetector.location.LocationTimeZoneManagerService$Lifecycle
05-11 07:16:57.339 1497 1497 I SystemServerTiming: StartSearchManagerService
05-11 07:16:57.339 1497 1497 I SystemServiceManager: Starting com.android.server.search.SearchManagerService$Lifecycle
05-11 07:16:57.340 1497 1497 I SystemServerTiming: StartWallpaperManagerService
05-11 07:16:57.340 1497 1497 I SystemServiceManager: Starting com.android.server.wallpaper.WallpaperManagerService$Lifecycle
05-11 07:16:57.340 1497 1497 I SystemServerTiming: StartAudioService
05-11 07:16:57.340 1497 1497 I SystemServiceManager: Starting com.android.server.audio.AudioService$Lifecycle
01-01 08:00:11.958 0 0 I : acc_open
01-01 08:00:11.958 0 0 I : acc_release
05-11 07:16:57.354 1497 1497 I SystemServerTiming: StartSoundTriggerMiddlewareService
05-11 07:16:57.354 1497 1497 I SystemServiceManager: Starting com.android.server.soundtrigger_middleware.SoundTriggerMiddlewareService$Lifecycle
05-11 07:16:57.357 1497 1497 I SystemServerTiming: StartDockObserver
05-11 07:16:57.357 1497 1497 I SystemServiceManager: Starting com.android.server.DockObserver
05-11 07:16:57.357 1497 1497 W DockObserver: This kernel does not have dock station support
05-11 07:16:57.357 1497 1497 I SystemServerTiming: StartWiredAccessoryManager
05-11 07:16:57.357 1497 1497 W WiredAccessoryManager: This kernel does not have usb audio support
05-11 07:16:57.358 1497 1497 W WiredAccessoryManager: This kernel does not have HDMI audio support
05-11 07:16:57.358 1497 1497 E WiredAccessoryManager: file /sys/devices/platform/soc/soc:qcom,msm-ext-disp/extcon/extcon3/name not found
05-11 07:16:57.358 1497 1497 W WiredAccessoryManager: Conn soc:qcom,msm-ext-disp/3/0 does not have DP audio support
05-11 07:16:57.358 1497 1497 E WiredAccessoryManager: file /sys/devices/platform/soc/soc:qcom,msm-ext-disp/extcon/extcon2/name not found
05-11 07:16:57.358 1497 1497 W WiredAccessoryManager: Conn soc:qcom,msm-ext-disp/2/0 does not have DP audio support
05-11 07:16:57.358 1497 1497 E WiredAccessoryManager: set dev_index 1
05-11 07:16:57.358 1497 1497 W WiredAccessoryManager: checkCableIndex set cable 0
05-11 07:16:57.358 1497 1497 E WiredAccessoryManager: set dev_index 0
05-11 07:16:57.358 1497 1497 W WiredAccessoryManager: checkCableIndex set cable 0
05-11 07:16:57.358 1497 1497 I SystemServerTiming: StartMidiManager
05-11 07:16:57.359 1497 1497 I SystemServiceManager: Starting com.android.server.midi.MidiService$Lifecycle
05-11 07:16:57.359 1497 1497 I SystemServerTiming: StartAdbService
05-11 07:16:57.359 1497 1497 I SystemServiceManager: Starting com.android.server.adb.AdbService$Lifecycle
05-11 07:16:57.359 1497 1497 I SystemServerTiming: StartUsbService
05-11 07:16:57.360 1497 1497 I SystemServiceManager: Starting com.android.server.usb.UsbService$Lifecycle
05-11 07:16:57.360 1497 1497 I SystemServerTiming: StartSerialService
05-11 07:16:57.360 1497 1594 I SystemServerTimingAsync: InitThreadPoolExec:UsbService$Lifecycle#onStart
05-11 07:16:57.360 1497 1594 D SystemServerInitThreadPool: Started executing UsbService$Lifecycle#onStart
05-11 07:16:57.360 1497 1594 E UsbDeviceManager: failed to write to /sys/class/android_usb/android0/f_rndis/ethaddr
05-11 07:16:57.361 1497 1594 I UsbDeviceManager: USB GADGET HAL not present in the device
05-11 07:16:57.361 1497 1594 I UsbDeviceManager: java.util.NoSuchElementException
05-11 07:16:57.361 1497 1594 I UsbDeviceManager: at android.os.HwBinder.getService(Native Method)
05-11 07:16:57.361 1497 1594 I UsbDeviceManager: at android.hardware.usb.gadget.V1_0.IUsbGadget.getService(IUsbGadget.java:57)
05-11 07:16:57.361 1497 1594 I UsbDeviceManager: at android.hardware.usb.gadget.V1_0.IUsbGadget.getService(IUsbGadget.java:64)
05-11 07:16:57.361 1497 1594 I UsbDeviceManager: at com.android.server.usb.UsbDeviceManager.(UsbDeviceManager.java:293)
05-11 07:16:57.361 1497 1594 I UsbDeviceManager: at com.android.server.usb.UsbService.(UsbService.java:178)
05-11 07:16:57.361 1497 1594 I UsbDeviceManager: at com.android.server.usb.UsbService$Lifecycle.lambda$onStart$0$UsbService$Lifecycle(UsbService.java:92)
05-11 07:16:57.361 1497 1594 I UsbDeviceManager: at com.android.server.usb.UsbService$Lifecycle$$ExternalSyntheticLambda1.run(Unknown Source:2)
05-11 07:16:57.361 1497 1594 I UsbDeviceManager: at com.android.server.SystemServerInitThreadPool.lambda$submitTask$0$SystemServerInitThreadPool(SystemServerInitThreadPool.java:105)
05-11 07:16:57.361 1497 1594 I UsbDeviceManager: at com.android.server.SystemServerInitThreadPool$$ExternalSyntheticLambda0.run(Unknown Source:6)
05-11 07:16:57.361 1497 1594 I UsbDeviceManager: at java.util.concurrent.Executors$RunnableAdapter.call(Executors.java:462)
05-11 07:16:57.361 1497 1594 I UsbDeviceManager: at java.util.concurrent.FutureTask.run(FutureTask.java:266)
05-11 07:16:57.361 1497 1594 I UsbDeviceManager: at java.util.concurrent.ThreadPoolExecutor.runWorker(ThreadPoolExecutor.java:1167)
05-11 07:16:57.361 1497 1594 I UsbDeviceManager: at java.util.concurrent.ThreadPoolExecutor$Worker.run(ThreadPoolExecutor.java:641)
05-11 07:16:57.361 1497 1594 I UsbDeviceManager: at com.android.internal.util.ConcurrentUtils$1$1.run(ConcurrentUtils.java:65)
05-11 07:16:57.361 1497 1594 E UsbDeviceManager: Failed to open control for mtp
05-11 07:16:57.361 1497 1594 E UsbDeviceManager: Failed to open control for ptp
05-11 07:16:57.361 1497 1497 I SystemServerTiming: StartHardwarePropertiesManagerService
05-11 07:16:57.362 1497 1497 I SystemServerTiming: StartTwilightService
05-11 07:16:57.362 1497 1497 I SystemServiceManager: Starting com.android.server.twilight.TwilightService
05-11 07:16:57.362 1497 1497 I SystemServerTiming: StartColorDisplay
05-11 07:16:57.362 1497 1497 I SystemServiceManager: Starting com.android.server.display.color.ColorDisplayService
05-11 07:16:57.363 1497 1497 I SystemServerTiming: StartJobScheduler
05-11 07:16:57.363 1497 1497 I SystemServiceManager: Starting com.android.server.job.JobSchedulerService
05-11 07:16:57.364 1497 1594 W StorageManagerService: No primary storage defined yet; hacking together a stub
05-11 07:16:57.364 1497 1497 D JobStore: Start tag: job-info
05-11 07:16:57.365 1497 1497 W JobStore: Periodic job for uid='10091' persisted run-time is too big [360:00:19, 720:00:19]. Clamping to [360:00:09,720:00:09]
05-11 07:16:57.366 1497 1497 W JobStore: Periodic job for uid='1000' persisted run-time is too big [360:00:19, 720:00:19]. Clamping to [360:00:09,720:00:09]
05-11 07:16:57.366 1497 1497 W JobStore: Periodic job for uid='1000' persisted run-time is too big [3:54:47, 3:59:47]. Clamping to [15:09,20:09]
05-11 07:16:57.366 1497 1497 W JobStore: Periodic job for uid='1000' persisted run-time is too big [24:00:16, 48:00:16]. Clamping to [24:00:09,48:00:09]
05-11 07:16:57.366 1497 1497 I JobStore: Read 9 jobs
05-11 07:16:57.368 1497 1795 I UsbPortManager: Usb hal service started android.hardware.usb@1.0::IUsb default
05-11 07:16:57.369 1497 1497 V HistoricalRegistry: Interaction before persistence initialized
05-11 07:16:57.369 1497 1497 V HistoricalRegistry: Interaction before persistence initialized
05-11 07:16:57.369 1497 1497 W JobScheduler: !!! RTC not yet good; tracking time updates for job scheduling
05-11 07:16:57.370 1497 1594 I UsbPortManager: USB HAL version: 12
05-11 07:16:57.370 1497 1497 I SystemServerTiming: StartSoundTrigger
05-11 07:16:57.370 1497 1497 I SystemServiceManager: Starting com.android.server.soundtrigger.SoundTriggerService
05-11 07:16:57.370 1497 1497 I SystemServerTiming: StartTrustManager
05-11 07:16:57.371 1497 1497 I SystemServiceManager: Starting com.android.server.trust.TrustManagerService
05-11 07:16:57.371 1497 1497 I SystemServerTiming: StartBackupManager
05-11 07:16:57.371 1497 1497 I SystemServiceManager: Starting com.android.server.backup.BackupManagerService$Lifecycle
05-11 07:16:57.371 1497 1594 D SystemServerInitThreadPool: Finished executing UsbService$Lifecycle#onStart
05-11 07:16:57.372 1497 1497 I SystemServerTiming: StartAppWidgetService
05-11 07:16:57.372 1497 1497 I SystemServiceManager: Starting com.android.server.appwidget.AppWidgetService
05-11 07:16:57.372 1497 1497 I SystemServerTiming: StartVoiceRecognitionManager
05-11 07:16:57.372 1497 1497 I SystemServiceManager: Starting com.android.server.voiceinteraction.VoiceInteractionManagerService
05-11 07:16:57.376 1497 1497 I SystemServerTiming: StartAppHibernationService
05-11 07:16:57.376 1497 1497 I SystemServiceManager: Starting com.android.server.apphibernation.AppHibernationService
05-11 07:16:57.377 1497 1497 I SystemServerTiming: StartSensorNotification
05-11 07:16:57.377 1497 1497 I SystemServiceManager: Starting com.android.server.SensorNotificationService
05-11 07:16:57.377 1497 1497 I SystemServerTiming: StartDiskStatsService
05-11 07:16:57.378 1497 1497 I SystemServerTiming: RuntimeService
05-11 07:16:57.379 1497 1497 I SystemServerTiming: StartNetworkTimeUpdateService
05-11 07:16:57.375 1497 1497 I auditd : type=1400 audit(0.0:1008): avc: denied { read } for comm="system_server" name="u:object_r:vendor_default_prop:s0" dev="tmpfs" ino=2373 scontext=u:r:system_server:s0 tcontext=u:object_r:vendor_default_prop:s0 tclass=file permissive=1
05-11 07:16:57.375 1497 1497 I auditd : type=1400 audit(0.0:1009): avc: denied { open } for comm="system_server" path="/dev/__properties__/u:object_r:vendor_default_prop:s0" dev="tmpfs" ino=2373 scontext=u:r:system_server:s0 tcontext=u:object_r:vendor_default_prop:s0 tclass=file permissive=1
05-11 07:16:57.375 1497 1497 I auditd : type=1400 audit(0.0:1010): avc: denied { getattr } for comm="system_server" path="/dev/__properties__/u:object_r:vendor_default_prop:s0" dev="tmpfs" ino=2373 scontext=u:r:system_server:s0 tcontext=u:object_r:vendor_default_prop:s0 tclass=file permissive=1
05-11 07:16:57.375 1497 1497 I auditd : type=1400 audit(0.0:1011): avc: denied { map } for comm="system_server" path="/dev/__properties__/u:object_r:vendor_default_prop:s0" dev="tmpfs" ino=2373 scontext=u:r:system_server:s0 tcontext=u:object_r:vendor_default_prop:s0 tclass=file permissive=1
05-11 07:16:57.380 1497 1497 I SystemServerTiming: CertBlacklister
05-11 07:16:57.380 1497 1497 I SystemServerTiming: StartEmergencyAffordanceService
05-11 07:16:57.380 1497 1497 I SystemServiceManager: Starting com.android.server.emergency.EmergencyAffordanceService
05-11 07:16:57.380 1497 1497 I SystemServerTiming: startBlobStoreManagerService
05-11 07:16:57.381 1497 1497 I SystemServiceManager: Starting com.android.server.blob.BlobStoreManagerService
05-11 07:16:57.381 1497 1497 I SystemServerTiming: StartDreamManager
05-11 07:16:57.381 1497 1497 I SystemServiceManager: Starting com.android.server.dreams.DreamManagerService
05-11 07:16:57.382 1497 1497 I SystemServerTiming: AddGraphicsStatsService
05-11 07:16:57.384 1497 1497 I SystemServerTiming: StartCompanionDeviceManager
05-11 07:16:57.385 1497 1497 I SystemServiceManager: Starting com.android.server.companion.CompanionDeviceManagerService
05-11 07:16:57.385 1497 1497 I SystemServerTiming: StartRestrictionManager
05-11 07:16:57.386 1497 1497 I SystemServiceManager: Starting com.android.server.restrictions.RestrictionsManagerService
05-11 07:16:57.386 1497 1497 I SystemServerTiming: StartMediaSessionService
05-11 07:16:57.386 1497 1497 I SystemServiceManager: Starting com.android.server.media.MediaSessionService
05-11 07:16:57.387 1497 1497 I SystemServerTiming: StartMediaResourceMonitor
05-11 07:16:57.387 1497 1497 I SystemServiceManager: Starting com.android.server.media.MediaResourceMonitorService
05-11 07:16:57.387 1497 1497 I SystemServerTiming: StartMediaRouterService
05-11 07:16:57.387 1497 1497 V HistoricalRegistry: Interaction before persistence initialized
05-11 07:16:57.388 1497 1497 I SystemServerTiming: StartFingerprintSensor
05-11 07:16:57.388 1497 1497 I SystemServiceManager: Starting com.android.server.biometrics.sensors.fingerprint.FingerprintService
05-11 07:16:57.388 1497 1497 I SystemServerTiming: StartBiometricService
05-11 07:16:57.388 1497 1497 I SystemServiceManager: Starting com.android.server.biometrics.BiometricService
05-11 07:16:57.389 1497 1497 I SystemServerTiming: StartAuthService
05-11 07:16:57.389 1497 1497 I SystemServiceManager: Starting com.android.server.biometrics.AuthService
05-11 07:16:57.389 1497 1497 D AuthService: Registering HIDL ID: 0 Modality: 2 Strength: 15
05-11 07:16:57.389 1497 1497 D AuthService: Registering HIDL ID: 1 Modality: 8 Strength: 15
05-11 07:16:57.390 1497 1497 E AuthService: HIDL face configuration exists, but FaceService is null.
05-11 07:16:57.390 1497 1497 I SystemServerTiming: StartBackgroundDexOptService
05-11 07:16:57.390 1497 1497 W BackgroundDexOptService: SysProp pm.dexopt.downgrade_after_inactive_days not set
05-11 07:16:57.390 1497 1497 I SystemServerTiming: StartDynamicCodeLoggingService
05-11 07:16:57.391 1497 1497 I SystemServerTiming: StartPruneInstantAppsJobService
05-11 07:16:57.391 1497 1497 I SystemServerTiming: StartShortcutServiceLifecycle
05-11 07:16:57.391 1497 1497 I SystemServiceManager: Starting com.android.server.pm.ShortcutService$Lifecycle
05-11 07:16:57.391 1497 1852 D BiometricService: Registering ID: 0 Modality: 2 Strength: 15
05-11 07:16:57.391 1497 1852 D BiometricStrengthController: updateStrengths: revert sensorId=0 to oemStrength=15
05-11 07:16:57.391 1497 1497 V HistoricalRegistry: Interaction before persistence initialized
05-11 07:16:57.391 1497 1852 D BiometricService/Sensor: updateStrength: Before(ID(0), oemStrength: 15, updatedStrength: 15, modality 2, state: 0, cookie: 0, props: ID: 0, Strength: 2, Type: 1) After(ID(0), oemStrength: 15, updatedStrength: 15, modality 2, state: 0, cookie: 0, props: ID: 0, Strength: 2, Type: 1)
05-11 07:16:57.391 1497 1497 I SystemServerTiming: StartLauncherAppsService
05-11 07:16:57.391 1497 1497 I SystemServiceManager: Starting com.android.server.pm.LauncherAppsService
05-11 07:16:57.392 1497 1497 I SystemServerTiming: StartCrossProfileAppsService
05-11 07:16:57.392 1497 1497 I SystemServiceManager: Starting com.android.server.pm.CrossProfileAppsService
05-11 07:16:57.392 1497 1497 I SystemServerTiming: StartPeopleService
05-11 07:16:57.392 1497 1497 I SystemServiceManager: Starting com.android.server.people.PeopleService
05-11 07:16:57.392 1497 1497 I SystemServerTiming: StartMediaMetricsManager
05-11 07:16:57.393 1497 1497 I SystemServiceManager: Starting com.android.server.media.metrics.MediaMetricsManagerService
05-11 07:16:57.393 1497 1497 I SystemServerTiming: StartMediaProjectionManager
05-11 07:16:57.393 1497 1497 I SystemServiceManager: Starting com.android.server.media.projection.MediaProjectionManagerService
05-11 07:16:57.394 1497 1497 I SystemServerTiming: StartSliceManagerService
05-11 07:16:57.394 1497 1497 I SystemServiceManager: Starting com.android.server.slice.SliceManagerService$Lifecycle
