05-11 07:16:57.395 1497 1497 I SystemServerTiming: StartStatsCompanion
05-11 07:16:57.399 1497 1497 I SystemServiceManager: Starting com.android.server.stats.StatsCompanion$Lifecycle
05-11 07:16:57.400 1497 1497 I SystemServerTiming: StartRebootReadinessManagerService
05-11 07:16:57.404 1497 1497 I SystemServiceManager: Starting com.android.server.scheduling.RebootReadinessManagerService$Lifecycle
05-11 07:16:57.407 1497 1497 I SystemServerTiming: StartStatsPullAtomService
05-11 07:16:57.407 1497 1497 I SystemServiceManager: Starting com.android.server.stats.pull.StatsPullAtomService
05-11 07:16:57.407 1497 1497 I SystemServerTiming: StartIncidentCompanionService
05-11 07:16:57.407 1497 1497 I SystemServiceManager: Starting com.android.server.incident.IncidentCompanionService
05-11 07:16:57.407 1497 1497 I SystemServerTiming: StartMmsService
05-11 07:16:57.407 1497 1497 I SystemServiceManager: Starting com.android.server.MmsServiceBroker
05-11 07:16:57.408 1497 1497 I SystemServerTiming: StartAutoFillService
05-11 07:16:57.408 1497 1497 I SystemServiceManager: Starting com.android.server.autofill.AutofillManagerService
05-11 07:16:57.408 1497 1497 D AutofillManagerService: setLogLevelFromSettings(): level=2, debug=true, verbose=false
05-11 07:16:57.408 1497 1497 D AutofillManagerService: setMaxPartitionsFromSettings(): 10
05-11 07:16:57.408 1497 1497 D AutofillManagerService: setMaxVisibleDatasetsFromSettings(): 0
05-11 07:16:57.409 1497 1586 D AutofillUI: destroySaveUiUiThread(): already destroyed
05-11 07:16:57.409 1497 1497 D AutofillManagerServiceImpl: Reset component for user 0:
05-11 07:16:57.409 1497 1497 D SystemServer: TranslationService not defined by OEM
05-11 07:16:57.409 1497 1497 I SystemServerTiming: StartClipboardService
05-11 07:16:57.409 1497 1497 I SystemServiceManager: Starting com.android.server.clipboard.ClipboardService
05-11 07:16:57.411 1497 1497 I SystemServerTiming: AppServiceManager
05-11 07:16:57.411 1497 1497 I SystemServiceManager: Starting com.android.server.appbinding.AppBindingService$Lifecycle
05-11 07:16:57.412 1497 1835 E ActivityManager: Attempt to launch receivers of broadcast intent Intent { act=android.app.action.STATSD_STARTED flg=0x1000000 } before boot completion
05-11 07:16:57.412 1497 1497 I SystemServerTiming: startTracingServiceProxy
05-11 07:16:57.412 1497 1497 I SystemServiceManager: Starting com.android.server.tracing.TracingServiceProxy
05-11 07:16:57.412 1497 1497 I SystemServerTiming: MakeLockSettingsServiceReady
05-11 07:16:57.416 1497 1497 I SyntheticPasswordManager: Device does not support weaver
05-11 07:16:57.416 1497 1497 I LockSettingsService: Device doesn't implement AuthSecret HAL
05-11 07:16:57.417 1497 1497 I SystemServerTiming: StartBootPhaseLockSettingsReady
05-11 07:16:57.417 1497 1497 I SystemServiceManager: Starting phase 480
05-11 07:16:57.417 1497 1497 I SystemServerTiming: OnBootPhase_480
05-11 07:16:57.417 1497 1497 I SystemServerTiming: OnBootPhase_480_com.android.server.security.FileIntegrityService
05-11 07:16:57.417 1497 1497 I SystemServerTiming: OnBootPhase_480_com.android.server.pm.Installer
05-11 07:16:57.417 1497 1497 I SystemServerTiming: OnBootPhase_480_com.android.server.os.DeviceIdentifiersPolicyService
05-11 07:16:57.417 1497 1497 I SystemServerTiming: OnBootPhase_480_com.android.server.uri.UriGrantsManagerService$Lifecycle
05-11 07:16:57.417 1497 1497 I SystemServerTiming: OnBootPhase_480_com.android.server.powerstats.PowerStatsService
05-11 07:16:57.417 1497 1497 I SystemServerTiming: OnBootPhase_480_com.android.server.wm.ActivityTaskManagerService$Lifecycle
05-11 07:16:57.417 1497 1497 I SystemServerTiming: OnBootPhase_480_com.android.server.am.ActivityManagerService$Lifecycle
05-11 07:16:57.417 1497 1497 I SystemServerTiming: OnBootPhase_480_com.android.server.pm.DataLoaderManagerService
05-11 07:16:57.417 1497 1497 I SystemServerTiming: OnBootPhase_480_com.android.server.power.PowerManagerService
05-11 07:16:57.417 1497 1497 I SystemServerTiming: OnBootPhase_480_com.android.server.power.ThermalManagerService
05-11 07:16:57.417 1497 1497 I SystemServerTiming: OnBootPhase_480_com.android.server.power.hint.HintManagerService
05-11 07:16:57.417 1497 1497 I SystemServerTiming: OnBootPhase_480_com.android.server.recoverysystem.RecoverySystemService$Lifecycle
05-11 07:16:57.417 1497 1497 I SystemServerTiming: OnBootPhase_480_com.android.server.lights.LightsService
05-11 07:16:57.417 1497 1497 I SystemServerTiming: OnBootPhase_480_com.android.server.display.DisplayManagerService
05-11 07:16:57.417 1497 1497 I SystemServerTiming: OnBootPhase_480_com.android.server.pm.verify.domain.DomainVerificationService
05-11 07:16:57.417 1497 1497 I SystemServerTiming: OnBootPhase_480_com.android.server.pm.PackageInstallerService$Lifecycle
05-11 07:16:57.417 1497 1497 I SystemServerTiming: OnBootPhase_480_com.android.server.pm.UserManagerService$LifeCycle
05-11 07:16:57.417 1497 1497 I SystemServerTiming: OnBootPhase_480_com.android.server.om.OverlayManagerService
05-11 07:16:57.417 1497 1497 I SystemServerTiming: OnBootPhase_480_com.android.server.SensorPrivacyService
05-11 07:16:57.417 1497 1497 I SystemServerTiming: OnBootPhase_480_com.android.server.thunderperf.ThunderBoostPerfService
05-11 07:16:57.417 1497 1497 I SystemServerTiming: OnBootPhase_480_com.android.server.sensors.SensorService
05-11 07:16:57.417 1497 1497 I SystemServerTiming: OnBootPhase_480_com.android.server.SystemConfigService
05-11 07:16:57.417 1497 1497 I SystemServerTiming: OnBootPhase_480_com.android.server.BatteryService
05-11 07:16:57.417 1497 1497 I SystemServerTiming: OnBootPhase_480_com.android.server.usage.UsageStatsService
05-11 07:16:57.418 1497 1497 I SystemServerTiming: OnBootPhase_480_com.android.server.webkit.WebViewUpdateService
05-11 07:16:57.418 1497 1497 I SystemServerTiming: OnBootPhase_480_com.android.server.CachedDeviceStateService
05-11 07:16:57.418 1497 1497 I SystemServerTiming: OnBootPhase_480_com.android.server.BinderCallsStatsService$LifeCycle
05-11 07:16:57.418 1497 1497 I SystemServerTiming: OnBootPhase_480_com.android.server.LooperStatsService$Lifecycle
05-11 07:16:57.418 1497 1497 I SystemServerTiming: OnBootPhase_480_com.android.server.rollback.RollbackManagerService
05-11 07:16:57.418 1497 1497 I SystemServerTiming: OnBootPhase_480_com.android.server.os.NativeTombstoneManagerService
05-11 07:16:57.418 1497 1497 I SystemServerTiming: OnBootPhase_480_com.android.server.os.BugreportManagerService
05-11 07:16:57.418 1497 1497 I SystemServerTiming: OnBootPhase_480_com.android.server.gpu.GpuService
05-11 07:16:57.418 1497 1497 I SystemServerTiming: OnBootPhase_480_com.android.server.security.KeyChainSystemService
05-11 07:16:57.418 1497 1497 I SystemServerTiming: OnBootPhase_480_com.android.server.telecom.TelecomLoaderService
05-11 07:16:57.418 1497 1497 I SystemServerTiming: OnBootPhase_480_com.android.server.accounts.AccountManagerService$Lifecycle
05-11 07:16:57.418 1497 1497 I SystemServerTiming: OnBootPhase_480_com.android.server.content.ContentService$Lifecycle
05-11 07:16:57.418 1497 1497 I SystemServerTiming: OnBootPhase_480_com.android.server.DropBoxManagerService
05-11 07:16:57.418 1497 1497 I SystemServerTiming: OnBootPhase_480_com.android.role.RoleService
05-11 07:16:57.418 1497 1497 I SystemServerTiming: OnBootPhase_480_com.android.server.vibrator.VibratorManagerService$Lifecycle
05-11 07:16:57.418 1497 1497 I SystemServerTiming: OnBootPhase_480_com.android.server.alarm.AlarmManagerService
05-11 07:16:57.418 1497 1497 I SystemServerTiming: OnBootPhase_480_com.android.server.devicestate.DeviceStateManagerService
05-11 07:16:57.418 1497 1497 I SystemServerTiming: OnBootPhase_480_com.android.server.camera.CameraServiceProxy
05-11 07:16:57.418 1497 1497 I SystemServerTiming: OnBootPhase_480_com.android.server.BluetoothService
05-11 07:16:57.418 1497 1497 I SystemServerTiming: OnBootPhase_480_com.android.server.connectivity.IpConnectivityMetrics
05-11 07:16:57.418 1497 1497 I SystemServerTiming: OnBootPhase_480_com.android.server.net.watchlist.NetworkWatchlistService$Lifecycle
05-11 07:16:57.418 1497 1497 I SystemServerTiming: OnBootPhase_480_com.android.server.PinnerService
05-11 07:16:57.418 1497 1497 I SystemServerTiming: OnBootPhase_480_com.google.android.startop.iorap.IorapForwardingService
05-11 07:16:57.418 1497 1497 I SystemServerTiming: OnBootPhase_480_com.android.server.ActivityTriggerService
05-11 07:16:57.418 1497 1497 I SystemServerTiming: OnBootPhase_480_com.android.server.integrity.AppIntegrityManagerService
05-11 07:16:57.418 1497 1497 I SystemServerTiming: OnBootPhase_480_com.android.server.inputmethod.InputMethodManagerService$Lifecycle
05-11 07:16:57.418 1497 1497 I SystemServerTiming: OnBootPhase_480_com.android.server.accessibility.AccessibilityManagerService$Lifecycle
05-11 07:16:57.418 1497 1497 I SystemServerTiming: OnBootPhase_480_com.android.server.StorageManagerService$Lifecycle
05-11 07:16:57.418 1497 1497 I SystemServerTiming: OnBootPhase_480_com.android.server.usage.StorageStatsService$Lifecycle
05-11 07:16:57.418 1497 1497 I SystemServerTiming: OnBootPhase_480_com.android.server.UiModeManagerService
05-11 07:16:57.418 1497 1497 I SystemServerTiming: OnBootPhase_480_com.android.server.locksettings.LockSettingsService$Lifecycle
05-11 07:16:57.418 1497 1497 I SystemServerTiming: OnBootPhase_480_com.android.server.PersistentDataBlockService
05-11 07:16:57.418 1497 1497 I SystemServerTiming: OnBootPhase_480_com.android.server.testharness.TestHarnessModeService
05-11 07:16:57.418 1497 1497 I SystemServerTiming: OnBootPhase_480_com.android.server.oemlock.OemLockService
05-11 07:16:57.418 1497 1497 I SystemServerTiming: OnBootPhase_480_com.android.server.DeviceIdleController
05-11 07:16:57.418 1497 1497 I SystemServerTiming: OnBootPhase_480_com.android.server.devicepolicy.DevicePolicyManagerService$Lifecycle
05-11 07:16:57.419 1497 1497 I DevicePolicyManager: Current version 2, latest version 2, not upgrading.
05-11 07:16:57.421 1497 1760 I SystemServerTimingAsync: InitThreadPoolExec:DevicePolicyManager
05-11 07:16:57.421 1497 1497 I SystemServerTiming: OnBootPhase_480_com.android.server.texttospeech.TextToSpeechManagerService
05-11 07:16:57.421 1497 1760 D SystemServerInitThreadPool: Started executing DevicePolicyManager
05-11 07:16:57.421 1497 1497 I SystemServerTiming: OnBootPhase_480_com.android.server.speech.SpeechRecognitionManagerService
05-11 07:16:57.421 1497 1497 I SystemServerTiming: OnBootPhase_480_com.android.server.searchui.SearchUiManagerService
05-11 07:16:57.421 1497 1497 I SystemServerTiming: OnBootPhase_480_com.android.server.smartspace.SmartspaceManagerService
05-11 07:16:57.421 1497 1497 I SystemServerTiming: OnBootPhase_480_com.android.server.graphics.fonts.FontManagerService$Lifecycle
05-11 07:16:57.421 1497 1497 I SystemServerTiming: OnBootPhase_480_com.android.server.textservices.TextServicesManagerService$Lifecycle
05-11 07:16:57.421 1497 1497 I SystemServerTiming: OnBootPhase_480_com.android.server.textclassifier.TextClassificationManagerService$Lifecycle
05-11 07:16:57.421 1497 1497 I SystemServerTiming: OnBootPhase_480_com.android.server.NetworkScoreService$Lifecycle
05-11 07:16:57.421 1497 1497 I SystemServerTiming: OnBootPhase_480_com.android.server.wifi.WifiService
05-11 07:16:57.421 1497 1760 D SystemServerInitThreadPool: Finished executing DevicePolicyManager
05-11 07:16:57.421 1497 1497 I SystemServerTiming: OnBootPhase_480_com.android.server.wifi.scanner.WifiScanningService
05-11 07:16:57.421 1497 1497 I SystemServerTiming: OnBootPhase_480_com.android.server.wifi.rtt.RttService
05-11 07:16:57.421 1497 1497 I SystemServerTiming: OnBootPhase_480_com.android.server.wifi.aware.WifiAwareService
05-11 07:16:57.421 1497 1497 I SystemServerTiming: OnBootPhase_480_com.android.server.wifi.p2p.WifiP2pService
05-11 07:16:57.421 1497 1497 I SystemServerTiming: OnBootPhase_480_com.android.server.ethernet.EthernetService
05-11 07:16:57.421 1497 1497 I SystemServerTiming: OnBootPhase_480_com.android.server.ConnectivityServiceInitializer
05-11 07:16:57.421 1497 1497 I SystemServerTiming: OnBootPhase_480_com.android.server.notification.NotificationManagerService
05-11 07:16:57.421 1497 1497 I SystemServerTiming: OnBootPhase_480_com.android.server.storage.DeviceStorageMonitorService
05-11 07:16:57.421 1497 1497 I SystemServerTiming: OnBootPhase_480_com.android.server.location.LocationManagerService$Lifecycle
05-11 07:16:57.421 1497 1497 I SystemServerTiming: OnBootPhase_480_com.android.server.timedetector.TimeDetectorService$Lifecycle
05-11 07:16:57.421 1497 1497 I SystemServerTiming: OnBootPhase_480_com.android.server.timezonedetector.TimeZoneDetectorService$Lifecycle
05-11 07:16:57.421 1497 1497 I SystemServerTiming: OnBootPhase_480_com.android.server.timezonedetector.location.LocationTimeZoneManagerService$Lifecycle
05-11 07:16:57.421 1497 1497 I SystemServerTiming: OnBootPhase_480_com.android.server.search.SearchManagerService$Lifecycle
05-11 07:16:57.421 1497 1497 I SystemServerTiming: OnBootPhase_480_com.android.server.wallpaper.WallpaperManagerService$Lifecycle
05-11 07:16:57.421 1497 1497 I SystemServerTiming: OnBootPhase_480_com.android.server.audio.AudioService$Lifecycle
05-11 07:16:57.421 1497 1497 I SystemServerTiming: OnBootPhase_480_com.android.server.soundtrigger_middleware.SoundTriggerMiddlewareService$Lifecycle
05-11 07:16:57.421 1497 1497 I SystemServerTiming: OnBootPhase_480_com.android.server.DockObserver
05-11 07:16:57.421 1497 1497 I SystemServerTiming: OnBootPhase_480_com.android.server.midi.MidiService$Lifecycle
05-11 07:16:57.421 1497 1497 I SystemServerTiming: OnBootPhase_480_com.android.server.adb.AdbService$Lifecycle
05-11 07:16:57.421 1497 1497 I SystemServerTiming: OnBootPhase_480_com.android.server.usb.UsbService$Lifecycle
05-11 07:16:57.421 1497 1497 I SystemServerTiming: OnBootPhase_480_com.android.server.twilight.TwilightService
05-11 07:16:57.421 1497 1497 I SystemServerTiming: OnBootPhase_480_com.android.server.display.color.ColorDisplayService
05-11 07:16:57.421 1497 1497 I SystemServerTiming: OnBootPhase_480_com.android.server.job.JobSchedulerService
05-11 07:16:57.421 1497 1497 I SystemServerTiming: OnBootPhase_480_com.android.server.soundtrigger.SoundTriggerService
05-11 07:16:57.421 1497 1497 D SoundTriggerService: onBootPhase: 480 : false
05-11 07:16:57.421 1497 1497 I SystemServerTiming: OnBootPhase_480_com.android.server.trust.TrustManagerService
05-11 07:16:57.421 1497 1497 I SystemServerTiming: OnBootPhase_480_com.android.server.backup.BackupManagerService$Lifecycle
05-11 07:16:57.421 1497 1497 I SystemServerTiming: OnBootPhase_480_com.android.server.appwidget.AppWidgetService
05-11 07:16:57.421 1497 1497 I SystemServerTiming: OnBootPhase_480_com.android.server.voiceinteraction.VoiceInteractionManagerService
05-11 07:16:57.421 1497 1497 I SystemServerTiming: OnBootPhase_480_com.android.server.apphibernation.AppHibernationService
05-11 07:16:57.421 1497 1497 I SystemServerTiming: OnBootPhase_480_com.android.server.SensorNotificationService
05-11 07:16:57.421 1497 1497 I SystemServerTiming: OnBootPhase_480_com.android.server.emergency.EmergencyAffordanceService
05-11 07:16:57.421 1497 1497 I SystemServerTiming: OnBootPhase_480_com.android.server.blob.BlobStoreManagerService
05-11 07:16:57.421 1497 1497 I SystemServerTiming: OnBootPhase_480_com.android.server.dreams.DreamManagerService
05-11 07:16:57.421 1497 1497 I SystemServerTiming: OnBootPhase_480_com.android.server.companion.CompanionDeviceManagerService
05-11 07:16:57.421 1497 1497 I SystemServerTiming: OnBootPhase_480_com.android.server.restrictions.RestrictionsManagerService
05-11 07:16:57.421 1497 1497 I SystemServerTiming: OnBootPhase_480_com.android.server.media.MediaSessionService
05-11 07:16:57.421 1497 1497 I SystemServerTiming: OnBootPhase_480_com.android.server.media.MediaResourceMonitorService
05-11 07:16:57.421 1497 1497 I SystemServerTiming: OnBootPhase_480_com.android.server.biometrics.sensors.fingerprint.FingerprintService
05-11 07:16:57.421 1497 1497 I SystemServerTiming: OnBootPhase_480_com.android.server.biometrics.BiometricService
05-11 07:16:57.421 1497 1497 I SystemServerTiming: OnBootPhase_480_com.android.server.biometrics.AuthService
05-11 07:16:57.421 1497 1497 I SystemServerTiming: OnBootPhase_480_com.android.server.pm.ShortcutService$Lifecycle
05-11 07:16:57.424 1497 1497 I SystemServerTiming: OnBootPhase_480_com.android.server.pm.LauncherAppsService
05-11 07:16:57.424 1497 1497 I SystemServerTiming: OnBootPhase_480_com.android.server.pm.CrossProfileAppsService
05-11 07:16:57.424 1497 1497 I SystemServerTiming: OnBootPhase_480_com.android.server.people.PeopleService
05-11 07:16:57.424 1497 1497 I SystemServerTiming: OnBootPhase_480_com.android.server.media.metrics.MediaMetricsManagerService
05-11 07:16:57.424 1497 1497 I SystemServerTiming: OnBootPhase_480_com.android.server.media.projection.MediaProjectionManagerService
05-11 07:16:57.424 1497 1497 I SystemServerTiming: OnBootPhase_480_com.android.server.slice.SliceManagerService$Lifecycle
05-11 07:16:57.424 1497 1497 I SystemServerTiming: OnBootPhase_480_com.android.server.stats.StatsCompanion$Lifecycle
05-11 07:16:57.424 1497 1497 I SystemServerTiming: OnBootPhase_480_com.android.server.scheduling.RebootReadinessManagerService$Lifecycle
05-11 07:16:57.424 1497 1497 I SystemServerTiming: OnBootPhase_480_com.android.server.stats.pull.StatsPullAtomService
05-11 07:16:57.424 1497 1497 I SystemServerTiming: OnBootPhase_480_com.android.server.incident.IncidentCompanionService
05-11 07:16:57.424 1497 1497 I SystemServerTiming: OnBootPhase_480_com.android.server.MmsServiceBroker
05-11 07:16:57.424 1497 1497 I SystemServerTiming: OnBootPhase_480_com.android.server.autofill.AutofillManagerService
05-11 07:16:57.424 1497 1497 I SystemServerTiming: OnBootPhase_480_com.android.server.clipboard.ClipboardService
05-11 07:16:57.424 1497 1497 I SystemServerTiming: OnBootPhase_480_com.android.server.appbinding.AppBindingService$Lifecycle
05-11 07:16:57.424 1497 1497 I SystemServerTiming: OnBootPhase_480_com.android.server.tracing.TracingServiceProxy
05-11 07:16:57.424 1497 1497 I SystemServerTiming: StartBootPhaseSystemServicesReady
05-11 07:16:57.424 1497 1497 I SystemServiceManager: Starting phase 500
05-11 07:16:57.424 1497 1497 I SystemServerTiming: OnBootPhase_500
05-11 07:16:57.424 1497 1497 I SystemServerTiming: OnBootPhase_500_com.android.server.security.FileIntegrityService
05-11 07:16:57.424 1497 1497 I SystemServerTiming: OnBootPhase_500_com.android.server.pm.Installer
05-11 07:16:57.424 1497 1497 I SystemServerTiming: OnBootPhase_500_com.android.server.os.DeviceIdentifiersPolicyService
05-11 07:16:57.424 1497 1497 I SystemServerTiming: OnBootPhase_500_com.android.server.uri.UriGrantsManagerService$Lifecycle
05-11 07:16:57.424 1497 1497 I SystemServerTiming: OnBootPhase_500_com.android.server.powerstats.PowerStatsService
05-11 07:16:57.425 1497 1497 E StatsPullAtomCallbackImpl: Failed to start PowerStatsService statsd pullers
05-11 07:16:57.425 1497 1497 I SystemServerTiming: OnBootPhase_500_com.android.server.wm.ActivityTaskManagerService$Lifecycle
05-11 07:16:57.425 1497 1497 I SystemServerTiming: OnBootPhase_500_com.android.server.am.ActivityManagerService$Lifecycle
05-11 07:16:57.426 1497 1497 E BatteryStatsService: Could not register PowerStatsInternal
05-11 07:16:57.427 1497 1497 I SystemServerTiming: OnBootPhase_500_com.android.server.pm.DataLoaderManagerService
05-11 07:16:57.427 1497 1497 I SystemServerTiming: OnBootPhase_500_com.android.server.power.PowerManagerService
05-11 07:16:57.427 1497 1497 I SystemServerTiming: OnBootPhase_500_com.android.server.power.ThermalManagerService
05-11 07:16:57.427 1497 1497 I SystemServerTiming: OnBootPhase_500_com.android.server.power.hint.HintManagerService
05-11 07:16:57.427 1497 1497 V HintManagerService: Initializing HintManager service...
05-11 07:16:57.427 1497 1497 V HistoricalRegistry: Interaction before persistence initialized
05-11 07:16:57.427 1497 1497 I SystemServerTiming: OnBootPhase_500_com.android.server.recoverysystem.RecoverySystemService$Lifecycle
05-11 07:16:57.427 1497 1497 I SystemServerTiming: OnBootPhase_500_com.android.server.lights.LightsService
05-11 07:16:57.427 1497 1497 I SystemServerTiming: OnBootPhase_500_com.android.server.display.DisplayManagerService
05-11 07:16:57.427 1497 1497 I SystemServerTiming: OnBootPhase_500_com.android.server.pm.verify.domain.DomainVerificationService
05-11 07:16:57.427 1497 1497 I SystemServerTiming: OnBootPhase_500_com.android.server.pm.PackageInstallerService$Lifecycle
05-11 07:16:57.427 1497 1497 I SystemServerTiming: OnBootPhase_500_com.android.server.pm.UserManagerService$LifeCycle
05-11 07:16:57.427 1497 1497 I SystemServerTiming: OnBootPhase_500_com.android.server.om.OverlayManagerService
05-11 07:16:57.427 1497 1497 I SystemServerTiming: OnBootPhase_500_com.android.server.SensorPrivacyService
05-11 07:16:57.428 1497 1497 I SystemServerTiming: OnBootPhase_500_com.android.server.thunderperf.ThunderBoostPerfService
05-11 07:16:57.428 1497 1497 I SystemServerTiming: OnBootPhase_500_com.android.server.sensors.SensorService
05-11 07:16:57.428 1497 1497 I SystemServerTiming: OnBootPhase_500_com.android.server.SystemConfigService
05-11 07:16:57.428 1497 1497 I SystemServerTiming: OnBootPhase_500_com.android.server.BatteryService
05-11 07:16:57.428 1497 1497 I SystemServerTiming: OnBootPhase_500_com.android.server.usage.UsageStatsService
05-11 07:16:57.428 1497 1497 D AppStandbyController: Setting app idle enabled state
05-11 07:16:57.429 1497 1497 V HistoricalRegistry: Interaction before persistence initialized
05-11 07:16:57.429 1497 1497 I SystemServerTiming: OnBootPhase_500_com.android.server.webkit.WebViewUpdateService
05-11 07:16:57.429 1497 1497 I SystemServerTiming: OnBootPhase_500_com.android.server.CachedDeviceStateService
05-11 07:16:57.430 1497 1497 I SystemServerTiming: OnBootPhase_500_com.android.server.BinderCallsStatsService$LifeCycle
05-11 07:16:57.432 1497 1497 I SystemServerTiming: OnBootPhase_500_com.android.server.LooperStatsService$Lifecycle
05-11 07:16:57.432 1497 1497 I SystemServerTiming: OnBootPhase_500_com.android.server.rollback.RollbackManagerService
05-11 07:16:57.432 1497 1497 I SystemServerTiming: OnBootPhase_500_com.android.server.os.NativeTombstoneManagerService
05-11 07:16:57.432 1497 1497 I SystemServerTiming: OnBootPhase_500_com.android.server.os.BugreportManagerService
05-11 07:16:57.432 1497 1497 I SystemServerTiming: OnBootPhase_500_com.android.server.gpu.GpuService
05-11 07:16:57.432 1497 1497 I SystemServerTiming: OnBootPhase_500_com.android.server.security.KeyChainSystemService
05-11 07:16:57.432 1497 1497 I SystemServerTiming: OnBootPhase_500_com.android.server.telecom.TelecomLoaderService
05-11 07:16:57.432 1497 1497 I SystemServerTiming: OnBootPhase_500_com.android.server.accounts.AccountManagerService$Lifecycle
05-11 07:16:57.432 1497 1497 I SystemServerTiming: OnBootPhase_500_com.android.server.content.ContentService$Lifecycle
05-11 07:16:57.432 1497 1497 I SystemServerTiming: OnBootPhase_500_com.android.server.DropBoxManagerService
05-11 07:16:57.432 1497 1497 I SystemServerTiming: OnBootPhase_500_com.android.role.RoleService
05-11 07:16:57.432 1497 1497 I SystemServerTiming: OnBootPhase_500_com.android.server.vibrator.VibratorManagerService$Lifecycle
05-11 07:16:57.432 1497 1497 V VibratorManagerService: Initializing VibratorManager service...
05-11 07:16:57.432 1497 1497 V HistoricalRegistry: Interaction before persistence initialized
05-11 07:16:57.433 1497 1497 V VibratorManagerService: VibratorManager service initialized
05-11 07:16:57.433 1497 1497 I SystemServerTiming: OnBootPhase_500_com.android.server.alarm.AlarmManagerService
05-11 07:16:57.433 1497 1497 E LazyAlarmStore: Removed TIME_TICK alarm
05-11 07:16:57.433 1497 1602 I am_wtf : [0,1497,system_server,-1,LazyAlarmStore,Removed TIME_TICK alarm]
05-11 07:16:57.434 1497 1602 I DropBoxManagerService: add tag=system_server_wtf isTagEnabled=true flags=0x2
05-11 07:16:57.434 1497 1497 I SystemServerTiming: OnBootPhase_500_com.android.server.devicestate.DeviceStateManagerService
05-11 07:16:57.434 1497 1497 I SystemServerTiming: OnBootPhase_500_com.android.server.camera.CameraServiceProxy
05-11 07:16:57.434 1497 1497 I SystemServerTiming: OnBootPhase_500_com.android.server.BluetoothService
05-11 07:16:57.434 1497 1497 I SystemServerTiming: OnBootPhase_500_com.android.server.connectivity.IpConnectivityMetrics
05-11 07:16:57.436 1497 1497 I SystemServerTiming: OnBootPhase_500_com.android.server.net.watchlist.NetworkWatchlistService$Lifecycle
05-11 07:16:57.436 1497 1497 I SystemServerTiming: OnBootPhase_500_com.android.server.PinnerService
05-11 07:16:57.446 1497 1497 I SystemServerTiming: OnBootPhase_500_com.google.android.startop.iorap.IorapForwardingService
05-11 07:16:57.446 1497 1497 I SystemServerTiming: OnBootPhase_500_com.android.server.ActivityTriggerService
05-11 07:16:57.446 1497 1497 I SystemServerTiming: OnBootPhase_500_com.android.server.integrity.AppIntegrityManagerService
05-11 07:16:57.446 1497 1497 I SystemServerTiming: OnBootPhase_500_com.android.server.inputmethod.InputMethodManagerService$Lifecycle
05-11 07:16:57.446 1497 1497 I SystemServerTiming: OnBootPhase_500_com.android.server.accessibility.AccessibilityManagerService$Lifecycle
05-11 07:16:57.446 1497 1497 I SystemServerTiming: OnBootPhase_500_com.android.server.StorageManagerService$Lifecycle
05-11 07:16:57.446 1497 1497 I SystemServerTiming: OnBootPhase_500_com.android.server.usage.StorageStatsService$Lifecycle
05-11 07:16:57.446 1497 1497 I SystemServerTiming: OnBootPhase_500_com.android.server.UiModeManagerService
05-11 07:16:57.447 1497 1497 I configuration_changed: 512
05-11 07:16:57.448 1497 1497 I ActivityTaskManager: Config changes=200 {1.0 ?mcc?mnc [zh_CN] ldltr sw720dp w1706dp h665dp 240dpi lrg long land finger -keyb/v/h -nav/h winConfig={ mBounds=Rect(0, 0 - 2560, 1080) mAppBounds=Rect(0, 0 - 2560, 1034) mMaxBounds=Rect(0, 0 - 2560, 1080) mWindowingMode=fullscreen mDisplayWindowingMode=fullscreen mActivityType=undefined mAlwaysOnTop=undefined mRotation=ROTATION_0} s.6 ?fontWeightAdjustment}
05-11 07:16:57.450 1497 1497 I WindowManager: Override config changes=200 {1.0 ?mcc?mnc [zh_CN] ldltr sw720dp w1706dp h665dp 240dpi lrg long land finger -keyb/v/h -nav/h winConfig={ mBounds=Rect(0, 0 - 2560, 1080) mAppBounds=Rect(0, 0 - 2560, 1034) mMaxBounds=Rect(0, 0 - 2560, 1080) mWindowingMode=fullscreen mDisplayWindowingMode=fullscreen mActivityType=undefined mAlwaysOnTop=undefined mRotation=ROTATION_0} s.6 ?fontWeightAdjustment} for displayId=0
05-11 07:16:57.451 1497 1497 I SystemServerTiming: OnBootPhase_500_com.android.server.locksettings.LockSettingsService$Lifecycle
05-11 07:16:57.451 1497 1497 I SystemServerTiming: OnBootPhase_500_com.android.server.PersistentDataBlockService
05-11 07:16:57.451 1497 1497 I SystemServerTiming: OnBootPhase_500_com.android.server.testharness.TestHarnessModeService
05-11 07:16:57.451 1497 1497 D TestHarnessModeService: Setting up test harness mode
05-11 07:16:57.451 1497 1497 D TestHarnessModeService: Getting PersistentDataBlockManagerInternal from LocalServices
05-11 07:16:57.455 1497 1833 I stream_devices_changed: [3,0,2]
05-11 07:16:57.458 1497 1497 I SystemServerTiming: OnBootPhase_500_com.android.server.oemlock.OemLockService
05-11 07:16:57.458 1497 1497 I SystemServerTiming: OnBootPhase_500_com.android.server.DeviceIdleController
05-11 07:16:57.458 1497 1497 V HistoricalRegistry: Interaction before persistence initialized
05-11 07:16:57.459 1497 1497 I SystemServerTiming: OnBootPhase_500_com.android.server.devicepolicy.DevicePolicyManagerService$Lifecycle
05-11 07:16:57.459 1497 1497 I SystemServerTiming: OnBootPhase_500_com.android.server.texttospeech.TextToSpeechManagerService
05-11 07:16:57.459 1497 1497 I SystemServerTiming: OnBootPhase_500_com.android.server.speech.SpeechRecognitionManagerService
05-11 07:16:57.459 1497 1497 I SystemServerTiming: OnBootPhase_500_com.android.server.searchui.SearchUiManagerService
05-11 07:16:57.459 1497 1497 I SystemServerTiming: OnBootPhase_500_com.android.server.smartspace.SmartspaceManagerService
05-11 07:16:57.459 1497 1497 I SystemServerTiming: OnBootPhase_500_com.android.server.graphics.fonts.FontManagerService$Lifecycle
05-11 07:16:57.459 1497 1497 I SystemServerTiming: OnBootPhase_500_com.android.server.textservices.TextServicesManagerService$Lifecycle
05-11 07:16:57.459 1497 1497 I SystemServerTiming: OnBootPhase_500_com.android.server.textclassifier.TextClassificationManagerService$Lifecycle
05-11 07:16:57.459 1497 1497 I SystemServerTiming: OnBootPhase_500_com.android.server.NetworkScoreService$Lifecycle
05-11 07:16:57.459 1497 1497 I SystemServerTiming: OnBootPhase_500_com.android.server.wifi.WifiService
05-11 07:16:57.459 1497 1497 I SystemServerTiming: OnBootPhase_500_com.android.server.wifi.scanner.WifiScanningService
05-11 07:16:57.459 1497 1497 I SystemServerTiming: OnBootPhase_500_com.android.server.wifi.rtt.RttService
05-11 07:16:57.461 1497 1497 I SystemServerTiming: OnBootPhase_500_com.android.server.wifi.aware.WifiAwareService
05-11 07:16:57.465 1497 1497 I SystemServerTiming: OnBootPhase_500_com.android.server.wifi.p2p.WifiP2pService
05-11 07:16:57.465 1497 1497 I SystemServerTiming: OnBootPhase_500_com.android.server.ethernet.EthernetService
05-11 07:16:57.470 1497 1497 I SystemServerTiming: OnBootPhase_500_com.android.server.ConnectivityServiceInitializer
05-11 07:16:57.470 1497 1497 I SystemServerTiming: OnBootPhase_500_com.android.server.notification.NotificationManagerService
05-11 07:16:57.473 1497 1833 I stream_devices_changed: [6,0,1]
01-01 08:00:12.078 0 0 I : Wifi Turning On from UI
05-11 07:16:57.495 1497 1497 I GameModeConfig: isGameModeOn = false
05-11 07:16:57.496 1497 1497 I SystemServerTiming: OnBootPhase_500_com.android.server.storage.DeviceStorageMonitorService
05-11 07:16:57.496 1497 1497 I SystemServerTiming: OnBootPhase_500_com.android.server.location.LocationManagerService$Lifecycle
05-11 07:16:57.497 1497 1497 V HistoricalRegistry: Interaction before persistence initialized
05-11 07:16:57.497 1497 1497 I SystemServerTiming: OnBootPhase_500_com.android.server.timedetector.TimeDetectorService$Lifecycle
05-11 07:16:57.497 1497 1497 I SystemServerTiming: OnBootPhase_500_com.android.server.timezonedetector.TimeZoneDetectorService$Lifecycle
05-11 07:16:57.497 1497 1497 I SystemServerTiming: OnBootPhase_500_com.android.server.timezonedetector.location.LocationTimeZoneManagerService$Lifecycle
05-11 07:16:57.497 1497 1497 I SystemServerTiming: OnBootPhase_500_com.android.server.search.SearchManagerService$Lifecycle
05-11 07:16:57.497 1497 1497 I SystemServerTiming: OnBootPhase_500_com.android.server.wallpaper.WallpaperManagerService$Lifecycle
05-11 07:16:57.497 1497 1497 I SystemServerTiming: OnBootPhase_500_com.android.server.audio.AudioService$Lifecycle
05-11 07:16:57.497 1497 1497 I SystemServerTiming: OnBootPhase_500_com.android.server.soundtrigger_middleware.SoundTriggerMiddlewareService$Lifecycle
05-11 07:16:57.497 1497 1497 I SystemServerTiming: OnBootPhase_500_com.android.server.DockObserver
05-11 07:16:57.497 1497 1497 I SystemServerTiming: OnBootPhase_500_com.android.server.midi.MidiService$Lifecycle
05-11 07:16:57.497 1497 1497 I SystemServerTiming: OnBootPhase_500_com.android.server.adb.AdbService$Lifecycle
05-11 07:16:57.497 1497 1497 I SystemServerTiming: OnBootPhase_500_com.android.server.usb.UsbService$Lifecycle
05-11 07:16:57.497 1497 1497 I SystemServerTiming: OnBootPhase_500_com.android.server.twilight.TwilightService
05-11 07:16:57.497 1497 1497 I SystemServerTiming: OnBootPhase_500_com.android.server.display.color.ColorDisplayService
05-11 07:16:57.497 1497 1497 I SystemServerTiming: OnBootPhase_500_com.android.server.job.JobSchedulerService
05-11 07:16:57.502 1497 1497 V HistoricalRegistry: Interaction before persistence initialized
05-11 07:16:57.503 1497 1497 I SystemServerTiming: OnBootPhase_500_com.android.server.soundtrigger.SoundTriggerService
05-11 07:16:57.503 1497 1497 D SoundTriggerService: onBootPhase: 500 : false
05-11 07:16:57.503 1497 1497 I SystemServerTiming: OnBootPhase_500_com.android.server.trust.TrustManagerService
05-11 07:16:57.504 1497 1497 I SystemServerTiming: OnBootPhase_500_com.android.server.backup.BackupManagerService$Lifecycle
05-11 07:16:57.504 1497 1497 I SystemServerTiming: OnBootPhase_500_com.android.server.appwidget.AppWidgetService
05-11 07:16:57.504 1497 1497 I SystemServerTiming: OnBootPhase_500_com.android.server.voiceinteraction.VoiceInteractionManagerService
05-11 07:16:57.504 1497 1497 I SystemServerTiming: OnBootPhase_500_com.android.server.apphibernation.AppHibernationService
05-11 07:16:57.505 1497 1497 I SystemServerTiming: OnBootPhase_500_com.android.server.SensorNotificationService
05-11 07:16:57.505 1497 1497 I SystemServerTiming: OnBootPhase_500_com.android.server.emergency.EmergencyAffordanceService
05-11 07:16:57.505 1497 1497 I SystemServerTiming: OnBootPhase_500_com.android.server.blob.BlobStoreManagerService
05-11 07:16:57.505 1497 1497 I SystemServerTiming: OnBootPhase_500_com.android.server.dreams.DreamManagerService
05-11 07:16:57.505 1497 1497 I SystemServerTiming: OnBootPhase_500_com.android.server.companion.CompanionDeviceManagerService
05-11 07:16:57.507 1497 1497 I CompanionDeviceManagerService: initBleScanning()
05-11 07:16:57.507 1497 1497 I SystemServerTiming: OnBootPhase_500_com.android.server.restrictions.RestrictionsManagerService
05-11 07:16:57.507 1497 1497 I SystemServerTiming: OnBootPhase_500_com.android.server.media.MediaSessionService
05-11 07:16:57.507 1497 1497 I SystemServerTiming: OnBootPhase_500_com.android.server.media.MediaResourceMonitorService
05-11 07:16:57.507 1497 1497 I SystemServerTiming: OnBootPhase_500_com.android.server.biometrics.sensors.fingerprint.FingerprintService
05-11 07:16:57.507 1497 1497 I SystemServerTiming: OnBootPhase_500_com.android.server.biometrics.BiometricService
05-11 07:16:57.507 1497 1497 I SystemServerTiming: OnBootPhase_500_com.android.server.biometrics.AuthService
05-11 07:16:57.507 1497 1497 I SystemServerTiming: OnBootPhase_500_com.android.server.pm.ShortcutService$Lifecycle
05-11 07:16:57.507 1497 1497 I SystemServerTiming: OnBootPhase_500_com.android.server.pm.LauncherAppsService
05-11 07:16:57.507 1497 1497 I SystemServerTiming: OnBootPhase_500_com.android.server.pm.CrossProfileAppsService
05-11 07:16:57.507 1497 1497 I SystemServerTiming: OnBootPhase_500_com.android.server.people.PeopleService
05-11 07:16:57.507 1497 1497 I SystemServerTiming: OnBootPhase_500_com.android.server.media.metrics.MediaMetricsManagerService
05-11 07:16:57.507 1497 1497 I SystemServerTiming: OnBootPhase_500_com.android.server.media.projection.MediaProjectionManagerService
05-11 07:16:57.507 1497 1497 I SystemServerTiming: OnBootPhase_500_com.android.server.slice.SliceManagerService$Lifecycle
05-11 07:16:57.507 1497 1497 I SystemServerTiming: OnBootPhase_500_com.android.server.stats.StatsCompanion$Lifecycle
05-11 07:16:57.507 1497 1497 I SystemServerTiming: OnBootPhase_500_com.android.server.scheduling.RebootReadinessManagerService$Lifecycle
05-11 07:16:57.507 1497 1497 I SystemServerTiming: OnBootPhase_500_com.android.server.stats.pull.StatsPullAtomService
05-11 07:16:57.507 1497 1497 I SystemServerTiming: OnBootPhase_500_com.android.server.incident.IncidentCompanionService
05-11 07:16:57.507 1497 1497 I SystemServerTiming: OnBootPhase_500_com.android.server.MmsServiceBroker
05-11 07:16:57.507 1497 1497 I SystemServerTiming: OnBootPhase_500_com.android.server.autofill.AutofillManagerService
05-11 07:16:57.507 1497 1497 I SystemServerTiming: OnBootPhase_500_com.android.server.clipboard.ClipboardService
05-11 07:16:57.507 1497 1497 I SystemServerTiming: OnBootPhase_500_com.android.server.appbinding.AppBindingService$Lifecycle
05-11 07:16:57.507 1497 1497 I SystemServerTiming: OnBootPhase_500_com.android.server.tracing.TracingServiceProxy
05-11 07:16:57.507 1497 1497 I SystemServerTiming: MakeWindowManagerServiceReady
05-11 07:16:57.512 1497 1497 I SystemServerTiming: MakePowerManagerServiceReady
05-11 07:16:57.512 1497 1497 I AttentionDetector: readValuesFromDeviceConfig():
05-11 07:16:57.512 1497 1497 I AttentionDetector: mMaximumExtensionMillis=900000
05-11 07:16:57.512 1497 1497 I AttentionDetector: mPreDimCheckDurationMillis=2000
05-11 07:16:57.512 1497 1497 I AttentionDetector: mRequestedPostDimTimeoutMillis=0
05-11 07:16:57.512 1497 1866 I DropBoxManagerService: add tag=system_server_wtf isTagEnabled=true flags=0x2
05-11 07:16:57.513 1497 1867 I DropBoxManagerService: add tag=system_server_wtf isTagEnabled=true flags=0x2
05-11 07:16:57.515 1497 1497 E DisplayPowerController[0]: failed to set up display white-balance: java.lang.IllegalStateException: cannot find light sensor
05-11 07:16:57.515 1497 1497 W DisplayPowerController[0]: Screen brightness nits configuration is unavailable; falling back
05-11 07:16:57.516 1497 1601 I HealthServiceWrapper: health: HealthServiceWrapper listening to instance default
05-11 07:16:57.518 1497 1586 D CompatibilityChangeReporter: Compat change id reported: 168419799; UID 1000; state: DISABLED
05-11 07:16:57.519 1497 1601 D StatsPullAtomService: Registering pullers with statsd
05-11 07:16:57.519 1497 1612 E KernelCpuSpeedReader: Failed to read cpu-freq: /sys/devices/system/cpu/cpu4/cpufreq/stats/time_in_state: open failed: ENOENT (No such file or directory)
05-11 07:16:57.519 1497 1612 E KernelCpuSpeedReader: Failed to read cpu-freq: /sys/devices/system/cpu/cpu0/cpufreq/stats/time_in_state: open failed: ENOENT (No such file or directory)
05-11 07:16:57.521 1497 1497 I FaceDownDetector: readValuesFromDeviceConfig():
05-11 07:16:57.521 1497 1497 I FaceDownDetector: mAccelerationThreshold=0.2
05-11 07:16:57.521 1497 1497 I FaceDownDetector: mZAccelerationThreshold=-9.5
05-11 07:16:57.521 1497 1497 I FaceDownDetector: mTimeThreshold=PT1S
05-11 07:16:57.521 1497 1497 I FaceDownDetector: mIsEnabled=true
05-11 07:16:57.521 1497 1497 I ScreenUndimDetector: readValuesFromDeviceConfig():
05-11 07:16:57.521 1497 1497 I ScreenUndimDetector: mKeepScreenOnForMillis=600000
05-11 07:16:57.521 1497 1497 I ScreenUndimDetector: mKeepScreenOnNotificationEnabled=false
05-11 07:16:57.521 1497 1497 I ScreenUndimDetector: mUndimsRequired=2
05-11 07:16:57.521 1497 1646 W KeyguardServiceDelegate: onScreenTurningOn(): no keyguard service!
05-11 07:16:57.522 1497 1646 V DisplayPowerController[0]: Brightness [1.0] reason changing to: 'override', previous reason: '0'.
05-11 07:16:57.524 1497 1497 I SystemServerTiming: StartPermissionPolicyService
05-11 07:16:57.524 1497 1497 I SystemServiceManager: Starting com.android.server.policy.PermissionPolicyService
05-11 07:16:57.525 1497 1497 I SystemServerTiming: MakePackageManagerServiceReady
05-11 07:16:57.530 1497 1601 I StatsPullAtomService: register thermal listener successfully
05-11 07:16:57.530 1497 1497 I commit_sys_config_file: [package-session,1]
05-11 07:16:57.531 1497 1497 V UserDataPreparer: Found /data/user_de/0 with serial number 0
05-11 07:16:57.531 1497 1497 V UserDataPreparer: Found /data/user/0 with serial number 0
05-11 07:16:57.531 1497 1497 V UserDataPreparer: Found /data/system_de/0 with serial number 0
05-11 07:16:57.531 1497 1497 W UserDataPreparer: Invalid user directory /data/system_de/usagestats
05-11 07:16:57.531 1497 1497 V UserDataPreparer: Found /data/system_ce/0 with serial number 0
05-11 07:16:57.532 1497 1497 V UserDataPreparer: Found /data/misc_ce/0 with serial number 0
05-11 07:16:57.575 1497 1768 D SystemServerInitThreadPool: Finished executing SecondaryZygotePreload
05-11 07:16:57.580 1497 1587 I commit_sys_config_file: [notification-policy,2]
05-11 07:16:57.586 1497 1497 I PackageManager: Permission ownership changed. Updating all permissions.
05-11 07:16:57.607 1497 1497 I SystemServerTiming: MakeDisplayManagerServiceReady
05-11 07:16:57.608 1497 1588 E DisplayModeDirector: Asked about unknown display, returning empty display mode specs!(id=0)
05-11 07:16:57.608 1497 1745 E DefaultPermGrantPolicy: Package not found: com.qualcomm.qti.cne
05-11 07:16:57.608 1497 1588 E DisplayModeDirector: Asked about unknown display, returning empty display mode specs!(id=0)
05-11 07:16:57.609 1497 1497 I SystemServerTiming: StartDeviceSpecificServices
05-11 07:16:57.609 1497 1497 I SystemServerTiming: GameManagerService
05-11 07:16:57.609 1497 1497 I SystemServiceManager: Starting com.android.server.app.GameManagerService$Lifecycle
05-11 07:16:57.603 1497 1497 I auditd : type=1400 audit(0.0:1012): avc: denied { read } for comm="android.display" name="u:object_r:vendor_wfd_sys_debug_prop:s0" dev="tmpfs" ino=2440 scontext=u:r:system_server:s0 tcontext=u:object_r:vendor_wfd_sys_debug_prop:s0 tclass=file permissive=1
05-11 07:16:57.603 1497 1497 I auditd : type=1400 audit(0.0:1013): avc: denied { open } for comm="android.display" path="/dev/__properties__/u:object_r:vendor_wfd_sys_debug_prop:s0" dev="tmpfs" ino=2440 scontext=u:r:system_server:s0 tcontext=u:object_r:vendor_wfd_sys_debug_prop:s0 tclass=file permissive=1
05-11 07:16:57.603 1497 1497 I auditd : type=1400 audit(0.0:1014): avc: denied { getattr } for comm="android.display" path="/dev/__properties__/u:object_r:vendor_wfd_sys_debug_prop:s0" dev="tmpfs" ino=2440 scontext=u:r:system_server:s0 tcontext=u:object_r:vendor_wfd_sys_debug_prop:s0 tclass=file permissive=1
05-11 07:16:57.603 1497 1497 I auditd : type=1400 audit(0.0:1015): avc: denied { map } for comm="android.display" path="/dev/__properties__/u:object_r:vendor_wfd_sys_debug_prop:s0" dev="tmpfs" ino=2440 scontext=u:r:system_server:s0 tcontext=u:object_r:vendor_wfd_sys_debug_prop:s0 tclass=file permissive=1
05-11 07:16:57.611 1497 1497 I SystemServerTiming: StartBootPhaseDeviceSpecificServicesReady
05-11 07:16:57.611 1497 1497 I SystemServiceManager: Starting phase 520
05-11 07:16:57.611 1497 1497 I SystemServerTiming: OnBootPhase_520
05-11 07:16:57.611 1497 1497 I SystemServerTiming: OnBootPhase_520_com.android.server.security.FileIntegrityService
05-11 07:16:57.611 1497 1497 I SystemServerTiming: OnBootPhase_520_com.android.server.pm.Installer
05-11 07:16:57.611 1497 1497 I SystemServerTiming: OnBootPhase_520_com.android.server.os.DeviceIdentifiersPolicyService
05-11 07:16:57.611 1497 1497 I SystemServerTiming: OnBootPhase_520_com.android.server.uri.UriGrantsManagerService$Lifecycle
05-11 07:16:57.611 1497 1497 I SystemServerTiming: OnBootPhase_520_com.android.server.powerstats.PowerStatsService
05-11 07:16:57.611 1497 1497 I SystemServerTiming: OnBootPhase_520_com.android.server.wm.ActivityTaskManagerService$Lifecycle
05-11 07:16:57.611 1497 1497 I SystemServerTiming: OnBootPhase_520_com.android.server.am.ActivityManagerService$Lifecycle
05-11 07:16:57.611 1497 1497 I SystemServerTiming: OnBootPhase_520_com.android.server.pm.DataLoaderManagerService
05-11 07:16:57.611 1497 1497 I SystemServerTiming: OnBootPhase_520_com.android.server.power.PowerManagerService
05-11 07:16:57.611 1497 1497 I SystemServerTiming: OnBootPhase_520_com.android.server.power.ThermalManagerService
05-11 07:16:57.611 1497 1497 I SystemServerTiming: OnBootPhase_520_com.android.server.power.hint.HintManagerService
05-11 07:16:57.611 1497 1497 I SystemServerTiming: OnBootPhase_520_com.android.server.recoverysystem.RecoverySystemService$Lifecycle
05-11 07:16:57.611 1497 1497 I SystemServerTiming: OnBootPhase_520_com.android.server.lights.LightsService
05-11 07:16:57.611 1497 1497 I SystemServerTiming: OnBootPhase_520_com.android.server.display.DisplayManagerService
05-11 07:16:57.611 1497 1497 I SystemServerTiming: OnBootPhase_520_com.android.server.pm.verify.domain.DomainVerificationService
05-11 07:16:57.611 1497 1497 I SystemServerTiming: OnBootPhase_520_com.android.server.pm.PackageInstallerService$Lifecycle
05-11 07:16:57.611 1497 1497 I SystemServerTiming: OnBootPhase_520_com.android.server.pm.UserManagerService$LifeCycle
05-11 07:16:57.611 1497 1497 I SystemServerTiming: OnBootPhase_520_com.android.server.om.OverlayManagerService
05-11 07:16:57.611 1497 1497 I SystemServerTiming: OnBootPhase_520_com.android.server.SensorPrivacyService
05-11 07:16:57.611 1497 1497 I SystemServerTiming: OnBootPhase_520_com.android.server.thunderperf.ThunderBoostPerfService
05-11 07:16:57.611 1497 1497 I SystemServerTiming: OnBootPhase_520_com.android.server.sensors.SensorService
05-11 07:16:57.611 1497 1497 I SystemServerTiming: OnBootPhase_520_com.android.server.SystemConfigService
05-11 07:16:57.611 1497 1497 I SystemServerTiming: OnBootPhase_520_com.android.server.BatteryService
05-11 07:16:57.611 1497 1497 I SystemServerTiming: OnBootPhase_520_com.android.server.usage.UsageStatsService
05-11 07:16:57.611 1497 1497 I SystemServerTiming: OnBootPhase_520_com.android.server.webkit.WebViewUpdateService
05-11 07:16:57.611 1497 1497 I SystemServerTiming: OnBootPhase_520_com.android.server.CachedDeviceStateService
05-11 07:16:57.611 1497 1497 I SystemServerTiming: OnBootPhase_520_com.android.server.BinderCallsStatsService$LifeCycle
05-11 07:16:57.611 1497 1497 I SystemServerTiming: OnBootPhase_520_com.android.server.LooperStatsService$Lifecycle
05-11 07:16:57.611 1497 1497 I SystemServerTiming: OnBootPhase_520_com.android.server.rollback.RollbackManagerService
05-11 07:16:57.611 1497 1497 I SystemServerTiming: OnBootPhase_520_com.android.server.os.NativeTombstoneManagerService
05-11 07:16:57.611 1497 1497 I SystemServerTiming: OnBootPhase_520_com.android.server.os.BugreportManagerService
05-11 07:16:57.611 1497 1497 I SystemServerTiming: OnBootPhase_520_com.android.server.gpu.GpuService
05-11 07:16:57.611 1497 1497 I SystemServerTiming: OnBootPhase_520_com.android.server.security.KeyChainSystemService
05-11 07:16:57.611 1497 1497 I SystemServerTiming: OnBootPhase_520_com.android.server.telecom.TelecomLoaderService
05-11 07:16:57.611 1497 1497 I SystemServerTiming: OnBootPhase_520_com.android.server.accounts.AccountManagerService$Lifecycle
05-11 07:16:57.611 1497 1497 I SystemServerTiming: OnBootPhase_520_com.android.server.content.ContentService$Lifecycle
05-11 07:16:57.611 1497 1497 I SystemServerTiming: OnBootPhase_520_com.android.server.DropBoxManagerService
05-11 07:16:57.611 1497 1497 I SystemServerTiming: OnBootPhase_520_com.android.role.RoleService
05-11 07:16:57.611 1497 1497 I SystemServerTiming: OnBootPhase_520_com.android.server.vibrator.VibratorManagerService$Lifecycle
05-11 07:16:57.611 1497 1497 I SystemServerTiming: OnBootPhase_520_com.android.server.alarm.AlarmManagerService
05-11 07:16:57.611 1497 1497 I SystemServerTiming: OnBootPhase_520_com.android.server.devicestate.DeviceStateManagerService
05-11 07:16:57.611 1497 1497 I SystemServerTiming: OnBootPhase_520_com.android.server.camera.CameraServiceProxy
05-11 07:16:57.611 1497 1497 I SystemServerTiming: OnBootPhase_520_com.android.server.BluetoothService
05-11 07:16:57.611 1497 1497 I SystemServerTiming: OnBootPhase_520_com.android.server.connectivity.IpConnectivityMetrics
05-11 07:16:57.611 1497 1497 I SystemServerTiming: OnBootPhase_520_com.android.server.net.watchlist.NetworkWatchlistService$Lifecycle
05-11 07:16:57.611 1497 1497 I SystemServerTiming: OnBootPhase_520_com.android.server.PinnerService
05-11 07:16:57.611 1497 1497 I SystemServerTiming: OnBootPhase_520_com.google.android.startop.iorap.IorapForwardingService
05-11 07:16:57.611 1497 1497 I SystemServerTiming: OnBootPhase_520_com.android.server.ActivityTriggerService
05-11 07:16:57.611 1497 1497 I SystemServerTiming: OnBootPhase_520_com.android.server.integrity.AppIntegrityManagerService
05-11 07:16:57.611 1497 1497 I SystemServerTiming: OnBootPhase_520_com.android.server.inputmethod.InputMethodManagerService$Lifecycle
05-11 07:16:57.611 1497 1497 I SystemServerTiming: OnBootPhase_520_com.android.server.accessibility.AccessibilityManagerService$Lifecycle
05-11 07:16:57.611 1497 1497 I SystemServerTiming: OnBootPhase_520_com.android.server.StorageManagerService$Lifecycle
05-11 07:16:57.611 1497 1497 I SystemServerTiming: OnBootPhase_520_com.android.server.usage.StorageStatsService$Lifecycle
05-11 07:16:57.611 1497 1497 I SystemServerTiming: OnBootPhase_520_com.android.server.UiModeManagerService
05-11 07:16:57.611 1497 1497 I SystemServerTiming: OnBootPhase_520_com.android.server.locksettings.LockSettingsService$Lifecycle
05-11 07:16:57.611 1497 1497 I SystemServerTiming: OnBootPhase_520_com.android.server.PersistentDataBlockService
05-11 07:16:57.611 1497 1497 I SystemServerTiming: OnBootPhase_520_com.android.server.testharness.TestHarnessModeService
05-11 07:16:57.611 1497 1497 I SystemServerTiming: OnBootPhase_520_com.android.server.oemlock.OemLockService
05-11 07:16:57.611 1497 1497 I SystemServerTiming: OnBootPhase_520_com.android.server.DeviceIdleController
05-11 07:16:57.611 1497 1497 I SystemServerTiming: OnBootPhase_520_com.android.server.devicepolicy.DevicePolicyManagerService$Lifecycle
05-11 07:16:57.611 1497 1497 I SystemServerTiming: OnBootPhase_520_com.android.server.texttospeech.TextToSpeechManagerService
05-11 07:16:57.611 1497 1497 I SystemServerTiming: OnBootPhase_520_com.android.server.speech.SpeechRecognitionManagerService
05-11 07:16:57.611 1497 1497 I SystemServerTiming: OnBootPhase_520_com.android.server.searchui.SearchUiManagerService
05-11 07:16:57.611 1497 1497 I SystemServerTiming: OnBootPhase_520_com.android.server.smartspace.SmartspaceManagerService
05-11 07:16:57.611 1497 1497 I SystemServerTiming: OnBootPhase_520_com.android.server.graphics.fonts.FontManagerService$Lifecycle
05-11 07:16:57.611 1497 1497 I SystemServerTiming: OnBootPhase_520_com.android.server.textservices.TextServicesManagerService$Lifecycle
