05-11 11:10:56.120 1497 2519 W ContentProviderHelper: Permission Denial: opening provider com.tencent.minibox.loader.MiniBoxProvider from ProcessRecord{60624e8 8074:com.yinhan.hunter.tx/u0a108} (pid=8074, uid=10108) that is not exported from UID 10105
05-11 11:10:56.145 1497 2519 I am_uid_running: 10105
05-11 11:10:56.145 1497 2519 D CompatibilityChangeReporter: Compat change id reported: 135634846; UID 10105; state: DISABLED
05-11 11:10:56.145 1497 2519 D CompatibilityChangeReporter: Compat change id reported: 177438394; UID 10105; state: DISABLED
05-11 11:10:56.145 1497 2519 D CompatibilityChangeReporter: Compat change id reported: 135772972; UID 10105; state: DISABLED
05-11 11:10:56.145 1497 2519 D CompatibilityChangeReporter: Compat change id reported: 135754954; UID 10105; state: DISABLED
05-11 11:10:56.146 1497 1603 D CompatibilityChangeReporter: Compat change id reported: 143937733; UID 10105; state: DISABLED
05-11 11:10:56.152 1497 1603 I am_proc_start: [0,8281,10105,com.tencent.mobileqq,content provider,{com.tencent.mobileqq/com.tencent.mobileqq.openapi.OpenApiProvider}]
05-11 11:10:56.152 1497 1603 I ActivityManager: Start proc 8281:com.tencent.mobileqq/u0a105 for content provider {com.tencent.mobileqq/com.tencent.mobileqq.openapi.OpenApiProvider}
05-11 11:10:56.162 1497 2519 I am_proc_bound: [0,8281,com.tencent.mobileqq]
01-01 08:01:48.281 0 0 I binder : 8281:8281 ioctl 40046210 7fec0ec5c4 returned -22
05-11 11:10:56.164 1497 2519 D CompatibilityChangeReporter: Compat change id reported: 168419799; UID 10105; state: DISABLED
05-11 11:10:56.165 1497 2519 I am_uid_active: 10105
05-11 11:10:56.162 8074 8074 I auditd : type=1400 audit(0.0:7543): avc: denied { read } for comm="beacon-thread-1" name="ioports" dev="proc" ino=4026532273 scontext=u:r:untrusted_app_27:s0:c512,c768 tcontext=u:object_r:proc:s0 tclass=file permissive=1 app=com.yinhan.hunter.tx
05-11 11:10:56.162 8074 8074 I auditd : type=1400 audit(0.0:7544): avc: denied { open } for comm="beacon-thread-1" path="/proc/ioports" dev="proc" ino=4026532273 scontext=u:r:untrusted_app_27:s0:c512,c768 tcontext=u:object_r:proc:s0 tclass=file permissive=1 app=com.yinhan.hunter.tx
05-11 11:10:56.162 8074 8074 I auditd : type=1400 audit(0.0:7545): avc: denied { getattr } for comm="beacon-thread-1" path="/proc/ioports" dev="proc" ino=4026532273 scontext=u:r:untrusted_app_27:s0:c512,c768 tcontext=u:object_r:proc:s0 tclass=file permissive=1 app=com.yinhan.hunter.tx
05-11 11:10:56.166 8074 8074 I auditd : type=1400 audit(0.0:7546): avc: denied { open } for comm="beacon-thread-1" path="/dev/__properties__/u:object_r:wifi_hal_prop:s0" dev="tmpfs" ino=2458 scontext=u:r:untrusted_app_27:s0:c512,c768 tcontext=u:object_r:wifi_hal_prop:s0 tclass=file permissive=1 app=com.yinhan.hunter.tx
05-11 11:10:56.166 8074 8074 I auditd : type=1400 audit(0.0:7547): avc: denied { getattr } for comm="beacon-thread-1" path="/dev/__properties__/u:object_r:wifi_hal_prop:s0" dev="tmpfs" ino=2458 scontext=u:r:untrusted_app_27:s0:c512,c768 tcontext=u:object_r:wifi_hal_prop:s0 tclass=file permissive=1 app=com.yinhan.hunter.tx
01-01 08:01:48.291 0 0 W audit : audit_lost=7058 audit_rate_limit=5 audit_backlog_limit=64
01-01 08:01:48.291 0 0 E audit : rate limit exceeded
05-11 11:10:56.205 2050 4354 W ContextImpl: Calling a method in the system process without a qualified user: android.app.ContextImpl.startService:1816 android.content.ContextWrapper.startService:774 com.thundercomm.gamemode.ingame.services.GameModeActionUtils.startGameModeService:118 com.thundercomm.gamemode.ingame.services.GameModeActionUtils.startGameModeEntry:29 com.thundercomm.gamemode.ingame.services.ActivityMonitoringService$1.onActivityLaunch:140
05-11 11:10:56.208 1497 1497 I GameModeConfig: Current uri is uri = content://com.thundercomm.gamemode.api/gamemode_settings/gamemode_isgaming
05-11 11:10:56.209 1497 1497 I GameModeConfig: isGameModeOn = true
05-11 11:10:56.209 1497 1497 I GameModeConfig: isGaming = true
05-11 11:10:56.209 1497 1497 I GameModeConfig: isDisableNotification = true
05-11 11:10:56.209 1497 1497 I GameModeConfig: isGameModeOn = true
05-11 11:10:56.209 1497 1497 I GameModeConfig: isGaming = true
05-11 11:10:56.209 1497 1497 I GameModeConfig: isDisableNotification = true
01-01 08:01:48.336 0 0 W ALERT : changing window size from 16000000 to 8000000 at 105652020687
01-01 08:01:48.353 0 0 I atmel_mxt_ts 0-004a: FB event:2,blank:0
01-01 08:01:48.353 0 0 I atmel_mxt_ts 0-004a: suspend: event = 2, blank = 0, not care
01-01 08:01:48.353 0 0 I [drm:dsi_display_set_mode] [msm-dsi-info]: mdp_transfer_time_us=0 us
01-01 08:01:48.353 0 0 I [drm:dsi_display_set_mode] [msm-dsi-info]: hactive= 2560,vactive= 1080,fps=30
01-01 08:01:48.353 0 0 I : [MAX975X:max96755x_drm_notifier_callback] *INFO* receives BLANK: UNBLANK
05-11 11:10:56.247 1497 1588 I DisplayDeviceRepository: Display device changed: DisplayDeviceInfo{"内置å±å¹•": uniqueId="local:4630946816427681409", 2560 x 1080, modeId 3, defaultModeId 1, supportedModes [{id=1, width=2560, height=1080, fps=60.000004, alternativeRefreshRates=[30.000002, 45.0]}, {id=2, width=2560, height=1080, fps=45.0, alternativeRefreshRates=[30.000002, 60.000004]}, {id=3, width=2560, height=1080, fps=30.000002, alternativeRefreshRates=[45.0, 60.000004]}], colorMode 0, supportedColorModes [0], hdrCapabilities HdrCapabilities{mSupportedHdrTypes=[2, 3, 4], mMaxLuminance=500.0, mMaxAverageLuminance=500.0, mMinLuminance=0.0}, allmSupported false, gameContentTypeSupported false, density 240, 320.315 x 318.976 dpi, appVsyncOff 1000000, presDeadline 33333333, touch INTERNAL, rotation 0, type INTERNAL, address {port=129, model=0x40446d97fee5e6}, deviceProductInfo DeviceProductInfo{name=, manufacturerPnpId=QCM, productId=1, modelYear=null, manufactureDate=ManufactureDate{week=27, year=2006}, connectionToSinkType=0}, state ON, frameRateOverride , brightnessMinimum 0.0, brightnessMaximum 1.0, brightnessDefault 1.0, FLAG_DEFAULT_DISPLAY, FLAG_ROTATES_WITH_CONTENT, FLAG_SECURE, FLAG_SUPPORTS_PROTECTED_BUFFERS}
05-11 11:10:56.325 1497 1780 I commit_sys_config_file: [settings-3-0,1]
05-11 11:10:56.407 1497 1780 I commit_sys_config_file: [settings-1-0,3]
01-01 08:01:48.556 0 0 I atmel_mxt_ts 0-004a: FB event:1,blank:0
01-01 08:01:48.556 0 0 I atmel_mxt_ts 0-004a: drm_notifier_callback: UNBLANK! Resume by drm notifier.
05-11 11:10:56.466 1497 1588 I wm_destroy_activity: [0,73360984,290,com.android.permissioncontroller/.permission.ui.GrantPermissionsActivity,finish-transit]
05-11 11:10:56.466 1497 1588 I wm_destroy_activity: [0,187501012,290,com.yinhan.hunter.tx/com.yongyong.nsdk.PermissionsActivity,finish-transit]
05-11 11:10:56.468 4101 4101 I wm_on_stop_called: [73360984,com.android.permissioncontroller.permission.ui.GrantPermissionsActivity,LIFECYCLER_STOP_ACTIVITY]
05-11 11:10:56.469 4101 4101 I wm_on_destroy_called: [73360984,com.android.permissioncontroller.permission.ui.GrantPermissionsActivity,performDestroy]
05-11 11:10:56.596 1497 2089 D CompatibilityChangeReporter: Compat change id reported: 149924527; UID 10108; state: ENABLED
05-11 11:10:56.596 1497 2089 D CompatibilityChangeReporter: Compat change id reported: 132649864; UID 10108; state: DISABLED
05-11 11:10:56.641 1497 1602 W BroadcastQueue: Permission Denial: broadcasting Intent { act=android.net.conn.CONNECTIVITY_CHANGE flg=0x4200010 (has extras) } from null (pid=-1, uid=-1) requires com.tencent.bugly.BuglyBroadcastReceiver.permission due to registered receiver BroadcastFilter{3d6491a 10108/u0 ReceiverList{4e75bc5 8074 com.yinhan.hunter.tx/10108/u0 remote:459b23c}}
05-11 11:10:56.724 1497 2089 I netstats_mobile_sample: [0,0,0,0,0,0,0,0,0,0,0,0,1683872323732]
05-11 11:10:56.724 1497 2089 I netstats_wifi_sample: [322,1,0,0,322,1,0,0,0,0,0,0,1683872323732]
05-11 11:10:56.728 8074 8074 I wm_on_activity_result_called: [64073456,com.yinhan.hunter.GAT,ACTIVITY_RESULT]
05-11 11:10:56.749 1497 1780 I commit_sys_config_file: [settings-3-0,2]
05-11 11:10:56.803 1497 2512 I am_uid_running: 99001
05-11 11:10:56.804 1497 2512 D CompatibilityChangeReporter: Compat change id reported: 135634846; UID 10108; state: DISABLED
05-11 11:10:56.804 1497 1603 D CompatibilityChangeReporter: Compat change id reported: 143937733; UID 10108; state: ENABLED
05-11 11:10:56.806 1497 1602 W BroadcastQueue: Background execution not allowed: receiving Intent { act=com.youku.accs.oneConfig flg=0x10 (has extras) } to com.youku.phone/com.youku.oneconfigbll.receiver.OneConfigCacheReceiver
05-11 11:10:56.809 1497 1603 I am_proc_start: [0,8464,99001,com.android.webview:sandboxed_process0:org.chromium.content.app.SandboxedProcessService0:0,,{com.yinhan.hunter.tx/org.chromium.content.app.SandboxedProcessService0:0}]
05-11 11:10:56.809 1497 1603 I ActivityManager: Start proc 8464:com.android.webview:sandboxed_process0:org.chromium.content.app.SandboxedProcessService0:0/u0i1 for {com.yinhan.hunter.tx/org.chromium.content.app.SandboxedProcessService0:0}
01-01 08:01:48.945 0 0 I binder : 8464:8464 ioctl 40046210 ff8c00c8 returned -22
05-11 11:10:56.828 1497 2068 I am_proc_bound: [0,8464,com.android.webview:sandboxed_process0:org.chromium.content.app.SandboxedProcessService0:0]
05-11 11:10:56.829 1497 2068 I am_uid_active: 99001
05-11 11:10:56.901 8074 8074 I wm_on_resume_called: [64073456,com.yinhan.hunter.GAT,RESUME_ACTIVITY]
05-11 11:10:56.901 8074 8074 I wm_on_top_resumed_gained_called: [64073456,com.yinhan.hunter.GAT,topWhenResuming]
05-11 11:10:56.909 1497 1589 I input_focus: [Focus request da1f6a1 com.yinhan.hunter.tx/com.yinhan.hunter.GAT,reason=UpdateInputWindows]
05-11 11:10:56.935 1497 1792 I input_focus: [Focus leaving dd2f24c com.yinhan.hunter.tx/com.yinhan.hunter.GAT (server),reason=Waiting for window because NOT_VISIBLE]
05-11 11:10:56.954 1497 1589 I input_focus: [Focus request dd2f24c com.yinhan.hunter.tx/com.yinhan.hunter.GAT,reason=UpdateInputWindows]
05-11 11:10:56.956 8074 8074 I wm_on_stop_called: [187501012,com.yongyong.nsdk.PermissionsActivity,LIFECYCLER_STOP_ACTIVITY]
05-11 11:10:56.958 8074 8074 I wm_on_destroy_called: [187501012,com.yongyong.nsdk.PermissionsActivity,performDestroy]
05-11 11:10:56.969 1497 1792 I input_focus: [Focus entering dd2f24c com.yinhan.hunter.tx/com.yinhan.hunter.GAT (server),reason=setFocusedWindow]
05-11 11:10:57.778 1497 1764 I ActivityManager: PendingStartActivityUids startActivity to updateOomAdj delay:1720ms, uid:10108
05-11 11:10:57.787 1497 1601 I am_pss : [4363,10101,com.baidu.appsearch,35306496,25174016,0,172535808,0,4,7]
05-11 11:10:57.792 1497 1601 I am_pss : [3143,10083,com.qualcomm.qti.workloadclassifier,7262208,5681152,0,94121984,0,0,5]
05-11 11:10:57.798 1497 1601 I am_pss : [3104,10086,com.qualcomm.qti.qccnetstat,5649408,4161536,0,89710592,0,0,4]
05-11 11:10:57.804 1497 1601 I am_pss : [3096,10071,com.qualcomm.qti.services.systemhelper:systemhelper_service,5824512,4268032,0,91693056,0,0,5]
05-11 11:10:57.809 1497 1601 I am_pss : [3059,10057,.pasr,5063680,3612672,0,87867392,0,0,4]
05-11 11:10:57.815 1497 1601 I am_pss : [3054,1000,com.hryt.hiphishowfsecontrol,9465856,7766016,0,99405824,0,0,5]
05-11 11:10:57.820 1497 1601 I am_pss : [3011,10081,com.hht.lebocast,27485184,16683008,0,97558528,0,0,5]
05-11 11:10:57.825 1497 1601 I am_pss : [3024,10055,ts.car.uart,5646336,4177920,0,88600576,0,0,5]
05-11 11:10:57.846 6947 6947 I auditd : type=1400 audit(0.0:7568): avc: denied { open } for comm="APM-TickThread" path="/proc/stat" dev="proc" ino=4026532236 scontext=u:r:untrusted_app_27:s0:c107,c256,c512,c768 tcontext=u:object_r:proc_stat:s0 tclass=file permissive=1 app=com.qqgame.happymj
05-11 11:10:57.846 6947 6947 I auditd : type=1400 audit(0.0:7569): avc: denied { getattr } for comm="APM-TickThread" path="/proc/stat" dev="proc" ino=4026532236 scontext=u:r:untrusted_app_27:s0:c107,c256,c512,c768 tcontext=u:object_r:proc_stat:s0 tclass=file permissive=1 app=com.qqgame.happymj
05-11 11:10:58.098 0 0 I auditd : type=1400 audit(0.0:7570): avc: denied { kill } for comm="swapper/5" capability=5 scontext=u:r:kernel:s0 tcontext=u:r:kernel:s0 tclass=capability permissive=1
05-11 11:10:58.238 8074 8074 I auditd : type=1400 audit(0.0:7571): avc: granted { nlmsg_readpriv } for comm="qm-thread-3" scontext=u:r:untrusted_app_27:s0:c512,c768 tcontext=u:r:untrusted_app_27:s0:c512,c768 tclass=netlink_route_socket app=com.yinhan.hunter.tx
05-11 11:10:58.380 1497 1810 I service_manager_stats: [100,43,29469]
05-11 11:10:58.381 1497 1810 I netstats_mobile_sample: [0,0,0,0,0,0,0,0,0,0,0,0,1683872325388]
05-11 11:10:58.381 1497 1810 I netstats_wifi_sample: [322,1,0,0,322,1,0,0,0,0,0,0,1683872325388]
05-11 11:10:58.378 685 685 I auditd : type=1400 audit(0.0:7572): avc: denied { add_name } for comm="Binder:685_4" name="globalAlert" scontext=u:r:netd:s0 tcontext=u:object_r:proc_net:s0 tclass=dir permissive=1
01-01 08:01:50.502 0 0 W audit : audit_lost=7078 audit_rate_limit=5 audit_backlog_limit=64
01-01 08:01:50.502 0 0 E audit : rate limit exceeded
01-01 08:01:51.708 0 0 E link_delay_work_func: DTC_ETH: SQI=0, link=0
01-01 08:01:51.861 0 0 I [dp_rx_][0x8003f5ae][11:10:59.740213] wlan: [3496:I:QDF] DHCP-R RX: SA:34:f7:16:b2:4c:1e DA:ff:ff:ff:ff:ff:ff
05-11 11:11:01.119 1497 1792 I input_interaction: Interaction with: 31f13a com.youku.phone/com.youku.v2.HomePageEntry (server), edge-swipe (server), swipe-up (server), PointerEventDispatcher0 (server),
05-11 11:11:01.120 1497 1588 I wm_task_moved: [286,1,8]
05-11 11:11:01.120 1497 1588 I wm_task_to_front: [0,286]
05-11 11:11:01.123 1497 1588 I wm_focused_root_task: [0,0,286,290,setFocusedTask]
05-11 11:11:01.123 1497 1588 I wm_set_resumed_activity: [0,com.youku.phone/com.youku.v2.HomePageEntry,setFocusedTask]
05-11 11:11:01.124 1497 1588 I ActivityTaskManager: FOREGROUND_APPLICATION_CHANGED to com.youku.v2.HomePageEntry
05-11 11:11:01.124 1497 1588 I wm_set_resumed_activity: [0,com.youku.phone/com.youku.v2.HomePageEntry,resumeTopActivityInnerLocked]
05-11 11:11:01.126 1497 1588 I wm_resume_activity: [0,73312546,286,com.youku.phone/com.youku.v2.HomePageEntry]
05-11 11:11:01.126 1497 1589 I input_focus: [Focus request 31f13a com.youku.phone/com.youku.v2.HomePageEntry,reason=UpdateInputWindows]
05-11 11:11:01.137 1497 1792 I input_focus: [Focus leaving dd2f24c com.yinhan.hunter.tx/com.yinhan.hunter.GAT (server),reason=setFocusedWindow]
05-11 11:11:01.137 1497 1792 I input_focus: [Focus entering 31f13a com.youku.phone/com.youku.v2.HomePageEntry (server),reason=setFocusedWindow]
05-11 11:11:01.145 8074 8074 I wm_on_top_resumed_lost_called: [64073456,com.yinhan.hunter.GAT,topStateChangedWhenResumed]
05-11 11:11:01.145 1497 1746 I commit_sys_config_file: [package-user-0,1]
05-11 11:11:01.154 6574 6574 I wm_on_resume_called: [73312546,com.youku.v2.HomePageEntry,RESUME_ACTIVITY]
05-11 11:11:01.165 6574 6574 I wm_on_top_resumed_gained_called: [73312546,com.youku.v2.HomePageEntry,topStateChangedWhenResumed]
05-11 11:11:01.180 1497 2068 D CompatibilityChangeReporter: Compat change id reported: 181136395; UID 10108; state: DISABLED
05-11 11:11:01.180 1497 2068 D CompatibilityChangeReporter: Compat change id reported: 174042936; UID 10108; state: DISABLED
05-11 11:11:01.191 1497 1601 I am_pss : [8074,10108,com.yinhan.hunter.tx,151220224,129138688,0,321499136,0,2,9]
05-11 11:11:01.425 1497 2068 I ActivityTaskManager: clear resize flag in freeform mode
05-11 11:11:01.646 8687 8687 I auditd : type=1400 audit(0.0:7574): avc: denied { open } for comm="getprop" path="/dev/__properties__/u:object_r:ab_update_gki_prop:s0" dev="tmpfs" ino=2120 scontext=u:r:untrusted_app_27:s0:c512,c768 tcontext=u:object_r:ab_update_gki_prop:s0 tclass=file permissive=1 app=com.yinhan.hunter.tx
05-11 11:11:01.646 8687 8687 I auditd : type=1400 audit(0.0:7575): avc: denied { getattr } for comm="getprop" path="/dev/__properties__/u:object_r:ab_update_gki_prop:s0" dev="tmpfs" ino=2120 scontext=u:r:untrusted_app_27:s0:c512,c768 tcontext=u:object_r:ab_update_gki_prop:s0 tclass=file permissive=1 app=com.yinhan.hunter.tx
05-11 11:11:01.646 8687 8687 I auditd : type=1400 audit(0.0:7576): avc: denied { map } for comm="getprop" path="/dev/__properties__/u:object_r:ab_update_gki_prop:s0" dev="tmpfs" ino=2120 scontext=u:r:untrusted_app_27:s0:c512,c768 tcontext=u:object_r:ab_update_gki_prop:s0 tclass=file permissive=1 app=com.yinhan.hunter.tx
05-11 11:11:01.646 8687 8687 I auditd : type=1400 audit(0.0:7577): avc: denied { open } for comm="getprop" path="/dev/__properties__/u:object_r:adbd_prop:s0" dev="tmpfs" ino=2122 scontext=u:r:untrusted_app_27:s0:c512,c768 tcontext=u:object_r:adbd_prop:s0 tclass=file permissive=1 app=com.yinhan.hunter.tx
05-11 11:11:01.646 8687 8687 I auditd : type=1400 audit(0.0:7578): avc: denied { getattr } for comm="getprop" path="/dev/__properties__/u:object_r:adbd_prop:s0" dev="tmpfs" ino=2122 scontext=u:r:untrusted_app_27:s0:c512,c768 tcontext=u:object_r:adbd_prop:s0 tclass=file permissive=1 app=com.yinhan.hunter.tx
01-01 08:01:53.771 0 0 W audit : audit_lost=7079 audit_rate_limit=5 audit_backlog_limit=64
01-01 08:01:53.771 0 0 E audit : rate limit exceeded
01-01 08:01:56.828 0 0 E link_delay_work_func: DTC_ETH: SQI=0, link=0
01-01 08:01:57.087 0 0 I [dp_rx_][0x85ff21fa][11:11:04.966616] wlan: [3496:I:QDF] DHCP-R RX: SA:34:f7:16:b2:4c:1e DA:ff:ff:ff:ff:ff:ff
05-11 11:11:04.974 6947 6947 I auditd : type=1400 audit(0.0:8253): avc: denied { open } for comm="APM-TickThread" path="/proc/stat" dev="proc" ino=4026532236 scontext=u:r:untrusted_app_27:s0:c107,c256,c512,c768 tcontext=u:object_r:proc_stat:s0 tclass=file permissive=1 app=com.qqgame.happymj
05-11 11:11:04.974 6947 6947 I auditd : type=1400 audit(0.0:8254): avc: denied { getattr } for comm="APM-TickThread" path="/proc/stat" dev="proc" ino=4026532236 scontext=u:r:untrusted_app_27:s0:c107,c256,c512,c768 tcontext=u:object_r:proc_stat:s0 tclass=file permissive=1 app=com.qqgame.happymj
05-11 11:11:05.214 1497 1746 W PackageManager: /data/system/packages.xml fsync begin
05-11 11:11:05.216 1497 1746 W PackageManager: /data/system/packages.xml fsync end
05-11 11:11:05.225 1497 1746 I commit_sys_config_file: [package-user-0,1]
05-11 11:11:05.225 1497 1746 I commit_sys_config_file: [package,17]
01-01 08:01:57.345 0 0 I logd : start watching /data/system/packages.list ...
01-01 08:01:57.346 0 0 I logd : ReadPackageList, total packages: 122
05-11 11:11:07.234 6947 6947 I auditd : type=1400 audit(0.0:8255): avc: denied { search } for comm="Thread-144" name="net" dev="sysfs" ino=46851 scontext=u:r:untrusted_app_27:s0:c107,c256,c512,c768 tcontext=u:object_r:sysfs_net:s0 tclass=dir permissive=1 app=com.qqgame.happymj
05-11 11:11:07.375 1497 1886 I sync : [com.tencent.android.qqdownloader.YYBLiveAccountProvider,0,3,24220937]
05-11 11:11:07.384 1497 1886 I sync : [com.tencent.android.qqdownloader.YYBLiveAccountProvider,1,3,24220937]
05-11 11:11:07.386 1497 1886 I commit_sys_config_file: [sync-status,101270]
05-11 11:11:07.389 1497 1886 I sync : [com.tencent.android.qqdownloader.YYBLiveAccountProvider,0,3,24220937]
05-11 11:11:07.396 1497 1886 I sync : [com.tencent.android.qqdownloader.YYBLiveAccountProvider,1,3,24220937]
05-11 11:11:07.397 1497 1886 I commit_sys_config_file: [sync-status,101282]
05-11 11:11:09.075 1497 1810 I netstats_mobile_sample: [0,0,0,0,0,0,0,0,0,0,0,0,1683872336083]
05-11 11:11:09.075 1497 1810 I netstats_wifi_sample: [322,1,0,0,322,1,0,0,0,0,0,0,1683872336083]
05-11 11:11:09.074 685 685 I auditd : type=1400 audit(0.0:8256): avc: denied { add_name } for comm="Binder:685_4" name="globalAlert" scontext=u:r:netd:s0 tcontext=u:object_r:proc_net:s0 tclass=dir permissive=1
05-11 11:11:09.386 1497 1587 I commit_sys_config_file: [jobs,1]
05-11 11:11:09.530 1497 1601 I am_pss : [6947,10107,com.qqgame.happymj,538539008,421789696,105680896,543649792,0,15,22]
01-01 08:02:01.948 0 0 E link_delay_work_func: DTC_ETH: SQI=0, link=0
05-11 11:11:10.295 1497 1810 I netstats_mobile_sample: [0,0,0,0,0,0,0,0,0,0,0,0,1683872337302]
05-11 11:11:10.295 1497 1810 I netstats_wifi_sample: [322,1,0,0,322,1,0,0,0,0,0,0,1683872337302]
01-01 08:02:02.613 0 0 I [dp_rx_][0x8c523125][11:11:10.493005] wlan: [3496:I:QDF] DHCP-R RX: SA:34:f7:16:b2:4c:1e DA:ff:ff:ff:ff:ff:ff
05-11 11:11:12.064 1497 1810 I netstats_mobile_sample: [0,0,0,0,0,0,0,0,0,0,0,0,1683872339071]
05-11 11:11:12.064 1497 1810 I netstats_wifi_sample: [322,1,0,0,322,1,0,0,0,0,0,0,1683872339071]
05-11 11:11:13.279 1497 1810 I netstats_mobile_sample: [0,0,0,0,0,0,0,0,0,0,0,0,1683872340286]
05-11 11:11:13.279 1497 1810 I netstats_wifi_sample: [322,1,0,0,322,1,0,0,0,0,0,0,1683872340286]
05-11 11:11:13.926 866 866 I auditd : type=1400 audit(0.0:8257): avc: denied { add_name } for comm="perf@2.2-servic" name="force_rail_on" scontext=u:r:vendor_hal_perf_default:s0 tcontext=u:object_r:vendor_sysfs_kgsl:s0 tclass=dir permissive=1
05-11 11:11:13.926 866 866 I auditd : type=1400 audit(0.0:8258): avc: denied { create } for comm="perf@2.2-servic" name="force_rail_on" scontext=u:r:vendor_hal_perf_default:s0 tcontext=u:object_r:vendor_sysfs_kgsl:s0 tclass=file permissive=1
05-11 11:11:13.926 866 866 I auditd : type=1400 audit(0.0:8259): avc: denied { add_name } for comm="perf@2.2-servic" name="min_freq" scontext=u:r:vendor_hal_perf_default:s0 tcontext=u:object_r:vendor_sysfs_devfreq:s0 tclass=dir permissive=1
05-11 11:11:13.926 866 866 I auditd : type=1400 audit(0.0:8260): avc: denied { create } for comm="perf@2.2-servic" name="min_freq" scontext=u:r:vendor_hal_perf_default:s0 tcontext=u:object_r:vendor_sysfs_devfreq:s0 tclass=file permissive=1
05-11 11:11:13.926 866 866 I auditd : type=1400 audit(0.0:8261): avc: denied { add_name } for comm="perf@2.2-servic" name="clkscale_enable" scontext=u:r:vendor_hal_perf_default:s0 tcontext=u:object_r:sysfs:s0 tclass=dir permissive=1
05-11 11:11:13.926 866 866 I auditd : type=1400 audit(0.0:8262): avc: denied { create } for comm="perf@2.2-servic" name="clkscale_enable" scontext=u:r:vendor_hal_perf_default:s0 tcontext=u:object_r:sysfs:s0 tclass=file permissive=1
01-01 08:02:06.053 0 0 W audit : audit_lost=7753 audit_rate_limit=5 audit_backlog_limit=64
01-01 08:02:06.053 0 0 E audit : rate limit exceeded
01-01 08:02:07.068 0 0 E link_delay_work_func: DTC_ETH: SQI=0, link=0
05-11 11:11:15.478 6574 6574 I auditd : type=1400 audit(0.0:8265): avc: denied { read } for comm="CrashSDKBkgdHan" name="loadavg" dev="proc" ino=4026532234 scontext=u:r:untrusted_app:s0:c104,c256,c512,c768 tcontext=u:object_r:proc_loadavg:s0 tclass=file permissive=1 app=com.youku.phone
05-11 11:11:15.478 6574 6574 I auditd : type=1400 audit(0.0:8266): avc: denied { open } for comm="CrashSDKBkgdHan" path="/proc/loadavg" dev="proc" ino=4026532234 scontext=u:r:untrusted_app:s0:c104,c256,c512,c768 tcontext=u:object_r:proc_loadavg:s0 tclass=file permissive=1 app=com.youku.phone
05-11 11:11:15.478 6574 6574 I auditd : type=1400 audit(0.0:8267): avc: denied { open } for comm="CrashSDKBkgdHan" path="/proc/stat" dev="proc" ino=4026532236 scontext=u:r:untrusted_app:s0:c104,c256,c512,c768 tcontext=u:object_r:proc_stat:s0 tclass=file permissive=1 app=com.youku.phone
01-01 08:02:08.348 0 0 I [dp_rx_][0x92e22aa0][11:11:16.227319] wlan: [3496:I:QDF] DHCP-R RX: SA:34:f7:16:b2:4c:1e DA:ff:ff:ff:ff:ff:ff
05-11 11:11:19.115 1497 2089 D CompatibilityChangeReporter: Compat change id reported: 168419799; UID 10108; state: DISABLED
05-11 11:11:19.130 1497 1601 I am_pss : [8074,10108,com.yinhan.hunter.tx,179051520,156884992,0,349528064,0,2,14]
05-11 11:11:19.324 1497 1601 I am_pss : [8464,99001,com.android.webview:sandboxed_process0:org.chromium.content.app.SandboxedProcessService0:0,62360576,51900416,0,126287872,0,3,6]
05-11 11:11:19.334 1497 1601 I am_pss : [2603,10072,com.android.launcher3,55895040,51564544,0,173977600,0,5,8]
05-11 11:11:19.339 1497 1601 I am_pss : [3967,10066,com.android.webview:webview_service,13361152,3796992,728064,77668352,0,3,5]
05-11 11:11:19.346 1497 1601 I am_pss : [3291,10094,com.tencent.android.qqdownloader:live,44724224,41897984,167936,144732160,0,5,7]
05-11 11:11:19.361 1497 1601 I am_pss : [3506,10094,com.tencent.android.qqdownloader:daemon,174151680,153559040,40960,334290944,0,5,14]
05-11 11:11:19.370 1497 1601 I am_pss : [3592,10094,com.tencent.android.qqdownloader,96107520,76238848,16007168,186626048,0,10,9]
05-11 11:11:19.379 1497 1601 I am_pss : [6095,10094,com.tencent.ilink.ServiceProcess,77501440,46010368,27892736,127991808,0,10,8]
05-11 11:11:19.383 1497 1601 I am_pss : [6112,99000,com.android.webview:sandboxed_process0:org.chromium.content.app.SandboxedProcessService0:0,15733760,2904064,6423552,59736064,0,5,3]
05-11 11:11:19.995 1497 1829 I storage_state: [41217664-9172-527a-b3d5-edabb50a7d69,0,0,89596485632,118610538496]
01-01 08:02:12.189 0 0 E link_delay_work_func: DTC_ETH: SQI=0, link=0
01-01 08:02:13.366 0 0 I [dp_rx_][0x98a063f2][11:11:21.245683] wlan: [3496:I:QDF] DHCP-R RX: SA:34:f7:16:b2:4c:1e DA:ff:ff:ff:ff:ff:ff
01-01 08:02:17.308 0 0 E link_delay_work_func: DTC_ETH: SQI=0, link=0
01-01 08:02:18.599 0 0 I [dp_rx_][0x9e9d851d][11:11:26.478765] wlan: [3496:I:QDF] DHCP-R RX: SA:34:f7:16:b2:4c:1e DA:ff:ff:ff:ff:ff:ff
05-11 11:11:27.750 7651 7651 I auditd : type=1400 audit(0.0:8268): avc: denied { read } for comm="CrashSDKBkgdHan" name="loadavg" dev="proc" ino=4026532234 scontext=u:r:untrusted_app:s0:c104,c256,c512,c768 tcontext=u:object_r:proc_loadavg:s0 tclass=file permissive=1 app=com.youku.phone
05-11 11:11:27.750 7651 7651 I auditd : type=1400 audit(0.0:8269): avc: denied { open } for comm="CrashSDKBkgdHan" path="/proc/loadavg" dev="proc" ino=4026532234 scontext=u:r:untrusted_app:s0:c104,c256,c512,c768 tcontext=u:object_r:proc_loadavg:s0 tclass=file permissive=1 app=com.youku.phone
05-11 11:11:28.178 1497 1497 I notification_enqueue: [10101,4363,com.baidu.appsearch,2131755452,NULL,0,Notification(channel=手机管ç†ã€å®‰å…¨æ£€æµ‹ç›¸å…³é€šçŸ¥ shortcut=null contentView=null vibrate=null sound=null defaults=0x0 flags=0x62 color=0x00000000 vis=PRIVATE),1]
05-11 11:11:28.378 1497 1497 I GameModeConfig: isGameModeOn = true
05-11 11:11:28.378 1497 1497 I GameModeConfig: isGaming = true
05-11 11:11:28.378 1497 1497 I GameModeConfig: isDisableNotification = true
05-11 11:11:28.378 1497 1497 I GameModeConfig: isGameModeOn = true
05-11 11:11:28.378 1497 1497 I GameModeConfig: isGaming = true
05-11 11:11:28.378 1497 1497 I GameModeConfig: isDisableNotification = true
05-11 11:11:28.426 1902 1902 I sysui_multi_action: [757,803,799,note_peek,802,1]
05-11 11:11:28.430 1497 2087 I sysui_multi_action: [757,127,758,1]
05-11 11:11:28.430 1497 2087 I sysui_multi_action: [757,804,799,note_load,801,1,802,1]
05-11 11:11:28.430 1497 2087 I notification_panel_revealed: 1
05-11 11:11:28.431 1902 1902 I sysui_heads_up_status: [0|com.baidu.appsearch|2131755452|null|10101,1]
05-11 11:11:28.434 1497 2089 I sysui_multi_action: [757,128,758,1,793,126450,794,0,795,126450,796,26,798,0,806,android,857,DEVELOPER_IMPORTANT,858,4,947,0,1395,2,1500,125898,1688,1]
05-11 11:11:28.434 1497 2089 I sysui_multi_action: [757,804,799,note_freshness,801,126450,802,1]
05-11 11:11:28.434 1497 2089 I notification_visibility: [-1|android|26|null|1000,1,126450,126450,0,0]
05-11 11:11:28.434 1497 2089 I sysui_multi_action: [757,128,758,1,793,126451,794,0,795,126451,796,27,798,1,806,android,857,USB,858,1,947,0,1395,2,1500,125899,1688,1]
05-11 11:11:28.434 1497 2089 I sysui_multi_action: [757,804,799,note_freshness,801,126451,802,1]
05-11 11:11:28.434 1497 2089 I notification_visibility: [-1|android|27|null|1000,1,126451,126451,0,1]
05-11 11:11:29.138 1497 1601 I am_pss : [7651,10104,com.youku.phone:channel,71287808,48873472,0,192331776,0,3,9]
05-11 11:11:29.206 1497 2089 I netstats_mobile_sample: [0,0,0,0,0,0,0,0,0,0,0,0,1683872356213]
05-11 11:11:29.206 1497 2089 I netstats_wifi_sample: [322,1,0,0,322,1,0,0,0,0,0,0,1683872356213]
01-01 08:02:22.428 0 0 E link_delay_work_func: DTC_ETH: SQI=0, link=0
05-11 11:11:30.974 1497 2087 I ActivityTaskManager: clear resize flag in freeform mode
05-11 11:11:33.596 1497 2087 I ActivityTaskManager: clear resize flag in freeform mode
05-11 11:11:33.654 4759 4759 I auditd : type=1400 audit(0.0:8270): avc: granted { nlmsg_readpriv } for comm="DaemonThread-6" scontext=u:r:untrusted_app_27:s0:c512,c768 tcontext=u:r:untrusted_app_27:s0:c512,c768 tclass=netlink_route_socket app=com.wandoujia.phoenix2
05-11 11:11:34.014 4759 4759 I auditd : type=1400 audit(0.0:8271): avc: granted { nlmsg_readpriv } for comm="DaemonThread-6" scontext=u:r:untrusted_app_27:s0:c512,c768 tcontext=u:r:untrusted_app_27:s0:c512,c768 tclass=netlink_route_socket app=com.wandoujia.phoenix2
05-11 11:11:34.124 1902 1902 I sysui_heads_up_status: [0|com.baidu.appsearch|2131755452|null|10101,0]
05-11 11:11:34.498 1497 1792 I input_interaction: Interaction with: 2a383a2 PopupWindow:c902a75 (server), edge-swipe (server), swipe-up (server), PointerEventDispatcher0 (server),
05-11 11:11:34.589 1497 2089 I sysui_multi_action: [757,128,758,2,793,132605,794,6155,795,132605,796,26,798,0,806,android,857,DEVELOPER_IMPORTANT,858,4,947,0,1395,2,1500,132053,1688,1]
05-11 11:11:34.589 1497 2089 I notification_visibility: [-1|android|26|null|1000,0,132605,132605,0,0]
05-11 11:11:34.589 1497 2089 I sysui_multi_action: [757,128,758,2,793,132606,794,6155,795,132606,796,27,798,1,806,android,857,USB,858,1,947,0,1395,2,1500,132054,1688,1]
05-11 11:11:34.589 1497 2089 I notification_visibility: [-1|android|27|null|1000,0,132606,132606,0,1]
05-11 11:11:34.591 1497 2087 I sysui_multi_action: [757,127,758,2]
05-11 11:11:34.591 1497 2087 I notification_panel_hidden:
05-11 11:11:34.667 1497 2089 I thunderperf: PlatormCompat.setOverrides: Uid1=10108 Pid1=8074 Uid2=10108 Pid2=8074
05-11 11:11:34.667 1497 2089 I thunderperf: PlatormCompat.setOverrides: needCheck:false
05-11 11:11:34.667 1497 2089 I thunderperf: CompatConfig.addOverrideUnsafe: bef-state=0
05-11 11:11:34.667 1497 2089 I thunderperf: CompatConfig.addOverrideUnsafe: aft-state=0
05-11 11:11:34.667 1497 2089 W PackageManager: MATCH_ANY_USER flag requires INTERACT_ACROSS_USERS permission: UID 10108 requires android.permission.INTERACT_ACROSS_USERS_FULL or android.permission.INTERACT_ACROSS_USERS to access user 0.
05-11 11:11:34.668 1497 2089 I ActivityTaskManager: START u0 {flg=0x18000000 cmp=com.tencent.mm/.plugin.base.stub.WXEntryActivity (has extras)} from uid 10108
05-11 11:11:34.673 1497 2089 I wm_task_created: [291,-1]
05-11 11:11:34.673 1497 2089 W ActivityTaskManager: Can't find TaskDisplayArea to determine support for multi window. Task id=291 attached=false
05-11 11:11:34.670 866 866 I auditd : type=1400 audit(0.0:8272): avc: denied { create } for comm="perf@2.2-servic" name="cpu_max_freq" scontext=u:r:vendor_hal_perf_default:s0 tcontext=u:object_r:vendor_sysfs_msm_perf:s0 tclass=file permissive=1
05-11 11:11:34.676 1497 2089 D CompatibilityChangeReporter: Compat change id reported: 174042980; UID 10096; state: DISABLED
05-11 11:11:34.676 1497 2089 D CompatibilityChangeReporter: Compat change id reported: 184838306; UID 10096; state: DISABLED
05-11 11:11:34.676 1497 2089 D CompatibilityChangeReporter: Compat change id reported: 185004937; UID 10096; state: DISABLED
05-11 11:11:34.677 1497 2089 D CompatibilityChangeReporter: Compat change id reported: 181136395; UID 10096; state: DISABLED
05-11 11:11:34.677 1497 2089 D CompatibilityChangeReporter: Compat change id reported: 174042936; UID 10096; state: DISABLED
05-11 11:11:34.677 1497 2089 I wm_task_moved: [291,1,9]
05-11 11:11:34.677 1497 2089 I wm_task_to_front: [0,291]
05-11 11:11:34.678 1497 2089 I wm_create_task: [0,291]
05-11 11:11:34.678 1497 2089 I wm_create_activity: [0,200637186,291,com.tencent.mm/.plugin.base.stub.WXEntryActivity,NULL,NULL,NULL,411041792]
05-11 11:11:34.678 1497 2089 I wm_task_moved: [291,1,9]
05-11 11:11:34.678 6574 6574 I wm_on_top_resumed_lost_called: [73312546,com.youku.v2.HomePageEntry,topStateChangedWhenResumed]
05-11 11:11:34.678 1497 2089 V SplashScreenExceptionList: SplashScreen checking exception for package com.tencent.mm (target sdk:29) -> false
05-11 11:11:34.678 1497 2089 I ActivityTaskManager: FOREGROUND_APPLICATION_CHANGED to com.tencent.mm.plugin.base.stub.WXEntryActivity
05-11 11:11:34.678 1497 2089 I ActivityTaskManager: The Process com.tencent.mm Already Exists in BG. So sending its PID: 4751
05-11 11:11:34.679 1497 2089 I wm_restart_activity: [0,200637186,291,com.tencent.mm/.plugin.base.stub.WXEntryActivity]
05-11 11:11:34.680 1497 2089 I wm_set_resumed_activity: [0,com.tencent.mm/.plugin.base.stub.WXEntryActivity,minimalResumeActivityLocked]
05-11 11:11:34.681 1497 2089 I wm_add_to_stopping: [0,73312546,com.youku.phone/com.youku.v2.HomePageEntry,makeInvisible]
05-11 11:11:34.702 1497 1792 I input_focus: [Focus leaving 31f13a com.youku.phone/com.youku.v2.HomePageEntry (server),reason=NO_WINDOW]
05-11 11:11:34.724 1497 1601 I am_pss : [6947,10107,com.qqgame.happymj,538399744,421748736,105598976,543608832,0,15,21]
05-11 11:11:34.732 1497 1601 I am_pss : [4101,10091,com.android.permissioncontroller,19231744,14553088,1154048,100257792,0,19,6]
05-11 11:11:34.742 1497 1601 I am_pss : [8281,10105,com.tencent.mobileqq,73827328,71569408,0,168574976,0,19,8]
05-11 11:11:34.750 1497 1601 I am_pss : [4759,10102,com.wandoujia.phoenix2:aid,58970112,42229760,4402176,176046080,0,19,8]
05-11 11:11:34.758 4751 4751 E ActivityThread: Failed to find provider info for com.google.android.gms.phenotype
05-11 11:11:34.761 1497 1601 I am_pss : [4840,10102,com.wandoujia.phoenix2,87399424,70377472,3058688,223563776,0,19,10]
05-11 11:11:34.775 1497 1601 I am_pss : [4680,10102,com.wandoujia.phoenix2:channel,35713024,14639104,13577216,106430464,0,19,6]
05-11 11:11:34.845 1497 2087 I thunderperf: PlatormCompat.setOverrides: Uid1=10096 Pid1=4751 Uid2=10096 Pid2=4751
05-11 11:11:34.845 1497 2087 I thunderperf: PlatormCompat.setOverrides: needCheck:false
05-11 11:11:34.845 1497 2087 I thunderperf: CompatConfig.addOverrideUnsafe: bef-state=0
05-11 11:11:34.845 1497 2087 I thunderperf: CompatConfig.addOverrideUnsafe: aft-state=0
05-11 11:11:34.845 1497 2087 W PackageManager: MATCH_ANY_USER flag requires INTERACT_ACROSS_USERS permission: UID 10096 requires android.permission.INTERACT_ACROSS_USERS_FULL or android.permission.INTERACT_ACROSS_USERS to access user 0.
05-11 11:11:34.845 1497 2087 I ActivityTaskManager: START u0 {flg=0x14000000 cmp=com.tencent.mm/.plugin.base.stub.UIEntryStub (has extras)} from uid 10096
05-11 11:11:34.842 866 866 I auditd : type=1400 audit(0.0:8273): avc: denied { add_name } for comm="perf@2.2-servic" name="clkscale_enable" scontext=u:r:vendor_hal_perf_default:s0 tcontext=u:object_r:sysfs:s0 tclass=dir permissive=1
05-11 11:11:34.842 866 866 I auditd : type=1400 audit(0.0:8274): avc: denied { create } for comm="perf@2.2-servic" name="clkscale_enable" scontext=u:r:vendor_hal_perf_default:s0 tcontext=u:object_r:sysfs:s0 tclass=file permissive=1
05-11 11:11:34.849 1497 2087 I wm_task_moved: [291,1,9]
05-11 11:11:34.849 1497 2087 I wm_set_resumed_activity: [0,com.tencent.mm/.plugin.base.stub.WXEntryActivity,positionChildAt]
05-11 11:11:34.849 1497 2087 I wm_create_activity: [0,184224395,291,com.tencent.mm/.plugin.base.stub.UIEntryStub,NULL,NULL,NULL,335544320]
05-11 11:11:34.850 1497 2087 I wm_pause_activity: [0,200637186,com.tencent.mm/.plugin.base.stub.WXEntryActivity,userLeaving=true,resumeTopActivityInnerLocked]
05-11 11:11:34.853 1497 2089 I wm_finish_activity: [0,200637186,291,com.tencent.mm/.plugin.base.stub.WXEntryActivity,app-request]
05-11 11:11:34.854 1497 2516 W ActivityTaskManager: Duplicate finish request for r=ActivityRecord{bf57b02 u0 com.tencent.mm/.plugin.base.stub.WXEntryActivity taskAffinity=10096:.sdkentry t291 f}}
05-11 11:11:34.854 4751 4751 I wm_on_create_called: [200637186,com.tencent.mm.plugin.base.stub.WXEntryActivity,performCreate]
05-11 11:11:34.868 1497 2516 I wm_add_to_stopping: [0,200637186,com.tencent.mm/.plugin.base.stub.WXEntryActivity,completeFinishing]
05-11 11:11:34.868 1497 2516 I ActivityTaskManager: FOREGROUND_APPLICATION_CHANGED to com.tencent.mm.plugin.base.stub.UIEntryStub
05-11 11:11:34.868 1497 2516 I ActivityTaskManager: The Process com.tencent.mm Already Exists in BG. So sending its PID: 4751
05-11 11:11:34.869 1497 2516 W ActivityTaskManager: Tried to set launchTime (0) < mLastActivityLaunchTime (144115)
05-11 11:11:34.869 1497 2516 I wm_restart_activity: [0,184224395,291,com.tencent.mm/.plugin.base.stub.UIEntryStub]
05-11 11:11:34.870 1497 2516 I wm_set_resumed_activity: [0,com.tencent.mm/.plugin.base.stub.UIEntryStub,minimalResumeActivityLocked]
05-11 11:11:34.873 1497 1588 I sysui_multi_action: [757,803,799,window_time_0,802,39]
05-11 11:11:34.874 4751 4751 I wm_on_create_called: [184224395,com.tencent.mm.plugin.base.stub.UIEntryStub,performCreate]
05-11 11:11:34.892 4751 4751 I wm_on_start_called: [184224395,com.tencent.mm.plugin.base.stub.UIEntryStub,handleStartActivity]
05-11 11:11:34.908 4751 4751 I wm_on_resume_called: [184224395,com.tencent.mm.plugin.base.stub.UIEntryStub,RESUME_ACTIVITY]
05-11 11:11:34.914 4751 4751 I wm_on_top_resumed_gained_called: [184224395,com.tencent.mm.plugin.base.stub.UIEntryStub,topStateChangedWhenResumed]
05-11 11:11:34.935 1497 2516 D CompatibilityChangeReporter: Compat change id reported: 171306433; UID 10096; state: DISABLED
05-11 11:11:34.943 1497 1589 I input_focus: [Focus request 4a84003 com.tencent.mm/com.tencent.mm.plugin.base.stub.UIEntryStub,reason=UpdateInputWindows]
05-11 11:11:34.950 1497 2089 I thunderperf: PlatormCompat.setOverrides: Uid1=10096 Pid1=4751 Uid2=10096 Pid2=4751
05-11 11:11:34.950 1497 2089 I thunderperf: PlatormCompat.setOverrides: needCheck:false
05-11 11:11:34.950 1497 2089 I thunderperf: CompatConfig.addOverrideUnsafe: bef-state=0
05-11 11:11:34.951 1497 2089 I thunderperf: CompatConfig.addOverrideUnsafe: aft-state=0
05-11 11:11:34.951 1497 2089 W PackageManager: MATCH_ANY_USER flag requires INTERACT_ACROSS_USERS permission: UID 10096 requires android.permission.INTERACT_ACROSS_USERS_FULL or android.permission.INTERACT_ACROSS_USERS to access user 0.
05-11 11:11:34.952 1497 2089 I ActivityTaskManager: START u0 {cmp=com.tencent.mm/.plugin.webview.ui.tools.SDKOAuthUI (has extras)} from uid 10096
05-11 11:11:34.953 1497 2089 I wm_task_moved: [291,1,9]
05-11 11:11:34.953 1497 2089 I wm_set_resumed_activity: [0,com.tencent.mm/.plugin.base.stub.UIEntryStub,positionChildAt]
05-11 11:11:34.953 1497 2089 I wm_create_activity: [0,245739436,291,com.tencent.mm/.plugin.webview.ui.tools.SDKOAuthUI,NULL,NULL,NULL,0]
05-11 11:11:34.954 1497 2089 I wm_pause_activity: [0,184224395,com.tencent.mm/.plugin.base.stub.UIEntryStub,userLeaving=true,resumeTopActivityInnerLocked]
05-11 11:11:34.964 1497 2089 I wm_finish_activity: [0,184224395,291,com.tencent.mm/.plugin.base.stub.UIEntryStub,app-request]
05-11 11:11:34.995 4751 4751 I wm_on_top_resumed_lost_called: [184224395,com.tencent.mm.plugin.base.stub.UIEntryStub,topStateChangedWhenResumed]
05-11 11:11:34.999 4751 4751 I wm_on_paused_called: [184224395,com.tencent.mm.plugin.base.stub.UIEntryStub,performPause]
05-11 11:11:35.000 1497 3412 I wm_add_to_stopping: [0,184224395,com.tencent.mm/.plugin.base.stub.UIEntryStub,completeFinishing]
05-11 11:11:35.001 1497 3412 I ActivityTaskManager: FOREGROUND_APPLICATION_CHANGED to com.tencent.mm.plugin.webview.ui.tools.SDKOAuthUI
05-11 11:11:35.001 1497 3412 I ActivityTaskManager: The Process com.tencent.mm Already Exists in BG. So sending its PID: 4751
05-11 11:11:35.001 1497 3412 W ActivityTaskManager: Tried to set launchTime (0) < mLastActivityLaunchTime (144305)
05-11 11:11:35.001 1497 3412 I wm_restart_activity: [0,245739436,291,com.tencent.mm/.plugin.webview.ui.tools.SDKOAuthUI]
05-11 11:11:35.003 1497 3412 I wm_set_resumed_activity: [0,com.tencent.mm/.plugin.webview.ui.tools.SDKOAuthUI,minimalResumeActivityLocked]
05-11 11:11:35.006 1497 1588 I sysui_multi_action: [757,803,799,window_time_2,802,0]
05-11 11:11:35.062 4751 4751 I wm_on_create_called: [245739436,com.tencent.mm.plugin.webview.ui.tools.SDKOAuthUI,performCreate]
05-11 11:11:35.065 4751 4751 I wm_on_start_called: [245739436,com.tencent.mm.plugin.webview.ui.tools.SDKOAuthUI,handleStartActivity]
05-11 11:11:35.093 1497 2516 D CompatibilityChangeReporter: Compat change id reported: 135634846; UID 10096; state: DISABLED
05-11 11:11:35.093 1497 2516 D CompatibilityChangeReporter: Compat change id reported: 177438394; UID 10096; state: DISABLED
05-11 11:11:35.093 1497 2516 D CompatibilityChangeReporter: Compat change id reported: 135772972; UID 10096; state: DISABLED
05-11 11:11:35.093 1497 1603 D CompatibilityChangeReporter: Compat change id reported: 143937733; UID 10096; state: DISABLED
05-11 11:11:35.096 4751 4751 I wm_on_resume_called: [245739436,com.tencent.mm.plugin.webview.ui.tools.SDKOAuthUI,RESUME_ACTIVITY]
05-11 11:11:35.101 4751 4751 I wm_on_top_resumed_gained_called: [245739436,com.tencent.mm.plugin.webview.ui.tools.SDKOAuthUI,topStateChangedWhenResumed]
05-11 11:11:35.102 1497 1603 I am_proc_start: [0,8983,10096,com.tencent.mm:appbrand0,service,{com.tencent.mm/com.tencent.mm.ipcinvoker.wx_extension.service.Appbrand0IPCService}]
05-11 11:11:35.102 1497 1603 I ActivityManager: Start proc 8983:com.tencent.mm:appbrand0/u0a96 for service {com.tencent.mm/com.tencent.mm.ipcinvoker.wx_extension.service.Appbrand0IPCService}
05-11 11:11:35.098 686 686 I auditd : type=1400 audit(0.0:8275): avc: denied { kill } for comm="main" capability=5 scontext=u:r:zygote:s0 tcontext=u:r:zygote:s0 tclass=capability permissive=1
05-11 11:11:35.111 1497 1589 I input_focus: [Focus request 18082ae com.tencent.mm/com.tencent.mm.plugin.webview.ui.tools.SDKOAuthUI,reason=UpdateInputWindows]
01-01 08:02:27.241 0 0 I binder : 8983:8983 ioctl 40046210 7fec0ec5c4 returned -22
05-11 11:11:35.125 1497 2516 I am_proc_bound: [0,8983,com.tencent.mm:appbrand0]
05-11 11:11:35.130 1497 1603 I am_proc_start: [0,9033,10096,com.tencent.mm:appbrand1,service,{com.tencent.mm/com.tencent.mm.ipcinvoker.wx_extension.service.Appbrand1IPCService}]
05-11 11:11:35.130 1497 1603 I ActivityManager: Start proc 9033:com.tencent.mm:appbrand1/u0a96 for service {com.tencent.mm/com.tencent.mm.ipcinvoker.wx_extension.service.Appbrand1IPCService}
01-01 08:02:27.271 0 0 I binder : 9033:9033 ioctl 40046210 7fec0ec5c4 returned -22
05-11 11:11:35.156 1497 2087 I am_proc_bound: [0,9033,com.tencent.mm:appbrand1]
05-11 11:11:35.158 1497 1585 I sysui_multi_action: [319,477,322,469,325,144,757,761,758,8,759,2,806,com.tencent.mm,871,com.tencent.mm.plugin.webview.ui.tools.SDKOAuthUI,904,com.tencent.mm,905,0,1320,4,1321,4]
05-11 11:11:35.159 1497 1585 I wm_activity_launch_time: [0,245739436,com.tencent.mm/.plugin.webview.ui.tools.SDKOAuthUI,469]
05-11 11:11:35.162 866 866 I auditd : type=1400 audit(0.0:8276): avc: denied { add_name } for comm="perf@2.2-servic" name="clkscale_enable" scontext=u:r:vendor_hal_perf_default:s0 tcontext=u:object_r:sysfs:s0 tclass=dir permissive=1
05-11 11:11:35.162 866 866 I auditd : type=1400 audit(0.0:8277): avc: denied { create } for comm="perf@2.2-servic" name="clkscale_enable" scontext=u:r:vendor_hal_perf_default:s0 tcontext=u:object_r:sysfs:s0 tclass=file permissive=1
05-11 11:11:35.167 1497 1792 I input_focus: [Focus entering 18082ae com.tencent.mm/com.tencent.mm.plugin.webview.ui.tools.SDKOAuthUI (server),reason=Window became focusable. Previous reason: NOT_VISIBLE]
05-11 11:11:35.204 1497 2089 I wm_destroy_activity: [0,184224395,291,com.tencent.mm/.plugin.base.stub.UIEntryStub,finish-imm:idle]
05-11 11:11:35.205 1497 2089 I wm_destroy_activity: [0,200637186,291,com.tencent.mm/.plugin.base.stub.WXEntryActivity,finish-imm:idle]
05-11 11:11:35.205 1497 2089 I wm_stop_activity: [0,73312546,com.youku.phone/com.youku.v2.HomePageEntry]
05-11 11:11:35.207 4751 4751 I wm_on_stop_called: [184224395,com.tencent.mm.plugin.base.stub.UIEntryStub,LIFECYCLER_STOP_ACTIVITY]
05-11 11:11:35.212 4751 4751 I wm_on_destroy_called: [184224395,com.tencent.mm.plugin.base.stub.UIEntryStub,performDestroy]
05-11 11:11:35.216 1497 2087 I ActivityTaskManager: FOREGROUND_APPLICATION_CHANGED to com.youku.v2.HomePageEntry
05-11 11:11:35.218 1497 2087 I wm_add_to_stopping: [0,73312546,com.youku.phone/com.youku.v2.HomePageEntry,makeInvisible]
05-11 11:11:35.219 1497 2087 I wm_resume_activity: [0,73312546,286,com.youku.phone/com.youku.v2.HomePageEntry]
05-11 11:11:35.219 1497 2087 I wm_add_to_stopping: [0,73312546,com.youku.phone/com.youku.v2.HomePageEntry,makeInvisible]
05-11 11:11:35.224 1497 1588 I wm_stop_activity: [0,73312546,com.youku.phone/com.youku.v2.HomePageEntry]
05-11 11:11:35.225 4751 4751 I wm_on_destroy_called: [200637186,com.tencent.mm.plugin.base.stub.WXEntryActivity,performDestroy]
05-11 11:11:35.227 1497 3023 I wm_add_to_stopping: [0,73312546,com.youku.phone/com.youku.v2.HomePageEntry,makeInvisible]
05-11 11:11:35.228 1497 3023 I wm_resume_activity: [0,73312546,286,com.youku.phone/com.youku.v2.HomePageEntry]
05-11 11:11:35.228 1497 3023 I wm_add_to_stopping: [0,73312546,com.youku.phone/com.youku.v2.HomePageEntry,makeInvisible]
05-11 11:11:35.230 1497 1588 I wm_stop_activity: [0,73312546,com.youku.phone/com.youku.v2.HomePageEntry]
05-11 11:11:35.237 6574 6574 I wm_on_paused_called: [73312546,com.youku.v2.HomePageEntry,performPause]
05-11 11:11:35.238 8983 8983 I auditd : type=1400 audit(0.0:8278): avc: granted { execute } for comm="nt.mm:appbrand0" path="/data/user/0/com.tencent.mm/tinker/patch-13ff42e7/lib/lib/arm64-v8a/libmatrix-hookcommon.so" dev="dm-10" ino=37614 scontext=u:r:untrusted_app_29:s0:c96,c256,c512,c768 tcontext=u:object_r:app_data_file:s0:c96,c256,c512,c768 tclass=file app=com.tencent.mm
05-11 11:11:35.238 8983 8983 I auditd : type=1400 audit(0.0:8279): avc: granted { execute } for comm="nt.mm:appbrand0" path="/data/user/0/com.tencent.mm/tinker/patch-13ff42e7/lib/lib/arm64-v8a/libwechatbacktrace.so" dev="dm-10" ino=37630 scontext=u:r:untrusted_app_29:s0:c96,c256,c512,c768 tcontext=u:object_r:app_data_file:s0:c96,c256,c512,c768 tclass=file app=com.tencent.mm
05-11 11:11:35.247 6574 6574 I wm_on_stop_called: [73312546,com.youku.v2.HomePageEntry,STOP_ACTIVITY_ITEM]
01-01 08:02:27.367 0 0 W audit : audit_lost=7755 audit_rate_limit=5 audit_backlog_limit=64
01-01 08:02:27.367 0 0 E audit : rate limit exceeded
05-11 11:11:35.253 6574 6574 I wm_on_restart_called: [73312546,com.youku.v2.HomePageEntry,performRestartActivity]
05-11 11:11:35.264 6574 6574 I wm_on_start_called: [73312546,com.youku.v2.HomePageEntry,handleStartActivity]
05-11 11:11:35.310 6574 6574 I wm_on_resume_called: [73312546,com.youku.v2.HomePageEntry,RESUME_ACTIVITY]
05-11 11:11:35.386 6574 6574 I wm_on_paused_called: [73312546,com.youku.v2.HomePageEntry,performPause]
05-11 11:11:35.407 6574 6574 I wm_on_stop_called: [73312546,com.youku.v2.HomePageEntry,STOP_ACTIVITY_ITEM]
05-11 11:11:35.411 6574 6574 I wm_on_restart_called: [73312546,com.youku.v2.HomePageEntry,performRestartActivity]
01-01 08:02:27.548 0 0 E link_delay_work_func: DTC_ETH: SQI=0, link=0
05-11 11:11:35.426 6574 6574 I wm_on_start_called: [73312546,com.youku.v2.HomePageEntry,handleStartActivity]
05-11 11:11:35.494 6574 6574 I wm_on_resume_called: [73312546,com.youku.v2.HomePageEntry,RESUME_ACTIVITY]
05-11 11:11:35.608 6574 6574 I wm_on_paused_called: [73312546,com.youku.v2.HomePageEntry,performPause]
05-11 11:11:35.618 6574 6574 I wm_on_stop_called: [73312546,com.youku.v2.HomePageEntry,STOP_ACTIVITY_ITEM]
05-11 11:11:35.647 1497 2516 I ActivityTaskManager: Activity reported stop, but no longer stopping: ActivityRecord{45ea922 u0 com.youku.phone/com.youku.v2.HomePageEntry taskAffinity=10104:com.youku.phone t286} STOPPED
05-11 11:11:35.662 1497 1589 I input_focus: [Focus request 3f599e0 com.tencent.mm/com.tencent.mm.plugin.webview.ui.tools.SDKOAuthUI,reason=UpdateInputWindows]
05-11 11:11:35.684 1497 2089 I ActivityTaskManager: Activity reported stop, but no longer stopping: ActivityRecord{45ea922 u0 com.youku.phone/com.youku.v2.HomePageEntry taskAffinity=10104:com.youku.phone t286} STOPPED
05-11 11:11:35.701 1497 1792 I input_focus: [Focus entering 3f599e0 com.tencent.mm/com.tencent.mm.plugin.webview.ui.tools.SDKOAuthUI (server),reason=setFocusedWindow]
05-11 11:11:35.741 1497 2090 E ClipboardService: Denying clipboard access to com.youku.phone, application is not in focus nor is it a system service for user 0
05-11 11:11:35.769 1497 2090 D CompatibilityChangeReporter: Compat change id reported: 157233955; UID 10096; state: DISABLED
05-11 11:11:36.314 8983 8983 I auditd : type=1400 audit(0.0:8296): avc: granted { execute } for comm="[GT]ColdPool#5" path="/data/user/0/com.tencent.mm/tinker/patch-13ff42e7/lib/lib/arm64-v8a/libskyline.so" dev="dm-10" ino=37603 scontext=u:r:untrusted_app_29:s0:c96,c256,c512,c768 tcontext=u:object_r:app_data_file:s0:c96,c256,c512,c768 tclass=file app=com.tencent.mm
05-11 11:11:36.378 8983 8983 I auditd : type=1400 audit(0.0:8297): avc: granted { execute } for comm="Chrome_InProcRe" path="/data/user/0/com.tencent.mm/app_xwalk_5061/extracted_xwalkcore/libxwebcore.so" dev="dm-10" ino=36791 scontext=u:r:untrusted_app_29:s0:c96,c256,c512,c768 tcontext=u:object_r:app_data_file:s0:c96,c256,c512,c768 tclass=file app=com.tencent.mm
05-11 11:11:36.846 866 866 I auditd : type=1400 audit(0.0:8298): avc: denied { add_name } for comm="perf@2.2-servic" name="force_rail_on" scontext=u:r:vendor_hal_perf_default:s0 tcontext=u:object_r:vendor_sysfs_kgsl:s0 tclass=dir permissive=1
05-11 11:11:36.846 866 866 I auditd : type=1400 audit(0.0:8299): avc: denied { create } for comm="perf@2.2-servic" name="force_rail_on" scontext=u:r:vendor_hal_perf_default:s0 tcontext=u:object_r:vendor_sysfs_kgsl:s0 tclass=file permissive=1
05-11 11:11:36.846 866 866 I auditd : type=1400 audit(0.0:8300): avc: denied { add_name } for comm="perf@2.2-servic" name="min_freq" scontext=u:r:vendor_hal_perf_default:s0 tcontext=u:object_r:vendor_sysfs_devfreq:s0 tclass=dir permissive=1
