01-01 08:00:05.987 581 581 I auditd : type=1400 audit(0.0:842): avc: denied { getattr } for comm="spdaemon" path="/dev/__properties__/u:object_r:vendor_sys_video_prop:s0" dev="tmpfs" ino=2433 scontext=u:r:vendor_spdaemon:s0 tcontext=u:object_r:vendor_sys_video_prop:s0 tclass=file permissive=1
01-01 08:00:05.987 581 581 I auditd : type=1400 audit(0.0:843): avc: denied { map } for comm="spdaemon" path="/dev/__properties__/u:object_r:vendor_sys_video_prop:s0" dev="tmpfs" ino=2433 scontext=u:r:vendor_spdaemon:s0 tcontext=u:object_r:vendor_sys_video_prop:s0 tclass=file permissive=1
01-01 08:00:05.987 581 581 I auditd : type=1400 audit(0.0:844): avc: denied { open } for comm="spdaemon" path="/dev/__properties__/u:object_r:vendor_system_prop:s0" dev="tmpfs" ino=2434 scontext=u:r:vendor_spdaemon:s0 tcontext=u:object_r:vendor_system_prop:s0 tclass=file permissive=1
01-01 08:00:05.987 581 581 I auditd : type=1400 audit(0.0:845): avc: denied { getattr } for comm="spdaemon" path="/dev/__properties__/u:object_r:vendor_system_prop:s0" dev="tmpfs" ino=2434 scontext=u:r:vendor_spdaemon:s0 tcontext=u:object_r:vendor_system_prop:s0 tclass=file permissive=1
01-01 08:00:05.987 581 581 I auditd : type=1400 audit(0.0:846): avc: denied { map } for comm="spdaemon" path="/dev/__properties__/u:object_r:vendor_system_prop:s0" dev="tmpfs" ino=2434 scontext=u:r:vendor_spdaemon:s0 tcontext=u:object_r:vendor_system_prop:s0 tclass=file permissive=1
01-01 08:00:05.987 581 581 I auditd : type=1400 audit(0.0:847): avc: denied { open } for comm="spdaemon" path="/dev/__properties__/u:object_r:vendor_tee_listener_prop:s0" dev="tmpfs" ino=2435 scontext=u:r:vendor_spdaemon:s0 tcontext=u:object_r:vendor_tee_listener_prop:s0 tclass=file permissive=1
01-01 08:00:05.987 581 581 I auditd : type=1400 audit(0.0:848): avc: denied { getattr } for comm="spdaemon" path="/dev/__properties__/u:object_r:vendor_tee_listener_prop:s0" dev="tmpfs" ino=2435 scontext=u:r:vendor_spdaemon:s0 tcontext=u:object_r:vendor_tee_listener_prop:s0 tclass=file permissive=1
01-01 08:00:05.987 581 581 I auditd : type=1400 audit(0.0:849): avc: denied { map } for comm="spdaemon" path="/dev/__properties__/u:object_r:vendor_tee_listener_prop:s0" dev="tmpfs" ino=2435 scontext=u:r:vendor_spdaemon:s0 tcontext=u:object_r:vendor_tee_listener_prop:s0 tclass=file permissive=1
01-01 08:00:05.987 581 581 I auditd : type=1400 audit(0.0:850): avc: denied { open } for comm="spdaemon" path="/dev/__properties__/u:object_r:vendor_time_service_prop:s0" dev="tmpfs" ino=2436 scontext=u:r:vendor_spdaemon:s0 tcontext=u:object_r:vendor_time_service_prop:s0 tclass=file permissive=1
01-01 08:00:05.987 581 581 I auditd : type=1400 audit(0.0:851): avc: denied { getattr } for comm="spdaemon" path="/dev/__properties__/u:object_r:vendor_time_service_prop:s0" dev="tmpfs" ino=2436 scontext=u:r:vendor_spdaemon:s0 tcontext=u:object_r:vendor_time_service_prop:s0 tclass=file permissive=1
01-01 08:00:05.987 581 581 I auditd : type=1400 audit(0.0:852): avc: denied { map } for comm="spdaemon" path="/dev/__properties__/u:object_r:vendor_time_service_prop:s0" dev="tmpfs" ino=2436 scontext=u:r:vendor_spdaemon:s0 tcontext=u:object_r:vendor_time_service_prop:s0 tclass=file permissive=1
01-01 08:00:05.987 581 581 I auditd : type=1400 audit(0.0:853): avc: denied { open } for comm="spdaemon" path="/dev/__properties__/u:object_r:vendor_usb_prop:s0" dev="tmpfs" ino=2437 scontext=u:r:vendor_spdaemon:s0 tcontext=u:object_r:vendor_usb_prop:s0 tclass=file permissive=1
01-01 08:00:05.987 581 581 I auditd : type=1400 audit(0.0:854): avc: denied { getattr } for comm="spdaemon" path="/dev/__properties__/u:object_r:vendor_usb_prop:s0" dev="tmpfs" ino=2437 scontext=u:r:vendor_spdaemon:s0 tcontext=u:object_r:vendor_usb_prop:s0 tclass=file permissive=1
01-01 08:00:05.987 581 581 I auditd : type=1400 audit(0.0:855): avc: denied { map } for comm="spdaemon" path="/dev/__properties__/u:object_r:vendor_usb_prop:s0" dev="tmpfs" ino=2437 scontext=u:r:vendor_spdaemon:s0 tcontext=u:object_r:vendor_usb_prop:s0 tclass=file permissive=1
01-01 08:00:05.987 581 581 I auditd : type=1400 audit(0.0:856): avc: denied { open } for comm="spdaemon" path="/dev/__properties__/u:object_r:vendor_video_prop:s0" dev="tmpfs" ino=2438 scontext=u:r:vendor_spdaemon:s0 tcontext=u:object_r:vendor_video_prop:s0 tclass=file permissive=1
01-01 08:00:05.987 581 581 I auditd : type=1400 audit(0.0:857): avc: denied { getattr } for comm="spdaemon" path="/dev/__properties__/u:object_r:vendor_video_prop:s0" dev="tmpfs" ino=2438 scontext=u:r:vendor_spdaemon:s0 tcontext=u:object_r:vendor_video_prop:s0 tclass=file permissive=1
01-01 08:00:05.987 581 581 I auditd : type=1400 audit(0.0:858): avc: denied { map } for comm="spdaemon" path="/dev/__properties__/u:object_r:vendor_video_prop:s0" dev="tmpfs" ino=2438 scontext=u:r:vendor_spdaemon:s0 tcontext=u:object_r:vendor_video_prop:s0 tclass=file permissive=1
01-01 08:00:05.987 581 581 I auditd : type=1400 audit(0.0:859): avc: denied { open } for comm="spdaemon" path="/dev/__properties__/u:object_r:vendor_wfd_service_prop:s0" dev="tmpfs" ino=2439 scontext=u:r:vendor_spdaemon:s0 tcontext=u:object_r:vendor_wfd_service_prop:s0 tclass=file permissive=1
01-01 08:00:05.987 581 581 I auditd : type=1400 audit(0.0:860): avc: denied { getattr } for comm="spdaemon" path="/dev/__properties__/u:object_r:vendor_wfd_service_prop:s0" dev="tmpfs" ino=2439 scontext=u:r:vendor_spdaemon:s0 tcontext=u:object_r:vendor_wfd_service_prop:s0 tclass=file permissive=1
01-01 08:00:05.987 581 581 I auditd : type=1400 audit(0.0:861): avc: denied { map } for comm="spdaemon" path="/dev/__properties__/u:object_r:vendor_wfd_service_prop:s0" dev="tmpfs" ino=2439 scontext=u:r:vendor_spdaemon:s0 tcontext=u:object_r:vendor_wfd_service_prop:s0 tclass=file permissive=1
01-01 08:00:05.987 581 581 I auditd : type=1400 audit(0.0:862): avc: denied { open } for comm="spdaemon" path="/dev/__properties__/u:object_r:vendor_wfd_sys_debug_prop:s0" dev="tmpfs" ino=2440 scontext=u:r:vendor_spdaemon:s0 tcontext=u:object_r:vendor_wfd_sys_debug_prop:s0 tclass=file permissive=1
01-01 08:00:05.987 581 581 I auditd : type=1400 audit(0.0:863): avc: denied { getattr } for comm="spdaemon" path="/dev/__properties__/u:object_r:vendor_wfd_sys_debug_prop:s0" dev="tmpfs" ino=2440 scontext=u:r:vendor_spdaemon:s0 tcontext=u:object_r:vendor_wfd_sys_debug_prop:s0 tclass=file permissive=1
01-01 08:00:05.987 581 581 I auditd : type=1400 audit(0.0:864): avc: denied { map } for comm="spdaemon" path="/dev/__properties__/u:object_r:vendor_wfd_sys_debug_prop:s0" dev="tmpfs" ino=2440 scontext=u:r:vendor_spdaemon:s0 tcontext=u:object_r:vendor_wfd_sys_debug_prop:s0 tclass=file permissive=1
01-01 08:00:05.987 581 581 I auditd : type=1400 audit(0.0:865): avc: denied { open } for comm="spdaemon" path="/dev/__properties__/u:object_r:vendor_wifi_prop:s0" dev="tmpfs" ino=2441 scontext=u:r:vendor_spdaemon:s0 tcontext=u:object_r:vendor_wifi_prop:s0 tclass=file permissive=1
01-01 08:00:05.987 581 581 I auditd : type=1400 audit(0.0:866): avc: denied { getattr } for comm="spdaemon" path="/dev/__properties__/u:object_r:vendor_wifi_prop:s0" dev="tmpfs" ino=2441 scontext=u:r:vendor_spdaemon:s0 tcontext=u:object_r:vendor_wifi_prop:s0 tclass=file permissive=1
01-01 08:00:05.987 581 581 I auditd : type=1400 audit(0.0:867): avc: denied { map } for comm="spdaemon" path="/dev/__properties__/u:object_r:vendor_wifi_prop:s0" dev="tmpfs" ino=2441 scontext=u:r:vendor_spdaemon:s0 tcontext=u:object_r:vendor_wifi_prop:s0 tclass=file permissive=1
01-01 08:00:05.987 581 581 I auditd : type=1400 audit(0.0:868): avc: denied { open } for comm="spdaemon" path="/dev/__properties__/u:object_r:vendor_wifi_version:s0" dev="tmpfs" ino=2442 scontext=u:r:vendor_spdaemon:s0 tcontext=u:object_r:vendor_wifi_version:s0 tclass=file permissive=1
01-01 08:00:05.987 581 581 I auditd : type=1400 audit(0.0:869): avc: denied { getattr } for comm="spdaemon" path="/dev/__properties__/u:object_r:vendor_wifi_version:s0" dev="tmpfs" ino=2442 scontext=u:r:vendor_spdaemon:s0 tcontext=u:object_r:vendor_wifi_version:s0 tclass=file permissive=1
01-01 08:00:05.987 581 581 I auditd : type=1400 audit(0.0:870): avc: denied { map } for comm="spdaemon" path="/dev/__properties__/u:object_r:vendor_wifi_version:s0" dev="tmpfs" ino=2442 scontext=u:r:vendor_spdaemon:s0 tcontext=u:object_r:vendor_wifi_version:s0 tclass=file permissive=1
01-01 08:00:05.987 581 581 I auditd : type=1400 audit(0.0:871): avc: denied { open } for comm="spdaemon" path="/dev/__properties__/u:object_r:vendor_wigig_core_prop:s0" dev="tmpfs" ino=2443 scontext=u:r:vendor_spdaemon:s0 tcontext=u:object_r:vendor_wigig_core_prop:s0 tclass=file permissive=1
01-01 08:00:05.987 581 581 I auditd : type=1400 audit(0.0:872): avc: denied { getattr } for comm="spdaemon" path="/dev/__properties__/u:object_r:vendor_wigig_core_prop:s0" dev="tmpfs" ino=2443 scontext=u:r:vendor_spdaemon:s0 tcontext=u:object_r:vendor_wigig_core_prop:s0 tclass=file permissive=1
01-01 08:00:05.987 581 581 I auditd : type=1400 audit(0.0:873): avc: denied { map } for comm="spdaemon" path="/dev/__properties__/u:object_r:vendor_wigig_core_prop:s0" dev="tmpfs" ino=2443 scontext=u:r:vendor_spdaemon:s0 tcontext=u:object_r:vendor_wigig_core_prop:s0 tclass=file permissive=1
01-01 08:00:05.987 581 581 I auditd : type=1400 audit(0.0:874): avc: denied { open } for comm="spdaemon" path="/dev/__properties__/u:object_r:vendor_wigig_prop:s0" dev="tmpfs" ino=2444 scontext=u:r:vendor_spdaemon:s0 tcontext=u:object_r:vendor_wigig_prop:s0 tclass=file permissive=1
01-01 08:00:05.987 581 581 I auditd : type=1400 audit(0.0:875): avc: denied { getattr } for comm="spdaemon" path="/dev/__properties__/u:object_r:vendor_wigig_prop:s0" dev="tmpfs" ino=2444 scontext=u:r:vendor_spdaemon:s0 tcontext=u:object_r:vendor_wigig_prop:s0 tclass=file permissive=1
01-01 08:00:05.987 581 581 I auditd : type=1400 audit(0.0:876): avc: denied { map } for comm="spdaemon" path="/dev/__properties__/u:object_r:vendor_wigig_prop:s0" dev="tmpfs" ino=2444 scontext=u:r:vendor_spdaemon:s0 tcontext=u:object_r:vendor_wigig_prop:s0 tclass=file permissive=1
01-01 08:00:05.987 581 581 I auditd : type=1400 audit(0.0:877): avc: denied { open } for comm="spdaemon" path="/dev/__properties__/u:object_r:vendor_wlc_prop:s0" dev="tmpfs" ino=2445 scontext=u:r:vendor_spdaemon:s0 tcontext=u:object_r:vendor_wlc_prop:s0 tclass=file permissive=1
01-01 08:00:05.987 581 581 I auditd : type=1400 audit(0.0:878): avc: denied { getattr } for comm="spdaemon" path="/dev/__properties__/u:object_r:vendor_wlc_prop:s0" dev="tmpfs" ino=2445 scontext=u:r:vendor_spdaemon:s0 tcontext=u:object_r:vendor_wlc_prop:s0 tclass=file permissive=1
01-01 08:00:05.987 581 581 I auditd : type=1400 audit(0.0:879): avc: denied { map } for comm="spdaemon" path="/dev/__properties__/u:object_r:vendor_wlc_prop:s0" dev="tmpfs" ino=2445 scontext=u:r:vendor_spdaemon:s0 tcontext=u:object_r:vendor_wlc_prop:s0 tclass=file permissive=1
01-01 08:00:05.987 581 581 I auditd : type=1400 audit(0.0:880): avc: denied { open } for comm="spdaemon" path="/dev/__properties__/u:object_r:vendor_xlat_prop:s0" dev="tmpfs" ino=2446 scontext=u:r:vendor_spdaemon:s0 tcontext=u:object_r:vendor_xlat_prop:s0 tclass=file permissive=1
01-01 08:00:05.987 581 581 I auditd : type=1400 audit(0.0:881): avc: denied { getattr } for comm="spdaemon" path="/dev/__properties__/u:object_r:vendor_xlat_prop:s0" dev="tmpfs" ino=2446 scontext=u:r:vendor_spdaemon:s0 tcontext=u:object_r:vendor_xlat_prop:s0 tclass=file permissive=1
01-01 08:00:05.987 581 581 I auditd : type=1400 audit(0.0:882): avc: denied { map } for comm="spdaemon" path="/dev/__properties__/u:object_r:vendor_xlat_prop:s0" dev="tmpfs" ino=2446 scontext=u:r:vendor_spdaemon:s0 tcontext=u:object_r:vendor_xlat_prop:s0 tclass=file permissive=1
01-01 08:00:05.987 581 581 I auditd : type=1400 audit(0.0:883): avc: denied { open } for comm="spdaemon" path="/dev/__properties__/u:object_r:vendor_xrcb_prop:s0" dev="tmpfs" ino=2447 scontext=u:r:vendor_spdaemon:s0 tcontext=u:object_r:vendor_xrcb_prop:s0 tclass=file permissive=1
01-01 08:00:05.987 581 581 I auditd : type=1400 audit(0.0:884): avc: denied { getattr } for comm="spdaemon" path="/dev/__properties__/u:object_r:vendor_xrcb_prop:s0" dev="tmpfs" ino=2447 scontext=u:r:vendor_spdaemon:s0 tcontext=u:object_r:vendor_xrcb_prop:s0 tclass=file permissive=1
01-01 08:00:05.987 581 581 I auditd : type=1400 audit(0.0:885): avc: denied { map } for comm="spdaemon" path="/dev/__properties__/u:object_r:vendor_xrcb_prop:s0" dev="tmpfs" ino=2447 scontext=u:r:vendor_spdaemon:s0 tcontext=u:object_r:vendor_xrcb_prop:s0 tclass=file permissive=1
01-01 08:00:05.987 581 581 I auditd : type=1400 audit(0.0:886): avc: denied { open } for comm="spdaemon" path="/dev/__properties__/u:object_r:verity_status_prop:s0" dev="tmpfs" ino=2448 scontext=u:r:vendor_spdaemon:s0 tcontext=u:object_r:verity_status_prop:s0 tclass=file permissive=1
01-01 08:00:05.987 581 581 I auditd : type=1400 audit(0.0:887): avc: denied { getattr } for comm="spdaemon" path="/dev/__properties__/u:object_r:verity_status_prop:s0" dev="tmpfs" ino=2448 scontext=u:r:vendor_spdaemon:s0 tcontext=u:object_r:verity_status_prop:s0 tclass=file permissive=1
01-01 08:00:05.998 0 0 I wait_for_keymaster: Waiting for Keymaster device
01-01 08:00:05.998 0 0 I binder : 593:593 ioctl 40046210 7fc2f8e224 returned -22
01-01 08:00:05.998 0 0 D ProcessState: Binder ioctl to enable oneway spam detection failed: Invalid argument
01-01 08:00:05.995 585 585 I auditd : type=1400 audit(0.0:888): avc: denied { search } for comm="android.hardwar" name="gsi" dev="sda11" ino=22 scontext=u:r:hal_bootctl_default:s0 tcontext=u:object_r:gsi_metadata_file:s0 tclass=dir permissive=1
01-01 08:00:06.009 0 0 I binder : 583:583 ioctl 40046210 7fc7b32d94 returned -22
01-01 08:00:06.014 0 0 I binder : 583:595 ioctl 40046210 77f9b4a154 returned -22
01-01 08:00:06.072 0 0 I subsys-pil-tz soc: qcom,ipa_fws: ipa_fws: loading from 0x0000000086810000 to 0x0000000086819000
01-01 08:00:06.074 0 0 W subsys-pil-tz soc: qcom,ipa_fws: Falling back to syfs fallback for: ipa_fws.b03
01-01 08:00:06.074 0 0 W subsys-pil-tz soc: qcom,ipa_fws: Falling back to syfs fallback for: ipa_fws.b02
01-01 08:00:06.074 0 0 W subsys-pil-tz soc: qcom,ipa_fws: Falling back to syfs fallback for: ipa_fws.b04
01-01 08:00:06.078 0 0 I subsys-pil-tz soc: qcom,ipa_fws: ipa_fws: Brought out of reset
01-01 08:00:06.078 0 0 I : IPA FW loaded successfully
01-01 08:00:06.079 0 0 E gsi soc : qcom,msm_gsi: gsi_register_device:1203 GSI irq is wake enabled 34
01-01 08:00:06.080 0 0 I : rmnet_ipa3 started initialization
01-01 08:00:06.080 0 0 I : IPA SSR support = True
01-01 08:00:06.080 0 0 I : IPA SG support = True
01-01 08:00:06.080 0 0 I : IPA Napi Enable = True
01-01 08:00:06.080 0 0 I : using default for wan-rx-desc-size = 256
01-01 08:00:06.080 0 0 I : IPA driver initialization was successful.
01-01 08:00:06.080 0 0 W subsys-pil-tz soc: qcom,ipa_uc: Falling back to syfs fallback for: ipa_uc.mdt
01-01 08:00:06.081 0 0 E ipa-wan ipa3_wwan_probe: 2530 rmnet_ipa completed initialization
01-01 08:00:06.085 0 0 I subsys-pil-tz soc: qcom,ipa_uc: ipa_uc: loading from 0x0000000086800000 to 0x0000000086810000
01-01 08:00:06.087 0 0 W subsys-pil-tz soc: qcom,ipa_uc: Falling back to syfs fallback for: ipa_uc.b02
01-01 08:00:06.090 0 0 I subsys-pil-tz soc: qcom,ipa_uc: ipa_uc: Brought out of reset
01-01 08:00:06.090 0 0 E ipa3_uc_wdi_event_log_info_handler: 351 WDI protocol missing 0x21
01-01 08:00:06.090 0 0 E ipa3_uc_ntn_event_log_info_handler: 34 NTN stats ofst=0x500e0
01-01 08:00:06.519 0 0 E atmel_mxt_ts 0-004a: Wait for completion timed out.
01-01 08:00:06.520 0 0 I atmel_mxt_ts 0-004a: T6 Config Checksum: 0x1B6EAC
01-01 08:00:06.521 0 0 I atmel_mxt_ts 0-004a: T25 Status 0x 0 Info: 00 00 00 00 00
01-01 08:00:06.537 0 0 I atmel_mxt_ts 0-004a: Config file CRC 0x1B6EAC same as device CRC: No update required.
01-01 08:00:06.537 0 0 I atmel_mxt_ts 0-004a: Skip update config file
01-01 08:00:06.538 0 0 I atmel_mxt_ts 0-004a: Initialized power cfg: ACTV 10, IDLE 20
01-01 08:00:06.999 0 0 W ServiceManager: Waited one second for android.system.keystore2.IKeystoreService/default (is service started? are binder threads started and available?)
01-01 08:00:06.999 0 0 I wait_for_keymaster: Keymaster device ready
01-01 08:00:07.004 0 0 I binder : undelivered transaction 235, process died.
01-01 08:00:07.005 0 0 I binder : 625:625 ioctl 40046210 7fdd56b0d4 returned -22
01-01 08:00:07.005 0 0 D ProcessState: Binder ioctl to enable oneway spam detection failed: Invalid argument
01-01 08:00:07.005 0 0 D vdc : Waited 0ms for vold
01-01 08:00:06.999 625 625 I auditd : type=1400 audit(0.0:889): avc: denied { kill } for comm="vdc" capability=5 scontext=u:r:vdc:s0 tcontext=u:r:vdc:s0 tclass=capability permissive=1
01-01 08:00:07.018 0 0 I binder : 627:627 ioctl 40046210 7fd2b86864 returned -22
01-01 08:00:07.018 0 0 D ProcessState: Binder ioctl to enable oneway spam detection failed: Invalid argument
01-01 08:00:07.018 0 0 D vdc : Waited 0ms for vold
01-01 08:00:07.018 558 558 D vold : fscrypt_mount_metadata_encrypted: /data encrypt: 0 format: 0 with null
01-01 08:00:07.018 558 558 D vold : metadata_key_dir/key: /metadata/vold/metadata_encryption/key
01-01 08:00:07.019 558 558 D vold : Key exists, using: /metadata/vold/metadata_encryption/key
01-01 08:00:07.021 583 583 I auditd : SELinux: Loaded keystore2_key_contexts from:
01-01 08:00:07.021 583 583 I auditd : /system/etc/selinux/plat_keystore2_key_contexts
01-01 08:00:07.027 558 558 D vold : Mounting metadata-encrypted filesystem:/data
01-01 08:00:07.030 558 558 I vold : [libfs_mgr]Running /system/bin/fsck.f2fs -a -c 10000 --debug-cache /dev/block/dm-10
01-01 08:00:07.033 0 0 I fsck.f2fs: Info: Fix the reported corruption.
01-01 08:00:07.034 0 0 I fsck.f2fs: Info: No support kernel version!
01-01 08:00:07.034 0 0 I fsck.f2fs: Info: Segments per section = 1
01-01 08:00:07.034 0 0 I fsck.f2fs: Info: Sections per zone = 1
01-01 08:00:07.034 0 0 I fsck.f2fs: Info: sector size = 4096
01-01 08:00:07.034 0 0 I fsck.f2fs: Info: total sectors = 28958163 (113117 MB)
01-01 08:00:07.034 0 0 I fsck.f2fs: Info: MKFS version
01-01 08:00:07.034 0 0 I fsck.f2fs: "4.19.157-perf+ #1 SMP PREEMPT Thu May 11 08:20:06 CST 2023"
01-01 08:00:07.034 0 0 I fsck.f2fs: Info: FSCK version
01-01 08:00:07.034 0 0 I fsck.f2fs: from "4.19.157-perf+"
01-01 08:00:07.091 628 628 I auditd : type=1400 audit(0.0:890): avc: denied { kill } for comm="fsck.f2fs" capability=5 scontext=u:r:fsck:s0 tcontext=u:r:fsck:s0 tclass=capability permissive=1
01-01 08:00:07.151 0 0 I F2FS-fs (dm-10): Mounted with checkpoint version = 709fd017
01-01 08:00:07.152 558 558 I vold : [libfs_mgr]__mount(source=/dev/block/dm-10,target=/data,type=f2fs)=0: Success
01-01 08:00:07.152 558 558 D vold : Mounted /data
01-01 08:00:07.152 558 576 D vold : Disk at 252:10 changed
01-01 08:00:07.162 0 0 I binder : 634:634 ioctl 40046210 7fe7759b14 returned -22
01-01 08:00:07.162 0 0 D ProcessState: Binder ioctl to enable oneway spam detection failed: Invalid argument
01-01 08:00:07.162 0 0 D vdc : Waited 0ms for vold
01-01 08:00:07.162 558 558 I Checkpoint: cp_prepareCheckpoint called
01-01 08:00:07.169 0 0 I binder : 636:636 ioctl 40046210 7fd9665174 returned -22
01-01 08:00:07.169 0 0 D ProcessState: Binder ioctl to enable oneway spam detection failed: Invalid argument
01-01 08:00:07.169 558 558 I vold : fscrypt_initialize_systemwide_keys
01-01 08:00:07.169 0 0 D vdc : Waited 0ms for vold
01-01 08:00:07.170 558 558 D vold : Key exists, using: /data/unencrypted/key
01-01 08:00:07.179 558 558 D vold : Installed fscrypt key with ref dad1edbbf812fa1a279b2c89b0c3afe6 to /data
01-01 08:00:07.179 558 558 D vold : Added fscrypt-provisioning key for dad1edbbf812fa1a279b2c89b0c3afe6 to session keyring
01-01 08:00:07.180 558 558 I vold : Wrote system DE key reference to:/data/unencrypted/ref
01-01 08:00:07.180 558 558 D vold : Generating wrapped storage key
01-01 08:00:07.181 558 558 E vold : keystore2 Keystore generateKey returned service specific error: -67
01-01 08:00:07.181 558 558 W vold : Failed to generate rollback-resistant key. This is expected if keymaster doesn't support rollback resistance. Falling back to non-rollback-resistant key.
01-01 08:00:07.187 558 558 D vold : Installed fscrypt key with ref a6006b84e6915286cf24f79012abdcf8 to /data
01-01 08:00:07.187 558 558 D vold : Added fscrypt-provisioning key for a6006b84e6915286cf24f79012abdcf8 to session keyring
01-01 08:00:07.188 558 558 I vold : Wrote per boot key reference to:/data/unencrypted/per_boot_ref
01-01 08:00:07.188 633 635 D spcomlib: [spcom_register_service] spcom_register_service() name [sp_keymaster_ssr] pid [532432616624]
01-01 08:00:07.188 633 635 D spcomlib: [spcom_open] ch [sp_keymaster_ssr] doesn't exist, create it.
01-01 08:00:07.188 633 635 D spcomlib: [spcom_create_channel] Create Channel [sp_keymaster_ssr].
01-01 08:00:07.189 0 0 I fscrypt : AES-256-CTS-CBC using implementation "cts(cbc-aes-ce)"
01-01 08:00:07.200 0 0 I binder : 644:644 ioctl 40046210 7fdfbd2c84 returned -22
01-01 08:00:07.200 0 0 D ProcessState: Binder ioctl to enable oneway spam detection failed: Invalid argument
01-01 08:00:07.200 0 0 D vdc : Waited 0ms for vold
01-01 08:00:07.200 558 558 I incfs : Initial API level of the device: 30
01-01 08:00:07.200 558 558 I incfs : ro.incremental.enable: 1
01-01 08:00:07.200 558 558 I incfs : isFsAvailable: true
01-01 08:00:07.200 558 558 I incfs : isFsAvailable: true
01-01 08:00:07.200 558 558 I incfs : IncFs_Features: v1
01-01 08:00:07.209 633 635 D spcomlib: [add_ssr_cb] ssr cb added!
01-01 08:00:07.209 633 635 D spcomlib: [start_ssr_thread] ch [spcom] ready!
01-01 08:00:07.209 633 635 D spcomlib: [start_ssr_thread] main pthread self_id [0xf774fcb0].
01-01 08:00:07.209 633 635 D spcomlib: [start_ssr_thread] pthread_create() ret [0] thread-id [0xf6651cb0].
01-01 08:00:07.209 633 635 D spcomlib: [start_ssr_thread] Wait for SSR thread to run.
01-01 08:00:07.209 633 646 D spcomlib: [notify_ssr_thread] SSR pthread self_id [0xf6651cb0].
01-01 08:00:07.209 633 635 D spcomlib: [start_ssr_thread] pthread_cond_wait() ret [0].
01-01 08:00:07.209 633 635 D spcomlib: [start_ssr_thread] done.
01-01 08:00:07.209 633 635 D spcomlib: [add_ch] add ch [sp_keymaster_ssr].
01-01 08:00:07.209 633 635 D spcomlib: [spcom_register_service] spcom_register_service() name [sp_keymaster_ssr] pid [532432616624] done
01-01 08:00:07.210 558 558 E vold : keystore2 Keystore earlyBootEnded returned service specific error: -68
01-01 08:00:07.218 0 0 I apexd : This device does not support updatable APEX. Exiting
01-01 08:00:07.219 0 0 I apexd : Marking APEXd as activated
01-01 08:00:07.257 0 0 I binder : 651:651 ioctl 40046210 7fd85a77e4 returned -22
01-01 08:00:07.257 0 0 D ProcessState: Binder ioctl to enable oneway spam detection failed: Invalid argument
01-01 08:00:07.257 0 0 D vdc : Waited 0ms for vold
01-01 08:00:07.257 558 558 D vold : fscrypt_init_user0
01-01 08:00:07.257 558 558 D vold : Preparing: /data/misc/vold/user_keys
01-01 08:00:07.258 558 558 D vold : Preparing: /data/misc/vold/user_keys/ce
01-01 08:00:07.258 558 558 D vold : Preparing: /data/misc/vold/user_keys/de
01-01 08:00:07.267 558 558 D vold : Installed fscrypt key with ref c19aa2c6ba5d6acf6276914a305c3ee2 to /data
01-01 08:00:07.268 558 558 D vold : Added fscrypt-provisioning key for c19aa2c6ba5d6acf6276914a305c3ee2 to session keyring
01-01 08:00:07.268 558 558 D vold : Installed de key for user 0
01-01 08:00:07.268 558 558 D vold : fscrypt_prepare_user_storage for volume null, user 0, serial 0, flags 1
01-01 08:00:07.268 558 558 D vold : Preparing: /data/system/users/0
01-01 08:00:07.268 558 558 D vold : Preparing: /data/misc/profiles/cur/0
01-01 08:00:07.268 558 558 D vold : Preparing: /data/system_de/0
01-01 08:00:07.268 558 558 D vold : Preparing: /data/misc_de/0
01-01 08:00:07.269 558 558 D vold : Preparing: /data/vendor_de/0
01-01 08:00:07.269 558 558 D vold : Preparing: /data/user_de/0
01-01 08:00:07.269 558 558 I vold : Verified that /data/system_de/0 has the encryption policy c19aa2c6ba5d6acf6276914a305c3ee2 v2 modes 1/4 flags 0xa
01-01 08:00:07.269 558 558 I vold : Verified that /data/misc_de/0 has the encryption policy c19aa2c6ba5d6acf6276914a305c3ee2 v2 modes 1/4 flags 0xa
01-01 08:00:07.269 558 558 I vold : Verified that /data/vendor_de/0 has the encryption policy c19aa2c6ba5d6acf6276914a305c3ee2 v2 modes 1/4 flags 0xa
01-01 08:00:07.269 558 558 I vold : Verified that /data/user_de/0 has the encryption policy c19aa2c6ba5d6acf6276914a305c3ee2 v2 modes 1/4 flags 0xa
01-01 08:00:07.269 558 558 D vold : /system/bin/vold_prepare_subdirs
01-01 08:00:07.269 558 558 D vold : prepare
01-01 08:00:07.269 558 558 D vold :
01-01 08:00:07.269 558 558 D vold : 0
01-01 08:00:07.269 558 558 D vold : 1
01-01 08:00:07.285 558 558 D vold : Detected support for FS_IOC_ADD_ENCRYPTION_KEY
01-01 08:00:07.320 0 0 I apexd : This device does not support updatable APEX. Exiting
01-01 08:00:07.320 0 0 I apexd : Marking APEXd as ready
01-01 08:00:07.331 483 483 I auditd : type=1400 audit(0.0:891): avc: denied { add_name } for comm="init" name="read_ahead_kb" scontext=u:r:vendor_init:s0 tcontext=u:object_r:sysfs_dm:s0 tclass=dir permissive=1
01-01 08:00:07.331 483 483 I auditd : type=1400 audit(0.0:892): avc: denied { create } for comm="init" name="read_ahead_kb" scontext=u:r:vendor_init:s0 tcontext=u:object_r:sysfs_dm:s0 tclass=file permissive=1
01-01 08:00:07.339 0 0 D cnss : File system is ready, fs_ready is 1, count is 1
01-01 08:00:07.339 0 0 D cnss : Posting event: COLD_BOOT_CAL_START(5), state: 0x0 flags: 0x0
01-01 08:00:07.339 0 0 D cnss : PM stay awake, state: 0x0, count: 1
01-01 08:00:07.339 0 0 D cnss : PM relax, state: 0x0, count: 0
01-01 08:00:07.339 0 0 D cnss : PM stay awake, state: 0x0, count: 1
01-01 08:00:07.339 0 0 D cnss : Processing driver event: COLD_BOOT_CAL_START(5), state: 0x0
01-01 08:00:07.339 0 0 D cnss : Regulator vdd-wlan-io is being enabled
01-01 08:00:07.339 0 0 D cnss : Regulator wlan-ant-switch is being enabled
01-01 08:00:07.339 0 0 D cnss : Regulator vdd-wlan-aon is being enabled
01-01 08:00:07.339 0 0 D cnss : Regulator vdd-wlan-dig is being enabled
01-01 08:00:07.340 0 0 D cnss : Regulator vdd-wlan-rfa1 is being enabled
01-01 08:00:07.340 0 0 D cnss : Regulator vdd-wlan-rfa2 is being enabled
01-01 08:00:07.340 0 0 D cnss : BT_EN_GPIO State: Off. Delay WLAN_GPIO enable
01-01 08:00:07.351 1 1 I auditd : type=1400 audit(0.0:893): avc: denied { getattr } for comm="init" path="/product/bin/init.qti.display.sh" dev="dm-7" ino=56 scontext=u:r:init:s0 tcontext=u:object_r:vendor_sys_qti_display_exec:s0 tclass=file permissive=1
01-01 08:00:07.355 663 663 I auditd : type=1400 audit(0.0:894): avc: denied { execute } for comm="init" name="init.qti.display.sh" dev="dm-7" ino=56 scontext=u:r:init:s0 tcontext=u:object_r:vendor_sys_qti_display_exec:s0 tclass=file permissive=1
01-01 08:00:07.355 663 663 I auditd : type=1400 audit(0.0:895): avc: denied { read open } for comm="init" path="/product/bin/init.qti.display.sh" dev="dm-7" ino=56 scontext=u:r:init:s0 tcontext=u:object_r:vendor_sys_qti_display_exec:s0 tclass=file permissive=1
01-01 08:00:07.355 663 663 I auditd : type=1400 audit(0.0:896): avc: denied { transition } for comm="init" path="/product/bin/init.qti.display.sh" dev="dm-7" ino=56 scontext=u:r:init:s0 tcontext=u:r:vendor_sys_qti_display:s0 tclass=process permissive=1
01-01 08:00:07.355 663 663 I auditd : type=1400 audit(0.0:897): avc: denied { entrypoint } for comm="init" path="/product/bin/init.qti.display.sh" dev="dm-7" ino=56 scontext=u:r:vendor_sys_qti_display:s0 tcontext=u:object_r:vendor_sys_qti_display_exec:s0 tclass=file permissive=1
01-01 08:00:07.355 663 663 I auditd : type=1400 audit(0.0:898): avc: denied { noatsecure } for comm="init" scontext=u:r:init:s0 tcontext=u:r:vendor_sys_qti_display:s0 tclass=process permissive=1
01-01 08:00:07.355 663 663 I auditd : type=1400 audit(0.0:899): avc: denied { rlimitinh } for comm="init.qti.displa" scontext=u:r:init:s0 tcontext=u:r:vendor_sys_qti_display:s0 tclass=process permissive=1
01-01 08:00:07.355 663 663 I auditd : type=1400 audit(0.0:900): avc: denied { siginh } for comm="init.qti.displa" scontext=u:r:init:s0 tcontext=u:r:vendor_sys_qti_display:s0 tclass=process permissive=1
01-01 08:00:07.355 663 663 I auditd : type=1400 audit(0.0:901): avc: denied { map } for comm="init.qti.displa" path="/system/bin/sh" dev="dm-5" ino=1336 scontext=u:r:vendor_sys_qti_display:s0 tcontext=u:object_r:shell_exec:s0 tclass=file permissive=1
01-01 08:00:07.355 663 663 I auditd : type=1400 audit(0.0:902): avc: denied { read } for comm="init.qti.displa" path="/system/bin/sh" dev="dm-5" ino=1336 scontext=u:r:vendor_sys_qti_display:s0 tcontext=u:object_r:shell_exec:s0 tclass=file permissive=1
01-01 08:00:07.355 663 663 I auditd : type=1400 audit(0.0:903): avc: denied { execute } for comm="init.qti.displa" path="/system/bin/sh" dev="dm-5" ino=1336 scontext=u:r:vendor_sys_qti_display:s0 tcontext=u:object_r:shell_exec:s0 tclass=file permissive=1
01-01 08:00:07.355 663 663 I auditd : type=1400 audit(0.0:904): avc: denied { getattr } for comm="init.qti.displa" path="/system/bin/sh" dev="dm-5" ino=1336 scontext=u:r:vendor_sys_qti_display:s0 tcontext=u:object_r:shell_exec:s0 tclass=file permissive=1
01-01 08:00:07.305 663 663 I auditd : type=1400 audit(0.0:905): avc: denied { read } for comm="init.qti.displa" name="init.qti.display.sh" dev="dm-7" ino=56 scontext=u:r:vendor_sys_qti_display:s0 tcontext=u:object_r:vendor_sys_qti_display_exec:s0 tclass=file permissive=1
01-01 08:00:07.305 663 663 I auditd : type=1400 audit(0.0:906): avc: denied { open } for comm="init.qti.displa" path="/product/bin/init.qti.display.sh" dev="dm-7" ino=56 scontext=u:r:vendor_sys_qti_display:s0 tcontext=u:object_r:vendor_sys_qti_display_exec:s0 tclass=file permissive=1
01-01 08:00:07.305 667 667 I auditd : type=1400 audit(0.0:907): avc: denied { getattr } for comm="init.qti.displa" path="/system/bin/toybox" dev="dm-5" ino=1389 scontext=u:r:vendor_sys_qti_display:s0 tcontext=u:object_r:toolbox_exec:s0 tclass=file permissive=1
01-01 08:00:07.305 667 667 I auditd : type=1400 audit(0.0:908): avc: denied { execute } for comm="init.qti.displa" name="toybox" dev="dm-5" ino=1389 scontext=u:r:vendor_sys_qti_display:s0 tcontext=u:object_r:toolbox_exec:s0 tclass=file permissive=1
01-01 08:00:07.305 667 667 I auditd : type=1400 audit(0.0:909): avc: denied { read open } for comm="init.qti.displa" path="/system/bin/toybox" dev="dm-5" ino=1389 scontext=u:r:vendor_sys_qti_display:s0 tcontext=u:object_r:toolbox_exec:s0 tclass=file permissive=1
01-01 08:00:07.305 667 667 I auditd : type=1400 audit(0.0:910): avc: denied { execute_no_trans } for comm="init.qti.displa" path="/system/bin/toybox" dev="dm-5" ino=1389 scontext=u:r:vendor_sys_qti_display:s0 tcontext=u:object_r:toolbox_exec:s0 tclass=file permissive=1
01-01 08:00:07.305 667 667 I auditd : type=1400 audit(0.0:911): avc: denied { map } for comm="cat" path="/system/bin/toybox" dev="dm-5" ino=1389 scontext=u:r:vendor_sys_qti_display:s0 tcontext=u:object_r:toolbox_exec:s0 tclass=file permissive=1
01-01 08:00:07.345 677 677 I liblog : 58
01-01 08:00:07.345 677 677 I liblog : 1
01-01 08:00:07.345 677 677 I liblog : 1
01-01 08:00:07.345 677 677 I liblog : 1
01-01 08:00:07.345 677 677 I liblog : 1
01-01 08:00:07.345 677 677 I liblog : 1
01-01 08:00:07.347 677 677 I liblog : 243
01-01 08:00:07.347 677 677 I liblog : 2
01-01 08:00:07.347 677 677 I liblog : 1
01-01 08:00:07.347 677 677 I liblog : 1
01-01 08:00:07.347 677 677 I liblog : 1
01-01 08:00:07.347 677 677 I liblog : 1
01-01 08:00:07.347 677 677 I liblog : 1
01-01 08:00:07.350 677 677 I liblog : 116
01-01 08:00:07.350 677 677 I liblog : 100
01-01 08:00:07.350 677 677 I liblog : 3
01-01 08:00:07.350 677 677 I liblog : 1
01-01 08:00:07.350 677 677 I liblog : 1
01-01 08:00:07.350 677 677 I liblog : 1
01-01 08:00:07.350 677 677 I liblog : 1
01-01 08:00:07.351 677 677 I liblog : 115
01-01 08:00:07.351 677 677 I liblog : 1
01-01 08:00:07.351 677 677 I liblog : 1
01-01 08:00:07.351 677 677 I liblog : 1
01-01 08:00:07.351 677 677 I liblog : 1
01-01 08:00:07.433 0 0 I update_verifier: Started with arg 1: nonencrypted
01-01 08:00:07.433 0 0 I binder : 683:683 ioctl 40046210 7fcbe21d24 returned -22
01-01 08:00:07.433 0 0 D hw-ProcessState: Binder ioctl to enable oneway spam detection failed: Invalid argument
01-01 08:00:07.434 0 0 I update_verifier: Booting slot 0: isSlotMarkedSuccessful=1
01-01 08:00:07.434 0 0 I update_verifier: Leaving update_verifier.
01-01 08:00:07.376 483 483 I auditd : type=1400 audit(0.0:912): avc: denied { add_name } for comm="init" name="boot" scontext=u:r:vendor_init:s0 tcontext=u:object_r:sysfs:s0 tclass=dir permissive=1
01-01 08:00:07.376 483 483 I auditd : type=1400 audit(0.0:913): avc: denied { create } for comm="init" name="boot" scontext=u:r:vendor_init:s0 tcontext=u:object_r:sysfs:s0 tclass=file permissive=1
01-01 08:00:07.441 0 0 W subsys-pil-tz 17300000.qcom,lpass: Falling back to syfs fallback for: adsp.mdt
01-01 08:00:07.441 0 0 W subsys-pil-tz 8300000.qcom,turing: Falling back to syfs fallback for: cdsp.mdt
01-01 08:00:07.443 0 0 I subsys-pil-tz 8300000.qcom,turing: cdsp: loading from 0x0000000087800000 to 0x0000000088c00000
01-01 08:00:07.445 0 0 I binder : 684:684 ioctl 40046210 7fd76a9364 returned -22
01-01 08:00:07.445 0 0 D cnss : Assert WLAN_EN GPIO successfully
01-01 08:00:07.445 0 0 D cnss : Resuming PCI link
01-01 08:00:07.445 0 0 I msm_pcie_enable: PCIe: Assert the reset of endpoint of RC0.
01-01 08:00:07.445 0 0 I subsys-pil-tz 17300000.qcom,lpass: adsp: loading from 0x000000008a100000 to 0x000000008be00000
01-01 08:00:07.448 0 0 W subsys-pil-tz 17300000.qcom,lpass: Falling back to syfs fallback for: adsp.b03
01-01 08:00:07.448 0 0 W subsys-pil-tz 17300000.qcom,lpass: Falling back to syfs fallback for: adsp.b02
01-01 08:00:07.448 0 0 W subsys-pil-tz 17300000.qcom,lpass: Falling back to syfs fallback for: adsp.b04
01-01 08:00:07.448 0 0 W subsys-pil-tz 17300000.qcom,lpass: Falling back to syfs fallback for: adsp.b05
01-01 08:00:07.448 0 0 W subsys-pil-tz 17300000.qcom,lpass: Falling back to syfs fallback for: adsp.b06
01-01 08:00:07.448 0 0 I msm_pcie_enable: PCIe: RC0: PCIE20_PARF_INT_ALL_MASK: 0x7f80d202
01-01 08:00:07.450 0 0 W subsys-pil-tz 17300000.qcom,lpass: Falling back to syfs fallback for: adsp.b07
01-01 08:00:07.450 0 0 W subsys-pil-tz 17300000.qcom,lpass: Falling back to syfs fallback for: adsp.b08
01-01 08:00:07.451 0 0 I pcie_phy_init: PCIe RC0 PHY is ready!
01-01 08:00:07.454 0 0 W subsys-pil-tz 17300000.qcom,lpass: Falling back to syfs fallback for: adsp.b09
01-01 08:00:07.454 0 0 W subsys-pil-tz 17300000.qcom,lpass: Falling back to syfs fallback for: adsp.b10
01-01 08:00:07.454 0 0 W subsys-pil-tz 17300000.qcom,lpass: Falling back to syfs fallback for: adsp.b11
01-01 08:00:07.455 0 0 W subsys-pil-tz 17300000.qcom,lpass: Falling back to syfs fallback for: adsp.b12
01-01 08:00:07.455 0 0 W subsys-pil-tz 17300000.qcom,lpass: Falling back to syfs fallback for: adsp.b13
01-01 08:00:07.456 0 0 W subsys-pil-tz 17300000.qcom,lpass: Falling back to syfs fallback for: adsp.b14
01-01 08:00:07.456 0 0 W subsys-pil-tz 17300000.qcom,lpass: Falling back to syfs fallback for: adsp.b15
01-01 08:00:07.456 0 0 W subsys-pil-tz 17300000.qcom,lpass: Falling back to syfs fallback for: adsp.b16
01-01 08:00:07.456 0 0 W subsys-pil-tz 17300000.qcom,lpass: Falling back to syfs fallback for: adsp.b17
01-01 08:00:07.457 0 0 W subsys-pil-tz 17300000.qcom,lpass: Falling back to syfs fallback for: adsp.b18
01-01 08:00:07.457 0 0 W subsys-pil-tz 8300000.qcom,turing: Falling back to syfs fallback for: cdsp.b02
01-01 08:00:07.457 0 0 W subsys-pil-tz 8300000.qcom,turing: Falling back to syfs fallback for: cdsp.b03
01-01 08:00:07.460 0 0 W subsys-pil-tz 8300000.qcom,turing: Falling back to syfs fallback for: cdsp.b04
01-01 08:00:07.461 0 0 I msm_pcie_enable: PCIe: Release the reset of endpoint of RC0.
01-01 08:00:07.462 0 0 W subsys-pil-tz 8300000.qcom,turing: Falling back to syfs fallback for: cdsp.b05
01-01 08:00:07.462 0 0 W subsys-pil-tz 8300000.qcom,turing: Falling back to syfs fallback for: cdsp.b06
01-01 08:00:07.463 0 0 W subsys-pil-tz 8300000.qcom,turing: Falling back to syfs fallback for: cdsp.b08
01-01 08:00:07.464 0 0 W subsys-pil-tz 8300000.qcom,turing: Falling back to syfs fallback for: cdsp.b09
01-01 08:00:07.464 0 0 W subsys-pil-tz 8300000.qcom,turing: Falling back to syfs fallback for: cdsp.b11
01-01 08:00:07.478 0 0 I msm_pcie_link_train: PCIe RC0 link initialized
01-01 08:00:07.496 0 0 I cnss_pci 0000: 01:00.0: enabling device (0000 -> 0002)
01-01 08:00:07.496 0 0 D cnss : Read register offset 0x1f8031c, val = 0x6
01-01 08:00:07.496 0 0 D cnss : Write val 0x2 to register offset 0x1f8031c
01-01 08:00:07.496 0 0 D cnss : Setting MHI state: INIT(0)
01-01 08:00:07.533 0 0 I binder : 685:685 ioctl 40046210 7ffffb7274 returned -22
01-01 08:00:07.533 0 0 I binder : 685:685 ioctl 40046210 7ffffb7484 returned -22
01-01 08:00:07.540 0 0 I subsys-pil-tz 17300000.qcom,lpass: adsp: Brought out of reset
01-01 08:00:07.548 0 0 D cnss : Setting MHI state: POWER_ON(2)
01-01 08:00:07.548 0 0 W cnss_pci 0000: 01:00.0: Falling back to syfs fallback for: qca6390/amss20.bin
01-01 08:00:07.564 0 0 I subsys-pil-tz 17300000.qcom,lpass: Subsystem error monitoring/handling services are up
01-01 08:00:07.564 0 0 I subsys-pil-tz 17300000.qcom,lpass: adsp: Power/Clock ready interrupt received
01-01 08:00:07.564 0 0 I qcom_rpmh DRV: apps_rsc TCS Busy, retrying RPMH message send: addr=0x30030
01-01 08:00:07.564 0 0 I qcom_rpmh DRV: apps_rsc TCS Busy, retrying RPMH message send: addr=0x30040
01-01 08:00:07.565 0 0 I adsprpc : fastrpc_restart_notifier_cb: adsp subsystem is up
01-01 08:00:07.565 0 0 E register_client_adhoc: find path.src 1 dest 589
01-01 08:00:07.565 0 0 E register_client_adhoc: Failed to find path.src 1 dest 589
01-01 08:00:07.565 0 0 D cnss : DRV subsystem is connected
01-01 08:00:07.565 0 0 I qcom_smd_qrtr_probe: Entered
01-01 08:00:07.566 0 0 E : [drm:dp_display_init_aux_switch][msm-dp-err][620 ]failed to register notifier (-22)
01-01 08:00:07.566 0 0 I qcom_smd_qrtr_probe: SMD QRTR driver probed
01-01 08:00:07.566 0 0 E register_client_adhoc: find path.src 1 dest 589
01-01 08:00:07.566 0 0 E register_client_adhoc: Failed to find path.src 1 dest 589
01-01 08:00:07.566 0 0 E : [drm:dp_display_init_aux_switch][msm-dp-err][431 ]failed to register notifier (-22)
01-01 08:00:07.567 0 0 E register_client_adhoc: find path.src 1 dest 589
01-01 08:00:07.567 0 0 E register_client_adhoc: Failed to find path.src 1 dest 589
01-01 08:00:07.568 0 0 I subsys-pil-tz 8300000.qcom,turing: cdsp: Brought out of reset
01-01 08:00:07.573 0 0 I adsprpc : fastrpc_rpmsg_probe: opened rpmsg channel for adsp
01-01 08:00:07.574 0 0 E : [drm:dp_display_init_aux_switch][msm-dp-err][431 ]failed to register notifier (-22)
01-01 08:00:07.574 0 0 E register_client_adhoc: find path.src 1 dest 589
01-01 08:00:07.574 0 0 E register_client_adhoc: Failed to find path.src 1 dest 589
01-01 08:00:07.575 0 0 I apr_tal_rpmsg qcom,glink: adsp.apr_audio_svc.-1.-1: apr_tal_rpmsg_probe: Channel[apr_audio_svc] state[Up]
01-01 08:00:07.576 0 0 E : [drm:dp_display_init_aux_switch][msm-dp-err][431 ]failed to register notifier (-22)
01-01 08:00:07.577 0 0 I subsys-pil-tz 8300000.qcom,turing: Subsystem error monitoring/handling services are up
01-01 08:00:07.577 0 0 I subsys-pil-tz 8300000.qcom,turing: cdsp: Power/Clock ready interrupt received
01-01 08:00:07.577 0 0 I adsprpc : fastrpc_restart_notifier_cb: cdsp subsystem is up
01-01 08:00:07.577 0 0 E register_client_adhoc: find path.src 1 dest 589
01-01 08:00:07.578 0 0 E register_client_adhoc: Failed to find path.src 1 dest 589
01-01 08:00:07.578 0 0 I msm_cvp : info: Opening cvp instance: 0000000000000000
01-01 08:00:07.578 0 0 I msm_cvp_v4l2 ab00000.qcom,cvp: Linked as a consumer to regulator.77
01-01 08:00:07.578 0 0 I msm_cvp_v4l2 ab00000.qcom,cvp: Linked as a consumer to regulator.76
01-01 08:00:07.578 0 0 E : [drm:dp_display_init_aux_switch][msm-dp-err][431 ]failed to register notifier (-22)
01-01 08:00:07.579 0 0 W subsys-pil-tz 9800000.qcom,npu: Falling back to syfs fallback for: npu.mdt
01-01 08:00:07.579 0 0 I qcom_smd_qrtr_probe: Entered
01-01 08:00:07.579 0 0 I qcom_smd_qrtr_probe: SMD QRTR driver probed
01-01 08:00:07.579 0 0 I subsys-restart: __subsystem_get(): Changing subsys fw_name to cvpss
01-01 08:00:07.579 0 0 W subsys-pil-tz abb0000.qcom,cvpss: Falling back to syfs fallback for: cvpss.mdt
01-01 08:00:07.580 0 0 E register_client_adhoc: find path.src 1 dest 589
01-01 08:00:07.580 0 0 E register_client_adhoc: Failed to find path.src 1 dest 589
01-01 08:00:07.580 0 0 E : [drm:dp_display_init_aux_switch][msm-dp-err][431 ]failed to register notifier (-22)
01-01 08:00:07.582 0 0 I subsys-pil-tz abb0000.qcom,cvpss: cvpss: loading from 0x0000000087300000 to 0x0000000087800000
01-01 08:00:07.584 0 0 E register_client_adhoc: find path.src 1 dest 589
01-01 08:00:07.584 0 0 W subsys-pil-tz abb0000.qcom,cvpss: Falling back to syfs fallback for: cvpss.b02
01-01 08:00:07.584 0 0 W subsys-pil-tz abb0000.qcom,cvpss: Falling back to syfs fallback for: cvpss.b03
01-01 08:00:07.584 0 0 E register_client_adhoc: Failed to find path.src 1 dest 589
01-01 08:00:07.584 0 0 W subsys-pil-tz abb0000.qcom,cvpss: Falling back to syfs fallback for: cvpss.b04
01-01 08:00:07.584 0 0 W subsys-pil-tz abb0000.qcom,cvpss: Falling back to syfs fallback for: cvpss.b05
01-01 08:00:07.584 0 0 W subsys-pil-tz abb0000.qcom,cvpss: Falling back to syfs fallback for: cvpss.b06
01-01 08:00:07.584 0 0 W subsys-pil-tz abb0000.qcom,cvpss: Falling back to syfs fallback for: cvpss.b07
01-01 08:00:07.584 0 0 W subsys-pil-tz abb0000.qcom,cvpss: Falling back to syfs fallback for: cvpss.b08
01-01 08:00:07.584 0 0 W subsys-pil-tz abb0000.qcom,cvpss: Falling back to syfs fallback for: cvpss.b09
01-01 08:00:07.584 0 0 W subsys-pil-tz abb0000.qcom,cvpss: Falling back to syfs fallback for: cvpss.b10
01-01 08:00:07.584 0 0 W subsys-pil-tz abb0000.qcom,cvpss: Falling back to syfs fallback for: cvpss.b19
01-01 08:00:07.585 0 0 E : [drm:dp_display_init_aux_switch][msm-dp-err][479 ]failed to register notifier (-22)
01-01 08:00:07.585 0 0 I adsprpc : fastrpc_rpmsg_probe: opened rpmsg channel for cdsp
01-01 08:00:07.586 0 0 E register_client_adhoc: find path.src 1 dest 589
01-01 08:00:07.586 0 0 E register_client_adhoc: Failed to find path.src 1 dest 589
01-01 08:00:07.587 0 0 E : [drm:dp_display_init_aux_switch][msm-dp-err][479 ]failed to register notifier (-22)
01-01 08:00:07.588 0 0 E register_client_adhoc: find path.src 1 dest 589
01-01 08:00:07.588 0 0 E register_client_adhoc: Failed to find path.src 1 dest 589
01-01 08:00:07.588 0 0 E : [drm:dp_display_init_aux_switch][msm-dp-err][431 ]failed to register notifier (-22)
01-01 08:00:07.591 0 0 I subsys-pil-tz 9800000.qcom,npu: npu: loading from 0x0000000086900000 to 0x0000000086e00000
01-01 08:00:07.597 0 0 W subsys-pil-tz 9800000.qcom,npu: Falling back to syfs fallback for: npu.b02
01-01 08:00:07.597 0 0 W subsys-pil-tz 9800000.qcom,npu: Falling back to syfs fallback for: npu.b03
01-01 08:00:07.598 0 0 W subsys-pil-tz 9800000.qcom,npu: Falling back to syfs fallback for: npu.b04
01-01 08:00:07.598 0 0 W subsys-pil-tz 9800000.qcom,npu: Falling back to syfs fallback for: npu.b05
01-01 08:00:07.598 0 0 W subsys-pil-tz 9800000.qcom,npu: Falling back to syfs fallback for: npu.b06
01-01 08:00:07.611 0 0 I subsys-pil-tz abb0000.qcom,cvpss: cvpss: Brought out of reset
01-01 08:00:07.643 0 0 I subsys-pil-tz 9800000.qcom,npu: npu: Brought out of reset
01-01 08:00:07.646 0 0 E register_client_adhoc: find path.src 1 dest 589
01-01 08:00:07.646 0 0 E register_client_adhoc: Failed to find path.src 1 dest 589
01-01 08:00:07.646 0 0 E : [drm:dp_display_init_aux_switch][msm-dp-err][348 ]failed to register notifier (-22)
01-01 08:00:07.593 686 686 I boot_progress_start: 4908
01-01 08:00:07.661 0 0 I msm_cvp : err: Failed to create debugfs for msm_cvp
01-01 08:00:07.661 0 0 I msm_cvp : info: Closed cvp instance: 0000000000000000 session_id = 0
01-01 08:00:07.665 0 0 I NPU_INFO: npu_get_fw_caps: 236 fw caps 0:2007
01-01 08:00:07.665 0 0 W NPU_WARN: host_session_msg_hdlr: 1904 handle npu session msg when FW is disabled
01-01 08:00:07.665 0 0 I NPU_INFO: npu_get_fw_caps: 236 fw caps 1:80000005
01-01 08:00:07.665 0 0 I NPU_INFO: npu_get_fw_caps: 236 fw caps 2:0
01-01 08:00:07.665 0 0 I NPU_INFO: npu_get_fw_caps: 236 fw caps 3:0
01-01 08:00:07.665 0 0 I NPU_INFO: npu_get_fw_caps: 236 fw caps 4:0
01-01 08:00:07.665 0 0 I NPU_INFO: npu_get_fw_caps: 236 fw caps 5:0
01-01 08:00:07.665 0 0 I NPU_INFO: npu_get_fw_caps: 236 fw caps 6:0
01-01 08:00:07.665 0 0 I NPU_INFO: npu_get_fw_caps: 236 fw caps 7:0
01-01 08:00:07.668 0 0 I qcom_smd_qrtr_probe: Entered
01-01 08:00:07.668 0 0 I qcom_smd_qrtr_probe: SMD QRTR driver probed
01-01 08:00:07.669 0 0 E register_client_adhoc: find path.src 1 dest 589
01-01 08:00:07.669 0 0 E register_client_adhoc: Failed to find path.src 1 dest 589
01-01 08:00:07.670 0 0 E : [drm:dp_display_init_aux_switch][msm-dp-err][431 ]failed to register notifier (-22)
01-01 08:00:07.712 483 483 I auditd : type=1400 audit(0.0:914): avc: denied { add_name } for comm="init" name="boot" scontext=u:r:vendor_init:s0 tcontext=u:object_r:vendor_sysfs_slpi:s0 tclass=dir permissive=1
01-01 08:00:07.712 483 483 I auditd : type=1400 audit(0.0:915): avc: denied { create } for comm="init" name="boot" scontext=u:r:vendor_init:s0 tcontext=u:object_r:vendor_sysfs_slpi:s0 tclass=file permissive=1
01-01 08:00:07.776 0 0 I subsys-restart: __subsystem_get(): Changing subsys fw_name to slpi
01-01 08:00:07.776 0 0 W subsys-pil-tz 5c00000.qcom,ssc: Falling back to syfs fallback for: slpi.mdt
01-01 08:00:07.777 0 0 I subsys-pil-tz 5c00000.qcom,ssc: slpi: loading from 0x0000000088c00000 to 0x000000008a100000
01-01 08:00:07.780 0 0 W subsys-pil-tz 5c00000.qcom,ssc: Falling back to syfs fallback for: slpi.b02
01-01 08:00:07.780 0 0 W subsys-pil-tz 5c00000.qcom,ssc: Falling back to syfs fallback for: slpi.b03
01-01 08:00:07.780 0 0 W subsys-pil-tz 5c00000.qcom,ssc: Falling back to syfs fallback for: slpi.b04
01-01 08:00:07.780 0 0 W subsys-pil-tz 5c00000.qcom,ssc: Falling back to syfs fallback for: slpi.b05
01-01 08:00:07.780 0 0 W subsys-pil-tz 5c00000.qcom,ssc: Falling back to syfs fallback for: slpi.b06
01-01 08:00:07.780 0 0 W subsys-pil-tz 5c00000.qcom,ssc: Falling back to syfs fallback for: slpi.b07
01-01 08:00:07.780 0 0 W subsys-pil-tz 5c00000.qcom,ssc: Falling back to syfs fallback for: slpi.b08
01-01 08:00:07.780 0 0 W subsys-pil-tz 5c00000.qcom,ssc: Falling back to syfs fallback for: slpi.b09
01-01 08:00:07.780 0 0 W subsys-pil-tz 5c00000.qcom,ssc: Falling back to syfs fallback for: slpi.b10
01-01 08:00:07.780 0 0 W subsys-pil-tz 5c00000.qcom,ssc: Falling back to syfs fallback for: slpi.b11
01-01 08:00:07.780 0 0 W subsys-pil-tz 5c00000.qcom,ssc: Falling back to syfs fallback for: slpi.b12
01-01 08:00:07.780 0 0 W subsys-pil-tz 5c00000.qcom,ssc: Falling back to syfs fallback for: slpi.b13
01-01 08:00:07.780 0 0 W subsys-pil-tz 5c00000.qcom,ssc: Falling back to syfs fallback for: slpi.b14
01-01 08:00:07.780 0 0 W subsys-pil-tz 5c00000.qcom,ssc: Falling back to syfs fallback for: slpi.b15
01-01 08:00:07.783 0 0 W subsys-pil-tz 5c00000.qcom,ssc: Falling back to syfs fallback for: slpi.b16
01-01 08:00:07.783 0 0 W subsys-pil-tz 5c00000.qcom,ssc: Falling back to syfs fallback for: slpi.b17
01-01 08:00:07.783 0 0 W subsys-pil-tz 5c00000.qcom,ssc: Falling back to syfs fallback for: slpi.b18
01-01 08:00:07.783 0 0 W subsys-pil-tz 5c00000.qcom,ssc: Falling back to syfs fallback for: slpi.b19
01-01 08:00:07.784 0 0 W subsys-pil-tz 5c00000.qcom,ssc: Falling back to syfs fallback for: slpi.b20
01-01 08:00:07.728 1 1 I auditd : type=1400 audit(0.0:916): avc: denied { add_name } for comm="init" name="cp_interval" scontext=u:r:init:s0 tcontext=u:object_r:sysfs_fs_f2fs:s0 tclass=dir permissive=1
01-01 08:00:07.728 1 1 I auditd : type=1400 audit(0.0:917): avc: denied { add_name } for comm="init" name="discard_max_bytes" scontext=u:r:init:s0 tcontext=u:object_r:sysfs_dm:s0 tclass=dir permissive=1
01-01 08:00:07.820 0 0 I binder : 820:820 ioctl 40046210 7fc19efdd4 returned -22
01-01 08:00:07.849 0 0 I binder : 822:822 ioctl 40046210 7ff21448f4 returned -22
01-01 08:00:07.849 0 0 I binder : 822:822 ioctl 40046210 7ff21448d4 returned -22
01-01 08:00:07.850 0 0 I binder : 829:829 ioctl 40046210 7fc772c2b4 returned -22
01-01 08:00:07.808 855 855 I auditd : type=1400 audit(0.0:918): avc: denied { read } for comm="vendor.qti.hard" name="u:object_r:vendor_cap_configstore_dbg_prop:s0" dev="tmpfs" ino=2348 scontext=u:r:vendor_hal_capabilityconfigstore_qti_default:s0 tcontext=u:object_r:vendor_cap_configstore_dbg_prop:s0 tclass=file permissive=1
01-01 08:00:07.808 855 855 I auditd : type=1400 audit(0.0:919): avc: denied { open } for comm="vendor.qti.hard" path="/dev/__properties__/u:object_r:vendor_cap_configstore_dbg_prop:s0" dev="tmpfs" ino=2348 scontext=u:r:vendor_hal_capabilityconfigstore_qti_default:s0 tcontext=u:object_r:vendor_cap_configstore_dbg_prop:s0 tclass=file permissive=1
01-01 08:00:07.808 855 855 I auditd : type=1400 audit(0.0:920): avc: denied { getattr } for comm="vendor.qti.hard" path="/dev/__properties__/u:object_r:vendor_cap_configstore_dbg_prop:s0" dev="tmpfs" ino=2348 scontext=u:r:vendor_hal_capabilityconfigstore_qti_default:s0 tcontext=u:object_r:vendor_cap_configstore_dbg_prop:s0 tclass=file permissive=1
